04-24 12:11:06.396 1176 11623 D ActivityManager: Skipping intent:act=android.intent.action.VIEW dat=content://com.android.browser.fileProvider/external_files/Download/browser/UC浏览器.apk typ=application/vnd.android.package-archive flg=0x18800000 cmp=com.android.packageinstaller/.InstallStart
04-24 12:11:06.396 1176 11623 D ActivityManager: Skipping intent:act=android.intent.action.VIEW dat=content://com.android.browser.fileProvider/external_files/Download/browser/UCBrowser_V12.9.6.1076_android_pf145_(Build200417171911).apk typ=application/vnd.android.package-archive flg=0x18800000 cmp=com.android.packageinstaller/.InstallStart
04-24 12:11:06.396 1176 11623 D ActivityManager: Skipping intent:act=android.intent.action.VIEW dat=content://com.android.browser.fileProvider/external_files/Download/browser/UCBrowser_V12.9.6.1076_android_pf145_(Build200417171911)(1).apk typ=application/vnd.android.package-archive flg=0x18800000 cmp=com.android.packageinstaller/.InstallStart
04-24 12:11:06.396 1176 11623 D ActivityManager: Skipping intent:flg=0x10808000 cmp=com.huawei.tips/.CopyInfo
04-24 12:11:06.396 1176 11623 D ActivityManager: Skipping intent:act=android.intent.action.VIEW dat=content://com.android.browser.fileProvider/external_files/Download/browser/online-109117-12005-3.apk typ=application/vnd.android.package-archive flg=0x18800000 cmp=com.android.packageinstaller/.InstallStart
04-24 12:11:06.396 1176 11623 D ActivityManager: Skipping intent:act=com.huawei.action.VOICE_ASSISTANT flg=0x10800000 cmp=com.huawei.vassistant/.ui.main.VAssistantActivity
04-24 12:11:06.441 722 722 D DE N SR : immidiatelyActionIntent:262: DE_SCENE_ACTION_RGLED_CHANGE intent.int:0
04-24 12:11:06.441 1176 1207 I DisplayPowerController: Blocking screen off
04-24 12:11:06.441 722 1380 D RGLedProcessor: onChange:72: Level=0 r=32768 g=32768 b=32768
04-24 12:11:06.441 722 1380 D DE N VH : start:45: Wake up
04-24 12:11:06.441 722 1422 D DE N VH : run:118: Start
04-24 12:11:06.443 1176 1207 W mali_winsys: native_window_api_disconnect failed: -19
04-24 12:11:06.444 1176 1207 I DisplayPowerController: set brightness to DIM brightness:6
04-24 12:11:06.444 1176 1207 I DisplayPowerController: Unblocked screen off after 3 ms
04-24 12:11:06.445 1176 1207 V KeyguardServiceDelegate: onScreenTurnedOff()
04-24 12:11:06.445 1463 4821 D KeyguardService: Caller checkPermission fail
04-24 12:11:06.445 1463 4821 I KeyguardService: KGSvcCall onScreenTurnedOff.
04-24 12:11:06.445 1463 4821 D KeyguardViewMediator: notifyScreenTurnedOff
04-24 12:11:06.445 1176 1207 W HwScreenOnProximityLock: releaseLock: return because sensor listener is held = false
04-24 12:11:06.445 1463 1463 D KeyguardViewMediator: handleNotifyScreenTurnedOff set WakeAndUnlocking false
04-24 12:11:06.450 1463 4821 W AppHandler: sendMessage 13
04-24 12:11:06.469 1176 1207 E EasyWakeUpManager: isEasyWakeupEnabledByKernel false
04-24 12:11:06.469 1176 1207 D HwPhoneWindowManager: screenTurnedOff
04-24 12:11:06.471 1176 1207 D PickUpWakeScreenManager: mIsPickupSwitchOn = false
04-24 12:11:06.472 1176 1207 W Settings: Setting device_provisioned has moved from android.provider.Settings.Secure to android.provider.Settings.Global.
04-24 12:11:06.473 1176 1421 W LocalDisplayAdapter: @@@@@@ LocalDisplayAdapter--updateDeviceInfoLocked--change the mInfo to null
04-24 12:11:06.473 1176 1204 W LocalDisplayAdapter: @@@@@@ LocalDisplayAdapter--getDisplayDeviceInfoLocked--mInfo = DisplayDeviceInfo{"内置屏幕": uniqueId="local:0", 1080 x 2160, modeId 1, defaultModeId 1, supportedModes [{id=1, width=1080, height=2160, fps=60.000004}], colorMode 0, supportedColorModes [0], HdrCapabilities android.view.Display$HdrCapabilities@1d6308, density 480, 409.432 x 406.4 dpi, appVsyncOff 9000000, presDeadline 8666666, touch INTERNAL, rotation 0, type BUILT_IN, state OFF, FLAG_DEFAULT_DISPLAY, FLAG_ROTATES_WITH_CONTENT, FLAG_SECURE, FLAG_SUPPORTS_PROTECTED_BUFFERS}
04-24 12:11:06.473 1176 1204 I DisplayManagerService: Display device changed state: "内置屏幕", OFF
04-24 12:11:06.473 1176 1204 W LogicalDisplay: @@@@@@ LogicalDisplay--updateLocked--mPrimaryDisplayDeviceInfo = DisplayDeviceInfo{"内置屏幕": uniqueId="local:0", 1080 x 2160, modeId 1, defaultModeId 1, supportedModes [{id=1, width=1080, height=2160, fps=60.000004}], colorMode 0, supportedColorModes [0], HdrCapabilities android.view.Display$HdrCapabilities@1d6308, density 480, 409.432 x 406.4 dpi, appVsyncOff 9000000, presDeadline 8666666, touch INTERNAL, rotation 0, type BUILT_IN, state ON, FLAG_DEFAULT_DISPLAY, FLAG_ROTATES_WITH_CONTENT, FLAG_SECURE, FLAG_SUPPORTS_PROTECTED_BUFFERS}; deviceInfo = DisplayDeviceInfo{"内置屏幕": uniqueId="local:0", 1080 x 2160, modeId 1, defaultModeId 1, supportedModes [{id=1, width=1080, height=2160, fps=60.000004}], colorMode 0, supportedColorModes [0], HdrCapabilities android.view.Display$HdrCapabilities@1d6308, density 480, 409.432 x 406.4 dpi, appVsyncOff 9000000, presDeadline 8666666, touch INTERNAL, rotation 0, type BUILT_IN, state OFF, FLAG_DEFAULT_DISPLAY, FLAG_ROTATES_WITH_CONTENT, FLAG_SECURE, FLAG_SUPPORTS_PROTECTED_BUFFERS}
04-24 12:11:06.474 1463 4821 D KeyguardService: Caller checkPermission fail
04-24 12:11:06.474 1463 4821 I KeyguardService: KGSvcCall onFinishedGoingToSleep.
04-24 12:11:06.474 1463 4821 D KeyguardViewMediator: onFinishedGoingToSleep(2)
04-24 12:11:06.475 2229 2229 I InCall - CallList: no active call
04-24 12:11:06.475 683 683 D SurfaceFlinger: Set power mode=0, type=0 flinger=0x714725f000
04-24 12:11:06.479 1176 1176 I Settings: package: android modify screen_brightness_mode to 0
04-24 12:11:06.479 1176 1323 I InputReader: Reconfiguring input devices. changes=0x00000004
04-24 12:11:06.482 722 722 D DE N SR : immidiatelyAction:243: DE_SCENE_ACTION_BACKLIGHT_CHANGE_OFF
04-24 12:11:06.482 722 722 D DE N SR : immidiatelyAction:243: DE_SCENE_ACTION_SCREEN_OFF
04-24 12:11:06.483 1463 1463 W KeyguardViewMediator: setWakeAndUnlocking false
04-24 12:11:06.483 1463 1463 W KeyguardViewMediator: java.lang.Exception
04-24 12:11:06.483 1463 1463 W KeyguardViewMediator: at com.android.systemui.keyguard.KeyguardViewMediator.setWakeAndUnlocking(KeyguardViewMediator.java:2017)
04-24 12:11:06.483 1463 1463 W KeyguardViewMediator: at com.android.systemui.keyguard.KeyguardViewMediator.handleNotifyScreenTurnedOff(KeyguardViewMediator.java:2306)
04-24 12:11:06.483 1463 1463 W KeyguardViewMediator: at com.android.systemui.keyguard.KeyguardViewMediator.-wrap5(Unknown Source:0)
04-24 12:11:06.483 1463 1463 W KeyguardViewMediator: at com.android.systemui.keyguard.KeyguardViewMediator$4.handleMessage(KeyguardViewMediator.java:1769)
04-24 12:11:06.483 1463 1463 W KeyguardViewMediator: at android.os.Handler.dispatchMessage(Handler.java:108)
04-24 12:11:06.483 1463 1463 W KeyguardViewMediator: at android.os.Looper.loop(Looper.java:166)
04-24 12:11:06.483 1463 1463 W KeyguardViewMediator: at android.app.ActivityThread.main(ActivityThread.java:7529)
04-24 12:11:06.483 1463 1463 W KeyguardViewMediator: at java.lang.reflect.Method.invoke(Native Method)
04-24 12:11:06.483 1463 1463 W KeyguardViewMediator: at com.android.internal.os.Zygote$MethodAndArgsCaller.run(Zygote.java:245)
04-24 12:11:06.483 1463 1463 W KeyguardViewMediator: at com.android.internal.os.ZygoteInit.main(ZygoteInit.java:921)
04-24 12:11:06.483 1463 1463 D TimeKeeper: getTimeTickInfo:[mMillisUntilFinished:0, mHour:0, mMinute:0, mSecond:0]
04-24 12:11:06.483 1463 1463 E KeyguardUpdateMonitor: isSimPinSecure mSimDatas is null or empty
04-24 12:11:06.483 1463 1463 D TimeKeeper: getTimeTickInfo:[mMillisUntilFinished:0, mHour:0, mMinute:0, mSecond:0]
04-24 12:11:06.483 1463 1463 W LockIcon: getState 1 <-> 0; fp running false
04-24 12:11:06.483 1463 4821 D KeyguardViewMediator: notifyFinishedGoingToSleep
04-24 12:11:06.484 1176 1190 W ProcBatteryStats: timer is running , not start, name: com.android.phone, uid: 1001, tag: RILJ
04-24 12:11:06.486 1729 1729 I SceneReceiver: state type: 20004 eventType:1 pid:0 uid:0 pkg:null
04-24 12:11:06.486 1729 2560 D HwThermalStateManager: current foreapp pkg : null
04-24 12:11:06.486 1729 2560 D HwThermalStateManager: handle thermal policy:20004
04-24 12:11:06.486 1729 2560 I ThermalAction: new ThermalAction
04-24 12:11:06.487 1729 2560 I HwThermalStateManager: sensor name: cpu temperature: 37 , thermal action: ucurrent policy:0
04-24 12:11:06.487 1729 2560 I ThermalAction: new ThermalAction
04-24 12:11:06.487 1729 2560 I HwThermalStateManager: sensor name: cpu temperature: 37 , thermal action: cpu_a15 policy:0
04-24 12:11:06.487 1729 2560 I ThermalUniPerf: ===success setFreq: bcpumax:5->0
04-24 12:11:06.487 1729 2560 I ThermalAction: new ThermalAction
04-24 12:11:06.487 1729 2560 I HwThermalStateManager: sensor name: cpu temperature: 37 , thermal action: gpu policy:0
04-24 12:11:06.487 1729 2560 I ThermalUniPerf: ===success setFreq: gpumax:8->0
04-24 12:11:06.487 1729 2560 D HwThermalStateManager: Thermal type: 0 cur_temperature:42
04-24 12:11:06.487 1729 2560 D HwThermalStateManager: Thermal type: 2 cur_temperature:40
04-24 12:11:06.488 669 765 I uniperf server: setConfig clientId=2, tagLen=1, tags[0]=5, configs[0]=0
04-24 12:11:06.488 669 765 I uniperf server: setConfig clientId=2, tagLen=1, tags[0]=8, configs[0]=0
04-24 12:11:06.491 1729 2056 I ash : ash->screen off
04-24 12:11:06.492 1463 4821 W AppHandler: sendMessage 15
04-24 12:11:06.492 722 1424 D DE N HWC: apply:87: FEATURE_XCC:
04-24 12:11:06.492 722 1424 D DE N HW : setEffect:71: FEATURE_XCC mode:0x1e size:12
04-24 12:11:06.497 1729 1883 I APwBatteryMonitor: screen off start battery: 70
04-24 12:11:06.497 1729 1883 I APwMonitor: run monitor start. init: true screen off: true
04-24 12:11:06.503 1729 2056 D ARMoudle.HwActivityRecognition: getSupportedActivities_O
04-24 12:11:06.509 722 1422 D DE N VH : run:148: Stop
04-24 12:11:06.512 1708 1975 D ARMoudle.ARHardware: mSupportedActivities:7
04-24 12:11:06.512 1729 2056 D ARMoudle.HwActivityRecognition: getSupportedActivities_O
04-24 12:11:06.512 1708 1975 D ARMoudle.ARHardware: mSupportedActivities:7
04-24 12:11:06.512 1729 2056 I MotionDetection: startHwMotionDetection reportLatencySec:200
04-24 12:11:06.513 1729 2056 D ARMoudle.HwActivityRecognition: enableActivityEvent
04-24 12:11:06.513 1729 2056 D ARMoudle.HwActivityRecognition: android.activity_recognition.still,1,200000000000
04-24 12:11:06.514 1463 1463 W LockIcon: getHintTextRes isMethodSecure: false isUserTrustIsManaged false
04-24 12:11:06.518 679 679 E WifiHAL : enter wifi_get_link_stats
04-24 12:11:06.519 1463 1463 W LockIcon: update state skiped
04-24 12:11:06.519 1463 1463 W LockIcon: hideView: true
04-24 12:11:06.519 1463 1463 W HwKeyguardBottomArea: hideLockArea ScreenTurnedOff
04-24 12:11:06.519 1463 1463 W ChargingAnimController: Remove charging skip as not exist
04-24 12:11:06.519 1463 1463 W HwLockScreenPanel: Handle message: 13
04-24 12:11:06.522 1463 1463 D ImageWallpaper: onVisibilityChanged: mVisible, visible=true, false
04-24 12:11:06.522 1463 1463 D ImageWallpaper: Visibility changed to visible=false
04-24 12:11:06.523 1176 1176 D HwWifiCHRStateManager: handlUpdateScreenState screen on is 0
04-24 12:11:06.523 1463 1463 D KeyguardViewMediator: handleNotifyFinishedGoingToSleep
04-24 12:11:06.524 1176 1176 D HwInnerWifiManagerImpl: SupplicantState = COMPLETED
04-24 12:11:06.524 1176 1176 D HwInnerWifiManagerImpl: isPhoneAP = false
04-24 12:11:06.525 1176 1176 D HwWifiP2pService: onReceive, action:android.intent.action.SCREEN_OFF
04-24 12:11:06.529 1729 1883 D APwMonitor: run monitor end.
04-24 12:11:06.530 1729 1883 I APwProcess: write app power items to db. num: date=2020-04-24 10:57:36:765 pkg=com.arm.mgd.androidapp powerType=15 powerLevel=3 actType=-1 count=50 powerDuration=0 statsDuration=0 screenOff=false
04-24 12:11:06.530 1463 1463 V KeyguardStatusView: Disable transport text marquee
04-24 12:11:06.531 1463 1463 V KeyguardUpdateMonitor: FingerStat showing: false; Interactive: false; Switching: false; Bouncer:false; GoingToSleep: false Occluded: false; dreaming: false; Authenticated: false
04-24 12:11:06.531 1463 1463 I KeyguardUpdateMonitor: Ignore update FP: 0 false
04-24 12:11:06.531 1463 1463 W HwLockScreenPanel: Handle message: 15
04-24 12:11:06.531 1463 1463 W CameraLayout: Cameralayout disabled. true false 2
04-24 12:11:06.531 1463 1463 W HwKeyguardBottomArea: updateBatteryInfo : false true
04-24 12:11:06.531 1463 1463 I chatty : uid=10023(u0_a23) com.android.systemui identical 1 line
04-24 12:11:06.531 1463 1463 W HwKeyguardBottomArea: updateBatteryInfo : false true
04-24 12:11:06.531 1463 1463 D MagazineDetailView: resetPagerState
04-24 12:11:06.531 1463 1463 D MagazineSwitchViewPager: invoke callSetCurrentItemInternal
04-24 12:11:06.533 1463 1463 W HwBackDropView: MSG_FINISHED_GOING_SLEEP isQsExpanded false
04-24 12:11:06.536 1176 1349 D WifiP2pService: InactiveState143467
04-24 12:11:06.536 1176 1349 E HwWifiP2pService: Unhandled message when=92535005 what=143467 arg1=0 arg2=0
04-24 12:11:06.536 1176 1349 D WifiP2pService: P2pEnabledState when=92535005 what=143467 arg1=0 arg2=0
04-24 12:11:06.536 1176 1349 D WifiP2pService: DefaultState{ when=0 what=143467 target=com.android.internal.util.StateMachine$SmHandler }
04-24 12:11:06.536 1176 1349 D HwWifiP2pService: SleepPolicy:1
04-24 12:11:06.538 639 639 I ArData : (ar_enable_activity_event:1281):activity[4] event[1] latency[60000000000 ns]
04-24 12:11:06.539 639 639 I ArData : (ar_data_enable_activity_event:587):successfully
04-24 12:11:06.539 656 932 E baidu_asr_interface: asr_baidu_set_parameters_data-not baidu asr
04-24 12:11:06.540 639 698 I ArData : (ar_data_netlink_cb:789):cmd[2].length[160]
04-24 12:11:06.541 768 859 E JankService: JankFrequencyMonitor action return :0
04-24 12:11:06.547 639 639 I ArData : (ar_data_get_state:1203):id[2]
04-24 12:11:06.548 1729 2056 D ARMoudle.HwActivityRecognition: enableActivityEvent
04-24 12:11:06.548 1729 2056 D ARMoudle.HwActivityRecognition: android.activity_recognition.still,2,200000000000
04-24 12:11:06.549 1176 1176 D HwBastetService: BroadcastReceiver android.intent.action.SCREEN_OFF
04-24 12:11:06.549 639 639 I ArData : (ar_enable_activity_event:1281):activity[4] event[2] latency[60000000000 ns]
04-24 12:11:06.550 639 639 I ArData : (ar_data_enable_activity_event:587):successfully
04-24 12:11:06.550 639 639 I ArData : (ar_data_get_state:1203):id[2]
04-24 12:11:06.550 1176 1176 D EmcomManagerService: EmcomManagerReceiver actionandroid.intent.action.SCREEN_OFF
04-24 12:11:06.550 639 639 I ArData : (ar_data_get_state:1203):id[2]
04-24 12:11:06.551 1176 1385 D EmcomManagerService: doBroadcastMessage action id: 7
04-24 12:11:06.551 1176 1385 D EmcomManagerService: handlerScreenStatus actionId = 7
04-24 12:11:06.551 1176 1385 D ParaManager: updateScreenStatus screenStatus = 2
04-24 12:11:06.551 639 698 I ArData : (ar_data_netlink_cb:789):cmd[2].length[140]
04-24 12:11:06.551 1176 1176 D WifiService: onReceive, action:android.intent.action.SCREEN_OFF
04-24 12:11:06.552 1729 2056 I MotionDetection: enableMotionActivities, t: 200
04-24 12:11:06.552 1729 2056 D ARMoudle.HwActivityRecognition: enableActivityEvent
04-24 12:11:06.552 1729 2056 D ARMoudle.HwActivityRecognition: android.activity_recognition.running,1,200000000000
04-24 12:11:06.553 1729 2125 I MotionDetection: onActivityChanged: [ ActivityChangedEvent:
04-24 12:11:06.553 1729 2125 I MotionDetection: Activity='android.activity_recognition.still', EventType=2, TimestampNs=357233640
04-24 12:11:06.553 1729 2125 I MotionDetection: ]
04-24 12:11:06.553 639 639 I ArData : (ar_enable_activity_event:1281):activity[3] event[1] latency[60000000000 ns]
04-24 12:11:06.554 639 639 I ArData : (ar_data_enable_activity_event:587):successfully
04-24 12:11:06.554 639 639 I ArData : (ar_data_get_state:1203):id[2]
04-24 12:11:06.554 1176 1385 D HighSpeedDevicesManager: reportScreenState CONNECTED_DEVICE_STATE_OFF.
04-24 12:11:06.554 1176 1385 D XEngineProcessor: delayToHandleScreenStatusChanged : 7
04-24 12:11:06.554 1176 1385 D HicomPolicyManager: delayToHandleScreenStatusChanged : 7
04-24 12:11:06.554 1176 1404 E hwintelligencewifi: DefaultState MSG_SCREEN_OFF mIsAutoOpenSearch = false
04-24 12:11:06.555 639 698 I ArData : (ar_data_netlink_cb:789):cmd[2].length[140]
04-24 12:11:06.555 1729 2056 D ARMoudle.HwActivityRecognition: enableActivityEvent
04-24 12:11:06.556 1729 2056 D ARMoudle.HwActivityRecognition: android.activity_recognition.walking,1,200000000000
04-24 12:11:06.556 639 639 I ArData : (ar_enable_activity_event:1281):activity[2] event[1] latency[60000000000 ns]
04-24 12:11:06.557 1176 1595 D GnssLocationProvider: receive broadcast intent, action: android.intent.action.SCREEN_OFF
04-24 12:11:06.557 639 639 I ArData : (ar_data_enable_activity_event:587):successfully
04-24 12:11:06.557 1176 1631 W ProcBatteryStats: timer is not running , not stop, name: com.android.phone, uid: 1001, tag: RILJ
04-24 12:11:06.558 639 639 I ArData : (ar_data_get_state:1203):id[2]
04-24 12:11:06.558 1176 1595 I GnssLocationProvider: disableGps:false isEnabled()=false
04-24 12:11:06.559 1428 1428 D wpa_supplicant: wpa_driver_nl80211_driver_cmd:cmd = SETSUSPENDMODE 1
04-24 12:11:06.560 1729 2056 D ARMoudle.HwActivityRecognition: enableActivityEvent
04-24 12:11:06.560 1729 2056 D ARMoudle.HwActivityRecognition: android.activity_recognition.on_bicycle,1,200000000000
04-24 12:11:06.560 639 639 I ArData : (ar_enable_activity_event:1281):activity[1] event[1] latency[60000000000 ns]
04-24 12:11:06.561 639 639 I ArData : (ar_data_enable_activity_event:587):successfully
04-24 12:11:06.561 639 639 I ArData : (ar_data_get_state:1203):id[2]
04-24 12:11:06.562 1428 1428 D wpa_supplicant: wpa_driver_nl80211_driver_cmd: 1:ifr_name= wlan0,buf:SETSUSPENDMODE 1 ,len = 16
04-24 12:11:06.562 1729 1883 I PG_DBS_MAIN: ID_SCREEN_OFF
04-24 12:11:06.562 1428 1428 D wpa_supplicant: wpa_driver_nl80211_driver_cmd SETSUSPENDMODE 1 len = 0, 16
04-24 12:11:06.563 1729 2056 D ARMoudle.HwActivityRecognition: enableActivityEvent
04-24 12:11:06.563 1729 2056 D ARMoudle.HwActivityRecognition: android.activity_recognition.in_vehicle,1,200000000000
04-24 12:11:06.564 639 639 I ArData : (ar_enable_activity_event:1281):activity[0] event[1] latency[60000000000 ns]
04-24 12:11:06.565 639 639 I ArData : (ar_data_enable_activity_event:587):successfully
04-24 12:11:06.565 639 639 I ArData : (ar_data_get_state:1203):id[2]
04-24 12:11:06.567 1729 2125 I MotionDetection: lastEvent evnt: android.activity_recognition.still, type:2, current state: not_known
04-24 12:11:06.567 1729 2056 I Network_Policy: device is charging or sharing network
04-24 12:11:06.567 1729 2125 I MotionDetection: rev still_exit,need double check
04-24 12:11:06.567 639 698 I ArData : (ar_data_netlink_cb:789):cmd[2].length[140]
04-24 12:11:06.568 639 698 I chatty : uid=1000(system) activity_recogn identical 1 line
04-24 12:11:06.568 639 698 I ArData : (ar_data_netlink_cb:789):cmd[2].length[140]
04-24 12:11:06.569 1619 1619 D HwKeyguardManagerImpl: isLockScreenDisabled HwKeyguardManagerImpl result = true
04-24 12:11:06.569 2379 3998 D [HwRecSys]HwRecSysService: onEvent actionID: 20004 msg:null
04-24 12:11:06.580 1176 1631 V ActivityManager: startProcess: name=com.huawei.systemmanager app=null knownToBeDead=true thread=null pid=-1
04-24 12:11:06.593 1176 1631 I ActivityManager: Start proc 7938:com.huawei.systemmanager/1000 for service com.huawei.systemmanager/.spacecleanner.autoclean.AutoCleanService
04-24 12:11:06.593 7938 7938 I : power log dlsym ok
04-24 12:11:06.594 1729 1883 D APwTrigger: screen off skip auto start process:com.huawei.systemmanager reason:service uid:1000
04-24 12:11:06.598 7938 7938 I zygote64: Reinit property: dalvik.vm.checkjni= false
04-24 12:11:06.611 1176 2307 E HwOEMInfoAdapter: writeByteArrayToOeminfo has run
04-24 12:11:06.613 1729 1729 I MsgReceiver: intent action: android.intent.action.SCREEN_OFF
04-24 12:11:06.614 7938 7938 D ActivityThread: ActivityThread,attachApplication
04-24 12:11:06.615 1729 2527 I PGServer: getTopFrontApp. calling pkg: com.huawei.iaware
04-24 12:11:06.615 1176 1631 D ActivityManager: ActivityManagerService,attachApplication,callingPid = 7938
04-24 12:11:06.615 378 378 E : get_valid_oeminfo_region:EXCEPTION:[using_region_age:backup_region_age]=[0x1e4d:0x0],Difference is more than one
04-24 12:11:06.615 378 378 E :
04-24 12:11:06.616 1176 1631 D ContentProviderRecord: Install provider in app ui process, name:ComponentInfo{com.huawei.systemmanager/com.huawei.systemmanager.settingsearch.SettingSearchProvider}
04-24 12:11:06.616 1176 1631 D ContentProviderRecord: Install provider in app ui process, name:ComponentInfo{com.huawei.systemmanager/com.huawei.systemmanager.backup.CommonPrefBackupProvider}
04-24 12:11:06.625 378 378 E : pid 1176, opration oeminfo_write OK
04-24 12:11:06.625 378 378 E :
04-24 12:11:06.625 413 413 W /system/bin/hwservicemanager: Cannot open /odm/manifest_FLA-AL20.xml
04-24 12:11:06.652 7938 7953 I HwApiCacheMangerEx: apicache mCurPackageName=com.huawei.systemmanager uptimes=351054809
04-24 12:11:06.653 413 413 W /system/bin/hwservicemanager: Cannot open /odm/manifest_FLA-AL20.xml
04-24 12:11:06.654 7938 7953 I HwApiCacheMangerEx: get volume without apicache for com.huawei.android.hwaps
04-24 12:11:06.656 649 649 I GRALLOC : shrFd=10,fmt=0x1,intFmt=0x1,btStrd=256,size=4096,pid=649
04-24 12:11:06.656 649 649 I GRALLOC : yuv=2,w=16,h=16,Stride u=0 v=0,offset u=0 v=0
04-24 12:11:06.656 649 649 I GRALLOC : iova_size=4096,conUsg=0x100,proUsg=0x100, strd=64,[afbc]HdrStrd=0 PyldStrd=0 Scrmbl=0,ionhnd = 1
04-24 12:11:06.656 7938 7953 I HwApiCacheMangerEx: get volume without apicache for com.huawei.android.hwaps
04-24 12:11:06.657 7938 7938 D HwFLClassLoader: get used feature list :/feature/used-list failed!
04-24 12:11:06.657 7938 7953 I HwApiCacheMangerEx: apicache async read begin packageName=com.huawei.systemmanager userid=0
04-24 12:11:06.657 7938 7938 D HwFLClassLoader: USE_FEATURE_LIST had not init!
04-24 12:11:06.658 7938 7953 I HwApiCacheMangerEx: apicache pi null
04-24 12:11:06.659 7938 7953 I chatty : uid=1000(system) queued-work-loo identical 1 line
04-24 12:11:06.660 7938 7953 I HwApiCacheMangerEx: apicache pi null
04-24 12:11:06.661 7938 7953 I HwApiCacheMangerEx: apicache oUid null
04-24 12:11:06.662 7938 7953 I HwApiCacheMangerEx: apicache async read finished packageName=com.huawei.systemmanager userid=0 totalus=4888
04-24 12:11:06.673 1176 1196 I HwPhoneWindowManager: OverscanTimeout run
04-24 12:11:06.683 3756 3756 I Step_StandReportReceiver: 80001355|onReceive action: android.intent.action.SCREEN_OFF
04-24 12:11:06.684 2379 2379 D [HwRecSys]EventCollectController: onScreenChange isScreenOn:false
04-24 12:11:06.685 2379 2379 D [HwRecSys]DataServiceController: onEvent
04-24 12:11:06.689 2379 2379 D [HwRecSys]DataServiceController: removeMessage type:1
04-24 12:11:06.689 2379 2379 I [HwRecSys]TimerController: isScreenOn:false
04-24 12:11:06.689 2379 2379 I [HwRecSys]HealthController: isScreenOn:false
04-24 12:11:06.689 2379 2379 I [HwRecSys]HealthController: isConnect:true
04-24 12:11:06.689 2379 2379 I [HwRecSys]EnrollController: onScreenChange:false
04-24 12:11:06.689 2379 2379 E [HwRecSys]EnrollController: direct service is close no need enroll!
04-24 12:11:06.689 2379 2379 D [HwRecSys]DataServiceController: MyHander SEND_EVENT:Bundle[{time=2020-04-24 12:11:06, eventItem=null, eventOperator=ScreenOff}]
04-24 12:11:06.690 2379 3951 D ARMoudle.HwActivityRecognition: disableActivityEvent
04-24 12:11:06.690 2379 3951 D ARMoudle.HwActivityRecognition: android.activity_recognition.in_vehicle,1
04-24 12:11:06.691 688 843 I aptouch_daemon: filter_set_filter_status, lcd off, notify aft algo.
04-24 12:11:06.691 2379 6184 W ContextImpl: Calling a method in the system process without a qualified user: android.app.ContextImpl.bindService:1736 android.content.ContextWrapper.bindService:678 com.huawei.nb.dataservice.dsclient.RemoteServiceConnection.open:90 com.huawei.nb.dataservice.dsclient.DataServiceProxy.connect:105 com.huawei.nb.dataservice.rsclient.internal.RemoteRuleService.start:27
04-24 12:11:06.691 639 639 I ArData : (ar_enable_activity_event:1281):activity[0] event[1] latency[200000000000 ns]
04-24 12:11:06.692 639 639 I ArData : (ar_data_enable_activity_event:587):successfully
04-24 12:11:06.692 2379 3951 D ARMoudle.HwActivityRecognition: disableActivityEvent
04-24 12:11:06.692 2379 3951 D ARMoudle.HwActivityRecognition: android.activity_recognition.in_vehicle,2
04-24 12:11:06.693 639 698 I ArData : (ar_data_netlink_cb:789):cmd[2].length[140]
04-24 12:11:06.694 639 639 I ArData : (ar_data_disable_activity_event:669):successfully
04-24 12:11:06.694 2379 3951 D ARMoudle.HwActivityRecognition: disableActivityEvent
04-24 12:11:06.694 2379 3951 D ARMoudle.HwActivityRecognition: android.activity_recognition.on_bicycle,1
04-24 12:11:06.695 639 639 I ArData : (ar_enable_activity_event:1281):activity[1] event[1] latency[200000000000 ns]
04-24 12:11:06.695 639 698 I ArData : (ar_data_netlink_cb:789):cmd[2].length[120]
04-24 12:11:06.695 639 639 I ArData : (ar_data_enable_activity_event:587):successfully
04-24 12:11:06.696 2379 3951 D ARMoudle.HwActivityRecognition: disableActivityEvent
04-24 12:11:06.696 2379 3951 D ARMoudle.HwActivityRecognition: android.activity_recognition.on_bicycle,2
04-24 12:11:06.696 639 698 I ArData : (ar_data_netlink_cb:789):cmd[2].length[120]
04-24 12:11:06.697 639 639 I ArData : (ar_data_disable_activity_event:669):successfully
04-24 12:11:06.697 2379 3951 D ARMoudle.HwActivityRecognition: disableActivityEvent
04-24 12:11:06.697 2379 3951 D ARMoudle.HwActivityRecognition: android.activity_recognition.walking,1
04-24 12:11:06.698 639 639 I ArData : (ar_enable_activity_event:1281):activity[2] event[1] latency[200000000000 ns]
04-24 12:11:06.698 639 698 I ArData : (ar_data_netlink_cb:789):cmd[2].length[100]
04-24 12:11:06.699 639 639 I ArData : (ar_data_enable_activity_event:587):successfully
04-24 12:11:06.699 2379 3951 D ARMoudle.HwActivityRecognition: disableActivityEvent
04-24 12:11:06.699 2379 3951 D ARMoudle.HwActivityRecognition: android.activity_recognition.walking,2
04-24 12:11:06.700 639 698 I ArData : (ar_data_netlink_cb:789):cmd[2].length[100]
04-24 12:11:06.701 2379 2379 I RuleEngine: Data service start to work[OK].
04-24 12:11:06.701 639 639 I ArData : (ar_data_disable_activity_event:669):successfully
04-24 12:11:06.702 2379 3951 D ARMoudle.HwActivityRecognition: disableActivityEvent
04-24 12:11:06.702 2379 3951 D ARMoudle.HwActivityRecognition: android.activity_recognition.running,1
04-24 12:11:06.702 639 698 I ArData : (ar_data_netlink_cb:789):cmd[2].length[80]
04-24 12:11:06.702 639 639 I ArData : (ar_enable_activity_event:1281):activity[3] event[1] latency[200000000000 ns]
04-24 12:11:06.703 639 639 I ArData : (ar_data_enable_activity_event:587):successfully
04-24 12:11:06.703 2379 3951 D ARMoudle.HwActivityRecognition: disableActivityEvent
04-24 12:11:06.703 2379 3951 D ARMoudle.HwActivityRecognition: android.activity_recognition.running,2
04-24 12:11:06.704 639 698 I ArData : (ar_data_netlink_cb:789):cmd[2].length[80]
04-24 12:11:06.704 639 639 I ArData : (ar_data_disable_activity_event:669):successfully
04-24 12:11:06.705 2379 3951 D ARMoudle.HwActivityRecognition: disableActivityEvent
04-24 12:11:06.705 2379 3951 D ARMoudle.HwActivityRecognition: android.activity_recognition.still,1
04-24 12:11:06.705 639 698 I ArData : (ar_data_netlink_cb:789):cmd[2].length[60]
04-24 12:11:06.706 639 639 I ArData : (ar_enable_activity_event:1281):activity[4] event[1] latency[200000000000 ns]
04-24 12:11:06.706 639 639 I ArData : (ar_data_enable_activity_event:587):successfully
04-24 12:11:06.707 2379 3951 D ARMoudle.HwActivityRecognition: disableActivityEvent
04-24 12:11:06.707 2379 3951 D ARMoudle.HwActivityRecognition: android.activity_recognition.still,2
04-24 12:11:06.707 639 698 I ArData : (ar_data_netlink_cb:789):cmd[2].length[60]
04-24 12:11:06.708 639 639 I ArData : (ar_enable_activity_event:1281):activity[4] event[2] latency[200000000000 ns]
04-24 12:11:06.708 639 639 I ArData : (ar_data_enable_activity_event:587):successfully
04-24 12:11:06.708 2379 3951 D ARMoudle.HwActivityRecognition: disableActivityEvent
04-24 12:11:06.708 2379 3951 D ARMoudle.HwActivityRecognition: android.activity_recognition.high_speed_rail,1
04-24 12:11:06.708 2379 6184 I RuleEngine: Sending event(ScreenOff,null) to service.
04-24 12:11:06.709 639 698 I ArData : (ar_data_netlink_cb:789):cmd[2].length[60]
04-24 12:11:06.710 639 639 I ArData : (ar_data_disable_activity_event:669):successfully
04-24 12:11:06.710 2379 3951 D ARMoudle.HwActivityRecognition: disableActivityEvent
04-24 12:11:06.710 2379 3951 D ARMoudle.HwActivityRecognition: android.activity_recognition.high_speed_rail,2
04-24 12:11:06.711 639 698 I ArData : (ar_data_netlink_cb:789):cmd[2].length[60]
04-24 12:11:06.712 639 639 I ArData : (ar_data_disable_activity_event:669):successfully
04-24 12:11:06.712 2379 3951 D ARMoudle.HwActivityRecognition: disableActivityEvent
04-24 12:11:06.712 2379 3951 D ARMoudle.HwActivityRecognition: android.activity_recognition.fast_walking,1
04-24 12:11:06.712 639 698 I ArData : (ar_data_netlink_cb:789):cmd[2].length[40]
04-24 12:11:06.713 639 639 I ArData : (ar_data_disable_activity_event:669):successfully
04-24 12:11:06.714 2379 3951 D ARMoudle.HwActivityRecognition: disableActivityEvent
04-24 12:11:06.714 2379 3951 D ARMoudle.HwActivityRecognition: android.activity_recognition.fast_walking,2
04-24 12:11:06.714 639 698 I ArData : (ar_data_netlink_cb:789):cmd[2].length[40]
04-24 12:11:06.715 639 639 I ArData : (ar_data_disable_activity_event:669):successfully
04-24 12:11:06.715 639 698 I ArData : (ar_data_netlink_cb:789):cmd[2].length[20]
04-24 12:11:06.719 2379 7957 D RuleEngine: EventTimer 1:5,600000,0,0
04-24 12:11:06.719 2379 7957 D RuleEngine: Event 2:13,0,null,4174,Fri Apr 24 10:29:47 GMT+08:00 2020,Fri Apr 24 12:11:06 GMT+08:00 2020,0,0,0
04-24 12:11:06.723 2379 6184 E [HwRecSys]DataServiceController: commend list is null!
04-24 12:11:06.773 5399 5399 D AutoCache: screen off
04-24 12:11:06.788 5399 5399 D AutoCache: [ScreenStateReceiver], charge in, battery ok, screen off
04-24 12:11:06.793 7938 7938 I HwApiCacheMangerEx: apicache pi null
04-24 12:11:06.804 5468 5468 D ScreenStateReceiver: screen off
04-24 12:11:06.806 5468 5468 D CloudLocalSyncService: localSync = 1 cloudSync = -1
04-24 12:11:06.813 1176 1421 D SurfaceControl: Excessive delay in setPowerMode(): 339ms
04-24 12:11:06.813 5515 5671 E CloudAlbum[8.1.2.309]: [ReceiverManager] not log on ignore
04-24 12:11:06.816 5468 7959 D PhoneState: charge is true
04-24 12:11:06.816 5468 7959 D PhoneState: battery level is 70
04-24 12:11:06.816 713 792 D bastetd : [BastetDevice ] indScreenState# Screen on: 0
04-24 12:11:06.816 713 792 D bastetd : [BastetCsFW ] isAllowBastetCsFw# allow_bastet_csfw null
04-24 12:11:06.819 5468 7959 D PhoneState: screen on false
04-24 12:11:06.833 6112 6112 D Mms_TX_NOTIFY: Get no-perm notification callback android.intent.action.SCREEN_OFF
04-24 12:11:06.834 1176 1190 V BroadcastQueue: Finished with ordered broadcast BroadcastRecord{6dff53e u-1 android.intent.action.SCREEN_OFF}
04-24 12:11:06.837 5515 5581 I CloudAlbum[8.1.2.309]: [RecycleAsyncLogic] getServerTime
04-24 12:11:06.837 5515 5581 E CloudAlbum[8.1.2.309]: [RecycleAsyncLogic] getServerTime error, switch off
04-24 12:11:06.878 7938 7938 V HwWidgetFactory: : successes to get AllImpl object and return....
04-24 12:11:06.882 7938 7938 I HwCust : Constructor found for class android.net.HwCustConnectivityManagerImpl
04-24 12:11:06.882 7938 7938 D HwCust : Create obj success use class android.net.HwCustConnectivityManagerImpl
04-24 12:11:06.891 7938 7960 I HwSystemManager: check push opration, match idx:-1
04-24 12:11:06.894 7938 7938 W ContextImpl: Calling a method in the system process without a qualified user: android.app.ContextImpl.startService:1656 android.content.ContextWrapper.startService:644 com.huawei.systemmanager.SystemManagerApplication.startMainService:342 com.huawei.systemmanager.SystemManagerApplication.startServices:189 com.huawei.systemmanager.SystemManagerApplication.onCreate:126
04-24 12:11:06.902 7938 7938 W ContextImpl: Calling a method in the system process without a qualified user: android.app.ContextImpl.startService:1656 android.content.ContextWrapper.startService:644 com.huawei.systemmanager.SystemManagerApplication.startPermissionService:267 com.huawei.systemmanager.SystemManagerApplication.startServices:190 com.huawei.systemmanager.SystemManagerApplication.onCreate:126
04-24 12:11:06.911 7938 7938 W ContextImpl: Calling a method in the system process without a qualified user: android.app.ContextImpl.startService:1656 android.content.ContextWrapper.startService:644 com.huawei.systemmanager.SystemManagerApplication.startBgStaticsService:288 com.huawei.systemmanager.SystemManagerApplication.startServices:195 com.huawei.systemmanager.SystemManagerApplication.onCreate:126
04-24 12:11:06.914 7938 7938 W ContextImpl: Calling a method in the system process without a qualified user: android.app.ContextImpl.startService:1656 android.content.ContextWrapper.startService:644 com.huawei.systemmanager.SystemManagerApplication.startDeviceStorageMonitorService:295 com.huawei.systemmanager.SystemManagerApplication.startServices:197 com.huawei.systemmanager.SystemManagerApplication.onCreate:126
04-24 12:11:06.917 7938 7938 W ContextImpl: Calling a method in the system process without a qualified user: android.app.ContextImpl.startService:1656 android.content.ContextWrapper.startService:644 com.huawei.systemmanager.SystemManagerApplication.startSpaceCleanService:316 com.huawei.systemmanager.SystemManagerApplication.startServices:201 com.huawei.systemmanager.SystemManagerApplication.onCreate:126
04-24 12:11:06.919 7938 7938 W ContextImpl: Calling a method in the system process without a qualified user: android.app.ContextImpl.startService:1656 android.content.ContextWrapper.startService:644 com.huawei.systemmanager.SystemManagerApplication.startSmartControlResidentService:326 com.huawei.systemmanager.SystemManagerApplication.startServices:204 com.huawei.systemmanager.SystemManagerApplication.onCreate:126
04-24 12:11:06.921 7938 7938 W ContextImpl: Calling a method in the system process without a qualified user: android.app.ContextImpl.startService:1656 android.content.ContextWrapper.startService:644 com.huawei.systemmanager.SystemManagerApplication.startAntivirusService:331 com.huawei.systemmanager.SystemManagerApplication.startServices:205 com.huawei.systemmanager.SystemManagerApplication.onCreate:126
04-24 12:11:06.928 7938 7938 I HwCust : Constructor found for class com.huawei.notificationmanager.util.HwCustHelperImpl
04-24 12:11:06.928 7938 7938 D HwCust : Create obj success use class com.huawei.notificationmanager.util.HwCustHelperImpl
04-24 12:11:06.931 7938 7938 W ContextImpl: Calling a method in the system process without a qualified user: android.app.ContextImpl.startService:1656 android.content.ContextWrapper.startService:644 com.huawei.systemmanager.SystemManagerApplication.startCoreService:226 com.huawei.systemmanager.SystemManagerApplication.startServices:207 com.huawei.systemmanager.SystemManagerApplication.onCreate:126
04-24 12:11:06.943 1463 1463 I zygote64: Explicit concurrent copying GC freed 65959(2MB) AllocSpace objects, 3(60KB) LOS objects, 61% free, 7MB/19MB, paused 556us total 74.567ms
04-24 12:11:06.964 7938 7968 W Settings: mValues not put! needsGenerationTracker: true currentGeneration: -1 name: hw_invisible_apps_in_HwSystemManager value: null
04-24 12:11:06.968 7938 7967 W zygote64: Class tmsdk.common.TMSDKContext failed lock verification and will run slower.
04-24 12:11:06.968 7938 7967 W zygote64: Common causes for lock verification issues are non-optimized dex code
04-24 12:11:06.968 7938 7967 W zygote64: and incorrect proguard optimizations.
04-24 12:11:06.970 7938 7967 W zygote64: Class tmsdkobf.im failed lock verification and will run slower.
04-24 12:11:06.972 7938 7967 D SanityUtil: check proguard ok
04-24 12:11:06.981 7938 7938 W zygote64: Class com.qihoo.cleandroid.sdk.utils.ClearSDKUtils failed lock verification and will run slower.
04-24 12:11:06.990 7938 7967 W zygote64: Class tmsdkobf.gh failed lock verification and will run slower.
04-24 12:11:06.992 7938 7938 I HwApiCacheMangerEx: apicache pi PackageInfo{69765b2 com.huawei.systemmanager}
04-24 12:11:06.993 7938 7967 W zygote64: Class tmsdkobf.nu failed lock verification and will run slower.
04-24 12:11:06.994 7938 7967 W zygote64: Class tmsdk.common.creator.ManagerCreatorC failed lock verification and will run slower.
04-24 12:11:07.009 7938 7967 W zygote64: Class tmsdkobf.li failed lock verification and will run slower.
04-24 12:11:07.011 7938 7938 I HwApiCacheMangerEx: apicache pi PackageInfo{38e93f1 com.huawei.systemmanager}
04-24 12:11:07.013 7938 7967 W zygote64: Class tmsdkobf.fh failed lock verification and will run slower.
04-24 12:11:07.014 7938 7967 W zygote64: Class tmsdkobf.gf failed lock verification and will run slower.
04-24 12:11:07.015 7938 7938 I HwApiCacheMangerEx: apicache oUid null
04-24 12:11:07.015 7938 7967 W zygote64: Class tmsdkobf.hd failed lock verification and will run slower.
04-24 12:11:07.018 7938 7972 W zygote64: Class tmsdkobf.nw failed lock verification and will run slower.
04-24 12:11:07.020 1463 1463 I zygote64: Explicit concurrent copying GC freed 2105(109KB) AllocSpace objects, 0(0B) LOS objects, 62% free, 7MB/19MB, paused 543us total 74.093ms
04-24 12:11:07.023 7938 7972 W zygote64: Class tmsdkobf.gg failed lock verification and will run slower.
04-24 12:11:07.024 7938 7938 I HwApiCacheMangerEx: apicache volumes null
04-24 12:11:07.025 7938 7938 I HwApiCacheMangerEx: apicache path=/storage/emulated/0 state=mounted key=com.huawei.systemmanager#1000#256
04-24 12:11:07.025 7938 7972 I HwApiCacheMangerEx: apicache oUid 1000
04-24 12:11:07.025 7938 7972 I HwApiCacheMangerEx: apicache volumes [Landroid.os.storage.StorageVolume;@65269b0
04-24 12:11:07.028 7938 7974 W ContextImpl: Calling a method in the system process without a qualified user: android.app.ContextImpl.startService:1656 android.content.ContextWrapper.startService:644 tmsdk.common.TMSDKContext.start:153 tmsdk.common.TMSDKContext.access$000:0 tmsdk.common.TMSDKContext$1.run:0
04-24 12:11:07.036 7938 7938 W zygote64: Class clear.sdk.da failed lock verification and will run slower.
04-24 12:11:07.037 7938 7974 W zygote64: Class tmsdkobf.kt failed lock verification and will run slower.
04-24 12:11:07.041 7938 7974 W zygote64: Class tmsdk.bg.creator.ManagerCreatorB failed lock verification and will run slower.
04-24 12:11:07.046 7938 7953 E MemoryLeakMonitorManager: MemoryLeakMonitor.jar is not exist!
04-24 12:11:07.049 7938 7938 E Minikin : Could not get cmap table size!
04-24 12:11:07.064 7938 7972 I HwApiCacheMangerEx: apicache pi PackageInfo{69765b2 com.huawei.systemmanager}
04-24 12:11:07.068 7938 7938 W ContextImpl: Calling a method in the system process without a qualified user: android.app.ContextImpl.bindService:1736 android.content.ContextWrapper.bindService:678 com.huawei.systemmanager.hsmstat.HsmStatProxy.bindService:263 com.huawei.systemmanager.hsmstat.HsmStatProxy.-wrap0:0 com.huawei.systemmanager.hsmstat.HsmStatProxy$1.handleMessage:65
04-24 12:11:07.072 7938 7938 W Settings: mValues not put! needsGenerationTracker: true currentGeneration: -1 name: airplane_mode_on value: 0
04-24 12:11:07.096 7938 7972 W zygote64: Class tmsdkobf.ln failed lock verification and will run slower.
04-24 12:11:07.106 7938 7972 W zygote64: Class tmsdkobf.oq failed lock verification and will run slower.
04-24 12:11:07.116 7938 7972 W zygote64: Class tmsdkobf.nt failed lock verification and will run slower.
04-24 12:11:07.137 5468 7959 D RecycleClearService: clean items in recycleCleanService size=0
04-24 12:11:07.138 5468 7959 D PhoneState: charge is true
04-24 12:11:07.138 5468 7959 D PhoneState: battery level is 70
04-24 12:11:07.138 5468 7959 D PhoneState: screen on false
04-24 12:11:07.421 1176 1176 I TrafficMonitor: update:rxPkts:35,txPkts:1,rxBytes:6173,txBytes:40
04-24 12:11:07.421 1176 1176 I TrafficMonitor: start expired. level:-1
04-24 12:11:07.421 1176 1176 I TrafficMonitor: gettimer:interval=2000
04-24 12:11:07.472 1176 1314 W AwareLog: AwareMem_MemoryUtils: trim Memory illegal arg exception, proc:7256 level:40
04-24 12:11:07.792 5399 5442 I AutoCache: DailyDecodeCount has been reset.
04-24 12:11:07.930 5399 5442 I AutoCache: thumbnail cache has been set up successfully.
04-24 12:11:08.557 1176 1385 D HicomPolicyManager: handlerScreenStatus type = 7
04-24 12:11:08.893 1176 1338 D HwWifiStatStore: handleMessage : 200
04-24 12:11:09.427 1176 1176 I TrafficMonitor: update:rxPkts:0,txPkts:1,rxBytes:0,txBytes:40
04-24 12:11:09.427 1176 1176 I TrafficMonitor: start expired. level:-1
04-24 12:11:09.427 1176 1176 I TrafficMonitor: gettimer:interval=2000
04-24 12:11:09.498 1729 2056 I InactiveClean: start clean inactive apps
04-24 12:11:09.506 1176 1631 D SmartHeartBeat: setAlarmsPending ...
04-24 12:11:09.507 1729 2056 I AlarmProxy: [pending] net alarms
04-24 12:11:09.514 1176 1609 D ProcessCleaner: [aware_mem] start process cleaner setPackageStoppedState
04-24 12:11:09.515 1176 1609 I ActivityManager: Killing 5417:com.huawei.appmarket/u0a89 (adj 902): iAwareF[SmartClean](cch-empty)
04-24 12:11:09.518 1176 1609 D ActivityManager: cleanUpApplicationRecord app: ProcessRecord{17f1629 5417:com.huawei.appmarket/u0a89}, app.bad: false, restarting: false, allowRestart: false
04-24 12:11:09.525 1176 1609 D ProcessCleaner: [aware_mem] process cleaner success pid:5417,uid:10089,com.huawei.appmarket,[com.huawei.appmarket],mHasShownUi:false,null,class:0,0,0,0,adj:902 is killed
04-24 12:11:09.529 1176 1609 D ProcessCleaner: [aware_mem] start process cleaner cleanPackageRes, clnAlarm:true, hasPerceptAlarm:false, isNative:false, cleanResult: false
04-24 12:11:09.530 1176 1176 D HwAlarmManagerService: remove package alarm com.huawei.appmarket' (com.huawei.appmarket/.service.alarm.control.ScheduledRepeatingTaskService)
04-24 12:11:09.532 1708 25439 E HsmCoreServiceImpl: onTransact in code is: 102
04-24 12:11:09.533 1708 25439 I MediaProcessHandler: processOp opType: 1, uid: 10089, pid: 5417
04-24 12:11:09.533 1708 25439 W MediaProcessHandler: remove target not exist, maybe the UI process: uid: 10089, pid: 5417
04-24 12:11:09.533 1708 25439 I MediaProcessHandler: executedCallBack opType: 1 mMediaStatusObservers.size=0
04-24 12:11:09.533 1176 1176 V AlarmManager: UninstallReceiver onReceive action:android.intent.action.PACKAGE_RESTARTED
04-24 12:11:09.534 1176 1392 D HwArpVerifier: performPollAndLog:
04-24 12:11:09.534 1708 1708 I HwCoreAppHelperService: LocalReceiver receives:android.intent.action.PACKAGE_RESTARTED,pkg:com.huawei.appmarket,uid:10089
04-24 12:11:09.534 1176 1176 D HwBastetService: BroadcastReceiver android.intent.action.PACKAGE_RESTARTED
04-24 12:11:09.535 1176 1392 D hw_netstat: total/0/200,unknown:0/0/200
04-24 12:11:09.536 1744 1744 D CarrierSvcBindHelper: No carrier app for: 0
04-24 12:11:09.536 1744 1744 D CarrierSvcBindHelper: No carrier app for: 1
04-24 12:11:09.729 1176 1176 V HwActivityManagerService: cleanupPackageNotifications, userId=0|[com.huawei.appmarket]
04-24 12:11:09.797 777 777 E : [E/capacity_limit_control] not demo version, not set power control prop!
04-24 12:11:10.020 656 932 I audio_hw_primary: usb_ext_get_parameters: check show hires (false)
04-24 12:11:10.022 719 7464 I hash_map_utils: key: 'typec_need_show_hires' value: ''
04-24 12:11:10.024 1176 1176 I HwAudioService: check HiRes Icon false
04-24 12:11:10.026 1176 1176 W ActivityManager: Sending non-protected broadcast huawei.intent.action.hideHiResIcon from system uid 1000 pkg null
04-24 12:11:10.028 1176 1176 I HwAudioService: broadcastHiresIntent : false
04-24 12:11:10.032 1463 1463 D StatusBarIconController: setIconVisibility icon is null or visibility not change visibility=false
04-24 12:11:10.418 1176 1176 I TrafficMonitor: expired arrive. level:-1
04-24 12:11:10.418 1176 1176 I TrafficMonitor: during_ms:2005,period_ms:2000
04-24 12:11:10.419 1176 1176 I TrafficMonitor: count:998,rx_sum:0,tx_sum:1,rxBytes:0,during_ms:2005,rx_speed:0.0,tx_speed:19.950124688279303,rto:0.0
04-24 12:11:10.419 1176 1176 D HuaweiWifiWatchdogStateMachine: speed: rxpkt:0, rxSpd:0B/s, txpkt:1, txSpd:19
04-24 12:11:10.533 1729 23345 I DownloadState: 0 transmitting data speed : 16 bytes/s scroff: true
04-24 12:11:10.538 1176 1204 D SmartcareProc: onSignalStrengthsChanged: signalStrength is: SignalStrength: 99 -1 0 0 -72 -98 32767 -1 32767 99 0 0 0 2147483647 0 -1 true cdma , on sub: 1
04-24 12:11:10.539 1176 1204 D SmartcareProc: SignalStrength update result, ss: SignalStrengthInfo:68043809 mGsmSignalStrength: -1 mWcdmaRscp: -1 mWcdmaEcio: -1 mLteRsrp: -1 mLteRsrq: -1 mCdmaDbm: -72 mCdmaEcio: -98 mEvdoDbm: 32767mEvdoEcio: -1mLteRssnr: -1
04-24 12:11:10.539 1176 1176 I MQoS : onSignal: mSubId=1,currDataSubID=1
04-24 12:11:10.539 1176 1176 I MQoS : received cell-signal:5
04-24 12:11:10.890 742 742 E wificond: Failed to get NL80211_RATE_INFO_NOISE
04-24 12:11:10.890 742 742 E wificond: Failed to get NL80211_RATE_INFO_SNR
04-24 12:11:10.890 742 742 E wificond: Failed to get NL80211_STA_INFO_CNAHLOAD
04-24 12:11:10.891 1176 1337 E WificondControl: Noise: 0, Snr: -1, Chload: -1
04-24 12:11:10.893 1176 1339 D HwWifiCHRStateManager: handleMessage : 1001
04-24 12:11:10.893 1176 1339 D HwWifiCHRStateManager: handleUpdateChannel:2412
04-24 12:11:10.893 1176 1339 V HwWifiServiceFactory: get AllImpl object = com.android.server.wifi.HwWifiServiceFactoryImpl@2205edc
04-24 12:11:10.898 742 742 E wificond: Failed to get NL80211_RATE_INFO_NOISE
04-24 12:11:10.898 742 742 E wificond: Failed to get NL80211_RATE_INFO_SNR
04-24 12:11:10.898 742 742 E wificond: Failed to get NL80211_STA_INFO_CNAHLOAD
04-24 12:11:10.899 1176 1406 D HuaweiWifiWatchdogStateMachine: LM mrssi=-23
04-24 12:11:10.900 1176 1406 D HuaweiWifiWatchdogStateMachine: a4:fa:**:**:eb:b0 current loss[-45]=0%, volume=14
04-24 12:11:10.900 1176 1406 D HuaweiWifiWatchdogStateMachine: a4:fa:**:**:eb:b0 history loss[-45]=0%, volume=13825357
04-24 12:11:10.901 1176 1406 I HuaweiWifiWatchdogStateMachine: spd good count:0, add sc:0.0, rate:1.0
04-24 12:11:10.901 1176 1406 I HuaweiWifiWatchdogStateMachine: current mHighDataFlowRate = 1.0
04-24 12:11:10.901 1176 1176 D WiFi_PRO: MSG_RETURN_AP_CURRY_RSSI rssi = -23
04-24 12:11:10.902 1176 1176 I QosMonitor: queryRtt: rtt_type = 3
04-24 12:11:10.904 1176 1406 I HuaweiWifiWatchdogStateMachine: POta txb txg rxg:0, 89, 0. Lr =0% Totpkt=89
04-24 12:11:10.904 1176 3109 D HwUidTcpMonitor: parseWlanUidTcpStatistics lastUidTcpStatInfo = [ mUid = 10848 mPacketName = com.jiansheng.blmn.demo mSendSegs = 2486 mResendSegs = 0 mRcvSegs = 2894 ]
04-24 12:11:10.905 1176 1176 I HwQoEJNI: send_cmd_kernel. begin
04-24 12:11:10.905 1176 1176 I HwQoEJNI: send_cmd_kernel. end
04-24 12:11:10.905 1176 1176 I QosMonitor: postEventFromNative: msg=100,arg1=4,arg2=10
04-24 12:11:10.906 1176 1176 I HwQoEJNI: send_cmd_kernel. begin
04-24 12:11:10.906 1176 1176 I HwQoEJNI: send_cmd_kernel. end
04-24 12:11:10.906 1176 1176 I QosMonitor: postEventFromNative: msg=100,arg1=0,arg2=10
04-24 12:11:10.906 1176 1176 D HuaweiWifiWatchdogStateMachine: a4:fa:**:**:eb:b0 current RTT[-45]=320, volume=2
04-24 12:11:10.907 1176 1176 D HuaweiWifiWatchdogStateMachine: a4:fa:**:**:eb:b0 history RTT[-45]=511, volume=60819
04-24 12:11:10.907 1176 1176 D HuaweiWifiWatchdogStateMachine: setSampleRtt: rtt=320,rtt_pkts =2,rtt_when=6
04-24 12:11:10.907 1176 1406 D HuaweiWifiWatchdogStateMachine: dumpTcpResult: len=10,rtt=320,rttPkt=2,rttWn=6,cgt=16,cgtWn=9223632
04-24 12:11:10.907 1176 1176 I MQoS : rtt=320,tcp_tx_pkts=480867,tcp_rx_pkts=921367
04-24 12:11:10.907 1176 1176 I QosMonitor: resetRtt: rtt_type = 3
04-24 12:11:10.907 1176 1406 I HuaweiWifiWatchdogStateMachine: PTcp RTT:0, rtt pkt=0, tcp_rx=3, tcp_tx=13, tcp_reTran=0, rtRate=0
04-24 12:11:10.907 1176 1176 I HwQoEJNI: send_cmd_kernel. begin
04-24 12:11:10.907 1176 1406 D HuaweiWifiWatchdogStateMachine: mRssiBadCount =0, RSSI not bad.
04-24 12:11:10.907 1176 1176 I HwQoEJNI: send_cmd_kernel. end
04-24 12:11:10.908 1176 1406 D HuaweiWifiWatchdogStateMachine: detectNetworkAvailable:hw.wifipro.dns_fail_count = 131
04-24 12:11:10.908 1176 1406 D HuaweiWifiWatchdogStateMachine: detectNetworkAvailable: tcpRxPkts != 0, reset
04-24 12:11:10.908 1176 1406 I HuaweiWifiWatchdogStateMachine: rs ota tcp lr rttvb bad: false, false, false, false, false; rsth:-75
04-24 12:11:10.908 1176 1406 D HuaweiWifiWatchdogStateMachine: GSC:0, GSR:1.0, RSR:1.0, RTH:-75
04-24 12:11:10.908 1176 1406 D HuaweiWifiWatchdogStateMachine: bqeLevel = 2 rtt=0,rtt_pkts=0 speed=8796 rssi=-23
04-24 12:11:10.908 1176 1406 D HuaweiWifiWatchdogStateMachine: Enter updateQoeLevel level = 2
04-24 12:11:10.908 1176 1406 D HuaweiWifiWatchdogStateMachine: updateQoeLevel current level equal to mLastDetectLevel, return
04-24 12:11:10.908 1176 1406 I HuaweiWifiWatchdogStateMachine: pkt chk not bad, reset sc to 0.
04-24 12:11:10.908 1176 1406 D HuaweiWifiWatchdogStateMachine: ### mPktChkBadCnt=0
04-24 12:11:10.916 1176 3515 I MQoS : QOS_level:0(0),wifi-link;SIM error;use level-0
04-24 12:11:11.432 1176 1176 I TrafficMonitor: update:rxPkts:0,txPkts:1,rxBytes:0,txBytes:40
04-24 12:11:11.432 1176 1176 I TrafficMonitor: start expired. level:-1
04-24 12:11:11.432 1176 1176 I TrafficMonitor: gettimer:interval=2000
04-24 12:11:11.496 1729 2056 I GmsGsfPolicy: new policy pending gsf gms alarm.
04-24 12:11:11.499 1176 6208 D SmartHeartBeat: setAlarmsPending ...
04-24 12:11:11.899 1176 1338 D HwWifiStatStore: handleMessage : 200
04-24 12:11:12.046 741 741 E Thermal-daemon: [ap] temp_new :41 temp_old :42
