04-24 12:07:53.397 742 742 E wificond: Failed to get NL80211_STA_INFO_CNAHLOAD
04-24 12:07:53.398 1176 1337 E WificondControl: Noise: 0, Snr: -1, Chload: -1
04-24 12:07:53.398 1176 1339 D HwWifiCHRStateManager: handleMessage : 1001
04-24 12:07:53.398 1176 1339 D HwWifiCHRStateManager: handleUpdateChannel:2412
04-24 12:07:53.398 1176 1339 V HwWifiServiceFactory: get AllImpl object = com.android.server.wifi.HwWifiServiceFactoryImpl@2205edc
04-24 12:07:53.399 1176 1337 D HwCustWifiStateMachineReferenceImpl: checkRssiOverThreshold newRssi = -25
04-24 12:07:53.400 1176 1337 D WifiScoreReport: Score = 100, wifiConnectivityManagerEnabled = false, lowScoreCount = 0
04-24 12:07:53.576 1176 1338 D HwWifiStatStore: handleMessage : 200
04-24 12:07:54.301 777 777 E : [E/capacity_limit_control] not demo version, not set power control prop!
04-24 12:07:55.229 1176 1176 I TrafficMonitor: update:rxPkts:42,txPkts:0,rxBytes:6027,txBytes:0
04-24 12:07:55.229 1176 1176 I TrafficMonitor: start expired. level:-1
04-24 12:07:55.230 1176 1176 I TrafficMonitor: gettimer:interval=2000
04-24 12:07:56.404 679 679 E WifiHAL : enter wifi_get_link_stats
04-24 12:07:56.409 742 742 E wificond: Failed to get NL80211_RATE_INFO_NOISE
04-24 12:07:56.409 742 742 E wificond: Failed to get NL80211_RATE_INFO_SNR
04-24 12:07:56.409 742 742 E wificond: Failed to get NL80211_STA_INFO_CNAHLOAD
04-24 12:07:56.410 1176 1337 E WificondControl: Noise: 0, Snr: -1, Chload: -1
04-24 12:07:56.410 1176 1339 D HwWifiCHRStateManager: handleMessage : 1001
04-24 12:07:56.410 1176 1339 D HwWifiCHRStateManager: handleUpdateChannel:2412
04-24 12:07:56.410 1176 1339 V HwWifiServiceFactory: get AllImpl object = com.android.server.wifi.HwWifiServiceFactoryImpl@2205edc
04-24 12:07:56.411 1176 1337 D HwCustWifiStateMachineReferenceImpl: checkRssiOverThreshold newRssi = -28
04-24 12:07:56.412 1176 1337 D WifiScoreReport: Score = 100, wifiConnectivityManagerEnabled = false, lowScoreCount = 0
04-24 12:07:56.582 1176 1338 D HwWifiStatStore: handleMessage : 200
04-24 12:07:57.233 1176 1176 I TrafficMonitor: update:rxPkts:14,txPkts:0,rxBytes:2804,txBytes:0
04-24 12:07:57.233 1176 1176 I TrafficMonitor: start expired. level:-1
04-24 12:07:57.233 1176 1176 I TrafficMonitor: gettimer:interval=2000
04-24 12:07:57.970 1176 1392 D HwArpVerifier: performPollAndLog:
04-24 12:07:57.974 1176 1392 D hw_netstat: total/0/0
04-24 12:07:58.228 1176 1176 I TrafficMonitor: expired arrive. level:-1
04-24 12:07:58.229 1176 1176 I TrafficMonitor: during_ms:2003,period_ms:2000
04-24 12:07:58.229 1176 1176 I TrafficMonitor: count:902,rx_sum:14,tx_sum:0,rxBytes:2804,during_ms:2003,rx_speed:1399.900149775337,tx_speed:0.0,rto:0.0
04-24 12:07:58.229 1176 1176 D HuaweiWifiWatchdogStateMachine: speed: rxpkt:14, rxSpd:1399B/s, txpkt:0, txSpd:0
04-24 12:07:58.368 1176 1176 I MQoS : onSignal: mSubId=1,currDataSubID=1
04-24 12:07:58.368 1176 1176 I MQoS : received cell-signal:5
04-24 12:07:58.368 1176 1204 D SmartcareProc: onSignalStrengthsChanged: signalStrength is: SignalStrength: 99 -1 0 0 -63 -43 32767 -1 32767 99 0 0 0 2147483647 0 -1 true cdma , on sub: 1
04-24 12:07:58.368 1176 1204 D SmartcareProc: SignalStrength update result, ss: SignalStrengthInfo:68043809 mGsmSignalStrength: -1 mWcdmaRscp: -1 mWcdmaEcio: -1 mLteRsrp: -1 mLteRsrq: -1 mCdmaDbm: -63 mCdmaEcio: -43 mEvdoDbm: 32767mEvdoEcio: -1mLteRssnr: -1
04-24 12:07:58.723 742 742 E wificond: Failed to get NL80211_RATE_INFO_NOISE
04-24 12:07:58.723 742 742 E wificond: Failed to get NL80211_RATE_INFO_SNR
04-24 12:07:58.723 742 742 E wificond: Failed to get NL80211_STA_INFO_CNAHLOAD
04-24 12:07:58.724 1176 1337 E WificondControl: Noise: 0, Snr: -1, Chload: -1
04-24 12:07:58.724 1176 1339 D HwWifiCHRStateManager: handleMessage : 1001
04-24 12:07:58.724 1176 1339 D HwWifiCHRStateManager: handleUpdateChannel:2412
04-24 12:07:58.724 1176 1339 V HwWifiServiceFactory: get AllImpl object = com.android.server.wifi.HwWifiServiceFactoryImpl@2205edc
04-24 12:07:58.727 742 742 E wificond: Failed to get NL80211_RATE_INFO_NOISE
04-24 12:07:58.727 742 742 E wificond: Failed to get NL80211_RATE_INFO_SNR
04-24 12:07:58.727 742 742 E wificond: Failed to get NL80211_STA_INFO_CNAHLOAD
04-24 12:07:58.730 1176 1406 D HuaweiWifiWatchdogStateMachine: LM mrssi=-25
04-24 12:07:58.731 1176 1176 D WiFi_PRO: MSG_RETURN_AP_CURRY_RSSI rssi = -25
04-24 12:07:58.731 1176 1406 D HuaweiWifiWatchdogStateMachine: a4:fa:**:**:eb:b0 current loss[-45]=0%, volume=3
04-24 12:07:58.732 1176 1176 I QosMonitor: queryRtt: rtt_type = 3
04-24 12:07:58.732 1176 1406 D HuaweiWifiWatchdogStateMachine: a4:fa:**:**:eb:b0 history loss[-45]=0%, volume=13825056
04-24 12:07:58.732 1176 1176 I HwQoEJNI: send_cmd_kernel. begin
04-24 12:07:58.732 1176 1176 I HwQoEJNI: send_cmd_kernel. end
04-24 12:07:58.732 1176 1176 I QosMonitor: postEventFromNative: msg=100,arg1=4,arg2=10
04-24 12:07:58.732 1176 1406 I HuaweiWifiWatchdogStateMachine: spd good count:0, add sc:0.0, rate:1.0
04-24 12:07:58.732 1176 1406 I HuaweiWifiWatchdogStateMachine: current mHighDataFlowRate = 1.0
04-24 12:07:58.732 1176 1406 I HuaweiWifiWatchdogStateMachine: POta txb txg rxg:0, 10, 0. Lr =0% Totpkt=10
04-24 12:07:58.732 1176 1176 D HuaweiWifiWatchdogStateMachine: setSampleRtt: unvalid rtt
04-24 12:07:58.733 1176 1176 I HwQoEJNI: send_cmd_kernel. begin
04-24 12:07:58.733 1176 1176 I HwQoEJNI: send_cmd_kernel. end
04-24 12:07:58.733 1176 1176 I QosMonitor: postEventFromNative: msg=100,arg1=0,arg2=10
04-24 12:07:58.733 1176 1176 I MQoS : rtt=160,tcp_tx_pkts=480734,tcp_rx_pkts=921249
04-24 12:07:58.735 1176 1406 D HuaweiWifiWatchdogStateMachine: dumpTcpResult: len=10,rtt=160,rttPkt=1,rttWn=15,cgt=0,cgtWn=0
04-24 12:07:58.735 1176 1406 I HuaweiWifiWatchdogStateMachine: PTcp RTT:0, rtt pkt=0, tcp_rx=0, tcp_tx=0, tcp_reTran=0, rtRate=0
04-24 12:07:58.735 1176 1406 D HuaweiWifiWatchdogStateMachine: mRssiBadCount =0, RSSI not bad.
04-24 12:07:58.735 1176 1406 D HuaweiWifiWatchdogStateMachine: detectNetworkAvailable:hw.wifipro.dns_fail_count = 131
04-24 12:07:58.736 1176 1406 D HuaweiWifiWatchdogStateMachine: bqeLevel = 2 rtt=0,rtt_pkts=0 speed=2997 rssi=-25
04-24 12:07:58.736 1176 1406 D HuaweiWifiWatchdogStateMachine: Enter updateQoeLevel level = 2
04-24 12:07:58.736 1176 1406 D HuaweiWifiWatchdogStateMachine: updateQoeLevel current level equal to mLastDetectLevel, return
04-24 12:07:58.736 1176 1406 D HuaweiWifiWatchdogStateMachine: did not have any network action
04-24 12:07:58.739 1176 3515 I MQoS : QOS_level:0(0),wifi-link;SIM error;use level-0
04-24 12:07:59.236 1176 1176 I TrafficMonitor: update:rxPkts:25,txPkts:0,rxBytes:1829,txBytes:0
04-24 12:07:59.236 1176 1176 I TrafficMonitor: start expired. level:-1
04-24 12:07:59.236 1176 1176 I TrafficMonitor: gettimer:interval=2000
04-24 12:07:59.309 777 777 E : [E/capacity_limit_control] not demo version, not set power control prop!
04-24 12:07:59.414 679 679 E WifiHAL : enter wifi_get_link_stats
04-24 12:07:59.416 742 742 E wificond: Failed to get NL80211_RATE_INFO_NOISE
04-24 12:07:59.416 742 742 E wificond: Failed to get NL80211_RATE_INFO_SNR
04-24 12:07:59.416 742 742 E wificond: Failed to get NL80211_STA_INFO_CNAHLOAD
04-24 12:07:59.417 1176 1337 E WificondControl: Noise: 0, Snr: -1, Chload: -1
04-24 12:07:59.418 1176 1339 D HwWifiCHRStateManager: handleMessage : 1001
04-24 12:07:59.418 1176 1339 D HwWifiCHRStateManager: handleUpdateChannel:2412
04-24 12:07:59.418 1176 1339 V HwWifiServiceFactory: get AllImpl object = com.android.server.wifi.HwWifiServiceFactoryImpl@2205edc
04-24 12:07:59.419 1176 1337 D HwCustWifiStateMachineReferenceImpl: checkRssiOverThreshold newRssi = -25
04-24 12:07:59.420 1176 1337 D WifiScoreReport: Score = 100, wifiConnectivityManagerEnabled = false, lowScoreCount = 0
04-24 12:07:59.588 1176 1338 D HwWifiStatStore: handleMessage : 200
04-24 12:08:00.004 1176 1176 V AlarmManager: Received TIME_TICK alarm; rescheduling
04-24 12:08:00.006 1176 1176 I HwAlarmManagerService: hwSetAlarm listenerTag: time_tick
04-24 12:08:00.026 1463 1463 W HwKeyguardDragHelper: AnimationBlocked
04-24 12:08:00.029 1463 1463 E DateView: DateView,mCurrentTime: 1587701280029
04-24 12:08:00.029 1463 1463 I EventCenter: EventCenter Get :android.intent.action.TIME_TICK
04-24 12:08:00.031 1463 1463 W ResourceType: No known package when getting value for resource number 0xffffffff
04-24 12:08:00.032 1463 1463 E DateLunarView: mDateString is: 4月24日星期五
04-24 12:08:00.033 1463 1463 W ResourceType: No known package when getting value for resource number 0xffffffff
04-24 12:08:00.034 1463 1463 E DateLunarView: mDateString is: 4月24日星期五
04-24 12:08:00.039 1463 1463 D WeatherHelper: City info empty
04-24 12:08:00.042 1463 1463 D WeatherHelper: City info empty
04-24 12:08:00.042 1463 1463 D KeyguardUpdateMonitor: received broadcast android.intent.action.TIME_TICK
04-24 12:08:00.042 1463 1463 D KeyguardUpdateMonitor: handleTimeUpdate
04-24 12:08:00.042 1463 1782 I KeyguardStatusView: Runnable for refresh
04-24 12:08:00.044 1770 1770 I HwLauncher: Model onReceive intent=Intent { act=android.intent.action.TIME_TICK flg=0x50200014 hwFlg=0x900 (has extras) }
04-24 12:08:00.044 1770 1770 I HwLauncher: Model onReceive user=UserHandle{0}
04-24 12:08:00.047 1770 1882 E HwLauncher: SettingsEx , no such field.
04-24 12:08:00.047 1770 1882 W HwLauncher: Clock getDataFormat the getSystemString failed.
04-24 12:08:00.054 1463 1463 D WeatherHelper: City info empty
04-24 12:08:00.055 3756 3806 I Step_LSC: 80001355|processHandleBroadcastAction action:android.intent.action.TIME_TICK
04-24 12:08:00.056 2379 2379 I [HwRecSys]TimerController: onMinuteChange requestWeather
04-24 12:08:00.067 1176 1728 V BroadcastQueue: Finished with ordered broadcast BroadcastRecord{e8a1d88 u-1 android.intent.action.TIME_TICK}
04-24 12:08:00.131 1463 1463 D WeatherHelper: City info empty
04-24 12:08:00.131 1463 1463 D DateTimeView: Change to single clock mode!
04-24 12:08:00.133 1463 1463 D WeatherHelper: City info empty
04-24 12:08:00.133 1463 1463 D WeatherHelper: City info empty
04-24 12:08:00.133 1463 1463 D DateTimeView: Change to single clock mode!
04-24 12:08:00.135 1463 1463 D WeatherHelper: City info empty
04-24 12:08:01.238 1176 1176 I TrafficMonitor: update:rxPkts:20,txPkts:0,rxBytes:2256,txBytes:0
04-24 12:08:01.239 1176 1176 I TrafficMonitor: start expired. level:-1
04-24 12:08:01.239 1176 1176 I TrafficMonitor: gettimer:interval=2000
04-24 12:08:01.875 741 741 E Thermal-daemon: [charger_ic] temp_new :35 temp_old :36
04-24 12:08:01.876 1729 27267 I ThermalService: Receive temperature change, type: 2, temp: 35 from thermald
04-24 12:08:01.877 1729 2560 W HwThermalStateManager: warning: no config thermal type:2 temperature:35
04-24 12:08:01.877 741 741 E Thermal-daemon: Report temperature: [charger_ic] temp :35 report_threshold:1
04-24 12:08:02.422 679 679 E WifiHAL : enter wifi_get_link_stats
04-24 12:08:02.427 742 742 E wificond: Failed to get NL80211_RATE_INFO_NOISE
04-24 12:08:02.427 742 742 E wificond: Failed to get NL80211_RATE_INFO_SNR
04-24 12:08:02.427 742 742 E wificond: Failed to get NL80211_STA_INFO_CNAHLOAD
04-24 12:08:02.428 1176 1337 E WificondControl: Noise: 0, Snr: -1, Chload: -1
04-24 12:08:02.429 1176 1339 D HwWifiCHRStateManager: handleMessage : 1001
04-24 12:08:02.429 1176 1339 D HwWifiCHRStateManager: handleUpdateChannel:2412
04-24 12:08:02.429 1176 1339 V HwWifiServiceFactory: get AllImpl object = com.android.server.wifi.HwWifiServiceFactoryImpl@2205edc
04-24 12:08:02.430 1176 1337 D HwCustWifiStateMachineReferenceImpl: checkRssiOverThreshold newRssi = -24
04-24 12:08:02.431 1176 1337 D WifiScoreReport: Score = 100, wifiConnectivityManagerEnabled = false, lowScoreCount = 0
04-24 12:08:02.593 1176 1338 D HwWifiStatStore: handleMessage : 200
04-24 12:08:02.977 1176 1392 D HwArpVerifier: performPollAndLog:
04-24 12:08:02.980 1176 1392 D hw_netstat: total/136/0,unknown:0/136/0
04-24 12:08:03.242 1176 1176 I TrafficMonitor: update:rxPkts:13,txPkts:0,rxBytes:1332,txBytes:0
04-24 12:08:03.242 1176 1176 I TrafficMonitor: start expired. level:-1
04-24 12:08:03.242 1176 1176 I TrafficMonitor: gettimer:interval=2000
04-24 12:08:04.237 1176 1176 I TrafficMonitor: expired arrive. level:-1
04-24 12:08:04.237 1176 1176 I TrafficMonitor: during_ms:2004,period_ms:2000
04-24 12:08:04.238 1176 1176 I TrafficMonitor: count:905,rx_sum:13,tx_sum:0,rxBytes:1332,during_ms:2004,rx_speed:664.6706586826348,tx_speed:0.0,rto:0.0
04-24 12:08:04.238 1176 1176 D HuaweiWifiWatchdogStateMachine: speed: rxpkt:13, rxSpd:664B/s, txpkt:0, txSpd:0
04-24 12:08:04.318 777 777 E : [E/capacity_limit_control] not demo version, not set power control prop!
04-24 12:08:04.375 1176 1204 D SmartcareProc: onSignalStrengthsChanged: signalStrength is: SignalStrength: 99 -1 0 0 -63 -43 32767 -1 32767 99 0 0 0 2147483647 0 -1 true cdma , on sub: 1
04-24 12:08:04.376 1176 1204 D SmartcareProc: SignalStrength update result, ss: SignalStrengthInfo:68043809 mGsmSignalStrength: -1 mWcdmaRscp: -1 mWcdmaEcio: -1 mLteRsrp: -1 mLteRsrq: -1 mCdmaDbm: -63 mCdmaEcio: -43 mEvdoDbm: 32767mEvdoEcio: -1mLteRssnr: -1
04-24 12:08:04.378 1176 1176 I MQoS : onSignal: mSubId=1,currDataSubID=1
04-24 12:08:04.379 1176 1176 I MQoS : received cell-signal:5
04-24 12:08:05.244 1176 1176 I TrafficMonitor: update:rxPkts:25,txPkts:0,rxBytes:2657,txBytes:0
04-24 12:08:05.245 1176 1176 I TrafficMonitor: start expired. level:-1
04-24 12:08:05.245 1176 1176 I TrafficMonitor: gettimer:interval=2000
04-24 12:08:05.434 679 679 E WifiHAL : enter wifi_get_link_stats
04-24 12:08:05.441 742 742 E wificond: Failed to get NL80211_RATE_INFO_NOISE
04-24 12:08:05.441 742 742 E wificond: Failed to get NL80211_RATE_INFO_SNR
04-24 12:08:05.441 742 742 E wificond: Failed to get NL80211_STA_INFO_CNAHLOAD
04-24 12:08:05.441 1176 1337 E WificondControl: Noise: 0, Snr: -1, Chload: -1
04-24 12:08:05.442 1176 1339 D HwWifiCHRStateManager: handleMessage : 1001
04-24 12:08:05.442 1176 1339 D HwWifiCHRStateManager: handleUpdateChannel:2412
04-24 12:08:05.442 1176 1339 V HwWifiServiceFactory: get AllImpl object = com.android.server.wifi.HwWifiServiceFactoryImpl@2205edc
04-24 12:08:05.444 1176 1337 D HwCustWifiStateMachineReferenceImpl: checkRssiOverThreshold newRssi = -24
04-24 12:08:05.444 1176 1337 D WifiScoreReport: Score = 100, wifiConnectivityManagerEnabled = false, lowScoreCount = 0
04-24 12:08:05.599 1176 1338 D HwWifiStatStore: handleMessage : 200
04-24 12:08:06.722 742 742 E wificond: Failed to get NL80211_RATE_INFO_NOISE
04-24 12:08:06.722 742 742 E wificond: Failed to get NL80211_RATE_INFO_SNR
04-24 12:08:06.722 742 742 E wificond: Failed to get NL80211_STA_INFO_CNAHLOAD
04-24 12:08:06.723 1176 1337 E WificondControl: Noise: 0, Snr: -1, Chload: -1
04-24 12:08:06.724 1176 1339 D HwWifiCHRStateManager: handleMessage : 1001
04-24 12:08:06.724 1176 1339 D HwWifiCHRStateManager: handleUpdateChannel:2412
04-24 12:08:06.724 1176 1339 V HwWifiServiceFactory: get AllImpl object = com.android.server.wifi.HwWifiServiceFactoryImpl@2205edc
04-24 12:08:06.726 742 742 E wificond: Failed to get NL80211_RATE_INFO_NOISE
04-24 12:08:06.726 742 742 E wificond: Failed to get NL80211_RATE_INFO_SNR
04-24 12:08:06.726 742 742 E wificond: Failed to get NL80211_STA_INFO_CNAHLOAD
04-24 12:08:06.728 1176 1406 D HuaweiWifiWatchdogStateMachine: LM mrssi=-24
04-24 12:08:06.728 1176 1406 I HuaweiWifiWatchdogStateMachine: spd good count:0, add sc:0.0, rate:1.0
04-24 12:08:06.729 1176 1406 D HuaweiWifiWatchdogStateMachine: high data flow: protection_counter = 0, not_detect_counter = 298
04-24 12:08:06.729 1176 1406 D HuaweiWifiWatchdogStateMachine: high data flow scenario: 0 --> 0 rx bytes =35KB
04-24 12:08:06.729 1176 1406 I HuaweiWifiWatchdogStateMachine: current mHighDataFlowRate = 1.0
04-24 12:08:06.729 1176 1406 I HuaweiWifiWatchdogStateMachine: POta txb txg rxg:0, 10, 0. Lr =0% Totpkt=10
04-24 12:08:06.730 1176 1176 D WiFi_PRO: MSG_RETURN_AP_CURRY_RSSI rssi = -24
04-24 12:08:06.731 1176 1176 I QosMonitor: queryRtt: rtt_type = 3
04-24 12:08:06.731 1176 1176 I HwQoEJNI: send_cmd_kernel. begin
04-24 12:08:06.731 1176 1176 I HwQoEJNI: send_cmd_kernel. end
04-24 12:08:06.731 1176 1176 I QosMonitor: postEventFromNative: msg=100,arg1=4,arg2=10
04-24 12:08:06.732 1176 1176 I HwQoEJNI: send_cmd_kernel. begin
04-24 12:08:06.732 1176 1176 I HwQoEJNI: send_cmd_kernel. end
04-24 12:08:06.732 1176 1176 I QosMonitor: postEventFromNative: msg=100,arg1=0,arg2=10
04-24 12:08:06.732 1176 1176 D HuaweiWifiWatchdogStateMachine: setSampleRtt: unvalid rtt
04-24 12:08:06.732 1176 1406 D HuaweiWifiWatchdogStateMachine: dumpTcpResult: len=10,rtt=160,rttPkt=1,rttWn=23,cgt=0,cgtWn=0
04-24 12:08:06.732 1176 1176 I MQoS : rtt=160,tcp_tx_pkts=480734,tcp_rx_pkts=921249
04-24 12:08:06.732 1176 1406 I HuaweiWifiWatchdogStateMachine: PTcp RTT:0, rtt pkt=0, tcp_rx=0, tcp_tx=0, tcp_reTran=0, rtRate=0
04-24 12:08:06.732 1176 1406 D HuaweiWifiWatchdogStateMachine: mRssiBadCount =0, RSSI not bad.
04-24 12:08:06.733 1176 1406 D HuaweiWifiWatchdogStateMachine: detectNetworkAvailable:hw.wifipro.dns_fail_count = 131
04-24 12:08:06.733 1176 1406 D HuaweiWifiWatchdogStateMachine: bqeLevel = 2 rtt=0,rtt_pkts=0 speed=2997 rssi=-24
04-24 12:08:06.733 1176 1406 D HuaweiWifiWatchdogStateMachine: Enter updateQoeLevel level = 2
04-24 12:08:06.733 1176 1406 D HuaweiWifiWatchdogStateMachine: updateQoeLevel current level equal to mLastDetectLevel, return
04-24 12:08:06.733 1176 1406 D HuaweiWifiWatchdogStateMachine: did not have any network action
04-24 12:08:06.738 1176 3515 I MQoS : QOS_level:0(0),wifi-link;SIM error;use level-0
04-24 12:08:06.738 1176 3515 I MQoS : skip-low-Level:0(0),wifi-link;SIM error;use level-0
04-24 12:08:07.246 1176 1176 I TrafficMonitor: update:rxPkts:22,txPkts:0,rxBytes:2834,txBytes:0
04-24 12:08:07.246 1176 1176 I TrafficMonitor: start expired. level:-1
04-24 12:08:07.246 1176 1176 I TrafficMonitor: gettimer:interval=2000
04-24 12:08:07.981 1176 1392 D HwArpVerifier: performPollAndLog:
04-24 12:08:07.984 1176 1392 D hw_netstat: total/0/0
04-24 12:08:08.374 688 688 I aptouch_daemon: filter_touch_detect, down, in: 1, out: 1
04-24 12:08:08.430 688 688 I aptouch_daemon: filter_touch_detect, all_touch_up
04-24 12:08:08.434 1770 1770 V AudioManager: playSoundEffect effectType: 0
04-24 12:08:08.439 1176 1631 I ActivityManager: START u0 {act=android.intent.action.MAIN cat=[android.intent.category.LAUNCHER] flg=0x10200000 cmp=com.jiansheng.blmn.demo/com.jiansheng.blmn.MainActivity bnds=[645,921][856,1200]} from uid 10061
04-24 12:08:08.440 675 973 I PF_CM : [setMode:2383] normal mode = 8
04-24 12:08:08.440 1176 1631 I ActivityManager: ActivityRecord info: ActivityInfo{4fe3321 com.jiansheng.blmn.MainActivity}
04-24 12:08:08.441 675 973 I PF_IPA : [writeToNode:482] ############ [IPA] final write: soc_ipa=disabled
04-24 12:08:08.442 1729 2056 I ash : front pkg : com.jiansheng.blmn.demo launcher: false
04-24 12:08:08.442 1729 2056 I ash : above launcher front pkgs: [com.jiansheng.blmn.demo]
04-24 12:08:08.443 1729 2056 I ScalingFreqAdapterUniPerf: ===success setFreq: lcpumax:2->1709000
04-24 12:08:08.443 1729 2056 I ScalingFreqAdapterUniPerf: ===success setFreq: lcpumin:1->1709000
04-24 12:08:08.443 1729 2056 I ScalingFreqAdapterUniPerf: ===success setFreq: gpumin:7->680000000
04-24 12:08:08.443 669 765 I uniperf server: setConfig clientId=1, tagLen=1, tags[0]=2, configs[0]=1709000
04-24 12:08:08.443 1729 2056 I ScalingFreqAdapterUniPerf: ===success setFreq: bcpumax:5->2362000
04-24 12:08:08.444 1729 2056 I ScalingFreqAdapterUniPerf: ===success setFreq: bcpumin:4->2362000
04-24 12:08:08.444 669 765 I uniperf server: setConfig clientId=1, tagLen=1, tags[0]=1, configs[0]=1709000
04-24 12:08:08.444 669 765 I uniperf server: setConfig clientId=1, tagLen=1, tags[0]=7, configs[0]=680000000
04-24 12:08:08.444 669 765 I uniperf server: setConfig clientId=1, tagLen=1, tags[0]=5, configs[0]=2362000
04-24 12:08:08.444 669 765 I uniperf server: setConfig clientId=1, tagLen=1, tags[0]=4, configs[0]=2362000
04-24 12:08:08.445 679 679 E WifiHAL : enter wifi_get_link_stats
04-24 12:08:08.446 1176 1631 V WindowManager: addAppToken: AppWindowToken{f5f0dd2 token=Token{769e05d ActivityRecord{3678a34 u0 com.jiansheng.blmn.demo/com.jiansheng.blmn.MainActivity t319}}} controller={TaskWindowContainerController taskId=319} at 2147483647
04-24 12:08:08.447 1729 27267 I PGServer: android calls fast hibernateApps
04-24 12:08:08.447 1729 27267 I AppFastHibernation: fast hibernate duration: 1500 reason: start activity
04-24 12:08:08.448 760 22396 I Pged-IPgedBinderService: ****action is 1, pid num is 2***
04-24 12:08:08.448 760 22396 I Pged-Freezer: freezePids
04-24 12:08:08.448 760 22396 I Pged-Freezer: Freeze process: 5417
04-24 12:08:08.450 1729 1974 D PgedBinderAdapter: frz ok, pid: [5417]
04-24 12:08:08.455 742 742 E wificond: Failed to get NL80211_RATE_INFO_NOISE
04-24 12:08:08.455 742 742 E wificond: Failed to get NL80211_RATE_INFO_SNR
04-24 12:08:08.455 742 742 E wificond: Failed to get NL80211_STA_INFO_CNAHLOAD
04-24 12:08:08.456 1176 1337 E WificondControl: Noise: 0, Snr: -1, Chload: -1
04-24 12:08:08.456 1176 1339 D HwWifiCHRStateManager: handleMessage : 1001
04-24 12:08:08.456 1176 1339 D HwWifiCHRStateManager: handleUpdateChannel:2412
04-24 12:08:08.456 1176 1339 V HwWifiServiceFactory: get AllImpl object = com.android.server.wifi.HwWifiServiceFactoryImpl@2205edc
04-24 12:08:08.457 1176 1337 D HwCustWifiStateMachineReferenceImpl: checkRssiOverThreshold newRssi = -23
04-24 12:08:08.457 1176 1337 D WifiScoreReport: Score = 100, wifiConnectivityManagerEnabled = false, lowScoreCount = 0
04-24 12:08:08.458 1770 7752 D MotionDetectionManager: stopMotionAppsReco motionApps: 403
04-24 12:08:08.458 1770 7752 D MotionDetectionManager: stopMotionAppsReco not recognition motionApps 403
04-24 12:08:08.458 1770 7752 W HwLauncher: Launcher.MotionManager stopMotionAppsReco service flg 403 is unavailable
04-24 12:08:08.462 1176 1282 D HwCust : Create obj success use class android.app.HwCustHwWallpaperManagerImpl
04-24 12:08:08.467 1176 1282 D CubicBezierInterpolator: CubicBezierInterpolator mControlPoint1x = 0.23, mControlPoint1y = 0.06, mControlPoint2x = 0.09, mControlPoint2y = 0.97
04-24 12:08:08.467 1176 1282 D CubicBezierInterpolator: CubicBezierInterpolator mControlPoint1x = 0.6, mControlPoint1y = 0.9, mControlPoint2x = 0.8, mControlPoint2y = 1.0
04-24 12:08:08.467 1176 1282 D CubicBezierInterpolator: CubicBezierInterpolator mControlPoint1x = 0.23, mControlPoint1y = 0.06, mControlPoint2x = 0.09, mControlPoint2y = 0.97
04-24 12:08:08.467 1176 1282 D CubicBezierInterpolator: CubicBezierInterpolator mControlPoint1x = 0.6, mControlPoint1y = 0.9, mControlPoint2x = 0.8, mControlPoint2y = 1.0
04-24 12:08:08.470 1176 1728 V ActivityManager: startProcess: name=com.jiansheng.blmn.demo app=null knownToBeDead=true thread=null pid=-1
04-24 12:08:08.484 1176 1728 I ActivityManager: Start proc 7754:com.jiansheng.blmn.demo/u0a848 for activity com.jiansheng.blmn.demo/com.jiansheng.blmn.MainActivity
04-24 12:08:08.485 7754 7754 I : power log dlsym ok
04-24 12:08:08.485 1176 1728 V WindowManager: No longer Stopped: AppWindowToken{f5f0dd2 token=Token{769e05d ActivityRecord{3678a34 u0 com.jiansheng.blmn.demo/com.jiansheng.blmn.MainActivity t319}}}
04-24 12:08:08.486 1176 1728 V ActivityManager: startProcess: name=com.jiansheng.blmn.demo app=ProcessRecord{2c3f8b8 7754:com.jiansheng.blmn.demo/u0a848} knownToBeDead=true thread=null pid=7754
04-24 12:08:08.489 1176 1282 E View : focusableViewAvailable: current thread is android.anim, return!
04-24 12:08:08.491 7754 7754 I zygote : Late-enabling -Xcheck:jni
04-24 12:08:08.503 1176 1282 V WindowManager: Adding Window{3d976e7 u0 Splash Screen com.jiansheng.blmn.demo} to AppWindowToken{f5f0dd2 token=Token{769e05d ActivityRecord{3678a34 u0 com.jiansheng.blmn.demo/com.jiansheng.blmn.MainActivity t319}}}
04-24 12:08:08.503 1176 1282 V WindowManager: addWindow: New client android.view.ViewRootImpl$W@589ca6: window=Window{3d976e7 u0 Splash Screen com.jiansheng.blmn.demo} Callers=com.android.server.wm.HwWindowManagerService.addWindow:585 com.android.server.wm.Session.addToDisplay:199 android.view.ViewRootImpl.setView:845 android.view.WindowManagerGlobal.addView:372 android.view.WindowManagerImpl.addView:128
04-24 12:08:08.504 1176 1282 I WindowManager: rotationForOrientationLw(orient=-1, last=0); user=0 USER_ROTATION_LOCKED
04-24 12:08:08.504 1176 1282 D HwPhoneWindowManager: face_rotation: not enabled,use sensor real
04-24 12:08:08.504 1176 1282 D HwPhoneWindowManager: face_rotation:real sensor rotation = -1
04-24 12:08:08.504 1176 1282 D HwPhoneWindowManager: face_rotation: rotation = 0
04-24 12:08:08.504 1176 1282 I WindowManager: Selected orientation -1, got rotation 0 which has compatible metrics
04-24 12:08:08.513 7754 7754 I zygote : Reinit property: dalvik.vm.checkjni= false
04-24 12:08:08.518 1176 1282 I PressGestureDetector: onAttached begin
04-24 12:08:08.519 1176 1282 I PressGestureDetector: onAttached end
04-24 12:08:08.522 1176 7766 I PressGestureDetector: enabledInPad = false,isPcCastMode = false
04-24 12:08:08.525 413 413 W /system/bin/hwservicemanager: Cannot open /odm/manifest_FLA-AL20.xml
04-24 12:08:08.525 413 413 W /system/bin/hwservicemanager: getTransportFromManifest: Cannot find entry vendor.huawei.hardware.hwsched@1.0::ISched in either framework or device manifest, using default transport.
04-24 12:08:08.525 683 683 E BufferQueueProducer: [] Can not get hwsched service
04-24 12:08:08.526 1176 1282 W WindowManager: EGLdebug Created surface WindowStateAnimator{37c3294 Splash Screen com.jiansheng.blmn.demo}
04-24 12:08:08.529 7754 7754 D ActivityThread: ActivityThread,attachApplication
04-24 12:08:08.530 1176 11623 D ActivityManager: ActivityManagerService,attachApplication,callingPid = 7754
04-24 12:08:08.533 1176 11623 V WindowManager: No longer Stopped: AppWindowToken{f5f0dd2 token=Token{769e05d ActivityRecord{3678a34 u0 com.jiansheng.blmn.demo/com.jiansheng.blmn.MainActivity t319}}}
04-24 12:08:08.543 649 649 I GRALLOC : shrFd=10,fmt=0x1,intFmt=0x1,btStrd=4352,size=8880128,pid=649
04-24 12:08:08.543 649 649 I GRALLOC : yuv=2,w=1080,h=2038,Stride u=0 v=0,offset u=0 v=0
04-24 12:08:08.543 649 649 I GRALLOC : iova_size=8880128,conUsg=0x906,proUsg=0x966, strd=1088,[afbc]HdrStrd=0 PyldStrd=0 Scrmbl=0,ionhnd = 1
04-24 12:08:08.546 1176 1728 D HwLocationManagerService: on transact ADD_LOCATION_MODE uid is 10848 , expectedmode is 3 , packagename is com.jiansheng.blmn.demo
04-24 12:08:08.547 1176 1728 D HwLocationManagerService: uid is 10848 , isWifiConn is true , isMobileConn is false
04-24 12:08:08.547 1176 1728 I HwNetworkPolicy: onTransact, code = 203
04-24 12:08:08.548 1176 1728 I HwNetworkPolicyManager: getHwUidPolicy uid = 10848 policy = 0
04-24 12:08:08.548 1176 1728 D HwLocationManagerService: policy is 0 , wifiAccess is true, mobileAccess is true
04-24 12:08:08.548 1176 1728 D HwLocationManagerService: wifiAvaiable is true , mobileAvailable is false
04-24 12:08:08.548 1176 1728 D HwLocationManagerService: addSupervisoryControlProc, mExpectedMode is network,packagename=com.jiansheng.blmn.demo, mSupervisoryPkgList is {com.jiansheng.blmn.demo=network}
04-24 12:08:08.548 1176 1728 D HwLocationManagerService: package has no request send yet
04-24 12:08:08.549 1176 11623 W HwActivityManagerServiceEx: appSwitch from: com.huawei.android.launcher to: com.jiansheng.blmn.demo
04-24 12:08:08.550 1176 1193 W HwActivityManagerServiceEx: HwActivityNotifier end call android.app.IHwActivityNotifier$Stub$Proxy@a8f29ef for appSwitch under user 0 cost 0
04-24 12:08:08.551 1729 1883 D ScenarioService: front pkg : com.jiansheng.blmn.demo launcher: false
04-24 12:08:08.551 1729 1883 D ScenarioService: new above launcher front pkgs: [com.jiansheng.blmn.demo]
04-24 12:08:08.551 1729 1883 I AppsUsage: scnOff:false FgAPP:com.jiansheng.blmn.demo BgAPP:com.huawei.android.launcher
04-24 12:08:08.553 1176 11623 V WindowManager: Checking 1 opening apps (frozen=false timeout=false)...
04-24 12:08:08.553 1176 11623 V WindowManager: Check opening app=AppWindowToken{f5f0dd2 token=Token{769e05d ActivityRecord{3678a34 u0 com.jiansheng.blmn.demo/com.jiansheng.blmn.MainActivity t319}}}: allDrawn=false startingDisplayed=false startingMoved=false isRelaunching()=false
04-24 12:08:08.554 1176 1385 D EmcomManagerService: forePackage name is com.jiansheng.blmn.demo
04-24 12:08:08.554 1176 1282 D WindowManager: finishDrawingWindow: Window{3d976e7 u0 Splash Screen com.jiansheng.blmn.demo} mDrawState=DRAW_PENDING
04-24 12:08:08.554 1176 1385 D HicomPolicyManager: foreAppInfo = nullpkgName = com.jiansheng.blmn.demo uid= 10848
04-24 12:08:08.554 1176 1385 E HicomPolicyManager: udp acc is not start yet!
04-24 12:08:08.554 1176 1385 D HicomPolicyManager: speed control is not start
04-24 12:08:08.554 1176 1385 E HicomPolicyManager: Network Evaluation is not start yet!
04-24 12:08:08.554 1176 1385 E HicomPolicyManager: foreground app info is null
04-24 12:08:08.555 1729 3409 I PGServer: checkPkgType. calling pkg: com.huawei.android.hwaps
04-24 12:08:08.555 2379 3998 D [HwRecSys]HwRecSysService: onEvent actionID: 10000 msg:com.jiansheng.blmn.demo
04-24 12:08:08.555 2379 3998 E [HwRecSys]HwRecSysService: getIsRportDirectService is false!
04-24 12:08:08.556 1176 1196 D HwQoEUtils: mForegroundAppPackageName: com.jiansheng.blmn.demo ,score: 0
04-24 12:08:08.556 1176 1196 D HwQoEUtils: onForegroundAppWifiSleepChange: config:false, sleeptime:-1,type: 9, appname:com.jiansheng.blmn.demo
04-24 12:08:08.556 1176 1196 D HwQoEUtils: HwQoEService: setGameKOGMode uid: 0 mode: 6
04-24 12:08:08.556 1176 1196 D HwQoEUtils: hwQoEAdjustSpeed: enable: 6
04-24 12:08:08.556 1176 1196 D WifiNative-wlan0: gameKOGAdjustSpeed entered: 2412 mode: 6
04-24 12:08:08.556 1176 1196 D wifi-jni: android_net_wifi_hwGameKOGAdjustSpeed mode 2412 6
04-24 12:08:08.557 679 679 D WifiHW : chip is hisi
04-24 12:08:08.557 1176 1196 D wifi-jni: android_net_wifi_hwGameKOGAdjustSpeed result WIFI_HAL_RESULT_OK
04-24 12:08:08.557 1176 1196 D HwQoEUtils: APP type: 9 appName= com.jiansheng.blmn.demo
04-24 12:08:08.557 1176 1196 D HwQoEUtils: APP_TYPE_GAME, isKOGInBackGround = false
04-24 12:08:08.557 1176 1196 D HwGameAssistantController: pid=7754, uid=10848, foreground=true
04-24 12:08:08.557 1729 2133 I PGServer: report state:10010 event type:2 pid:0 uid:0 pkg:com.huawei.android.launcher to pid: 1176
04-24 12:08:08.557 1176 1728 I HwNetworkPolicy: onTransact, code = 203
04-24 12:08:08.557 1729 2133 I PGServer: report state:10010 event type:2 pid:0 uid:0 pkg:com.huawei.android.launcher to pid: 1729
04-24 12:08:08.558 1729 2133 I SceneReceiver: state type: 10010 eventType:2 pid:0 uid:0 pkg:com.huawei.android.launcher
04-24 12:08:08.558 1619 2078 I HwNetworkPolicyManager: getHwUidPolicy uid = 10848 policy = 0
04-24 12:08:08.558 1729 2133 I PGServer: report state:10000 event type:1 pid:0 uid:0 pkg:com.jiansheng.blmn.demo to pid: 1176
04-24 12:08:08.558 1729 2133 I PGServer: report state:10000 event type:1 pid:0 uid:0 pkg:com.jiansheng.blmn.demo to pid: 1729
04-24 12:08:08.558 1729 2133 I SceneReceiver: state type: 10000 eventType:1 pid:0 uid:0 pkg:com.jiansheng.blmn.demo
04-24 12:08:08.558 1729 2560 D HwThermalStateManager: current foreapp pkg : com.jiansheng.blmn.demo
04-24 12:08:08.559 1729 3409 W libc : Set property "sys.aps.gameProcessName" to ""
04-24 12:08:08.560 1729 27267 I PGServer: checkPkgType. calling pkg: android
04-24 12:08:08.560 1176 1282 V WindowManager: Checking 1 opening apps (frozen=false timeout=false)...
04-24 12:08:08.560 1729 3409 W libc : Set property "sys.aps.browserProcessName" to ""
04-24 12:08:08.560 1176 1282 V WindowManager: Check opening app=AppWindowToken{f5f0dd2 token=Token{769e05d ActivityRecord{3678a34 u0 com.jiansheng.blmn.demo/com.jiansheng.blmn.MainActivity t319}}}: allDrawn=false startingDisplayed=true startingMoved=false isRelaunching()=false
04-24 12:08:08.562 1729 2125 I PGServer: checkPkgType. calling pkg: android
04-24 12:08:08.563 413 413 W /system/bin/hwservicemanager: Cannot open /odm/manifest_FLA-AL20.xml
04-24 12:08:08.568 1176 11623 I HwAudioService: now type = 301,reportForegroundAppType = 9,systemload = 301
04-24 12:08:08.570 1176 11623 W libc : Set property "sys.iaware.type" to "9"
04-24 12:08:08.570 1176 1282 D WindowManager: finishDrawingWindow: Window{3d976e7 u0 Splash Screen com.jiansheng.blmn.demo} mDrawState=HAS_DRAWN
04-24 12:08:08.572 1729 3409 W libc : Set property "debug.aps.process.name" to "com.jiansheng.blmn.demo"
04-24 12:08:08.572 1176 11623 D HwAudioService: support voip optinization during game mode.
04-24 12:08:08.572 1176 11623 D HwAudioService: game mode turn on.
04-24 12:08:08.572 2711 21372 W libEGL : EGLNativeWindowType 0x73e686b010 disconnect failed
04-24 12:08:08.574 656 13613 E baidu_asr_interface: asr_baidu_set_parameters_data-not baidu asr
04-24 12:08:08.574 656 13613 I audio_custom: game mode enter.
04-24 12:08:08.574 656 13613 I dsp_soc : set primary algo bypass 1 succ
04-24 12:08:08.575 1770 1937 W libEGL : EGLNativeWindowType 0x73e63b7010 disconnect failed
04-24 12:08:08.580 1463 1463 D BarTransitions.HwNavigationBarView: MODE_TRANSLUCENT -> MODE_OPAQUE animate=false
04-24 12:08:08.580 1463 1463 D BarTransitions.HwNavigationBarView: applyModeBackground oldMode=MODE_TRANSLUCENT newMode=MODE_OPAQUE animate=false
04-24 12:08:08.586 1463 4917 D HwRecentsLockUtils: Search
04-24 12:08:08.587 1708 1975 E HsmCoreServiceImpl: onTransact in code is: 103
04-24 12:08:08.587 1708 1975 I MediaProcessHandler: playingUids:
04-24 12:08:08.589 413 413 W /system/bin/hwservicemanager: Cannot open /odm/manifest_FLA-AL20.xml
04-24 12:08:08.590 1176 1629 D ActivityManager: Skipping, home or recents stack task: TaskRecord{816c808 #1 A=com.huawei.android.launcher U=0 StackId=0 sz=1}
04-24 12:08:08.590 1176 1629 D ActivityManager: Skipping intent:flg=0x10804000 cmp=com.android.systemui/.recents.RecentsActivity bnds=[48,1549][1032,3035]
04-24 12:08:08.590 1176 1629 D ActivityManager: Skipping intent:act=android.deviceinfo.chooser.action.LAUNCH flg=0x10800000 hwFlg=0x100 pkg=com.android.settings cmp=com.android.settings/.deviceinfo.UsbConnModeChooserActivity
04-24 12:08:08.590 1176 1629 D ActivityManager: Skipping intent:act=android.intent.action.VIEW dat=content://com.android.browser.fileProvider/external_files/Download/browser/online-102660-14569-1.apk typ=application/vnd.android.package-archive flg=0x18800000 cmp=com.android.packageinstaller/.InstallStart
04-24 12:08:08.590 1176 1629 D ActivityManager: Skipping intent:act=android.intent.action.VIEW dat=content://com.goplaycn.googleinstall.fileprovider/external_files/GoogleInstaller/download/Phonesky.apk typ=application/vnd.android.package-archive flg=0x10800001 cmp=com.android.packageinstaller/.InstallStart
04-24 12:08:08.590 1176 1629 D ActivityManager: Skipping intent:act=android.intent.action.VIEW dat=content://com.goplaycn.googleinstall.fileprovider/external_files/GoogleInstaller/download/PrebuiltGmsCore.apk typ=application/vnd.android.package-archive flg=0x10800001 cmp=com.android.packageinstaller/.InstallStart
04-24 12:08:08.590 1176 1629 D ActivityManager: Skipping intent:act=android.intent.action.VIEW dat=content://com.android.browser.fileProvider/external_files/Download/browser/online-110389-12878-6.apk typ=application/vnd.android.package-archive flg=0x10800000 cmp=com.android.packageinstaller/.InstallStart
04-24 12:08:08.590 1176 1629 D ActivityManager: Skipping intent:act=android.intent.action.VIEW dat=content://com.android.browser.fileProvider/external_files/Download/browser/UC浏览器.apk typ=application/vnd.android.package-archive flg=0x18800000 cmp=com.android.packageinstaller/.InstallStart
04-24 12:08:08.590 1176 1629 D ActivityManager: Skipping intent:act=android.intent.action.VIEW dat=content://com.android.browser.fileProvider/external_files/Download/browser/UCBrowser_V12.9.6.1076_android_pf145_(Build200417171911).apk typ=application/vnd.android.package-archive flg=0x18800000 cmp=com.android.packageinstaller/.InstallStart
04-24 12:08:08.590 1176 1629 D ActivityManager: Skipping intent:act=android.intent.action.VIEW dat=content://com.android.browser.fileProvider/external_files/Download/browser/UCBrowser_V12.9.6.1076_android_pf145_(Build200417171911)(1).apk typ=application/vnd.android.package-archive flg=0x18800000 cmp=com.android.packageinstaller/.InstallStart
04-24 12:08:08.590 1176 1629 D ActivityManager: Skipping intent:flg=0x10808000 cmp=com.huawei.tips/.CopyInfo
04-24 12:08:08.590 1176 1629 D ActivityManager: Skipping intent:act=android.intent.action.VIEW dat=content://com.android.browser.fileProvider/external_files/Download/browser/online-109117-12005-3.apk typ=application/vnd.android.package-archive flg=0x18800000 cmp=com.android.packageinstaller/.InstallStart
04-24 12:08:08.590 1176 1629 D ActivityManager: Skipping intent:act=com.huawei.action.VOICE_ASSISTANT flg=0x10800000 cmp=com.huawei.vassistant/.ui.main.VAssistantActivity
04-24 12:08:08.590 7754 7770 I HwApiCacheMangerEx: apicache mCurPackageName=com.jiansheng.blmn.demo uptimes=350876747
04-24 12:08:08.590 7754 7754 D HwFLClassLoader: get used feature list :/feature/used-list failed!
04-24 12:08:08.590 7754 7754 D HwFLClassLoader: USE_FEATURE_LIST had not init!
04-24 12:08:08.591 649 649 I GRALLOC : shrFd=10,fmt=0x1,intFmt=0x1,btStrd=256,size=4096,pid=649
04-24 12:08:08.591 649 649 I GRALLOC : yuv=2,w=16,h=16,Stride u=0 v=0,offset u=0 v=0
04-24 12:08:08.591 649 649 I GRALLOC : iova_size=4096,conUsg=0x100,proUsg=0x100, strd=64,[afbc]HdrStrd=0 PyldStrd=0 Scrmbl=0,ionhnd = 1
04-24 12:08:08.592 7754 7770 I HwApiCacheMangerEx: apicache oUid null
04-24 12:08:08.593 7754 7770 I HwApiCacheMangerEx: apicache volumes null
04-24 12:08:08.595 7754 7770 I HwApiCacheMangerEx: apicache path=/storage/emulated/0 state=mounted key=com.jiansheng.blmn.demo#10848#256
04-24 12:08:08.597 7754 7770 I HwApiCacheMangerEx: apicache oUid 10848
04-24 12:08:08.597 7754 7770 I HwApiCacheMangerEx: apicache volumes null
04-24 12:08:08.598 7754 7770 I HwApiCacheMangerEx: apicache path=/storage/emulated/0 state=mounted key=com.jiansheng.blmn.demo#10848#0
04-24 12:08:08.598 7754 7770 I HwApiCacheMangerEx: apicache async read begin packageName=com.jiansheng.blmn.demo userid=0
04-24 12:08:08.598 7754 7770 I HwApiCacheMangerEx: apicache pi null
04-24 12:08:08.600 7754 7770 I chatty : uid=10848(u0_a848) queued-work-loo identical 1 line
04-24 12:08:08.601 7754 7770 I HwApiCacheMangerEx: apicache pi null
04-24 12:08:08.603 7754 7770 I HwApiCacheMangerEx: apicache oUid null
04-24 12:08:08.604 7754 7770 I HwApiCacheMangerEx: apicache async read finished packageName=com.jiansheng.blmn.demo userid=0 totalus=5648
04-24 12:08:08.605 1176 1338 D HwWifiStatStore: handleMessage : 200
04-24 12:08:08.630 7754 7754 I HwApiCacheMangerEx: apicache pi null
04-24 12:08:08.635 7754 7754 E Minikin : Could not get cmap table size!
04-24 12:08:08.638 7754 7770 E MemoryLeakMonitorManager: MemoryLeakMonitor.jar is not exist!
04-24 12:08:08.653 7754 7754 I HwCust : Constructor found for class android.app.HwCustActivityImpl
04-24 12:08:08.653 7754 7754 D HwCust : Create obj success use class android.app.HwCustActivityImpl
04-24 12:08:08.656 7754 7754 V HwPolicyFactory: : success to get AllImpl object and return....
04-24 12:08:08.659 7754 7754 I HwCust : Constructor found for class android.app.HwCustHwWallpaperManagerImpl
04-24 12:08:08.659 7754 7754 D HwCust : Create obj success use class android.app.HwCustHwWallpaperManagerImpl
04-24 12:08:08.666 7754 7754 V HwWidgetFactory: : successes to get AllImpl object and return....
04-24 12:08:08.670 7754 7754 V ActivityThread: ActivityThread,callActivityOnCreate
04-24 12:08:08.682 1176 1629 D HwNetworkManagementService: code == CODE_GET_AD_KEY_LIST
04-24 12:08:08.682 1176 1629 D HwNetworkManagementService: appName = com.jiansheng.blmn.demo is not in the mAdViewMap! reply none
04-24 12:08:08.682 1176 1629 D HwNetworkManagementService: appName = com.jiansheng.blmn.demo is not in the mAdIdMap! reply none
04-24 12:08:08.687 7754 7754 I HwApiCacheMangerEx: apicache pi PackageInfo{d16b3ab com.jiansheng.blmn.demo}
04-24 12:08:08.702 1176 1282 V WindowManager: Exit animation finished in Window{f435c1b u0 com.huawei.android.launcher/com.huawei.android.launcher.unihome.UniHomeLauncher EXITING}: remove=false
04-24 12:08:08.702 1176 1282 V WindowManager: Exit animation finished in Window{419ccce u0 com.huawei.intelligent.Workspace EXITING}: remove=false
04-24 12:08:08.710 1463 1463 D ImageWallpaper: onVisibilityChanged: mVisible, visible=true, false
04-24 12:08:08.710 1463 1463 D ImageWallpaper: Visibility changed to visible=false
04-24 12:08:08.752 7754 7754 D HwGalleryCacheManagerImpl: mIsEffect:false
04-24 12:08:08.759 7754 7754 D HwRTBlurUtils: check blur style for HwPhoneWindow, themeResId : 0x01030119, context : com.jiansheng.blmn.MainActivity@ded81fa, Nhwext : 0, get Blur : disable with , null
04-24 12:08:08.760 7754 7754 D HwRTBlurUtils: check blur style for HwPhoneWindow, themeResId : 0x01030119, context : com.jiansheng.blmn.MainActivity@ded81fa, Nhwext : 0, get Blur : disable with , null
04-24 12:08:08.766 7754 7754 I HwApiCacheMangerEx: apicache pi PackageInfo{7c65652 com.jiansheng.blmn.demo}
04-24 12:08:08.768 7754 7754 D ActivityThread: add activity client record, r= ActivityRecord{32bed23 token=android.os.BinderProxy@850cd8f {com.jiansheng.blmn.demo/com.jiansheng.blmn.MainActivity}} token= android.os.BinderProxy@850cd8f
04-24 12:08:08.770 7754 7754 I Unity : onResume
04-24 12:08:08.785 7754 7754 D OpenGLRenderer: HWUI Binary is enabled
04-24 12:08:08.787 683 897 D SurfaceFlinger: SurfaceFlinger: getDisplayConfigs--3.000000, 1080, 2160
04-24 12:08:08.787 683 897 I chatty : uid=1000(system) Binder:683_2 identical 1 line
04-24 12:08:08.787 683 897 D SurfaceFlinger: SurfaceFlinger: getDisplayConfigs--3.000000, 1080, 2160
04-24 12:08:08.788 7754 7776 D OpenGLRenderer: HWUI GL Pipeline
04-24 12:08:08.793 1176 1629 V WindowManager: Adding Window{427eaf5 u0 com.jiansheng.blmn.demo/com.jiansheng.blmn.MainActivity} to AppWindowToken{f5f0dd2 token=Token{769e05d ActivityRecord{3678a34 u0 com.jiansheng.blmn.demo/com.jiansheng.blmn.MainActivity t319}}}
04-24 12:08:08.794 1176 1629 V WindowManager: addWindow: New client android.os.BinderProxy@5f3402c: window=Window{427eaf5 u0 com.jiansheng.blmn.demo/com.jiansheng.blmn.MainActivity} Callers=com.android.server.wm.HwWindowManagerService.addWindow:585 com.android.server.wm.Session.addToDisplay:199 android.view.IWindowSession$Stub.onTransact:124 com.android.server.wm.Session.onTransact:161 android.os.Binder.execTransact:675
04-24 12:08:08.799 1176 1204 V KeyguardServiceDelegate: setOccluded(true) animate=false
04-24 12:08:08.800 1463 2263 D KeyguardService: Caller checkPermission fail
04-24 12:08:08.800 1463 2263 I KeyguardService: KGSvcCall setOccluded.
04-24 12:08:08.800 1463 2263 D KeyguardViewMediator: setOccluded true
04-24 12:08:08.800 1463 1463 D KeyguardViewMediator: handleSetOccluded true
04-24 12:08:08.800 1463 1463 I KeyguardViewMediator: handleSetOccluded animateCollapsePanels
04-24 12:08:08.800 1463 1463 W HwKeyguardDragHelper: AnimationBlocked
04-24 12:08:08.801 1176 1204 V WindowManager: Checking 0 opening apps (frozen=false timeout=false)...
04-24 12:08:08.802 1463 1463 E KeyguardUpdateMonitor: isSimPinSecure mSimDatas is null or empty
04-24 12:08:08.802 1463 1463 D KeyguardViewMediator: adjustStatusBarLocked: mShowing=false mOccluded=true isSecure=false --> flags=0x0
04-24 12:08:08.802 1463 1463 V KeyguardUpdateMonitor: setKeyguardViewState: false-true
04-24 12:08:08.802 1463 1463 W AppHandler: sendImmediateMessage 10 with args (3, 1)
04-24 12:08:08.802 1463 1463 W HwLockScreenPanel: Handle message: 10
04-24 12:08:08.802 1463 1463 W LockIcon: hideView: true
04-24 12:08:08.802 1463 1463 W HwKeyguardBottomArea: hideLockArea OnOccluded
04-24 12:08:08.802 1463 1463 W CameraLayout: Cameralayout disabled. true false 2
04-24 12:08:08.803 1463 1463 W HwKeyguardBottomArea: updateBatteryInfo : false true
04-24 12:08:08.803 1463 1463 I chatty : uid=10023(u0_a23) com.android.systemui identical 1 line
04-24 12:08:08.803 1463 1463 W HwKeyguardBottomArea: updateBatteryInfo : false true
04-24 12:08:08.803 1463 1463 D MagazineDetailView: resetPagerState
04-24 12:08:08.803 1463 1463 D MagazineSwitchViewPager: invoke callSetCurrentItemInternal
04-24 12:08:08.804 7754 7754 I PressGestureDetector: onAttached begin
04-24 12:08:08.804 1463 1463 W KgBattery: getCharge info with type: text
04-24 12:08:08.805 7754 7754 I PressGestureDetector: onAttached end
04-24 12:08:08.806 7754 7777 I PressGestureDetector: enabledInPad = false,isPcCastMode = false
04-24 12:08:08.809 1463 1463 I HwBackDropView: restore param to 0
04-24 12:08:08.809 1463 1463 I HwBackDropView: checkVisibility : false; false
04-24 12:08:08.809 1463 1782 W KeyguardViewMediator: setFloatTaskHide : false; reason : occludedChanged
04-24 12:08:08.809 1176 1629 V WindowManager: Relayout window turning screen on: Window{427eaf5 u0 com.jiansheng.blmn.demo/com.jiansheng.blmn.MainActivity}
04-24 12:08:08.811 413 413 W /system/bin/hwservicemanager: Cannot open /odm/manifest_FLA-AL20.xml
04-24 12:08:08.811 413 413 W /system/bin/hwservicemanager: getTransportFromManifest: Cannot find entry vendor.huawei.hardware.hwsched@1.0::ISched in either framework or device manifest, using default transport.
04-24 12:08:08.811 683 683 E BufferQueueProducer: [] Can not get hwsched service
04-24 12:08:08.812 1176 1629 W WindowManager: EGLdebug Created surface WindowStateAnimator{d13e08a com.jiansheng.blmn.demo/com.jiansheng.blmn.MainActivity}
04-24 12:08:08.813 1176 1629 V HwPhoneWindowManager: updateSystemUiColorLw window=Window{427eaf5 u0 com.jiansheng.blmn.demo/com.jiansheng.blmn.MainActivity},EmuiStyle=0,StatusBarColor=0xff000000,NavigationBarColor=0xff000000, mLastIsEmuiLightStyle=-1, mForceNotchStatusBar=false
04-24 12:08:08.817 1176 1196 D HwPhoneWindowManager: Transact:setSystemUIColor to status bar service
04-24 12:08:08.817 1463 4917 I CommandQueue: updateBarBgColor
04-24 12:08:08.817 1463 4917 D CommandQueue: CommandQueue, setBarBackgroundColor
04-24 12:08:08.819 1463 1463 D TintManager: statusBarIconTint=#99FFFFFF,navigationBarIconTint=#FF000000
04-24 12:08:08.822 649 649 I GRALLOC : shrFd=10,fmt=0x1,intFmt=0x200000001,btStrd=4352,size=9052160,pid=649
04-24 12:08:08.822 649 649 I GRALLOC : yuv=2,w=1080,h=2038,Stride u=0 v=0,offset u=0 v=0
04-24 12:08:08.822 649 649 I GRALLOC : iova_size=9052160,conUsg=0x900,proUsg=0x900, strd=1088,[afbc]HdrStrd=1088 PyldStrd=69632 Scrmbl=0,ionhnd = 1
04-24 12:08:08.827 649 649 I GRALLOC : shrFd=10,fmt=0x1,intFmt=0x200000001,btStrd=4352,size=9052160,pid=649
04-24 12:08:08.827 649 649 I GRALLOC : yuv=2,w=1080,h=2038,Stride u=0 v=0,offset u=0 v=0
04-24 12:08:08.827 649 649 I GRALLOC : iova_size=9052160,conUsg=0x900,proUsg=0x900, strd=1088,[afbc]HdrStrd=1088 PyldStrd=69632 Scrmbl=0,ionhnd = 1
04-24 12:08:08.828 7754 7776 I iGraphics: [0020080c] pn: com.jiansheng.blmn.demo, p: 7754
04-24 12:08:08.828 413 413 W /system/bin/hwservicemanager: Cannot open /odm/manifest_FLA-AL20.xml
04-24 12:08:08.828 413 413 W /system/bin/hwservicemanager: getTransportFromManifest: Cannot find entry vendor.huawei.hardware.hwsched@1.0::ISched in either framework or device manifest, using default transport.
04-24 12:08:08.828 683 683 E BufferQueueProducer: [] Can not get hwsched service
04-24 12:08:08.829 7754 7776 I iGraphics: [0030050a] lv: 1.0, cv: 5, BT: Aug 30 2018, 16:01:57
04-24 12:08:08.829 7754 7776 W iGraphics: [needUseHookMode] com.jiansheng.blmn.demo is not in the whitelist of xml
04-24 12:08:08.829 7754 7776 I iGraphics: [0030080c] opt app: 0
04-24 12:08:08.829 7754 7776 I OpenGLRenderer: Initialized EGL, version 1.4
04-24 12:08:08.829 7754 7776 D OpenGLRenderer: Swap behavior 2
04-24 12:08:08.830 649 649 I GRALLOC : shrFd=10,fmt=0x1,intFmt=0x200000001,btStrd=4352,size=9052160,pid=649
04-24 12:08:08.830 649 649 I GRALLOC : yuv=2,w=1080,h=2038,Stride u=0 v=0,offset u=0 v=0
04-24 12:08:08.830 649 649 I GRALLOC : iova_size=9052160,conUsg=0x900,proUsg=0x900, strd=1088,[afbc]HdrStrd=1088 PyldStrd=69632 Scrmbl=0,ionhnd = 1
04-24 12:08:08.831 413 413 W /system/bin/hwservicemanager: Cannot open /odm/manifest_FLA-AL20.xml
04-24 12:08:08.831 413 413 W /system/bin/hwservicemanager: getTransportFromManifest: Cannot find entry vendor.huawei.hardware.hwsched@1.0::ISched in either framework or device manifest, using default transport.
04-24 12:08:08.831 683 683 E BufferQueueProducer: [] Can not get hwsched service
04-24 12:08:08.833 1463 1463 D StatusBarIconController: setIconVisibility icon is null or visibility not change visibility=false
04-24 12:08:08.836 7754 7775 D Unity : SetWindow 0 0xcec7d008
04-24 12:08:08.836 7754 7775 D Unity : SetWindow 0 0xcec7d008
04-24 12:08:08.839 7754 7754 I NotchFit: huawei hardware enable: false
04-24 12:08:08.839 7754 7754 I NotchFit: HUAWEI O notch enable: false
04-24 12:08:08.840 7754 7776 D mali_winsys: EGLint new_window_surface(egl_winsys_display *, void *, EGLSurface, EGLConfig, egl_winsys_surface **, egl_color_buffer_format *, EGLBoolean) returns 0x3000
04-24 12:08:08.840 7754 7754 I Unity : windowFocusChanged: true
04-24 12:08:08.842 7754 7754 W InputMethodManager: startInputReason = 1
04-24 12:08:08.846 7754 7754 W InputMethodManager: startInputReason = 5
04-24 12:08:08.848 5232 5232 I wangchen: SysInfo.getSysParam: orientation=1||config d=3.0,w=1080,h=2038||metrics d=3.0,w=1080,h=2038||sdk=26,bar_h=72
04-24 12:08:08.849 5232 5232 I KeymapLoader: w=1080 h=2038 ori=true appScale=3.3 s1=3.0
04-24 12:08:08.853 1176 6429 V WindowManager: Relayout window turning screen on: Window{427eaf5 u0 com.jiansheng.blmn.demo/com.jiansheng.blmn.MainActivity}
04-24 12:08:08.855 7754 7775 D Unity : [VFS] Mount /data/app/com.jiansheng.blmn.demo-nkYM2_UJaeOJVgQzdOt9lw==/base.apk
