04-24 12:08:17.561 656 6282 I audio_hw_primary: select_devices--
04-24 12:08:17.561 656 6282 I audio_hw_primary: start_output_stream--
04-24 12:08:17.583 719 1024 D AudioFlinger: mixer(0x79d189f440) throttle end: throttle time(8)
04-24 12:08:17.619 1176 1338 D HwWifiStatStore: handleMessage : 200
04-24 12:08:17.748 7754 7775 D Unity : Shader 'MoleGame/Mobile/Diffuse': fallback shader 'Mobile-VertexLit' not found
04-24 12:08:17.994 1176 1392 D HwArpVerifier: performPollAndLog:
04-24 12:08:17.997 1176 1392 D hw_netstat: total/37570/14001,com.jiansheng.blmn.demo/36043/13390,unknown:0/1527/611
04-24 12:08:18.442 675 973 I PF_CM : [setMode:2383] normal mode = 0
04-24 12:08:18.442 675 973 I PF_IPA : [writeToNode:482] ############ [IPA] final write: soc_ipa=enabled
04-24 12:08:18.838 1176 1204 D SmartcareProc: onSignalStrengthsChanged: signalStrength is: SignalStrength: 99 -1 0 0 -64 -60 32767 -1 32767 99 0 0 0 2147483647 0 -1 true cdma , on sub: 1
04-24 12:08:18.838 1176 1204 D SmartcareProc: SignalStrength update result, ss: SignalStrengthInfo:68043809 mGsmSignalStrength: -1 mWcdmaRscp: -1 mWcdmaEcio: -1 mLteRsrp: -1 mLteRsrq: -1 mCdmaDbm: -64 mCdmaEcio: -60 mEvdoDbm: 32767mEvdoEcio: -1mLteRssnr: -1
04-24 12:08:18.839 1176 1392 D HwArpVerifier: getIpRouteTable
04-24 12:08:18.839 1176 1176 I MQoS : onSignal: mSubId=1,currDataSubID=1
04-24 12:08:18.840 1176 1176 I MQoS : received cell-signal:5
04-24 12:08:18.926 1176 1392 D HwArpVerifier: Notify wifi default route is ok
04-24 12:08:19.181 1176 1589 W Watchdog: hungtask: writing kick
04-24 12:08:19.184 1176 1202 I EventHub: EventHub monitor: no key events in the past 5912s,
04-24 12:08:19.261 1176 1176 I TrafficMonitor: update:rxPkts:27,txPkts:0,rxBytes:2504,txBytes:0
04-24 12:08:19.261 1176 1176 I TrafficMonitor: start expired. level:-1
04-24 12:08:19.261 1176 1176 I TrafficMonitor: gettimer:interval=2000
04-24 12:08:19.319 7754 7754 W tp_schedule2: type=1400 audit(0.0:40682): avc: denied { read } for name="max_user_watches" dev="proc" ino=5000549 scontext=u:r:untrusted_app:s0:c512,c768 tcontext=u:object_r:proc:s0 tclass=file permissive=0
04-24 12:08:19.328 1176 1318 D : motion-hal MotionHubChanel::readHwStepCounter record_count : 2001
04-24 12:08:19.329 677 877 D SensorHub: huawei Hal strandard_stepcounter is 350
04-24 12:08:19.329 1176 1318 D : HWExtMotionService valueSize:19
04-24 12:08:19.329 1176 1318 D : HWExtDeviceService getActiveConnections
04-24 12:08:19.329 1176 1318 D : HWExtDeviceService connSize:1
04-24 12:08:19.330 3756 3806 I Step_LSC: 80001355|onStandStepChanged 350
04-24 12:08:19.330 1708 1708 D HwStepCounter: onDeviceDataChanged
04-24 12:08:19.331 1708 1708 W HwStepCounter: version : 1
04-24 12:08:19.331 777 777 E : [E/capacity_limit_control] not demo version, not set power control prop!
04-24 12:08:19.331 1708 1708 I HwStepCounter: dealReportData tm: 2020-04-24 12:08:20 steps_value[0] : 0 state_value[0]:0 level_value[0]:0
04-24 12:08:19.332 1708 1708 I HwStepCounter: isBeginOfToday: 24 -> 24
04-24 12:08:19.332 1708 1708 I HwStepCounter: isBeginOfToday: false
04-24 12:08:19.332 1708 1708 I HwStepCounter: dealReportData: diff = 0
04-24 12:08:19.342 1708 2100 D HwStepCounter: ReportProxy client : 1
04-24 12:08:19.342 1708 2099 I StepCounterRemoteStub: Report client count 1
04-24 12:08:19.343 3756 3777 I Step_LSC: 80001355|onExtend:1587701300000 0 0 0
04-24 12:08:19.349 7754 7754 W com.jiansheng.blmn.demo: type=1400 audit(0.0:40683): avc: denied { read } for comm=4173796E635461736B202332 name="version" dev="proc" ino=4026532096 scontext=u:r:untrusted_app:s0:c512,c768 tcontext=u:object_r:proc:s0 tclass=file permissive=0
04-24 12:08:19.367 777 777 E : [E/capacity_limit_control] not demo version, not set power control prop!
04-24 12:08:19.370 1176 1288 D HwBatteryService: onUEvent fcpStatus = 0,scpStatus =0,ovpStatus=0
04-24 12:08:19.372 1176 1288 I UsbDeviceManager: water_intrused state= 0
04-24 12:08:19.381 1176 1176 D HwInnerWifiManagerImpl: SupplicantState = COMPLETED
04-24 12:08:19.381 1463 1463 D KeyguardUpdateMonitor: received broadcast android.intent.action.BATTERY_CHANGED
04-24 12:08:19.382 1176 1176 D HwInnerWifiManagerImpl: isPhoneAP = false
04-24 12:08:19.382 1463 1463 W KeyguardUpdateMonitor: ACTION_BATTERY_CHANGED AMP: 500000; Volt: 5000000
04-24 12:08:19.382 1176 1176 D HwInnerWifiManagerImpl: SupplicantState = COMPLETED
04-24 12:08:19.382 1176 1176 D HwInnerWifiManagerImpl: isPhoneAP = false
04-24 12:08:19.383 1176 1176 D WifiStateMachine: mBcastReceiver: PluggedType = 2 mIsScanCtrlPluggedin = true
04-24 12:08:19.383 1176 1176 D HwWifiService: mPluggedType =2
04-24 12:08:19.383 1463 1463 V KeyguardUpdateMonitor: RefreshBatteryInfo isBatteryLow: 70
04-24 12:08:19.383 1463 1463 W KeyguardUpdateMonitor: ChargingSpeed Wattage: 2500000 ST: 5000000 --> 7500000
04-24 12:08:19.383 1463 1463 I KgBattery: BatteryInfo updated: 2lPc0
04-24 12:08:19.383 1463 1463 W AppHandler: sendMessage with obj100
04-24 12:08:19.383 1463 1463 D KeyguardUpdateMonitor: handleBatteryUpdate
04-24 12:08:19.383 1463 1463 W HwLockScreenPanel: Handle message: 100
04-24 12:08:19.384 1463 1463 W HwKeyguardBottomArea: updateBatteryInfo : false true
04-24 12:08:19.384 1176 1176 D WifiService: onReceive, action:android.intent.action.BATTERY_CHANGED
04-24 12:08:19.384 1176 1176 D WifiService: ACTION_BATTERY_CHANGED pluggedType: 2
04-24 12:08:19.384 1463 1463 W KgBattery: getCharge info with type: text
04-24 12:08:19.385 1729 1729 I MsgReceiver: intent action: android.intent.action.BATTERY_CHANGED
04-24 12:08:19.386 5515 5671 E CloudAlbum[8.1.2.309]: [ReceiverManager] not log on ignore
04-24 12:08:19.386 1463 1463 W HwLockScreenPanel: refreshBatteryInfo: null
04-24 12:08:19.539 7754 7864 W Settings: mValues not put! needsGenerationTracker: true currentGeneration: -1 name: hw_forbid_accelerometer value: null
04-24 12:08:19.541 677 877 D SensorHub: in flush, handle = 0
04-24 12:08:19.542 677 677 D SensorHub: getSensorType get meta data! handle =0
04-24 12:08:19.543 1729 1883 I SensorState: sensor:0 name:accelerometer enable:true uid:10848
04-24 12:08:19.543 1729 1883 I PGServer: report state:4 event type:1 pid:0 uid:10848 pkg:null to pid: 1176
04-24 12:08:19.543 1729 1883 I SensorState: addSensor,mHandles:{0=2}
04-24 12:08:19.632 3756 3806 I Step_SPUtils: 80001355| getTodayTotalDetailSteps = 1587657600000##0##0##0##0##349737028
04-24 12:08:19.634 3756 3806 I Step_SPUtils: 80001355|setTodayTotalDetailSteps=1587657600000##0##0##0##0##350887791 timeZero=1587657600000
04-24 12:08:19.657 3756 3806 I Step_ExtSDM: 80001355|calculateCaloriesWithCache totalCalories=0
04-24 12:08:19.667 3756 3806 I Step_ExtSDM: 80001355|calculateAltitudeWithCache totalAltitude=0
04-24 12:08:20.256 1176 1176 I TrafficMonitor: expired arrive. level:-1
04-24 12:08:20.257 1176 1176 I TrafficMonitor: during_ms:2002,period_ms:2000
04-24 12:08:20.257 1176 1176 I TrafficMonitor: count:913,rx_sum:27,tx_sum:0,rxBytes:2504,during_ms:2002,rx_speed:1250.749250749251,tx_speed:0.0,rto:0.0
04-24 12:08:20.257 1176 1176 D HuaweiWifiWatchdogStateMachine: speed: rxpkt:27, rxSpd:1250B/s, txpkt:0, txSpd:0
04-24 12:08:20.402 7754 7775 W Unity : [FMOD] Please add an 'FMOD Studio Listener' component to your a camera in the scene for correct 3D positioning of sounds.
04-24 12:08:20.402 7754 7775 W Unity : UnityEngine.DebugLogHandler:LogFormat(LogType, Object, String, Object[])
04-24 12:08:20.402 7754 7775 W Unity : UnityEngine.Logger:Log(LogType, Object)
04-24 12:08:20.402 7754 7775 W Unity : FMODUnity.RuntimeManager:Update()
04-24 12:08:20.402 7754 7775 W Unity :
04-24 12:08:20.402 7754 7775 W Unity : (Filename: /Users/builduser/buildslave/unity/build/artifacts/generated/Android/runtime/DebugBindings.gen.cpp Line: 51)
04-24 12:08:20.402 7754 7775 W Unity :
04-24 12:08:20.465 768 859 E JankService: JankFrequencyMonitor action return :0
04-24 12:08:20.487 679 679 E WifiHAL : enter wifi_get_link_stats
04-24 12:08:20.492 742 742 E wificond: Failed to get NL80211_RATE_INFO_NOISE
04-24 12:08:20.492 742 742 E wificond: Failed to get NL80211_RATE_INFO_SNR
04-24 12:08:20.492 742 742 E wificond: Failed to get NL80211_STA_INFO_CNAHLOAD
04-24 12:08:20.492 1176 1337 E WificondControl: Noise: 0, Snr: -1, Chload: -1
04-24 12:08:20.493 1176 1339 D HwWifiCHRStateManager: handleMessage : 1001
04-24 12:08:20.494 1176 1339 D HwWifiCHRStateManager: handleUpdateChannel:2412
04-24 12:08:20.494 1176 1339 V HwWifiServiceFactory: get AllImpl object = com.android.server.wifi.HwWifiServiceFactoryImpl@2205edc
04-24 12:08:20.495 1176 1337 D HwCustWifiStateMachineReferenceImpl: checkRssiOverThreshold newRssi = -25
04-24 12:08:20.495 1176 1337 D WifiScoreReport: Score = 100, wifiConnectivityManagerEnabled = false, lowScoreCount = 0
04-24 12:08:20.621 1176 1338 D HwWifiStatStore: handleMessage : 200
04-24 12:08:20.898 768 859 I iMonitor: create: 902010003
04-24 12:08:20.906 768 859 I iMonitor: send: 902010003
04-24 12:08:21.173 677 677 D SensorHub: Get acc data -0.229843, 0.057461, 9.423578
04-24 12:08:21.263 1176 1176 I TrafficMonitor: update:rxPkts:23,txPkts:1,rxBytes:2351,txBytes:186
04-24 12:08:21.263 1176 1176 I TrafficMonitor: start expired. level:-1
04-24 12:08:21.263 1176 1176 I TrafficMonitor: gettimer:interval=2000
04-24 12:08:21.609 768 859 I iMonitor: create: 902010003
04-24 12:08:21.610 768 859 I iMonitor: send: 902010003
04-24 12:08:21.889 741 741 E Thermal-daemon: [charger_ic] temp_new :35 temp_old :36
04-24 12:08:21.890 1729 18882 I ThermalService: Receive temperature change, type: 2, temp: 35 from thermald
04-24 12:08:21.890 741 741 E Thermal-daemon: Report temperature: [charger_ic] temp :35 report_threshold:1
04-24 12:08:21.890 1729 2560 W HwThermalStateManager: warning: no config thermal type:2 temperature:35
04-24 12:08:21.891 741 741 E Thermal-daemon: [ap] temp_new :37 temp_old :36
04-24 12:08:21.891 1729 18882 I ThermalService: Receive temperature change, type: 0, temp: 37 from thermald
04-24 12:08:21.891 1729 2560 D HwThermalStateManager: Thermal type: 0 cur_temperature:37
04-24 12:08:21.891 741 741 E Thermal-daemon: Report temperature: [ap] temp :37 report_threshold:1
04-24 12:08:22.734 742 742 E wificond: Failed to get NL80211_RATE_INFO_NOISE
04-24 12:08:22.734 742 742 E wificond: Failed to get NL80211_RATE_INFO_SNR
04-24 12:08:22.734 742 742 E wificond: Failed to get NL80211_STA_INFO_CNAHLOAD
04-24 12:08:22.734 1176 1337 E WificondControl: Noise: 0, Snr: -1, Chload: -1
04-24 12:08:22.735 1176 1339 D HwWifiCHRStateManager: handleMessage : 1001
04-24 12:08:22.735 1176 1339 D HwWifiCHRStateManager: handleUpdateChannel:2412
04-24 12:08:22.735 1176 1339 V HwWifiServiceFactory: get AllImpl object = com.android.server.wifi.HwWifiServiceFactoryImpl@2205edc
04-24 12:08:22.736 742 742 E wificond: Failed to get NL80211_RATE_INFO_NOISE
04-24 12:08:22.736 742 742 E wificond: Failed to get NL80211_RATE_INFO_SNR
04-24 12:08:22.736 742 742 E wificond: Failed to get NL80211_STA_INFO_CNAHLOAD
04-24 12:08:22.737 1176 1406 D HuaweiWifiWatchdogStateMachine: LM mrssi=-27
04-24 12:08:22.737 1176 1406 D HuaweiWifiWatchdogStateMachine: a4:fa:**:**:eb:b0 current loss[-45]=0%, volume=76
04-24 12:08:22.738 1176 1406 D HuaweiWifiWatchdogStateMachine: a4:fa:**:**:eb:b0 history loss[-45]=0%, volume=13825154
04-24 12:08:22.738 1176 1406 I HuaweiWifiWatchdogStateMachine: spd good count:0, add sc:0.0, rate:1.0
04-24 12:08:22.738 1176 1406 I HuaweiWifiWatchdogStateMachine: current mHighDataFlowRate = 1.0
04-24 12:08:22.738 1176 1406 I HuaweiWifiWatchdogStateMachine: POta txb txg rxg:0, 76, 0. Lr =0% Totpkt=76
04-24 12:08:22.739 1176 1176 D WiFi_PRO: MSG_RETURN_AP_CURRY_RSSI rssi = -27
04-24 12:08:22.740 1176 1176 I QosMonitor: queryRtt: rtt_type = 3
04-24 12:08:22.740 1176 1176 I HwQoEJNI: send_cmd_kernel. begin
04-24 12:08:22.740 1176 1176 I HwQoEJNI: send_cmd_kernel. end
04-24 12:08:22.740 1176 1176 I QosMonitor: postEventFromNative: msg=100,arg1=4,arg2=10
04-24 12:08:22.740 1176 1176 I HwQoEJNI: send_cmd_kernel. begin
04-24 12:08:22.740 1176 1176 I HwQoEJNI: send_cmd_kernel. end
04-24 12:08:22.740 1176 3109 D HwWifiConnectivityMonitor: ENTER: notifyTopUidTcpInfo, tx = 58, rx = 60, reTx = 0, uid = 10848, tr = 0.0
04-24 12:08:22.740 1176 1176 I QosMonitor: postEventFromNative: msg=100,arg1=0,arg2=10
04-24 12:08:22.741 1176 3109 D HwWifiConnectivityMonitor: ENTER: notifyTopUidTcpInfo, rtt = 584, rttPkts = 31, aveRtt = 18.838709, app = com.jiansheng.blmn.demo
04-24 12:08:22.741 1176 1176 D HuaweiWifiWatchdogStateMachine: a4:fa:**:**:eb:b0 current RTT[-45]=180, volume=35
04-24 12:08:22.741 1176 1176 D HuaweiWifiWatchdogStateMachine: a4:fa:**:**:eb:b0 history RTT[-45]=511, volume=60803
04-24 12:08:22.741 1176 1176 D HuaweiWifiWatchdogStateMachine: setSampleRtt: rtt=180,rtt_pkts =35,rtt_when=5
04-24 12:08:22.741 1176 1176 I MQoS : rtt=210,tcp_tx_pkts=480816,tcp_rx_pkts=921329
04-24 12:08:22.741 1176 1406 D HuaweiWifiWatchdogStateMachine: dumpTcpResult: len=10,rtt=210,rttPkt=44,rttWn=5,cgt=0,cgtWn=0
04-24 12:08:22.741 1176 1176 I QosMonitor: resetRtt: rtt_type = 3
04-24 12:08:22.741 1176 1406 I HuaweiWifiWatchdogStateMachine: PTcp RTT:210, rtt pkt=44, tcp_rx=63, tcp_tx=62, tcp_reTran=0, rtRate=0
04-24 12:08:22.741 1176 1176 I HwQoEJNI: send_cmd_kernel. begin
04-24 12:08:22.741 1176 1406 D HuaweiWifiWatchdogStateMachine: isRttGood is good, AvgRtt = 210, TotPkt = 44
04-24 12:08:22.741 1176 1176 I HwQoEJNI: send_cmd_kernel. end
04-24 12:08:22.741 1176 1406 D HuaweiWifiWatchdogStateMachine: mRssiBadCount =0, RSSI not bad.
04-24 12:08:22.741 1176 1406 D HuaweiWifiWatchdogStateMachine: detectNetworkAvailable:hw.wifipro.dns_fail_count = 131
04-24 12:08:22.741 1176 1406 D HuaweiWifiWatchdogStateMachine: detectNetworkAvailable: tcpRxPkts != 0, reset
04-24 12:08:22.742 1176 1406 I HuaweiWifiWatchdogStateMachine: rs ota tcp lr rttvb bad: false, false, false, false, false; rsth:-75
04-24 12:08:22.742 1176 1406 D HuaweiWifiWatchdogStateMachine: GSC:0, GSR:1.0, RSR:1.0, RTH:-75
04-24 12:08:22.742 1176 1406 D HuaweiWifiWatchdogStateMachine: goodperiod count=1, rb rttg sg =false, true, false
04-24 12:08:22.742 1176 1406 D HuaweiWifiWatchdogStateMachine: bqeLevel = 3 rtt=210,rtt_pkts=44 speed=8456 rssi=-27
04-24 12:08:22.742 1176 1406 D HuaweiWifiWatchdogStateMachine: Enter updateQoeLevel level = 3
04-24 12:08:22.742 1176 1406 D HuaweiWifiWatchdogStateMachine: Leave updateQoeLevel level = 3
04-24 12:08:22.742 1176 1406 I HuaweiWifiWatchdogStateMachine: pkt chk not bad, reset sc to 0.
04-24 12:08:22.742 1176 1406 D HuaweiWifiWatchdogStateMachine: ### mPktChkBadCnt=0
04-24 12:08:22.742 1176 3109 D HwUidTcpMonitor: parseWlanUidTcpStatistics lastUidTcpStatInfo = [ mUid = 10848 mPacketName = com.jiansheng.blmn.demo mSendSegs = 2453 mResendSegs = 0 mRcvSegs = 2862 ]
04-24 12:08:22.742 1176 1400 D HwWifiConnectivityMonitor: handleTopUidInternetStatusChanged, uid = 10848, status = 0
04-24 12:08:22.743 1176 1176 D WiFi_PRO_WifiProStateMachine: onWifiBqeDetectionResult = 3
04-24 12:08:22.743 1176 1401 D WiFi_PRO_WifiProStateMachine: "uwa4d/5G" TCPRTT level = 3
04-24 12:08:22.749 1176 1401 D WiFi_PRO_EvaluateController: "uwa4d/5G",crurrent Signal = 4, last Signal = 4, isSemiAuto, last evaluate is Valid
04-24 12:08:22.749 1176 1401 D WiFi_PRO_WifiProStateMachine: updateWifiQosLevel, mCurrentSsid: "uwa4d/5G" ,isWiFiNoInternet: false, qosLevel: 3
04-24 12:08:22.749 1176 1401 D WiFi_PRO_EvaluateController: internetAccessType not change, can not update
04-24 12:08:22.749 1176 1401 D WiFi_PRO_EvaluateController: updateEvaluate Level succeed!.new Level = 3
04-24 12:08:22.751 1176 3515 I MQoS : QOS_level:0(0),wifi-link;SIM error;use level-0
04-24 12:08:22.764 1176 1337 D WifiConfigStore: Writing to stores completed in 10 ms.
04-24 12:08:22.966 1176 1392 D HwArpVerifier: check_wifi_state_mode = 0 mCheckStateToken=25 token25
04-24 12:08:22.967 1176 1392 D wifiserviceimpl: netmask =16777215
04-24 12:08:23.012 1176 1392 D HWMultiGW: setGateWay 192.168.1.1
04-24 12:08:23.016 768 859 I iMonitor: create: 902010003
04-24 12:08:23.019 768 859 I iMonitor: send: 902010003
04-24 12:08:23.233 1176 1629 V BroadcastQueue: Finished with ordered broadcast BroadcastRecord{65d0c5c u0 com.tencent.mm.plugin.report.service.KVCommCrossProcessReceiver}
04-24 12:08:23.264 1176 1176 I TrafficMonitor: update:rxPkts:16,txPkts:2,rxBytes:1671,txBytes:372
04-24 12:08:23.264 1176 1176 I TrafficMonitor: start expired. level:-1
04-24 12:08:23.264 1176 1176 I TrafficMonitor: gettimer:interval=2000
04-24 12:08:23.497 679 679 E WifiHAL : enter wifi_get_link_stats
04-24 12:08:23.499 742 742 E wificond: Failed to get NL80211_RATE_INFO_NOISE
04-24 12:08:23.499 742 742 E wificond: Failed to get NL80211_RATE_INFO_SNR
04-24 12:08:23.499 742 742 E wificond: Failed to get NL80211_STA_INFO_CNAHLOAD
04-24 12:08:23.499 1176 1337 E WificondControl: Noise: 0, Snr: -1, Chload: -1
04-24 12:08:23.500 1176 1339 D HwWifiCHRStateManager: handleMessage : 1001
04-24 12:08:23.500 1176 1339 D HwWifiCHRStateManager: handleUpdateChannel:2412
04-24 12:08:23.500 1176 1339 V HwWifiServiceFactory: get AllImpl object = com.android.server.wifi.HwWifiServiceFactoryImpl@2205edc
04-24 12:08:23.501 1176 1337 D HwCustWifiStateMachineReferenceImpl: checkRssiOverThreshold newRssi = -27
04-24 12:08:23.501 1176 1337 D WifiScoreReport: Score = 100, wifiConnectivityManagerEnabled = false, lowScoreCount = 0
04-24 12:08:23.625 1176 1338 D HwWifiStatStore: handleMessage : 200
04-24 12:08:24.014 1176 1392 D HwArpVerifier: getGateWayARPResponses: arp rtt = 6
04-24 12:08:24.015 1176 1392 E HwCHRWifiRSSIGroupSummery: updatArpSummery mRSSI:-27 HwCHRWifiRSSIGroup [rssi_index=4, rtt_tcp_packets=0, rtt_tcp_duration=0, rtt_lan_duration=6652, rtt_lan_failures=0, rtt_lan_succ=308, rtt_lan_max=939, rtt_lan_min=3,same_area_frequency=0,adjacent_area_frequency=0]
04-24 12:08:24.016 768 859 I iMonitor: create: 902010003
04-24 12:08:24.018 768 859 I iMonitor: send: 902010003
04-24 12:08:24.077 1176 1392 D HwArpVerifier: There are 1 mac address for gateway
04-24 12:08:24.077 1176 1392 D HwArpVerifier: from HEART_CHECK transmit to state:HEART_CHECK
04-24 12:08:24.077 1176 1392 D HwArpVerifier: msg what=124 arg1(token)=25 arg2(mode)=0 delay=30000
04-24 12:08:24.077 1176 1392 D HwArpVerifier: performPollAndLog:
04-24 12:08:24.081 1176 1392 D hw_netstat: total/136/744,com.jiansheng.blmn.demo/0/744,unknown:0/136/0
04-24 12:08:24.325 1176 1318 D : motion-hal MotionHubChanel::readHwStepCounter record_count : 2001
04-24 12:08:24.325 677 677 D SensorHub: huawei Hal strandard_stepcounter is 350
04-24 12:08:24.325 1176 1318 D : HWExtMotionService valueSize:19
04-24 12:08:24.326 1176 1318 D : HWExtDeviceService getActiveConnections
04-24 12:08:24.326 1176 1318 D : HWExtDeviceService connSize:1
04-24 12:08:24.327 1708 1708 D HwStepCounter: onDeviceDataChanged
04-24 12:08:24.328 1708 1708 W HwStepCounter: version : 1
04-24 12:08:24.328 3756 3806 I Step_LSC: 80001355|onStandStepChanged 350
04-24 12:08:24.328 1708 1708 I HwStepCounter: dealReportData tm: 2020-04-24 12:08:25 steps_value[0] : 0 state_value[0]:5 level_value[0]:0
04-24 12:08:24.329 1708 1708 I HwStepCounter: isBeginOfToday: 24 -> 24
04-24 12:08:24.329 1708 1708 I HwStepCounter: isBeginOfToday: false
04-24 12:08:24.329 1708 1708 I HwStepCounter: dealReportData: diff = 0
04-24 12:08:24.338 1708 2100 D HwStepCounter: ReportProxy client : 1
04-24 12:08:24.338 1708 2099 I StepCounterRemoteStub: Report client count 1
04-24 12:08:24.339 3756 3777 I Step_LSC: 80001355|onExtend:1587701305000 0 0 5
04-24 12:08:24.375 777 777 E : [E/capacity_limit_control] not demo version, not set power control prop!
04-24 12:08:24.628 3756 3806 I Step_SPUtils: 80001355| getTodayTotalDetailSteps = 1587657600000##0##0##0##0##350887791
04-24 12:08:24.846 1176 1204 D SmartcareProc: onSignalStrengthsChanged: signalStrength is: SignalStrength: 99 -1 0 0 -65 -60 32767 -1 32767 99 0 0 0 2147483647 0 -1 true cdma , on sub: 1
04-24 12:08:24.846 1176 1204 D SmartcareProc: SignalStrength update result, ss: SignalStrengthInfo:68043809 mGsmSignalStrength: -1 mWcdmaRscp: -1 mWcdmaEcio: -1 mLteRsrp: -1 mLteRsrq: -1 mCdmaDbm: -65 mCdmaEcio: -60 mEvdoDbm: 32767mEvdoEcio: -1mLteRssnr: -1
04-24 12:08:24.847 1176 1176 I MQoS : onSignal: mSubId=1,currDataSubID=1
04-24 12:08:24.847 1176 1176 I MQoS : received cell-signal:5
04-24 12:08:24.869 768 859 I iMonitor: create: 902010003
04-24 12:08:24.872 768 859 I iMonitor: send: 902010003
04-24 12:08:25.266 1176 1176 I TrafficMonitor: update:rxPkts:28,txPkts:1,rxBytes:2811,txBytes:186
04-24 12:08:25.266 1176 1176 I TrafficMonitor: start expired. level:-1
04-24 12:08:25.266 1176 1176 I TrafficMonitor: gettimer:interval=2000
04-24 12:08:25.435 768 859 I iMonitor: create: 902010003
04-24 12:08:25.437 768 859 I iMonitor: send: 902010003
04-24 12:08:25.936 768 859 I iMonitor: create: 902010003
04-24 12:08:25.939 768 859 I iMonitor: send: 902010003
04-24 12:08:26.264 1176 1176 I TrafficMonitor: expired arrive. level:-1
04-24 12:08:26.264 1176 1176 I TrafficMonitor: during_ms:2002,period_ms:2000
04-24 12:08:26.264 1176 1176 I TrafficMonitor: count:916,rx_sum:28,tx_sum:1,rxBytes:2811,during_ms:2002,rx_speed:1404.0959040959042,tx_speed:92.90709290709292,rto:28.0
04-24 12:08:26.264 1176 1176 D HuaweiWifiWatchdogStateMachine: speed: rxpkt:28, rxSpd:1404B/s, txpkt:1, txSpd:92
04-24 12:08:26.495 768 859 I iMonitor: create: 902010003
04-24 12:08:26.498 768 859 I iMonitor: send: 902010003
04-24 12:08:26.502 679 679 E WifiHAL : enter wifi_get_link_stats
04-24 12:08:26.506 742 742 E wificond: Failed to get NL80211_RATE_INFO_NOISE
04-24 12:08:26.506 742 742 E wificond: Failed to get NL80211_RATE_INFO_SNR
04-24 12:08:26.506 742 742 E wificond: Failed to get NL80211_STA_INFO_CNAHLOAD
04-24 12:08:26.507 1176 1337 E WificondControl: Noise: 0, Snr: -1, Chload: -1
04-24 12:08:26.507 1176 1339 D HwWifiCHRStateManager: handleMessage : 1001
04-24 12:08:26.507 1176 1339 D HwWifiCHRStateManager: handleUpdateChannel:2412
04-24 12:08:26.507 1176 1339 V HwWifiServiceFactory: get AllImpl object = com.android.server.wifi.HwWifiServiceFactoryImpl@2205edc
04-24 12:08:26.508 1176 1337 D HwCustWifiStateMachineReferenceImpl: checkRssiOverThreshold newRssi = -27
04-24 12:08:26.509 1176 1337 D WifiScoreReport: Score = 100, wifiConnectivityManagerEnabled = false, lowScoreCount = 0
04-24 12:08:26.628 1176 1338 D HwWifiStatStore: handleMessage : 200
04-24 12:08:27.268 1176 1176 I TrafficMonitor: update:rxPkts:19,txPkts:2,rxBytes:1869,txBytes:372
04-24 12:08:27.268 1176 1176 I TrafficMonitor: start expired. level:-1
04-24 12:08:27.268 1176 1176 I TrafficMonitor: gettimer:interval=2000
04-24 12:08:27.377 768 859 I iMonitor: create: 902010003
04-24 12:08:27.379 768 859 I iMonitor: send: 902010003
04-24 12:08:29.087 1176 1392 D HwArpVerifier: performPollAndLog:
04-24 12:08:29.090 1176 1392 D hw_netstat: total/0/558,com.jiansheng.blmn.demo/0/558
04-24 12:08:29.270 1176 1176 I TrafficMonitor: update:rxPkts:18,txPkts:1,rxBytes:1510,txBytes:186
04-24 12:08:29.270 1176 1176 I TrafficMonitor: start expired. level:-1
04-24 12:08:29.271 1176 1176 I TrafficMonitor: gettimer:interval=2000
04-24 12:08:29.383 777 777 E : [E/capacity_limit_control] not demo version, not set power control prop!
04-24 12:08:29.513 679 679 E WifiHAL : enter wifi_get_link_stats
04-24 12:08:29.517 742 742 E wificond: Failed to get NL80211_RATE_INFO_NOISE
04-24 12:08:29.518 742 742 E wificond: Failed to get NL80211_RATE_INFO_SNR
04-24 12:08:29.518 742 742 E wificond: Failed to get NL80211_STA_INFO_CNAHLOAD
04-24 12:08:29.518 1176 1337 E WificondControl: Noise: 0, Snr: -1, Chload: -1
04-24 12:08:29.518 1176 1339 D HwWifiCHRStateManager: handleMessage : 1001
04-24 12:08:29.519 1176 1339 D HwWifiCHRStateManager: handleUpdateChannel:2412
04-24 12:08:29.519 1176 1339 V HwWifiServiceFactory: get AllImpl object = com.android.server.wifi.HwWifiServiceFactoryImpl@2205edc
04-24 12:08:29.519 1176 1337 D HwCustWifiStateMachineReferenceImpl: checkRssiOverThreshold newRssi = -27
04-24 12:08:29.520 1176 1337 D WifiScoreReport: Score = 100, wifiConnectivityManagerEnabled = false, lowScoreCount = 0
04-24 12:08:29.634 1176 1338 D HwWifiStatStore: handleMessage : 200
04-24 12:08:30.644 7754 7759 I zygote : Do partial code cache collection, code=62KB, data=49KB
04-24 12:08:30.645 7754 7759 I zygote : After code cache collection, code=62KB, data=49KB
04-24 12:08:30.645 7754 7759 I zygote : Increasing code cache capacity to 256KB
04-24 12:08:30.742 742 742 E wificond: Failed to get NL80211_RATE_INFO_NOISE
04-24 12:08:30.742 742 742 E wificond: Failed to get NL80211_RATE_INFO_SNR
04-24 12:08:30.742 742 742 E wificond: Failed to get NL80211_STA_INFO_CNAHLOAD
04-24 12:08:30.743 1176 1337 E WificondControl: Noise: 0, Snr: -1, Chload: -1
04-24 12:08:30.744 1176 1339 D HwWifiCHRStateManager: handleMessage : 1001
04-24 12:08:30.744 1176 1339 D HwWifiCHRStateManager: handleUpdateChannel:2412
04-24 12:08:30.744 1176 1339 V HwWifiServiceFactory: get AllImpl object = com.android.server.wifi.HwWifiServiceFactoryImpl@2205edc
04-24 12:08:30.746 742 742 E wificond: Failed to get NL80211_RATE_INFO_NOISE
04-24 12:08:30.746 742 742 E wificond: Failed to get NL80211_RATE_INFO_SNR
04-24 12:08:30.746 742 742 E wificond: Failed to get NL80211_STA_INFO_CNAHLOAD
04-24 12:08:30.747 1176 1406 D HuaweiWifiWatchdogStateMachine: LM mrssi=-28
04-24 12:08:30.747 1176 1406 D HuaweiWifiWatchdogStateMachine: a4:fa:**:**:eb:b0 current loss[-45]=0%, volume=6
04-24 12:08:30.747 1176 1176 D WiFi_PRO: MSG_RETURN_AP_CURRY_RSSI rssi = -28
04-24 12:08:30.748 1176 1176 I QosMonitor: queryRtt: rtt_type = 3
04-24 12:08:30.748 1176 1176 I HwQoEJNI: send_cmd_kernel. begin
04-24 12:08:30.748 1176 1176 I HwQoEJNI: send_cmd_kernel. end
04-24 12:08:30.748 1176 1176 I QosMonitor: postEventFromNative: msg=100,arg1=4,arg2=10
04-24 12:08:30.748 1176 1176 D HuaweiWifiWatchdogStateMachine: setSampleRtt: unvalid rtt
04-24 12:08:30.749 1176 1406 I HuaweiWifiWatchdogStateMachine: spd good count:0, add sc:0.0, rate:1.0
04-24 12:08:30.749 1176 1406 I HuaweiWifiWatchdogStateMachine: current mHighDataFlowRate = 1.0
04-24 12:08:30.750 1176 1406 I HuaweiWifiWatchdogStateMachine: POta txb txg rxg:0, 6, 0. Lr =0% Totpkt=6
04-24 12:08:30.750 1176 1176 I HwQoEJNI: send_cmd_kernel. begin
04-24 12:08:30.750 1176 1176 I HwQoEJNI: send_cmd_kernel. end
04-24 12:08:30.750 1176 1176 I QosMonitor: postEventFromNative: msg=100,arg1=0,arg2=10
04-24 12:08:30.750 1176 1176 I MQoS : rtt=210,tcp_tx_pkts=480816,tcp_rx_pkts=921329
04-24 12:08:30.752 1176 1406 D HuaweiWifiWatchdogStateMachine: dumpTcpResult: len=10,rtt=210,rttPkt=44,rttWn=13,cgt=0,cgtWn=0
04-24 12:08:30.752 1176 1406 I HuaweiWifiWatchdogStateMachine: PTcp RTT:0, rtt pkt=0, tcp_rx=0, tcp_tx=0, tcp_reTran=0, rtRate=0
04-24 12:08:30.752 1176 1406 D HuaweiWifiWatchdogStateMachine: mRssiBadCount =0, RSSI not bad.
04-24 12:08:30.753 1176 1406 D HuaweiWifiWatchdogStateMachine: detectNetworkAvailable:hw.wifipro.dns_fail_count = 131
04-24 12:08:30.753 1176 1406 D HuaweiWifiWatchdogStateMachine: bqeLevel = 2 rtt=0,rtt_pkts=0 speed=1404 rssi=-28
04-24 12:08:30.753 1176 1406 D HuaweiWifiWatchdogStateMachine: Enter updateQoeLevel level = 2
04-24 12:08:30.753 1176 1406 D HuaweiWifiWatchdogStateMachine: Leave updateQoeLevel level = 2
04-24 12:08:30.753 1176 1406 D HuaweiWifiWatchdogStateMachine: did not have any network action
04-24 12:08:30.755 1176 1176 D WiFi_PRO_WifiProStateMachine: onWifiBqeDetectionResult = 2
04-24 12:08:30.755 1176 1401 D WiFi_PRO_WifiProStateMachine: "uwa4d/5G" TCPRTT level = 2
04-24 12:08:30.756 1176 3515 I MQoS : QOS_level:0(0),wifi-link;SIM error;use level-0
04-24 12:08:30.759 1176 1401 D WiFi_PRO_EvaluateController: "uwa4d/5G",crurrent Signal = 4, last Signal = 4, isSemiAuto, last evaluate is Valid
04-24 12:08:30.759 1176 1401 D WiFi_PRO_WifiProStateMachine: updateWifiQosLevel, mCurrentSsid: "uwa4d/5G" ,isWiFiNoInternet: false, qosLevel: 2
04-24 12:08:30.759 1176 1401 D WiFi_PRO_EvaluateController: internetAccessType not change, can not update
04-24 12:08:30.759 1176 1401 D WiFi_PRO_EvaluateController: updateEvaluate Level succeed!.new Level = 2
04-24 12:08:30.774 1176 1337 D WifiConfigStore: Writing to stores completed in 9 ms.
04-24 12:08:30.848 1176 1204 D SmartcareProc: onSignalStrengthsChanged: signalStrength is: SignalStrength: 99 -1 0 0 -66 -60 32767 -1 32767 99 0 0 0 2147483647 0 -1 true cdma , on sub: 1
04-24 12:08:30.848 1176 1204 D SmartcareProc: SignalStrength update result, ss: SignalStrengthInfo:68043809 mGsmSignalStrength: -1 mWcdmaRscp: -1 mWcdmaEcio: -1 mLteRsrp: -1 mLteRsrq: -1 mCdmaDbm: -66 mCdmaEcio: -60 mEvdoDbm: 32767mEvdoEcio: -1mLteRssnr: -1
04-24 12:08:30.849 1176 1176 I MQoS : onSignal: mSubId=1,currDataSubID=1
04-24 12:08:30.849 1176 1176 I MQoS : received cell-signal:5
04-24 12:08:31.272 1176 1176 I TrafficMonitor: update:rxPkts:11,txPkts:0,rxBytes:925,txBytes:0
04-24 12:08:31.272 1176 1176 I TrafficMonitor: start expired. level:-1
04-24 12:08:31.272 1176 1176 I TrafficMonitor: gettimer:interval=2000
04-24 12:08:31.896 741 741 E Thermal-daemon: [charger_ic] temp_new :38 temp_old :35
04-24 12:08:31.897 1729 18882 I ThermalService: Receive temperature change, type: 2, temp: 38 from thermald
04-24 12:08:31.897 1729 2560 D HwThermalStateManager: Thermal type: 2 cur_temperature:38
04-24 12:08:31.897 1729 2560 W HwThermalStateManager: warning: no config thermal type:2 temperature:38
04-24 12:08:31.897 741 741 E Thermal-daemon: Report temperature: [charger_ic] temp :38 report_threshold:1
04-24 12:08:31.898 741 741 E Thermal-daemon: [ap] temp_new :38 temp_old :37
04-24 12:08:31.899 1729 18882 I ThermalService: Receive temperature change, type: 0, temp: 38 from thermald
04-24 12:08:31.899 1729 2560 D HwThermalStateManager: Thermal type: 0 cur_temperature:38
04-24 12:08:31.899 741 741 E Thermal-daemon: Report temperature: [ap] temp :38 report_threshold:1
04-24 12:08:32.269 1176 1176 I TrafficMonitor: expired arrive. level:-1
04-24 12:08:32.269 1176 1176 I TrafficMonitor: during_ms:2002,period_ms:2000
04-24 12:08:32.269 1176 1176 I TrafficMonitor: count:919,rx_sum:11,tx_sum:0,rxBytes:925,during_ms:2002,rx_speed:462.0379620379621,tx_speed:0.0,rto:0.0
04-24 12:08:32.269 1176 1176 D HuaweiWifiWatchdogStateMachine: speed: rxpkt:11, rxSpd:462B/s, txpkt:0, txSpd:0
04-24 12:08:32.521 679 679 E WifiHAL : enter wifi_get_link_stats
04-24 12:08:32.526 742 742 E wificond: Failed to get NL80211_RATE_INFO_NOISE
04-24 12:08:32.527 742 742 E wificond: Failed to get NL80211_RATE_INFO_SNR
04-24 12:08:32.527 742 742 E wificond: Failed to get NL80211_STA_INFO_CNAHLOAD
04-24 12:08:32.527 1176 1337 E WificondControl: Noise: 0, Snr: -1, Chload: -1
04-24 12:08:32.527 1176 1339 D HwWifiCHRStateManager: handleMessage : 1001
04-24 12:08:32.527 1176 1339 D HwWifiCHRStateManager: handleUpdateChannel:2412
04-24 12:08:32.527 1176 1339 V HwWifiServiceFactory: get AllImpl object = com.android.server.wifi.HwWifiServiceFactoryImpl@2205edc
04-24 12:08:32.528 1176 1337 D HwCustWifiStateMachineReferenceImpl: checkRssiOverThreshold newRssi = -29
04-24 12:08:32.529 1176 1337 D WifiScoreReport: Score = 100, wifiConnectivityManagerEnabled = false, lowScoreCount = 0
04-24 12:08:32.639 1176 1338 D HwWifiStatStore: handleMessage : 200
04-24 12:08:33.275 1176 1176 I TrafficMonitor: update:rxPkts:25,txPkts:0,rxBytes:2346,txBytes:0
04-24 12:08:33.275 1176 1176 I TrafficMonitor: start expired. level:-1
04-24 12:08:33.275 1176 1176 I TrafficMonitor: gettimer:interval=2000
04-24 12:08:34.095 1176 1392 D HwArpVerifier: performPollAndLog:
04-24 12:08:34.098 1176 1392 D hw_netstat: total/0/0
04-24 12:08:34.388 777 777 E : [E/capacity_limit_control] not demo version, not set power control prop!
04-24 12:08:35.277 1176 1176 I TrafficMonitor: update:rxPkts:23,txPkts:0,rxBytes:1532,txBytes:0
04-24 12:08:35.277 1176 1176 I TrafficMonitor: start expired. level:-1
04-24 12:08:35.277 1176 1176 I TrafficMonitor: gettimer:interval=2000
04-24 12:08:35.531 679 679 E WifiHAL : enter wifi_get_link_stats
04-24 12:08:35.537 742 742 E wificond: Failed to get NL80211_RATE_INFO_NOISE
04-24 12:08:35.537 742 742 E wificond: Failed to get NL80211_RATE_INFO_SNR
04-24 12:08:35.537 742 742 E wificond: Failed to get NL80211_STA_INFO_CNAHLOAD
04-24 12:08:35.537 1176 1337 E WificondControl: Noise: 0, Snr: -1, Chload: -1
04-24 12:08:35.538 1176 1339 D HwWifiCHRStateManager: handleMessage : 1001
04-24 12:08:35.538 1176 1339 D HwWifiCHRStateManager: handleUpdateChannel:2412
04-24 12:08:35.538 1176 1339 V HwWifiServiceFactory: get AllImpl object = com.android.server.wifi.HwWifiServiceFactoryImpl@2205edc
04-24 12:08:35.539 1176 1337 D HwCustWifiStateMachineReferenceImpl: checkRssiOverThreshold newRssi = -31
04-24 12:08:35.539 1176 1337 D WifiScoreReport: Score = 100, wifiConnectivityManagerEnabled = false, lowScoreCount = 0
04-24 12:08:35.644 1176 1338 D HwWifiStatStore: handleMessage : 200
04-24 12:08:36.103 656 6282 D asd : [asd_proc_hal_data],hal data soundness: L[0],R[0]
04-24 12:08:36.852 1176 1204 D SmartcareProc: onSignalStrengthsChanged: signalStrength is: SignalStrength: 99 -1 0 0 -68 -60 32767 -1 32767 99 0 0 0 2147483647 0 -1 true cdma , on sub: 1
04-24 12:08:36.852 1176 1204 D SmartcareProc: SignalStrength update result, ss: SignalStrengthInfo:68043809 mGsmSignalStrength: -1 mWcdmaRscp: -1 mWcdmaEcio: -1 mLteRsrp: -1 mLteRsrq: -1 mCdmaDbm: -68 mCdmaEcio: -60 mEvdoDbm: 32767mEvdoEcio: -1mLteRssnr: -1
04-24 12:08:36.853 1176 1176 I MQoS : onSignal: mSubId=1,currDataSubID=1
04-24 12:08:36.853 1176 1176 I MQoS : received cell-signal:5
04-24 12:08:36.901 741 741 E Thermal-daemon: [charger_ic] temp_new :36 temp_old :38
04-24 12:08:36.902 1729 18882 I ThermalService: Receive temperature change, type: 2, temp: 36 from thermald
04-24 12:08:36.903 741 741 E Thermal-daemon: Report temperature: [charger_ic] temp :36 report_threshold:1
04-24 12:08:36.903 1729 2560 W HwThermalStateManager: warning: no config thermal type:2 temperature:36
04-24 12:08:37.279 1176 1176 I TrafficMonitor: update:rxPkts:7,txPkts:0,rxBytes:796,txBytes:0
04-24 12:08:37.279 1176 1176 I TrafficMonitor: start expired. level:-1
04-24 12:08:37.279 1176 1176 I TrafficMonitor: gettimer:interval=2000
04-24 12:08:38.275 1176 1176 I TrafficMonitor: expired arrive. level:-1
04-24 12:08:38.276 1176 1176 I TrafficMonitor: during_ms:2002,period_ms:2000
04-24 12:08:38.276 1176 1176 I TrafficMonitor: count:922,rx_sum:7,tx_sum:0,rxBytes:796,during_ms:2002,rx_speed:397.6023976023977,tx_speed:0.0,rto:0.0
04-24 12:08:38.276 1176 1176 D HuaweiWifiWatchdogStateMachine: speed: rxpkt:7, rxSpd:397B/s, txpkt:0, txSpd:0
04-24 12:08:38.543 679 679 E WifiHAL : enter wifi_get_link_stats
04-24 12:08:38.547 742 742 E wificond: Failed to get NL80211_RATE_INFO_NOISE
04-24 12:08:38.547 742 742 E wificond: Failed to get NL80211_RATE_INFO_SNR
04-24 12:08:38.548 742 742 E wificond: Failed to get NL80211_STA_INFO_CNAHLOAD
04-24 12:08:38.548 1176 1337 E WificondControl: Noise: 0, Snr: -1, Chload: -1
04-24 12:08:38.548 1176 1339 D HwWifiCHRStateManager: handleMessage : 1001
04-24 12:08:38.548 1176 1339 D HwWifiCHRStateManager: handleUpdateChannel:2412
04-24 12:08:38.548 1176 1339 V HwWifiServiceFactory: get AllImpl object = com.android.server.wifi.HwWifiServiceFactoryImpl@2205edc
04-24 12:08:38.549 1176 1337 D HwCustWifiStateMachineReferenceImpl: checkRssiOverThreshold newRssi = -31
04-24 12:08:38.550 1176 1337 D WifiScoreReport: Score = 100, wifiConnectivityManagerEnabled = false, lowScoreCount = 0
04-24 12:08:38.649 1176 1338 D HwWifiStatStore: handleMessage : 200
04-24 12:08:38.748 742 742 E wificond: Failed to get NL80211_RATE_INFO_NOISE
04-24 12:08:38.749 742 742 E wificond: Failed to get NL80211_RATE_INFO_SNR
04-24 12:08:38.749 742 742 E wificond: Failed to get NL80211_STA_INFO_CNAHLOAD
04-24 12:08:38.749 1176 1337 E WificondControl: Noise: 0, Snr: -1, Chload: -1
04-24 12:08:38.749 1176 1339 D HwWifiCHRStateManager: handleMessage : 1001
04-24 12:08:38.749 1176 1339 D HwWifiCHRStateManager: handleUpdateChannel:2412
04-24 12:08:38.749 1176 1339 V HwWifiServiceFactory: get AllImpl object = com.android.server.wifi.HwWifiServiceFactoryImpl@2205edc
04-24 12:08:38.751 742 742 E wificond: Failed to get NL80211_RATE_INFO_NOISE
04-24 12:08:38.751 742 742 E wificond: Failed to get NL80211_RATE_INFO_SNR
04-24 12:08:38.751 742 742 E wificond: Failed to get NL80211_STA_INFO_CNAHLOAD
04-24 12:08:38.752 1176 1406 D HuaweiWifiWatchdogStateMachine: LM mrssi=-31
04-24 12:08:38.752 1176 1406 I HuaweiWifiWatchdogStateMachine: spd good count:0, add sc:0.0, rate:1.0
04-24 12:08:38.753 1176 1406 D HuaweiWifiWatchdogStateMachine: high data flow: protection_counter = 0, not_detect_counter = 299
04-24 12:08:38.753 1176 1406 D HuaweiWifiWatchdogStateMachine: high data flow scenario: 0 --> 0 rx bytes =65KB
04-24 12:08:38.753 1176 1406 I HuaweiWifiWatchdogStateMachine: current mHighDataFlowRate = 1.0
04-24 12:08:38.753 1176 1406 I HuaweiWifiWatchdogStateMachine: POta txb txg rxg:0, 6, 0. Lr =0% Totpkt=6
04-24 12:08:38.754 1176 1176 D WiFi_PRO: MSG_RETURN_AP_CURRY_RSSI rssi = -31
04-24 12:08:38.754 1176 1176 I QosMonitor: queryRtt: rtt_type = 3
04-24 12:08:38.756 1176 1176 I HwQoEJNI: send_cmd_kernel. begin
04-24 12:08:38.756 1176 1176 I HwQoEJNI: send_cmd_kernel. end
04-24 12:08:38.756 1176 1176 I QosMonitor: postEventFromNative: msg=100,arg1=4,arg2=10
04-24 12:08:38.756 1176 1176 I HwQoEJNI: send_cmd_kernel. begin
04-24 12:08:38.756 1176 1176 I HwQoEJNI: send_cmd_kernel. end
04-24 12:08:38.757 1176 1176 I QosMonitor: postEventFromNative: msg=100,arg1=0,arg2=10
04-24 12:08:38.757 1176 1176 D HuaweiWifiWatchdogStateMachine: setSampleRtt: unvalid rtt
04-24 12:08:38.757 1176 1176 I MQoS : rtt=210,tcp_tx_pkts=480816,tcp_rx_pkts=921329
04-24 12:08:38.758 1176 1406 D HuaweiWifiWatchdogStateMachine: dumpTcpResult: len=10,rtt=210,rttPkt=44,rttWn=21,cgt=0,cgtWn=0
04-24 12:08:38.758 1176 1406 I HuaweiWifiWatchdogStateMachine: PTcp RTT:0, rtt pkt=0, tcp_rx=0, tcp_tx=0, tcp_reTran=0, rtRate=0
04-24 12:08:38.758 1176 1406 D HuaweiWifiWatchdogStateMachine: mRssiBadCount =0, RSSI not bad.
04-24 12:08:38.758 1176 1406 D HuaweiWifiWatchdogStateMachine: detectNetworkAvailable:hw.wifipro.dns_fail_count = 131
04-24 12:08:38.758 1176 1406 D HuaweiWifiWatchdogStateMachine: bqeLevel = 2 rtt=0,rtt_pkts=0 speed=1404 rssi=-31
04-24 12:08:38.758 1176 1406 D HuaweiWifiWatchdogStateMachine: Enter updateQoeLevel level = 2
04-24 12:08:38.758 1176 1406 D HuaweiWifiWatchdogStateMachine: updateQoeLevel current level equal to mLastDetectLevel, return
04-24 12:08:38.758 1176 1406 D HuaweiWifiWatchdogStateMachine: did not have any network action
04-24 12:08:38.762 1176 3515 I MQoS : QOS_level:0(0),wifi-link;SIM error;use level-0
04-24 12:08:39.103 1176 1392 D HwArpVerifier: performPollAndLog:
04-24 12:08:39.106 1176 1392 D hw_netstat: total/0/0
04-24 12:08:39.281 1176 1176 I TrafficMonitor: update:rxPkts:23,txPkts:0,rxBytes:1820,txBytes:0
04-24 12:08:39.281 1176 1176 I TrafficMonitor: start expired. level:-1
04-24 12:08:39.281 1176 1176 I TrafficMonitor: gettimer:interval=2000
04-24 12:08:39.396 777 777 E : [E/capacity_limit_control] not demo version, not set power control prop!
04-24 12:08:40.054 677 677 D SensorHub: batch called handle:0 sample_ns:20000000 latency_ns:0
04-24 12:08:40.054 677 677 D SensorHub: in batch, handle = 0, flags = 0, period_ns = 20000000, timeout = 0
04-24 12:08:40.056 1729 1883 I SensorState: sensor:0 name:accelerometer enable:false uid:10848
04-24 12:08:40.056 1729 1883 I SensorState: removeSensor,mHandles:{0=1}
04-24 12:08:40.056 1729 1883 I PGServer: report state:4 event type:2 pid:0 uid:10848 pkg:null to pid: 1176
04-24 12:08:40.324 7754 7775 I Unity : [2020-04-24 12:08:40.322] [Error] 找不到该[必杀]类型的相关配置文件 id:203403
04-24 12:08:40.324 7754 7775 I Unity : UnityEngine.DebugLogHandler:LogFormat(LogType, Object, String, Object[])
04-24 12:08:40.324 7754 7775 I Unity : UnityEngine.Logger:Log(Object)
04-24 12:08:40.324 7754 7775 I Unity : Logger:Log(LogType, String)
04-24 12:08:40.324 7754 7775 I Unity : XLua.CSObjectWrap.LoggerWrap:_m_LogError_xlua_st_(IntPtr)
04-24 12:08:40.324 7754 7775 I Unity :
04-24 12:08:40.324 7754 7775 I Unity : (Filename: /Users/builduser/buildslave/unity/build/artifacts/generated/Android/runtime/DebugBindings.gen.cpp Line: 51)
04-24 12:08:40.324 7754 7775 I Unity :
04-24 12:08:40.325 7754 7775 I Unity : [2020-04-24 12:08:40.324] [Error] 找不到该[必杀]类型的相关配置文件 id:103403
04-24 12:08:40.325 7754 7775 I Unity : UnityEngine.DebugLogHandler:LogFormat(LogType, Object, String, Object[])
04-24 12:08:40.325 7754 7775 I Unity : UnityEngine.Logger:Log(Object)
04-24 12:08:40.325 7754 7775 I Unity : Logger:Log(LogType, String)
04-24 12:08:40.325 7754 7775 I Unity : XLua.CSObjectWrap.LoggerWrap:_m_LogError_xlua_st_(IntPtr)
04-24 12:08:40.325 7754 7775 I Unity :
04-24 12:08:40.325 7754 7775 I Unity : (Filename: /Users/builduser/buildslave/unity/build/artifacts/generated/Android/runtime/DebugBindings.gen.cpp Line: 51)
04-24 12:08:40.325 7754 7775 I Unity :
04-24 12:08:40.326 7754 7775 I Unity : [2020-04-24 12:08:40.325] [Error] 找不到该[必杀]类型的相关配置文件 id:403403
04-24 12:08:40.326 7754 7775 I Unity : UnityEngine.DebugLogHandler:LogFormat(LogType, Object, String, Object[])
04-24 12:08:40.326 7754 7775 I Unity : UnityEngine.Logger:Log(Object)
04-24 12:08:40.326 7754 7775 I Unity : Logger:Log(LogType, String)
04-24 12:08:40.326 7754 7775 I Unity : XLua.CSObjectWrap.LoggerWrap:_m_LogError_xlua_st_(IntPtr)
04-24 12:08:40.326 7754 7775 I Unity :
04-24 12:08:40.326 7754 7775 I Unity : (Filename: /Users/builduser/buildslave/unity/build/artifacts/generated/Android/runtime/DebugBindings.gen.cpp Line: 51)
04-24 12:08:40.326 7754 7775 I Unity :
04-24 12:08:40.327 7754 7775 I Unity : [2020-04-24 12:08:40.326] [Error] 找不到该[必杀]类型的相关配置文件 id:303403
04-24 12:08:40.327 7754 7775 I Unity : UnityEngine.DebugLogHandler:LogFormat(LogType, Object, String, Object[])
04-24 12:08:40.327 7754 7775 I Unity : UnityEngine.Logger:Log(Object)
04-24 12:08:40.327 7754 7775 I Unity : Logger:Log(LogType, String)
04-24 12:08:40.327 7754 7775 I Unity : XLua.CSObjectWrap.LoggerWrap:_m_LogError_xlua_st_(IntPtr)
04-24 12:08:40.327 7754 7775 I Unity :
04-24 12:08:40.327 7754 7775 I Unity : (Filename: /Users/builduser/buildslave/unity/build/artifacts/generated/Android/runtime/DebugBindings.gen.cpp Line: 51)
04-24 12:08:40.327 7754 7775 I Unity :
04-24 12:08:40.362 7754 7775 I Unity : [2020-04-24 12:08:40.360] [Error] 找不到该[蓄力]类型的相关配置文件 id:103402
04-24 12:08:40.362 7754 7775 I Unity : UnityEngine.DebugLogHandler:LogFormat(LogType, Object, String, Object[])
04-24 12:08:40.362 7754 7775 I Unity : UnityEngine.Logger:Log(Object)
04-24 12:08:40.362 7754 7775 I Unity : Logger:Log(LogType, String)
04-24 12:08:40.362 7754 7775 I Unity : XLua.CSObjectWrap.LoggerWrap:_m_LogError_xlua_st_(IntPtr)
04-24 12:08:40.362 7754 7775 I Unity :
04-24 12:08:40.362 7754 7775 I Unity : (Filename: /Users/builduser/buildslave/unity/build/artifacts/generated/Android/runtime/DebugBindings.gen.cpp Line: 51)
04-24 12:08:40.362 7754 7775 I Unity :
04-24 12:08:40.363 7754 7775 I Unity : [2020-04-24 12:08:40.362] [Error] 找不到该[蓄力]类型的相关配置文件 id:403402
04-24 12:08:40.363 7754 7775 I Unity : UnityEngine.DebugLogHandler:LogFormat(LogType, Object, String, Object[])
04-24 12:08:40.363 7754 7775 I Unity : UnityEngine.Logger:Log(Object)
04-24 12:08:40.363 7754 7775 I Unity : Logger:Log(LogType, String)
04-24 12:08:40.363 7754 7775 I Unity : XLua.CSObjectWrap.LoggerWrap:_m_LogError_xlua_st_(IntPtr)
04-24 12:08:40.363 7754 7775 I Unity :
04-24 12:08:40.363 7754 7775 I Unity : (Filename: /Users/builduser/buildslave/unity/build/artifacts/generated/Android/runtime/DebugBindings.gen.cpp Line: 51)
04-24 12:08:40.363 7754 7775 I Unity :
04-24 12:08:40.363 7754 7775 I Unity : [2020-04-24 12:08:40.363] [Error] 找不到该[蓄力]类型的相关配置文件 id:303402
04-24 12:08:40.363 7754 7775 I Unity : UnityEngine.DebugLogHandler:LogFormat(LogType, Object, String, Object[])
04-24 12:08:40.363 7754 7775 I Unity : UnityEngine.Logger:Log(Object)
04-24 12:08:40.363 7754 7775 I Unity : Logger:Log(LogType, String)
04-24 12:08:40.363 7754 7775 I Unity : XLua.CSObjectWrap.LoggerWrap:_m_LogError_xlua_st_(IntPtr)
04-24 12:08:40.363 7754 7775 I Unity :
04-24 12:08:40.363 7754 7775 I Unity : (Filename: /Users/builduser/buildslave/unity/build/artifacts/generated/Android/runtime/DebugBindings.gen.cpp Line: 51)
04-24 12:08:40.363 7754 7775 I Unity :
04-24 12:08:40.364 7754 7775 I Unity : [2020-04-24 12:08:40.364] [Error] 找不到该[蓄力]类型的相关配置文件 id:203402
04-24 12:08:40.364 7754 7775 I Unity : UnityEngine.DebugLogHandler:LogFormat(LogType, Object, String, Object[])
04-24 12:08:40.364 7754 7775 I Unity : UnityEngine.Logger:Log(Object)
04-24 12:08:40.364 7754 7775 I Unity : Logger:Log(LogType, String)
04-24 12:08:40.364 7754 7775 I Unity : XLua.CSObjectWrap.LoggerWrap:_m_LogError_xlua_st_(IntPtr)
04-24 12:08:40.364 7754 7775 I Unity :
04-24 12:08:40.364 7754 7775 I Unity : (Filename: /Users/builduser/buildslave/unity/build/artifacts/generated/Android/runtime/DebugBindings.gen.cpp Line: 51)
04-24 12:08:40.364 7754 7775 I Unity :
04-24 12:08:40.884 768 859 I iMonitor: create: 902010003
04-24 12:08:40.890 768 859 I iMonitor: send: 902010003
04-24 12:08:41.283 1176 1176 I TrafficMonitor: update:rxPkts:35,txPkts:1,rxBytes:4964,txBytes:186
04-24 12:08:41.283 1176 1176 I TrafficMonitor: start expired. level:-1
04-24 12:08:41.283 1176 1176 I TrafficMonitor: gettimer:interval=2000
04-24 12:08:41.551 679 679 E WifiHAL : enter wifi_get_link_stats
04-24 12:08:41.556 742 742 E wificond: Failed to get NL80211_RATE_INFO_NOISE
04-24 12:08:41.556 742 742 E wificond: Failed to get NL80211_RATE_INFO_SNR
04-24 12:08:41.556 742 742 E wificond: Failed to get NL80211_STA_INFO_CNAHLOAD
04-24 12:08:41.557 1176 1337 E WificondControl: Noise: 0, Snr: -1, Chload: -1
04-24 12:08:41.557 1176 1339 D HwWifiCHRStateManager: handleMessage : 1001
04-24 12:08:41.558 1176 1339 D HwWifiCHRStateManager: handleUpdateChannel:2412
04-24 12:08:41.558 1176 1339 V HwWifiServiceFactory: get AllImpl object = com.android.server.wifi.HwWifiServiceFactoryImpl@2205edc
04-24 12:08:41.559 1176 1337 D HwCustWifiStateMachineReferenceImpl: checkRssiOverThreshold newRssi = -30
04-24 12:08:41.559 1176 1337 D WifiScoreReport: Score = 100, wifiConnectivityManagerEnabled = false, lowScoreCount = 0
04-24 12:08:41.601 768 859 I iMonitor: create: 902010003
04-24 12:08:41.604 768 859 I iMonitor: send: 902010003
04-24 12:08:41.653 1176 1338 D HwWifiStatStore: handleMessage : 200
04-24 12:08:41.790 7754 7775 I Unity : [2020-04-24 12:08:41.789] [Warning] TalkingDataGA OnStart...
04-24 12:08:41.790 7754 7775 I Unity : UnityEngine.DebugLogHandler:LogFormat(LogType, Object, String, Object[])
04-24 12:08:41.790 7754 7775 I Unity : UnityEngine.Logger:Log(Object)
04-24 12:08:41.790 7754 7775 I Unity : Logger:Log(LogType, String)
04-24 12:08:41.790 7754 7775 I Unity : XLua.CSObjectWrap.TalkingDataHelperWrap:_m_OnStart(IntPtr)
04-24 12:08:41.790 7754 7775 I Unity :
04-24 12:08:41.790 7754 7775 I Unity : (Filename: /Users/builduser/buildslave/unity/build/artifacts/generated/Android/runtime/DebugBindings.gen.cpp Line: 51)
04-24 12:08:41.790 7754 7775 I Unity :
04-24 12:08:41.809 7754 7754 W ProcessingThrea: type=1400 audit(0.0:40684): avc: denied { getattr } for path="/proc/fb" dev="proc" ino=4026532046 scontext=u:r:untrusted_app:s0:c512,c768 tcontext=u:object_r:proc:s0 tclass=file permissive=0
04-24 12:08:41.819 7754 7754 W ProcessingThrea: type=1400 audit(0.0:40685): avc: denied { getattr } for path="/proc/mtd" dev="proc" ino=4026532269 scontext=u:r:untrusted_app:s0:c512,c768 tcontext=u:object_r:proc:s0 tclass=file permissive=0
04-24 12:08:41.847 7754 7870 I TDLog : TalkingData Game Analytics init...
04-24 12:08:41.847 7754 7870 I TDLog : SDK_VERSION is: Android+TD+V4.0.15 gp Type:Unity Build_Num:256
04-24 12:08:41.847 7754 7870 I TDLog : App ID is: 0A6D0A7BB9914AF7B75C8FBBC3DCCDA1
04-24 12:08:41.847 7754 7870 I TDLog : App Channel is: default
04-24 12:08:41.847 7754 7870 I TDLog : SDK_OVC is: TDOVC+Android:c228c62ddcaa6fa124c8301373b32ef9+SaaS
04-24 12:08:41.880 677 677 D SensorHub: in flush, handle = 0
04-24 12:08:41.880 677 877 D SensorHub: getSensorType get meta data! handle =0
04-24 12:08:41.881 1729 1883 I SensorState: sensor:0 name:accelerometer enable:true uid:10848
04-24 12:08:41.882 1729 1883 I PGServer: report state:4 event type:1 pid:0 uid:10848 pkg:null to pid: 1176
04-24 12:08:41.882 1729 1883 I SensorState: addSensor,mHandles:{0=2}
04-24 12:08:41.900 7754 7881 V NFC : this device does not have NFC support
04-24 12:08:41.902 7754 7881 V NFC : this device does not have NFC support
04-24 12:08:41.904 741 741 E Thermal-daemon: [charger_ic] temp_new :35 temp_old :36
04-24 12:08:41.905 1729 18882 I ThermalService: Receive temperature change, type: 2, temp: 35 from thermald
04-24 12:08:41.905 1729 2560 W HwThermalStateManager: warning: no config thermal type:2 temperature:35
04-24 12:08:41.906 741 741 E Thermal-daemon: Report temperature: [charger_ic] temp :35 report_threshold:1
04-24 12:08:42.205 7754 7775 D Unity : Shader 'MoleGame/Scene/Building_light': fallback shader 'Mobile-VertexLit' not found
04-24 12:08:42.630 7754 7881 V NFC : this device does not have NFC support
04-24 12:08:42.853 1176 1204 D SmartcareProc: onSignalStrengthsChanged: signalStrength is: SignalStrength: 99 -1 0 0 -69 -60 32767 -1 32767 99 0 0 0 2147483647 0 -1 true cdma , on sub: 1
04-24 12:08:42.853 1176 1204 D SmartcareProc: SignalStrength update result, ss: SignalStrengthInfo:68043809 mGsmSignalStrength: -1 mWcdmaRscp: -1 mWcdmaEcio: -1 mLteRsrp: -1 mLteRsrq: -1 mCdmaDbm: -69 mCdmaEcio: -60 mEvdoDbm: 32767mEvdoEcio: -1mLteRssnr: -1
04-24 12:08:42.853 1176 1176 I MQoS : onSignal: mSubId=1,currDataSubID=1
04-24 12:08:42.853 1176 1176 I MQoS : received cell-signal:5
04-24 12:08:42.935 768 859 I iMonitor: create: 902010003
04-24 12:08:42.938 768 859 I iMonitor: send: 902010003
