04-24 12:11:04.043 7754 7775 E CRASH : bfd7e6b0 bfd7e808 e54dee70 b6397390 bfd7e720 ....p.M..s9. ...
04-24 12:11:04.043 7754 7775 E CRASH : bfd7e6c0 00000001 00000001 bee6d9a0 c1a25260 ............`R..
04-24 12:11:04.043 7754 7775 E CRASH : bfd7e6d0 bfd7e808 e54dee70 bfd7e720 bfd7e808 ....p.M. .......
04-24 12:11:04.043 7754 7775 E CRASH : bfd7e6e0 e54dee70 00000000 00000000 c1a1e604 p.M.............
04-24 12:11:04.043 7754 7775 E CRASH : bfd7e6f0 00000000 bfd7e700 b6b46910 b6397390 .........i...s9.
04-24 12:11:04.044 7754 7775 E CRASH : bfd7e700 bfd7e8b0 0000000e b6b46910 c188f440 .........i..@...
04-24 12:11:04.044 7754 7775 E CRASH : bfd7e710 000296f4 00000000 00da8500 00000000 ................
04-24 12:11:04.044 7754 7775 E CRASH : bfd7e720 b80b3301 b7491b10 b80b338b c2508ea0 .3....I..3....P.
04-24 12:11:04.044 7754 7775 E CRASH : bfd7e730 00002000 bea80010 bfd7e89c 00000000 . ..............
04-24 12:11:04.044 7754 7775 E CRASH : bfd7e740 0000022f 00000010 c228b1df c123e66c /.........(.l.#.
04-24 12:11:04.044 7754 7775 E CRASH : bfd7e750 00000000 c228b1df 0000022f bfd7e790 ......(./.......
04-24 12:11:04.044 7754 7775 E CRASH : bfd7e760 bfd7e700 bfd7e708 bfd7e710 00000010 ................
04-24 12:11:04.044 7754 7775 E CRASH : bfd7e770 00000000 00000000 00000000 00000000 ................
04-24 12:11:04.044 7754 7775 E CRASH :
04-24 12:11:04.044 7754 7775 E CRASH : memory near sp:
04-24 12:11:04.044 7754 7775 E CRASH : bfd7e4b0 ffffffdf b80b338b 00001e4a 00001e5f .....3..J..._...
04-24 12:11:04.044 7754 7775 E CRASH : bfd7e4c0 bfd7e4e0 00000000 bfd7e808 e806f4dd ................
04-24 12:11:04.044 7754 7775 E CRASH : bfd7e4d0 0121d260 00000001 bfd7e6a0 e8076dab `.!..........m..
04-24 12:11:04.044 7754 7775 E CRASH : bfd7e4e0 ffffffdf e7fada2c bfd7e514 e80e7844 ....,.......Dx..
04-24 12:11:04.044 7754 7775 E CRASH : bfd7e4f0 bfd7e530 e7f99a15 bfd7e514 e2857d80 0............}..
04-24 12:11:04.044 7754 7775 E CRASH : bfd7e500 bfd7e514 b6a03348 b6a03348 00011078 ....H3..H3..x...
04-24 12:11:04.044 7754 7775 E CRASH : bfd7e510 e7fada2d e7fada25 b80b338b 00000003 -...%....3......
04-24 12:11:04.044 7754 7775 E CRASH : bfd7e520 bfd7e530 aea09a2d b6a03348 00011078 0...-...H3..x...
04-24 12:11:04.044 7754 7775 E CRASH : bfd7e530 bfd7e550 ae98a7c3 ae98a800 eedc0953 P...........S...
04-24 12:11:04.045 7754 7775 E CRASH : bfd7e540 bfd7e6a0 00000000 b6a03348 e54dee70 ........H3..p.M.
04-24 12:11:04.045 7754 7775 E CRASH : bfd7e550 bfd7e670 ae9fec45 e6e6fa90 e8f561c7 p...E........a..
04-24 12:11:04.045 7754 7775 E CRASH : bfd7e560 00000001 e8efeed9 00000000 ae9577fd .............w..
04-24 12:11:04.045 7754 7775 E CRASH : bfd7e570 ae98e0d1 e8e9b590 e7b74df8 e8e9e110 .........M......
04-24 12:11:04.045 7754 7775 E CRASH : bfd7e580 00000000 00000000 00000000 00000000 ................
04-24 12:11:04.045 7754 7775 E CRASH : bfd7e590 00000000 00000000 00000000 00000000 ................
04-24 12:11:04.045 7754 7775 E CRASH : bfd7e5a0 00000000 e6b26010 00000001 bca9e4ee .....`..........
04-24 12:11:04.045 7754 7775 E CRASH :
04-24 12:11:04.045 7754 7775 E CRASH : code around pc:
04-24 12:11:04.045 7754 7775 E CRASH : e80a095c e1a0700c e3700a01 912fff1e e2600000 .p....p.../...`.
04-24 12:11:04.045 7754 7775 E CRASH : e80a096c ea00c5c7 e1a0c007 e3a07f43 ef000000 ........C.......
04-24 12:11:04.045 7754 7775 E CRASH : e80a097c e1a0700c e3700a01 912fff1e e2600000 .p....p.../...`.
04-24 12:11:04.045 7754 7775 E CRASH : e80a098c ea00c5bf e1a0c007 e300715e ef000000 ........^q......
04-24 12:11:04.045 7754 7775 E CRASH : e80a099c e1a0700c e3700a01 912fff1e e2600000 .p....p.../...`.
04-24 12:11:04.045 7754 7775 E CRASH : e80a09ac ea00c5b7 e1a0c007 e3007162 ef000000 ........bq......
04-24 12:11:04.045 7754 7775 E CRASH : e80a09bc e1a0700c e3700a01 912fff1e e2600000 .p....p.../...`.
04-24 12:11:04.045 7754 7775 E CRASH : e80a09cc ea00c5af e1a0c007 e3007161 ef000000 ........aq......
04-24 12:11:04.045 7754 7775 E CRASH : e80a09dc e1a0700c e3700a01 912fff1e e2600000 .p....p.../...`.
04-24 12:11:04.045 7754 7775 E CRASH : e80a09ec ea00c5a7 e1a0c007 e3a0702b ef000000 ........+p......
04-24 12:11:04.045 7754 7775 E CRASH : e80a09fc e1a0700c e3700a01 912fff1e e2600000 .p....p.../...`.
04-24 12:11:04.045 7754 7775 E CRASH : e80a0a0c ea00c59f e1a0c007 e3a0705c ef000000 ........\p......
04-24 12:11:04.045 7754 7775 E CRASH : e80a0a1c e1a0700c e3700a01 912fff1e e2600000 .p....p.../...`.
04-24 12:11:04.045 7754 7775 E CRASH : e80a0a2c ea00c597 e1a0c007 e3a070c1 ef000000 .........p......
04-24 12:11:04.045 7754 7775 E CRASH : e80a0a3c e1a0700c e3700a01 912fff1e e2600000 .p....p.../...`.
04-24 12:11:04.045 7754 7775 E CRASH : e80a0a4c ea00c58f e1a0c007 e3a0703c ef000000 ........>> com.jiansheng.blmn.demo <<<
04-24 12:11:04.057 7754 7775 E AndroidRuntime: r0 00000000 r1 00001e5f r2 00000006 r3 00000008
04-24 12:11:04.057 7754 7775 E AndroidRuntime: r4 00001e4a r5 00001e5f r6 bfd7e4e0 r7 0000010c
04-24 12:11:04.057 7754 7775 E AndroidRuntime: r8 bfd7e808 r9 0121d260 sl 00000001 fp bfd7e6a0
04-24 12:11:04.057 7754 7775 E AndroidRuntime: ip 00000000 sp bfd7e4d0 lr e806f4e7 pc e80a097c cpsr bfd7e808
04-24 12:11:04.057 7754 7775 E AndroidRuntime:
04-24 12:11:04.057 7754 7775 E AndroidRuntime: at libc.tgkill(tgkill:12)
04-24 12:11:04.057 7754 7775 E AndroidRuntime: at libc.abort(abort:54)
04-24 12:11:04.057 7754 7775 E AndroidRuntime: at libc++.00030a11(Native Method)
04-24 12:11:04.057 7754 7775 E AndroidRuntime: at libc++.00044a29(Native Method)
04-24 12:11:04.057 7754 7775 E AndroidRuntime: at libfmodL.000b7a2b(Native Method)
04-24 12:11:04.057 7754 7775 E AndroidRuntime: at libfmodL.000387c1(Native Method)
04-24 12:11:04.057 7754 7775 E AndroidRuntime: at libfmodL.FMOD::System::mixerSuspend()(System:28)
04-24 12:11:04.057 7754 7775 E AndroidRuntime: at libil2cpp.01290364(Native Method)
04-24 12:11:04.057 7754 7775 E AndroidRuntime: at libil2cpp.002f2e7c(Native Method)
04-24 12:11:04.057 7754 7775 E AndroidRuntime: at libil2cpp.017aed14(Native Method)
04-24 12:11:04.059 768 2333 E iMonitor: FaultDetect: DUMPTOOL_PRINTF return.
04-24 12:11:04.060 1176 11623 E ActivityManager: The same pid with last one, do not add dropbox and clear mLastCrashedPid. mLastAppCrashedPid==7754
04-24 12:11:04.060 1176 11623 W ActivityManager: Force finishing activity com.jiansheng.blmn.demo/com.jiansheng.blmn.MainActivity
04-24 12:11:04.060 768 2333 I chatty : uid=0(root) engine identical 3 lines
04-24 12:11:04.060 768 2333 E iMonitor: FaultDetect: DUMPTOOL_PRINTF return.
04-24 12:11:04.060 768 2333 I iMonitor: create: 901001001
04-24 12:11:04.061 768 2333 I iMonitor: send: 901001001
04-24 12:11:04.061 768 2333 E iMonitor: FaultDetect: DUMPTOOL_PRINTF return.
04-24 12:11:04.061 768 2333 E iMonitor: FaultDetect: DUMPTOOL_PRINTF return.
04-24 12:11:04.064 1176 5149 E ReportTools: This is not beta user build
04-24 12:11:04.068 7754 7775 I Process : Sending signal. PID: 7754 SIG: 9
04-24 12:11:04.162 1463 4917 D HwRecentsLockUtils: Search
04-24 12:11:04.162 1708 1975 E HsmCoreServiceImpl: onTransact in code is: 103
04-24 12:11:04.162 1708 1975 I MediaProcessHandler: playingUids:
04-24 12:11:04.163 1176 11623 D ActivityManager: Skipping, home or recents stack task: TaskRecord{816c808 #1 A=com.huawei.android.launcher U=0 StackId=0 sz=1}
04-24 12:11:04.163 1176 11623 D ActivityManager: Skipping intent:flg=0x10804000 cmp=com.android.systemui/.recents.RecentsActivity bnds=[48,1549][1032,3035]
04-24 12:11:04.163 1176 11623 D ActivityManager: Skipping intent:act=android.deviceinfo.chooser.action.LAUNCH flg=0x10800000 hwFlg=0x100 pkg=com.android.settings cmp=com.android.settings/.deviceinfo.UsbConnModeChooserActivity
04-24 12:11:04.163 1176 11623 D ActivityManager: Skipping intent:act=android.intent.action.VIEW dat=content://com.android.browser.fileProvider/external_files/Download/browser/online-102660-14569-1.apk typ=application/vnd.android.package-archive flg=0x18800000 cmp=com.android.packageinstaller/.InstallStart
04-24 12:11:04.163 1176 11623 D ActivityManager: Skipping intent:act=android.intent.action.VIEW dat=content://com.goplaycn.googleinstall.fileprovider/external_files/GoogleInstaller/download/Phonesky.apk typ=application/vnd.android.package-archive flg=0x10800001 cmp=com.android.packageinstaller/.InstallStart
04-24 12:11:04.163 1176 11623 D ActivityManager: Skipping intent:act=android.intent.action.VIEW dat=content://com.goplaycn.googleinstall.fileprovider/external_files/GoogleInstaller/download/PrebuiltGmsCore.apk typ=application/vnd.android.package-archive flg=0x10800001 cmp=com.android.packageinstaller/.InstallStart
04-24 12:11:04.163 1176 11623 D ActivityManager: Skipping intent:act=android.intent.action.VIEW dat=content://com.android.browser.fileProvider/external_files/Download/browser/online-110389-12878-6.apk typ=application/vnd.android.package-archive flg=0x10800000 cmp=com.android.packageinstaller/.InstallStart
04-24 12:11:04.163 1176 11623 D ActivityManager: Skipping intent:act=android.intent.action.VIEW dat=content://com.android.browser.fileProvider/external_files/Download/browser/UC浏览器.apk typ=application/vnd.android.package-archive flg=0x18800000 cmp=com.android.packageinstaller/.InstallStart
04-24 12:11:04.163 1176 11623 D ActivityManager: Skipping intent:act=android.intent.action.VIEW dat=content://com.android.browser.fileProvider/external_files/Download/browser/UCBrowser_V12.9.6.1076_android_pf145_(Build200417171911).apk typ=application/vnd.android.package-archive flg=0x18800000 cmp=com.android.packageinstaller/.InstallStart
04-24 12:11:04.163 1176 11623 D ActivityManager: Skipping intent:act=android.intent.action.VIEW dat=content://com.android.browser.fileProvider/external_files/Download/browser/UCBrowser_V12.9.6.1076_android_pf145_(Build200417171911)(1).apk typ=application/vnd.android.package-archive flg=0x18800000 cmp=com.android.packageinstaller/.InstallStart
04-24 12:11:04.163 1176 11623 D ActivityManager: Skipping intent:flg=0x10808000 cmp=com.huawei.tips/.CopyInfo
04-24 12:11:04.163 1176 11623 D ActivityManager: Skipping intent:act=android.intent.action.VIEW dat=content://com.android.browser.fileProvider/external_files/Download/browser/online-109117-12005-3.apk typ=application/vnd.android.package-archive flg=0x18800000 cmp=com.android.packageinstaller/.InstallStart
04-24 12:11:04.163 1176 11623 D ActivityManager: Skipping intent:act=com.huawei.action.VOICE_ASSISTANT flg=0x10800000 cmp=com.huawei.vassistant/.ui.main.VAssistantActivity
04-24 12:11:04.228 1176 1195 W ActivityManager: Activity pause timeout for ActivityRecord{3678a34 u0 com.jiansheng.blmn.demo/com.jiansheng.blmn.MainActivity t319 f}
04-24 12:11:04.229 1176 5149 E ReportTools: This is not beta user build
04-24 12:11:04.230 1176 1195 V WindowManager: No longer Stopped: AppWindowToken{ded901e token=Token{41a38a0 ActivityRecord{86adda3 u0 com.huawei.android.launcher/.unihome.UniHomeLauncher t1}}}
04-24 12:11:04.230 1176 1195 W HwActivityManagerServiceEx: appSwitch from: com.jiansheng.blmn.demo to: com.huawei.android.launcher
04-24 12:11:04.231 1176 1193 W HwActivityManagerServiceEx: HwActivityNotifier end call android.app.IHwActivityNotifier$Stub$Proxy@a8f29ef for appSwitch under user 0 cost 0
04-24 12:11:04.234 1729 1883 D ScenarioService: front pkg : com.huawei.android.launcher launcher: true
04-24 12:11:04.237 1729 1883 I AppsUsage: scnOff:false FgAPP:com.huawei.android.launcher BgAPP:com.jiansheng.blmn.demo
04-24 12:11:04.237 1729 2056 D powergenie_jni: setCABCMode mode = 1
04-24 12:11:04.237 1729 2056 D powergenie_jni: setCABCMode his result = 1
04-24 12:11:04.237 1729 2056 D DisplayControl: OK! set cabc mode: 1
04-24 12:11:04.237 1729 2056 I ash : front pkg : com.huawei.android.launcher launcher: true
04-24 12:11:04.240 1729 3409 I PGServer: checkPkgType. calling pkg: com.huawei.android.hwaps
04-24 12:11:04.241 2379 3998 D [HwRecSys]HwRecSysService: onEvent actionID: 10010 msg:com.huawei.android.launcher
04-24 12:11:04.241 2379 3998 E [HwRecSys]HwRecSysService: getIsRportDirectService is false!
04-24 12:11:04.242 1176 1385 D EmcomManagerService: forePackage name is com.huawei.android.launcher
04-24 12:11:04.242 1176 1385 D HicomPolicyManager: foreAppInfo = nullpkgName = com.huawei.android.launcher uid= 10061
04-24 12:11:04.242 1176 1385 E HicomPolicyManager: udp acc is not start yet!
04-24 12:11:04.242 1176 1385 D HicomPolicyManager: speed control is not start
04-24 12:11:04.242 1176 1385 E HicomPolicyManager: Network Evaluation is not start yet!
04-24 12:11:04.242 1176 1385 E HicomPolicyManager: foreground app info is null
04-24 12:11:04.242 1729 2133 I PGServer: report state:10011 event type:2 pid:0 uid:0 pkg:com.jiansheng.blmn.demo to pid: 1176
04-24 12:11:04.242 1729 2133 I PGServer: report state:10011 event type:2 pid:0 uid:0 pkg:com.jiansheng.blmn.demo to pid: 1729
04-24 12:11:04.242 413 413 W /system/bin/hwservicemanager: Cannot open /odm/manifest_FLA-AL20.xml
04-24 12:11:04.242 1729 2133 I SceneReceiver: state type: 10011 eventType:2 pid:0 uid:0 pkg:com.jiansheng.blmn.demo
04-24 12:11:04.243 413 413 W /system/bin/hwservicemanager: getTransportFromManifest: Cannot find entry vendor.huawei.hardware.hwsched@1.0::ISched in either framework or device manifest, using default transport.
04-24 12:11:04.243 1729 2133 I PGServer: report state:10010 event type:1 pid:0 uid:0 pkg:com.huawei.android.launcher to pid: 1176
04-24 12:11:04.243 1729 2133 I PGServer: report state:10010 event type:1 pid:0 uid:0 pkg:com.huawei.android.launcher to pid: 1729
04-24 12:11:04.243 1729 2133 I SceneReceiver: state type: 10010 eventType:1 pid:0 uid:0 pkg:com.huawei.android.launcher
04-24 12:11:04.243 1729 2560 D HwThermalStateManager: current foreapp pkg : com.huawei.android.launcher
04-24 12:11:04.243 683 683 E BufferQueueProducer: [] Can not get hwsched service
04-24 12:11:04.243 1729 2560 D HwThermalStateManager: current foreapp pkg : com.huawei.android.launcher
04-24 12:11:04.244 1729 3409 W libc : Set property "sys.aps.gameProcessName" to ""
04-24 12:11:04.244 1176 6429 W WindowManager: EGLdebug Created surface WindowStateAnimator{daea7a6 com.huawei.intelligent.Workspace}
04-24 12:11:04.245 1729 2560 D HwThermalStateManager: handle thermal policy:10000
04-24 12:11:04.245 1729 2560 I ThermalAction: new ThermalAction
04-24 12:11:04.245 1729 2560 I HwThermalStateManager: sensor name: cpu temperature: 37 , thermal action: ucurrent policy:0
04-24 12:11:04.245 1729 2560 D HwThermalStateManager: Thermal type: 0 cur_temperature:42
04-24 12:11:04.245 1729 2560 I HwThermalStateManager: sensorType: 0, triggerLevel = 1, triggerAction :{ucurrent=1000, cpu=0, cpu_a15=2112000, lcd=0, gpu=800000000}
04-24 12:11:04.245 1729 18882 I PGServer: checkPkgType. calling pkg: android
04-24 12:11:04.245 1729 2560 I ThermalAction: new ThermalAction
04-24 12:11:04.245 1729 2560 I HwThermalStateManager: sensor name: cpu temperature: 42 , thermal action: ucurrent policy:1000
04-24 12:11:04.246 1729 2560 I ThermalAction: new ThermalAction
04-24 12:11:04.246 1729 2560 I HwThermalStateManager: sensor name: cpu temperature: 42 , thermal action: cpu_a15 policy:2112000
04-24 12:11:04.246 1729 2560 I ThermalUniPerf: ===success setFreq: bcpumax:5->2112000
04-24 12:11:04.246 1729 3409 W libc : Set property "sys.aps.browserProcessName" to ""
04-24 12:11:04.246 1729 2560 I ThermalAction: new ThermalAction
04-24 12:11:04.246 1729 2560 I HwThermalStateManager: sensor name: cpu temperature: 42 , thermal action: gpu policy:800000000
04-24 12:11:04.246 669 765 I uniperf server: setConfig clientId=2, tagLen=1, tags[0]=5, configs[0]=2112000
04-24 12:11:04.247 1729 2560 I ThermalUniPerf: ===success setFreq: gpumax:8->800000000
04-24 12:11:04.247 1729 2560 D HwThermalStateManager: Thermal type: 1 cur_temperature:37
04-24 12:11:04.247 1729 2560 D HwThermalStateManager: Thermal type: 22 cur_temperature:37
04-24 12:11:04.248 669 765 I uniperf server: setConfig clientId=2, tagLen=1, tags[0]=8, configs[0]=800000000
04-24 12:11:04.248 760 790 E AwareLog: iawared: change_property_content open /proc/7754/task/7776/static_vip fail errno(2)!
04-24 12:11:04.253 649 649 I GRALLOC : shrFd=10,fmt=0x1,intFmt=0x200000001,btStrd=4352,size=9547776,pid=649
04-24 12:11:04.253 649 649 I GRALLOC : yuv=2,w=1080,h=2160,Stride u=0 v=0,offset u=0 v=0
04-24 12:11:04.253 649 649 I GRALLOC : iova_size=9547776,conUsg=0x900,proUsg=0x900, strd=1088,[afbc]HdrStrd=1088 PyldStrd=69632 Scrmbl=0,ionhnd = 1
04-24 12:11:04.254 1176 1195 I WindowManager: Taking screenshot from Surface with crop:[Rect(0, 0 - 1080, 2036)], width:[648], height:[1222], minLayer:[11000], maxLayer:[21005], inRotation:[false], rot:[0]
04-24 12:11:04.256 649 649 I GRALLOC : shrFd=10,fmt=0x1,intFmt=0x200000001,btStrd=4352,size=9547776,pid=649
04-24 12:11:04.256 649 649 I GRALLOC : yuv=2,w=1080,h=2160,Stride u=0 v=0,offset u=0 v=0
04-24 12:11:04.256 649 649 I GRALLOC : iova_size=9547776,conUsg=0x900,proUsg=0x900, strd=1088,[afbc]HdrStrd=1088 PyldStrd=69632 Scrmbl=0,ionhnd = 1
04-24 12:11:04.258 413 413 W /system/bin/hwservicemanager: Cannot open /odm/manifest_FLA-AL20.xml
04-24 12:11:04.258 413 413 W /system/bin/hwservicemanager: getTransportFromManifest: Cannot find entry vendor.huawei.hardware.hwsched@1.0::ISched in either framework or device manifest, using default transport.
04-24 12:11:04.258 1176 1195 E BufferQueueProducer: [] Can not get hwsched service
04-24 12:11:04.258 649 649 I GRALLOC : shrFd=10,fmt=0x1,intFmt=0x200000001,btStrd=4352,size=9547776,pid=649
04-24 12:11:04.258 649 649 I GRALLOC : yuv=2,w=1080,h=2160,Stride u=0 v=0,offset u=0 v=0
04-24 12:11:04.258 649 649 I GRALLOC : iova_size=9547776,conUsg=0x900,proUsg=0x900, strd=1088,[afbc]HdrStrd=1088 PyldStrd=69632 Scrmbl=0,ionhnd = 1
04-24 12:11:04.260 2711 21372 D mali_winsys: EGLint new_window_surface(egl_winsys_display *, void *, EGLSurface, EGLConfig, egl_winsys_surface **, egl_color_buffer_format *, EGLBoolean) returns 0x3000
04-24 12:11:04.262 649 649 I GRALLOC : shrFd=10,fmt=0x1,intFmt=0x1,btStrd=2816,size=3448832,pid=649
04-24 12:11:04.262 649 649 I GRALLOC : yuv=2,w=648,h=1222,Stride u=0 v=0,offset u=0 v=0
04-24 12:11:04.262 649 649 I GRALLOC : iova_size=3448832,conUsg=0x306,proUsg=0x366, strd=704,[afbc]HdrStrd=0 PyldStrd=0 Scrmbl=0,ionhnd = 1
04-24 12:11:04.265 649 649 I GRALLOC : shrFd=10,fmt=0x1,intFmt=0x200000001,btStrd=4352,size=9547776,pid=649
04-24 12:11:04.265 649 649 I GRALLOC : yuv=2,w=1080,h=2160,Stride u=0 v=0,offset u=0 v=0
04-24 12:11:04.265 649 649 I GRALLOC : iova_size=9547776,conUsg=0xb00,proUsg=0xb00, strd=1088,[afbc]HdrStrd=1088 PyldStrd=69632 Scrmbl=0,ionhnd = 1
04-24 12:11:04.275 1176 6429 D WindowManager: finishDrawingWindow: Window{419ccce u0 com.huawei.intelligent.Workspace} mDrawState=DRAW_PENDING
04-24 12:11:04.282 1176 1195 V KeyguardServiceDelegate: setOccluded(false) animate=false
04-24 12:11:04.283 1176 1195 V WindowManager: notifyAppResumed: wasStopped=true AppWindowToken{ded901e token=Token{41a38a0 ActivityRecord{86adda3 u0 com.huawei.android.launcher/.unihome.UniHomeLauncher t1}}}
04-24 12:11:04.283 1463 4917 D KeyguardService: Caller checkPermission fail
04-24 12:11:04.283 1463 4917 I KeyguardService: KGSvcCall setOccluded.
04-24 12:11:04.283 1463 4917 D KeyguardViewMediator: setOccluded false
04-24 12:11:04.283 1463 1463 D KeyguardViewMediator: handleSetOccluded false
04-24 12:11:04.283 1463 1463 E KeyguardUpdateMonitor: isSimPinSecure mSimDatas is null or empty
04-24 12:11:04.283 1770 1770 I HwLauncher: Launcher onNewIntent() DragLayer visibility = 0, alpha = 1.0
04-24 12:11:04.284 1463 1463 D KeyguardViewMediator: adjustStatusBarLocked: mShowing=false mOccluded=false isSecure=false --> flags=0x0
04-24 12:11:04.284 1463 1463 V KeyguardUpdateMonitor: setKeyguardViewState: false-false
04-24 12:11:04.284 1463 1463 W AppHandler: sendImmediateMessage 10 with args (3, 0)
04-24 12:11:04.284 1463 1463 W HwLockScreenPanel: Handle message: 10
04-24 12:11:04.284 1176 11623 W InputMethodManagerService: Ignoring hideSoftInput of uid 10061: com.android.internal.view.IInputMethodClient$Stub$Proxy@b361db7
04-24 12:11:04.284 1463 1463 W CameraLayout: Cameralayout disabled. true false 2
04-24 12:11:04.284 1463 1463 W HwKeyguardBottomArea: updateBatteryInfo : false true
04-24 12:11:04.284 1463 1463 I chatty : uid=10023(u0_a23) com.android.systemui identical 1 line
04-24 12:11:04.284 1463 1463 W HwKeyguardBottomArea: updateBatteryInfo : false true
04-24 12:11:04.284 1463 1463 D MagazineDetailView: resetPagerState
04-24 12:11:04.284 1463 1463 D MagazineSwitchViewPager: invoke callSetCurrentItemInternal
04-24 12:11:04.285 1770 1770 W HwLauncher: Workspace changeState() state no change.
04-24 12:11:04.286 1463 1463 W KgBattery: getCharge info with type: text
04-24 12:11:04.288 1176 1195 V WindowManager: Checking 1 opening apps (frozen=false timeout=false)...
04-24 12:11:04.288 1176 1195 V WindowManager: Check opening app=AppWindowToken{ded901e token=Token{41a38a0 ActivityRecord{86adda3 u0 com.huawei.android.launcher/.unihome.UniHomeLauncher t1}}}: allDrawn=false startingDisplayed=false startingMoved=false isRelaunching()=false
04-24 12:11:04.288 1463 1463 I HwBackDropView: restore param to 0
04-24 12:11:04.288 1463 1463 I HwBackDropView: checkVisibility : false; false
04-24 12:11:04.288 1463 1782 W KeyguardViewMediator: setFloatTaskHide : false; reason : occludedChanged
04-24 12:11:04.291 1176 1629 I HwNetworkPolicy: onTransact, code = 203
04-24 12:11:04.291 1770 1882 E HwLauncher: SettingsEx , no such field.
04-24 12:11:04.291 1770 1882 W HwLauncher: Clock getDataFormat the getSystemString failed.
04-24 12:11:04.291 1176 1196 D HwQoEUtils: mForegroundAppPackageName: com.huawei.android.launcher ,score: 0
04-24 12:11:04.291 1619 2078 I HwNetworkPolicyManager: getHwUidPolicy uid = 10061 policy = 0
04-24 12:11:04.291 1176 1196 D HwQoEUtils: onForegroundAppWifiSleepChange: config:false, sleeptime:-1,type: 301, appname:com.huawei.android.launcher
04-24 12:11:04.292 1176 1196 D HwQoEUtils: APP type: 301 appName= com.huawei.android.launcher
04-24 12:11:04.292 1176 1196 D HwQoEUtils: no game, APP_TYPE_GAME, appName =com.huawei.android.launcher
04-24 12:11:04.292 1729 3409 W libc : Set property "debug.aps.process.name" to ""
04-24 12:11:04.292 1176 1196 D HwGameAssistantController: pid=1770, uid=10061, foreground=true
04-24 12:11:04.299 1176 1629 I HwAudioService: now type = 9,reportForegroundAppType = 301,systemload = 9
04-24 12:11:04.300 413 413 W /system/bin/hwservicemanager: Cannot open /odm/manifest_FLA-AL20.xml
04-24 12:11:04.300 413 413 W /system/bin/hwservicemanager: getTransportFromManifest: Cannot find entry vendor.huawei.hardware.hwsched@1.0::ISched in either framework or device manifest, using default transport.
04-24 12:11:04.300 683 683 E BufferQueueProducer: [] Can not get hwsched service
04-24 12:11:04.300 1176 1629 W libc : Set property "sys.iaware.type" to "301"
04-24 12:11:04.301 1176 1631 W WindowManager: EGLdebug Created surface WindowStateAnimator{6c99630 com.huawei.android.launcher/com.huawei.android.launcher.unihome.UniHomeLauncher}
04-24 12:11:04.301 1176 1631 V HwPhoneWindowManager: updateSystemUiColorLw window=Window{f435c1b u0 com.huawei.android.launcher/com.huawei.android.launcher.unihome.UniHomeLauncher},EmuiStyle=-1,StatusBarColor=0xfffcfcfc,NavigationBarColor=0x0, mLastIsEmuiLightStyle=-1, mForceNotchStatusBar=false
04-24 12:11:04.301 1176 1196 D HwPhoneWindowManager: Transact:setSystemUIColor to status bar service
04-24 12:11:04.302 1463 4917 I CommandQueue: updateBarBgColor
04-24 12:11:04.302 1463 4917 D CommandQueue: CommandQueue, setBarBackgroundColor
04-24 12:11:04.302 1176 1629 D HwAudioService: support voip optinization during game mode.
04-24 12:11:04.302 1176 1629 D HwAudioService: game mode turn off.
04-24 12:11:04.302 656 932 E baidu_asr_interface: asr_baidu_set_parameters_data-not baidu asr
04-24 12:11:04.303 656 932 I audio_custom: game mode exit.
04-24 12:11:04.303 656 932 I dsp_soc : set primary algo bypass 0 succ
04-24 12:11:04.304 1176 1631 V WindowManager: Checking 1 opening apps (frozen=false timeout=false)...
04-24 12:11:04.304 1176 1631 V WindowManager: Check opening app=AppWindowToken{ded901e token=Token{41a38a0 ActivityRecord{86adda3 u0 com.huawei.android.launcher/.unihome.UniHomeLauncher t1}}}: allDrawn=false startingDisplayed=false startingMoved=false isRelaunching()=false
04-24 12:11:04.305 1463 1463 D TintManager: statusBarIconTint=#99000000,navigationBarIconTint=#00000000
04-24 12:11:04.306 1463 1463 D BarTransitions.HwNavigationBarView: MODE_SEMI_TRANSPARENT -> MODE_OPAQUE animate=false
04-24 12:11:04.306 1463 1463 D BarTransitions.HwNavigationBarView: applyModeBackground oldMode=MODE_SEMI_TRANSPARENT newMode=MODE_OPAQUE animate=false
04-24 12:11:04.306 1463 1463 D BarTransitions.HwPhoneStatusBarView: MODE_SEMI_TRANSPARENT -> MODE_TRANSPARENT animate=false
04-24 12:11:04.306 1463 1463 D BarTransitions.HwPhoneStatusBarView: applyModeBackground oldMode=MODE_SEMI_TRANSPARENT newMode=MODE_TRANSPARENT animate=false
04-24 12:11:04.309 649 649 I GRALLOC : shrFd=10,fmt=0x1,intFmt=0x200000001,btStrd=4352,size=9547776,pid=649
04-24 12:11:04.309 649 649 I GRALLOC : yuv=2,w=1080,h=2160,Stride u=0 v=0,offset u=0 v=0
04-24 12:11:04.309 649 649 I GRALLOC : iova_size=9547776,conUsg=0x900,proUsg=0x900, strd=1088,[afbc]HdrStrd=1088 PyldStrd=69632 Scrmbl=0,ionhnd = 1
04-24 12:11:04.312 1176 1629 V WindowManager: Checking 1 opening apps (frozen=false timeout=false)...
04-24 12:11:04.312 1176 1629 V WindowManager: Check opening app=AppWindowToken{ded901e token=Token{41a38a0 ActivityRecord{86adda3 u0 com.huawei.android.launcher/.unihome.UniHomeLauncher t1}}}: allDrawn=false startingDisplayed=false startingMoved=false isRelaunching()=false
04-24 12:11:04.313 649 649 I GRALLOC : shrFd=10,fmt=0x1,intFmt=0x200000001,btStrd=4352,size=9547776,pid=649
04-24 12:11:04.313 649 649 I GRALLOC : yuv=2,w=1080,h=2160,Stride u=0 v=0,offset u=0 v=0
04-24 12:11:04.313 649 649 I GRALLOC : iova_size=9547776,conUsg=0x900,proUsg=0x900, strd=1088,[afbc]HdrStrd=1088 PyldStrd=69632 Scrmbl=0,ionhnd = 1
04-24 12:11:04.317 1463 1463 D StatusBarIconController: setIconVisibility icon is null or visibility not change visibility=false
04-24 12:11:04.317 649 649 I GRALLOC : shrFd=10,fmt=0x1,intFmt=0x200000001,btStrd=4352,size=9547776,pid=649
04-24 12:11:04.317 649 649 I GRALLOC : yuv=2,w=1080,h=2160,Stride u=0 v=0,offset u=0 v=0
04-24 12:11:04.317 649 649 I GRALLOC : iova_size=9547776,conUsg=0x900,proUsg=0x900, strd=1088,[afbc]HdrStrd=1088 PyldStrd=69632 Scrmbl=0,ionhnd = 1
04-24 12:11:04.317 1463 1463 W HwKeyguardDragHelper: AnimationBlocked
04-24 12:11:04.318 1770 1937 D mali_winsys: EGLint new_window_surface(egl_winsys_display *, void *, EGLSurface, EGLConfig, egl_winsys_surface **, egl_color_buffer_format *, EGLBoolean) returns 0x3000
04-24 12:11:04.328 1176 1322 W InputDispatcher: channel '427eaf5 com.jiansheng.blmn.demo/com.jiansheng.blmn.MainActivity (server)' ~ Consumer closed input channel or an error occurred. events=0x9
04-24 12:11:04.328 1176 1322 E InputDispatcher: channel '427eaf5 com.jiansheng.blmn.demo/com.jiansheng.blmn.MainActivity (server)' ~ Channel is unrecoverably broken and will be disposed!
04-24 12:11:04.345 649 649 I GRALLOC : shrFd=10,fmt=0x1,intFmt=0x200000001,btStrd=4352,size=9547776,pid=649
04-24 12:11:04.345 649 649 I GRALLOC : yuv=2,w=1080,h=2160,Stride u=0 v=0,offset u=0 v=0
04-24 12:11:04.345 649 649 I GRALLOC : iova_size=9547776,conUsg=0xb00,proUsg=0xb00, strd=1088,[afbc]HdrStrd=1088 PyldStrd=69632 Scrmbl=0,ionhnd = 1
04-24 12:11:04.358 1176 11623 D WindowManager: finishDrawingWindow: Window{f435c1b u0 com.huawei.android.launcher/com.huawei.android.launcher.unihome.UniHomeLauncher} mDrawState=DRAW_PENDING
04-24 12:11:04.361 1770 1770 W InputMethodManager: startInputReason = 1
04-24 12:11:04.363 1463 1463 D ImageWallpaper: onOffsetsChanged: xOffset=0.0, yOffset=0.0, xOffsetStep=0.0, yOffsetStep=0.0, xPixels=0, yPixels=0
04-24 12:11:04.363 1176 1282 V WindowManager: Checking 1 opening apps (frozen=false timeout=false)...
04-24 12:11:04.363 1176 1282 V WindowManager: Check opening app=AppWindowToken{ded901e token=Token{41a38a0 ActivityRecord{86adda3 u0 com.huawei.android.launcher/.unihome.UniHomeLauncher t1}}}: allDrawn=true startingDisplayed=false startingMoved=false isRelaunching()=false
04-24 12:11:04.364 1463 1463 D ImageWallpaper: Suppressed drawFrame since redraw is not needed and offsets have not changed.sf=Rect(0, 0 - 2160, 2160)
04-24 12:11:04.364 1463 1463 D ImageWallpaper: onVisibilityChanged: mVisible, visible=false, true
04-24 12:11:04.364 1463 1463 D ImageWallpaper: Visibility changed to visible=true
04-24 12:11:04.365 1463 1463 D ImageWallpaper: Suppressed drawFrame since redraw is not needed and offsets have not changed.sf=Rect(0, 0 - 2160, 2160)
04-24 12:11:04.380 1176 1282 D CubicBezierInterpolator: CubicBezierInterpolator mControlPoint1x = 0.5, mControlPoint1y = 0.2, mControlPoint2x = 0.6, mControlPoint2y = 1.0
04-24 12:11:04.383 1176 1282 I WindowManager: Taking screenshot from Surface with crop:[Rect(0, 0 - 1080, 2160)], width:[1080], height:[2160], minLayer:[11000], maxLayer:[21005], inRotation:[false], rot:[0]
04-24 12:11:04.389 1463 4917 D HwRecentsLockUtils: Search
04-24 12:11:04.389 1708 1975 E HsmCoreServiceImpl: onTransact in code is: 103
04-24 12:11:04.389 1708 1975 I MediaProcessHandler: playingUids:
04-24 12:11:04.390 1176 1631 D ActivityManager: Skipping, home or recents stack task: TaskRecord{816c808 #1 A=com.huawei.android.launcher U=0 StackId=0 sz=1}
04-24 12:11:04.390 413 413 W /system/bin/hwservicemanager: Cannot open /odm/manifest_FLA-AL20.xml
04-24 12:11:04.390 413 413 W /system/bin/hwservicemanager: getTransportFromManifest: Cannot find entry vendor.huawei.hardware.hwsched@1.0::ISched in either framework or device manifest, using default transport.
04-24 12:11:04.390 1176 1282 E BufferQueueProducer: [] Can not get hwsched service
04-24 12:11:04.394 649 649 I GRALLOC : shrFd=10,fmt=0x1,intFmt=0x1,btStrd=4352,size=9400320,pid=649
04-24 12:11:04.394 649 649 I GRALLOC : yuv=2,w=1080,h=2160,Stride u=0 v=0,offset u=0 v=0
04-24 12:11:04.394 649 649 I GRALLOC : iova_size=9400320,conUsg=0x306,proUsg=0x366, strd=1088,[afbc]HdrStrd=0 PyldStrd=0 Scrmbl=0,ionhnd = 1
04-24 12:11:04.395 677 677 I /vendor/bin/hw/vendor.huawei.hardware.sensors@1.0-service: activate-0 frameOpenedAls-1 enabled-0 cameraOpenedAls-0 frameOpenedColor-0 cameraOpenedColor-0
04-24 12:11:04.396 677 677 D SensorHub: Channel activate-> handle: 0, enabled:0, err: 0
04-24 12:11:04.399 1729 1883 I SensorState: sensor:0 name:accelerometer enable:false uid:10848
04-24 12:11:04.399 1729 1883 I SensorState: sensor stop, total history time:2712596
04-24 12:11:04.399 1729 1883 I SensorState: removeSensor,mHandles:{}
04-24 12:11:04.399 1729 1883 I PGServer: report state:4 event type:2 pid:0 uid:10848 pkg:null to pid: 1176
04-24 12:11:04.407 1176 6429 I WindowManager: WIN DEATH: Window{427eaf5 u0 com.jiansheng.blmn.demo/com.jiansheng.blmn.MainActivity}
04-24 12:11:04.408 1176 6429 V WindowManager: removeIfPossible: Window{427eaf5 u0 com.jiansheng.blmn.demo/com.jiansheng.blmn.MainActivity} callers=com.android.server.wm.WindowState.-wrap1:0 com.android.server.wm.WindowState$DeathRecipient.binderDied:2481 android.os.BinderProxy.sendDeathNotice:840
04-24 12:11:04.408 1176 6429 W InputDispatcher: Attempted to unregister already unregistered input channel '427eaf5 com.jiansheng.blmn.demo/com.jiansheng.blmn.MainActivity (server)'
04-24 12:11:04.408 1176 6429 I WindowManager: Destroying surface Surface(name=com.jiansheng.blmn.demo/com.jiansheng.blmn.MainActivity) called by com.android.server.wm.WindowStateAnimator.destroySurface:2089 com.android.server.wm.WindowStateAnimator.destroySurfaceLocked:899 com.android.server.wm.HwWindowStateAnimator.destroySurfaceLocked:1006 com.android.server.wm.WindowState.removeImmediately:1899 com.android.server.wm.WindowState.removeIfPossible:2051 com.android.server.wm.WindowState.-wrap1:0 com.android.server.wm.WindowState$DeathRecipient.binderDied:2481 android.os.BinderProxy.sendDeathNotice:840
04-24 12:11:04.409 1176 6429 W WindowManager: Exception thrown when updateSurfaceStatusWindowStateAnimator{d13e08a com.jiansheng.blmn.demo/com.jiansheng.blmn.MainActivity}: android.os.DeadObjectException
04-24 12:11:04.409 1176 6429 V WindowManager: postWindowRemoveCleanupLocked: Window{427eaf5 u0 com.jiansheng.blmn.demo/com.jiansheng.blmn.MainActivity}
04-24 12:11:04.409 1176 6429 V WindowManager: Removing Window{427eaf5 u0 com.jiansheng.blmn.demo/com.jiansheng.blmn.MainActivity} from AppWindowToken{f5f0dd2 token=Token{769e05d ActivityRecord{3678a34 u0 com.jiansheng.blmn.demo/com.jiansheng.blmn.MainActivity t319}}}
04-24 12:11:04.412 1176 1176 I TrafficMonitor: expired arrive. level:-1
04-24 12:11:04.413 1176 1176 I TrafficMonitor: during_ms:2000,period_ms:2000
04-24 12:11:04.413 1176 1176 I TrafficMonitor: count:995,rx_sum:69,tx_sum:2,rxBytes:12217,during_ms:2000,rx_speed:6108.5,tx_speed:186.0,rto:34.5
04-24 12:11:04.413 1176 1176 D HuaweiWifiWatchdogStateMachine: speed: rxpkt:69, rxSpd:6108B/s, txpkt:2, txSpd:186
04-24 12:11:04.415 1463 1463 D ImageWallpaper: onOffsetsChanged: xOffset=0.0, yOffset=0.0, xOffsetStep=0.0, yOffsetStep=0.0, xPixels=0, yPixels=0
04-24 12:11:04.415 1176 11623 W InputMethodManagerService: Got RemoteException sending setActive(false) notification to pid 7754 uid 10848
04-24 12:11:04.415 1463 1463 D ImageWallpaper: Suppressed drawFrame since redraw is not needed and offsets have not changed.sf=Rect(0, 0 - 2160, 2160)
04-24 12:11:04.417 1176 1631 D ActivityManager: Skipping intent:flg=0x10804000 cmp=com.android.systemui/.recents.RecentsActivity bnds=[48,1549][1032,3035]
04-24 12:11:04.417 1176 1631 D ActivityManager: Skipping intent:act=android.deviceinfo.chooser.action.LAUNCH flg=0x10800000 hwFlg=0x100 pkg=com.android.settings cmp=com.android.settings/.deviceinfo.UsbConnModeChooserActivity
04-24 12:11:04.417 1176 1631 D ActivityManager: Skipping intent:act=android.intent.action.VIEW dat=content://com.android.browser.fileProvider/external_files/Download/browser/online-102660-14569-1.apk typ=application/vnd.android.package-archive flg=0x18800000 cmp=com.android.packageinstaller/.InstallStart
04-24 12:11:04.417 1176 1631 D ActivityManager: Skipping intent:act=android.intent.action.VIEW dat=content://com.goplaycn.googleinstall.fileprovider/external_files/GoogleInstaller/download/Phonesky.apk typ=application/vnd.android.package-archive flg=0x10800001 cmp=com.android.packageinstaller/.InstallStart
04-24 12:11:04.417 1176 1631 D ActivityManager: Skipping intent:act=android.intent.action.VIEW dat=content://com.goplaycn.googleinstall.fileprovider/external_files/GoogleInstaller/download/PrebuiltGmsCore.apk typ=application/vnd.android.package-archive flg=0x10800001 cmp=com.android.packageinstaller/.InstallStart
04-24 12:11:04.417 1176 1631 D ActivityManager: Skipping intent:act=android.intent.action.VIEW dat=content://com.android.browser.fileProvider/external_files/Download/browser/online-110389-12878-6.apk typ=application/vnd.android.package-archive flg=0x10800000 cmp=com.android.packageinstaller/.InstallStart
04-24 12:11:04.417 1176 1631 D ActivityManager: Skipping intent:act=android.intent.action.VIEW dat=content://com.android.browser.fileProvider/external_files/Download/browser/UC浏览器.apk typ=application/vnd.android.package-archive flg=0x18800000 cmp=com.android.packageinstaller/.InstallStart
04-24 12:11:04.417 1176 1631 D ActivityManager: Skipping intent:act=android.intent.action.VIEW dat=content://com.android.browser.fileProvider/external_files/Download/browser/UCBrowser_V12.9.6.1076_android_pf145_(Build200417171911).apk typ=application/vnd.android.package-archive flg=0x18800000 cmp=com.android.packageinstaller/.InstallStart
04-24 12:11:04.417 1176 1631 D ActivityManager: Skipping intent:act=android.intent.action.VIEW dat=content://com.android.browser.fileProvider/external_files/Download/browser/UCBrowser_V12.9.6.1076_android_pf145_(Build200417171911)(1).apk typ=application/vnd.android.package-archive flg=0x18800000 cmp=com.android.packageinstaller/.InstallStart
04-24 12:11:04.417 1176 1631 D ActivityManager: Skipping intent:flg=0x10808000 cmp=com.huawei.tips/.CopyInfo
04-24 12:11:04.417 1176 1631 D ActivityManager: Skipping intent:act=android.intent.action.VIEW dat=content://com.android.browser.fileProvider/external_files/Download/browser/online-109117-12005-3.apk typ=application/vnd.android.package-archive flg=0x18800000 cmp=com.android.packageinstaller/.InstallStart
04-24 12:11:04.417 1176 1631 D ActivityManager: Skipping intent:act=com.huawei.action.VOICE_ASSISTANT flg=0x10800000 cmp=com.huawei.vassistant/.ui.main.VAssistantActivity
04-24 12:11:04.422 1463 1463 D BarTransitions.HwNavigationBarView: MODE_OPAQUE -> MODE_TRANSLUCENT animate=false
04-24 12:11:04.422 1463 1463 D BarTransitions.HwNavigationBarView: applyModeBackground oldMode=MODE_OPAQUE newMode=MODE_TRANSLUCENT animate=false
04-24 12:11:04.424 5232 5232 I wangchen: SysInfo.getSysParam: orientation=1||config d=3.0,w=1080,h=2038||metrics d=3.0,w=1080,h=2038||sdk=26,bar_h=72
04-24 12:11:04.425 5232 5232 I KeymapLoader: w=1080 h=2038 ori=true appScale=3.3 s1=3.0
04-24 12:11:04.428 1176 1728 I ActivityManager: Process com.jiansheng.blmn.demo (pid 7754) has died: vis +99TOP
04-24 12:11:04.429 1176 1728 D ActivityManager: cleanUpApplicationRecord app: ProcessRecord{2c3f8b8 7754:com.jiansheng.blmn.demo/u0a848}, app.bad: false, restarting: false, allowRestart: true
04-24 12:11:04.432 1708 1975 E HsmCoreServiceImpl: onTransact in code is: 102
04-24 12:11:04.432 1708 1975 I MediaProcessHandler: processOp opType: 1, uid: 10848, pid: 7754
04-24 12:11:04.432 1708 1975 W MediaProcessHandler: remove target not exist, maybe the UI process: uid: 10848, pid: 7754
04-24 12:11:04.432 1708 1975 I MediaProcessHandler: executedCallBack opType: 1 mMediaStatusObservers.size=0
04-24 12:11:04.433 1176 1192 E ProcessInfoCollector: getProcessInfo: failed to find this proc
04-24 12:11:04.436 1176 1631 D HwLocationManagerService: on transact REMOVE_LOCATION_MODE uid is 10848 , packagename is com.jiansheng.blmn.demo
04-24 12:11:04.436 1176 1631 D HwLocationManagerService: remove SupervisoryControlProc packagename=com.jiansheng.blmn.demo
04-24 12:11:04.436 1176 1631 D HwLocationManagerService: package has no request send yet
04-24 12:11:04.438 649 649 I GRALLOC : shrFd=10,fmt=0x1,intFmt=0x200000001,btStrd=4352,size=9547776,pid=649
04-24 12:11:04.438 649 649 I GRALLOC : yuv=2,w=1080,h=2160,Stride u=0 v=0,offset u=0 v=0
04-24 12:11:04.438 649 649 I GRALLOC : iova_size=9547776,conUsg=0xb00,proUsg=0xb00, strd=1088,[afbc]HdrStrd=1088 PyldStrd=69632 Scrmbl=0,ionhnd = 1
04-24 12:11:04.438 1463 1463 D ImageWallpaper: onOffsetsChanged: xOffset=0.0, yOffset=0.0, xOffsetStep=0.0, yOffsetStep=0.0, xPixels=0, yPixels=0
04-24 12:11:04.439 1463 1463 D ImageWallpaper: Suppressed drawFrame since redraw is not needed and offsets have not changed.sf=Rect(0, 0 - 2160, 2160)
04-24 12:11:04.444 1176 1728 V WindowManager: removeAppToken: AppWindowToken{f5f0dd2 token=Token{769e05d ActivityRecord{3678a34 u0 com.jiansheng.blmn.demo/com.jiansheng.blmn.MainActivity t319}}} delayed=false Callers=com.android.server.wm.DisplayContent.removeAppToken:994 com.android.server.wm.AppWindowContainerController.removeContainer:352 com.android.server.am.ActivityRecord.removeWindowContainer:1045 com.android.server.am.ActivityStack.removeActivityFromHistoryLocked:4486
04-24 12:11:04.452 1176 1445 D WindowManager: finishDrawingWindow: Window{f435c1b u0 com.huawei.android.launcher/com.huawei.android.launcher.unihome.UniHomeLauncher} mDrawState=HAS_DRAWN
04-24 12:11:04.464 1176 1204 V WindowManager: Checking 0 opening apps (frozen=false timeout=false)...
04-24 12:11:04.467 1176 1204 W ActivityManager: setHasOverlayUi called on unknown pid: 7754
04-24 12:11:04.469 1729 1883 I APwTrigger: no high cpu load
04-24 12:11:04.473 1176 11623 W ActivityManager: Sending non-protected broadcast com.huawei.intent.action.PG_THERMAL_MSG_ACTION from system 1729:com.huawei.powergenie/1000 pkg com.huawei.powergenie
04-24 12:11:04.473 1729 1883 I BroadcastAdapter: send hight cpu load msg to thermal!
04-24 12:11:04.529 1176 1392 D HwArpVerifier: performPollAndLog:
04-24 12:11:04.530 1176 1392 D hw_netstat: total/862/2115,com.jiansheng.blmn.demo/255/2063,unknown:0/607/52
04-24 12:11:04.531 1176 5622 I OpenGLRenderer: Initialized EGL, version 1.4
04-24 12:11:04.531 1176 5622 D OpenGLRenderer: Swap behavior 2
04-24 12:11:04.534 1176 1204 D SmartcareProc: onSignalStrengthsChanged: signalStrength is: SignalStrength: 99 -1 0 0 -70 -98 32767 -1 32767 99 0 0 0 2147483647 0 -1 true cdma , on sub: 1
04-24 12:11:04.534 1176 1204 D SmartcareProc: SignalStrength update result, ss: SignalStrengthInfo:68043809 mGsmSignalStrength: -1 mWcdmaRscp: -1 mWcdmaEcio: -1 mLteRsrp: -1 mLteRsrq: -1 mCdmaDbm: -70 mCdmaEcio: -98 mEvdoDbm: 32767mEvdoEcio: -1mLteRssnr: -1
04-24 12:11:04.534 1176 1176 I MQoS : onSignal: mSubId=1,currDataSubID=1
04-24 12:11:04.534 1176 1176 I MQoS : received cell-signal:5
04-24 12:11:04.702 688 688 I aptouch_daemon: filter_touch_detect, down, in: 1, out: 1
04-24 12:11:04.785 1176 1185 I zygote64: NativeAllocBackground concurrent copying GC freed 115883(5MB) AllocSpace objects, 4(80KB) LOS objects, 42% free, 30MB/53MB, paused 463us total 208.773ms
04-24 12:11:04.790 777 777 E : [E/capacity_limit_control] not demo version, not set power control prop!
04-24 12:11:04.802 688 688 I aptouch_daemon: filter_touch_detect, all_touch_up
04-24 12:11:04.805 1463 1463 D PhoneStatusBar: mRecentsClickListener onClick
04-24 12:11:04.806 1463 1598 D PhoneStatusBar: mRecentsClickListener runInThread
04-24 12:11:04.807 1463 1596 D ReporterUtil: c id:7
04-24 12:11:04.808 1463 1463 I StatusBar: toggleRecents
04-24 12:11:04.808 1463 1463 I Recents : toggleRecents is SystemUser
04-24 12:11:04.810 1463 1463 I RecentsImpl: isRecentsActivityVisiblefalse
04-24 12:11:04.810 1463 1463 D HwRecentsLockUtils: Search
04-24 12:11:04.810 1708 1975 E HsmCoreServiceImpl: onTransact in code is: 103
04-24 12:11:04.810 1708 1975 I MediaProcessHandler: playingUids:
04-24 12:11:04.811 1176 11623 D ActivityManager: Skipping, home or recents stack task: TaskRecord{816c808 #1 A=com.huawei.android.launcher U=0 StackId=0 sz=1}
04-24 12:11:04.811 1176 11623 D ActivityManager: Skipping intent:flg=0x10804000 cmp=com.android.systemui/.recents.RecentsActivity bnds=[48,1549][1032,3035]
04-24 12:11:04.811 1176 11623 D ActivityManager: Skipping intent:act=android.deviceinfo.chooser.action.LAUNCH flg=0x10800000 hwFlg=0x100 pkg=com.android.settings cmp=com.android.settings/.deviceinfo.UsbConnModeChooserActivity
04-24 12:11:04.811 1176 11623 D ActivityManager: Skipping intent:act=android.intent.action.VIEW dat=content://com.android.browser.fileProvider/external_files/Download/browser/online-102660-14569-1.apk typ=application/vnd.android.package-archive flg=0x18800000 cmp=com.android.packageinstaller/.InstallStart
04-24 12:11:04.811 1176 11623 D ActivityManager: Skipping intent:act=android.intent.action.VIEW dat=content://com.goplaycn.googleinstall.fileprovider/external_files/GoogleInstaller/download/Phonesky.apk typ=application/vnd.android.package-archive flg=0x10800001 cmp=com.android.packageinstaller/.InstallStart
04-24 12:11:04.811 1176 11623 D ActivityManager: Skipping intent:act=android.intent.action.VIEW dat=content://com.goplaycn.googleinstall.fileprovider/external_files/GoogleInstaller/download/PrebuiltGmsCore.apk typ=application/vnd.android.package-archive flg=0x10800001 cmp=com.android.packageinstaller/.InstallStart
04-24 12:11:04.811 1176 11623 D ActivityManager: Skipping intent:act=android.intent.action.VIEW dat=content://com.android.browser.fileProvider/external_files/Download/browser/online-110389-12878-6.apk typ=application/vnd.android.package-archive flg=0x10800000 cmp=com.android.packageinstaller/.InstallStart
04-24 12:11:04.811 1176 11623 D ActivityManager: Skipping intent:act=android.intent.action.VIEW dat=content://com.android.browser.fileProvider/external_files/Download/browser/UC浏览器.apk typ=application/vnd.android.package-archive flg=0x18800000 cmp=com.android.packageinstaller/.InstallStart
04-24 12:11:04.811 1176 11623 D ActivityManager: Skipping intent:act=android.intent.action.VIEW dat=content://com.android.browser.fileProvider/external_files/Download/browser/UCBrowser_V12.9.6.1076_android_pf145_(Build200417171911).apk typ=application/vnd.android.package-archive flg=0x18800000 cmp=com.android.packageinstaller/.InstallStart
04-24 12:11:04.811 1176 11623 D ActivityManager: Skipping intent:act=android.intent.action.VIEW dat=content://com.android.browser.fileProvider/external_files/Download/browser/UCBrowser_V12.9.6.1076_android_pf145_(Build200417171911)(1).apk typ=application/vnd.android.package-archive flg=0x18800000 cmp=com.android.packageinstaller/.InstallStart
04-24 12:11:04.811 1176 11623 D ActivityManager: Skipping intent:flg=0x10808000 cmp=com.huawei.tips/.CopyInfo
04-24 12:11:04.811 1176 11623 D ActivityManager: Skipping intent:act=android.intent.action.VIEW dat=content://com.android.browser.fileProvider/external_files/Download/browser/online-109117-12005-3.apk typ=application/vnd.android.package-archive flg=0x18800000 cmp=com.android.packageinstaller/.InstallStart
04-24 12:11:04.811 1176 11623 D ActivityManager: Skipping intent:act=com.huawei.action.VOICE_ASSISTANT flg=0x10800000 cmp=com.huawei.vassistant/.ui.main.VAssistantActivity
04-24 12:11:04.815 1463 1463 I RecentsImpl: startRecentsActivity
04-24 12:11:04.820 1176 11623 I ActivityManager: START u0 {flg=0x10804000 cmp=com.android.systemui/.recents.RecentsActivity} from uid 10023
04-24 12:11:04.820 1176 11623 I ActivityManager: ActivityRecord info: ActivityInfo{c1f3489 com.android.systemui.recents.RecentsActivity}
04-24 12:11:04.842 1176 11623 V WindowManager: No longer Stopped: AppWindowToken{8fde175 token=Token{a2500ac ActivityRecord{8face5f u0 com.android.systemui/.recents.RecentsActivity t176}}}
04-24 12:11:04.842 1176 11623 W HwActivityManagerServiceEx: appSwitch from: com.huawei.android.launcher to: com.android.systemui
04-24 12:11:04.842 1176 1193 W HwActivityManagerServiceEx: HwActivityNotifier end call android.app.IHwActivityNotifier$Stub$Proxy@a8f29ef for appSwitch under user 0 cost 0
04-24 12:11:04.842 1176 11623 V WindowManager: findFocusedWindow: AppWindowToken{ded901e token=Token{41a38a0 ActivityRecord{86adda3 u0 com.huawei.android.launcher/.unihome.UniHomeLauncher t1}}} below Reached focused app=AppWindowToken{8fde175 token=Token{a2500ac ActivityRecord{8face5f u0 com.android.systemui/.recents.RecentsActivity t176}}}
04-24 12:11:04.846 1729 1883 D ScenarioService: front pkg : com.android.systemui launcher: false
04-24 12:11:04.846 1729 1883 D ScenarioService: new above launcher front pkgs: [com.android.systemui]
04-24 12:11:04.846 1729 1883 I AppsUsage: scnOff:false FgAPP:com.android.systemui BgAPP:com.huawei.android.launcher
04-24 12:11:04.847 1729 2056 I ash : front pkg : com.android.systemui launcher: false
04-24 12:11:04.847 1729 2056 I ash : above launcher front pkgs: [com.android.systemui]
04-24 12:11:04.848 1770 1937 W OpenGLRenderer: Incorrectly called buildLayer on View: ShortcutAndWidgetContainer, destroying layer...
04-24 12:11:04.848 1770 1937 W OpenGLRenderer: Incorrectly called buildLayer on View: ShortcutAndWidgetContainer, destroying layer...
04-24 12:11:04.849 1729 3409 I PGServer: checkPkgType. calling pkg: com.huawei.android.hwaps
04-24 12:11:04.850 1770 7929 D MotionDetectionManager: stopMotionAppsReco motionApps: 403
04-24 12:11:04.850 1770 7929 D MotionDetectionManager: stopMotionAppsReco not recognition motionApps 403
04-24 12:11:04.850 1770 7929 W HwLauncher: Launcher.MotionManager stopMotionAppsReco service flg 403 is unavailable
04-24 12:11:04.850 649 649 I GRALLOC : shrFd=10,fmt=0x1,intFmt=0x200000001,btStrd=4352,size=9547776,pid=649
04-24 12:11:04.850 649 649 I GRALLOC : yuv=2,w=1080,h=2160,Stride u=0 v=0,offset u=0 v=0
04-24 12:11:04.850 649 649 I GRALLOC : iova_size=9547776,conUsg=0xb00,proUsg=0xb00, strd=1088,[afbc]HdrStrd=1088 PyldStrd=69632 Scrmbl=0,ionhnd = 1
04-24 12:11:04.855 1176 1385 D EmcomManagerService: forePackage name is com.android.systemui
04-24 12:11:04.856 1176 1385 D HicomPolicyManager: foreAppInfo = nullpkgName = com.android.systemui uid= 10023
04-24 12:11:04.856 1176 1385 E HicomPolicyManager: udp acc is not start yet!
04-24 12:11:04.856 1176 1385 D HicomPolicyManager: speed control is not start
04-24 12:11:04.856 1176 1385 E HicomPolicyManager: Network Evaluation is not start yet!
04-24 12:11:04.856 1176 1385 E HicomPolicyManager: foreground app info is null
04-24 12:11:04.856 2379 3998 D [HwRecSys]HwRecSysService: onEvent actionID: 10000 msg:com.android.systemui
04-24 12:11:04.857 2379 3998 E [HwRecSys]HwRecSysService: getIsRportDirectService is false!
04-24 12:11:04.857 1176 11623 V WindowManager: notifyAppResumed: wasStopped=true AppWindowToken{8fde175 token=Token{a2500ac ActivityRecord{8face5f u0 com.android.systemui/.recents.RecentsActivity t176}}}
04-24 12:11:04.857 1729 2133 I PGServer: report state:10010 event type:2 pid:0 uid:0 pkg:com.huawei.android.launcher to pid: 1176
04-24 12:11:04.857 1729 2133 I PGServer: report state:10010 event type:2 pid:0 uid:0 pkg:com.huawei.android.launcher to pid: 1729
04-24 12:11:04.858 1729 2133 I SceneReceiver: state type: 10010 eventType:2 pid:0 uid:0 pkg:com.huawei.android.launcher
04-24 12:11:04.858 1729 2133 I PGServer: report state:10000 event type:1 pid:0 uid:0 pkg:com.android.systemui to pid: 1176
04-24 12:11:04.858 1729 3409 W libc : Set property "sys.aps.gameProcessName" to ""
04-24 12:11:04.858 1729 2133 I PGServer: report state:10000 event type:1 pid:0 uid:0 pkg:com.android.systemui to pid: 1729
