04-24 12:08:43.285 1176 1176 I TrafficMonitor: update:rxPkts:19,txPkts:4,rxBytes:4460,txBytes:548
04-24 12:08:43.285 1176 1176 I TrafficMonitor: start expired. level:-1
04-24 12:08:43.285 1176 1176 I TrafficMonitor: gettimer:interval=2000
04-24 12:08:43.315 487 7892 W libc : Set property "hw.wifi.dns_stat" to "309,28,476,1,4937"
04-24 12:08:44.111 1176 1392 D HwArpVerifier: performPollAndLog:
04-24 12:08:44.114 1176 1392 D hw_netstat: total/6885/5126,com.jiansheng.blmn.demo/6094/5067,unknown:0/791/59
04-24 12:08:44.281 1176 1176 I TrafficMonitor: expired arrive. level:-1
04-24 12:08:44.282 1176 1176 I TrafficMonitor: during_ms:2002,period_ms:2000
04-24 12:08:44.282 1176 1176 I TrafficMonitor: count:925,rx_sum:19,tx_sum:4,rxBytes:4460,during_ms:2002,rx_speed:2227.7722277722282,tx_speed:273.72627372627375,rto:4.75
04-24 12:08:44.282 1176 1176 D HuaweiWifiWatchdogStateMachine: speed: rxpkt:19, rxSpd:2227B/s, txpkt:4, txSpd:273
04-24 12:08:44.401 777 777 E : [E/capacity_limit_control] not demo version, not set power control prop!
04-24 12:08:44.564 679 679 E WifiHAL : enter wifi_get_link_stats
04-24 12:08:44.568 742 742 E wificond: Failed to get NL80211_RATE_INFO_NOISE
04-24 12:08:44.568 742 742 E wificond: Failed to get NL80211_RATE_INFO_SNR
04-24 12:08:44.568 742 742 E wificond: Failed to get NL80211_STA_INFO_CNAHLOAD
04-24 12:08:44.569 1176 1337 E WificondControl: Noise: 0, Snr: -1, Chload: -1
04-24 12:08:44.569 1176 1339 D HwWifiCHRStateManager: handleMessage : 1001
04-24 12:08:44.569 1176 1339 D HwWifiCHRStateManager: handleUpdateChannel:2412
04-24 12:08:44.569 1176 1339 V HwWifiServiceFactory: get AllImpl object = com.android.server.wifi.HwWifiServiceFactoryImpl@2205edc
04-24 12:08:44.570 1176 1337 D HwCustWifiStateMachineReferenceImpl: checkRssiOverThreshold newRssi = -30
04-24 12:08:44.571 1176 1337 D WifiScoreReport: Score = 100, wifiConnectivityManagerEnabled = false, lowScoreCount = 0
04-24 12:08:44.658 1176 1338 D HwWifiStatStore: handleMessage : 200
04-24 12:08:44.900 722 722 D DE N ACA: updateParam:145: mFilteredCct = 241.333328, mAscendDeltaCctMax = 67.573334, mDescendDeltaCctMax = 41.371429
04-24 12:08:44.900 722 722 D DE N SR : setAmbientParam:941: DE_SCENE_ACTION_AMBIENT_CHANGE set mLux:1016 mCt:241
04-24 12:08:45.077 1176 1176 D HwInnerWifiManagerImpl: SupplicantState = COMPLETED
04-24 12:08:45.078 1176 1176 D HwInnerWifiManagerImpl: isPhoneAP = false
04-24 12:08:45.077 1463 1463 D KeyguardUpdateMonitor: received broadcast android.intent.action.BATTERY_CHANGED
04-24 12:08:45.078 1463 1463 W KeyguardUpdateMonitor: ACTION_BATTERY_CHANGED AMP: 500000; Volt: 5000000
04-24 12:08:45.078 1463 1463 V KeyguardUpdateMonitor: RefreshBatteryInfo isBatteryLow: 70
04-24 12:08:45.078 1463 1463 W KeyguardUpdateMonitor: ChargingSpeed Wattage: 2500000 ST: 5000000 --> 7500000
04-24 12:08:45.078 1463 1463 I KgBattery: BatteryInfo updated: 2lPc0
04-24 12:08:45.078 1463 1463 W AppHandler: sendMessage with obj100
04-24 12:08:45.078 1463 1463 D KeyguardUpdateMonitor: handleBatteryUpdate
04-24 12:08:45.078 1176 1176 D HwInnerWifiManagerImpl: SupplicantState = COMPLETED
04-24 12:08:45.078 1176 1176 D HwInnerWifiManagerImpl: isPhoneAP = false
04-24 12:08:45.078 1463 1463 W HwLockScreenPanel: Handle message: 100
04-24 12:08:45.078 1176 1176 D WifiStateMachine: mBcastReceiver: PluggedType = 2 mIsScanCtrlPluggedin = true
04-24 12:08:45.078 1463 1463 W HwKeyguardBottomArea: updateBatteryInfo : false true
04-24 12:08:45.078 1463 1463 W KgBattery: getCharge info with type: text
04-24 12:08:45.079 1176 1176 D HwWifiService: mPluggedType =2
04-24 12:08:45.079 1176 1176 D WifiService: onReceive, action:android.intent.action.BATTERY_CHANGED
04-24 12:08:45.079 1176 1176 D WifiService: ACTION_BATTERY_CHANGED pluggedType: 2
04-24 12:08:45.081 1463 1463 W HwLockScreenPanel: refreshBatteryInfo: null
04-24 12:08:45.083 5515 5671 E CloudAlbum[8.1.2.309]: [ReceiverManager] not log on ignore
04-24 12:08:45.084 1729 1729 I MsgReceiver: intent action: android.intent.action.BATTERY_CHANGED
04-24 12:08:45.287 1176 1176 I TrafficMonitor: update:rxPkts:35,txPkts:19,rxBytes:6569,txBytes:4578
04-24 12:08:45.288 1176 1176 I TrafficMonitor: start expired. level:-1
04-24 12:08:45.288 1176 1176 I TrafficMonitor: gettimer:interval=2000
04-24 12:08:45.954 3756 3774 D LogUtil_LogConfig: obtainSavePath(): path = 1
04-24 12:08:45.955 3756 3774 D LogUtil_LogConfig: getLogFile(): logFilePath = /data/data/com.huawei.health/files/com.huawei.health/com.huawei.health_DaemonService/
04-24 12:08:45.955 3756 3774 D LogUtil_LogConfig: obtainSavePath(): path = 1
04-24 12:08:45.955 3756 3774 D LogUtil_LogConfig: acquireMaxLogFileLengthContainsOffset describe: com.huawei.health:DaemonService result:5242880
04-24 12:08:45.955 3756 3774 D LogUtil_LogConfig: obtainSavePath(): path = 1
04-24 12:08:45.956 3756 3774 D LogUtil_LogConfig: getLogFileRoot(): logFilePath = /data/data/com.huawei.health/files/com.huawei.health/com.huawei.health_DaemonService/
04-24 12:08:46.759 742 742 E wificond: Failed to get NL80211_RATE_INFO_NOISE
04-24 12:08:46.759 742 742 E wificond: Failed to get NL80211_RATE_INFO_SNR
04-24 12:08:46.759 742 742 E wificond: Failed to get NL80211_STA_INFO_CNAHLOAD
04-24 12:08:46.760 1176 1337 E WificondControl: Noise: 0, Snr: -1, Chload: -1
04-24 12:08:46.760 1176 1339 D HwWifiCHRStateManager: handleMessage : 1001
04-24 12:08:46.760 1176 1339 D HwWifiCHRStateManager: handleUpdateChannel:2412
04-24 12:08:46.760 1176 1339 V HwWifiServiceFactory: get AllImpl object = com.android.server.wifi.HwWifiServiceFactoryImpl@2205edc
04-24 12:08:46.762 742 742 E wificond: Failed to get NL80211_RATE_INFO_NOISE
04-24 12:08:46.762 742 742 E wificond: Failed to get NL80211_RATE_INFO_SNR
04-24 12:08:46.762 742 742 E wificond: Failed to get NL80211_STA_INFO_CNAHLOAD
04-24 12:08:46.763 1176 1406 D HuaweiWifiWatchdogStateMachine: LM mrssi=-25
04-24 12:08:46.763 1176 1406 D HuaweiWifiWatchdogStateMachine: a4:fa:**:**:eb:b0 current loss[-45]=0%, volume=25
04-24 12:08:46.763 1176 1406 D HuaweiWifiWatchdogStateMachine: a4:fa:**:**:eb:b0 history loss[-45]=0%, volume=13825185
04-24 12:08:46.764 1176 1406 I HuaweiWifiWatchdogStateMachine: spd good count:0, add sc:0.0, rate:1.0
04-24 12:08:46.764 1176 1406 I HuaweiWifiWatchdogStateMachine: current mHighDataFlowRate = 1.0
04-24 12:08:46.764 1176 1406 I HuaweiWifiWatchdogStateMachine: POta txb txg rxg:0, 31, 0. Lr =0% Totpkt=31
04-24 12:08:46.765 1176 3109 D HwWifiConnectivityMonitor: ENTER: notifyTopUidTcpInfo, tx = 19, rx = 15, reTx = 0, uid = 10848, tr = 0.0
04-24 12:08:46.765 1176 3109 D HwWifiConnectivityMonitor: ENTER: notifyTopUidTcpInfo, rtt = 216, rttPkts = 6, aveRtt = 36.0, app = com.jiansheng.blmn.demo
04-24 12:08:46.766 1176 3109 D HwUidTcpMonitor: parseWlanUidTcpStatistics lastUidTcpStatInfo = [ mUid = 10848 mPacketName = com.jiansheng.blmn.demo mSendSegs = 2472 mResendSegs = 0 mRcvSegs = 2877 ]
04-24 12:08:46.766 1176 1400 D HwWifiConnectivityMonitor: handleTopUidInternetStatusChanged, uid = 10848, status = 0
04-24 12:08:46.766 1176 1176 D WiFi_PRO: MSG_RETURN_AP_CURRY_RSSI rssi = -25
04-24 12:08:46.767 1176 1176 I QosMonitor: queryRtt: rtt_type = 3
04-24 12:08:46.767 1176 1176 I HwQoEJNI: send_cmd_kernel. begin
04-24 12:08:46.767 1176 1176 I HwQoEJNI: send_cmd_kernel. end
04-24 12:08:46.768 1176 1176 I QosMonitor: postEventFromNative: msg=100,arg1=4,arg2=10
04-24 12:08:46.768 1176 1176 I HwQoEJNI: send_cmd_kernel. begin
04-24 12:08:46.768 1176 1176 I HwQoEJNI: send_cmd_kernel. end
04-24 12:08:46.768 1176 1176 I QosMonitor: postEventFromNative: msg=100,arg1=0,arg2=10
04-24 12:08:46.769 1176 1176 D HuaweiWifiWatchdogStateMachine: a4:fa:**:**:eb:b0 current RTT[-45]=360, volume=6
04-24 12:08:46.769 1176 1176 D HuaweiWifiWatchdogStateMachine: a4:fa:**:**:eb:b0 history RTT[-45]=511, volume=60809
04-24 12:08:46.769 1176 1176 D HuaweiWifiWatchdogStateMachine: setSampleRtt: rtt=360,rtt_pkts =6,rtt_when=2
04-24 12:08:46.769 1176 1176 I MQoS : rtt=360,tcp_tx_pkts=480835,tcp_rx_pkts=921344
04-24 12:08:46.769 1176 1176 I QosMonitor: resetRtt: rtt_type = 3
04-24 12:08:46.769 1176 1176 I HwQoEJNI: send_cmd_kernel. begin
04-24 12:08:46.769 1176 1176 I HwQoEJNI: send_cmd_kernel. end
04-24 12:08:46.770 1176 1406 D HuaweiWifiWatchdogStateMachine: dumpTcpResult: len=10,rtt=360,rttPkt=6,rttWn=2,cgt=0,cgtWn=0
04-24 12:08:46.770 1176 1406 I HuaweiWifiWatchdogStateMachine: PTcp RTT:360, rtt pkt=6, tcp_rx=15, tcp_tx=19, tcp_reTran=0, rtRate=0
04-24 12:08:46.770 1176 1406 D HuaweiWifiWatchdogStateMachine: isRttGood is good, AvgRtt = 360, TotPkt = 6
04-24 12:08:46.770 1176 1406 D HuaweiWifiWatchdogStateMachine: mRssiBadCount =0, RSSI not bad.
04-24 12:08:46.770 1176 1406 D HuaweiWifiWatchdogStateMachine: detectNetworkAvailable:hw.wifipro.dns_fail_count = 131
04-24 12:08:46.770 1176 1406 D HuaweiWifiWatchdogStateMachine: detectNetworkAvailable: tcpRxPkts != 0, reset
04-24 12:08:46.770 1176 1406 I HuaweiWifiWatchdogStateMachine: rs ota tcp lr rttvb bad: false, false, false, false, false; rsth:-75
04-24 12:08:46.770 1176 1406 D HuaweiWifiWatchdogStateMachine: GSC:0, GSR:1.0, RSR:1.0, RTH:-75
04-24 12:08:46.770 1176 1406 I HuaweiWifiWatchdogStateMachine: judge good link######, goodLinkLevel=3
04-24 12:08:46.770 1176 1406 I HuaweiWifiWatchdogStateMachine: sendResultMsgToQM bssid:a4:fa:**:**:eb:b0, qoslevel=3
04-24 12:08:46.770 1176 1406 I HuaweiWifiWatchdogStateMachine: link good reported, good base rssi:-34
04-24 12:08:46.771 1176 1406 D HuaweiWifiWatchdogStateMachine: goodperiod count=0, rb rttg sg =false, true, false
04-24 12:08:46.771 1176 1176 D WiFi_PRO_WifiProStateMachine: onNetworkQosChange, currentWifiLevel == 3, wifiNoInternet = false, updateUiOnly = true
04-24 12:08:46.771 1176 1406 D HuaweiWifiWatchdogStateMachine: bqeLevel = 3 rtt=360,rtt_pkts=6 speed=2227 rssi=-25
04-24 12:08:46.771 1176 1406 D HuaweiWifiWatchdogStateMachine: Enter updateQoeLevel level = 3
04-24 12:08:46.771 1176 1406 D HuaweiWifiWatchdogStateMachine: updateQoeLevel need two more periods, return
04-24 12:08:46.771 1176 1406 I HuaweiWifiWatchdogStateMachine: pkt chk not bad, reset sc to 0.
04-24 12:08:46.771 1176 1406 D HuaweiWifiWatchdogStateMachine: ### mPktChkBadCnt=0
04-24 12:08:46.775 1176 3515 I MQoS : QOS_level:0(0),wifi-link;SIM error;use level-0
04-24 12:08:46.906 741 741 E Thermal-daemon: [shell_temp] temp_new :34 temp_old :33
04-24 12:08:46.907 1729 27267 I ThermalService: Receive temperature change, type: 22, temp: 34 from thermald
04-24 12:08:46.907 1729 27267 I ThermalTrace_ThermalRaise: Shell:-100,33,34,currentBatteryTemp:33
04-24 12:08:46.908 741 741 E Thermal-daemon: Report temperature: [shell_temp] temp :34 report_threshold:1
04-24 12:08:46.908 741 741 E Thermal-daemon: [pa_0] temp_new :35 temp_old :34
04-24 12:08:46.909 1729 27267 I ThermalService: Receive temperature change, type: 1, temp: 35 from thermald
04-24 12:08:46.909 741 741 E Thermal-daemon: Report temperature: [pa_0] temp :35 report_threshold:1
04-24 12:08:46.910 741 741 E Thermal-daemon: [Thermal_Hw] temperature_filter: temperature debounce
04-24 12:08:46.910 741 741 E Thermal-daemon: [charger_ic] temp_new :40 temp_old :35
04-24 12:08:46.910 1729 27267 I ThermalService: Receive temperature change, type: 2, temp: 40 from thermald
04-24 12:08:46.910 1729 2560 D HwThermalStateManager: Thermal type: 2 cur_temperature:40
04-24 12:08:46.910 1729 2560 W HwThermalStateManager: warning: no config thermal type:2 temperature:40
04-24 12:08:46.911 741 741 E Thermal-daemon: Report temperature: [charger_ic] temp :40 report_threshold:1
04-24 12:08:47.289 1176 1176 I TrafficMonitor: update:rxPkts:16,txPkts:2,rxBytes:2060,txBytes:372
04-24 12:08:47.289 1176 1176 I TrafficMonitor: start expired. level:-1
04-24 12:08:47.290 1176 1176 I TrafficMonitor: gettimer:interval=2000
04-24 12:08:47.573 679 679 E WifiHAL : enter wifi_get_link_stats
04-24 12:08:47.576 742 742 E wificond: Failed to get NL80211_RATE_INFO_NOISE
04-24 12:08:47.576 742 742 E wificond: Failed to get NL80211_RATE_INFO_SNR
04-24 12:08:47.576 742 742 E wificond: Failed to get NL80211_STA_INFO_CNAHLOAD
04-24 12:08:47.576 1176 1337 E WificondControl: Noise: 0, Snr: -1, Chload: -1
04-24 12:08:47.576 1176 1339 D HwWifiCHRStateManager: handleMessage : 1001
04-24 12:08:47.576 1176 1339 D HwWifiCHRStateManager: handleUpdateChannel:2412
04-24 12:08:47.576 1176 1339 V HwWifiServiceFactory: get AllImpl object = com.android.server.wifi.HwWifiServiceFactoryImpl@2205edc
04-24 12:08:47.577 1176 1337 D HwCustWifiStateMachineReferenceImpl: checkRssiOverThreshold newRssi = -25
04-24 12:08:47.578 1176 1337 D WifiScoreReport: Score = 100, wifiConnectivityManagerEnabled = false, lowScoreCount = 0
04-24 12:08:47.661 1176 1338 D HwWifiStatStore: handleMessage : 200
04-24 12:08:49.119 1176 1392 D HwArpVerifier: performPollAndLog:
04-24 12:08:49.121 1176 1392 D hw_netstat: total/136/744,com.jiansheng.blmn.demo/0/744,unknown:0/136/0
04-24 12:08:49.182 1176 1589 W Watchdog: hungtask: writing kick
04-24 12:08:49.185 1176 1202 I EventHub: EventHub monitor: no key events in the past 5942s, no motion events in the past 40s
04-24 12:08:49.290 1176 1176 I TrafficMonitor: update:rxPkts:20,txPkts:2,rxBytes:1624,txBytes:372
04-24 12:08:49.291 1176 1176 I TrafficMonitor: start expired. level:-1
04-24 12:08:49.291 1176 1176 I TrafficMonitor: gettimer:interval=2000
04-24 12:08:49.410 777 777 E : [E/capacity_limit_control] not demo version, not set power control prop!
04-24 12:08:49.413 722 722 D DE N ACA: updateParam:145: mFilteredCct = 375.000000, mAscendDeltaCctMax = 105.000000, mDescendDeltaCctMax = 64.285713
04-24 12:08:49.414 722 722 D DE N SR : setAmbientParam:941: DE_SCENE_ACTION_AMBIENT_CHANGE set mLux:1016 mCt:375
04-24 12:08:49.446 777 777 E : [E/capacity_limit_control] not demo version, not set power control prop!
04-24 12:08:49.448 1176 1288 D HwBatteryService: onUEvent fcpStatus = 0,scpStatus =0,ovpStatus=0
04-24 12:08:49.449 1176 1288 I UsbDeviceManager: water_intrused state= 0
04-24 12:08:49.457 1176 1176 D HwInnerWifiManagerImpl: SupplicantState = COMPLETED
04-24 12:08:49.457 1176 1176 D HwInnerWifiManagerImpl: isPhoneAP = false
04-24 12:08:49.458 1176 1176 D HwInnerWifiManagerImpl: SupplicantState = COMPLETED
04-24 12:08:49.458 1176 1176 D HwInnerWifiManagerImpl: isPhoneAP = false
04-24 12:08:49.458 1176 1176 D WifiStateMachine: mBcastReceiver: PluggedType = 2 mIsScanCtrlPluggedin = true
04-24 12:08:49.458 1176 1176 D HwWifiService: mPluggedType =2
04-24 12:08:49.459 1176 1176 D WifiService: onReceive, action:android.intent.action.BATTERY_CHANGED
04-24 12:08:49.459 1176 1176 D WifiService: ACTION_BATTERY_CHANGED pluggedType: 2
04-24 12:08:49.459 1729 1729 I MsgReceiver: intent action: android.intent.action.BATTERY_CHANGED
04-24 12:08:49.460 1463 1463 D KeyguardUpdateMonitor: received broadcast android.intent.action.BATTERY_CHANGED
04-24 12:08:49.460 1463 1463 W KeyguardUpdateMonitor: ACTION_BATTERY_CHANGED AMP: 500000; Volt: 5000000
04-24 12:08:49.461 1463 1463 V KeyguardUpdateMonitor: RefreshBatteryInfo isBatteryLow: 70
04-24 12:08:49.461 1463 1463 W KeyguardUpdateMonitor: ChargingSpeed Wattage: 2500000 ST: 5000000 --> 7500000
04-24 12:08:49.461 1463 1463 I KgBattery: BatteryInfo updated: 2lPc0
04-24 12:08:49.461 1463 1463 W AppHandler: sendMessage with obj100
04-24 12:08:49.461 1463 1463 D KeyguardUpdateMonitor: handleBatteryUpdate
04-24 12:08:49.461 1463 1463 W HwLockScreenPanel: Handle message: 100
04-24 12:08:49.461 1463 1463 W HwKeyguardBottomArea: updateBatteryInfo : false true
04-24 12:08:49.461 1463 1463 W KgBattery: getCharge info with type: text
04-24 12:08:49.461 5515 5671 E CloudAlbum[8.1.2.309]: [ReceiverManager] not log on ignore
04-24 12:08:49.463 1463 1463 W HwLockScreenPanel: refreshBatteryInfo: null
04-24 12:08:50.288 1176 1176 I TrafficMonitor: expired arrive. level:-1
04-24 12:08:50.289 1176 1176 I TrafficMonitor: during_ms:2001,period_ms:2000
04-24 12:08:50.289 1176 1176 I TrafficMonitor: count:928,rx_sum:20,tx_sum:2,rxBytes:1624,during_ms:2001,rx_speed:811.5942028985507,tx_speed:185.90704647676162,rto:10.0
04-24 12:08:50.289 1176 1176 D HuaweiWifiWatchdogStateMachine: speed: rxpkt:20, rxSpd:811B/s, txpkt:2, txSpd:185
04-24 12:08:50.581 679 679 E WifiHAL : enter wifi_get_link_stats
04-24 12:08:50.586 742 742 E wificond: Failed to get NL80211_RATE_INFO_NOISE
04-24 12:08:50.586 742 742 E wificond: Failed to get NL80211_RATE_INFO_SNR
04-24 12:08:50.586 742 742 E wificond: Failed to get NL80211_STA_INFO_CNAHLOAD
04-24 12:08:50.587 1176 1337 E WificondControl: Noise: 0, Snr: -1, Chload: -1
04-24 12:08:50.587 1176 1339 D HwWifiCHRStateManager: handleMessage : 1001
04-24 12:08:50.587 1176 1339 D HwWifiCHRStateManager: handleUpdateChannel:2412
04-24 12:08:50.587 1176 1339 V HwWifiServiceFactory: get AllImpl object = com.android.server.wifi.HwWifiServiceFactoryImpl@2205edc
04-24 12:08:50.588 1176 1337 D HwCustWifiStateMachineReferenceImpl: checkRssiOverThreshold newRssi = -25
04-24 12:08:50.589 1176 1337 D WifiScoreReport: Score = 100, wifiConnectivityManagerEnabled = false, lowScoreCount = 0
04-24 12:08:50.666 1176 1338 D HwWifiStatStore: handleMessage : 200
04-24 12:08:51.292 1176 1176 I TrafficMonitor: update:rxPkts:14,txPkts:1,rxBytes:980,txBytes:186
04-24 12:08:51.293 1176 1176 I TrafficMonitor: start expired. level:-1
04-24 12:08:51.293 1176 1176 I TrafficMonitor: gettimer:interval=2000
04-24 12:08:51.882 677 677 D SensorHub: batch called handle:0 sample_ns:20000000 latency_ns:0
04-24 12:08:51.883 677 677 D SensorHub: in batch, handle = 0, flags = 0, period_ns = 20000000, timeout = 0
04-24 12:08:51.885 1729 1883 I SensorState: sensor:0 name:accelerometer enable:false uid:10848
04-24 12:08:51.885 1729 1883 I SensorState: removeSensor,mHandles:{0=1}
04-24 12:08:51.885 1729 1883 I PGServer: report state:4 event type:2 pid:0 uid:10848 pkg:null to pid: 1176
04-24 12:08:51.914 741 741 E Thermal-daemon: [ap] temp_new :39 temp_old :38
04-24 12:08:51.914 1729 18882 I ThermalService: Receive temperature change, type: 0, temp: 39 from thermald
04-24 12:08:51.915 741 741 E Thermal-daemon: Report temperature: [ap] temp :39 report_threshold:1
04-24 12:08:51.915 1729 2560 D HwThermalStateManager: Thermal type: 0 cur_temperature:39
04-24 12:08:51.915 1729 2560 I HwThermalStateManager: sensorType: 0, triggerLevel = 0, triggerAction :{ucurrent=1000, cpu=0, cpu_a15=0, gpu=0}
04-24 12:08:51.915 1729 2560 I ThermalAction: new ThermalAction
04-24 12:08:51.915 1729 2560 I HwThermalStateManager: sensor name: cpu temperature: 39 , thermal action: ucurrent policy:1000
04-24 12:08:53.294 1176 1176 I TrafficMonitor: update:rxPkts:23,txPkts:3,rxBytes:1859,txBytes:456
04-24 12:08:53.295 1176 1176 I TrafficMonitor: start expired. level:-1
04-24 12:08:53.295 1176 1176 I TrafficMonitor: gettimer:interval=2000
04-24 12:08:53.593 679 679 E WifiHAL : enter wifi_get_link_stats
04-24 12:08:53.598 742 742 E wificond: Failed to get NL80211_RATE_INFO_NOISE
04-24 12:08:53.598 742 742 E wificond: Failed to get NL80211_RATE_INFO_SNR
04-24 12:08:53.598 742 742 E wificond: Failed to get NL80211_STA_INFO_CNAHLOAD
04-24 12:08:53.598 1176 1337 E WificondControl: Noise: 0, Snr: -1, Chload: -1
04-24 12:08:53.599 1176 1339 D HwWifiCHRStateManager: handleMessage : 1001
04-24 12:08:53.599 1176 1339 D HwWifiCHRStateManager: handleUpdateChannel:2412
04-24 12:08:53.599 1176 1339 V HwWifiServiceFactory: get AllImpl object = com.android.server.wifi.HwWifiServiceFactoryImpl@2205edc
04-24 12:08:53.600 1176 1337 D HwCustWifiStateMachineReferenceImpl: checkRssiOverThreshold newRssi = -25
04-24 12:08:53.600 1176 1337 D WifiScoreReport: Score = 100, wifiConnectivityManagerEnabled = false, lowScoreCount = 0
04-24 12:08:53.674 1176 1338 D HwWifiStatStore: handleMessage : 200
04-24 12:08:54.082 1176 1392 D HwArpVerifier: check_wifi_state_mode = 0 mCheckStateToken=25 token25
04-24 12:08:54.083 1176 1392 D wifiserviceimpl: netmask =16777215
04-24 12:08:54.131 1176 1392 D HWMultiGW: setGateWay 192.168.1.1
04-24 12:08:54.137 1106 1119 I OAM : [check_file_size:505]/data/log/wifi/wifi_log_1 log file beyond size=10240Byte, creat new file
04-24 12:08:54.137 1106 1119 I OAM : [rename_old_file:210]rename_old_file
04-24 12:08:54.137 1106 1119 I OAM :
04-24 12:08:54.453 777 777 E : [E/capacity_limit_control] not demo version, not set power control prop!
04-24 12:08:54.765 742 742 E wificond: Failed to get NL80211_RATE_INFO_NOISE
04-24 12:08:54.765 742 742 E wificond: Failed to get NL80211_RATE_INFO_SNR
04-24 12:08:54.765 742 742 E wificond: Failed to get NL80211_STA_INFO_CNAHLOAD
04-24 12:08:54.765 1176 1337 E WificondControl: Noise: 0, Snr: -1, Chload: -1
04-24 12:08:54.767 1176 1339 D HwWifiCHRStateManager: handleMessage : 1001
04-24 12:08:54.767 1176 1339 D HwWifiCHRStateManager: handleUpdateChannel:2412
04-24 12:08:54.767 1176 1339 V HwWifiServiceFactory: get AllImpl object = com.android.server.wifi.HwWifiServiceFactoryImpl@2205edc
04-24 12:08:54.769 742 742 E wificond: Failed to get NL80211_RATE_INFO_NOISE
04-24 12:08:54.769 742 742 E wificond: Failed to get NL80211_RATE_INFO_SNR
04-24 12:08:54.769 742 742 E wificond: Failed to get NL80211_STA_INFO_CNAHLOAD
04-24 12:08:54.771 1176 1406 D HuaweiWifiWatchdogStateMachine: LM mrssi=-25
04-24 12:08:54.772 1176 1406 D HuaweiWifiWatchdogStateMachine: a4:fa:**:**:eb:b0 current loss[-45]=0%, volume=11
04-24 12:08:54.772 1176 1406 D HuaweiWifiWatchdogStateMachine: a4:fa:**:**:eb:b0 history loss[-45]=0%, volume=13825196
04-24 12:08:54.772 1176 1406 I HuaweiWifiWatchdogStateMachine: spd good count:0, add sc:0.0, rate:1.0
04-24 12:08:54.772 1176 1406 I HuaweiWifiWatchdogStateMachine: current mHighDataFlowRate = 1.0
04-24 12:08:54.772 1176 1406 I HuaweiWifiWatchdogStateMachine: POta txb txg rxg:0, 11, 0. Lr =0% Totpkt=11
04-24 12:08:54.773 1176 1176 D WiFi_PRO: MSG_RETURN_AP_CURRY_RSSI rssi = -25
04-24 12:08:54.773 1176 1176 I QosMonitor: queryRtt: rtt_type = 3
04-24 12:08:54.774 1176 1176 I HwQoEJNI: send_cmd_kernel. begin
04-24 12:08:54.774 1176 1176 I HwQoEJNI: send_cmd_kernel. end
04-24 12:08:54.774 1176 1176 I QosMonitor: postEventFromNative: msg=100,arg1=4,arg2=10
04-24 12:08:54.774 1176 1176 I HwQoEJNI: send_cmd_kernel. begin
04-24 12:08:54.774 1176 1176 I HwQoEJNI: send_cmd_kernel. end
04-24 12:08:54.775 1176 1176 I QosMonitor: postEventFromNative: msg=100,arg1=0,arg2=10
04-24 12:08:54.775 1176 1176 D HuaweiWifiWatchdogStateMachine: setSampleRtt: unvalid rtt
04-24 12:08:54.775 1176 1176 I MQoS : rtt=360,tcp_tx_pkts=480835,tcp_rx_pkts=921344
04-24 12:08:54.780 1176 1406 D HuaweiWifiWatchdogStateMachine: dumpTcpResult: len=10,rtt=360,rttPkt=6,rttWn=10,cgt=0,cgtWn=0
04-24 12:08:54.780 1176 1406 I HuaweiWifiWatchdogStateMachine: PTcp RTT:0, rtt pkt=0, tcp_rx=0, tcp_tx=0, tcp_reTran=0, rtRate=0
04-24 12:08:54.780 1176 1406 D HuaweiWifiWatchdogStateMachine: mRssiBadCount =0, RSSI not bad.
04-24 12:08:54.780 1176 1406 D HuaweiWifiWatchdogStateMachine: detectNetworkAvailable:hw.wifipro.dns_fail_count = 131
04-24 12:08:54.780 1176 1406 D HuaweiWifiWatchdogStateMachine: bqeLevel = 2 rtt=0,rtt_pkts=0 speed=811 rssi=-25
04-24 12:08:54.780 1176 1406 D HuaweiWifiWatchdogStateMachine: Enter updateQoeLevel level = 2
04-24 12:08:54.780 1176 1406 D HuaweiWifiWatchdogStateMachine: updateQoeLevel current level equal to mLastDetectLevel, return
04-24 12:08:54.781 1176 1406 D HuaweiWifiWatchdogStateMachine: did not have any network action
04-24 12:08:54.783 1176 3515 I MQoS : QOS_level:0(0),wifi-link;SIM error;use level-0
04-24 12:08:55.131 1176 1392 D HwArpVerifier: getGateWayARPResponses: arp rtt = 11
04-24 12:08:55.132 1176 1392 E HwCHRWifiRSSIGroupSummery: updatArpSummery mRSSI:-25 HwCHRWifiRSSIGroup [rssi_index=4, rtt_tcp_packets=0, rtt_tcp_duration=0, rtt_lan_duration=6663, rtt_lan_failures=0, rtt_lan_succ=309, rtt_lan_max=939, rtt_lan_min=3,same_area_frequency=0,adjacent_area_frequency=0]
04-24 12:08:55.161 1176 1392 D HwArpVerifier: There are 1 mac address for gateway
04-24 12:08:55.162 1176 1392 D HwArpVerifier: from HEART_CHECK transmit to state:HEART_CHECK
04-24 12:08:55.162 1176 1392 D HwArpVerifier: msg what=124 arg1(token)=25 arg2(mode)=0 delay=30000
04-24 12:08:55.162 1176 1392 D HwArpVerifier: performPollAndLog:
04-24 12:08:55.165 1176 1392 D hw_netstat: total/56/1200,com.jiansheng.blmn.demo/0/1116,unknown:0/56/84
04-24 12:08:55.297 1176 1176 I TrafficMonitor: update:rxPkts:25,txPkts:2,rxBytes:2101,txBytes:372
04-24 12:08:55.298 1176 1176 I TrafficMonitor: start expired. level:-1
04-24 12:08:55.298 1176 1176 I TrafficMonitor: gettimer:interval=2000
04-24 12:08:55.793 639 698 I ArData : (ar_data_netlink_cb:789):cmd[2].length[40]
04-24 12:08:56.283 677 877 D SensorHub: Get acc data -0.344765, 0.057461, 9.385271
04-24 12:08:56.293 1176 1176 I TrafficMonitor: expired arrive. level:-1
04-24 12:08:56.294 1176 1176 I TrafficMonitor: during_ms:2003,period_ms:2000
04-24 12:08:56.294 1176 1176 I TrafficMonitor: count:931,rx_sum:25,tx_sum:2,rxBytes:2101,during_ms:2003,rx_speed:1048.9266100848727,tx_speed:185.7214178731902,rto:12.5
04-24 12:08:56.294 1176 1176 D HuaweiWifiWatchdogStateMachine: speed: rxpkt:25, rxSpd:1048B/s, txpkt:2, txSpd:185
04-24 12:08:56.601 679 679 E WifiHAL : enter wifi_get_link_stats
04-24 12:08:56.612 742 742 E wificond: Failed to get NL80211_RATE_INFO_NOISE
04-24 12:08:56.612 742 742 E wificond: Failed to get NL80211_RATE_INFO_SNR
04-24 12:08:56.612 742 742 E wificond: Failed to get NL80211_STA_INFO_CNAHLOAD
04-24 12:08:56.613 1176 1337 E WificondControl: Noise: 0, Snr: -1, Chload: -1
04-24 12:08:56.617 1176 1339 D HwWifiCHRStateManager: handleMessage : 1001
04-24 12:08:56.618 1176 1339 D HwWifiCHRStateManager: handleUpdateChannel:2412
04-24 12:08:56.618 1176 1339 V HwWifiServiceFactory: get AllImpl object = com.android.server.wifi.HwWifiServiceFactoryImpl@2205edc
04-24 12:08:56.620 1176 1337 D HwCustWifiStateMachineReferenceImpl: checkRssiOverThreshold newRssi = -26
04-24 12:08:56.621 1176 1337 D WifiScoreReport: Score = 100, wifiConnectivityManagerEnabled = false, lowScoreCount = 0
04-24 12:08:56.677 1176 1338 D HwWifiStatStore: handleMessage : 200
04-24 12:08:56.915 741 741 E Thermal-daemon: [shell_temp] temp_new :35 temp_old :34
04-24 12:08:56.916 1729 18882 I ThermalService: Receive temperature change, type: 22, temp: 35 from thermald
04-24 12:08:56.917 1729 18882 I ThermalTrace_ThermalRaise: Shell:33,34,35,currentBatteryTemp:33
04-24 12:08:56.917 741 741 E Thermal-daemon: Report temperature: [shell_temp] temp :35 report_threshold:1
04-24 12:08:56.918 741 741 E Thermal-daemon: [battery] temp_new :34 temp_old :33
04-24 12:08:56.918 1729 18882 I ThermalService: Receive temperature change, type: 9, temp: 34 from thermald
04-24 12:08:56.918 1729 18882 I ThermalTrace_ThermalRaise: Battery:34
04-24 12:08:56.919 741 741 E Thermal-daemon: Report temperature: [battery] temp :34 report_threshold:1
04-24 12:08:56.920 1729 2560 W HwThermalStateManager: warning: no config thermal type:9 temperature:34
04-24 12:08:56.921 741 741 E Thermal-daemon: [charger_ic] temp_new :42 temp_old :40
04-24 12:08:56.921 1729 18882 I ThermalService: Receive temperature change, type: 2, temp: 42 from thermald
04-24 12:08:56.922 741 741 E Thermal-daemon: Report temperature: [charger_ic] temp :42 report_threshold:1
04-24 12:08:56.922 1729 2560 D HwThermalStateManager: Thermal type: 2 cur_temperature:42
04-24 12:08:56.922 1729 2560 W HwThermalStateManager: warning: no config thermal type:2 temperature:42
04-24 12:08:57.299 1176 1176 I TrafficMonitor: update:rxPkts:51,txPkts:2,rxBytes:13273,txBytes:372
04-24 12:08:57.299 1176 1176 I TrafficMonitor: start expired. level:-1
04-24 12:08:57.299 1176 1176 I TrafficMonitor: gettimer:interval=2000
04-24 12:08:59.301 1176 1176 I TrafficMonitor: update:rxPkts:86,txPkts:2,rxBytes:18415,txBytes:372
04-24 12:08:59.301 1176 1176 I TrafficMonitor: no expired. level:2
04-24 12:08:59.301 1176 1176 I TrafficMonitor: gettimer:interval=2000
04-24 12:08:59.301 1176 1176 I TrafficMonitor: during_ms:2001,period_ms:2000
04-24 12:08:59.301 1176 1176 I TrafficMonitor: count:933,rx_sum:86,tx_sum:2,rxBytes:18415,during_ms:2001,rx_speed:9202.898550724638,tx_speed:185.90704647676162,rto:43.0
04-24 12:08:59.301 1176 1176 D HuaweiWifiWatchdogStateMachine: speed: rxpkt:86, rxSpd:9202B/s, txpkt:2, txSpd:185
04-24 12:08:59.461 777 777 E : [E/capacity_limit_control] not demo version, not set power control prop!
04-24 12:08:59.625 679 679 E WifiHAL : enter wifi_get_link_stats
04-24 12:08:59.629 742 742 E wificond: Failed to get NL80211_RATE_INFO_NOISE
04-24 12:08:59.629 742 742 E wificond: Failed to get NL80211_RATE_INFO_SNR
04-24 12:08:59.629 742 742 E wificond: Failed to get NL80211_STA_INFO_CNAHLOAD
04-24 12:08:59.630 1176 1337 E WificondControl: Noise: 0, Snr: -1, Chload: -1
04-24 12:08:59.630 1176 1339 D HwWifiCHRStateManager: handleMessage : 1001
04-24 12:08:59.630 1176 1339 D HwWifiCHRStateManager: handleUpdateChannel:2412
04-24 12:08:59.630 1176 1339 V HwWifiServiceFactory: get AllImpl object = com.android.server.wifi.HwWifiServiceFactoryImpl@2205edc
04-24 12:08:59.631 1176 1337 D HwCustWifiStateMachineReferenceImpl: checkRssiOverThreshold newRssi = -37
04-24 12:08:59.631 1176 1337 D WifiScoreReport: Score = 100, wifiConnectivityManagerEnabled = false, lowScoreCount = 0
04-24 12:08:59.681 1176 1338 D HwWifiStatStore: handleMessage : 200
04-24 12:09:00.002 1176 1176 V AlarmManager: Received TIME_TICK alarm; rescheduling
04-24 12:09:00.003 1176 1176 I HwAlarmManagerService: hwSetAlarm listenerTag: time_tick
04-24 12:09:00.006 1463 1463 E DateView: DateView,mCurrentTime: 1587701340006
04-24 12:09:00.011 1463 1463 I EventCenter: EventCenter Get :android.intent.action.TIME_TICK
04-24 12:09:00.016 1463 1463 W HwKeyguardDragHelper: AnimationBlocked
04-24 12:09:00.022 1463 1463 W ResourceType: No known package when getting value for resource number 0xffffffff
04-24 12:09:00.022 1463 1463 E DateLunarView: mDateString is: 4月24日星期五
04-24 12:09:00.023 1463 1463 W ResourceType: No known package when getting value for resource number 0xffffffff
04-24 12:09:00.024 1463 1463 E DateLunarView: mDateString is: 4月24日星期五
04-24 12:09:00.027 1463 1463 D WeatherHelper: City info empty
04-24 12:09:00.029 1463 1463 D WeatherHelper: City info empty
04-24 12:09:00.029 1463 1463 D KeyguardUpdateMonitor: received broadcast android.intent.action.TIME_TICK
04-24 12:09:00.037 1770 1770 I HwLauncher: Model onReceive intent=Intent { act=android.intent.action.TIME_TICK flg=0x50200014 hwFlg=0x900 (has extras) }
04-24 12:09:00.037 1770 1770 I HwLauncher: Model onReceive user=UserHandle{0}
04-24 12:09:00.041 1463 1463 D KeyguardUpdateMonitor: handleTimeUpdate
04-24 12:09:00.041 1463 1782 I KeyguardStatusView: Runnable for refresh
04-24 12:09:00.046 1463 1463 D WeatherHelper: City info empty
04-24 12:09:00.066 3756 3806 I Step_LSC: 80001355|processHandleBroadcastAction action:android.intent.action.TIME_TICK
04-24 12:09:00.068 2379 2379 I [HwRecSys]TimerController: onMinuteChange requestWeather
04-24 12:09:00.078 1176 11623 V BroadcastQueue: Finished with ordered broadcast BroadcastRecord{3ad803a u-1 android.intent.action.TIME_TICK}
04-24 12:09:00.103 656 6282 D asd : [asd_proc_hal_data],hal data soundness: L[0],R[0]
04-24 12:09:00.112 1463 1463 D WeatherHelper: City info empty
04-24 12:09:00.112 1463 1463 D DateTimeView: Change to single clock mode!
04-24 12:09:00.114 1463 1463 D WeatherHelper: City info empty
04-24 12:09:00.114 1463 1463 D WeatherHelper: City info empty
04-24 12:09:00.114 1463 1463 D DateTimeView: Change to single clock mode!
04-24 12:09:00.116 1463 1463 D WeatherHelper: City info empty
04-24 12:09:00.171 1176 1392 D HwArpVerifier: performPollAndLog:
04-24 12:09:00.173 1176 1392 D hw_netstat: total/136/930,com.jiansheng.blmn.demo/0/930,unknown:0/136/0
04-24 12:09:01.304 1176 1176 I TrafficMonitor: update:rxPkts:69,txPkts:2,rxBytes:11491,txBytes:372
04-24 12:09:01.305 1176 1176 I TrafficMonitor: start expired. level:-1
04-24 12:09:01.305 1176 1176 I TrafficMonitor: gettimer:interval=2000
04-24 12:09:01.922 741 741 E Thermal-daemon: [shell_temp] temp_new :34 temp_old :35
04-24 12:09:01.924 1729 18882 I ThermalService: Receive temperature change, type: 22, temp: 34 from thermald
04-24 12:09:01.924 1729 18882 I ThermalTrace_ThermalRaise: Shell:34,35,34,currentBatteryTemp:34
04-24 12:09:01.925 741 741 E Thermal-daemon: Report temperature: [shell_temp] temp :34 report_threshold:1
04-24 12:09:01.926 741 741 E Thermal-daemon: [charger_ic] temp_new :37 temp_old :42
04-24 12:09:01.927 1729 18882 I ThermalService: Receive temperature change, type: 2, temp: 37 from thermald
04-24 12:09:01.927 1729 2560 D HwThermalStateManager: Thermal type: 2 cur_temperature:37
04-24 12:09:01.927 1729 2560 W HwThermalStateManager: warning: no config thermal type:2 temperature:37
04-24 12:09:01.928 741 741 E Thermal-daemon: Report temperature: [charger_ic] temp :37 report_threshold:1
04-24 12:09:01.928 741 741 E Thermal-daemon: [ap] temp_new :40 temp_old :39
04-24 12:09:01.929 1729 18882 I ThermalService: Receive temperature change, type: 0, temp: 40 from thermald
04-24 12:09:01.930 741 741 E Thermal-daemon: Report temperature: [ap] temp :40 report_threshold:1
04-24 12:09:01.930 1729 2560 D HwThermalStateManager: Thermal type: 0 cur_temperature:40
04-24 12:09:02.634 679 679 E WifiHAL : enter wifi_get_link_stats
04-24 12:09:02.641 742 742 E wificond: Failed to get NL80211_RATE_INFO_NOISE
04-24 12:09:02.641 742 742 E wificond: Failed to get NL80211_RATE_INFO_SNR
04-24 12:09:02.641 742 742 E wificond: Failed to get NL80211_STA_INFO_CNAHLOAD
04-24 12:09:02.642 1176 1337 E WificondControl: Noise: 0, Snr: -1, Chload: -1
04-24 12:09:02.642 1176 1339 D HwWifiCHRStateManager: handleMessage : 1001
04-24 12:09:02.642 1176 1339 D HwWifiCHRStateManager: handleUpdateChannel:2412
04-24 12:09:02.642 1176 1339 V HwWifiServiceFactory: get AllImpl object = com.android.server.wifi.HwWifiServiceFactoryImpl@2205edc
04-24 12:09:02.644 1176 1337 D HwCustWifiStateMachineReferenceImpl: checkRssiOverThreshold newRssi = -39
04-24 12:09:02.644 1176 1337 D WifiScoreReport: Score = 100, wifiConnectivityManagerEnabled = false, lowScoreCount = 0
04-24 12:09:02.686 1176 1338 D HwWifiStatStore: handleMessage : 200
04-24 12:09:02.768 742 742 E wificond: Failed to get NL80211_RATE_INFO_NOISE
04-24 12:09:02.768 742 742 E wificond: Failed to get NL80211_RATE_INFO_SNR
04-24 12:09:02.768 742 742 E wificond: Failed to get NL80211_STA_INFO_CNAHLOAD
04-24 12:09:02.769 1176 1337 E WificondControl: Noise: 0, Snr: -1, Chload: -1
04-24 12:09:02.770 1176 1339 D HwWifiCHRStateManager: handleMessage : 1001
04-24 12:09:02.770 1176 1339 D HwWifiCHRStateManager: handleUpdateChannel:2412
04-24 12:09:02.770 1176 1339 V HwWifiServiceFactory: get AllImpl object = com.android.server.wifi.HwWifiServiceFactoryImpl@2205edc
04-24 12:09:02.773 742 742 E wificond: Failed to get NL80211_RATE_INFO_NOISE
04-24 12:09:02.773 742 742 E wificond: Failed to get NL80211_RATE_INFO_SNR
04-24 12:09:02.773 742 742 E wificond: Failed to get NL80211_STA_INFO_CNAHLOAD
04-24 12:09:02.774 1176 1406 D HuaweiWifiWatchdogStateMachine: LM mrssi=-39
04-24 12:09:02.774 1176 1406 D HuaweiWifiWatchdogStateMachine: a4:fa:**:**:eb:b0 current loss[-45]=0%, volume=8
04-24 12:09:02.774 1176 1406 D HuaweiWifiWatchdogStateMachine: a4:fa:**:**:eb:b0 history loss[-45]=0%, volume=13825204
04-24 12:09:02.775 1176 1406 I HuaweiWifiWatchdogStateMachine: spd good count:0, add sc:0.0, rate:1.0
04-24 12:09:02.775 1176 1406 I HuaweiWifiWatchdogStateMachine: current mHighDataFlowRate = 1.0
04-24 12:09:02.775 1176 1406 I HuaweiWifiWatchdogStateMachine: POta txb txg rxg:0, 19, 0. Lr =0% Totpkt=19
04-24 12:09:02.777 1176 1176 D WiFi_PRO: MSG_RETURN_AP_CURRY_RSSI rssi = -39
04-24 12:09:02.778 1176 1176 I QosMonitor: queryRtt: rtt_type = 3
04-24 12:09:02.778 1176 1176 I HwQoEJNI: send_cmd_kernel. begin
04-24 12:09:02.778 1176 1176 I HwQoEJNI: send_cmd_kernel. end
04-24 12:09:02.779 1176 1176 I QosMonitor: postEventFromNative: msg=100,arg1=4,arg2=10
04-24 12:09:02.779 1176 1176 I HwQoEJNI: send_cmd_kernel. begin
04-24 12:09:02.779 1176 1176 I HwQoEJNI: send_cmd_kernel. end
04-24 12:09:02.779 1176 1176 I QosMonitor: postEventFromNative: msg=100,arg1=0,arg2=10
04-24 12:09:02.780 1176 1176 D HuaweiWifiWatchdogStateMachine: setSampleRtt: unvalid rtt
04-24 12:09:02.780 1176 1176 I MQoS : rtt=360,tcp_tx_pkts=480835,tcp_rx_pkts=921344
04-24 12:09:02.785 1176 1406 D HuaweiWifiWatchdogStateMachine: dumpTcpResult: len=10,rtt=360,rttPkt=6,rttWn=18,cgt=0,cgtWn=0
04-24 12:09:02.785 1176 1406 I HuaweiWifiWatchdogStateMachine: PTcp RTT:0, rtt pkt=0, tcp_rx=0, tcp_tx=0, tcp_reTran=0, rtRate=0
04-24 12:09:02.785 1176 1406 D HuaweiWifiWatchdogStateMachine: mRssiBadCount =0, RSSI not bad.
04-24 12:09:02.785 1176 1406 D HuaweiWifiWatchdogStateMachine: detectNetworkAvailable:hw.wifipro.dns_fail_count = 131
04-24 12:09:02.786 1176 1406 D HuaweiWifiWatchdogStateMachine: bqeLevel = 2 rtt=0,rtt_pkts=0 speed=9202 rssi=-39
04-24 12:09:02.786 1176 1406 D HuaweiWifiWatchdogStateMachine: Enter updateQoeLevel level = 2
04-24 12:09:02.786 1176 1406 D HuaweiWifiWatchdogStateMachine: updateQoeLevel current level equal to mLastDetectLevel, return
04-24 12:09:02.786 1176 1406 D HuaweiWifiWatchdogStateMachine: did not have any network action
04-24 12:09:02.794 1176 3515 I MQoS : QOS_level:0(0),wifi-link;SIM error;use level-0
04-24 12:09:03.307 1176 1176 I TrafficMonitor: update:rxPkts:32,txPkts:2,rxBytes:10055,txBytes:372
04-24 12:09:03.307 1176 1176 I TrafficMonitor: start expired. level:-1
04-24 12:09:03.307 1176 1176 I TrafficMonitor: gettimer:interval=2000
04-24 12:09:04.301 1176 1176 I TrafficMonitor: expired arrive. level:-1
04-24 12:09:04.301 1176 1176 I TrafficMonitor: during_ms:2003,period_ms:2000
04-24 12:09:04.301 1176 1176 I TrafficMonitor: count:935,rx_sum:32,tx_sum:2,rxBytes:10055,during_ms:2003,rx_speed:5019.970044932601,tx_speed:185.7214178731902,rto:16.0
04-24 12:09:04.301 1176 1176 D HuaweiWifiWatchdogStateMachine: speed: rxpkt:32, rxSpd:5019B/s, txpkt:2, txSpd:185
04-24 12:09:04.469 777 777 E : [E/capacity_limit_control] not demo version, not set power control prop!
04-24 12:09:05.178 1176 1392 D HwArpVerifier: performPollAndLog:
04-24 12:09:05.181 1176 1392 D hw_netstat: total/328/930,com.jiansheng.blmn.demo/0/930,unknown:0/328/0
04-24 12:09:05.308 1176 1176 I TrafficMonitor: update:rxPkts:20,txPkts:2,rxBytes:1614,txBytes:372
04-24 12:09:05.309 1176 1176 I TrafficMonitor: start expired. level:-1
04-24 12:09:05.309 1176 1176 I TrafficMonitor: gettimer:interval=2000
04-24 12:09:05.647 679 679 E WifiHAL : enter wifi_get_link_stats
04-24 12:09:05.656 742 742 E wificond: Failed to get NL80211_RATE_INFO_NOISE
04-24 12:09:05.656 742 742 E wificond: Failed to get NL80211_RATE_INFO_SNR
04-24 12:09:05.656 742 742 E wificond: Failed to get NL80211_STA_INFO_CNAHLOAD
04-24 12:09:05.657 1176 1337 E WificondControl: Noise: 0, Snr: -1, Chload: -1
04-24 12:09:05.657 1176 1339 D HwWifiCHRStateManager: handleMessage : 1001
04-24 12:09:05.657 1176 1339 D HwWifiCHRStateManager: handleUpdateChannel:2412
04-24 12:09:05.657 1176 1339 V HwWifiServiceFactory: get AllImpl object = com.android.server.wifi.HwWifiServiceFactoryImpl@2205edc
04-24 12:09:05.658 1176 1337 D HwCustWifiStateMachineReferenceImpl: checkRssiOverThreshold newRssi = -40
04-24 12:09:05.659 1176 1337 D WifiScoreReport: Score = 100, wifiConnectivityManagerEnabled = false, lowScoreCount = 0
04-24 12:09:05.690 1176 1338 D HwWifiStatStore: handleMessage : 200
04-24 12:09:06.930 741 741 E Thermal-daemon: [shell_temp] temp_new :35 temp_old :34
04-24 12:09:06.931 1729 18882 I ThermalService: Receive temperature change, type: 22, temp: 35 from thermald
04-24 12:09:06.931 1729 18882 I ThermalTrace_ThermalRaise: Shell:35,34,35,currentBatteryTemp:34
04-24 12:09:06.931 741 741 E Thermal-daemon: Report temperature: [shell_temp] temp :35 report_threshold:1
04-24 12:09:06.931 741 741 E Thermal-daemon: [battery] temp_new :33 temp_old :34
04-24 12:09:06.932 1729 27267 I ThermalService: Receive temperature change, type: 9, temp: 33 from thermald
04-24 12:09:06.932 1729 27267 I ThermalTrace_ThermalRaise: Battery:33
04-24 12:09:06.932 741 741 E Thermal-daemon: Report temperature: [battery] temp :33 report_threshold:1
04-24 12:09:06.933 1729 2560 W HwThermalStateManager: warning: no config thermal type:9 temperature:33
04-24 12:09:06.934 741 741 E Thermal-daemon: [charger_ic] temp_new :41 temp_old :37
04-24 12:09:06.934 1729 27267 I ThermalService: Receive temperature change, type: 2, temp: 41 from thermald
04-24 12:09:06.935 1729 2560 D HwThermalStateManager: Thermal type: 2 cur_temperature:41
04-24 12:09:06.935 1729 2560 W HwThermalStateManager: warning: no config thermal type:2 temperature:41
04-24 12:09:06.935 741 741 E Thermal-daemon: Report temperature: [charger_ic] temp :41 report_threshold:1
04-24 12:09:07.310 1176 1176 I TrafficMonitor: update:rxPkts:30,txPkts:2,rxBytes:4144,txBytes:372
04-24 12:09:07.311 1176 1176 I TrafficMonitor: start expired. level:-1
04-24 12:09:07.311 1176 1176 I TrafficMonitor: gettimer:interval=2000
04-24 12:09:08.661 679 679 E WifiHAL : enter wifi_get_link_stats
04-24 12:09:08.666 742 742 E wificond: Failed to get NL80211_RATE_INFO_NOISE
04-24 12:09:08.666 742 742 E wificond: Failed to get NL80211_RATE_INFO_SNR
04-24 12:09:08.666 742 742 E wificond: Failed to get NL80211_STA_INFO_CNAHLOAD
04-24 12:09:08.667 1176 1337 E WificondControl: Noise: 0, Snr: -1, Chload: -1
04-24 12:09:08.667 1176 1339 D HwWifiCHRStateManager: handleMessage : 1001
04-24 12:09:08.668 1176 1339 D HwWifiCHRStateManager: handleUpdateChannel:2412
04-24 12:09:08.668 1176 1339 V HwWifiServiceFactory: get AllImpl object = com.android.server.wifi.HwWifiServiceFactoryImpl@2205edc
04-24 12:09:08.670 1176 1337 D HwCustWifiStateMachineReferenceImpl: checkRssiOverThreshold newRssi = -34
04-24 12:09:08.670 1176 1337 D WifiScoreReport: Score = 100, wifiConnectivityManagerEnabled = false, lowScoreCount = 0
04-24 12:09:08.695 1176 1338 D HwWifiStatStore: handleMessage : 200
04-24 12:09:08.930 1176 1392 D HwArpVerifier: getIpRouteTable
04-24 12:09:09.016 1176 1392 D HwArpVerifier: Notify wifi default route is ok
04-24 12:09:09.311 1176 1176 I TrafficMonitor: update:rxPkts:46,txPkts:2,rxBytes:7222,txBytes:372
04-24 12:09:09.312 1176 1176 I TrafficMonitor: start expired. level:-1
04-24 12:09:09.312 1176 1176 I TrafficMonitor: gettimer:interval=2000
04-24 12:09:09.435 1176 1204 D SmartcareProc: onSignalStrengthsChanged: signalStrength is: SignalStrength: 99 -1 0 0 -69 -91 32767 -1 32767 99 0 0 0 2147483647 0 -1 true cdma , on sub: 1
04-24 12:09:09.436 1176 1204 D SmartcareProc: SignalStrength update result, ss: SignalStrengthInfo:68043809 mGsmSignalStrength: -1 mWcdmaRscp: -1 mWcdmaEcio: -1 mLteRsrp: -1 mLteRsrq: -1 mCdmaDbm: -69 mCdmaEcio: -91 mEvdoDbm: 32767mEvdoEcio: -1mLteRssnr: -1
04-24 12:09:09.437 1176 1176 I MQoS : onSignal: mSubId=1,currDataSubID=1
04-24 12:09:09.438 1176 1176 I MQoS : received cell-signal:5
04-24 12:09:09.474 777 777 E : [E/capacity_limit_control] not demo version, not set power control prop!
04-24 12:09:09.482 862 996 W libc : Set property "ril.balong_cid" to "0"
04-24 12:09:09.498 862 996 W libc : Set property "ril.balong_cid" to "0"
04-24 12:09:09.528 1176 1176 E hwintelligencewifi: onCellLocationChanged
04-24 12:09:09.528 1176 1404 D HwInnerWifiManagerImpl: SupplicantState = COMPLETED
04-24 12:09:09.528 1176 1404 D HwInnerWifiManagerImpl: isPhoneAP = false
04-24 12:09:09.529 1176 1404 D TelephonyManager: getCellLocation calling app is android
04-24 12:09:09.531 1744 2121 W PhoneInterfaceManager: shouldBlockLocation running ...
04-24 12:09:09.531 1744 2121 I PhoneInterfaceManager: shouldBlockLocation ret:false
04-24 12:09:09.533 1176 1204 D SmartcareProc: CdmaCellLocationInfo:mBaseStationId: 12672mSystemId: 13840mNetworkId: 16
04-24 12:09:09.536 1176 1176 D WifiScanGenie_Controller: cellid has changed
04-24 12:09:09.544 1176 1176 D WifiScanGenie_Controller: mCurrentCellId has Changed,try update
04-24 12:09:09.544 1176 1176 D WifiScanGenie_Controller: WifiScanGenie handleWiFiConnected, cellIdChanged:true
04-24 12:09:09.544 1176 1176 D HwInnerWifiManagerImpl: SupplicantState = COMPLETED
04-24 12:09:09.544 1176 1176 D HwInnerWifiManagerImpl: isPhoneAP = false
04-24 12:09:09.544 1176 1176 D WifiScanGenie_Controller: wifi connect,mCurrentPriority: 0
04-24 12:09:09.548 2392 2392 I SUPL20_LocMan: onCellLocationChanged network type:7
04-24 12:09:09.548 2392 2392 I SUPL20_LocMan: Location switch is OFF
04-24 12:09:10.182 1176 1392 D HwArpVerifier: performPollAndLog:
04-24 12:09:10.185 1176 1392 D hw_netstat: total/791/930,com.jiansheng.blmn.demo/0/930,unknown:0/791/0
04-24 12:09:10.309 1176 1176 I TrafficMonitor: expired arrive. level:-1
04-24 12:09:10.309 1176 1176 I TrafficMonitor: during_ms:2001,period_ms:2000
04-24 12:09:10.310 1176 1176 I TrafficMonitor: count:938,rx_sum:46,tx_sum:2,rxBytes:7222,during_ms:2001,rx_speed:3609.1954022988507,tx_speed:185.90704647676162,rto:23.0
04-24 12:09:10.310 1176 1176 D HuaweiWifiWatchdogStateMachine: speed: rxpkt:46, rxSpd:3609B/s, txpkt:2, txSpd:185
04-24 12:09:10.777 742 742 E wificond: Failed to get NL80211_RATE_INFO_NOISE
04-24 12:09:10.777 742 742 E wificond: Failed to get NL80211_RATE_INFO_SNR
04-24 12:09:10.777 742 742 E wificond: Failed to get NL80211_STA_INFO_CNAHLOAD
04-24 12:09:10.778 1176 1337 E WificondControl: Noise: 0, Snr: -1, Chload: -1
04-24 12:09:10.778 1176 1339 D HwWifiCHRStateManager: handleMessage : 1001
04-24 12:09:10.778 1176 1339 D HwWifiCHRStateManager: handleUpdateChannel:2412
04-24 12:09:10.779 1176 1339 V HwWifiServiceFactory: get AllImpl object = com.android.server.wifi.HwWifiServiceFactoryImpl@2205edc
04-24 12:09:10.780 742 742 E wificond: Failed to get NL80211_RATE_INFO_NOISE
04-24 12:09:10.780 742 742 E wificond: Failed to get NL80211_RATE_INFO_SNR
04-24 12:09:10.780 742 742 E wificond: Failed to get NL80211_STA_INFO_CNAHLOAD
04-24 12:09:10.781 1176 1406 D HuaweiWifiWatchdogStateMachine: LM mrssi=-26
04-24 12:09:10.782 1176 1406 D HuaweiWifiWatchdogStateMachine: a4:fa:**:**:eb:b0 current loss[-45]=0%, volume=8
04-24 12:09:10.782 1176 1176 D WiFi_PRO: MSG_RETURN_AP_CURRY_RSSI rssi = -26
04-24 12:09:10.783 1176 1176 I QosMonitor: queryRtt: rtt_type = 3
04-24 12:09:10.783 1176 1176 I HwQoEJNI: send_cmd_kernel. begin
04-24 12:09:10.783 1176 1176 I HwQoEJNI: send_cmd_kernel. end
04-24 12:09:10.783 1176 1176 I QosMonitor: postEventFromNative: msg=100,arg1=4,arg2=10
04-24 12:09:10.783 1176 1176 D HuaweiWifiWatchdogStateMachine: setSampleRtt: unvalid rtt
04-24 12:09:10.784 1176 1406 D HuaweiWifiWatchdogStateMachine: a4:fa:**:**:eb:b0 history loss[-45]=0%, volume=13825212
04-24 12:09:10.784 1176 1406 I HuaweiWifiWatchdogStateMachine: spd good count:0, add sc:0.0, rate:1.0
04-24 12:09:10.785 1176 1406 D HuaweiWifiWatchdogStateMachine: high data flow: protection_counter = 0, not_detect_counter = 300
04-24 12:09:10.785 1176 1406 D HuaweiWifiWatchdogStateMachine: high data flow scenario: 0 --> 0 rx bytes =95KB
04-24 12:09:10.785 1176 1406 I HuaweiWifiWatchdogStateMachine: current mHighDataFlowRate = 1.0
04-24 12:09:10.785 1176 1406 I HuaweiWifiWatchdogStateMachine: POta txb txg rxg:0, 27, 0. Lr =0% Totpkt=27
04-24 12:09:10.786 1176 1176 I HwQoEJNI: send_cmd_kernel. begin
04-24 12:09:10.786 1176 1176 I HwQoEJNI: send_cmd_kernel. end
04-24 12:09:10.786 1176 1176 I QosMonitor: postEventFromNative: msg=100,arg1=0,arg2=10
04-24 12:09:10.786 1176 1176 I MQoS : rtt=360,tcp_tx_pkts=480835,tcp_rx_pkts=921344
04-24 12:09:10.788 1176 1406 D HuaweiWifiWatchdogStateMachine: dumpTcpResult: len=10,rtt=360,rttPkt=6,rttWn=26,cgt=0,cgtWn=0
04-24 12:09:10.788 1176 1406 I HuaweiWifiWatchdogStateMachine: PTcp RTT:0, rtt pkt=0, tcp_rx=0, tcp_tx=0, tcp_reTran=0, rtRate=0
04-24 12:09:10.788 1176 1406 D HuaweiWifiWatchdogStateMachine: mRssiBadCount =0, RSSI not bad.
04-24 12:09:10.788 1176 1406 D HuaweiWifiWatchdogStateMachine: detectNetworkAvailable:hw.wifipro.dns_fail_count = 131
04-24 12:09:10.788 1176 1406 D HuaweiWifiWatchdogStateMachine: bqeLevel = 2 rtt=0,rtt_pkts=0 speed=9202 rssi=-26
04-24 12:09:10.788 1176 1406 D HuaweiWifiWatchdogStateMachine: Enter updateQoeLevel level = 2
04-24 12:09:10.788 1176 1406 D HuaweiWifiWatchdogStateMachine: updateQoeLevel current level equal to mLastDetectLevel, return
04-24 12:09:10.788 1176 1406 D HuaweiWifiWatchdogStateMachine: did not have any network action
04-24 12:09:10.789 1176 3515 I MQoS : QOS_level:0(0),wifi-link;SIM error;use level-0
04-24 12:09:10.789 1176 3515 I MQoS : skip-low-Level:0(0),wifi-link;SIM error;use level-0
04-24 12:09:11.314 1176 1176 I TrafficMonitor: update:rxPkts:60,txPkts:2,rxBytes:10317,txBytes:372
04-24 12:09:11.314 1176 1176 I TrafficMonitor: start expired. level:-1
04-24 12:09:11.314 1176 1176 I TrafficMonitor: gettimer:interval=2000
04-24 12:09:11.671 679 679 E WifiHAL : enter wifi_get_link_stats
04-24 12:09:11.672 742 742 E wificond: Failed to get NL80211_RATE_INFO_NOISE
04-24 12:09:11.673 742 742 E wificond: Failed to get NL80211_RATE_INFO_SNR
04-24 12:09:11.673 742 742 E wificond: Failed to get NL80211_STA_INFO_CNAHLOAD
04-24 12:09:11.673 1176 1337 E WificondControl: Noise: 0, Snr: -1, Chload: -1
04-24 12:09:11.673 1176 1339 D HwWifiCHRStateManager: handleMessage : 1001
04-24 12:09:11.673 1176 1339 D HwWifiCHRStateManager: handleUpdateChannel:2412
04-24 12:09:11.673 1176 1339 V HwWifiServiceFactory: get AllImpl object = com.android.server.wifi.HwWifiServiceFactoryImpl@2205edc
04-24 12:09:11.674 1176 1337 D HwCustWifiStateMachineReferenceImpl: checkRssiOverThreshold newRssi = -26
04-24 12:09:11.675 1176 1337 D WifiScoreReport: Score = 100, wifiConnectivityManagerEnabled = false, lowScoreCount = 0
04-24 12:09:11.701 1176 1338 D HwWifiStatStore: handleMessage : 200
04-24 12:09:11.936 741 741 E Thermal-daemon: [pa_0] temp_new :36 temp_old :35
