04-24 12:05:34.595 1176 1406 I chatty : uid=1000(system) HuaweiWifiWatch expire 4 lines
04-24 12:05:34.598 1176 1176 I chatty : uid=1000 system_server expire 10 lines
04-24 12:05:34.601 1176 1406 I chatty : uid=1000(system) HuaweiWifiWatch expire 8 lines
04-24 12:05:34.607 1176 3515 I chatty : uid=1000(system) MobileQosDetect expire 1 line
04-24 12:05:34.774 679 679 E WifiHAL : enter wifi_get_link_stats
04-24 12:05:34.777 742 742 E wificond: Failed to get NL80211_RATE_INFO_NOISE
04-24 12:05:34.777 742 742 E wificond: Failed to get NL80211_RATE_INFO_SNR
04-24 12:05:34.777 742 742 E wificond: Failed to get NL80211_STA_INFO_CNAHLOAD
04-24 12:05:34.777 1176 1337 I chatty : uid=1000(system) WifiStateMachin expire 1 line
04-24 12:05:34.778 1176 1339 I chatty : uid=1000(system) HwWifiCHRStateM expire 3 lines
04-24 12:05:34.780 1176 1337 I chatty : uid=1000(system) WifiStateMachin expire 2 lines
04-24 12:05:35.325 1176 1338 I chatty : uid=1000(system) HwWifiStatStore expire 1 line
04-24 12:05:36.762 741 741 E Thermal-daemon: [shell_temp] temp_new :34 temp_old :35
04-24 12:05:36.763 1729 27267 I ThermalService: Receive temperature change, type: 22, temp: 34 from thermald
04-24 12:05:36.764 1729 27267 I ThermalTrace_ThermalRaise: Shell:36,35,34,currentBatteryTemp:34
04-24 12:05:36.764 1729 2560 W HwThermalStateManager: warning: no config thermal type:22 temperature:34
04-24 12:05:36.764 741 741 E Thermal-daemon: Report temperature: [shell_temp] temp :34 report_threshold:1
04-24 12:05:37.056 1176 1176 I chatty : uid=1000 system_server expire 7 lines
04-24 12:05:37.515 1176 1392 I chatty : uid=1000(system) WiFiArpStateMac expire 2 lines
04-24 12:05:37.785 679 679 E WifiHAL : enter wifi_get_link_stats
04-24 12:05:37.794 742 742 E wificond: Failed to get NL80211_RATE_INFO_NOISE
04-24 12:05:37.794 742 742 E wificond: Failed to get NL80211_RATE_INFO_SNR
04-24 12:05:37.794 742 742 E wificond: Failed to get NL80211_STA_INFO_CNAHLOAD
04-24 12:05:37.795 1176 1337 I chatty : uid=1000(system) WifiStateMachin expire 1 line
04-24 12:05:37.795 1176 1339 I chatty : uid=1000(system) HwWifiCHRStateM expire 3 lines
04-24 12:05:37.797 1176 1337 I chatty : uid=1000(system) WifiStateMachin expire 3 lines
04-24 12:05:38.330 1176 1338 I chatty : uid=1000(system) HwWifiStatStore expire 2 lines
04-24 12:05:38.924 777 777 E : [E/capacity_limit_control] not demo version, not set power control prop!
04-24 12:05:40.802 679 679 E WifiHAL : enter wifi_get_link_stats
04-24 12:05:40.814 742 742 E wificond: Failed to get NL80211_RATE_INFO_NOISE
04-24 12:05:40.814 742 742 E wificond: Failed to get NL80211_RATE_INFO_SNR
04-24 12:05:40.814 742 742 E wificond: Failed to get NL80211_STA_INFO_CNAHLOAD
04-24 12:05:40.815 1176 1339 I chatty : uid=1000(system) HwWifiCHRStateM expire 3 lines
04-24 12:05:40.817 1176 1337 I chatty : uid=1000(system) WifiStateMachin expire 3 lines
04-24 12:05:41.863 761 817 E dubaid : [SqlOperator.cpp] executeStatement# Prepare statement error: no such table: raw_applications_audio
04-24 12:05:41.863 761 817 E dubaid : [DubaiStorage.cpp] doQueryEntries# Failed to query entries
04-24 12:05:41.863 761 826 E dubaid : [DubaiOperator.cpp] queryEntriesSimple# Failed to query entries
04-24 12:05:41.863 761 826 E dubaid : [ThermalHandler.cpp] queryCoupleData# Failed to query entries
04-24 12:05:41.863 761 826 E dubaid : [ThermalHandler.cpp] queryAudioData# Failed to query audio usage and energy
04-24 12:05:41.864 761 817 E dubaid : [SqlOperator.cpp] executeStatement# Prepare statement error: no such table: raw_applications_modem
04-24 12:05:41.864 761 817 E dubaid : [DubaiStorage.cpp] doQueryEntries# Failed to query entries
04-24 12:05:41.864 761 826 E dubaid : [DubaiOperator.cpp] queryEntriesSimple# Failed to query entries
04-24 12:05:41.864 761 826 E dubaid : [ThermalHandler.cpp] querySingleData# Failed to query entries
04-24 12:05:41.864 761 826 E dubaid : [ThermalHandler.cpp] queryModemData# Failed to query modem traffic
04-24 12:05:41.864 761 817 E dubaid : [SqlOperator.cpp] executeStatement# Prepare statement error: no such table: raw_component_modem
04-24 12:05:41.864 761 817 E dubaid : [DubaiStorage.cpp] doQueryEntries# Failed to query entries
04-24 12:05:41.864 761 826 E dubaid : [DubaiOperator.cpp] queryEntriesSimple# Failed to query entries
04-24 12:05:41.864 761 826 E dubaid : [ThermalHandler.cpp] querySingleData# Failed to query entries
04-24 12:05:41.864 761 826 E dubaid : [ThermalHandler.cpp] queryModemData# Failed to query modem energy
04-24 12:05:41.864 761 817 E dubaid : [SqlOperator.cpp] executeStatement# Prepare statement error: no such table: raw_component_modem
04-24 12:05:41.864 761 817 E dubaid : [DubaiStorage.cpp] doQueryEntries# Failed to query entries
04-24 12:05:41.864 761 826 E dubaid : [DubaiOperator.cpp] queryEntriesSimple# Failed to query entries
04-24 12:05:41.864 761 826 E dubaid : [ThermalHandler.cpp] querySingleData# Failed to query entries
04-24 12:05:41.865 761 826 E dubaid : [ThermalHandler.cpp] queryModemData# Failed to query modem call usage
04-24 12:05:41.867 761 826 I iMonitor: create: 903002050
04-24 12:05:41.867 761 826 I iMonitor: create: 903009042
04-24 12:05:41.867 761 826 I iMonitor: send: 903002050
04-24 12:05:41.867 761 826 D dubaid : [DataUploader.cpp] setAndUploadEvent# Upload eventid(903002050) success
04-24 12:05:42.059 1176 1176 I chatty : uid=1000 system_server expire 7 lines
04-24 12:05:42.525 1176 1392 I chatty : uid=1000(system) WiFiArpStateMac expire 2 lines
04-24 12:05:42.596 742 742 E wificond: Failed to get NL80211_RATE_INFO_NOISE
04-24 12:05:42.597 742 742 E wificond: Failed to get NL80211_RATE_INFO_SNR
04-24 12:05:42.597 742 742 E wificond: Failed to get NL80211_STA_INFO_CNAHLOAD
04-24 12:05:42.598 1176 1339 I chatty : uid=1000(system) HwWifiCHRStateM expire 3 lines
04-24 12:05:42.601 742 742 E wificond: Failed to get NL80211_RATE_INFO_NOISE
04-24 12:05:42.601 742 742 E wificond: Failed to get NL80211_RATE_INFO_SNR
04-24 12:05:42.601 742 742 E wificond: Failed to get NL80211_STA_INFO_CNAHLOAD
04-24 12:05:42.602 1176 1406 I chatty : uid=1000(system) HuaweiWifiWatch expire 4 lines
04-24 12:05:42.604 1176 1176 I chatty : uid=1000 system_server expire 10 lines
04-24 12:05:42.607 1176 1406 I chatty : uid=1000(system) HuaweiWifiWatch expire 8 lines
04-24 12:05:42.613 1176 3515 I chatty : uid=1000(system) MobileQosDetect expire 1 line
04-24 12:05:43.820 679 679 E WifiHAL : enter wifi_get_link_stats
04-24 12:05:43.827 742 742 E wificond: Failed to get NL80211_RATE_INFO_NOISE
04-24 12:05:43.827 742 742 E wificond: Failed to get NL80211_RATE_INFO_SNR
04-24 12:05:43.827 742 742 E wificond: Failed to get NL80211_STA_INFO_CNAHLOAD
04-24 12:05:43.827 1176 1337 I chatty : uid=1000(system) WifiStateMachin expire 1 line
04-24 12:05:43.828 1176 1339 I chatty : uid=1000(system) HwWifiCHRStateM expire 3 lines
04-24 12:05:43.830 1176 1337 I chatty : uid=1000(system) WifiStateMachin expire 2 lines
04-24 12:05:43.933 777 777 E : [E/capacity_limit_control] not demo version, not set power control prop!
04-24 12:05:44.342 1176 1338 I chatty : uid=1000(system) HwWifiStatStore expire 1 line
04-24 12:05:45.082 1176 1176 I chatty : uid=1000 system_server expire 6 lines
04-24 12:05:45.083 1463 1463 D KeyguardUpdateMonitor: received broadcast android.intent.action.BATTERY_CHANGED
04-24 12:05:45.084 1463 1463 W KeyguardUpdateMonitor: ACTION_BATTERY_CHANGED AMP: 500000; Volt: 5000000
04-24 12:05:45.084 1463 1463 V KeyguardUpdateMonitor: RefreshBatteryInfo isBatteryLow: 70
04-24 12:05:45.084 1463 1463 W KeyguardUpdateMonitor: ChargingSpeed Wattage: 2500000 ST: 5000000 --> 7500000
04-24 12:05:45.084 1463 1463 I KgBattery: BatteryInfo updated: 2lPc0
04-24 12:05:45.084 1463 1463 W AppHandler: sendMessage with obj100
04-24 12:05:45.084 1463 1463 D KeyguardUpdateMonitor: handleBatteryUpdate
04-24 12:05:45.084 1463 1463 W HwLockScreenPanel: Handle message: 100
04-24 12:05:45.084 1463 1463 W HwKeyguardBottomArea: updateBatteryInfo : false true
04-24 12:05:45.085 1176 1176 D WifiService: onReceive, action:android.intent.action.BATTERY_CHANGED
04-24 12:05:45.085 1176 1176 D WifiService: ACTION_BATTERY_CHANGED pluggedType: 2
04-24 12:05:45.085 1463 1463 W KgBattery: getCharge info with type: text
04-24 12:05:45.088 1729 1729 I MsgReceiver: intent action: android.intent.action.BATTERY_CHANGED
04-24 12:05:45.090 1463 1463 W HwLockScreenPanel: refreshBatteryInfo: null
04-24 12:05:45.094 5515 5671 E CloudAlbum[8.1.2.309]: [ReceiverManager] not log on ignore
04-24 12:05:46.585 677 677 D SensorHub: Get acc data -0.268151, 0.095768, 9.423578
04-24 12:05:46.834 679 679 E WifiHAL : enter wifi_get_link_stats
04-24 12:05:46.840 742 742 E wificond: Failed to get NL80211_RATE_INFO_NOISE
04-24 12:05:46.840 742 742 E wificond: Failed to get NL80211_RATE_INFO_SNR
04-24 12:05:46.840 742 742 E wificond: Failed to get NL80211_STA_INFO_CNAHLOAD
04-24 12:05:46.841 1176 1337 I chatty : uid=1000(system) WifiStateMachin expire 1 line
04-24 12:05:46.842 1176 1339 I chatty : uid=1000(system) HwWifiCHRStateM expire 3 lines
04-24 12:05:46.843 1176 1337 I chatty : uid=1000(system) WifiStateMachin expire 2 lines
04-24 12:05:47.063 1176 1176 I chatty : uid=1000 system_server expire 7 lines
04-24 12:05:47.348 1176 1338 I chatty : uid=1000(system) HwWifiStatStore expire 1 line
04-24 12:05:47.480 1176 1392 I chatty : uid=1000(system) WiFiArpStateMac expire 12 lines
04-24 12:05:48.942 777 777 E : [E/capacity_limit_control] not demo version, not set power control prop!
04-24 12:05:48.970 777 777 E : [E/capacity_limit_control] not demo version, not set power control prop!
04-24 12:05:48.973 1176 1288 D HwBatteryService: onUEvent fcpStatus = 0,scpStatus =0,ovpStatus=0
04-24 12:05:48.974 1176 1288 I UsbDeviceManager: water_intrused state= 0
04-24 12:05:48.983 1176 1176 I chatty : uid=1000 system_server expire 6 lines
04-24 12:05:48.985 1176 1176 D WifiService: onReceive, action:android.intent.action.BATTERY_CHANGED
04-24 12:05:48.986 1176 1176 D WifiService: ACTION_BATTERY_CHANGED pluggedType: 2
04-24 12:05:48.989 1463 1463 D KeyguardUpdateMonitor: received broadcast android.intent.action.BATTERY_CHANGED
04-24 12:05:48.989 1463 1463 W KeyguardUpdateMonitor: ACTION_BATTERY_CHANGED AMP: 500000; Volt: 5000000
04-24 12:05:48.990 5515 5671 E CloudAlbum[8.1.2.309]: [ReceiverManager] not log on ignore
04-24 12:05:48.990 1729 1729 I MsgReceiver: intent action: android.intent.action.BATTERY_CHANGED
04-24 12:05:48.991 1463 1463 V KeyguardUpdateMonitor: RefreshBatteryInfo isBatteryLow: 70
04-24 12:05:48.991 1463 1463 W KeyguardUpdateMonitor: ChargingSpeed Wattage: 2500000 ST: 5000000 --> 7500000
04-24 12:05:48.991 1463 1463 I KgBattery: BatteryInfo updated: 2lPc0
04-24 12:05:48.991 1463 1463 W AppHandler: sendMessage with obj100
04-24 12:05:48.992 1463 1463 D KeyguardUpdateMonitor: handleBatteryUpdate
04-24 12:05:48.992 1463 1463 W HwLockScreenPanel: Handle message: 100
04-24 12:05:48.992 1463 1463 W HwKeyguardBottomArea: updateBatteryInfo : false true
04-24 12:05:48.992 1463 1463 W KgBattery: getCharge info with type: text
04-24 12:05:48.996 1463 1463 W HwLockScreenPanel: refreshBatteryInfo: null
04-24 12:05:49.171 1176 1589 W Watchdog: hungtask: writing kick
04-24 12:05:49.173 1176 1202 I chatty : uid=1000(system) android.fg expire 1 line
04-24 12:05:49.483 1176 1204 I chatty : uid=1000(system) android.display expire 2 lines
04-24 12:05:49.484 1176 1176 I chatty : uid=1000 system_server expire 2 lines
04-24 12:05:49.849 679 679 E WifiHAL : enter wifi_get_link_stats
04-24 12:05:49.854 742 742 E wificond: Failed to get NL80211_RATE_INFO_NOISE
04-24 12:05:49.855 742 742 E wificond: Failed to get NL80211_RATE_INFO_SNR
04-24 12:05:49.855 742 742 E wificond: Failed to get NL80211_STA_INFO_CNAHLOAD
04-24 12:05:49.855 1176 1337 I chatty : uid=1000(system) WifiStateMachin expire 1 line
04-24 12:05:49.856 1176 1339 I chatty : uid=1000(system) HwWifiCHRStateM expire 3 lines
04-24 12:05:49.857 1176 1337 I chatty : uid=1000(system) WifiStateMachin expire 2 lines
04-24 12:05:50.354 1176 1338 I chatty : uid=1000(system) HwWifiStatStore expire 6 lines
04-24 12:05:50.419 1176 1302 I chatty : uid=1000(system) AlarmManager expire 1 line
04-24 12:05:50.436 4414 4414 I PushLog2955: [main-1]action is com.huawei.push.alarm.HEARTBEAT(android/:307)
04-24 12:05:50.440 4414 4414 I PushLog2955: [main-1]dispatchIntent over(android/:210)
04-24 12:05:50.441 4414 4431 I PushLog2955: [ReceiverDispatcher-277]com.huawei.push.alarm.HEARTBEAT alarm trigger, expectTriggerTime:0, current trigger time:1587701150441(android/:78)
04-24 12:05:50.442 4414 4431 I PushLog2955: [ReceiverDispatcher-277]heartbeatArrive(android/:140)
04-24 12:05:50.442 1176 6429 V BroadcastQueue: Finished with ordered broadcast BroadcastRecord{9aaea10 u0 com.huawei.push.alarm.HEARTBEAT}
04-24 12:05:50.449 4414 4431 I PushLog2955: [ReceiverDispatcher-277]heartbeatArrive, send heart beat(android/:147)
04-24 12:05:50.460 4414 4431 I PushLog2955: [ReceiverDispatcher-277]not support bastet in wifi(android/:101)
04-24 12:05:50.463 4414 4431 I PushLog2955: [ReceiverDispatcher-277]init push bastet failed!(android/:81)
04-24 12:05:50.470 4414 4431 I PushLog2955: [ReceiverDispatcher-277] get charing (android/:840)
04-24 12:05:50.472 4414 4431 I PushLog2955: [ReceiverDispatcher-277] get charing false(android/:842)
04-24 12:05:50.472 4414 4431 I PushLog2955: [ReceiverDispatcher-277]set HEARTBEAT_RSP_TIMEOUT Alarm(android/:364)
04-24 12:05:50.472 4414 4431 I PushLog2955: [ReceiverDispatcher-277]enter AlarmTools:setExactAlarm(intent:Intent { act=com.huawei.android.push.intent.HEARTBEAT_RSP_TIMEOUT pkg=android } interval:10000ms(android/:24)
04-24 12:05:50.472 4414 4431 I PushLog2955: [ReceiverDispatcher-277]setExactAlarm expectTriggerTime:1587701160472(android/:27)
04-24 12:05:50.476 4414 4431 I PushLog2955: [ReceiverDispatcher-277]next Heartbeat timeout for push server is:5.0(android/:374)
04-24 12:05:50.477 4414 4431 I PushLog2955: [ReceiverDispatcher-277]process cmdid to send to pushSrv:DA, subCmdId:FF(android/:106)
04-24 12:05:50.479 4414 4431 I PushLog2955: [ReceiverDispatcher-277]send msg to remote srv success(android/:110)
04-24 12:05:50.521 4414 23368 I PushLog2955: [SocketRead_07:00:12-666]process cmdid to receive from pushSrv:DB, subCmdId:FF(android/:269)
04-24 12:05:50.525 4414 23368 I PushLog2955: [SocketRead_07:00:12-666]enter adjustHeartBeat:(findHeartBeat:true,isHearBeatTimeReq:true,RspTimeOut:false,beatInterval:300000,bestHBSuccessCount:0,range:[180000,300000])(android/:120)
04-24 12:05:50.525 4414 23368 I PushLog2955: [SocketRead_07:00:12-666]judgeFindBestHB and isBestHBTimeOut: falseisOffset: false(android/:170)
04-24 12:05:50.527 4414 23368 I PushLog2955: [SocketRead_07:00:12-666]after delayHeartBeatReq, nextHeartBeatTime, will be [300000,300000] ms later(android/:501)
04-24 12:05:50.531 4414 23368 I PushLog2955: [SocketRead_07:00:12-666]dispatchIntent over(android/:210)
04-24 12:05:50.532 4414 4431 I PushLog2955: [ReceiverDispatcher-277]com.huawei.android.push.intent.MSG_RECEIVED alarm trigger, expectTriggerTime:0, current trigger time:1587701150531(android/:78)
04-24 12:05:50.600 742 742 E wificond: Failed to get NL80211_RATE_INFO_NOISE
04-24 12:05:50.600 742 742 E wificond: Failed to get NL80211_RATE_INFO_SNR
04-24 12:05:50.600 742 742 E wificond: Failed to get NL80211_STA_INFO_CNAHLOAD
04-24 12:05:50.601 1176 1337 I chatty : uid=1000(system) WifiStateMachin expire 11 lines
04-24 12:05:50.601 1176 1339 I chatty : uid=1000(system) HwWifiCHRStateM expire 15 lines
04-24 12:05:50.602 742 742 E wificond: Failed to get NL80211_RATE_INFO_NOISE
04-24 12:05:50.602 742 742 E wificond: Failed to get NL80211_RATE_INFO_SNR
04-24 12:05:50.602 742 742 E wificond: Failed to get NL80211_STA_INFO_CNAHLOAD
04-24 12:05:50.603 1176 1176 I chatty : uid=1000 system_server expire 53 lines
04-24 12:05:50.603 1176 1406 I chatty : uid=1000(system) HuaweiWifiWatch expire 31 lines
04-24 12:05:50.607 1176 3515 I chatty : uid=1000(system) MobileQosDetect expire 4 lines
04-24 12:05:50.826 683 683 E HWComposer: getLayerReleaseFence: Invalid display
04-24 12:05:50.826 683 683 E HWComposer: getPresentFence failed for invalid display -1
04-24 12:05:50.955 683 683 E HWComposer: getLayerReleaseFence: Invalid display
04-24 12:05:50.956 683 683 E HWComposer: getPresentFence failed for invalid display -1
04-24 12:05:51.776 741 741 E Thermal-daemon: [charger_ic] temp_new :36 temp_old :37
04-24 12:05:51.777 1729 4039 I ThermalService: Receive temperature change, type: 2, temp: 36 from thermald
04-24 12:05:51.777 1729 2560 W HwThermalStateManager: warning: no config thermal type:2 temperature:36
04-24 12:05:51.778 741 741 E Thermal-daemon: Report temperature: [charger_ic] temp :36 report_threshold:1
04-24 12:05:52.824 683 683 E HWComposer: getLayerReleaseFence: Invalid display
04-24 12:05:52.824 683 683 E HWComposer: getPresentFence failed for invalid display -1
04-24 12:05:52.861 679 679 E WifiHAL : enter wifi_get_link_stats
04-24 12:05:52.865 742 742 E wificond: Failed to get NL80211_RATE_INFO_NOISE
04-24 12:05:52.866 742 742 E wificond: Failed to get NL80211_RATE_INFO_SNR
04-24 12:05:52.866 742 742 E wificond: Failed to get NL80211_STA_INFO_CNAHLOAD
04-24 12:05:52.940 683 683 E HWComposer: getLayerReleaseFence: Invalid display
04-24 12:05:52.941 683 683 E HWComposer: getPresentFence failed for invalid display -1
04-24 12:05:53.572 1176 1392 I chatty : uid=1000(system) WiFiArpStateMac expire 6 lines
04-24 12:05:53.979 777 777 E : [E/capacity_limit_control] not demo version, not set power control prop!
04-24 12:05:55.487 1176 1204 I chatty : uid=1000(system) android.display expire 2 lines
04-24 12:05:55.873 679 679 E WifiHAL : enter wifi_get_link_stats
04-24 12:05:55.879 742 742 E wificond: Failed to get NL80211_RATE_INFO_NOISE
04-24 12:05:55.879 742 742 E wificond: Failed to get NL80211_RATE_INFO_SNR
04-24 12:05:55.879 742 742 E wificond: Failed to get NL80211_STA_INFO_CNAHLOAD
04-24 12:05:56.532 1729 2560 I LogPowerAdapter: do thermal temperature:35action:app_ctrl value:0 to PG
04-24 12:05:56.532 1729 2560 D HwPolicyDispatcher: send ctrl to PG,0
04-24 12:05:56.535 1729 2056 I TClean : TClean trigger policy = 0
04-24 12:05:56.536 1729 2056 I HardwareAdapter: file:/sys/class/hw_power/charger/direct_charger/adaptor_detect, fileExists:false, fileCanRead:false
04-24 12:05:56.536 1729 2056 I HardwareAdapter: isOnlyChargingType adaptor_detect=null
04-24 12:05:56.537 1729 2056 I HardwareAdapter: isOnlyChargingType chargerType=0
04-24 12:05:56.537 1729 2056 I ash : not only power charing.
04-24 12:05:56.676 1106 1119 I OAM : [check_file_size:505]/data/log/wifi/wifi_log_1 log file beyond size=10240Byte, creat new file
04-24 12:05:56.676 1106 1119 I OAM : [rename_old_file:210]rename_old_file
04-24 12:05:56.676 1106 1119 I OAM :
04-24 12:05:58.612 742 742 E wificond: Failed to get NL80211_RATE_INFO_NOISE
04-24 12:05:58.613 742 742 E wificond: Failed to get NL80211_RATE_INFO_SNR
04-24 12:05:58.613 742 742 E wificond: Failed to get NL80211_STA_INFO_CNAHLOAD
04-24 12:05:58.617 742 742 E wificond: Failed to get NL80211_RATE_INFO_NOISE
04-24 12:05:58.617 742 742 E wificond: Failed to get NL80211_RATE_INFO_SNR
04-24 12:05:58.617 742 742 E wificond: Failed to get NL80211_STA_INFO_CNAHLOAD
04-24 12:05:58.884 679 679 E WifiHAL : enter wifi_get_link_stats
04-24 12:05:58.887 742 742 E wificond: Failed to get NL80211_RATE_INFO_NOISE
04-24 12:05:58.887 742 742 E wificond: Failed to get NL80211_RATE_INFO_SNR
04-24 12:05:58.887 742 742 E wificond: Failed to get NL80211_STA_INFO_CNAHLOAD
04-24 12:05:58.988 777 777 E : [E/capacity_limit_control] not demo version, not set power control prop!
04-24 12:06:00.004 1176 1176 V AlarmManager: Received TIME_TICK alarm; rescheduling
04-24 12:06:00.005 1176 1176 I HwAlarmManagerService: hwSetAlarm listenerTag: time_tick
04-24 12:06:00.014 1463 1463 E DateView: DateView,mCurrentTime: 1587701160014
04-24 12:06:00.031 1463 1463 W HwKeyguardDragHelper: AnimationBlocked
04-24 12:06:00.037 1463 1463 I EventCenter: EventCenter Get :android.intent.action.TIME_TICK
04-24 12:06:00.043 1463 1463 W ResourceType: No known package when getting value for resource number 0xffffffff
04-24 12:06:00.044 1463 1463 E DateLunarView: mDateString is: 4月24日星期五
04-24 12:06:00.046 1463 1463 W ResourceType: No known package when getting value for resource number 0xffffffff
04-24 12:06:00.047 1463 1463 E DateLunarView: mDateString is: 4月24日星期五
04-24 12:06:00.052 1463 1463 D WeatherHelper: City info empty
04-24 12:06:00.057 1463 1463 D WeatherHelper: City info empty
04-24 12:06:00.057 1463 1463 D KeyguardUpdateMonitor: received broadcast android.intent.action.TIME_TICK
04-24 12:06:00.058 1463 1463 D KeyguardUpdateMonitor: handleTimeUpdate
04-24 12:06:00.058 1463 1782 I KeyguardStatusView: Runnable for refresh
04-24 12:06:00.065 1463 1463 D WeatherHelper: City info empty
04-24 12:06:00.072 683 683 E HWComposer: getLayerReleaseFence: Invalid display
04-24 12:06:00.073 683 683 E HWComposer: getPresentFence failed for invalid display -1
04-24 12:06:00.075 1770 1770 I HwLauncher: Model onReceive intent=Intent { act=android.intent.action.TIME_TICK flg=0x50200014 hwFlg=0x900 (has extras) }
04-24 12:06:00.075 1770 1770 I HwLauncher: Model onReceive user=UserHandle{0}
04-24 12:06:00.115 3756 3806 I Step_LSC: 80001355|processHandleBroadcastAction action:android.intent.action.TIME_TICK
04-24 12:06:00.116 2379 2379 I [HwRecSys]TimerController: onMinuteChange requestWeather
04-24 12:06:00.124 1176 7637 V BroadcastQueue: Finished with ordered broadcast BroadcastRecord{4a8361a u-1 android.intent.action.TIME_TICK}
04-24 12:06:00.138 1463 1463 D WeatherHelper: City info empty
04-24 12:06:00.139 1463 1463 D DateTimeView: Change to single clock mode!
04-24 12:06:00.141 1463 1463 D WeatherHelper: City info empty
04-24 12:06:00.142 1463 1463 D WeatherHelper: City info empty
04-24 12:06:00.143 1463 1463 D DateTimeView: Change to single clock mode!
04-24 12:06:00.145 1463 1463 D WeatherHelper: City info empty
04-24 12:06:00.183 683 683 E HWComposer: getLayerReleaseFence: Invalid display
04-24 12:06:00.183 683 683 E HWComposer: getPresentFence failed for invalid display -1
04-24 12:06:01.893 679 679 E WifiHAL : enter wifi_get_link_stats
04-24 12:06:01.898 742 742 E wificond: Failed to get NL80211_RATE_INFO_NOISE
04-24 12:06:01.899 742 742 E wificond: Failed to get NL80211_RATE_INFO_SNR
04-24 12:06:01.899 742 742 E wificond: Failed to get NL80211_STA_INFO_CNAHLOAD
04-24 12:06:01.899 1176 1337 I chatty : uid=1000(system) WifiStateMachin expire 10 lines
04-24 12:06:01.900 1176 1339 I chatty : uid=1000(system) HwWifiCHRStateM expire 12 lines
04-24 12:06:02.083 1176 1176 I chatty : uid=1000 system_server expire 25 lines
04-24 12:06:02.391 714 800 E emcomd : [EMCOMD_NET] smartcare_samping_kernel# open: No such file or directory
04-24 12:06:02.392 714 800 D emcomd : [EMCOMD_NET] smartcare_report_sample# send sampling state 0 to service
04-24 12:06:02.392 714 800 D emcomd : [EMCOMD_Socket] sendResponse#
04-24 12:06:02.392 714 800 D emcomd : [EMCOMD_Socket] sendResponse# Send Response to 30
04-24 12:06:02.392 714 800 D emcomd : [EMCOMD_NET] smartcare_samping_stop# reset timer for smartcare_samping_start 10
04-24 12:06:02.393 1176 1386 I chatty : uid=1000(system) DaemonClientRec expire 8 lines
04-24 12:06:02.409 1176 2313 I chatty : uid=1000(system) infoProcessorth expire 2 lines
04-24 12:06:02.409 1176 1385 I chatty : uid=1000(system) EmcomThread expire 3 lines
04-24 12:06:03.992 777 777 E : [E/capacity_limit_control] not demo version, not set power control prop!
04-24 12:06:04.907 679 679 E WifiHAL : enter wifi_get_link_stats
04-24 12:06:04.914 742 742 E wificond: Failed to get NL80211_RATE_INFO_NOISE
04-24 12:06:04.914 742 742 E wificond: Failed to get NL80211_RATE_INFO_SNR
04-24 12:06:04.914 742 742 E wificond: Failed to get NL80211_STA_INFO_CNAHLOAD
04-24 12:06:06.620 742 742 E wificond: Failed to get NL80211_RATE_INFO_NOISE
04-24 12:06:06.620 742 742 E wificond: Failed to get NL80211_RATE_INFO_SNR
04-24 12:06:06.620 742 742 E wificond: Failed to get NL80211_STA_INFO_CNAHLOAD
04-24 12:06:06.624 742 742 E wificond: Failed to get NL80211_RATE_INFO_NOISE
04-24 12:06:06.624 742 742 E wificond: Failed to get NL80211_RATE_INFO_SNR
04-24 12:06:06.624 742 742 E wificond: Failed to get NL80211_STA_INFO_CNAHLOAD
04-24 12:06:06.626 1176 1406 I chatty : uid=1000(system) HuaweiWifiWatch expire 32 lines
04-24 12:06:07.921 679 679 E WifiHAL : enter wifi_get_link_stats
04-24 12:06:07.927 742 742 E wificond: Failed to get NL80211_RATE_INFO_NOISE
04-24 12:06:07.927 742 742 E wificond: Failed to get NL80211_RATE_INFO_SNR
04-24 12:06:07.927 742 742 E wificond: Failed to get NL80211_STA_INFO_CNAHLOAD
04-24 12:06:08.093 1176 1176 I chatty : uid=1000 system_server expire 33 lines
04-24 12:06:08.387 1176 1338 I chatty : uid=1000(system) HwWifiStatStore expire 7 lines
04-24 12:06:08.596 1176 1392 I chatty : uid=1000(system) WiFiArpStateMac expire 14 lines
04-24 12:06:09.000 777 777 E : [E/capacity_limit_control] not demo version, not set power control prop!
04-24 12:06:10.936 679 679 E WifiHAL : enter wifi_get_link_stats
04-24 12:06:10.941 742 742 E wificond: Failed to get NL80211_RATE_INFO_NOISE
04-24 12:06:10.941 742 742 E wificond: Failed to get NL80211_RATE_INFO_SNR
04-24 12:06:10.941 742 742 E wificond: Failed to get NL80211_STA_INFO_CNAHLOAD
04-24 12:06:10.942 1176 1337 I chatty : uid=1000(system) WifiStateMachin expire 13 lines
04-24 12:06:10.943 1176 1339 I chatty : uid=1000(system) HwWifiCHRStateM expire 15 lines
04-24 12:06:12.402 714 800 E emcomd : [EMCOMD_NET] smartcare_samping_kernel# open: No such file or directory
04-24 12:06:12.403 714 800 D emcomd : [EMCOMD_NET] smartcare_report_sample# send sampling state 1 to service
04-24 12:06:12.403 714 800 D emcomd : [EMCOMD_Socket] sendResponse#
04-24 12:06:12.403 714 800 D emcomd : [EMCOMD_Socket] sendResponse# Send Response to 30
04-24 12:06:12.403 714 800 D emcomd : [EMCOMD_NET] smartcare_samping_start# reset timer for smartcare_samping_stop 710
04-24 12:06:12.404 1176 1386 I chatty : uid=1000(system) DaemonClientRec expire 8 lines
04-24 12:06:12.414 1176 1385 I chatty : uid=1000(system) EmcomThread expire 3 lines
04-24 12:06:12.846 683 683 E HWComposer: getLayerReleaseFence: Invalid display
04-24 12:06:12.846 683 683 E HWComposer: getPresentFence failed for invalid display -1
04-24 12:06:12.965 683 683 E HWComposer: getLayerReleaseFence: Invalid display
04-24 12:06:12.965 683 683 E HWComposer: getPresentFence failed for invalid display -1
04-24 12:06:13.883 683 683 E HWComposer: getLayerReleaseFence: Invalid display
04-24 12:06:13.883 683 683 E HWComposer: getPresentFence failed for invalid display -1
04-24 12:06:13.950 679 679 E WifiHAL : enter wifi_get_link_stats
04-24 12:06:13.955 742 742 E wificond: Failed to get NL80211_RATE_INFO_NOISE
04-24 12:06:13.956 742 742 E wificond: Failed to get NL80211_RATE_INFO_SNR
04-24 12:06:13.956 742 742 E wificond: Failed to get NL80211_STA_INFO_CNAHLOAD
04-24 12:06:14.009 777 777 E : [E/capacity_limit_control] not demo version, not set power control prop!
04-24 12:06:14.015 683 683 E HWComposer: getLayerReleaseFence: Invalid display
04-24 12:06:14.015 683 683 E HWComposer: getPresentFence failed for invalid display -1
04-24 12:06:14.619 742 742 E wificond: Failed to get NL80211_RATE_INFO_NOISE
04-24 12:06:14.619 742 742 E wificond: Failed to get NL80211_RATE_INFO_SNR
04-24 12:06:14.619 742 742 E wificond: Failed to get NL80211_STA_INFO_CNAHLOAD
04-24 12:06:14.623 742 742 E wificond: Failed to get NL80211_RATE_INFO_NOISE
04-24 12:06:14.623 742 742 E wificond: Failed to get NL80211_RATE_INFO_SNR
04-24 12:06:14.624 742 742 E wificond: Failed to get NL80211_STA_INFO_CNAHLOAD
04-24 12:06:14.629 1176 3109 I chatty : uid=1000(system) wifipro_uid_tcp expire 1 line
04-24 12:06:14.636 1176 3515 I chatty : uid=1000(system) MobileQosDetect expire 3 lines
04-24 12:06:15.881 3756 3774 D LogUtil_LogConfig: obtainSavePath(): path = 1
04-24 12:06:15.883 3756 3774 D LogUtil_LogConfig: getLogFile(): logFilePath = /data/data/com.huawei.health/files/com.huawei.health/com.huawei.health_DaemonService/
04-24 12:06:15.883 3756 3774 D LogUtil_LogConfig: obtainSavePath(): path = 1
04-24 12:06:15.883 3756 3774 D LogUtil_LogConfig: acquireMaxLogFileLengthContainsOffset describe: com.huawei.health:DaemonService result:5242880
04-24 12:06:15.883 3756 3774 D LogUtil_LogConfig: obtainSavePath(): path = 1
04-24 12:06:15.884 3756 3774 D LogUtil_LogConfig: getLogFileRoot(): logFilePath = /data/data/com.huawei.health/files/com.huawei.health/com.huawei.health_DaemonService/
04-24 12:06:16.792 741 741 E Thermal-daemon: [battery] temp_new :33 temp_old :34
04-24 12:06:16.793 1729 4039 I ThermalService: Receive temperature change, type: 9, temp: 33 from thermald
04-24 12:06:16.794 1729 4039 I ThermalTrace_ThermalRaise: Battery:33
04-24 12:06:16.794 741 741 E Thermal-daemon: Report temperature: [battery] temp :33 report_threshold:1
04-24 12:06:16.794 1729 2560 W HwThermalStateManager: warning: no config thermal type:9 temperature:33
04-24 12:06:16.963 679 679 E WifiHAL : enter wifi_get_link_stats
04-24 12:06:16.973 742 742 E wificond: Failed to get NL80211_RATE_INFO_NOISE
04-24 12:06:16.973 742 742 E wificond: Failed to get NL80211_RATE_INFO_SNR
04-24 12:06:16.973 742 742 E wificond: Failed to get NL80211_STA_INFO_CNAHLOAD
04-24 12:06:19.017 777 777 E : [E/capacity_limit_control] not demo version, not set power control prop!
04-24 12:06:19.049 777 777 E : [E/capacity_limit_control] not demo version, not set power control prop!
04-24 12:06:19.052 1176 1288 D HwBatteryService: onUEvent fcpStatus = 0,scpStatus =0,ovpStatus=0
04-24 12:06:19.053 1176 1288 I UsbDeviceManager: water_intrused state= 0
04-24 12:06:19.062 1176 1176 I chatty : uid=1000 system_server expire 41 lines
04-24 12:06:19.064 1463 1463 D KeyguardUpdateMonitor: received broadcast android.intent.action.BATTERY_CHANGED
04-24 12:06:19.065 1176 1176 D WifiService: onReceive, action:android.intent.action.BATTERY_CHANGED
04-24 12:06:19.065 1176 1176 D WifiService: ACTION_BATTERY_CHANGED pluggedType: 2
04-24 12:06:19.066 1463 1463 W KeyguardUpdateMonitor: ACTION_BATTERY_CHANGED AMP: 500000; Volt: 5000000
04-24 12:06:19.067 1729 1729 I MsgReceiver: intent action: android.intent.action.BATTERY_CHANGED
04-24 12:06:19.070 5515 5671 E CloudAlbum[8.1.2.309]: [ReceiverManager] not log on ignore
04-24 12:06:19.071 1463 1463 V KeyguardUpdateMonitor: RefreshBatteryInfo isBatteryLow: 70
04-24 12:06:19.072 1463 1463 W KeyguardUpdateMonitor: ChargingSpeed Wattage: 2500000 ST: 5000000 --> 7500000
04-24 12:06:19.072 1463 1463 I KgBattery: BatteryInfo updated: 2lPc0
04-24 12:06:19.072 1463 1463 W AppHandler: sendMessage with obj100
04-24 12:06:19.072 1463 1463 D KeyguardUpdateMonitor: handleBatteryUpdate
04-24 12:06:19.072 1463 1463 W HwLockScreenPanel: Handle message: 100
04-24 12:06:19.072 1463 1463 W HwKeyguardBottomArea: updateBatteryInfo : false true
04-24 12:06:19.073 1463 1463 W KgBattery: getCharge info with type: text
04-24 12:06:19.077 1463 1463 W HwLockScreenPanel: refreshBatteryInfo: null
04-24 12:06:19.173 1176 1589 W Watchdog: hungtask: writing kick
04-24 12:06:19.177 1176 1202 I chatty : uid=1000(system) android.fg expire 1 line
04-24 12:06:19.982 679 679 E WifiHAL : enter wifi_get_link_stats
04-24 12:06:19.987 742 742 E wificond: Failed to get NL80211_RATE_INFO_NOISE
04-24 12:06:19.987 742 742 E wificond: Failed to get NL80211_RATE_INFO_SNR
04-24 12:06:19.988 742 742 E wificond: Failed to get NL80211_STA_INFO_CNAHLOAD
04-24 12:06:21.685 677 877 D SensorHub: Get acc data -0.383072, -0.019154, 9.346964
04-24 12:06:22.625 742 742 E wificond: Failed to get NL80211_RATE_INFO_NOISE
04-24 12:06:22.625 742 742 E wificond: Failed to get NL80211_RATE_INFO_SNR
04-24 12:06:22.625 742 742 E wificond: Failed to get NL80211_STA_INFO_CNAHLOAD
04-24 12:06:22.625 1176 1337 I chatty : uid=1000(system) WifiStateMachin expire 7 lines
04-24 12:06:22.626 1176 1339 I chatty : uid=1000(system) HwWifiCHRStateM expire 9 lines
04-24 12:06:22.629 742 742 E wificond: Failed to get NL80211_RATE_INFO_NOISE
04-24 12:06:22.629 742 742 E wificond: Failed to get NL80211_RATE_INFO_SNR
04-24 12:06:22.629 742 742 E wificond: Failed to get NL80211_STA_INFO_CNAHLOAD
04-24 12:06:22.630 1176 1406 I chatty : uid=1000(system) HuaweiWifiWatch expire 14 lines
04-24 12:06:22.716 1176 7637 V BroadcastQueue: Finished with ordered broadcast BroadcastRecord{e37254b u0 com.tencent.mm.plugin.report.service.KVCommCrossProcessReceiver}
04-24 12:06:22.739 1176 1204 I chatty : uid=1000(system) android.display expire 2 lines
04-24 12:06:22.992 679 679 E WifiHAL : enter wifi_get_link_stats
04-24 12:06:22.994 742 742 E wificond: Failed to get NL80211_RATE_INFO_NOISE
04-24 12:06:22.994 742 742 E wificond: Failed to get NL80211_RATE_INFO_SNR
04-24 12:06:22.994 742 742 E wificond: Failed to get NL80211_STA_INFO_CNAHLOAD
04-24 12:06:24.057 777 777 E : [E/capacity_limit_control] not demo version, not set power control prop!
04-24 12:06:24.671 1176 1392 I chatty : uid=1000(system) WiFiArpStateMac expire 2 lines
04-24 12:06:26.001 679 679 E WifiHAL : enter wifi_get_link_stats
04-24 12:06:26.008 742 742 E wificond: Failed to get NL80211_RATE_INFO_NOISE
04-24 12:06:26.009 742 742 E wificond: Failed to get NL80211_RATE_INFO_SNR
04-24 12:06:26.009 742 742 E wificond: Failed to get NL80211_STA_INFO_CNAHLOAD
04-24 12:06:28.745 1176 1204 D SmartcareProc: onSignalStrengthsChanged: signalStrength is: SignalStrength: 99 -1 0 0 -61 -41 32767 -1 32767 99 0 0 0 2147483647 0 -1 true cdma , on sub: 1
04-24 12:06:28.746 1176 1204 D SmartcareProc: SignalStrength update result, ss: SignalStrengthInfo:68043809 mGsmSignalStrength: -1 mWcdmaRscp: -1 mWcdmaEcio: -1 mLteRsrp: -1 mLteRsrq: -1 mCdmaDbm: -61 mCdmaEcio: -41 mEvdoDbm: 32767mEvdoEcio: -1mLteRssnr: -1
04-24 12:06:28.747 1176 1176 I MQoS : onSignal: mSubId=1,currDataSubID=1
04-24 12:06:28.747 1176 1176 I MQoS : received cell-signal:5
04-24 12:06:29.017 679 679 E WifiHAL : enter wifi_get_link_stats
04-24 12:06:29.023 742 742 E wificond: Failed to get NL80211_RATE_INFO_NOISE
04-24 12:06:29.024 742 742 E wificond: Failed to get NL80211_RATE_INFO_SNR
04-24 12:06:29.024 742 742 E wificond: Failed to get NL80211_STA_INFO_CNAHLOAD
04-24 12:06:29.024 1176 1337 E WificondControl: Noise: 0, Snr: -1, Chload: -1
04-24 12:06:29.025 1176 1339 D HwWifiCHRStateManager: handleMessage : 1001
04-24 12:06:29.025 1176 1339 D HwWifiCHRStateManager: handleUpdateChannel:2412
04-24 12:06:29.026 1176 1339 V HwWifiServiceFactory: get AllImpl object = com.android.server.wifi.HwWifiServiceFactoryImpl@2205edc
04-24 12:06:29.027 1176 1337 D HwCustWifiStateMachineReferenceImpl: checkRssiOverThreshold newRssi = -43
04-24 12:06:29.028 1176 1337 D WifiScoreReport: Score = 100, wifiConnectivityManagerEnabled = false, lowScoreCount = 0
04-24 12:06:29.061 777 777 E : [E/capacity_limit_control] not demo version, not set power control prop!
04-24 12:06:29.117 1176 1176 I TrafficMonitor: update:rxPkts:24,txPkts:0,rxBytes:1894,txBytes:0
04-24 12:06:29.117 1176 1176 I TrafficMonitor: start expired. level:-1
04-24 12:06:29.117 1176 1176 I TrafficMonitor: gettimer:interval=2000
04-24 12:06:29.427 1176 1338 D HwWifiStatStore: handleMessage : 200
04-24 12:06:29.680 1176 1392 D HwArpVerifier: performPollAndLog:
04-24 12:06:29.683 1176 1392 D hw_netstat: total/0/0
04-24 12:06:30.636 742 742 E wificond: Failed to get NL80211_RATE_INFO_NOISE
04-24 12:06:30.636 742 742 E wificond: Failed to get NL80211_RATE_INFO_SNR
04-24 12:06:30.636 742 742 E wificond: Failed to get NL80211_STA_INFO_CNAHLOAD
04-24 12:06:30.637 1176 1337 E WificondControl: Noise: 0, Snr: -1, Chload: -1
04-24 12:06:30.638 1176 1339 D HwWifiCHRStateManager: handleMessage : 1001
04-24 12:06:30.638 1176 1339 D HwWifiCHRStateManager: handleUpdateChannel:2412
04-24 12:06:30.638 1176 1339 V HwWifiServiceFactory: get AllImpl object = com.android.server.wifi.HwWifiServiceFactoryImpl@2205edc
04-24 12:06:30.640 742 742 E wificond: Failed to get NL80211_RATE_INFO_NOISE
04-24 12:06:30.640 742 742 E wificond: Failed to get NL80211_RATE_INFO_SNR
04-24 12:06:30.641 742 742 E wificond: Failed to get NL80211_STA_INFO_CNAHLOAD
04-24 12:06:30.642 1176 1406 D HuaweiWifiWatchdogStateMachine: LM mrssi=-28
04-24 12:06:30.643 1176 1406 I HuaweiWifiWatchdogStateMachine: spd good count:0, add sc:0.0, rate:1.0
04-24 12:06:30.643 1176 1406 D HuaweiWifiWatchdogStateMachine: high data flow: protection_counter = 0, not_detect_counter = 295
04-24 12:06:30.643 1176 1406 D HuaweiWifiWatchdogStateMachine: high data flow scenario: 0 --> 0 rx bytes =43KB
04-24 12:06:30.644 1176 1406 I HuaweiWifiWatchdogStateMachine: current mHighDataFlowRate = 1.0
04-24 12:06:30.644 1176 1406 I HuaweiWifiWatchdogStateMachine: POta txb txg rxg:0, 1, 0. Lr =0% Totpkt=1
04-24 12:06:30.644 1176 1176 D WiFi_PRO: MSG_RETURN_AP_CURRY_RSSI rssi = -28
04-24 12:06:30.644 1176 1176 I QosMonitor: queryRtt: rtt_type = 3
04-24 12:06:30.645 1176 1176 I HwQoEJNI: send_cmd_kernel. begin
04-24 12:06:30.645 1176 1176 I HwQoEJNI: send_cmd_kernel. end
04-24 12:06:30.645 1176 1176 I QosMonitor: postEventFromNative: msg=100,arg1=4,arg2=10
04-24 12:06:30.645 1176 1176 I HwQoEJNI: send_cmd_kernel. begin
04-24 12:06:30.645 1176 1176 I HwQoEJNI: send_cmd_kernel. end
04-24 12:06:30.646 1176 1176 I QosMonitor: postEventFromNative: msg=100,arg1=0,arg2=10
04-24 12:06:30.646 1176 1176 D HuaweiWifiWatchdogStateMachine: setSampleRtt: unvalid rtt
04-24 12:06:30.646 1176 1176 I MQoS : rtt=100,tcp_tx_pkts=480721,tcp_rx_pkts=921247
04-24 12:06:30.647 1176 1406 D HuaweiWifiWatchdogStateMachine: dumpTcpResult: len=10,rtt=100,rttPkt=3,rttWn=18,cgt=0,cgtWn=0
04-24 12:06:30.647 1176 1406 I HuaweiWifiWatchdogStateMachine: PTcp RTT:0, rtt pkt=0, tcp_rx=0, tcp_tx=0, tcp_reTran=0, rtRate=0
04-24 12:06:30.647 1176 1406 D HuaweiWifiWatchdogStateMachine: mRssiBadCount =0, RSSI not bad.
04-24 12:06:30.647 1176 1406 D HuaweiWifiWatchdogStateMachine: detectNetworkAvailable:hw.wifipro.dns_fail_count = 131
04-24 12:06:30.647 1176 1406 D HuaweiWifiWatchdogStateMachine: bqeLevel = 2 rtt=0,rtt_pkts=0 speed=954 rssi=-28
04-24 12:06:30.647 1176 1406 D HuaweiWifiWatchdogStateMachine: Enter updateQoeLevel level = 2
04-24 12:06:30.648 1176 1406 D HuaweiWifiWatchdogStateMachine: updateQoeLevel current level equal to mLastDetectLevel, return
04-24 12:06:30.648 1176 1406 D HuaweiWifiWatchdogStateMachine: did not have any network action
04-24 12:06:30.653 1176 3515 I MQoS : QOS_level:0(0),wifi-link;SIM error;use level-0
04-24 12:06:31.120 1176 1176 I TrafficMonitor: update:rxPkts:17,txPkts:0,rxBytes:2540,txBytes:0
04-24 12:06:31.120 1176 1176 I TrafficMonitor: start expired. level:-1
04-24 12:06:31.120 1176 1176 I TrafficMonitor: gettimer:interval=2000
04-24 12:06:32.031 679 679 E WifiHAL : enter wifi_get_link_stats
04-24 12:06:32.037 742 742 E wificond: Failed to get NL80211_RATE_INFO_NOISE
04-24 12:06:32.037 742 742 E wificond: Failed to get NL80211_RATE_INFO_SNR
04-24 12:06:32.037 742 742 E wificond: Failed to get NL80211_STA_INFO_CNAHLOAD
04-24 12:06:32.038 1176 1337 E WificondControl: Noise: 0, Snr: -1, Chload: -1
04-24 12:06:32.038 1176 1339 D HwWifiCHRStateManager: handleMessage : 1001
04-24 12:06:32.038 1176 1339 D HwWifiCHRStateManager: handleUpdateChannel:2412
04-24 12:06:32.039 1176 1339 V HwWifiServiceFactory: get AllImpl object = com.android.server.wifi.HwWifiServiceFactoryImpl@2205edc
04-24 12:06:32.040 1176 1337 D HwCustWifiStateMachineReferenceImpl: checkRssiOverThreshold newRssi = -30
04-24 12:06:32.040 1176 1337 D WifiScoreReport: Score = 100, wifiConnectivityManagerEnabled = false, lowScoreCount = 0
04-24 12:06:32.432 1176 1338 D HwWifiStatStore: handleMessage : 200
04-24 12:06:33.123 1176 1176 I TrafficMonitor: update:rxPkts:19,txPkts:0,rxBytes:3850,txBytes:0
04-24 12:06:33.124 1176 1176 I TrafficMonitor: start expired. level:-1
04-24 12:06:33.124 1176 1176 I TrafficMonitor: gettimer:interval=2000
04-24 12:06:34.065 777 777 E : [E/capacity_limit_control] not demo version, not set power control prop!
04-24 12:06:34.118 1176 1176 I TrafficMonitor: expired arrive. level:-1
04-24 12:06:34.118 1176 1176 I TrafficMonitor: during_ms:2003,period_ms:2000
04-24 12:06:34.118 1176 1176 I TrafficMonitor: count:866,rx_sum:19,tx_sum:0,rxBytes:3850,during_ms:2003,rx_speed:1922.1168247628557,tx_speed:0.0,rto:0.0
04-24 12:06:34.118 1176 1176 D HuaweiWifiWatchdogStateMachine: speed: rxpkt:19, rxSpd:1922B/s, txpkt:0, txSpd:0
04-24 12:06:34.689 1176 1392 D HwArpVerifier: performPollAndLog:
04-24 12:06:34.693 1176 1392 D hw_netstat: total/0/0
04-24 12:06:35.044 679 679 E WifiHAL : enter wifi_get_link_stats
04-24 12:06:35.052 742 742 E wificond: Failed to get NL80211_RATE_INFO_NOISE
04-24 12:06:35.052 742 742 E wificond: Failed to get NL80211_RATE_INFO_SNR
04-24 12:06:35.052 742 742 E wificond: Failed to get NL80211_STA_INFO_CNAHLOAD
04-24 12:06:35.053 1176 1337 E WificondControl: Noise: 0, Snr: -1, Chload: -1
04-24 12:06:35.053 1176 1339 D HwWifiCHRStateManager: handleMessage : 1001
04-24 12:06:35.053 1176 1339 D HwWifiCHRStateManager: handleUpdateChannel:2412
04-24 12:06:35.054 1176 1339 V HwWifiServiceFactory: get AllImpl object = com.android.server.wifi.HwWifiServiceFactoryImpl@2205edc
04-24 12:06:35.056 1176 1337 D HwCustWifiStateMachineReferenceImpl: checkRssiOverThreshold newRssi = -35
04-24 12:06:35.056 1176 1337 D WifiScoreReport: Score = 100, wifiConnectivityManagerEnabled = false, lowScoreCount = 0
04-24 12:06:35.127 1176 1176 I TrafficMonitor: update:rxPkts:27,txPkts:0,rxBytes:4104,txBytes:0
04-24 12:06:35.127 1176 1176 I TrafficMonitor: start expired. level:-1
04-24 12:06:35.127 1176 1176 I TrafficMonitor: gettimer:interval=2000
04-24 12:06:35.438 1176 1338 D HwWifiStatStore: handleMessage : 200
04-24 12:06:36.810 741 741 E Thermal-daemon: [ap] temp_new :36 temp_old :37
04-24 12:06:36.811 1729 27267 I ThermalService: Receive temperature change, type: 0, temp: 36 from thermald
04-24 12:06:36.812 741 741 E Thermal-daemon: Report temperature: [ap] temp :36 report_threshold:1
04-24 12:06:37.129 1176 1176 I TrafficMonitor: update:rxPkts:19,txPkts:0,rxBytes:1564,txBytes:0
04-24 12:06:37.129 1176 1176 I TrafficMonitor: start expired. level:-1
04-24 12:06:37.130 1176 1176 I TrafficMonitor: gettimer:interval=5000
04-24 12:06:37.367 722 722 D DE N ACA: updateParam:145: mFilteredCct = 262.333344, mAscendDeltaCctMax = 73.453339, mDescendDeltaCctMax = 44.971432
04-24 12:06:37.367 722 722 D DE N SR : setAmbientParam:941: DE_SCENE_ACTION_AMBIENT_CHANGE set mLux:1016 mCt:262
04-24 12:06:38.061 679 679 E WifiHAL : enter wifi_get_link_stats
04-24 12:06:38.066 742 742 E wificond: Failed to get NL80211_RATE_INFO_NOISE
04-24 12:06:38.066 742 742 E wificond: Failed to get NL80211_RATE_INFO_SNR
04-24 12:06:38.066 742 742 E wificond: Failed to get NL80211_STA_INFO_CNAHLOAD
04-24 12:06:38.067 1176 1337 E WificondControl: Noise: 0, Snr: -1, Chload: -1
04-24 12:06:38.068 1176 1339 D HwWifiCHRStateManager: handleMessage : 1001
04-24 12:06:38.068 1176 1339 D HwWifiCHRStateManager: handleUpdateChannel:2412
04-24 12:06:38.068 1176 1339 V HwWifiServiceFactory: get AllImpl object = com.android.server.wifi.HwWifiServiceFactoryImpl@2205edc
04-24 12:06:38.069 1176 1337 D HwCustWifiStateMachineReferenceImpl: checkRssiOverThreshold newRssi = -30
04-24 12:06:38.070 1176 1337 D WifiScoreReport: Score = 100, wifiConnectivityManagerEnabled = false, lowScoreCount = 0
04-24 12:06:38.444 1176 1338 D HwWifiStatStore: handleMessage : 200
04-24 12:06:38.637 742 742 E wificond: Failed to get NL80211_RATE_INFO_NOISE
04-24 12:06:38.638 742 742 E wificond: Failed to get NL80211_RATE_INFO_SNR
04-24 12:06:38.638 742 742 E wificond: Failed to get NL80211_STA_INFO_CNAHLOAD
04-24 12:06:38.638 1176 1337 E WificondControl: Noise: 0, Snr: -1, Chload: -1
04-24 12:06:38.638 1176 1339 D HwWifiCHRStateManager: handleMessage : 1001
04-24 12:06:38.639 1176 1339 D HwWifiCHRStateManager: handleUpdateChannel:2412
04-24 12:06:38.639 1176 1339 V HwWifiServiceFactory: get AllImpl object = com.android.server.wifi.HwWifiServiceFactoryImpl@2205edc
04-24 12:06:38.641 742 742 E wificond: Failed to get NL80211_RATE_INFO_NOISE
04-24 12:06:38.641 742 742 E wificond: Failed to get NL80211_RATE_INFO_SNR
04-24 12:06:38.641 742 742 E wificond: Failed to get NL80211_STA_INFO_CNAHLOAD
04-24 12:06:38.643 1176 1406 D HuaweiWifiWatchdogStateMachine: LM mrssi=-30
04-24 12:06:38.643 1176 1406 I HuaweiWifiWatchdogStateMachine: spd good count:0, add sc:0.0, rate:1.0
04-24 12:06:38.643 1176 1406 I HuaweiWifiWatchdogStateMachine: current mHighDataFlowRate = 1.0
04-24 12:06:38.643 1176 1406 I HuaweiWifiWatchdogStateMachine: POta txb txg rxg:0, 1, 0. Lr =0% Totpkt=1
04-24 12:06:38.646 1176 1176 D WiFi_PRO: MSG_RETURN_AP_CURRY_RSSI rssi = -30
04-24 12:06:38.647 1176 1176 I QosMonitor: queryRtt: rtt_type = 3
04-24 12:06:38.647 1176 1176 I HwQoEJNI: send_cmd_kernel. begin
04-24 12:06:38.647 1176 1176 I HwQoEJNI: send_cmd_kernel. end
04-24 12:06:38.647 1176 1176 I QosMonitor: postEventFromNative: msg=100,arg1=4,arg2=10
04-24 12:06:38.647 1176 1176 I HwQoEJNI: send_cmd_kernel. begin
04-24 12:06:38.648 1176 1176 I HwQoEJNI: send_cmd_kernel. end
04-24 12:06:38.648 1176 1176 I QosMonitor: postEventFromNative: msg=100,arg1=0,arg2=10
04-24 12:06:38.648 1176 1176 D HuaweiWifiWatchdogStateMachine: setSampleRtt: unvalid rtt
04-24 12:06:38.648 1176 1406 D HuaweiWifiWatchdogStateMachine: dumpTcpResult: len=10,rtt=100,rttPkt=3,rttWn=26,cgt=0,cgtWn=0
04-24 12:06:38.648 1176 1176 I MQoS : rtt=100,tcp_tx_pkts=480721,tcp_rx_pkts=921247
04-24 12:06:38.648 1176 1406 I HuaweiWifiWatchdogStateMachine: PTcp RTT:0, rtt pkt=0, tcp_rx=0, tcp_tx=0, tcp_reTran=0, rtRate=0
04-24 12:06:38.648 1176 1406 D HuaweiWifiWatchdogStateMachine: mRssiBadCount =0, RSSI not bad.
04-24 12:06:38.649 1176 1406 D HuaweiWifiWatchdogStateMachine: detectNetworkAvailable:hw.wifipro.dns_fail_count = 131
04-24 12:06:38.649 1176 1406 D HuaweiWifiWatchdogStateMachine: bqeLevel = 2 rtt=0,rtt_pkts=0 speed=1922 rssi=-30
04-24 12:06:38.649 1176 1406 D HuaweiWifiWatchdogStateMachine: Enter updateQoeLevel level = 2
04-24 12:06:38.649 1176 1406 D HuaweiWifiWatchdogStateMachine: updateQoeLevel current level equal to mLastDetectLevel, return
04-24 12:06:38.649 1176 1406 D HuaweiWifiWatchdogStateMachine: did not have any network action
04-24 12:06:38.655 1176 3515 I MQoS : QOS_level:0(0),wifi-link;SIM error;use level-0
04-24 12:06:38.660 1176 1392 D HwArpVerifier: getIpRouteTable
04-24 12:06:38.747 1176 1392 D HwArpVerifier: Notify wifi default route is ok
04-24 12:06:39.071 777 777 E : [E/capacity_limit_control] not demo version, not set power control prop!
04-24 12:06:39.695 1176 1392 D HwArpVerifier: performPollAndLog:
04-24 12:06:39.698 1176 1392 D hw_netstat: total/0/0
04-24 12:06:40.128 1176 1176 I TrafficMonitor: expired arrive. level:-1
04-24 12:06:40.128 1176 1176 I TrafficMonitor: during_ms:2002,period_ms:2000
04-24 12:06:40.128 1176 1176 I TrafficMonitor: count:868,rx_sum:19,tx_sum:0,rxBytes:1564,during_ms:2002,rx_speed:781.2187812187813,tx_speed:0.0,rto:0.0
04-24 12:06:40.128 1176 1176 D HuaweiWifiWatchdogStateMachine: speed: rxpkt:19, rxSpd:781B/s, txpkt:0, txSpd:0
04-24 12:06:41.072 679 679 E WifiHAL : enter wifi_get_link_stats
04-24 12:06:41.079 742 742 E wificond: Failed to get NL80211_RATE_INFO_NOISE
04-24 12:06:41.079 742 742 E wificond: Failed to get NL80211_RATE_INFO_SNR
04-24 12:06:41.079 742 742 E wificond: Failed to get NL80211_STA_INFO_CNAHLOAD
04-24 12:06:41.080 1176 1337 E WificondControl: Noise: 0, Snr: -1, Chload: -1
04-24 12:06:41.080 1176 1339 D HwWifiCHRStateManager: handleMessage : 1001
04-24 12:06:41.080 1176 1339 D HwWifiCHRStateManager: handleUpdateChannel:2412
04-24 12:06:41.081 1176 1339 V HwWifiServiceFactory: get AllImpl object = com.android.server.wifi.HwWifiServiceFactoryImpl@2205edc
04-24 12:06:41.082 1176 1337 D HwCustWifiStateMachineReferenceImpl: checkRssiOverThreshold newRssi = -27
04-24 12:06:41.083 1176 1337 D WifiScoreReport: Score = 100, wifiConnectivityManagerEnabled = false, lowScoreCount = 0
04-24 12:06:41.450 1176 1338 D HwWifiStatStore: handleMessage : 200
04-24 12:06:42.133 1176 1176 I TrafficMonitor: update:rxPkts:39,txPkts:0,rxBytes:2942,txBytes:0
04-24 12:06:42.133 1176 1176 I TrafficMonitor: start expired. level:-1
04-24 12:06:42.133 1176 1176 I TrafficMonitor: gettimer:interval=5000
04-24 12:06:43.702 722 722 D DE N ACA: updateParam:145: mFilteredCct = 368.333344, mAscendDeltaCctMax = 103.133339, mDescendDeltaCctMax = 63.142860
04-24 12:06:43.702 722 722 D DE N SR : setAmbientParam:941: DE_SCENE_ACTION_AMBIENT_CHANGE set mLux:1016 mCt:368
04-24 12:06:44.079 777 777 E : [E/capacity_limit_control] not demo version, not set power control prop!
04-24 12:06:44.087 679 679 E WifiHAL : enter wifi_get_link_stats
04-24 12:06:44.098 742 742 E wificond: Failed to get NL80211_RATE_INFO_NOISE
04-24 12:06:44.098 742 742 E wificond: Failed to get NL80211_RATE_INFO_SNR
04-24 12:06:44.099 742 742 E wificond: Failed to get NL80211_STA_INFO_CNAHLOAD
04-24 12:06:44.099 1176 1337 E WificondControl: Noise: 0, Snr: -1, Chload: -1
04-24 12:06:44.100 1176 1339 D HwWifiCHRStateManager: handleMessage : 1001
04-24 12:06:44.100 1176 1339 D HwWifiCHRStateManager: handleUpdateChannel:2412
04-24 12:06:44.100 1176 1339 V HwWifiServiceFactory: get AllImpl object = com.android.server.wifi.HwWifiServiceFactoryImpl@2205edc
04-24 12:06:44.102 1176 1337 D HwCustWifiStateMachineReferenceImpl: checkRssiOverThreshold newRssi = -26
04-24 12:06:44.102 1176 1337 D WifiScoreReport: Score = 100, wifiConnectivityManagerEnabled = false, lowScoreCount = 0
04-24 12:06:44.456 1176 1338 D HwWifiStatStore: handleMessage : 200
04-24 12:06:44.704 1176 1392 D HwArpVerifier: performPollAndLog:
04-24 12:06:44.707 1176 1392 D hw_netstat: total/36/0,unknown:0/36/0
