04-24 12:00:37.389 7256 7362 W Unity : UnityEngine.DebugLogHandler:LogFormat(LogType, Object, String, Object[])
04-24 12:00:37.389 7256 7362 W Unity : UnityEngine.Logger:Log(LogType, Object)
04-24 12:00:37.389 7256 7362 W Unity : FMODUnity.RuntimeManager:DEBUG_CALLBACK(DEBUG_FLAGS, StringWrapper, Int32, StringWrapper, StringWrapper)
04-24 12:00:37.389 7256 7362 W Unity :
04-24 12:00:37.389 7256 7362 W Unity : (Filename: /Users/builduser/buildslave/unity/build/artifacts/generated/Android/runtime/DebugBindings.gen.cpp Line: 51)
04-24 12:00:37.389 7256 7362 W Unity :
04-24 12:00:37.392 683 683 I chatty : uid=1000(system) /system/bin/surfaceflinger expire 566 lines
04-24 12:00:37.632 777 777 E : [E/capacity_limit_control] not demo version, not set power control prop!
04-24 12:00:37.760 1176 1176 I chatty : uid=1000 system_server expire 68 lines
04-24 12:00:38.359 742 742 E wificond: Failed to get NL80211_RATE_INFO_NOISE
04-24 12:00:38.359 742 742 E wificond: Failed to get NL80211_RATE_INFO_SNR
04-24 12:00:38.359 742 742 E wificond: Failed to get NL80211_STA_INFO_CNAHLOAD
04-24 12:00:38.360 1176 1337 I chatty : uid=1000(system) WifiStateMachin expire 11 lines
04-24 12:00:38.360 1176 1339 I chatty : uid=1000(system) HwWifiCHRStateM expire 15 lines
04-24 12:00:38.363 742 742 E wificond: Failed to get NL80211_RATE_INFO_NOISE
04-24 12:00:38.363 742 742 E wificond: Failed to get NL80211_RATE_INFO_SNR
04-24 12:00:38.363 742 742 E wificond: Failed to get NL80211_STA_INFO_CNAHLOAD
04-24 12:00:38.364 1176 1406 I chatty : uid=1000(system) HuaweiWifiWatch expire 35 lines
04-24 12:00:38.373 1176 3515 I chatty : uid=1000(system) MobileQosDetect expire 10 lines
04-24 12:00:39.639 679 679 E WifiHAL : enter wifi_get_link_stats
04-24 12:00:39.648 742 742 E wificond: Failed to get NL80211_RATE_INFO_NOISE
04-24 12:00:39.648 742 742 E wificond: Failed to get NL80211_RATE_INFO_SNR
04-24 12:00:39.648 742 742 E wificond: Failed to get NL80211_STA_INFO_CNAHLOAD
04-24 12:00:41.519 741 741 E Thermal-daemon: [shell_temp] temp_new :38 temp_old :37
04-24 12:00:41.520 1729 18882 I ThermalService: Receive temperature change, type: 22, temp: 38 from thermald
04-24 12:00:41.520 1729 18882 I ThermalTrace_ThermalRaise: Shell:36,37,38,currentBatteryTemp:34
04-24 12:00:41.520 1729 2560 D HwThermalStateManager: Thermal type: 22 cur_temperature:38
04-24 12:00:41.520 1729 2560 W HwThermalStateManager: warning: no config thermal type:22 temperature:38
04-24 12:00:41.520 741 741 E Thermal-daemon: Report temperature: [shell_temp] temp :38 report_threshold:1
04-24 12:00:42.638 1176 1392 I chatty : uid=1000(system) WiFiArpStateMac expire 10 lines
04-24 12:00:42.639 777 777 E : [E/capacity_limit_control] not demo version, not set power control prop!
04-24 12:00:42.651 679 679 E WifiHAL : enter wifi_get_link_stats
04-24 12:00:42.657 742 742 E wificond: Failed to get NL80211_RATE_INFO_NOISE
04-24 12:00:42.659 742 742 E wificond: Failed to get NL80211_RATE_INFO_SNR
04-24 12:00:42.659 742 742 E wificond: Failed to get NL80211_STA_INFO_CNAHLOAD
04-24 12:00:42.982 1176 1302 I chatty : uid=1000(system) AlarmManager expire 2 lines
04-24 12:00:42.989 27905 27971 I longlink_progress: on_heartbeat_alarm, time: 350431147, is_noop_timeout:0
04-24 12:00:43.008 1176 7637 W ProcBatteryStats: timer is running , not start, name: com.tencent.mm, uid: 10824, tag: PlatformComm
04-24 12:00:43.012 1176 7637 I chatty : uid=1000(system) Binder:1176_1C identical 1 line
04-24 12:00:43.017 1176 7637 W ProcBatteryStats: timer is running , not start, name: com.tencent.mm, uid: 10824, tag: PlatformComm
04-24 12:00:43.026 1176 7637 V BroadcastQueue: Finished with ordered broadcast BroadcastRecord{b5275f1 u0 ALARM_ACTION(27905)}
04-24 12:00:43.030 27905 28003 I longlink_progress: on_heartbeat_set, time: 350431187, time interval:210000
04-24 12:00:43.037 27905 28003 I longlink_progress: on_heartbeat_set, time: 350431194, time interval:210000
04-24 12:00:43.886 1176 1338 I chatty : uid=1000(system) HwWifiStatStore expire 10 lines
04-24 12:00:44.011 1176 4696 W ProcBatteryStats: timer is not running , not stop, name: com.tencent.mm, uid: 10824, tag: PlatformComm
04-24 12:00:44.014 1176 4696 I chatty : uid=1000(system) Binder:1176_10 identical 1 line
04-24 12:00:44.027 1176 4696 W ProcBatteryStats: timer is not running , not stop, name: com.tencent.mm, uid: 10824, tag: PlatformComm
04-24 12:00:45.080 1176 1176 D WifiService: onReceive, action:android.intent.action.BATTERY_CHANGED
04-24 12:00:45.080 1176 1176 D WifiService: ACTION_BATTERY_CHANGED pluggedType: 2
04-24 12:00:45.083 5515 5671 E CloudAlbum[8.1.2.309]: [ReceiverManager] not log on ignore
04-24 12:00:45.083 1463 1463 D KeyguardUpdateMonitor: received broadcast android.intent.action.BATTERY_CHANGED
04-24 12:00:45.084 1463 1463 W KeyguardUpdateMonitor: ACTION_BATTERY_CHANGED AMP: 500000; Volt: 5000000
04-24 12:00:45.087 1729 1729 I MsgReceiver: intent action: android.intent.action.BATTERY_CHANGED
04-24 12:00:45.085 1463 1463 V KeyguardUpdateMonitor: RefreshBatteryInfo isBatteryLow: 70
04-24 12:00:45.088 1463 1463 W KeyguardUpdateMonitor: ChargingSpeed Wattage: 2500000 ST: 5000000 --> 7500000
04-24 12:00:45.088 1463 1463 I KgBattery: BatteryInfo updated: 2lPc0
04-24 12:00:45.088 1463 1463 W AppHandler: sendMessage with obj100
04-24 12:00:45.088 1463 1463 D KeyguardUpdateMonitor: handleBatteryUpdate
04-24 12:00:45.088 1463 1463 W HwLockScreenPanel: Handle message: 100
04-24 12:00:45.088 1463 1463 W HwKeyguardBottomArea: updateBatteryInfo : false true
04-24 12:00:45.088 1463 1463 W KgBattery: getCharge info with type: text
04-24 12:00:45.091 1463 1463 W HwLockScreenPanel: refreshBatteryInfo: null
04-24 12:00:45.665 679 679 E WifiHAL : enter wifi_get_link_stats
04-24 12:00:45.669 742 742 E wificond: Failed to get NL80211_RATE_INFO_NOISE
04-24 12:00:45.669 742 742 E wificond: Failed to get NL80211_RATE_INFO_SNR
04-24 12:00:45.669 742 742 E wificond: Failed to get NL80211_STA_INFO_CNAHLOAD
04-24 12:00:46.362 742 742 E wificond: Failed to get NL80211_RATE_INFO_NOISE
04-24 12:00:46.362 742 742 E wificond: Failed to get NL80211_RATE_INFO_SNR
04-24 12:00:46.362 742 742 E wificond: Failed to get NL80211_STA_INFO_CNAHLOAD
04-24 12:00:46.365 742 742 E wificond: Failed to get NL80211_RATE_INFO_NOISE
04-24 12:00:46.365 742 742 E wificond: Failed to get NL80211_RATE_INFO_SNR
04-24 12:00:46.365 742 742 E wificond: Failed to get NL80211_STA_INFO_CNAHLOAD
04-24 12:00:46.523 741 741 I Thermal-daemon: thermal bdata trigger start !!
04-24 12:00:46.524 761 1306 I dubaid : [PollingRoutine.cpp] notifyPolling# Polling routine start, timestamp: 1587700846519, reason: 4
04-24 12:00:47.643 777 777 E : [E/capacity_limit_control] not demo version, not set power control prop!
04-24 12:00:47.672 683 683 I chatty : uid=1000(system) /system/bin/surfaceflinger expire 528 lines
04-24 12:00:47.815 777 777 E : [E/capacity_limit_control] not demo version, not set power control prop!
04-24 12:00:47.817 1176 1288 D HwBatteryService: onUEvent fcpStatus = 0,scpStatus =0,ovpStatus=0
04-24 12:00:47.818 1176 1288 I UsbDeviceManager: water_intrused state= 0
04-24 12:00:47.829 1463 1463 D KeyguardUpdateMonitor: received broadcast android.intent.action.BATTERY_CHANGED
04-24 12:00:47.829 1176 1176 D WifiService: onReceive, action:android.intent.action.BATTERY_CHANGED
04-24 12:00:47.829 1463 1463 W KeyguardUpdateMonitor: ACTION_BATTERY_CHANGED AMP: 500000; Volt: 5000000
04-24 12:00:47.829 1176 1176 D WifiService: ACTION_BATTERY_CHANGED pluggedType: 2
04-24 12:00:47.829 1463 1463 V KeyguardUpdateMonitor: RefreshBatteryInfo isBatteryLow: 70
04-24 12:00:47.829 1463 1463 W KeyguardUpdateMonitor: ChargingSpeed Wattage: 2500000 ST: 5000000 --> 7500000
04-24 12:00:47.830 1463 1463 I KgBattery: BatteryInfo updated: 2lPc0
04-24 12:00:47.830 1463 1463 W AppHandler: sendMessage with obj100
04-24 12:00:47.830 1463 1463 D KeyguardUpdateMonitor: handleBatteryUpdate
04-24 12:00:47.830 1463 1463 W HwLockScreenPanel: Handle message: 100
04-24 12:00:47.830 1463 1463 W HwKeyguardBottomArea: updateBatteryInfo : false true
04-24 12:00:47.830 1463 1463 W KgBattery: getCharge info with type: text
04-24 12:00:47.833 1463 1463 W HwLockScreenPanel: refreshBatteryInfo: null
04-24 12:00:47.834 1729 1729 I MsgReceiver: intent action: android.intent.action.BATTERY_CHANGED
04-24 12:00:47.838 5515 5671 E CloudAlbum[8.1.2.309]: [ReceiverManager] not log on ignore
04-24 12:00:48.678 679 679 E WifiHAL : enter wifi_get_link_stats
04-24 12:00:48.685 742 742 E wificond: Failed to get NL80211_RATE_INFO_NOISE
04-24 12:00:48.685 742 742 E wificond: Failed to get NL80211_RATE_INFO_SNR
04-24 12:00:48.685 742 742 E wificond: Failed to get NL80211_STA_INFO_CNAHLOAD
04-24 12:00:48.686 1176 1337 I chatty : uid=1000(system) WifiStateMachin expire 13 lines
04-24 12:00:48.686 1176 1339 I chatty : uid=1000(system) HwWifiCHRStateM expire 15 lines
04-24 12:00:49.157 1176 1589 W Watchdog: hungtask: writing kick
04-24 12:00:49.158 1176 1202 I chatty : uid=1000(system) android.fg expire 6 lines
04-24 12:00:49.773 1176 1176 I chatty : uid=1000 system_server expire 41 lines
04-24 12:00:50.341 4414 4414 I PushLog2955: [main-1]action is com.huawei.push.alarm.HEARTBEAT(android/:307)
04-24 12:00:50.343 4414 4414 I PushLog2955: [main-1]dispatchIntent over(android/:210)
04-24 12:00:50.343 4414 4431 I PushLog2955: [ReceiverDispatcher-277]com.huawei.push.alarm.HEARTBEAT alarm trigger, expectTriggerTime:0, current trigger time:1587700850343(android/:78)
04-24 12:00:50.343 4414 4431 I PushLog2955: [ReceiverDispatcher-277]heartbeatArrive(android/:140)
04-24 12:00:50.344 1176 4696 V BroadcastQueue: Finished with ordered broadcast BroadcastRecord{ca6134f u0 com.huawei.push.alarm.HEARTBEAT}
04-24 12:00:50.346 4414 4431 I PushLog2955: [ReceiverDispatcher-277]heartbeatArrive, send heart beat(android/:147)
04-24 12:00:50.354 4414 4431 I PushLog2955: [ReceiverDispatcher-277]not support bastet in wifi(android/:101)
04-24 12:00:50.355 4414 4431 I PushLog2955: [ReceiverDispatcher-277]init push bastet failed!(android/:81)
04-24 12:00:50.361 4414 4431 I PushLog2955: [ReceiverDispatcher-277] get charing (android/:840)
04-24 12:00:50.362 4414 4431 I PushLog2955: [ReceiverDispatcher-277] get charing false(android/:842)
04-24 12:00:50.362 4414 4431 I PushLog2955: [ReceiverDispatcher-277]set HEARTBEAT_RSP_TIMEOUT Alarm(android/:364)
04-24 12:00:50.362 4414 4431 I PushLog2955: [ReceiverDispatcher-277]enter AlarmTools:setExactAlarm(intent:Intent { act=com.huawei.android.push.intent.HEARTBEAT_RSP_TIMEOUT pkg=android } interval:10000ms(android/:24)
04-24 12:00:50.362 4414 4431 I PushLog2955: [ReceiverDispatcher-277]setExactAlarm expectTriggerTime:1587700860362(android/:27)
04-24 12:00:50.366 4414 4431 I PushLog2955: [ReceiverDispatcher-277]next Heartbeat timeout for push server is:5.0(android/:374)
04-24 12:00:50.367 4414 4431 I PushLog2955: [ReceiverDispatcher-277]process cmdid to send to pushSrv:DA, subCmdId:FF(android/:106)
04-24 12:00:50.368 4414 4431 I PushLog2955: [ReceiverDispatcher-277]send msg to remote srv success(android/:110)
04-24 12:00:50.413 4414 23368 I PushLog2955: [SocketRead_07:00:12-666]process cmdid to receive from pushSrv:DB, subCmdId:FF(android/:269)
04-24 12:00:50.417 4414 23368 I PushLog2955: [SocketRead_07:00:12-666]enter adjustHeartBeat:(findHeartBeat:true,isHearBeatTimeReq:true,RspTimeOut:false,beatInterval:300000,bestHBSuccessCount:0,range:[180000,300000])(android/:120)
04-24 12:00:50.417 4414 23368 I PushLog2955: [SocketRead_07:00:12-666]judgeFindBestHB and isBestHBTimeOut: falseisOffset: false(android/:170)
04-24 12:00:50.418 4414 23368 I PushLog2955: [SocketRead_07:00:12-666]after delayHeartBeatReq, nextHeartBeatTime, will be [300000,300000] ms later(android/:501)
04-24 12:00:50.423 4414 23368 I PushLog2955: [SocketRead_07:00:12-666]dispatchIntent over(android/:210)
04-24 12:00:50.424 4414 4431 I PushLog2955: [ReceiverDispatcher-277]com.huawei.android.push.intent.MSG_RECEIVED alarm trigger, expectTriggerTime:0, current trigger time:1587700850424(android/:78)
04-24 12:00:51.691 679 679 E WifiHAL : enter wifi_get_link_stats
04-24 12:00:51.697 742 742 E wificond: Failed to get NL80211_RATE_INFO_NOISE
04-24 12:00:51.697 742 742 E wificond: Failed to get NL80211_RATE_INFO_SNR
04-24 12:00:51.697 742 742 E wificond: Failed to get NL80211_STA_INFO_CNAHLOAD
04-24 12:00:52.821 777 777 E : [E/capacity_limit_control] not demo version, not set power control prop!
04-24 12:00:53.013 1176 6429 V BroadcastQueue: Finished with ordered broadcast BroadcastRecord{5a68c8 u0 com.tencent.mm.plugin.report.service.KVCommCrossProcessReceiver}
04-24 12:00:54.378 742 742 E wificond: Failed to get NL80211_RATE_INFO_NOISE
04-24 12:00:54.378 742 742 E wificond: Failed to get NL80211_RATE_INFO_SNR
04-24 12:00:54.378 742 742 E wificond: Failed to get NL80211_STA_INFO_CNAHLOAD
04-24 12:00:54.381 742 742 E wificond: Failed to get NL80211_RATE_INFO_NOISE
04-24 12:00:54.381 742 742 E wificond: Failed to get NL80211_RATE_INFO_SNR
04-24 12:00:54.381 742 742 E wificond: Failed to get NL80211_STA_INFO_CNAHLOAD
04-24 12:00:54.382 1176 1406 I chatty : uid=1000(system) HuaweiWifiWatch expire 30 lines
04-24 12:00:54.702 679 679 E WifiHAL : enter wifi_get_link_stats
04-24 12:00:54.704 742 742 E wificond: Failed to get NL80211_RATE_INFO_NOISE
04-24 12:00:54.704 742 742 E wificond: Failed to get NL80211_RATE_INFO_SNR
04-24 12:00:54.704 742 742 E wificond: Failed to get NL80211_STA_INFO_CNAHLOAD
04-24 12:00:56.529 741 741 E Thermal-daemon: [battery] temp_new :35 temp_old :34
04-24 12:00:56.530 1729 18882 I ThermalService: Receive temperature change, type: 9, temp: 35 from thermald
04-24 12:00:56.530 1729 18882 I ThermalTrace_ThermalRaise: Battery:35
04-24 12:00:56.530 741 741 E Thermal-daemon: Report temperature: [battery] temp :35 report_threshold:1
04-24 12:00:56.531 741 741 E Thermal-daemon: [pa_0] temp_new :38 temp_old :37
04-24 12:00:56.531 1729 2560 W HwThermalStateManager: warning: no config thermal type:9 temperature:35
04-24 12:00:56.531 1729 27267 I ThermalService: Receive temperature change, type: 1, temp: 38 from thermald
04-24 12:00:56.532 741 741 E Thermal-daemon: Report temperature: [pa_0] temp :38 report_threshold:1
04-24 12:00:56.532 741 741 E Thermal-daemon: [charger_ic] temp_new :42 temp_old :41
04-24 12:00:56.532 1729 27267 I ThermalService: Receive temperature change, type: 2, temp: 42 from thermald
04-24 12:00:56.533 741 741 E Thermal-daemon: Report temperature: [charger_ic] temp :42 report_threshold:1
04-24 12:00:56.534 1729 2560 D HwThermalStateManager: Thermal type: 2 cur_temperature:42
04-24 12:00:56.534 1729 2560 W HwThermalStateManager: warning: no config thermal type:2 temperature:42
04-24 12:00:56.534 1729 2560 D HwThermalStateManager: Thermal type: 2 cur_temperature:42
04-24 12:00:56.534 1729 2560 W HwThermalStateManager: warning: no config thermal type:2 temperature:42
04-24 12:00:57.714 679 679 E WifiHAL : enter wifi_get_link_stats
04-24 12:00:57.718 742 742 E wificond: Failed to get NL80211_RATE_INFO_NOISE
04-24 12:00:57.718 683 683 I chatty : uid=1000(system) /system/bin/surfaceflinger expire 936 lines
04-24 12:00:57.718 742 742 E wificond: Failed to get NL80211_RATE_INFO_SNR
04-24 12:00:57.718 742 742 E wificond: Failed to get NL80211_STA_INFO_CNAHLOAD
04-24 12:00:57.825 777 777 E : [E/capacity_limit_control] not demo version, not set power control prop!
04-24 12:01:00.001 1176 1176 V AlarmManager: Received TIME_TICK alarm; rescheduling
04-24 12:01:00.003 1176 1176 I HwAlarmManagerService: hwSetAlarm listenerTag: time_tick
04-24 12:01:00.014 1463 1463 W HwKeyguardDragHelper: AnimationBlocked
04-24 12:01:00.020 1463 1463 E DateView: DateView,mCurrentTime: 1587700860020
04-24 12:01:00.023 1463 1463 I EventCenter: EventCenter Get :android.intent.action.TIME_TICK
04-24 12:01:00.032 1463 1463 W HwKeyguardDragHelper: AnimationBlocked
04-24 12:01:00.036 1463 1463 W ResourceType: No known package when getting value for resource number 0xffffffff
04-24 12:01:00.036 1463 1463 E DateLunarView: mDateString is: 4月24日星期五
04-24 12:01:00.038 1463 1463 W ResourceType: No known package when getting value for resource number 0xffffffff
04-24 12:01:00.039 1463 1463 E DateLunarView: mDateString is: 4月24日星期五
04-24 12:01:00.042 1463 1463 D WeatherHelper: City info empty
04-24 12:01:00.045 1463 1463 D WeatherHelper: City info empty
04-24 12:01:00.045 1463 1463 D KeyguardUpdateMonitor: received broadcast android.intent.action.TIME_TICK
04-24 12:01:00.046 1463 1463 D KeyguardUpdateMonitor: handleTimeUpdate
04-24 12:01:00.046 1463 1782 I KeyguardStatusView: Runnable for refresh
04-24 12:01:00.051 1463 1463 D WeatherHelper: City info empty
04-24 12:01:00.056 1770 1770 I HwLauncher: Model onReceive intent=Intent { act=android.intent.action.TIME_TICK flg=0x50200014 hwFlg=0x900 (has extras) }
04-24 12:01:00.057 1770 1770 I HwLauncher: Model onReceive user=UserHandle{0}
04-24 12:01:00.086 3756 3806 I Step_LSC: 80001355|processHandleBroadcastAction action:android.intent.action.TIME_TICK
04-24 12:01:00.090 2379 2379 I [HwRecSys]TimerController: onMinuteChange requestWeather
04-24 12:01:00.101 1176 6429 V BroadcastQueue: Finished with ordered broadcast BroadcastRecord{a896086 u-1 android.intent.action.TIME_TICK}
04-24 12:01:00.124 1463 1463 D WeatherHelper: City info empty
04-24 12:01:00.125 1463 1463 D DateTimeView: Change to single clock mode!
04-24 12:01:00.127 1463 1463 D WeatherHelper: City info empty
04-24 12:01:00.128 1463 1463 D WeatherHelper: City info empty
04-24 12:01:00.128 1463 1463 D DateTimeView: Change to single clock mode!
04-24 12:01:00.130 1463 1463 D WeatherHelper: City info empty
04-24 12:01:00.724 679 679 E WifiHAL : enter wifi_get_link_stats
04-24 12:01:00.728 742 742 E wificond: Failed to get NL80211_RATE_INFO_NOISE
04-24 12:01:00.729 742 742 E wificond: Failed to get NL80211_RATE_INFO_SNR
04-24 12:01:00.729 742 742 E wificond: Failed to get NL80211_STA_INFO_CNAHLOAD
04-24 12:01:00.729 1176 1337 I chatty : uid=1000(system) WifiStateMachin expire 14 lines
04-24 12:01:00.730 1176 1339 I chatty : uid=1000(system) HwWifiCHRStateM expire 18 lines
04-24 12:01:01.779 1176 1176 I chatty : uid=1000 system_server expire 51 lines
04-24 12:01:02.382 742 742 E wificond: Failed to get NL80211_RATE_INFO_NOISE
04-24 12:01:02.382 742 742 E wificond: Failed to get NL80211_RATE_INFO_SNR
04-24 12:01:02.382 742 742 E wificond: Failed to get NL80211_STA_INFO_CNAHLOAD
04-24 12:01:02.385 1106 1119 I OAM : [check_file_size:505]/data/log/wifi/wifi_log_1 log file beyond size=10240Byte, creat new file
04-24 12:01:02.385 1106 1119 I OAM : [rename_old_file:210]rename_old_file
04-24 12:01:02.385 1106 1119 I OAM :
04-24 12:01:02.387 742 742 E wificond: Failed to get NL80211_RATE_INFO_NOISE
04-24 12:01:02.387 742 742 E wificond: Failed to get NL80211_RATE_INFO_SNR
04-24 12:01:02.387 742 742 E wificond: Failed to get NL80211_STA_INFO_CNAHLOAD
04-24 12:01:02.661 1176 1392 I chatty : uid=1000(system) WiFiArpStateMac expire 12 lines
04-24 12:01:02.831 777 777 E : [E/capacity_limit_control] not demo version, not set power control prop!
04-24 12:01:03.734 679 679 E WifiHAL : enter wifi_get_link_stats
04-24 12:01:03.737 742 742 E wificond: Failed to get NL80211_RATE_INFO_NOISE
04-24 12:01:03.737 742 742 E wificond: Failed to get NL80211_RATE_INFO_SNR
04-24 12:01:03.737 742 742 E wificond: Failed to get NL80211_STA_INFO_CNAHLOAD
04-24 12:01:05.705 677 677 D SensorHub: Get acc data -0.383072, -0.019154, 9.385271
04-24 12:01:06.276 1729 2560 I LogPowerAdapter: do thermal temperature:33action:app_ctrl value:0 to PG
04-24 12:01:06.276 1729 2560 D HwPolicyDispatcher: send ctrl to PG,0
04-24 12:01:06.278 1729 2056 I TClean : TClean trigger policy = 0
04-24 12:01:06.279 1729 2056 I HardwareAdapter: file:/sys/class/hw_power/charger/direct_charger/adaptor_detect, fileExists:false, fileCanRead:false
04-24 12:01:06.279 1729 2056 I HardwareAdapter: isOnlyChargingType adaptor_detect=null
04-24 12:01:06.280 1729 2056 I HardwareAdapter: isOnlyChargingType chargerType=0
04-24 12:01:06.280 1729 2056 I ash : not only power charing.
04-24 12:01:06.743 679 679 E WifiHAL : enter wifi_get_link_stats
04-24 12:01:06.750 742 742 E wificond: Failed to get NL80211_RATE_INFO_NOISE
04-24 12:01:06.750 742 742 E wificond: Failed to get NL80211_RATE_INFO_SNR
04-24 12:01:06.750 742 742 E wificond: Failed to get NL80211_STA_INFO_CNAHLOAD
04-24 12:01:07.838 777 777 E : [E/capacity_limit_control] not demo version, not set power control prop!
04-24 12:01:09.757 679 679 E WifiHAL : enter wifi_get_link_stats
04-24 12:01:09.760 742 742 E wificond: Failed to get NL80211_RATE_INFO_NOISE
04-24 12:01:09.760 742 742 E wificond: Failed to get NL80211_RATE_INFO_SNR
04-24 12:01:09.760 742 742 E wificond: Failed to get NL80211_STA_INFO_CNAHLOAD
04-24 12:01:10.383 742 742 E wificond: Failed to get NL80211_RATE_INFO_NOISE
04-24 12:01:10.383 742 742 E wificond: Failed to get NL80211_RATE_INFO_SNR
04-24 12:01:10.383 742 742 E wificond: Failed to get NL80211_STA_INFO_CNAHLOAD
04-24 12:01:10.385 742 742 E wificond: Failed to get NL80211_RATE_INFO_NOISE
04-24 12:01:10.385 742 742 E wificond: Failed to get NL80211_RATE_INFO_SNR
04-24 12:01:10.385 742 742 E wificond: Failed to get NL80211_STA_INFO_CNAHLOAD
04-24 12:01:10.385 1176 1406 I chatty : uid=1000(system) HuaweiWifiWatch expire 31 lines
04-24 12:01:12.766 679 679 E WifiHAL : enter wifi_get_link_stats
04-24 12:01:12.770 742 742 E wificond: Failed to get NL80211_RATE_INFO_NOISE
04-24 12:01:12.770 742 742 E wificond: Failed to get NL80211_RATE_INFO_SNR
04-24 12:01:12.770 742 742 E wificond: Failed to get NL80211_STA_INFO_CNAHLOAD
04-24 12:01:12.771 1176 1337 I chatty : uid=1000(system) WifiStateMachin expire 13 lines
04-24 12:01:12.771 1176 1339 I chatty : uid=1000(system) HwWifiCHRStateM expire 15 lines
04-24 12:01:12.846 777 777 E : [E/capacity_limit_control] not demo version, not set power control prop!
04-24 12:01:13.719 1176 1392 I chatty : uid=1000(system) WiFiArpStateMac expire 10 lines
04-24 12:01:13.788 1176 1176 I chatty : uid=1000 system_server expire 47 lines
04-24 12:01:13.927 1176 1338 I chatty : uid=1000(system) HwWifiStatStore expire 10 lines
04-24 12:01:15.626 3756 3774 D LogUtil_LogConfig: obtainSavePath(): path = 1
04-24 12:01:15.627 3756 3774 D LogUtil_LogConfig: getLogFile(): logFilePath = /data/data/com.huawei.health/files/com.huawei.health/com.huawei.health_DaemonService/
04-24 12:01:15.627 3756 3774 D LogUtil_LogConfig: obtainSavePath(): path = 1
04-24 12:01:15.627 3756 3774 D LogUtil_LogConfig: acquireMaxLogFileLengthContainsOffset describe: com.huawei.health:DaemonService result:5242880
04-24 12:01:15.628 3756 3774 D LogUtil_LogConfig: obtainSavePath(): path = 1
04-24 12:01:15.628 3756 3774 D LogUtil_LogConfig: getLogFileRoot(): logFilePath = /data/data/com.huawei.health/files/com.huawei.health/com.huawei.health_DaemonService/
04-24 12:01:15.777 679 679 E WifiHAL : enter wifi_get_link_stats
04-24 12:01:15.783 742 742 E wificond: Failed to get NL80211_RATE_INFO_NOISE
04-24 12:01:15.783 742 742 E wificond: Failed to get NL80211_RATE_INFO_SNR
04-24 12:01:15.783 742 742 E wificond: Failed to get NL80211_STA_INFO_CNAHLOAD
04-24 12:01:17.851 777 777 E : [E/capacity_limit_control] not demo version, not set power control prop!
04-24 12:01:17.864 683 683 I chatty : uid=1000(system) /system/bin/surfaceflinger expire 558 lines
04-24 12:01:18.064 777 777 E : [E/capacity_limit_control] not demo version, not set power control prop!
04-24 12:01:18.065 1176 1288 D HwBatteryService: onUEvent fcpStatus = 0,scpStatus =0,ovpStatus=0
04-24 12:01:18.067 1176 1288 I UsbDeviceManager: water_intrused state= 0
04-24 12:01:18.076 1176 1176 D WifiService: onReceive, action:android.intent.action.BATTERY_CHANGED
04-24 12:01:18.076 1176 1176 D WifiService: ACTION_BATTERY_CHANGED pluggedType: 2
04-24 12:01:18.078 1729 1729 I MsgReceiver: intent action: android.intent.action.BATTERY_CHANGED
04-24 12:01:18.078 1463 1463 D KeyguardUpdateMonitor: received broadcast android.intent.action.BATTERY_CHANGED
04-24 12:01:18.078 1463 1463 W KeyguardUpdateMonitor: ACTION_BATTERY_CHANGED AMP: 500000; Volt: 5000000
04-24 12:01:18.078 5515 5671 E CloudAlbum[8.1.2.309]: [ReceiverManager] not log on ignore
04-24 12:01:18.079 1463 1463 V KeyguardUpdateMonitor: RefreshBatteryInfo isBatteryLow: 70
04-24 12:01:18.079 1463 1463 W KeyguardUpdateMonitor: ChargingSpeed Wattage: 2500000 ST: 5000000 --> 7500000
04-24 12:01:18.079 1463 1463 I KgBattery: BatteryInfo updated: 2lPc0
04-24 12:01:18.079 1463 1463 W AppHandler: sendMessage with obj100
04-24 12:01:18.079 1463 1463 D KeyguardUpdateMonitor: handleBatteryUpdate
04-24 12:01:18.079 1463 1463 W HwLockScreenPanel: Handle message: 100
04-24 12:01:18.079 1463 1463 W HwKeyguardBottomArea: updateBatteryInfo : false true
04-24 12:01:18.079 1463 1463 W KgBattery: getCharge info with type: text
04-24 12:01:18.082 1463 1463 W HwLockScreenPanel: refreshBatteryInfo: null
04-24 12:01:18.392 742 742 E wificond: Failed to get NL80211_RATE_INFO_NOISE
04-24 12:01:18.392 742 742 E wificond: Failed to get NL80211_RATE_INFO_SNR
04-24 12:01:18.392 742 742 E wificond: Failed to get NL80211_STA_INFO_CNAHLOAD
04-24 12:01:18.394 742 742 E wificond: Failed to get NL80211_RATE_INFO_NOISE
04-24 12:01:18.394 742 742 E wificond: Failed to get NL80211_RATE_INFO_SNR
04-24 12:01:18.394 742 742 E wificond: Failed to get NL80211_STA_INFO_CNAHLOAD
04-24 12:01:18.399 1176 3109 I chatty : uid=1000(system) wifipro_uid_tcp expire 10 lines
04-24 12:01:18.785 679 679 E WifiHAL : enter wifi_get_link_stats
04-24 12:01:18.788 742 742 E wificond: Failed to get NL80211_RATE_INFO_NOISE
04-24 12:01:18.788 742 742 E wificond: Failed to get NL80211_RATE_INFO_SNR
04-24 12:01:18.788 742 742 E wificond: Failed to get NL80211_STA_INFO_CNAHLOAD
04-24 12:01:19.158 1176 1589 W Watchdog: hungtask: writing kick
04-24 12:01:21.794 679 679 E WifiHAL : enter wifi_get_link_stats
04-24 12:01:21.798 742 742 E wificond: Failed to get NL80211_RATE_INFO_NOISE
04-24 12:01:21.798 742 742 E wificond: Failed to get NL80211_RATE_INFO_SNR
04-24 12:01:21.798 742 742 E wificond: Failed to get NL80211_STA_INFO_CNAHLOAD
04-24 12:01:23.073 777 777 E : [E/capacity_limit_control] not demo version, not set power control prop!
04-24 12:01:24.806 679 679 E WifiHAL : enter wifi_get_link_stats
04-24 12:01:24.810 742 742 E wificond: Failed to get NL80211_RATE_INFO_NOISE
04-24 12:01:24.810 742 742 E wificond: Failed to get NL80211_RATE_INFO_SNR
04-24 12:01:24.810 742 742 E wificond: Failed to get NL80211_STA_INFO_CNAHLOAD
04-24 12:01:24.810 1176 1337 I chatty : uid=1000(system) WifiStateMachin expire 14 lines
04-24 12:01:24.811 1176 1339 I chatty : uid=1000(system) HwWifiCHRStateM expire 18 lines
04-24 12:01:25.797 1176 1176 I chatty : uid=1000 system_server expire 49 lines
04-24 12:01:26.399 742 742 E wificond: Failed to get NL80211_RATE_INFO_NOISE
04-24 12:01:26.399 742 742 E wificond: Failed to get NL80211_RATE_INFO_SNR
04-24 12:01:26.399 742 742 E wificond: Failed to get NL80211_STA_INFO_CNAHLOAD
04-24 12:01:26.402 742 742 E wificond: Failed to get NL80211_RATE_INFO_NOISE
04-24 12:01:26.402 742 742 E wificond: Failed to get NL80211_RATE_INFO_SNR
04-24 12:01:26.402 742 742 E wificond: Failed to get NL80211_STA_INFO_CNAHLOAD
04-24 12:01:26.403 1176 1406 I chatty : uid=1000(system) HuaweiWifiWatch expire 28 lines
04-24 12:01:27.815 679 679 E WifiHAL : enter wifi_get_link_stats
04-24 12:01:27.819 742 742 E wificond: Failed to get NL80211_RATE_INFO_NOISE
04-24 12:01:27.819 742 742 E wificond: Failed to get NL80211_RATE_INFO_SNR
04-24 12:01:27.819 742 742 E wificond: Failed to get NL80211_STA_INFO_CNAHLOAD
04-24 12:01:28.077 777 777 E : [E/capacity_limit_control] not demo version, not set power control prop!
04-24 12:01:28.092 683 683 I chatty : uid=1000(system) /system/bin/surfaceflinger expire 1168 lines
04-24 12:01:30.825 679 679 E WifiHAL : enter wifi_get_link_stats
04-24 12:01:30.830 742 742 E wificond: Failed to get NL80211_RATE_INFO_NOISE
04-24 12:01:30.830 742 742 E wificond: Failed to get NL80211_RATE_INFO_SNR
04-24 12:01:30.830 742 742 E wificond: Failed to get NL80211_STA_INFO_CNAHLOAD
04-24 12:01:31.552 741 741 E Thermal-daemon: [ap] temp_new :45 temp_old :44
04-24 12:01:31.553 1729 18882 I ThermalService: Receive temperature change, type: 0, temp: 45 from thermald
04-24 12:01:31.553 1729 2560 D HwThermalStateManager: Thermal type: 0 cur_temperature:45
04-24 12:01:31.553 741 741 E Thermal-daemon: Report temperature: [ap] temp :45 report_threshold:1
04-24 12:01:31.874 722 722 D DE N ACA: updateParam:145: mFilteredCct = 87.333336, mAscendDeltaCctMax = 24.453335, mDescendDeltaCctMax = 14.971430
04-24 12:01:31.874 722 722 D DE N SR : immidiatelyActionIntent:262: DE_SCENE_ACTION_AMBIENT_CHANGE intent.int:0
04-24 12:01:31.874 722 722 D DE N SR : setAmbientParam:941: DE_SCENE_ACTION_AMBIENT_CHANGE set mLux:1016 mCt:87
04-24 12:01:32.476 722 722 D DE N SR : setAmbientParam:941: DE_SCENE_ACTION_AMBIENT_CHANGE set mLux:241 mCt:87
04-24 12:01:32.476 722 722 D DE N SR : immidiatelyAction:243: DE_SCENE_ACTION_INDOOR_STEADY
04-24 12:01:33.081 777 777 E : [E/capacity_limit_control] not demo version, not set power control prop!
04-24 12:01:33.836 679 679 E WifiHAL : enter wifi_get_link_stats
04-24 12:01:33.841 742 742 E wificond: Failed to get NL80211_RATE_INFO_NOISE
04-24 12:01:33.841 742 742 E wificond: Failed to get NL80211_RATE_INFO_SNR
04-24 12:01:33.841 742 742 E wificond: Failed to get NL80211_STA_INFO_CNAHLOAD
04-24 12:01:34.401 742 742 E wificond: Failed to get NL80211_RATE_INFO_NOISE
04-24 12:01:34.401 742 742 E wificond: Failed to get NL80211_RATE_INFO_SNR
04-24 12:01:34.401 742 742 E wificond: Failed to get NL80211_STA_INFO_CNAHLOAD
04-24 12:01:34.403 742 742 E wificond: Failed to get NL80211_RATE_INFO_NOISE
04-24 12:01:34.403 742 742 E wificond: Failed to get NL80211_RATE_INFO_SNR
04-24 12:01:34.403 742 742 E wificond: Failed to get NL80211_STA_INFO_CNAHLOAD
04-24 12:01:36.846 679 679 E WifiHAL : enter wifi_get_link_stats
04-24 12:01:36.851 742 742 E wificond: Failed to get NL80211_RATE_INFO_NOISE
04-24 12:01:36.851 742 742 E wificond: Failed to get NL80211_RATE_INFO_SNR
04-24 12:01:36.851 742 742 E wificond: Failed to get NL80211_STA_INFO_CNAHLOAD
04-24 12:01:36.851 1176 1337 I chatty : uid=1000(system) WifiStateMachin expire 13 lines
04-24 12:01:36.852 1176 1339 I chatty : uid=1000(system) HwWifiCHRStateM expire 15 lines
04-24 12:01:37.804 1176 1176 I chatty : uid=1000 system_server expire 53 lines
04-24 12:01:37.939 1176 1392 I chatty : uid=1000(system) WiFiArpStateMac expire 14 lines
04-24 12:01:38.086 777 777 E : [E/capacity_limit_control] not demo version, not set power control prop!
04-24 12:01:39.857 679 679 E WifiHAL : enter wifi_get_link_stats
04-24 12:01:39.862 742 742 E wificond: Failed to get NL80211_RATE_INFO_NOISE
04-24 12:01:39.862 742 742 E wificond: Failed to get NL80211_RATE_INFO_SNR
04-24 12:01:39.862 742 742 E wificond: Failed to get NL80211_STA_INFO_CNAHLOAD
04-24 12:01:39.997 722 722 D DE N ACA: updateParam:145: mFilteredCct = 173.000000, mAscendDeltaCctMax = 48.439999, mDescendDeltaCctMax = 29.657145
04-24 12:01:39.997 722 722 D DE N SR : setAmbientParam:941: DE_SCENE_ACTION_AMBIENT_CHANGE set mLux:241 mCt:173
04-24 12:01:40.825 677 877 D SensorHub: Get acc data -0.229843, 0.019154, 9.423578
04-24 12:01:42.412 742 742 E wificond: Failed to get NL80211_RATE_INFO_NOISE
04-24 12:01:42.412 742 742 E wificond: Failed to get NL80211_RATE_INFO_SNR
04-24 12:01:42.412 742 742 E wificond: Failed to get NL80211_STA_INFO_CNAHLOAD
04-24 12:01:42.415 742 742 E wificond: Failed to get NL80211_RATE_INFO_NOISE
04-24 12:01:42.415 742 742 E wificond: Failed to get NL80211_RATE_INFO_SNR
04-24 12:01:42.415 742 742 E wificond: Failed to get NL80211_STA_INFO_CNAHLOAD
04-24 12:01:42.417 1176 1406 I chatty : uid=1000(system) HuaweiWifiWatch expire 31 lines
04-24 12:01:42.424 1176 3515 I chatty : uid=1000(system) MobileQosDetect expire 10 lines
04-24 12:01:42.866 679 679 E WifiHAL : enter wifi_get_link_stats
04-24 12:01:42.868 742 742 E wificond: Failed to get NL80211_RATE_INFO_NOISE
04-24 12:01:42.868 742 742 E wificond: Failed to get NL80211_RATE_INFO_SNR
04-24 12:01:42.868 742 742 E wificond: Failed to get NL80211_STA_INFO_CNAHLOAD
04-24 12:01:43.093 777 777 E : [E/capacity_limit_control] not demo version, not set power control prop!
04-24 12:01:43.970 1176 1338 I chatty : uid=1000(system) HwWifiStatStore expire 10 lines
04-24 12:01:45.076 1463 1463 D KeyguardUpdateMonitor: received broadcast android.intent.action.BATTERY_CHANGED
04-24 12:01:45.077 1463 1463 W KeyguardUpdateMonitor: ACTION_BATTERY_CHANGED AMP: 500000; Volt: 5000000
04-24 12:01:45.077 1463 1463 V KeyguardUpdateMonitor: RefreshBatteryInfo isBatteryLow: 70
04-24 12:01:45.077 1463 1463 W KeyguardUpdateMonitor: ChargingSpeed Wattage: 2500000 ST: 5000000 --> 7500000
04-24 12:01:45.077 1463 1463 I KgBattery: BatteryInfo updated: 2lPc0
04-24 12:01:45.077 1463 1463 W AppHandler: sendMessage with obj100
04-24 12:01:45.077 1463 1463 D KeyguardUpdateMonitor: handleBatteryUpdate
04-24 12:01:45.077 1463 1463 W HwLockScreenPanel: Handle message: 100
04-24 12:01:45.077 1463 1463 W HwKeyguardBottomArea: updateBatteryInfo : false true
04-24 12:01:45.077 1176 1176 D WifiService: onReceive, action:android.intent.action.BATTERY_CHANGED
04-24 12:01:45.077 1176 1176 D WifiService: ACTION_BATTERY_CHANGED pluggedType: 2
04-24 12:01:45.078 1463 1463 W KgBattery: getCharge info with type: text
04-24 12:01:45.080 1729 1729 I MsgReceiver: intent action: android.intent.action.BATTERY_CHANGED
04-24 12:01:45.081 5515 5671 E CloudAlbum[8.1.2.309]: [ReceiverManager] not log on ignore
04-24 12:01:45.082 1463 1463 W HwLockScreenPanel: refreshBatteryInfo: null
04-24 12:01:45.871 679 679 E WifiHAL : enter wifi_get_link_stats
04-24 12:01:45.876 742 742 E wificond: Failed to get NL80211_RATE_INFO_NOISE
04-24 12:01:45.876 1106 1119 I OAM : [check_file_size:505]/data/log/wifi/wifi_log_1 log file beyond size=10240Byte, creat new file
04-24 12:01:45.876 742 742 E wificond: Failed to get NL80211_RATE_INFO_SNR
04-24 12:01:45.877 1106 1119 I OAM : [rename_old_file:210]rename_old_file
04-24 12:01:45.877 1106 1119 I OAM :
04-24 12:01:45.877 742 742 E wificond: Failed to get NL80211_STA_INFO_CNAHLOAD
04-24 12:01:46.559 741 741 E Thermal-daemon: [shell_temp] temp_new :39 temp_old :38
04-24 12:01:46.560 1729 18882 I ThermalService: Receive temperature change, type: 22, temp: 39 from thermald
04-24 12:01:46.560 1729 18882 I ThermalTrace_ThermalRaise: Shell:37,38,39,currentBatteryTemp:35
04-24 12:01:46.561 1729 2560 D HwThermalStateManager: Thermal type: 22 cur_temperature:39
04-24 12:01:46.562 1729 2560 W HwThermalStateManager: warning: no config thermal type:22 temperature:39
04-24 12:01:46.562 741 741 E Thermal-daemon: Report temperature: [shell_temp] temp :39 report_threshold:1
04-24 12:01:46.915 722 722 D DE N SR : setAmbientParam:941: DE_SCENE_ACTION_AMBIENT_CHANGE set mLux:1016 mCt:173
04-24 12:01:46.915 722 722 D DE N SR : immidiatelyAction:243: DE_SCENE_ACTION_OUTDOOR_STEADY
04-24 12:01:47.216 722 722 D DE N ACA: updateParam:145: mFilteredCct = 363.000000, mAscendDeltaCctMax = 101.639999, mDescendDeltaCctMax = 62.228573
04-24 12:01:47.216 722 722 D DE N SR : setAmbientParam:941: DE_SCENE_ACTION_AMBIENT_CHANGE set mLux:1016 mCt:363
04-24 12:01:48.100 777 777 E : [E/capacity_limit_control] not demo version, not set power control prop!
04-24 12:01:48.325 777 777 E : [E/capacity_limit_control] not demo version, not set power control prop!
04-24 12:01:48.326 1176 1288 D HwBatteryService: onUEvent fcpStatus = 0,scpStatus =0,ovpStatus=0
04-24 12:01:48.327 1176 1288 I UsbDeviceManager: water_intrused state= 0
04-24 12:01:48.335 1463 1463 D KeyguardUpdateMonitor: received broadcast android.intent.action.BATTERY_CHANGED
04-24 12:01:48.335 1463 1463 W KeyguardUpdateMonitor: ACTION_BATTERY_CHANGED AMP: 500000; Volt: 5000000
04-24 12:01:48.336 1463 1463 V KeyguardUpdateMonitor: RefreshBatteryInfo isBatteryLow: 70
04-24 12:01:48.336 1463 1463 W KeyguardUpdateMonitor: ChargingSpeed Wattage: 2500000 ST: 5000000 --> 7500000
04-24 12:01:48.336 1463 1463 I KgBattery: BatteryInfo updated: 2lPc0
04-24 12:01:48.336 1463 1463 W AppHandler: sendMessage with obj100
04-24 12:01:48.336 1463 1463 D KeyguardUpdateMonitor: handleBatteryUpdate
04-24 12:01:48.336 1463 1463 W HwLockScreenPanel: Handle message: 100
04-24 12:01:48.336 1463 1463 W HwKeyguardBottomArea: updateBatteryInfo : false true
04-24 12:01:48.336 1463 1463 W KgBattery: getCharge info with type: text
04-24 12:01:48.336 5515 5671 E CloudAlbum[8.1.2.309]: [ReceiverManager] not log on ignore
04-24 12:01:48.338 1729 1729 I MsgReceiver: intent action: android.intent.action.BATTERY_CHANGED
04-24 12:01:48.339 1463 1463 W HwLockScreenPanel: refreshBatteryInfo: null
04-24 12:01:48.340 1176 1176 D WifiService: onReceive, action:android.intent.action.BATTERY_CHANGED
04-24 12:01:48.340 1176 1176 D WifiService: ACTION_BATTERY_CHANGED pluggedType: 2
04-24 12:01:48.881 679 679 E WifiHAL : enter wifi_get_link_stats
04-24 12:01:48.885 742 742 E wificond: Failed to get NL80211_RATE_INFO_NOISE
04-24 12:01:48.885 742 742 E wificond: Failed to get NL80211_RATE_INFO_SNR
04-24 12:01:48.885 742 742 E wificond: Failed to get NL80211_STA_INFO_CNAHLOAD
04-24 12:01:48.885 1176 1337 I chatty : uid=1000(system) WifiStateMachin expire 14 lines
04-24 12:01:48.886 1176 1339 I chatty : uid=1000(system) HwWifiCHRStateM expire 18 lines
04-24 12:01:48.910 683 683 I chatty : uid=1000(system) /system/bin/surfaceflinger expire 836 lines
04-24 12:01:49.159 1176 1589 W Watchdog: hungtask: writing kick
04-24 12:01:49.807 1176 1392 I chatty : uid=1000(system) WiFiArpStateMac expire 11 lines
04-24 12:01:49.812 1176 1176 I chatty : uid=1000 system_server expire 51 lines
04-24 12:01:50.421 742 742 E wificond: Failed to get NL80211_RATE_INFO_NOISE
04-24 12:01:50.421 742 742 E wificond: Failed to get NL80211_RATE_INFO_SNR
04-24 12:01:50.421 742 742 E wificond: Failed to get NL80211_STA_INFO_CNAHLOAD
04-24 12:01:50.425 742 742 E wificond: Failed to get NL80211_RATE_INFO_NOISE
04-24 12:01:50.426 742 742 E wificond: Failed to get NL80211_RATE_INFO_SNR
04-24 12:01:50.426 742 742 E wificond: Failed to get NL80211_STA_INFO_CNAHLOAD
04-24 12:01:51.889 679 679 E WifiHAL : enter wifi_get_link_stats
04-24 12:01:51.894 742 742 E wificond: Failed to get NL80211_RATE_INFO_NOISE
04-24 12:01:51.894 742 742 E wificond: Failed to get NL80211_RATE_INFO_SNR
04-24 12:01:51.894 742 742 E wificond: Failed to get NL80211_STA_INFO_CNAHLOAD
04-24 12:01:53.327 777 777 E : [E/capacity_limit_control] not demo version, not set power control prop!
04-24 12:01:54.632 688 688 I aptouch_daemon: filter_touch_detect, down, in: 1, out: 1
04-24 12:01:54.900 679 679 E WifiHAL : enter wifi_get_link_stats
04-24 12:01:54.906 742 742 E wificond: Failed to get NL80211_RATE_INFO_NOISE
04-24 12:01:54.906 742 742 E wificond: Failed to get NL80211_RATE_INFO_SNR
04-24 12:01:54.906 742 742 E wificond: Failed to get NL80211_STA_INFO_CNAHLOAD
04-24 12:01:55.010 688 688 I aptouch_daemon: filter_touch_detect, all_touch_up
04-24 12:01:57.911 679 679 E WifiHAL : enter wifi_get_link_stats
04-24 12:01:57.915 742 742 E wificond: Failed to get NL80211_RATE_INFO_NOISE
04-24 12:01:57.915 742 742 E wificond: Failed to get NL80211_RATE_INFO_SNR
04-24 12:01:57.915 742 742 E wificond: Failed to get NL80211_STA_INFO_CNAHLOAD
04-24 12:01:58.332 777 777 E : [E/capacity_limit_control] not demo version, not set power control prop!
04-24 12:01:58.421 742 742 E wificond: Failed to get NL80211_RATE_INFO_NOISE
04-24 12:01:58.421 742 742 E wificond: Failed to get NL80211_RATE_INFO_SNR
04-24 12:01:58.421 742 742 E wificond: Failed to get NL80211_STA_INFO_CNAHLOAD
04-24 12:01:58.425 742 742 E wificond: Failed to get NL80211_RATE_INFO_NOISE
04-24 12:01:58.426 742 742 E wificond: Failed to get NL80211_RATE_INFO_SNR
04-24 12:01:58.426 742 742 E wificond: Failed to get NL80211_STA_INFO_CNAHLOAD
04-24 12:01:58.428 1176 1406 I chatty : uid=1000(system) HuaweiWifiWatch expire 30 lines
04-24 12:02:00.002 1176 1176 V AlarmManager: Received TIME_TICK alarm; rescheduling
04-24 12:02:00.003 1176 1176 I HwAlarmManagerService: hwSetAlarm listenerTag: time_tick
04-24 12:02:00.008 1463 1463 E DateView: DateView,mCurrentTime: 1587700920008
04-24 12:02:00.022 1463 1463 W HwKeyguardDragHelper: AnimationBlocked
04-24 12:02:00.025 1463 1463 I EventCenter: EventCenter Get :android.intent.action.TIME_TICK
04-24 12:02:00.026 1463 1463 W ResourceType: No known package when getting value for resource number 0xffffffff
04-24 12:02:00.026 1463 1463 E DateLunarView: mDateString is: 4月24日星期五
04-24 12:02:00.028 1463 1463 W ResourceType: No known package when getting value for resource number 0xffffffff
04-24 12:02:00.028 1463 1463 E DateLunarView: mDateString is: 4月24日星期五
04-24 12:02:00.031 1463 1463 D WeatherHelper: City info empty
04-24 12:02:00.034 1463 1463 D WeatherHelper: City info empty
04-24 12:02:00.034 1463 1463 D KeyguardUpdateMonitor: received broadcast android.intent.action.TIME_TICK
04-24 12:02:00.034 1463 1463 D KeyguardUpdateMonitor: handleTimeUpdate
04-24 12:02:00.034 1463 1782 I KeyguardStatusView: Runnable for refresh
04-24 12:02:00.038 1463 1463 D WeatherHelper: City info empty
04-24 12:02:00.049 1770 1770 I HwLauncher: Model onReceive intent=Intent { act=android.intent.action.TIME_TICK flg=0x50200014 hwFlg=0x900 (has extras) }
04-24 12:02:00.049 1770 1770 I HwLauncher: Model onReceive user=UserHandle{0}
04-24 12:02:00.081 3756 3806 I Step_LSC: 80001355|processHandleBroadcastAction action:android.intent.action.TIME_TICK
04-24 12:02:00.084 2379 2379 I [HwRecSys]TimerController: onMinuteChange requestWeather
04-24 12:02:00.092 1176 7637 V BroadcastQueue: Finished with ordered broadcast BroadcastRecord{b114974 u-1 android.intent.action.TIME_TICK}
04-24 12:02:00.125 1463 1463 D WeatherHelper: City info empty
04-24 12:02:00.126 1463 1463 D DateTimeView: Change to single clock mode!
04-24 12:02:00.128 1463 1463 D WeatherHelper: City info empty
04-24 12:02:00.129 1463 1463 D WeatherHelper: City info empty
04-24 12:02:00.129 1463 1463 D DateTimeView: Change to single clock mode!
04-24 12:02:00.132 1463 1463 D WeatherHelper: City info empty
04-24 12:02:00.919 679 679 E WifiHAL : enter wifi_get_link_stats
04-24 12:02:00.923 742 742 E wificond: Failed to get NL80211_RATE_INFO_NOISE
04-24 12:02:00.923 742 742 E wificond: Failed to get NL80211_RATE_INFO_SNR
04-24 12:02:00.923 742 742 E wificond: Failed to get NL80211_STA_INFO_CNAHLOAD
04-24 12:02:00.924 1176 1337 I chatty : uid=1000(system) WifiStateMachin expire 13 lines
04-24 12:02:00.924 1176 1339 I chatty : uid=1000(system) HwWifiCHRStateM expire 15 lines
04-24 12:02:01.621 1176 1204 I chatty : uid=1000(system) android.display expire 12 lines
04-24 12:02:01.623 1176 1176 I chatty : uid=1000 system_server expire 41 lines
04-24 12:02:03.339 777 777 E : [E/capacity_limit_control] not demo version, not set power control prop!
04-24 12:02:03.929 679 679 E WifiHAL : enter wifi_get_link_stats
04-24 12:02:03.933 742 742 E wificond: Failed to get NL80211_RATE_INFO_NOISE
04-24 12:02:03.933 742 742 E wificond: Failed to get NL80211_RATE_INFO_SNR
04-24 12:02:03.933 742 742 E wificond: Failed to get NL80211_STA_INFO_CNAHLOAD
04-24 12:02:06.438 742 742 E wificond: Failed to get NL80211_RATE_INFO_NOISE
04-24 12:02:06.439 742 742 E wificond: Failed to get NL80211_RATE_INFO_SNR
04-24 12:02:06.439 742 742 E wificond: Failed to get NL80211_STA_INFO_CNAHLOAD
04-24 12:02:06.441 742 742 E wificond: Failed to get NL80211_RATE_INFO_NOISE
04-24 12:02:06.441 742 742 E wificond: Failed to get NL80211_RATE_INFO_SNR
04-24 12:02:06.441 742 742 E wificond: Failed to get NL80211_STA_INFO_CNAHLOAD
04-24 12:02:06.937 679 679 E WifiHAL : enter wifi_get_link_stats
04-24 12:02:06.939 742 742 E wificond: Failed to get NL80211_RATE_INFO_NOISE
04-24 12:02:06.939 742 742 E wificond: Failed to get NL80211_RATE_INFO_SNR
04-24 12:02:06.939 742 742 E wificond: Failed to get NL80211_STA_INFO_CNAHLOAD
04-24 12:02:08.341 777 777 E : [E/capacity_limit_control] not demo version, not set power control prop!
04-24 12:02:09.797 683 683 I chatty : uid=1000(system) /system/bin/surfaceflinger expire 894 lines
04-24 12:02:09.944 679 679 E WifiHAL : enter wifi_get_link_stats
04-24 12:02:09.949 742 742 E wificond: Failed to get NL80211_RATE_INFO_NOISE
04-24 12:02:09.949 742 742 E wificond: Failed to get NL80211_RATE_INFO_SNR
04-24 12:02:09.949 742 742 E wificond: Failed to get NL80211_STA_INFO_CNAHLOAD
04-24 12:02:10.822 1176 1392 I chatty : uid=1000(system) WiFiArpStateMac expire 11 lines
04-24 12:02:12.955 679 679 E WifiHAL : enter wifi_get_link_stats
04-24 12:02:12.961 742 742 E wificond: Failed to get NL80211_RATE_INFO_NOISE
04-24 12:02:12.961 742 742 E wificond: Failed to get NL80211_RATE_INFO_SNR
04-24 12:02:12.961 742 742 E wificond: Failed to get NL80211_STA_INFO_CNAHLOAD
04-24 12:02:12.962 1176 1337 I chatty : uid=1000(system) WifiStateMachin expire 14 lines
04-24 12:02:12.962 1176 1339 I chatty : uid=1000(system) HwWifiCHRStateM expire 18 lines
04-24 12:02:13.345 777 777 E : [E/capacity_limit_control] not demo version, not set power control prop!
04-24 12:02:13.837 1176 1176 I chatty : uid=1000 system_server expire 57 lines
04-24 12:02:14.011 1176 1338 I chatty : uid=1000(system) HwWifiStatStore expire 14 lines
04-24 12:02:14.432 742 742 E wificond: Failed to get NL80211_RATE_INFO_NOISE
04-24 12:02:14.432 742 742 E wificond: Failed to get NL80211_RATE_INFO_SNR
04-24 12:02:14.432 742 742 E wificond: Failed to get NL80211_STA_INFO_CNAHLOAD
04-24 12:02:14.434 742 742 E wificond: Failed to get NL80211_RATE_INFO_NOISE
04-24 12:02:14.434 742 742 E wificond: Failed to get NL80211_RATE_INFO_SNR
04-24 12:02:14.434 742 742 E wificond: Failed to get NL80211_STA_INFO_CNAHLOAD
04-24 12:02:14.435 1176 1406 I chatty : uid=1000(system) HuaweiWifiWatch expire 31 lines
04-24 12:02:15.682 3756 3774 D LogUtil_LogConfig: obtainSavePath(): path = 1
04-24 12:02:15.683 3756 3774 D LogUtil_LogConfig: getLogFile(): logFilePath = /data/data/com.huawei.health/files/com.huawei.health/com.huawei.health_DaemonService/
04-24 12:02:15.683 3756 3774 D LogUtil_LogConfig: obtainSavePath(): path = 1
04-24 12:02:15.683 3756 3774 D LogUtil_LogConfig: acquireMaxLogFileLengthContainsOffset describe: com.huawei.health:DaemonService result:5242880
04-24 12:02:15.683 3756 3774 D LogUtil_LogConfig: obtainSavePath(): path = 1
04-24 12:02:15.684 3756 3774 D LogUtil_LogConfig: getLogFileRoot(): logFilePath = /data/data/com.huawei.health/files/com.huawei.health/com.huawei.health_DaemonService/
04-24 12:02:15.925 677 677 D SensorHub: Get acc data -0.344765, 0.095768, 9.346964
04-24 12:02:15.966 679 679 E WifiHAL : enter wifi_get_link_stats
04-24 12:02:15.971 742 742 E wificond: Failed to get NL80211_RATE_INFO_NOISE
04-24 12:02:15.971 742 742 E wificond: Failed to get NL80211_RATE_INFO_SNR
04-24 12:02:15.971 742 742 E wificond: Failed to get NL80211_STA_INFO_CNAHLOAD
04-24 12:02:18.143 1106 1119 I OAM : [check_file_size:505]/data/log/wifi/wifi_log_1 log file beyond size=10240Byte, creat new file
04-24 12:02:18.143 1106 1119 I OAM : [rename_old_file:210]rename_old_file
04-24 12:02:18.143 1106 1119 I OAM :
04-24 12:02:18.353 777 777 E : [E/capacity_limit_control] not demo version, not set power control prop!
04-24 12:02:18.406 777 777 E : [E/capacity_limit_control] not demo version, not set power control prop!
04-24 12:02:18.407 1176 1288 D HwBatteryService: onUEvent fcpStatus = 0,scpStatus =0,ovpStatus=0
04-24 12:02:18.409 1176 1288 I UsbDeviceManager: water_intrused state= 0
04-24 12:02:18.418 1463 1463 D KeyguardUpdateMonitor: received broadcast android.intent.action.BATTERY_CHANGED
04-24 12:02:18.418 1463 1463 W KeyguardUpdateMonitor: ACTION_BATTERY_CHANGED AMP: 500000; Volt: 5000000
04-24 12:02:18.418 1463 1463 V KeyguardUpdateMonitor: RefreshBatteryInfo isBatteryLow: 70
04-24 12:02:18.418 1463 1463 W KeyguardUpdateMonitor: ChargingSpeed Wattage: 2500000 ST: 5000000 --> 7500000
04-24 12:02:18.418 1463 1463 I KgBattery: BatteryInfo updated: 2lPc0
04-24 12:02:18.418 1463 1463 W AppHandler: sendMessage with obj100
04-24 12:02:18.418 1463 1463 D KeyguardUpdateMonitor: handleBatteryUpdate
04-24 12:02:18.418 1463 1463 W HwLockScreenPanel: Handle message: 100
04-24 12:02:18.418 1463 1463 W HwKeyguardBottomArea: updateBatteryInfo : false true
04-24 12:02:18.418 1463 1463 W KgBattery: getCharge info with type: text
04-24 12:02:18.420 1176 1176 D WifiService: onReceive, action:android.intent.action.BATTERY_CHANGED
04-24 12:02:18.420 1176 1176 D WifiService: ACTION_BATTERY_CHANGED pluggedType: 2
04-24 12:02:18.422 1463 1463 W HwLockScreenPanel: refreshBatteryInfo: null
04-24 12:02:18.426 1729 1729 I MsgReceiver: intent action: android.intent.action.BATTERY_CHANGED
04-24 12:02:18.427 5515 5671 E CloudAlbum[8.1.2.309]: [ReceiverManager] not log on ignore
04-24 12:02:18.977 679 679 E WifiHAL : enter wifi_get_link_stats
04-24 12:02:18.982 742 742 E wificond: Failed to get NL80211_RATE_INFO_NOISE
04-24 12:02:18.982 742 742 E wificond: Failed to get NL80211_RATE_INFO_SNR
04-24 12:02:18.982 742 742 E wificond: Failed to get NL80211_STA_INFO_CNAHLOAD
04-24 12:02:19.160 1176 1589 W Watchdog: hungtask: writing kick
04-24 12:02:21.989 679 679 E WifiHAL : enter wifi_get_link_stats
04-24 12:02:22.000 742 742 E wificond: Failed to get NL80211_RATE_INFO_NOISE
04-24 12:02:22.000 742 742 E wificond: Failed to get NL80211_RATE_INFO_SNR
04-24 12:02:22.000 742 742 E wificond: Failed to get NL80211_STA_INFO_CNAHLOAD
04-24 12:02:22.435 742 742 E wificond: Failed to get NL80211_RATE_INFO_NOISE
04-24 12:02:22.435 742 742 E wificond: Failed to get NL80211_RATE_INFO_SNR
04-24 12:02:22.435 742 742 E wificond: Failed to get NL80211_STA_INFO_CNAHLOAD
04-24 12:02:22.438 742 742 E wificond: Failed to get NL80211_RATE_INFO_NOISE
