04-24 12:11:55.578 1729 23345 I DownloadState: 0 transmitting data speed : 28 bytes/s scroff: true
04-24 12:11:55.654 1176 1392 D HwArpVerifier: performPollAndLog:
04-24 12:11:55.658 1176 1392 D hw_netstat: total/56/84,unknown:0/56/84
04-24 12:11:56.997 1176 1338 D HwWifiStatStore: handleMessage : 200
04-24 12:11:57.128 741 741 E Thermal-daemon: [shell_temp] temp_new :34 temp_old :35
04-24 12:11:57.130 1729 18882 I ThermalService: Receive temperature change, type: 22, temp: 34 from thermald
04-24 12:11:57.130 1729 18882 I ThermalTrace_ThermalRaise: Shell:36,35,34,currentBatteryTemp:33
04-24 12:11:57.132 741 741 E Thermal-daemon: Report temperature: [shell_temp] temp :34 report_threshold:1
04-24 12:11:57.134 1729 2560 W HwThermalStateManager: warning: no config thermal type:22 temperature:34
04-24 12:11:57.135 741 741 E Thermal-daemon: [charger_ic] temp_new :36 temp_old :37
04-24 12:11:57.136 1729 18882 I ThermalService: Receive temperature change, type: 2, temp: 36 from thermald
04-24 12:11:57.137 741 741 E Thermal-daemon: Report temperature: [charger_ic] temp :36 report_threshold:1
04-24 12:11:57.138 741 741 E Thermal-daemon: [ap] temp_new :36 temp_old :37
04-24 12:11:57.139 1729 24941 I ThermalService: Receive temperature change, type: 0, temp: 36 from thermald
04-24 12:11:57.140 741 741 E Thermal-daemon: Report temperature: [ap] temp :36 report_threshold:1
04-24 12:11:57.551 1176 1176 I TrafficMonitor: update:rxPkts:0,txPkts:0,rxBytes:0,txBytes:0
04-24 12:11:57.552 1176 1176 I TrafficMonitor: start expired. level:-1
04-24 12:11:57.552 1176 1176 I TrafficMonitor: gettimer:interval=2000
04-24 12:11:58.542 1176 1176 I TrafficMonitor: expired arrive. level:-1
04-24 12:11:58.543 1176 1176 I TrafficMonitor: during_ms:2006,period_ms:2000
04-24 12:11:58.543 1176 1176 I TrafficMonitor: count:22,rx_sum:0,tx_sum:0,rxBytes:0,during_ms:2006,rx_speed:0.0,tx_speed:0.0,rto:0.0
04-24 12:11:58.543 1176 1176 D HuaweiWifiWatchdogStateMachine: speed: rxpkt:0, rxSpd:0B/s, txpkt:0, txSpd:0
04-24 12:11:58.941 742 742 E wificond: Failed to get NL80211_RATE_INFO_NOISE
04-24 12:11:58.942 742 742 E wificond: Failed to get NL80211_RATE_INFO_SNR
04-24 12:11:58.942 742 742 E wificond: Failed to get NL80211_STA_INFO_CNAHLOAD
04-24 12:11:58.943 1176 1337 E WificondControl: Noise: 0, Snr: -1, Chload: -1
04-24 12:11:58.944 1176 1339 D HwWifiCHRStateManager: handleMessage : 1001
04-24 12:11:58.944 1176 1339 D HwWifiCHRStateManager: handleUpdateChannel:2412
04-24 12:11:58.944 1176 1339 V HwWifiServiceFactory: get AllImpl object = com.android.server.wifi.HwWifiServiceFactoryImpl@2205edc
04-24 12:11:58.948 742 742 E wificond: Failed to get NL80211_RATE_INFO_NOISE
04-24 12:11:58.948 742 742 E wificond: Failed to get NL80211_RATE_INFO_SNR
04-24 12:11:58.949 742 742 E wificond: Failed to get NL80211_STA_INFO_CNAHLOAD
04-24 12:11:58.951 1176 1406 D HuaweiWifiWatchdogStateMachine: LM mrssi=-29
04-24 12:11:58.951 1176 1176 D WiFi_PRO: MSG_RETURN_AP_CURRY_RSSI rssi = -29
04-24 12:11:58.951 1176 1406 D HuaweiWifiWatchdogStateMachine: a4:fa:**:**:eb:b0 current loss[-45]=0%, volume=2
04-24 12:11:58.951 1176 1176 I QosMonitor: queryRtt: rtt_type = 3
04-24 12:11:58.952 1176 1406 D HuaweiWifiWatchdogStateMachine: a4:fa:**:**:eb:b0 history loss[-45]=0%, volume=13825381
04-24 12:11:58.952 1176 1176 I HwQoEJNI: send_cmd_kernel. begin
04-24 12:11:58.952 1176 1406 I HuaweiWifiWatchdogStateMachine: spd good count:0, add sc:0.0, rate:1.0
04-24 12:11:58.952 1176 1176 I HwQoEJNI: send_cmd_kernel. end
04-24 12:11:58.952 1176 1406 I HuaweiWifiWatchdogStateMachine: current mHighDataFlowRate = 1.0
04-24 12:11:58.952 1176 1406 I HuaweiWifiWatchdogStateMachine: POta txb txg rxg:0, 4, 0. Lr =0% Totpkt=4
04-24 12:11:58.952 1176 1176 I QosMonitor: postEventFromNative: msg=100,arg1=4,arg2=10
04-24 12:11:58.953 1176 1176 I HwQoEJNI: send_cmd_kernel. begin
04-24 12:11:58.953 1176 1176 I HwQoEJNI: send_cmd_kernel. end
04-24 12:11:58.953 1176 1176 I QosMonitor: postEventFromNative: msg=100,arg1=0,arg2=10
04-24 12:11:58.953 1176 1176 D HuaweiWifiWatchdogStateMachine: setSampleRtt: unvalid rtt
04-24 12:11:58.954 1176 1176 I MQoS : rtt=210,tcp_tx_pkts=480887,tcp_rx_pkts=921379
04-24 12:11:58.955 1176 1406 D HuaweiWifiWatchdogStateMachine: dumpTcpResult: len=10,rtt=210,rttPkt=7,rttWn=36,cgt=0,cgtWn=0
04-24 12:11:58.955 1176 1406 I HuaweiWifiWatchdogStateMachine: PTcp RTT:0, rtt pkt=0, tcp_rx=0, tcp_tx=0, tcp_reTran=0, rtRate=0
04-24 12:11:58.955 1176 1406 D HuaweiWifiWatchdogStateMachine: mRssiBadCount =0, RSSI not bad.
04-24 12:11:58.956 1176 1406 D HuaweiWifiWatchdogStateMachine: detectNetworkAvailable:hw.wifipro.dns_fail_count = 131
04-24 12:11:58.956 1176 1406 D HuaweiWifiWatchdogStateMachine: bqeLevel = 2 rtt=0,rtt_pkts=0 speed=0 rssi=-29
04-24 12:11:58.956 1176 1406 D HuaweiWifiWatchdogStateMachine: Enter updateQoeLevel level = 2
04-24 12:11:58.956 1176 1406 D HuaweiWifiWatchdogStateMachine: updateQoeLevel current level equal to mLastDetectLevel, return
04-24 12:11:58.956 1176 1406 D HuaweiWifiWatchdogStateMachine: did not have any network action
04-24 12:11:58.963 1176 3515 I MQoS : QOS_level:0(0),wifi-link;SIM error;use level-0
04-24 12:11:59.556 1176 1176 I TrafficMonitor: update:rxPkts:0,txPkts:0,rxBytes:0,txBytes:0
04-24 12:11:59.556 1176 1176 I TrafficMonitor: start expired. level:-1
04-24 12:11:59.556 1176 1176 I TrafficMonitor: gettimer:interval=2000
04-24 12:11:59.957 777 777 E : [E/capacity_limit_control] not demo version, not set power control prop!
04-24 12:12:00.001 1176 1338 D HwWifiStatStore: handleMessage : 200
04-24 12:12:00.618 1176 1392 D HwArpVerifier: check_wifi_state_mode = 0 mCheckStateToken=25 token25
04-24 12:12:00.620 1176 1392 D wifiserviceimpl: netmask =16777215
04-24 12:12:00.761 1176 1392 D HWMultiGW: setGateWay 192.168.1.1
04-24 12:12:01.562 1176 1176 I TrafficMonitor: update:rxPkts:0,txPkts:1,rxBytes:0,txBytes:40
04-24 12:12:01.563 1176 1176 I TrafficMonitor: start expired. level:-1
04-24 12:12:01.563 1176 1176 I TrafficMonitor: gettimer:interval=2000
04-24 12:12:01.764 1176 1392 D HwArpVerifier: getGateWayARPResponses: arp rtt = 5
04-24 12:12:01.765 1176 1392 E HwCHRWifiRSSIGroupSummery: updatArpSummery mRSSI:-29 HwCHRWifiRSSIGroup [rssi_index=4, rtt_tcp_packets=0, rtt_tcp_duration=0, rtt_lan_duration=6706, rtt_lan_failures=0, rtt_lan_succ=315, rtt_lan_max=939, rtt_lan_min=2,same_area_frequency=0,adjacent_area_frequency=0]
04-24 12:12:01.795 1176 1392 D HwArpVerifier: There are 1 mac address for gateway
04-24 12:12:01.795 1176 1392 D HwArpVerifier: from HEART_CHECK transmit to state:HEART_CHECK
04-24 12:12:01.795 1176 1392 D HwArpVerifier: msg what=124 arg1(token)=25 arg2(mode)=0 delay=30000
04-24 12:12:01.796 1176 1392 D HwArpVerifier: performPollAndLog:
04-24 12:12:01.799 1176 1392 D hw_netstat: total/0/40,unknown:0/0/40
04-24 12:12:03.008 1176 1338 D HwWifiStatStore: handleMessage : 200
04-24 12:12:03.568 1176 1176 I TrafficMonitor: update:rxPkts:0,txPkts:0,rxBytes:0,txBytes:0
04-24 12:12:03.569 1176 1176 I TrafficMonitor: start expired. level:-1
04-24 12:12:03.569 1176 1176 I TrafficMonitor: gettimer:interval=2000
04-24 12:12:04.558 1176 1176 I TrafficMonitor: expired arrive. level:-1
04-24 12:12:04.559 1176 1176 I TrafficMonitor: during_ms:2006,period_ms:2000
04-24 12:12:04.559 1176 1176 I TrafficMonitor: count:25,rx_sum:0,tx_sum:0,rxBytes:0,during_ms:2006,rx_speed:0.0,tx_speed:0.0,rto:0.0
04-24 12:12:04.559 1176 1176 D HuaweiWifiWatchdogStateMachine: speed: rxpkt:0, rxSpd:0B/s, txpkt:0, txSpd:0
04-24 12:12:04.967 777 777 E : [E/capacity_limit_control] not demo version, not set power control prop!
04-24 12:12:05.573 1176 1176 I TrafficMonitor: update:rxPkts:0,txPkts:0,rxBytes:0,txBytes:0
04-24 12:12:05.574 1176 1176 I TrafficMonitor: start expired. level:-1
04-24 12:12:05.574 1176 1176 I TrafficMonitor: gettimer:interval=2000
04-24 12:12:05.588 1729 23345 I DownloadState: 0 transmitting data speed : 8 bytes/s scroff: true
04-24 12:12:06.016 1176 1338 D HwWifiStatStore: handleMessage : 200
04-24 12:12:06.804 1176 1392 D HwArpVerifier: performPollAndLog:
04-24 12:12:06.809 1176 1392 D hw_netstat: total/0/0
04-24 12:12:06.945 742 742 E wificond: Failed to get NL80211_RATE_INFO_NOISE
04-24 12:12:06.945 742 742 E wificond: Failed to get NL80211_RATE_INFO_SNR
04-24 12:12:06.946 742 742 E wificond: Failed to get NL80211_STA_INFO_CNAHLOAD
04-24 12:12:06.946 1176 1337 E WificondControl: Noise: 0, Snr: -1, Chload: -1
04-24 12:12:06.948 1176 1339 D HwWifiCHRStateManager: handleMessage : 1001
04-24 12:12:06.948 1176 1339 D HwWifiCHRStateManager: handleUpdateChannel:2412
04-24 12:12:06.948 1176 1339 V HwWifiServiceFactory: get AllImpl object = com.android.server.wifi.HwWifiServiceFactoryImpl@2205edc
04-24 12:12:06.952 742 742 E wificond: Failed to get NL80211_RATE_INFO_NOISE
04-24 12:12:06.952 742 742 E wificond: Failed to get NL80211_RATE_INFO_SNR
04-24 12:12:06.952 742 742 E wificond: Failed to get NL80211_STA_INFO_CNAHLOAD
04-24 12:12:06.954 1176 1406 D HuaweiWifiWatchdogStateMachine: LM mrssi=-28
04-24 12:12:06.954 1176 1176 D WiFi_PRO: MSG_RETURN_AP_CURRY_RSSI rssi = -28
04-24 12:12:06.954 1176 1406 D HuaweiWifiWatchdogStateMachine: a4:fa:**:**:eb:b0 current loss[-45]=0%, volume=2
04-24 12:12:06.955 1176 1176 I QosMonitor: queryRtt: rtt_type = 3
04-24 12:12:06.955 1176 1406 D HuaweiWifiWatchdogStateMachine: a4:fa:**:**:eb:b0 history loss[-45]=0%, volume=13825383
04-24 12:12:06.955 1176 1406 I HuaweiWifiWatchdogStateMachine: spd good count:0, add sc:0.0, rate:1.0
04-24 12:12:06.955 1176 1176 I HwQoEJNI: send_cmd_kernel. begin
04-24 12:12:06.955 1176 1406 I HuaweiWifiWatchdogStateMachine: current mHighDataFlowRate = 1.0
04-24 12:12:06.955 1176 1406 I HuaweiWifiWatchdogStateMachine: POta txb txg rxg:0, 6, 0. Lr =0% Totpkt=6
04-24 12:12:06.955 1176 1176 I HwQoEJNI: send_cmd_kernel. end
04-24 12:12:06.956 1176 1176 I QosMonitor: postEventFromNative: msg=100,arg1=4,arg2=10
04-24 12:12:06.956 1176 1176 I HwQoEJNI: send_cmd_kernel. begin
04-24 12:12:06.956 1176 1176 I HwQoEJNI: send_cmd_kernel. end
04-24 12:12:06.956 1176 1176 I QosMonitor: postEventFromNative: msg=100,arg1=0,arg2=10
04-24 12:12:06.957 1176 1176 D HuaweiWifiWatchdogStateMachine: setSampleRtt: unvalid rtt
04-24 12:12:06.957 1176 1176 I MQoS : rtt=210,tcp_tx_pkts=480888,tcp_rx_pkts=921379
04-24 12:12:06.958 1176 1406 D HuaweiWifiWatchdogStateMachine: dumpTcpResult: len=10,rtt=210,rttPkt=7,rttWn=44,cgt=16,cgtWn=9228920
04-24 12:12:06.958 1176 1406 I HuaweiWifiWatchdogStateMachine: PTcp RTT:0, rtt pkt=0, tcp_rx=0, tcp_tx=1, tcp_reTran=0, rtRate=0
04-24 12:12:06.959 1176 1406 D HuaweiWifiWatchdogStateMachine: mRssiBadCount =0, RSSI not bad.
04-24 12:12:06.959 1176 1406 D HuaweiWifiWatchdogStateMachine: detectNetworkAvailable:hw.wifipro.dns_fail_count = 131
04-24 12:12:06.959 1176 1406 D HuaweiWifiWatchdogStateMachine: bqeLevel = 2 rtt=0,rtt_pkts=0 speed=0 rssi=-28
04-24 12:12:06.959 1176 1406 D HuaweiWifiWatchdogStateMachine: Enter updateQoeLevel level = 2
04-24 12:12:06.959 1176 1406 D HuaweiWifiWatchdogStateMachine: updateQoeLevel current level equal to mLastDetectLevel, return
04-24 12:12:06.959 1176 1406 D HuaweiWifiWatchdogStateMachine: did not have any network action
04-24 12:12:06.972 1176 3515 I MQoS : QOS_level:0(0),wifi-link;SIM error;use level-0
04-24 12:12:07.578 1176 1176 I TrafficMonitor: update:rxPkts:0,txPkts:0,rxBytes:0,txBytes:0
04-24 12:12:07.578 1176 1176 I TrafficMonitor: start expired. level:-1
04-24 12:12:07.579 1176 1176 I TrafficMonitor: gettimer:interval=2000
04-24 12:12:09.022 1176 1338 D HwWifiStatStore: handleMessage : 200
04-24 12:12:09.584 1176 1176 I TrafficMonitor: update:rxPkts:0,txPkts:0,rxBytes:0,txBytes:0
04-24 12:12:09.584 1176 1176 I TrafficMonitor: start expired. level:-1
04-24 12:12:09.585 1176 1176 I TrafficMonitor: gettimer:interval=2000
04-24 12:12:09.977 777 777 E : [E/capacity_limit_control] not demo version, not set power control prop!
04-24 12:12:10.576 1176 1176 I TrafficMonitor: expired arrive. level:-1
04-24 12:12:10.576 1176 1176 I TrafficMonitor: during_ms:2006,period_ms:2000
04-24 12:12:10.576 1176 1176 I TrafficMonitor: count:28,rx_sum:0,tx_sum:0,rxBytes:0,during_ms:2006,rx_speed:0.0,tx_speed:0.0,rto:0.0
04-24 12:12:10.577 1176 1176 D HuaweiWifiWatchdogStateMachine: speed: rxpkt:0, rxSpd:0B/s, txpkt:0, txSpd:0
04-24 12:12:11.589 1176 1176 I TrafficMonitor: update:rxPkts:0,txPkts:0,rxBytes:0,txBytes:0
04-24 12:12:11.589 1176 1176 I TrafficMonitor: start expired. level:-1
04-24 12:12:11.590 1176 1176 I TrafficMonitor: gettimer:interval=2000
04-24 12:12:11.815 1176 1392 D HwArpVerifier: performPollAndLog:
04-24 12:12:11.819 1176 1392 D hw_netstat: total/0/0
04-24 12:12:12.030 1176 1338 D HwWifiStatStore: handleMessage : 200
04-24 12:12:13.595 1176 1176 I TrafficMonitor: update:rxPkts:0,txPkts:0,rxBytes:0,txBytes:0
04-24 12:12:13.595 1176 1176 I TrafficMonitor: start expired. level:-1
04-24 12:12:13.596 1176 1176 I TrafficMonitor: gettimer:interval=2000
04-24 12:12:14.952 1106 1119 I OAM : [check_file_size:505]/data/log/wifi/wifi_log_1 log file beyond size=10240Byte, creat new file
04-24 12:12:14.952 1106 1119 I OAM : [rename_old_file:210]rename_old_file
04-24 12:12:14.952 1106 1119 I OAM :
04-24 12:12:14.954 742 742 E wificond: Failed to get NL80211_RATE_INFO_NOISE
04-24 12:12:14.954 742 742 E wificond: Failed to get NL80211_RATE_INFO_SNR
04-24 12:12:14.954 742 742 E wificond: Failed to get NL80211_STA_INFO_CNAHLOAD
04-24 12:12:14.955 1176 1337 E WificondControl: Noise: 0, Snr: -1, Chload: -1
04-24 12:12:14.956 1176 1339 D HwWifiCHRStateManager: handleMessage : 1001
04-24 12:12:14.956 1176 1339 D HwWifiCHRStateManager: handleUpdateChannel:2412
04-24 12:12:14.957 1176 1339 V HwWifiServiceFactory: get AllImpl object = com.android.server.wifi.HwWifiServiceFactoryImpl@2205edc
04-24 12:12:14.961 742 742 E wificond: Failed to get NL80211_RATE_INFO_NOISE
04-24 12:12:14.961 742 742 E wificond: Failed to get NL80211_RATE_INFO_SNR
04-24 12:12:14.961 742 742 E wificond: Failed to get NL80211_STA_INFO_CNAHLOAD
04-24 12:12:14.963 1176 1406 D HuaweiWifiWatchdogStateMachine: LM mrssi=-28
04-24 12:12:14.963 1176 1176 D WiFi_PRO: MSG_RETURN_AP_CURRY_RSSI rssi = -28
04-24 12:12:14.963 1176 1176 I QosMonitor: queryRtt: rtt_type = 3
04-24 12:12:14.964 1176 1176 I HwQoEJNI: send_cmd_kernel. begin
04-24 12:12:14.964 1176 1406 I HuaweiWifiWatchdogStateMachine: spd good count:0, add sc:0.0, rate:1.0
04-24 12:12:14.964 1176 1176 I HwQoEJNI: send_cmd_kernel. end
04-24 12:12:14.964 1176 1406 I HuaweiWifiWatchdogStateMachine: current mHighDataFlowRate = 1.0
04-24 12:12:14.964 1176 1406 I HuaweiWifiWatchdogStateMachine: POta txb txg rxg:0, 6, 0. Lr =0% Totpkt=6
04-24 12:12:14.964 1176 1176 I QosMonitor: postEventFromNative: msg=100,arg1=4,arg2=10
04-24 12:12:14.965 1176 1176 I HwQoEJNI: send_cmd_kernel. begin
04-24 12:12:14.965 1176 1176 I HwQoEJNI: send_cmd_kernel. end
04-24 12:12:14.965 1176 1176 I QosMonitor: postEventFromNative: msg=100,arg1=0,arg2=10
04-24 12:12:14.966 1176 1176 D HuaweiWifiWatchdogStateMachine: setSampleRtt: unvalid rtt
04-24 12:12:14.966 1176 1176 I MQoS : rtt=210,tcp_tx_pkts=480888,tcp_rx_pkts=921379
04-24 12:12:14.967 1176 1406 D HuaweiWifiWatchdogStateMachine: dumpTcpResult: len=10,rtt=210,rttPkt=7,rttWn=52,cgt=0,cgtWn=0
04-24 12:12:14.967 1176 1406 I HuaweiWifiWatchdogStateMachine: PTcp RTT:0, rtt pkt=0, tcp_rx=0, tcp_tx=0, tcp_reTran=0, rtRate=0
04-24 12:12:14.967 1176 1406 D HuaweiWifiWatchdogStateMachine: mRssiBadCount =0, RSSI not bad.
04-24 12:12:14.968 1176 1406 D HuaweiWifiWatchdogStateMachine: detectNetworkAvailable:hw.wifipro.dns_fail_count = 131
04-24 12:12:14.968 1176 1406 D HuaweiWifiWatchdogStateMachine: bqeLevel = 2 rtt=0,rtt_pkts=0 speed=0 rssi=-28
04-24 12:12:14.968 1176 1406 D HuaweiWifiWatchdogStateMachine: Enter updateQoeLevel level = 2
04-24 12:12:14.968 1176 1406 D HuaweiWifiWatchdogStateMachine: updateQoeLevel current level equal to mLastDetectLevel, return
04-24 12:12:14.968 1176 1406 D HuaweiWifiWatchdogStateMachine: did not have any network action
04-24 12:12:14.980 1176 3515 I MQoS : QOS_level:0(0),wifi-link;SIM error;use level-0
04-24 12:12:14.987 777 777 E : [E/capacity_limit_control] not demo version, not set power control prop!
04-24 12:12:15.037 1176 1338 D HwWifiStatStore: handleMessage : 200
04-24 12:12:15.600 1176 1176 I TrafficMonitor: update:rxPkts:0,txPkts:0,rxBytes:0,txBytes:0
04-24 12:12:15.600 1176 1176 I TrafficMonitor: start expired. level:-1
04-24 12:12:15.600 1176 1176 I TrafficMonitor: gettimer:interval=2000
04-24 12:12:15.764 487 620 W SocketListener: sending broadcast to Pid = 1176, Uid = 1000
04-24 12:12:15.769 1176 1332 D NetdConnector: RCV <- {613 IfaceClass idle 1 351123919881683}
04-24 12:12:15.771 1176 1332 D NetdConnector: RCV <- {613 IfaceClass idle 1 351123919881683}
04-24 12:12:15.774 1176 1202 D NetdConnector: RCV unsolicited event from native daemon, event = 613
04-24 12:12:16.592 1176 1176 I TrafficMonitor: expired arrive. level:-1
04-24 12:12:16.593 1176 1176 I TrafficMonitor: during_ms:2005,period_ms:2000
04-24 12:12:16.593 1176 1176 I TrafficMonitor: count:31,rx_sum:0,tx_sum:0,rxBytes:0,during_ms:2005,rx_speed:0.0,tx_speed:0.0,rto:0.0
04-24 12:12:16.593 1176 1176 D HuaweiWifiWatchdogStateMachine: speed: rxpkt:0, rxSpd:0B/s, txpkt:0, txSpd:0
04-24 12:12:16.825 1176 1392 D HwArpVerifier: performPollAndLog:
04-24 12:12:16.829 1176 1392 D hw_netstat: total/0/0
04-24 12:12:17.605 1176 1176 I TrafficMonitor: update:rxPkts:0,txPkts:0,rxBytes:0,txBytes:0
04-24 12:12:17.605 1176 1176 I TrafficMonitor: start expired. level:-1
04-24 12:12:17.606 1176 1176 I TrafficMonitor: gettimer:interval=2000
04-24 12:12:18.043 1176 1338 D HwWifiStatStore: handleMessage : 200
04-24 12:12:19.199 1176 1589 W Watchdog: hungtask: writing kick
04-24 12:12:19.203 1176 1202 I EventHub: EventHub monitor: no key events in the past 72s, no motion events in the past 73s
04-24 12:12:19.611 1176 1176 I TrafficMonitor: update:rxPkts:0,txPkts:0,rxBytes:0,txBytes:0
04-24 12:12:19.611 1176 1176 I TrafficMonitor: start expired. level:-1
04-24 12:12:19.612 1176 1176 I TrafficMonitor: gettimer:interval=2000
04-24 12:12:19.996 777 777 E : [E/capacity_limit_control] not demo version, not set power control prop!
04-24 12:12:20.022 1176 1288 D HwBatteryService: onUEvent fcpStatus = 0,scpStatus =0,ovpStatus=0
04-24 12:12:20.025 1176 1288 I UsbDeviceManager: water_intrused state= 0
04-24 12:12:20.037 1176 1176 D HwInnerWifiManagerImpl: SupplicantState = COMPLETED
04-24 12:12:20.037 1176 1176 D HwInnerWifiManagerImpl: isPhoneAP = false
04-24 12:12:20.038 1176 1176 D HwInnerWifiManagerImpl: SupplicantState = COMPLETED
04-24 12:12:20.038 1176 1176 D HwInnerWifiManagerImpl: isPhoneAP = false
04-24 12:12:20.038 1176 1176 D WifiStateMachine: mBcastReceiver: PluggedType = 2 mIsScanCtrlPluggedin = true
04-24 12:12:20.038 1176 1176 D HwWifiService: mPluggedType =2
04-24 12:12:20.038 1176 1176 D WifiService: onReceive, action:android.intent.action.BATTERY_CHANGED
04-24 12:12:20.038 1729 1729 I MsgReceiver: intent action: android.intent.action.BATTERY_CHANGED
04-24 12:12:20.038 1176 1176 D WifiService: ACTION_BATTERY_CHANGED pluggedType: 2
04-24 12:12:20.038 1463 1463 D KeyguardUpdateMonitor: received broadcast android.intent.action.BATTERY_CHANGED
04-24 12:12:20.039 1463 1463 W KeyguardUpdateMonitor: ACTION_BATTERY_CHANGED AMP: 500000; Volt: 5000000
04-24 12:12:20.039 5515 5671 E CloudAlbum[8.1.2.309]: [ReceiverManager] not log on ignore
04-24 12:12:20.040 1463 1463 V KeyguardUpdateMonitor: RefreshBatteryInfo isBatteryLow: 70
04-24 12:12:20.040 1463 1463 W KeyguardUpdateMonitor: ChargingSpeed Wattage: 2500000 ST: 5000000 --> 7500000
04-24 12:12:20.040 1463 1463 I KgBattery: BatteryInfo updated: 2lPc0
04-24 12:12:20.040 1463 1463 W AppHandler: sendMessage with obj100
04-24 12:12:20.040 1463 1463 D KeyguardUpdateMonitor: handleBatteryUpdate
04-24 12:12:20.040 1463 1463 W HwLockScreenPanel: Handle message: 100
04-24 12:12:20.040 1463 1463 W HwKeyguardBottomArea: updateBatteryInfo : false true
04-24 12:12:20.040 1463 1463 W KgBattery: getCharge info with type: text
04-24 12:12:20.043 1463 1463 W HwLockScreenPanel: refreshBatteryInfo: null
04-24 12:12:21.049 1176 1338 D HwWifiStatStore: handleMessage : 200
04-24 12:12:21.617 1176 1176 I TrafficMonitor: update:rxPkts:0,txPkts:0,rxBytes:0,txBytes:0
04-24 12:12:21.618 1176 1176 I TrafficMonitor: start expired. level:-1
04-24 12:12:21.618 1176 1176 I TrafficMonitor: gettimer:interval=5000
04-24 12:12:21.835 1176 1392 D HwArpVerifier: performPollAndLog:
04-24 12:12:21.840 1176 1392 D hw_netstat: total/0/0
04-24 12:12:22.156 741 741 E Thermal-daemon: [shell_temp] temp_new :33 temp_old :34
04-24 12:12:22.158 1729 24941 I ThermalService: Receive temperature change, type: 22, temp: 33 from thermald
04-24 12:12:22.158 1729 24941 I ThermalTrace_ThermalRaise: Shell:35,34,33,currentBatteryTemp:33
04-24 12:12:22.160 741 741 E Thermal-daemon: Report temperature: [shell_temp] temp :33 report_threshold:1
04-24 12:12:22.162 1729 2560 W HwThermalStateManager: warning: no config thermal type:22 temperature:33
04-24 12:12:22.164 741 741 E Thermal-daemon: [ap] temp_new :35 temp_old :36
04-24 12:12:22.166 1729 24941 I ThermalService: Receive temperature change, type: 0, temp: 35 from thermald
04-24 12:12:22.168 741 741 E Thermal-daemon: Report temperature: [ap] temp :35 report_threshold:1
04-24 12:12:22.607 1176 1176 I TrafficMonitor: expired arrive. level:-1
04-24 12:12:22.608 1176 1176 I TrafficMonitor: during_ms:2007,period_ms:2000
04-24 12:12:22.608 1176 1176 I TrafficMonitor: count:34,rx_sum:0,tx_sum:0,rxBytes:0,during_ms:2007,rx_speed:0.0,tx_speed:0.0,rto:0.0
04-24 12:12:22.608 1176 1176 D HuaweiWifiWatchdogStateMachine: speed: rxpkt:0, rxSpd:0B/s, txpkt:0, txSpd:0
04-24 12:12:22.967 742 742 E wificond: Failed to get NL80211_RATE_INFO_NOISE
04-24 12:12:22.967 742 742 E wificond: Failed to get NL80211_RATE_INFO_SNR
04-24 12:12:22.967 742 742 E wificond: Failed to get NL80211_STA_INFO_CNAHLOAD
04-24 12:12:22.968 1176 1337 E WificondControl: Noise: 0, Snr: -1, Chload: -1
04-24 12:12:22.969 1176 1339 D HwWifiCHRStateManager: handleMessage : 1001
04-24 12:12:22.969 1176 1339 D HwWifiCHRStateManager: handleUpdateChannel:2412
04-24 12:12:22.969 1176 1339 V HwWifiServiceFactory: get AllImpl object = com.android.server.wifi.HwWifiServiceFactoryImpl@2205edc
04-24 12:12:22.973 742 742 E wificond: Failed to get NL80211_RATE_INFO_NOISE
04-24 12:12:22.974 742 742 E wificond: Failed to get NL80211_RATE_INFO_SNR
04-24 12:12:22.974 742 742 E wificond: Failed to get NL80211_STA_INFO_CNAHLOAD
04-24 12:12:22.975 1176 1406 D HuaweiWifiWatchdogStateMachine: LM mrssi=-29
04-24 12:12:22.975 1176 1176 D WiFi_PRO: MSG_RETURN_AP_CURRY_RSSI rssi = -29
04-24 12:12:22.976 1176 1176 I QosMonitor: queryRtt: rtt_type = 3
04-24 12:12:22.976 1176 1176 I HwQoEJNI: send_cmd_kernel. begin
04-24 12:12:22.976 1176 1406 I HuaweiWifiWatchdogStateMachine: spd good count:0, add sc:0.0, rate:1.0
04-24 12:12:22.976 1176 1176 I HwQoEJNI: send_cmd_kernel. end
04-24 12:12:22.977 1176 1176 I QosMonitor: postEventFromNative: msg=100,arg1=4,arg2=10
04-24 12:12:22.977 1176 1176 D HuaweiWifiWatchdogStateMachine: setSampleRtt: unvalid rtt
04-24 12:12:22.977 1176 1406 D HuaweiWifiWatchdogStateMachine: high data flow: protection_counter = 0, not_detect_counter = 306
04-24 12:12:22.977 1176 1406 D HuaweiWifiWatchdogStateMachine: high data flow scenario: 0 --> 0 rx bytes =0KB
04-24 12:12:22.977 1176 1406 I HuaweiWifiWatchdogStateMachine: current mHighDataFlowRate = 1.0
04-24 12:12:22.978 1176 1406 I HuaweiWifiWatchdogStateMachine: POta txb txg rxg:0, 6, 0. Lr =0% Totpkt=6
04-24 12:12:22.978 1176 1176 I HwQoEJNI: send_cmd_kernel. begin
04-24 12:12:22.979 1176 1176 I HwQoEJNI: send_cmd_kernel. end
04-24 12:12:22.979 1176 1176 I QosMonitor: postEventFromNative: msg=100,arg1=0,arg2=10
04-24 12:12:22.979 1176 1176 I MQoS : rtt=210,tcp_tx_pkts=480888,tcp_rx_pkts=921379
04-24 12:12:22.980 1176 1406 D HuaweiWifiWatchdogStateMachine: dumpTcpResult: len=10,rtt=210,rttPkt=7,rttWn=60,cgt=0,cgtWn=0
04-24 12:12:22.981 1176 1406 I HuaweiWifiWatchdogStateMachine: PTcp RTT:0, rtt pkt=0, tcp_rx=0, tcp_tx=0, tcp_reTran=0, rtRate=0
04-24 12:12:22.981 1176 1406 D HuaweiWifiWatchdogStateMachine: mRssiBadCount =0, RSSI not bad.
04-24 12:12:22.981 1176 1406 D HuaweiWifiWatchdogStateMachine: detectNetworkAvailable:hw.wifipro.dns_fail_count = 131
04-24 12:12:22.981 1176 1406 D HuaweiWifiWatchdogStateMachine: bqeLevel = 2 rtt=0,rtt_pkts=0 speed=0 rssi=-29
04-24 12:12:22.981 1176 1406 D HuaweiWifiWatchdogStateMachine: Enter updateQoeLevel level = 2
04-24 12:12:22.981 1176 1406 D HuaweiWifiWatchdogStateMachine: updateQoeLevel current level equal to mLastDetectLevel, return
04-24 12:12:22.981 1176 1406 D HuaweiWifiWatchdogStateMachine: did not have any network action
04-24 12:12:22.992 1176 3515 I MQoS : QOS_level:0(0),wifi-link;SIM error;use level-0
04-24 12:12:24.056 1176 1338 D HwWifiStatStore: handleMessage : 200
04-24 12:12:25.030 777 777 E : [E/capacity_limit_control] not demo version, not set power control prop!
04-24 12:12:26.625 1176 1176 I TrafficMonitor: update:rxPkts:0,txPkts:0,rxBytes:0,txBytes:0
04-24 12:12:26.626 1176 1176 I TrafficMonitor: start expired. level:-1
04-24 12:12:26.626 1176 1176 I TrafficMonitor: gettimer:interval=5000
04-24 12:12:26.844 1176 1392 D HwArpVerifier: performPollAndLog:
04-24 12:12:26.849 1176 1392 D hw_netstat: total/0/0
04-24 12:12:27.062 1176 1338 D HwWifiStatStore: handleMessage : 200
04-24 12:12:27.171 741 741 E Thermal-daemon: [charger_ic] temp_new :35 temp_old :36
04-24 12:12:27.172 1729 24941 I ThermalService: Receive temperature change, type: 2, temp: 35 from thermald
04-24 12:12:27.174 741 741 E Thermal-daemon: Report temperature: [charger_ic] temp :35 report_threshold:1
04-24 12:12:29.249 1176 1392 D HwArpVerifier: getIpRouteTable
04-24 12:12:29.342 1176 1392 D HwArpVerifier: Notify wifi default route is ok
04-24 12:12:30.040 777 777 E : [E/capacity_limit_control] not demo version, not set power control prop!
04-24 12:12:30.069 1176 1338 D HwWifiStatStore: handleMessage : 200
04-24 12:12:30.974 742 742 E wificond: Failed to get NL80211_RATE_INFO_NOISE
04-24 12:12:30.975 742 742 E wificond: Failed to get NL80211_RATE_INFO_SNR
04-24 12:12:30.975 742 742 E wificond: Failed to get NL80211_STA_INFO_CNAHLOAD
04-24 12:12:30.976 1176 1337 E WificondControl: Noise: 0, Snr: -1, Chload: -1
04-24 12:12:30.977 1176 1339 D HwWifiCHRStateManager: handleMessage : 1001
04-24 12:12:30.977 1176 1339 D HwWifiCHRStateManager: handleUpdateChannel:2412
04-24 12:12:30.977 1176 1339 V HwWifiServiceFactory: get AllImpl object = com.android.server.wifi.HwWifiServiceFactoryImpl@2205edc
04-24 12:12:30.981 742 742 E wificond: Failed to get NL80211_RATE_INFO_NOISE
04-24 12:12:30.981 742 742 E wificond: Failed to get NL80211_RATE_INFO_SNR
04-24 12:12:30.981 742 742 E wificond: Failed to get NL80211_STA_INFO_CNAHLOAD
04-24 12:12:30.983 1176 1406 D HuaweiWifiWatchdogStateMachine: LM mrssi=-28
04-24 12:12:30.983 1176 1176 D WiFi_PRO: MSG_RETURN_AP_CURRY_RSSI rssi = -28
04-24 12:12:30.983 1176 1176 I QosMonitor: queryRtt: rtt_type = 3
04-24 12:12:30.983 1176 1406 I HuaweiWifiWatchdogStateMachine: spd good count:0, add sc:0.0, rate:1.0
04-24 12:12:30.984 1176 1406 I HuaweiWifiWatchdogStateMachine: current mHighDataFlowRate = 1.0
04-24 12:12:30.984 1176 1406 I HuaweiWifiWatchdogStateMachine: POta txb txg rxg:0, 6, 0. Lr =0% Totpkt=6
04-24 12:12:30.984 1176 1176 I HwQoEJNI: send_cmd_kernel. begin
04-24 12:12:30.984 1176 1176 I HwQoEJNI: send_cmd_kernel. end
04-24 12:12:30.984 1176 1176 I QosMonitor: postEventFromNative: msg=100,arg1=4,arg2=10
04-24 12:12:30.985 1176 1176 I HwQoEJNI: send_cmd_kernel. begin
04-24 12:12:30.985 1176 1176 I HwQoEJNI: send_cmd_kernel. end
04-24 12:12:30.985 1176 1176 I QosMonitor: postEventFromNative: msg=100,arg1=0,arg2=10
04-24 12:12:30.985 1176 1176 D HuaweiWifiWatchdogStateMachine: setSampleRtt: unvalid rtt
04-24 12:12:30.985 1176 1176 I MQoS : rtt=210,tcp_tx_pkts=480888,tcp_rx_pkts=921379
04-24 12:12:30.986 1176 1406 D HuaweiWifiWatchdogStateMachine: dumpTcpResult: len=10,rtt=210,rttPkt=7,rttWn=68,cgt=0,cgtWn=0
04-24 12:12:30.987 1176 1406 I HuaweiWifiWatchdogStateMachine: PTcp RTT:0, rtt pkt=0, tcp_rx=0, tcp_tx=0, tcp_reTran=0, rtRate=0
04-24 12:12:30.987 1176 1406 D HuaweiWifiWatchdogStateMachine: mRssiBadCount =0, RSSI not bad.
04-24 12:12:30.987 1176 1406 D HuaweiWifiWatchdogStateMachine: detectNetworkAvailable:hw.wifipro.dns_fail_count = 131
04-24 12:12:30.987 1176 1406 D HuaweiWifiWatchdogStateMachine: bqeLevel = 2 rtt=0,rtt_pkts=0 speed=0 rssi=-28
04-24 12:12:30.987 1176 1406 D HuaweiWifiWatchdogStateMachine: Enter updateQoeLevel level = 2
04-24 12:12:30.987 1176 1406 D HuaweiWifiWatchdogStateMachine: updateQoeLevel current level equal to mLastDetectLevel, return
04-24 12:12:30.987 1176 1406 D HuaweiWifiWatchdogStateMachine: did not have any network action
04-24 12:12:30.998 1176 3515 I MQoS : QOS_level:0(0),wifi-link;SIM error;use level-0
04-24 12:12:31.628 1176 1176 I TrafficMonitor: expired arrive. level:-1
04-24 12:12:31.631 1176 1176 I TrafficMonitor: update:rxPkts:0,txPkts:0,rxBytes:0,txBytes:0
04-24 12:12:31.632 1176 1176 I TrafficMonitor: start expired. level:-1
04-24 12:12:31.632 1176 1176 I TrafficMonitor: gettimer:interval=5000
04-24 12:12:31.632 1176 1176 I TrafficMonitor: during_ms:5006,period_ms:2000
04-24 12:12:31.632 1176 1176 I TrafficMonitor: count:36,rx_sum:0,tx_sum:0,rxBytes:0,during_ms:5006,rx_speed:0.0,tx_speed:0.0,rto:0.0
04-24 12:12:31.632 1176 1176 D HuaweiWifiWatchdogStateMachine: speed: rxpkt:0, rxSpd:0B/s, txpkt:0, txSpd:0
04-24 12:12:31.798 1176 1392 D HwArpVerifier: check_wifi_state_mode = 0 mCheckStateToken=25 token25
04-24 12:12:31.801 1176 1392 D wifiserviceimpl: netmask =16777215
04-24 12:12:31.882 1176 1392 D HWMultiGW: setGateWay 192.168.1.1
04-24 12:12:32.885 1176 1392 D HwArpVerifier: getGateWayARPResponses: arp rtt = 16
04-24 12:12:32.886 1176 1392 E HwCHRWifiRSSIGroupSummery: updatArpSummery mRSSI:-28 HwCHRWifiRSSIGroup [rssi_index=4, rtt_tcp_packets=0, rtt_tcp_duration=0, rtt_lan_duration=6722, rtt_lan_failures=0, rtt_lan_succ=316, rtt_lan_max=939, rtt_lan_min=2,same_area_frequency=0,adjacent_area_frequency=0]
04-24 12:12:32.962 1176 1392 D HwArpVerifier: There are 1 mac address for gateway
04-24 12:12:32.962 1176 1392 D HwArpVerifier: from HEART_CHECK transmit to state:HEART_CHECK
04-24 12:12:32.963 1176 1392 D HwArpVerifier: msg what=124 arg1(token)=25 arg2(mode)=0 delay=30000
04-24 12:12:32.963 1176 1392 D HwArpVerifier: performPollAndLog:
04-24 12:12:32.967 1176 1392 D hw_netstat: total/0/0
04-24 12:12:33.076 1176 1338 D HwWifiStatStore: handleMessage : 200
04-24 12:12:35.050 777 777 E : [E/capacity_limit_control] not demo version, not set power control prop!
04-24 12:12:36.037 487 620 W SocketListener: sending broadcast to Pid = 1176, Uid = 1000
04-24 12:12:36.041 1176 1332 D NetdConnector: RCV <- {613 IfaceClass active 1 351144191847304 10824}
04-24 12:12:36.045 1176 1332 D NetdConnector: RCV <- {613 IfaceClass active 1 351144191847304 10824}
04-24 12:12:36.049 1176 1202 D NetdConnector: RCV unsolicited event from native daemon, event = 613
04-24 12:12:36.082 1176 1338 D HwWifiStatStore: handleMessage : 200
04-24 12:12:36.638 1176 1176 I TrafficMonitor: expired arrive. level:-1
04-24 12:12:36.642 1176 1176 I TrafficMonitor: update:rxPkts:1,txPkts:1,rxBytes:40,txBytes:40
04-24 12:12:36.642 1176 1176 I TrafficMonitor: start expired. level:-1
04-24 12:12:36.642 1176 1176 I TrafficMonitor: gettimer:interval=2000
04-24 12:12:36.642 1176 1176 I TrafficMonitor: during_ms:5010,period_ms:2000
04-24 12:12:36.643 1176 1176 I TrafficMonitor: count:37,rx_sum:1,tx_sum:1,rxBytes:40,during_ms:5010,rx_speed:7.984031936127745,tx_speed:7.984031936127745,rto:1.0
04-24 12:12:36.643 1176 1176 D HuaweiWifiWatchdogStateMachine: speed: rxpkt:1, rxSpd:7B/s, txpkt:1, txSpd:7
04-24 12:12:37.179 741 741 E Thermal-daemon: [pa_0] temp_new :34 temp_old :35
04-24 12:12:37.181 1729 24941 I ThermalService: Receive temperature change, type: 1, temp: 34 from thermald
04-24 12:12:37.183 741 741 E Thermal-daemon: Report temperature: [pa_0] temp :34 report_threshold:1
04-24 12:12:37.185 1729 2560 W HwThermalStateManager: warning: no config thermal type:1 temperature:34
04-24 12:12:37.973 1176 1392 D HwArpVerifier: performPollAndLog:
04-24 12:12:37.977 1176 1392 D hw_netstat: total/40/40,android.uid.system:1000/40/40
04-24 12:12:38.647 1176 1176 I TrafficMonitor: update:rxPkts:0,txPkts:0,rxBytes:0,txBytes:0
04-24 12:12:38.647 1176 1176 I TrafficMonitor: start expired. level:-1
04-24 12:12:38.648 1176 1176 I TrafficMonitor: gettimer:interval=2000
04-24 12:12:38.980 742 742 E wificond: Failed to get NL80211_RATE_INFO_NOISE
04-24 12:12:38.981 742 742 E wificond: Failed to get NL80211_RATE_INFO_SNR
04-24 12:12:38.981 742 742 E wificond: Failed to get NL80211_STA_INFO_CNAHLOAD
04-24 12:12:38.982 1176 1337 E WificondControl: Noise: 0, Snr: -1, Chload: -1
04-24 12:12:38.983 1176 1339 D HwWifiCHRStateManager: handleMessage : 1001
04-24 12:12:38.983 1176 1339 D HwWifiCHRStateManager: handleUpdateChannel:2412
04-24 12:12:38.984 1176 1339 V HwWifiServiceFactory: get AllImpl object = com.android.server.wifi.HwWifiServiceFactoryImpl@2205edc
04-24 12:12:38.988 742 742 E wificond: Failed to get NL80211_RATE_INFO_NOISE
04-24 12:12:38.989 742 742 E wificond: Failed to get NL80211_RATE_INFO_SNR
04-24 12:12:38.989 742 742 E wificond: Failed to get NL80211_STA_INFO_CNAHLOAD
04-24 12:12:38.991 1176 1406 D HuaweiWifiWatchdogStateMachine: LM mrssi=-28
04-24 12:12:38.992 1176 1176 D WiFi_PRO: MSG_RETURN_AP_CURRY_RSSI rssi = -28
04-24 12:12:38.992 1176 1406 D HuaweiWifiWatchdogStateMachine: a4:fa:**:**:eb:b0 current loss[-45]=0%, volume=2
04-24 12:12:38.992 1176 1176 I QosMonitor: queryRtt: rtt_type = 3
04-24 12:12:38.992 1176 1406 D HuaweiWifiWatchdogStateMachine: a4:fa:**:**:eb:b0 history loss[-45]=0%, volume=13825385
04-24 12:12:38.993 1176 1176 I HwQoEJNI: send_cmd_kernel. begin
04-24 12:12:38.993 1176 1176 I HwQoEJNI: send_cmd_kernel. end
04-24 12:12:38.993 1176 1406 I HuaweiWifiWatchdogStateMachine: spd good count:0, add sc:0.0, rate:1.0
04-24 12:12:38.993 1176 1406 I HuaweiWifiWatchdogStateMachine: current mHighDataFlowRate = 1.0
04-24 12:12:38.993 1176 1176 I QosMonitor: postEventFromNative: msg=100,arg1=4,arg2=10
04-24 12:12:38.993 1176 1406 I HuaweiWifiWatchdogStateMachine: POta txb txg rxg:0, 8, 0. Lr =0% Totpkt=8
04-24 12:12:38.994 1176 1176 I HwQoEJNI: send_cmd_kernel. begin
04-24 12:12:38.994 1176 1176 I HwQoEJNI: send_cmd_kernel. end
04-24 12:12:38.994 1176 1176 I QosMonitor: postEventFromNative: msg=100,arg1=0,arg2=10
04-24 12:12:38.994 1176 1176 D HuaweiWifiWatchdogStateMachine: setSampleRtt: unvalid rtt
04-24 12:12:38.995 1176 1176 I MQoS : rtt=210,tcp_tx_pkts=480889,tcp_rx_pkts=921380
04-24 12:12:38.996 1176 1406 D HuaweiWifiWatchdogStateMachine: dumpTcpResult: len=10,rtt=210,rttPkt=7,rttWn=76,cgt=0,cgtWn=0
04-24 12:12:38.996 1176 1406 I HuaweiWifiWatchdogStateMachine: PTcp RTT:0, rtt pkt=0, tcp_rx=1, tcp_tx=1, tcp_reTran=0, rtRate=0
04-24 12:12:38.996 1176 1406 D HuaweiWifiWatchdogStateMachine: mRssiBadCount =0, RSSI not bad.
04-24 12:12:38.997 1176 1406 D HuaweiWifiWatchdogStateMachine: detectNetworkAvailable:hw.wifipro.dns_fail_count = 131
04-24 12:12:38.997 1176 1406 D HuaweiWifiWatchdogStateMachine: detectNetworkAvailable: tcpRxPkts != 0, reset
04-24 12:12:38.997 1176 1406 D HuaweiWifiWatchdogStateMachine: bqeLevel = 2 rtt=0,rtt_pkts=0 speed=7 rssi=-28
04-24 12:12:38.997 1176 1406 D HuaweiWifiWatchdogStateMachine: Enter updateQoeLevel level = 2
04-24 12:12:38.997 1176 1406 D HuaweiWifiWatchdogStateMachine: updateQoeLevel current level equal to mLastDetectLevel, return
04-24 12:12:38.997 1176 1406 D HuaweiWifiWatchdogStateMachine: did not have any network action
04-24 12:12:39.006 1176 3515 I MQoS : QOS_level:0(0),wifi-link;SIM error;use level-0
04-24 12:12:39.088 1176 1338 D HwWifiStatStore: handleMessage : 200
04-24 12:12:40.060 777 777 E : [E/capacity_limit_control] not demo version, not set power control prop!
04-24 12:12:40.623 1729 23345 I DownloadState: 1000 transmitting data speed : 16 bytes/s scroff: true
04-24 12:12:40.653 1176 1176 I TrafficMonitor: update:rxPkts:0,txPkts:0,rxBytes:0,txBytes:0
04-24 12:12:40.653 1176 1176 I TrafficMonitor: start expired. level:-1
04-24 12:12:40.654 1176 1176 I TrafficMonitor: gettimer:interval=2000
04-24 12:12:41.644 1176 1176 I TrafficMonitor: expired arrive. level:-1
04-24 12:12:41.644 1176 1176 I TrafficMonitor: during_ms:2005,period_ms:2000
04-24 12:12:41.644 1176 1176 I TrafficMonitor: count:39,rx_sum:0,tx_sum:0,rxBytes:0,during_ms:2005,rx_speed:0.0,tx_speed:0.0,rto:0.0
04-24 12:12:41.645 1176 1176 D HuaweiWifiWatchdogStateMachine: speed: rxpkt:0, rxSpd:0B/s, txpkt:0, txSpd:0
04-24 12:12:42.093 1176 1338 D HwWifiStatStore: handleMessage : 200
04-24 12:12:42.658 1176 1176 I TrafficMonitor: update:rxPkts:0,txPkts:0,rxBytes:0,txBytes:0
04-24 12:12:42.658 1176 1176 I TrafficMonitor: start expired. level:-1
04-24 12:12:42.659 1176 1176 I TrafficMonitor: gettimer:interval=2000
04-24 12:12:42.983 1176 1392 D HwArpVerifier: performPollAndLog:
04-24 12:12:42.988 1176 1392 D hw_netstat: total/0/0
04-24 12:12:44.665 1176 1176 I TrafficMonitor: update:rxPkts:0,txPkts:0,rxBytes:0,txBytes:0
04-24 12:12:44.665 1176 1176 I TrafficMonitor: start expired. level:-1
04-24 12:12:44.665 1176 1176 I TrafficMonitor: gettimer:interval=2000
04-24 12:12:45.071 777 777 E : [E/capacity_limit_control] not demo version, not set power control prop!
04-24 12:12:45.085 1176 1176 D HwInnerWifiManagerImpl: SupplicantState = COMPLETED
04-24 12:12:45.086 1176 1176 D HwInnerWifiManagerImpl: isPhoneAP = false
04-24 12:12:45.087 1729 1729 I MsgReceiver: intent action: android.intent.action.BATTERY_CHANGED
04-24 12:12:45.088 5515 5671 E CloudAlbum[8.1.2.309]: [ReceiverManager] not log on ignore
04-24 12:12:45.089 1463 1463 D KeyguardUpdateMonitor: received broadcast android.intent.action.BATTERY_CHANGED
04-24 12:12:45.090 1463 1463 W KeyguardUpdateMonitor: ACTION_BATTERY_CHANGED AMP: 500000; Volt: 5000000
04-24 12:12:45.091 1176 1176 D HwInnerWifiManagerImpl: SupplicantState = COMPLETED
04-24 12:12:45.092 1176 1176 D HwInnerWifiManagerImpl: isPhoneAP = false
04-24 12:12:45.092 1176 1176 D WifiStateMachine: mBcastReceiver: PluggedType = 2 mIsScanCtrlPluggedin = true
04-24 12:12:45.093 1463 1463 V KeyguardUpdateMonitor: RefreshBatteryInfo isBatteryLow: 70
04-24 12:12:45.093 1463 1463 W KeyguardUpdateMonitor: ChargingSpeed Wattage: 2500000 ST: 5000000 --> 7500000
04-24 12:12:45.093 1463 1463 I KgBattery: BatteryInfo updated: 2lPc0
04-24 12:12:45.093 1463 1463 W AppHandler: sendMessage with obj100
04-24 12:12:45.093 1176 1176 D HwWifiService: mPluggedType =2
04-24 12:12:45.093 1463 1463 D KeyguardUpdateMonitor: handleBatteryUpdate
04-24 12:12:45.093 1463 1463 W HwLockScreenPanel: Handle message: 100
04-24 12:12:45.094 1463 1463 W HwKeyguardBottomArea: updateBatteryInfo : false true
04-24 12:12:45.094 1463 1463 W KgBattery: getCharge info with type: text
04-24 12:12:45.094 1176 1176 D WifiService: onReceive, action:android.intent.action.BATTERY_CHANGED
04-24 12:12:45.095 1176 1176 D WifiService: ACTION_BATTERY_CHANGED pluggedType: 2
04-24 12:12:45.100 1176 1338 D HwWifiStatStore: handleMessage : 200
04-24 12:12:45.102 1463 1463 W HwLockScreenPanel: refreshBatteryInfo: null
04-24 12:12:46.669 1176 1176 I TrafficMonitor: update:rxPkts:0,txPkts:0,rxBytes:0,txBytes:0
04-24 12:12:46.669 1176 1176 I TrafficMonitor: start expired. level:-1
04-24 12:12:46.670 1176 1176 I TrafficMonitor: gettimer:interval=2000
04-24 12:12:46.989 742 742 E wificond: Failed to get NL80211_RATE_INFO_NOISE
04-24 12:12:46.989 742 742 E wificond: Failed to get NL80211_RATE_INFO_SNR
04-24 12:12:46.990 742 742 E wificond: Failed to get NL80211_STA_INFO_CNAHLOAD
04-24 12:12:46.990 1176 1337 E WificondControl: Noise: 0, Snr: -1, Chload: -1
04-24 12:12:46.992 1176 1339 D HwWifiCHRStateManager: handleMessage : 1001
04-24 12:12:46.992 1176 1339 D HwWifiCHRStateManager: handleUpdateChannel:2412
04-24 12:12:46.992 1176 1339 V HwWifiServiceFactory: get AllImpl object = com.android.server.wifi.HwWifiServiceFactoryImpl@2205edc
04-24 12:12:46.996 742 742 E wificond: Failed to get NL80211_RATE_INFO_NOISE
04-24 12:12:46.996 742 742 E wificond: Failed to get NL80211_RATE_INFO_SNR
04-24 12:12:46.996 742 742 E wificond: Failed to get NL80211_STA_INFO_CNAHLOAD
04-24 12:12:46.998 1176 1406 D HuaweiWifiWatchdogStateMachine: LM mrssi=-29
04-24 12:12:46.998 1176 1176 D WiFi_PRO: MSG_RETURN_AP_CURRY_RSSI rssi = -29
04-24 12:12:46.999 1176 1406 I HuaweiWifiWatchdogStateMachine: spd good count:0, add sc:0.0, rate:1.0
04-24 12:12:46.999 1176 1406 I HuaweiWifiWatchdogStateMachine: current mHighDataFlowRate = 1.0
04-24 12:12:46.999 1176 1176 I QosMonitor: queryRtt: rtt_type = 3
04-24 12:12:46.999 1176 1406 I HuaweiWifiWatchdogStateMachine: POta txb txg rxg:0, 8, 0. Lr =0% Totpkt=8
04-24 12:12:46.999 1176 1176 I HwQoEJNI: send_cmd_kernel. begin
04-24 12:12:46.999 1176 1176 I HwQoEJNI: send_cmd_kernel. end
04-24 12:12:47.000 1176 1176 I QosMonitor: postEventFromNative: msg=100,arg1=4,arg2=10
04-24 12:12:47.000 1176 1176 I HwQoEJNI: send_cmd_kernel. begin
04-24 12:12:47.000 1176 1176 I HwQoEJNI: send_cmd_kernel. end
04-24 12:12:47.000 1176 1176 I QosMonitor: postEventFromNative: msg=100,arg1=0,arg2=10
04-24 12:12:47.001 1176 1176 D HuaweiWifiWatchdogStateMachine: setSampleRtt: unvalid rtt
04-24 12:12:47.002 1176 1176 I MQoS : rtt=210,tcp_tx_pkts=480889,tcp_rx_pkts=921380
04-24 12:12:47.004 1176 1406 D HuaweiWifiWatchdogStateMachine: dumpTcpResult: len=10,rtt=210,rttPkt=7,rttWn=84,cgt=0,cgtWn=0
04-24 12:12:47.004 1176 1406 I HuaweiWifiWatchdogStateMachine: PTcp RTT:0, rtt pkt=0, tcp_rx=0, tcp_tx=0, tcp_reTran=0, rtRate=0
04-24 12:12:47.004 1176 1406 D HuaweiWifiWatchdogStateMachine: mRssiBadCount =0, RSSI not bad.
04-24 12:12:47.004 1176 1406 D HuaweiWifiWatchdogStateMachine: detectNetworkAvailable:hw.wifipro.dns_fail_count = 131
04-24 12:12:47.004 1176 1406 D HuaweiWifiWatchdogStateMachine: bqeLevel = 2 rtt=0,rtt_pkts=0 speed=7 rssi=-29
04-24 12:12:47.004 1176 1406 D HuaweiWifiWatchdogStateMachine: Enter updateQoeLevel level = 2
04-24 12:12:47.004 1176 1406 D HuaweiWifiWatchdogStateMachine: updateQoeLevel current level equal to mLastDetectLevel, return
04-24 12:12:47.005 1176 1406 D HuaweiWifiWatchdogStateMachine: did not have any network action
04-24 12:12:47.015 1176 3515 I MQoS : QOS_level:0(0),wifi-link;SIM error;use level-0
04-24 12:12:47.661 1176 1176 I TrafficMonitor: expired arrive. level:-1
04-24 12:12:47.661 1176 1176 I TrafficMonitor: during_ms:2005,period_ms:2000
04-24 12:12:47.662 1176 1176 I TrafficMonitor: count:42,rx_sum:0,tx_sum:0,rxBytes:0,during_ms:2005,rx_speed:0.0,tx_speed:0.0,rto:0.0
04-24 12:12:47.662 1176 1176 D HuaweiWifiWatchdogStateMachine: speed: rxpkt:0, rxSpd:0B/s, txpkt:0, txSpd:0
04-24 12:12:47.994 1176 1392 D HwArpVerifier: performPollAndLog:
04-24 12:12:47.998 1176 1392 D hw_netstat: total/0/0
04-24 12:12:48.107 1176 1338 D HwWifiStatStore: handleMessage : 200
04-24 12:12:48.673 1176 1176 I TrafficMonitor: update:rxPkts:0,txPkts:0,rxBytes:0,txBytes:0
04-24 12:12:48.674 1176 1176 I TrafficMonitor: start expired. level:-1
04-24 12:12:48.674 1176 1176 I TrafficMonitor: gettimer:interval=2000
04-24 12:12:49.202 1176 1589 W Watchdog: hungtask: writing kick
04-24 12:12:49.206 1176 1202 I EventHub: EventHub monitor: no key events in the past 102s, no motion events in the past 103s
04-24 12:12:50.080 777 777 E : [E/capacity_limit_control] not demo version, not set power control prop!
04-24 12:12:50.102 1176 1288 D HwBatteryService: onUEvent fcpStatus = 0,scpStatus =0,ovpStatus=0
04-24 12:12:50.104 1176 1288 I UsbDeviceManager: water_intrused state= 0
04-24 12:12:50.120 1176 1176 D HwInnerWifiManagerImpl: SupplicantState = COMPLETED
04-24 12:12:50.121 1176 1176 D HwInnerWifiManagerImpl: isPhoneAP = false
04-24 12:12:50.121 1729 1729 I MsgReceiver: intent action: android.intent.action.BATTERY_CHANGED
04-24 12:12:50.122 1176 1176 D HwInnerWifiManagerImpl: SupplicantState = COMPLETED
04-24 12:12:50.122 1176 1176 D HwInnerWifiManagerImpl: isPhoneAP = false
04-24 12:12:50.122 1176 1176 D WifiStateMachine: mBcastReceiver: PluggedType = 2 mIsScanCtrlPluggedin = true
04-24 12:12:50.122 1463 1463 D KeyguardUpdateMonitor: received broadcast android.intent.action.BATTERY_CHANGED
04-24 12:12:50.123 1463 1463 W KeyguardUpdateMonitor: ACTION_BATTERY_CHANGED AMP: 500000; Volt: 5000000
04-24 12:12:50.123 1176 1176 D HwWifiService: mPluggedType =2
04-24 12:12:50.123 5515 5671 E CloudAlbum[8.1.2.309]: [ReceiverManager] not log on ignore
04-24 12:12:50.123 1176 1176 D WifiService: onReceive, action:android.intent.action.BATTERY_CHANGED
04-24 12:12:50.123 1176 1176 D WifiService: ACTION_BATTERY_CHANGED pluggedType: 2
04-24 12:12:50.127 1463 1463 V KeyguardUpdateMonitor: RefreshBatteryInfo isBatteryLow: 70
04-24 12:12:50.127 1463 1463 W KeyguardUpdateMonitor: ChargingSpeed Wattage: 2500000 ST: 5000000 --> 7500000
04-24 12:12:50.127 1463 1463 I KgBattery: BatteryInfo updated: 2lPc0
04-24 12:12:50.127 1463 1463 W AppHandler: sendMessage with obj100
04-24 12:12:50.127 1463 1463 D KeyguardUpdateMonitor: handleBatteryUpdate
04-24 12:12:50.127 1463 1463 W HwLockScreenPanel: Handle message: 100
04-24 12:12:50.128 1463 1463 W HwKeyguardBottomArea: updateBatteryInfo : false true
04-24 12:12:50.128 1463 1463 W KgBattery: getCharge info with type: text
04-24 12:12:50.133 1463 1463 W HwLockScreenPanel: refreshBatteryInfo: null
04-24 12:12:50.678 1176 1176 I TrafficMonitor: update:rxPkts:0,txPkts:0,rxBytes:0,txBytes:0
04-24 12:12:50.678 1176 1176 I TrafficMonitor: start expired. level:-1
04-24 12:12:50.679 1176 1176 I TrafficMonitor: gettimer:interval=2000
04-24 12:12:51.044 487 620 W SocketListener: sending broadcast to Pid = 1176, Uid = 1000
04-24 12:12:51.050 1176 1332 D NetdConnector: RCV <- {613 IfaceClass idle 1 351159198870740}
04-24 12:12:51.054 1176 1332 D NetdConnector: RCV <- {613 IfaceClass idle 1 351159198870740}
04-24 12:12:51.059 1176 1202 D NetdConnector: RCV unsolicited event from native daemon, event = 613
04-24 12:12:51.114 1176 1338 D HwWifiStatStore: handleMessage : 200
04-24 12:12:51.775 487 620 W SocketListener: sending broadcast to Pid = 1176, Uid = 1000
04-24 12:12:51.782 1176 1332 D NetdConnector: RCV <- {613 IfaceClass active 1 351159930533240 10824}
04-24 12:12:51.786 1176 1332 D NetdConnector: RCV <- {613 IfaceClass active 1 351159930533240 10824}
04-24 12:12:51.790 1176 1202 D NetdConnector: RCV unsolicited event from native daemon, event = 613
04-24 12:12:52.684 1176 1176 I TrafficMonitor: update:rxPkts:1,txPkts:1,rxBytes:56,txBytes:84
04-24 12:12:52.684 1176 1176 I TrafficMonitor: start expired. level:-1
04-24 12:12:52.685 1176 1176 I TrafficMonitor: gettimer:interval=2000
04-24 12:12:53.004 1176 1392 D HwArpVerifier: performPollAndLog:
04-24 12:12:53.009 1176 1392 D hw_netstat: total/56/84,unknown:0/56/84
04-24 12:12:53.676 1176 1176 I TrafficMonitor: expired arrive. level:-1
04-24 12:12:53.676 1176 1176 I TrafficMonitor: during_ms:2006,period_ms:2000
04-24 12:12:53.676 1176 1176 I TrafficMonitor: count:45,rx_sum:1,tx_sum:1,rxBytes:56,during_ms:2006,rx_speed:27.91625124626122,tx_speed:41.87437686939183,rto:1.0
04-24 12:12:53.677 1176 1176 D HuaweiWifiWatchdogStateMachine: speed: rxpkt:1, rxSpd:27B/s, txpkt:1, txSpd:41
04-24 12:12:54.120 1176 1338 D HwWifiStatStore: handleMessage : 200
04-24 12:12:54.689 1176 1176 I TrafficMonitor: update:rxPkts:0,txPkts:0,rxBytes:0,txBytes:0
04-24 12:12:54.690 1176 1176 I TrafficMonitor: start expired. level:-1
04-24 12:12:54.690 1176 1176 I TrafficMonitor: gettimer:interval=2000
04-24 12:12:54.999 742 742 E wificond: Failed to get NL80211_RATE_INFO_NOISE
04-24 12:12:54.999 742 742 E wificond: Failed to get NL80211_RATE_INFO_SNR
04-24 12:12:54.999 742 742 E wificond: Failed to get NL80211_STA_INFO_CNAHLOAD
04-24 12:12:55.000 1176 1337 E WificondControl: Noise: 0, Snr: -1, Chload: -1
04-24 12:12:55.002 1176 1339 D HwWifiCHRStateManager: handleMessage : 1001
04-24 12:12:55.002 1176 1339 D HwWifiCHRStateManager: handleUpdateChannel:2412
04-24 12:12:55.002 1176 1339 V HwWifiServiceFactory: get AllImpl object = com.android.server.wifi.HwWifiServiceFactoryImpl@2205edc
04-24 12:12:55.006 742 742 E wificond: Failed to get NL80211_RATE_INFO_NOISE
04-24 12:12:55.006 742 742 E wificond: Failed to get NL80211_RATE_INFO_SNR
04-24 12:12:55.006 742 742 E wificond: Failed to get NL80211_STA_INFO_CNAHLOAD
04-24 12:12:55.008 1176 1176 D WiFi_PRO: MSG_RETURN_AP_CURRY_RSSI rssi = -30
04-24 12:12:55.008 1176 1406 D HuaweiWifiWatchdogStateMachine: LM mrssi=-30
04-24 12:12:55.008 1176 1406 D HuaweiWifiWatchdogStateMachine: a4:fa:**:**:eb:b0 current loss[-45]=0%, volume=1
04-24 12:12:55.008 1176 1176 I QosMonitor: queryRtt: rtt_type = 3
04-24 12:12:55.009 1176 1406 D HuaweiWifiWatchdogStateMachine: a4:fa:**:**:eb:b0 history loss[-45]=0%, volume=13825386
04-24 12:12:55.009 1176 1176 I HwQoEJNI: send_cmd_kernel. begin
04-24 12:12:55.009 1176 1406 I HuaweiWifiWatchdogStateMachine: spd good count:0, add sc:0.0, rate:1.0
04-24 12:12:55.009 1176 1176 I HwQoEJNI: send_cmd_kernel. end
04-24 12:12:55.009 1176 1176 I QosMonitor: postEventFromNative: msg=100,arg1=4,arg2=10
04-24 12:12:55.010 1176 1176 D HuaweiWifiWatchdogStateMachine: setSampleRtt: unvalid rtt
04-24 12:12:55.010 1176 1406 D HuaweiWifiWatchdogStateMachine: high data flow: protection_counter = 0, not_detect_counter = 307
04-24 12:12:55.010 1176 1406 D HuaweiWifiWatchdogStateMachine: high data flow scenario: 0 --> 0 rx bytes =0KB
04-24 12:12:55.010 1176 1406 I HuaweiWifiWatchdogStateMachine: current mHighDataFlowRate = 1.0
04-24 12:12:55.010 1176 1406 I HuaweiWifiWatchdogStateMachine: POta txb txg rxg:0, 9, 0. Lr =0% Totpkt=9
