04-24 12:10:17.905 1176 1339 D HwWifiCHRStateManager: handleMessage : 1001
04-24 12:10:17.905 1176 1339 D HwWifiCHRStateManager: handleUpdateChannel:2412
04-24 12:10:17.905 1176 1339 V HwWifiServiceFactory: get AllImpl object = com.android.server.wifi.HwWifiServiceFactoryImpl@2205edc
04-24 12:10:17.906 1176 1337 D HwCustWifiStateMachineReferenceImpl: checkRssiOverThreshold newRssi = -32
04-24 12:10:17.906 1176 1337 D WifiScoreReport: Score = 100, wifiConnectivityManagerEnabled = false, lowScoreCount = 0
04-24 12:10:19.186 1176 1589 W Watchdog: hungtask: writing kick
04-24 12:10:19.191 1176 1202 I EventHub: EventHub monitor: no key events in the past 6032s, no motion events in the past 130s
04-24 12:10:19.377 1176 1176 I TrafficMonitor: update:rxPkts:70,txPkts:2,rxBytes:12903,txBytes:372
04-24 12:10:19.377 1176 1176 I TrafficMonitor: start expired. level:-1
04-24 12:10:19.377 1176 1176 I TrafficMonitor: gettimer:interval=2000
04-24 12:10:19.654 777 777 E : [E/capacity_limit_control] not demo version, not set power control prop!
04-24 12:10:19.693 1176 1288 D HwBatteryService: onUEvent fcpStatus = 0,scpStatus =0,ovpStatus=0
04-24 12:10:19.696 1176 1288 I UsbDeviceManager: water_intrused state= 0
04-24 12:10:19.703 1176 1176 D HwInnerWifiManagerImpl: SupplicantState = COMPLETED
04-24 12:10:19.703 1176 1176 D HwInnerWifiManagerImpl: isPhoneAP = false
04-24 12:10:19.704 1176 1176 D HwInnerWifiManagerImpl: SupplicantState = COMPLETED
04-24 12:10:19.704 1176 1176 D HwInnerWifiManagerImpl: isPhoneAP = false
04-24 12:10:19.704 1176 1176 D WifiStateMachine: mBcastReceiver: PluggedType = 2 mIsScanCtrlPluggedin = true
04-24 12:10:19.705 1176 1176 D HwWifiService: mPluggedType =2
04-24 12:10:19.705 1729 1729 I MsgReceiver: intent action: android.intent.action.BATTERY_CHANGED
04-24 12:10:19.705 1176 1176 D WifiService: onReceive, action:android.intent.action.BATTERY_CHANGED
04-24 12:10:19.705 1176 1176 D WifiService: ACTION_BATTERY_CHANGED pluggedType: 2
04-24 12:10:19.706 5515 5671 E CloudAlbum[8.1.2.309]: [ReceiverManager] not log on ignore
04-24 12:10:19.706 1463 1463 D KeyguardUpdateMonitor: received broadcast android.intent.action.BATTERY_CHANGED
04-24 12:10:19.706 1463 1463 W KeyguardUpdateMonitor: ACTION_BATTERY_CHANGED AMP: 500000; Volt: 5000000
04-24 12:10:19.708 1463 1463 V KeyguardUpdateMonitor: RefreshBatteryInfo isBatteryLow: 70
04-24 12:10:19.708 1463 1463 W KeyguardUpdateMonitor: ChargingSpeed Wattage: 2500000 ST: 5000000 --> 7500000
04-24 12:10:19.708 1463 1463 I KgBattery: BatteryInfo updated: 2lPc0
04-24 12:10:19.708 1463 1463 W AppHandler: sendMessage with obj100
04-24 12:10:19.708 1463 1463 D KeyguardUpdateMonitor: handleBatteryUpdate
04-24 12:10:19.708 1463 1463 W HwLockScreenPanel: Handle message: 100
04-24 12:10:19.708 1463 1463 W HwKeyguardBottomArea: updateBatteryInfo : false true
04-24 12:10:19.708 1463 1463 W KgBattery: getCharge info with type: text
04-24 12:10:19.712 1463 1463 W HwLockScreenPanel: refreshBatteryInfo: null
04-24 12:10:20.809 1176 1338 D HwWifiStatStore: handleMessage : 200
04-24 12:10:20.909 679 679 E WifiHAL : enter wifi_get_link_stats
04-24 12:10:20.914 742 742 E wificond: Failed to get NL80211_RATE_INFO_NOISE
04-24 12:10:20.914 742 742 E wificond: Failed to get NL80211_RATE_INFO_SNR
04-24 12:10:20.914 742 742 E wificond: Failed to get NL80211_STA_INFO_CNAHLOAD
04-24 12:10:20.914 1176 1337 E WificondControl: Noise: 0, Snr: -1, Chload: -1
04-24 12:10:20.915 1176 1339 D HwWifiCHRStateManager: handleMessage : 1001
04-24 12:10:20.915 1176 1339 D HwWifiCHRStateManager: handleUpdateChannel:2412
04-24 12:10:20.915 1176 1339 V HwWifiServiceFactory: get AllImpl object = com.android.server.wifi.HwWifiServiceFactoryImpl@2205edc
04-24 12:10:20.917 1176 1337 D HwCustWifiStateMachineReferenceImpl: checkRssiOverThreshold newRssi = -32
04-24 12:10:20.918 1176 1337 D WifiScoreReport: Score = 100, wifiConnectivityManagerEnabled = false, lowScoreCount = 0
04-24 12:10:21.378 1176 1176 I TrafficMonitor: update:rxPkts:90,txPkts:2,rxBytes:14614,txBytes:372
04-24 12:10:21.379 1176 1176 I TrafficMonitor: start expired. level:-1
04-24 12:10:21.379 1176 1176 I TrafficMonitor: gettimer:interval=2000
04-24 12:10:22.006 741 741 E Thermal-daemon: [charger_ic] temp_new :39 temp_old :38
04-24 12:10:22.006 1729 27267 I ThermalService: Receive temperature change, type: 2, temp: 39 from thermald
04-24 12:10:22.007 741 741 E Thermal-daemon: Report temperature: [charger_ic] temp :39 report_threshold:1
04-24 12:10:22.007 1729 2560 D HwThermalStateManager: Thermal type: 2 cur_temperature:39
04-24 12:10:22.007 1729 2560 W HwThermalStateManager: warning: no config thermal type:2 temperature:39
04-24 12:10:22.375 1176 1176 I TrafficMonitor: expired arrive. level:-1
04-24 12:10:22.375 1176 1176 I TrafficMonitor: during_ms:2001,period_ms:2000
04-24 12:10:22.375 1176 1176 I TrafficMonitor: count:974,rx_sum:90,tx_sum:2,rxBytes:14614,during_ms:2001,rx_speed:7303.348325837082,tx_speed:185.90704647676162,rto:45.0
04-24 12:10:22.375 1176 1176 D HuaweiWifiWatchdogStateMachine: speed: rxpkt:90, rxSpd:7303B/s, txpkt:2, txSpd:185
04-24 12:10:22.377 1176 1392 D HwArpVerifier: performPollAndLog:
04-24 12:10:22.379 1176 1392 D hw_netstat: total/0/744,com.jiansheng.blmn.demo/0/744
04-24 12:10:22.843 742 742 E wificond: Failed to get NL80211_RATE_INFO_NOISE
04-24 12:10:22.843 742 742 E wificond: Failed to get NL80211_RATE_INFO_SNR
04-24 12:10:22.843 742 742 E wificond: Failed to get NL80211_STA_INFO_CNAHLOAD
04-24 12:10:22.843 1176 1337 E WificondControl: Noise: 0, Snr: -1, Chload: -1
04-24 12:10:22.845 1176 1339 D HwWifiCHRStateManager: handleMessage : 1001
04-24 12:10:22.845 1176 1339 D HwWifiCHRStateManager: handleUpdateChannel:2412
04-24 12:10:22.845 1176 1339 V HwWifiServiceFactory: get AllImpl object = com.android.server.wifi.HwWifiServiceFactoryImpl@2205edc
04-24 12:10:22.847 742 742 E wificond: Failed to get NL80211_RATE_INFO_NOISE
04-24 12:10:22.847 742 742 E wificond: Failed to get NL80211_RATE_INFO_SNR
04-24 12:10:22.847 742 742 E wificond: Failed to get NL80211_STA_INFO_CNAHLOAD
04-24 12:10:22.848 1176 1406 D HuaweiWifiWatchdogStateMachine: LM mrssi=-34
04-24 12:10:22.849 1176 1406 D HuaweiWifiWatchdogStateMachine: a4:fa:**:**:eb:b0 current loss[-45]=0%, volume=8
04-24 12:10:22.849 1176 1406 D HuaweiWifiWatchdogStateMachine: a4:fa:**:**:eb:b0 history loss[-45]=0%, volume=13825301
04-24 12:10:22.849 1176 1406 I HuaweiWifiWatchdogStateMachine: spd good count:0, add sc:0.0, rate:1.0
04-24 12:10:22.849 1176 1406 I HuaweiWifiWatchdogStateMachine: current mHighDataFlowRate = 1.0
04-24 12:10:22.850 1176 1406 I HuaweiWifiWatchdogStateMachine: POta txb txg rxg:0, 33, 0. Lr =0% Totpkt=33
04-24 12:10:22.851 1176 1176 D WiFi_PRO: MSG_RETURN_AP_CURRY_RSSI rssi = -34
04-24 12:10:22.851 1176 1176 I QosMonitor: queryRtt: rtt_type = 3
04-24 12:10:22.852 1176 1176 I HwQoEJNI: send_cmd_kernel. begin
04-24 12:10:22.852 1176 1176 I HwQoEJNI: send_cmd_kernel. end
04-24 12:10:22.852 1176 1176 I QosMonitor: postEventFromNative: msg=100,arg1=4,arg2=10
04-24 12:10:22.852 1176 1176 I HwQoEJNI: send_cmd_kernel. begin
04-24 12:10:22.852 1176 1176 I HwQoEJNI: send_cmd_kernel. end
04-24 12:10:22.852 1176 1176 I QosMonitor: postEventFromNative: msg=100,arg1=0,arg2=10
04-24 12:10:22.853 1176 1176 D HuaweiWifiWatchdogStateMachine: setSampleRtt: unvalid rtt
04-24 12:10:22.853 1176 1176 I MQoS : rtt=400,tcp_tx_pkts=480852,tcp_rx_pkts=921363
04-24 12:10:22.853 1176 1406 D HuaweiWifiWatchdogStateMachine: dumpTcpResult: len=10,rtt=400,rttPkt=7,rttWn=68,cgt=0,cgtWn=0
04-24 12:10:22.853 1176 1406 I HuaweiWifiWatchdogStateMachine: PTcp RTT:0, rtt pkt=0, tcp_rx=0, tcp_tx=0, tcp_reTran=0, rtRate=0
04-24 12:10:22.853 1176 1406 D HuaweiWifiWatchdogStateMachine: mRssiBadCount =0, RSSI not bad.
04-24 12:10:22.853 1176 1406 D HuaweiWifiWatchdogStateMachine: detectNetworkAvailable:hw.wifipro.dns_fail_count = 131
04-24 12:10:22.853 1176 1406 D HuaweiWifiWatchdogStateMachine: bqeLevel = 2 rtt=0,rtt_pkts=0 speed=7303 rssi=-34
04-24 12:10:22.854 1176 1406 D HuaweiWifiWatchdogStateMachine: Enter updateQoeLevel level = 2
04-24 12:10:22.854 1176 1406 D HuaweiWifiWatchdogStateMachine: updateQoeLevel current level equal to mLastDetectLevel, return
04-24 12:10:22.854 1176 1406 D HuaweiWifiWatchdogStateMachine: did not have any network action
04-24 12:10:22.858 1176 3515 I MQoS : QOS_level:0(0),wifi-link;SIM error;use level-0
04-24 12:10:23.381 1176 1176 I TrafficMonitor: update:rxPkts:66,txPkts:1,rxBytes:12211,txBytes:186
04-24 12:10:23.381 1176 1176 I TrafficMonitor: start expired. level:-1
04-24 12:10:23.381 1176 1176 I TrafficMonitor: gettimer:interval=2000
04-24 12:10:23.815 1176 1338 D HwWifiStatStore: handleMessage : 200
04-24 12:10:23.920 679 679 E WifiHAL : enter wifi_get_link_stats
04-24 12:10:23.925 742 742 E wificond: Failed to get NL80211_RATE_INFO_NOISE
04-24 12:10:23.926 742 742 E wificond: Failed to get NL80211_RATE_INFO_SNR
04-24 12:10:23.926 742 742 E wificond: Failed to get NL80211_STA_INFO_CNAHLOAD
04-24 12:10:23.926 1176 1337 E WificondControl: Noise: 0, Snr: -1, Chload: -1
04-24 12:10:23.927 1176 1339 D HwWifiCHRStateManager: handleMessage : 1001
04-24 12:10:23.927 1176 1339 D HwWifiCHRStateManager: handleUpdateChannel:2412
04-24 12:10:23.927 1176 1339 V HwWifiServiceFactory: get AllImpl object = com.android.server.wifi.HwWifiServiceFactoryImpl@2205edc
04-24 12:10:23.929 1176 1337 D HwCustWifiStateMachineReferenceImpl: checkRssiOverThreshold newRssi = -34
04-24 12:10:23.930 1176 1337 D WifiScoreReport: Score = 100, wifiConnectivityManagerEnabled = false, lowScoreCount = 0
04-24 12:10:24.700 777 777 E : [E/capacity_limit_control] not demo version, not set power control prop!
04-24 12:10:25.383 1176 1176 I TrafficMonitor: update:rxPkts:54,txPkts:2,rxBytes:9121,txBytes:372
04-24 12:10:25.383 1176 1176 I TrafficMonitor: start expired. level:-1
04-24 12:10:25.383 1176 1176 I TrafficMonitor: gettimer:interval=2000
04-24 12:10:26.357 1637 1925 W DoneDirFilePackUtil: collectAllFilesInDoneDir NumberFormatException
04-24 12:10:26.357 1637 1925 W DoneDirFilePackUtil: collectAllFilesInDoneDir NumberFormatException
04-24 12:10:26.357 1637 1925 E LogFilePackager: filterLogListWithThreshold loglist is null
04-24 12:10:26.821 1176 1338 D HwWifiStatStore: handleMessage : 200
04-24 12:10:26.934 679 679 E WifiHAL : enter wifi_get_link_stats
04-24 12:10:26.938 742 742 E wificond: Failed to get NL80211_RATE_INFO_NOISE
04-24 12:10:26.938 742 742 E wificond: Failed to get NL80211_RATE_INFO_SNR
04-24 12:10:26.938 742 742 E wificond: Failed to get NL80211_STA_INFO_CNAHLOAD
04-24 12:10:26.938 1176 1337 E WificondControl: Noise: 0, Snr: -1, Chload: -1
04-24 12:10:26.939 1176 1339 D HwWifiCHRStateManager: handleMessage : 1001
04-24 12:10:26.939 1176 1339 D HwWifiCHRStateManager: handleUpdateChannel:2412
04-24 12:10:26.939 1176 1339 V HwWifiServiceFactory: get AllImpl object = com.android.server.wifi.HwWifiServiceFactoryImpl@2205edc
04-24 12:10:26.941 1176 1337 D HwCustWifiStateMachineReferenceImpl: checkRssiOverThreshold newRssi = -32
04-24 12:10:26.941 1176 1337 D WifiScoreReport: Score = 100, wifiConnectivityManagerEnabled = false, lowScoreCount = 0
04-24 12:10:27.008 741 741 E Thermal-daemon: [shell_temp] temp_new :35 temp_old :34
04-24 12:10:27.009 1729 27267 I ThermalService: Receive temperature change, type: 22, temp: 35 from thermald
04-24 12:10:27.009 1729 27267 I ThermalTrace_ThermalRaise: Shell:33,34,35,currentBatteryTemp:34
04-24 12:10:27.009 741 741 E Thermal-daemon: Report temperature: [shell_temp] temp :35 report_threshold:1
04-24 12:10:27.011 741 741 E Thermal-daemon: [charger_ic] temp_new :43 temp_old :39
04-24 12:10:27.011 1729 27267 I ThermalService: Receive temperature change, type: 2, temp: 43 from thermald
04-24 12:10:27.012 741 741 E Thermal-daemon: Report temperature: [charger_ic] temp :43 report_threshold:1
04-24 12:10:27.012 1729 2560 D HwThermalStateManager: Thermal type: 2 cur_temperature:43
04-24 12:10:27.012 1729 2560 W HwThermalStateManager: warning: no config thermal type:2 temperature:43
04-24 12:10:27.347 1176 1392 D HwArpVerifier: check_wifi_state_mode = 0 mCheckStateToken=25 token25
04-24 12:10:27.348 1176 1392 D wifiserviceimpl: netmask =16777215
04-24 12:10:27.385 1176 1176 I TrafficMonitor: update:rxPkts:85,txPkts:2,rxBytes:15159,txBytes:372
04-24 12:10:27.385 1176 1176 I TrafficMonitor: start expired. level:-1
04-24 12:10:27.385 1176 1176 I TrafficMonitor: gettimer:interval=2000
04-24 12:10:27.391 1176 1392 D HWMultiGW: setGateWay 192.168.1.1
04-24 12:10:28.381 1176 1176 I TrafficMonitor: expired arrive. level:-1
04-24 12:10:28.382 1176 1176 I TrafficMonitor: during_ms:2002,period_ms:2000
04-24 12:10:28.382 1176 1176 I TrafficMonitor: count:977,rx_sum:85,tx_sum:2,rxBytes:15159,during_ms:2002,rx_speed:7571.928071928072,tx_speed:185.81418581418583,rto:42.5
04-24 12:10:28.382 1176 1176 D HuaweiWifiWatchdogStateMachine: speed: rxpkt:85, rxSpd:7571B/s, txpkt:2, txSpd:185
04-24 12:10:28.392 1176 1392 D HwArpVerifier: getGateWayARPResponses: arp rtt = 2
04-24 12:10:28.393 1176 1392 E HwCHRWifiRSSIGroupSummery: updatArpSummery mRSSI:-32 HwCHRWifiRSSIGroup [rssi_index=4, rtt_tcp_packets=0, rtt_tcp_duration=0, rtt_lan_duration=6679, rtt_lan_failures=0, rtt_lan_succ=312, rtt_lan_max=939, rtt_lan_min=2,same_area_frequency=0,adjacent_area_frequency=0]
04-24 12:10:28.454 1176 1392 D HwArpVerifier: There are 1 mac address for gateway
04-24 12:10:28.454 1176 1392 D HwArpVerifier: from HEART_CHECK transmit to state:HEART_CHECK
04-24 12:10:28.454 1176 1392 D HwArpVerifier: msg what=124 arg1(token)=25 arg2(mode)=0 delay=30000
04-24 12:10:28.455 1176 1392 D HwArpVerifier: performPollAndLog:
04-24 12:10:28.457 1176 1392 D hw_netstat: total/0/1116,com.jiansheng.blmn.demo/0/1116
04-24 12:10:29.387 1176 1176 I TrafficMonitor: update:rxPkts:79,txPkts:2,rxBytes:13833,txBytes:372
04-24 12:10:29.387 1176 1176 I TrafficMonitor: start expired. level:-1
04-24 12:10:29.387 1176 1176 I TrafficMonitor: gettimer:interval=2000
04-24 12:10:29.708 777 777 E : [E/capacity_limit_control] not demo version, not set power control prop!
04-24 12:10:29.827 1176 1338 D HwWifiStatStore: handleMessage : 200
04-24 12:10:29.945 679 679 E WifiHAL : enter wifi_get_link_stats
04-24 12:10:29.949 742 742 E wificond: Failed to get NL80211_RATE_INFO_NOISE
04-24 12:10:29.949 742 742 E wificond: Failed to get NL80211_RATE_INFO_SNR
04-24 12:10:29.949 742 742 E wificond: Failed to get NL80211_STA_INFO_CNAHLOAD
04-24 12:10:29.949 1176 1337 E WificondControl: Noise: 0, Snr: -1, Chload: -1
04-24 12:10:29.950 1176 1339 D HwWifiCHRStateManager: handleMessage : 1001
04-24 12:10:29.950 1176 1339 D HwWifiCHRStateManager: handleUpdateChannel:2412
04-24 12:10:29.950 1176 1339 V HwWifiServiceFactory: get AllImpl object = com.android.server.wifi.HwWifiServiceFactoryImpl@2205edc
04-24 12:10:29.951 1176 1337 D HwCustWifiStateMachineReferenceImpl: checkRssiOverThreshold newRssi = -33
04-24 12:10:29.952 1176 1337 D WifiScoreReport: Score = 100, wifiConnectivityManagerEnabled = false, lowScoreCount = 0
04-24 12:10:30.848 742 742 E wificond: Failed to get NL80211_RATE_INFO_NOISE
04-24 12:10:30.849 742 742 E wificond: Failed to get NL80211_RATE_INFO_SNR
04-24 12:10:30.849 742 742 E wificond: Failed to get NL80211_STA_INFO_CNAHLOAD
04-24 12:10:30.849 1176 1337 E WificondControl: Noise: 0, Snr: -1, Chload: -1
04-24 12:10:30.849 1176 1339 D HwWifiCHRStateManager: handleMessage : 1001
04-24 12:10:30.849 1176 1339 D HwWifiCHRStateManager: handleUpdateChannel:2412
04-24 12:10:30.849 1176 1339 V HwWifiServiceFactory: get AllImpl object = com.android.server.wifi.HwWifiServiceFactoryImpl@2205edc
04-24 12:10:30.851 742 742 E wificond: Failed to get NL80211_RATE_INFO_NOISE
04-24 12:10:30.851 742 742 E wificond: Failed to get NL80211_RATE_INFO_SNR
04-24 12:10:30.851 742 742 E wificond: Failed to get NL80211_STA_INFO_CNAHLOAD
04-24 12:10:30.852 1176 1406 D HuaweiWifiWatchdogStateMachine: LM mrssi=-33
04-24 12:10:30.852 1176 1406 D HuaweiWifiWatchdogStateMachine: a4:fa:**:**:eb:b0 current loss[-45]=0%, volume=7
04-24 12:10:30.852 1176 1406 D HuaweiWifiWatchdogStateMachine: a4:fa:**:**:eb:b0 history loss[-45]=0%, volume=13825308
04-24 12:10:30.852 1176 1406 I HuaweiWifiWatchdogStateMachine: spd good count:0, add sc:0.0, rate:1.0
04-24 12:10:30.852 1176 1406 I HuaweiWifiWatchdogStateMachine: current mHighDataFlowRate = 1.0
04-24 12:10:30.852 1176 1406 I HuaweiWifiWatchdogStateMachine: POta txb txg rxg:0, 40, 0. Lr =0% Totpkt=40
04-24 12:10:30.853 1176 1176 D WiFi_PRO: MSG_RETURN_AP_CURRY_RSSI rssi = -33
04-24 12:10:30.854 1176 1176 I QosMonitor: queryRtt: rtt_type = 3
04-24 12:10:30.854 1176 1176 I HwQoEJNI: send_cmd_kernel. begin
04-24 12:10:30.854 1176 1176 I HwQoEJNI: send_cmd_kernel. end
04-24 12:10:30.854 1176 1176 I QosMonitor: postEventFromNative: msg=100,arg1=4,arg2=10
04-24 12:10:30.854 1176 1176 I HwQoEJNI: send_cmd_kernel. begin
04-24 12:10:30.854 1176 1176 I HwQoEJNI: send_cmd_kernel. end
04-24 12:10:30.854 1176 1176 I QosMonitor: postEventFromNative: msg=100,arg1=0,arg2=10
04-24 12:10:30.855 1176 1176 D HuaweiWifiWatchdogStateMachine: setSampleRtt: unvalid rtt
04-24 12:10:30.855 1176 1176 I MQoS : rtt=400,tcp_tx_pkts=480852,tcp_rx_pkts=921363
04-24 12:10:30.855 1176 1406 D HuaweiWifiWatchdogStateMachine: dumpTcpResult: len=10,rtt=400,rttPkt=7,rttWn=76,cgt=0,cgtWn=0
04-24 12:10:30.855 1176 1406 I HuaweiWifiWatchdogStateMachine: PTcp RTT:0, rtt pkt=0, tcp_rx=0, tcp_tx=0, tcp_reTran=0, rtRate=0
04-24 12:10:30.855 1176 1406 D HuaweiWifiWatchdogStateMachine: mRssiBadCount =0, RSSI not bad.
04-24 12:10:30.855 1176 1406 D HuaweiWifiWatchdogStateMachine: detectNetworkAvailable:hw.wifipro.dns_fail_count = 131
04-24 12:10:30.855 1176 1406 D HuaweiWifiWatchdogStateMachine: bqeLevel = 2 rtt=0,rtt_pkts=0 speed=7571 rssi=-33
04-24 12:10:30.855 1176 1406 D HuaweiWifiWatchdogStateMachine: Enter updateQoeLevel level = 2
04-24 12:10:30.855 1176 1406 D HuaweiWifiWatchdogStateMachine: updateQoeLevel current level equal to mLastDetectLevel, return
04-24 12:10:30.855 1176 1406 D HuaweiWifiWatchdogStateMachine: did not have any network action
04-24 12:10:30.859 1176 3515 I MQoS : QOS_level:0(0),wifi-link;SIM error;use level-0
04-24 12:10:31.220 1176 6429 V BroadcastQueue: Finished with ordered broadcast BroadcastRecord{4e36606 u0 com.huawei.hwsystemmanager.power.SCHEDULE_RECORD_REMAING_TIME_SCENE}
04-24 12:10:31.225 1176 1333 D NetdConnector: SND -> {3852 bandwidth gettetherstats}
04-24 12:10:31.228 1176 6429 V BroadcastQueue: Finished with ordered broadcast BroadcastRecord{c4c8af4 u0 com.tencent.mm.TrafficStatsReceiver}
04-24 12:10:31.228 1176 1332 D NetdConnector: RCV <- {200 3852 Tethering stats list completed}
04-24 12:10:31.231 1176 1332 D NetdConnector: RCV <- {200 3852 Tethering stats list completed}
04-24 12:10:31.251 1176 1333 W NetworkStatsFactory: mStatsXtProcUid: /proc/net/comm/stats does not exist!
04-24 12:10:31.251 1176 1333 D HwNetworkStatsService: hwRecordUidAndProcSnapshotLocked currentTime = 1587701431206
04-24 12:10:31.267 1176 1333 I NetworkStatsFactory: javaReadNetworkStatsUidAndProcDetail. cost time = 16
04-24 12:10:31.298 1176 1333 D HwNetworkStatsService: hwMaybeUidAndProcPersistLocked currentTime = 1587701431206
04-24 12:10:31.305 1176 1333 D NetdConnector: SND -> {3853 bandwidth setglobalalert 2097152}
04-24 12:10:31.309 1176 1332 D NetdConnector: RCV <- {200 3853 Bandwidth command succeeeded}
04-24 12:10:31.314 1619 1989 E HSM : NatTrafficNotifyService:imsi is null, so return
04-24 12:10:31.315 1176 1333 V BroadcastQueue: Finished with ordered broadcast BroadcastRecord{8519663 u0 com.android.server.action.NETWORK_STATS_POLL}
04-24 12:10:31.388 1176 1176 I TrafficMonitor: update:rxPkts:78,txPkts:1,rxBytes:14129,txBytes:186
04-24 12:10:31.388 1176 1176 I TrafficMonitor: start expired. level:-1
04-24 12:10:31.388 1176 1176 I TrafficMonitor: gettimer:interval=2000
04-24 12:10:31.552 1176 1185 I zygote64: Background concurrent copying GC freed 527517(21MB) AllocSpace objects, 47(1388KB) LOS objects, 42% free, 31MB/54MB, paused 828us total 278.547ms
04-24 12:10:31.563 7754 7844 E AAudio : stream not closed, in state 3
04-24 12:10:31.564 7754 7844 D : TrackPlayerBase::~TrackPlayerBase()
04-24 12:10:31.564 7754 7844 D AudioTrack: stop() called with 6441600 frames delivered
04-24 12:10:31.565 719 939 D AudioFlinger: event 163
04-24 12:10:31.566 7754 7844 D : PlayerBase::~PlayerBase()
04-24 12:10:31.567 1729 1883 I AudioState: release session->not remove session id: 1689, uid : 10848 refCount : 1
04-24 12:10:31.567 1729 1883 I AudioState: not stop auido out because auido active pid: 7754 uid:10848
04-24 12:10:31.684 719 1024 I AudioMixer: Pid:719 deleteTrackName(0)
04-24 12:10:31.686 1729 1883 I DeviceMonitor: last release audio mix uid:10848 pid:-2
04-24 12:10:31.695 719 938 I APM_AudioPolicyManager: stopOutput() output 13, stream 3, session 1689
04-24 12:10:31.696 656 932 E baidu_asr_interface: asr_baidu_set_parameters_data-not baidu asr
04-24 12:10:31.697 719 938 D APM_AudioPolicyManager: event 165
04-24 12:10:31.697 719 938 V APM_AudioPolicyManager: setBeaconMute(1) mBeaconMuteRefCount=0 mBeaconPlayingRefCount=0
04-24 12:10:31.697 719 938 I APM_AudioPolicyManager: getNewOutputDevice() selected device 0
04-24 12:10:31.697 719 938 I APM_AudioPolicyManager: setOutputDevice() device 0x0000 delayMs 80 force 0
04-24 12:10:31.697 719 938 V APM_AudioPolicyManager: setOutputDevice() prevDevice 0x0002
04-24 12:10:31.698 719 938 I APM_AudioPolicyManager: setOutputDevice() setting same device 0x0000 or null device
04-24 12:10:31.698 719 938 I APM_AudioPolicyManager: checkOutputForStrategy() getDeviceForStrategy strategy=3 newDevice=2 oldDevice=2
04-24 12:10:31.698 719 938 V APM_AudioPolicyManager: selectOutputForMusicEffects selected output 13
04-24 12:10:31.698 719 938 V APM_AudioPolicyManager: releaseOutput() 13
04-24 12:10:31.698 1729 1883 I AudioState: remove already release session 1689 when stop , ref : 0
04-24 12:10:31.699 1729 1883 I PGServer: report state:2 event type:2 pid:7754 uid:10848 pkg:null to pid: 1176
04-24 12:10:31.699 1729 1883 I PGServer: report state:2 event type:2 pid:7754 uid:10848 pkg:null to pid: 1729
04-24 12:10:31.699 1729 1883 D AudioState: auido type:out state:stop pid:7754 uid:10848
04-24 12:10:32.014 741 741 E Thermal-daemon: [charger_ic] temp_new :42 temp_old :43
04-24 12:10:32.014 1729 27267 I ThermalService: Receive temperature change, type: 2, temp: 42 from thermald
04-24 12:10:32.014 1729 2560 D HwThermalStateManager: Thermal type: 2 cur_temperature:42
04-24 12:10:32.014 741 741 E Thermal-daemon: Report temperature: [charger_ic] temp :42 report_threshold:1
04-24 12:10:32.014 1729 2560 W HwThermalStateManager: warning: no config thermal type:2 temperature:42
04-24 12:10:32.831 1176 1338 D HwWifiStatStore: handleMessage : 200
04-24 12:10:32.955 679 679 E WifiHAL : enter wifi_get_link_stats
04-24 12:10:32.959 742 742 E wificond: Failed to get NL80211_RATE_INFO_NOISE
04-24 12:10:32.959 742 742 E wificond: Failed to get NL80211_RATE_INFO_SNR
04-24 12:10:32.959 742 742 E wificond: Failed to get NL80211_STA_INFO_CNAHLOAD
04-24 12:10:32.960 1176 1337 E WificondControl: Noise: 0, Snr: -1, Chload: -1
04-24 12:10:32.960 1176 1339 D HwWifiCHRStateManager: handleMessage : 1001
04-24 12:10:32.960 1176 1339 D HwWifiCHRStateManager: handleUpdateChannel:2412
04-24 12:10:32.960 1176 1339 V HwWifiServiceFactory: get AllImpl object = com.android.server.wifi.HwWifiServiceFactoryImpl@2205edc
04-24 12:10:32.961 1176 1337 D HwCustWifiStateMachineReferenceImpl: checkRssiOverThreshold newRssi = -33
04-24 12:10:32.961 1176 1337 D WifiScoreReport: Score = 100, wifiConnectivityManagerEnabled = false, lowScoreCount = 0
04-24 12:10:33.389 1176 1176 I TrafficMonitor: update:rxPkts:78,txPkts:2,rxBytes:13899,txBytes:372
04-24 12:10:33.389 1176 1176 I TrafficMonitor: start expired. level:-1
04-24 12:10:33.389 1176 1176 I TrafficMonitor: gettimer:interval=2000
04-24 12:10:33.461 1176 1392 D HwArpVerifier: performPollAndLog:
04-24 12:10:33.463 1176 1392 D hw_netstat: total/328/744,com.jiansheng.blmn.demo/0/744,unknown:0/328/0
04-24 12:10:34.388 1176 1176 I TrafficMonitor: expired arrive. level:-1
04-24 12:10:34.388 1176 1176 I TrafficMonitor: during_ms:2002,period_ms:2000
04-24 12:10:34.388 1176 1176 I TrafficMonitor: count:980,rx_sum:78,tx_sum:2,rxBytes:13899,during_ms:2002,rx_speed:6942.557442557443,tx_speed:185.81418581418583,rto:39.0
04-24 12:10:34.388 1176 1176 D HuaweiWifiWatchdogStateMachine: speed: rxpkt:78, rxSpd:6942B/s, txpkt:2, txSpd:185
04-24 12:10:34.564 656 932 I audio_hw_primary: do_out_standby standby: 0, stream_type: 0, out_device: 0x2
04-24 12:10:34.581 656 932 I audio_hw_primary: select_devices++ mode[0]
04-24 12:10:34.581 656 932 I audio_hw_primary: input_source_id 0, output_device_id 0
04-24 12:10:34.581 656 932 I audio_hw_primary: select_devices() devices 0x2 input src 0 output route none input route none in_device 0
04-24 12:10:34.582 656 932 I dsp_common: dsp_common_control_algo:set device = 0
04-24 12:10:34.691 656 932 I audio_pop: pop change SMT_MIXOUT_HSLR_PD MIXER DACLR dir 0
04-24 12:10:34.692 656 932 I audio_pop: pop change HS_DAC_SEL_VIR SWITCH DAC dir 0
04-24 12:10:34.692 656 932 I audio_pop: pop change SMT_SIF_EN MIXER SIF_HSLR_EN dir 0
04-24 12:10:34.694 656 932 I dsp_common: dsp_common_control_algo:set device = 0
04-24 12:10:34.695 656 932 I audio_hw_primary: select_devices--
04-24 12:10:34.711 777 777 E : [E/capacity_limit_control] not demo version, not set power control prop!
04-24 12:10:35.390 1176 1176 I TrafficMonitor: update:rxPkts:85,txPkts:2,rxBytes:13942,txBytes:372
04-24 12:10:35.390 1176 1176 I TrafficMonitor: start expired. level:-1
04-24 12:10:35.391 1176 1176 I TrafficMonitor: gettimer:interval=2000
04-24 12:10:35.836 1176 1338 D HwWifiStatStore: handleMessage : 200
04-24 12:10:35.965 679 679 E WifiHAL : enter wifi_get_link_stats
04-24 12:10:35.968 742 742 E wificond: Failed to get NL80211_RATE_INFO_NOISE
04-24 12:10:35.969 742 742 E wificond: Failed to get NL80211_RATE_INFO_SNR
04-24 12:10:35.969 742 742 E wificond: Failed to get NL80211_STA_INFO_CNAHLOAD
04-24 12:10:35.969 1176 1337 E WificondControl: Noise: 0, Snr: -1, Chload: -1
04-24 12:10:35.969 1176 1339 D HwWifiCHRStateManager: handleMessage : 1001
04-24 12:10:35.970 1176 1339 D HwWifiCHRStateManager: handleUpdateChannel:2412
04-24 12:10:35.970 1176 1339 V HwWifiServiceFactory: get AllImpl object = com.android.server.wifi.HwWifiServiceFactoryImpl@2205edc
04-24 12:10:35.970 1176 1337 D HwCustWifiStateMachineReferenceImpl: checkRssiOverThreshold newRssi = -25
04-24 12:10:35.971 1176 1337 D WifiScoreReport: Score = 100, wifiConnectivityManagerEnabled = false, lowScoreCount = 0
04-24 12:10:37.015 741 741 E Thermal-daemon: [shell_temp] temp_new :36 temp_old :35
04-24 12:10:37.016 1729 27267 I ThermalService: Receive temperature change, type: 22, temp: 36 from thermald
04-24 12:10:37.016 1729 27267 I ThermalTrace_ThermalRaise: Shell:34,35,36,currentBatteryTemp:34
04-24 12:10:37.016 741 741 E Thermal-daemon: Report temperature: [shell_temp] temp :36 report_threshold:1
04-24 12:10:37.018 741 741 E Thermal-daemon: [charger_ic] temp_new :41 temp_old :42
04-24 12:10:37.018 1729 27267 I ThermalService: Receive temperature change, type: 2, temp: 41 from thermald
04-24 12:10:37.019 741 741 E Thermal-daemon: Report temperature: [charger_ic] temp :41 report_threshold:1
04-24 12:10:37.019 1729 2560 D HwThermalStateManager: Thermal type: 2 cur_temperature:41
04-24 12:10:37.019 1729 2560 W HwThermalStateManager: warning: no config thermal type:2 temperature:41
04-24 12:10:37.391 1176 1176 I TrafficMonitor: update:rxPkts:60,txPkts:2,rxBytes:10725,txBytes:372
04-24 12:10:37.391 1176 1176 I TrafficMonitor: start expired. level:-1
04-24 12:10:37.392 1176 1176 I TrafficMonitor: gettimer:interval=2000
04-24 12:10:38.468 1176 1392 D HwArpVerifier: performPollAndLog:
04-24 12:10:38.472 1176 1392 D hw_netstat: total/328/930,com.jiansheng.blmn.demo/0/930,unknown:0/328/0
04-24 12:10:38.841 1176 1338 D HwWifiStatStore: handleMessage : 200
04-24 12:10:38.859 742 742 E wificond: Failed to get NL80211_RATE_INFO_NOISE
04-24 12:10:38.859 742 742 E wificond: Failed to get NL80211_RATE_INFO_SNR
04-24 12:10:38.859 742 742 E wificond: Failed to get NL80211_STA_INFO_CNAHLOAD
04-24 12:10:38.859 1176 1337 E WificondControl: Noise: 0, Snr: -1, Chload: -1
04-24 12:10:38.859 1176 1339 D HwWifiCHRStateManager: handleMessage : 1001
04-24 12:10:38.859 1176 1339 D HwWifiCHRStateManager: handleUpdateChannel:2412
04-24 12:10:38.860 1176 1339 V HwWifiServiceFactory: get AllImpl object = com.android.server.wifi.HwWifiServiceFactoryImpl@2205edc
04-24 12:10:38.861 742 742 E wificond: Failed to get NL80211_RATE_INFO_NOISE
04-24 12:10:38.861 742 742 E wificond: Failed to get NL80211_RATE_INFO_SNR
04-24 12:10:38.861 742 742 E wificond: Failed to get NL80211_STA_INFO_CNAHLOAD
04-24 12:10:38.862 1176 1406 D HuaweiWifiWatchdogStateMachine: LM mrssi=-26
04-24 12:10:38.862 1176 1406 D HuaweiWifiWatchdogStateMachine: a4:fa:**:**:eb:b0 current loss[-45]=0%, volume=8
04-24 12:10:38.862 1176 1406 D HuaweiWifiWatchdogStateMachine: a4:fa:**:**:eb:b0 history loss[-45]=0%, volume=13825316
04-24 12:10:38.862 1176 1406 I HuaweiWifiWatchdogStateMachine: spd good count:0, add sc:0.0, rate:1.0
04-24 12:10:38.862 1176 1406 I HuaweiWifiWatchdogStateMachine: current mHighDataFlowRate = 1.0
04-24 12:10:38.862 1176 1406 I HuaweiWifiWatchdogStateMachine: POta txb txg rxg:0, 48, 0. Lr =0% Totpkt=48
04-24 12:10:38.862 1176 1176 D WiFi_PRO: MSG_RETURN_AP_CURRY_RSSI rssi = -26
04-24 12:10:38.863 1176 1176 I QosMonitor: queryRtt: rtt_type = 3
04-24 12:10:38.863 1176 1176 I HwQoEJNI: send_cmd_kernel. begin
04-24 12:10:38.863 1176 1176 I HwQoEJNI: send_cmd_kernel. end
04-24 12:10:38.863 1176 1176 I QosMonitor: postEventFromNative: msg=100,arg1=4,arg2=10
04-24 12:10:38.863 1176 1176 I HwQoEJNI: send_cmd_kernel. begin
04-24 12:10:38.863 1176 1176 I HwQoEJNI: send_cmd_kernel. end
04-24 12:10:38.863 1176 1176 I QosMonitor: postEventFromNative: msg=100,arg1=0,arg2=10
04-24 12:10:38.863 1176 1176 D HuaweiWifiWatchdogStateMachine: setSampleRtt: unvalid rtt
04-24 12:10:38.863 1176 1176 I MQoS : rtt=400,tcp_tx_pkts=480852,tcp_rx_pkts=921363
04-24 12:10:38.866 1176 1406 D HuaweiWifiWatchdogStateMachine: dumpTcpResult: len=10,rtt=400,rttPkt=7,rttWn=84,cgt=0,cgtWn=0
04-24 12:10:38.866 1176 1406 I HuaweiWifiWatchdogStateMachine: PTcp RTT:0, rtt pkt=0, tcp_rx=0, tcp_tx=0, tcp_reTran=0, rtRate=0
04-24 12:10:38.867 1176 1406 D HuaweiWifiWatchdogStateMachine: mRssiBadCount =0, RSSI not bad.
04-24 12:10:38.867 1176 1406 D HuaweiWifiWatchdogStateMachine: detectNetworkAvailable:hw.wifipro.dns_fail_count = 131
04-24 12:10:38.867 1176 1406 D HuaweiWifiWatchdogStateMachine: bqeLevel = 2 rtt=0,rtt_pkts=0 speed=7571 rssi=-26
04-24 12:10:38.867 1176 1406 D HuaweiWifiWatchdogStateMachine: Enter updateQoeLevel level = 2
04-24 12:10:38.867 1176 1406 D HuaweiWifiWatchdogStateMachine: updateQoeLevel current level equal to mLastDetectLevel, return
04-24 12:10:38.867 1176 1406 D HuaweiWifiWatchdogStateMachine: did not have any network action
04-24 12:10:38.868 1176 3515 I MQoS : QOS_level:0(0),wifi-link;SIM error;use level-0
04-24 12:10:38.971 679 679 E WifiHAL : enter wifi_get_link_stats
04-24 12:10:38.972 742 742 E wificond: Failed to get NL80211_RATE_INFO_NOISE
04-24 12:10:38.972 742 742 E wificond: Failed to get NL80211_RATE_INFO_SNR
04-24 12:10:38.972 742 742 E wificond: Failed to get NL80211_STA_INFO_CNAHLOAD
04-24 12:10:38.973 1176 1337 E WificondControl: Noise: 0, Snr: -1, Chload: -1
04-24 12:10:38.973 1176 1339 D HwWifiCHRStateManager: handleMessage : 1001
04-24 12:10:38.973 1176 1339 D HwWifiCHRStateManager: handleUpdateChannel:2412
04-24 12:10:38.973 1176 1339 V HwWifiServiceFactory: get AllImpl object = com.android.server.wifi.HwWifiServiceFactoryImpl@2205edc
04-24 12:10:38.974 1176 1337 D HwCustWifiStateMachineReferenceImpl: checkRssiOverThreshold newRssi = -26
04-24 12:10:38.974 1176 1337 D WifiScoreReport: Score = 100, wifiConnectivityManagerEnabled = false, lowScoreCount = 0
04-24 12:10:39.392 1176 1176 I TrafficMonitor: update:rxPkts:75,txPkts:1,rxBytes:13471,txBytes:186
04-24 12:10:39.392 1176 1176 I TrafficMonitor: start expired. level:-1
04-24 12:10:39.392 1176 1176 I TrafficMonitor: gettimer:interval=2000
04-24 12:10:39.720 777 777 E : [E/capacity_limit_control] not demo version, not set power control prop!
04-24 12:10:40.391 1176 1176 I TrafficMonitor: expired arrive. level:-1
04-24 12:10:40.391 1176 1176 I TrafficMonitor: during_ms:2001,period_ms:2000
04-24 12:10:40.391 1176 1176 I TrafficMonitor: count:983,rx_sum:75,tx_sum:1,rxBytes:13471,during_ms:2001,rx_speed:6732.133933033484,tx_speed:92.95352323838081,rto:75.0
04-24 12:10:40.391 1176 1176 D HuaweiWifiWatchdogStateMachine: speed: rxpkt:75, rxSpd:6732B/s, txpkt:1, txSpd:92
04-24 12:10:41.395 1176 1176 I TrafficMonitor: update:rxPkts:87,txPkts:2,rxBytes:14131,txBytes:372
04-24 12:10:41.395 1176 1176 I TrafficMonitor: start expired. level:-1
04-24 12:10:41.395 1176 1176 I TrafficMonitor: gettimer:interval=2000
04-24 12:10:41.603 677 677 D SensorHub: Get acc data -0.268151, 0.057461, 9.385271
04-24 12:10:41.846 1176 1338 D HwWifiStatStore: handleMessage : 200
04-24 12:10:41.978 679 679 E WifiHAL : enter wifi_get_link_stats
04-24 12:10:41.982 742 742 E wificond: Failed to get NL80211_RATE_INFO_NOISE
04-24 12:10:41.982 742 742 E wificond: Failed to get NL80211_RATE_INFO_SNR
04-24 12:10:41.982 742 742 E wificond: Failed to get NL80211_STA_INFO_CNAHLOAD
04-24 12:10:41.983 1176 1337 E WificondControl: Noise: 0, Snr: -1, Chload: -1
04-24 12:10:41.983 1176 1339 D HwWifiCHRStateManager: handleMessage : 1001
04-24 12:10:41.983 1176 1339 D HwWifiCHRStateManager: handleUpdateChannel:2412
04-24 12:10:41.983 1176 1339 V HwWifiServiceFactory: get AllImpl object = com.android.server.wifi.HwWifiServiceFactoryImpl@2205edc
04-24 12:10:41.984 1176 1337 D HwCustWifiStateMachineReferenceImpl: checkRssiOverThreshold newRssi = -25
04-24 12:10:41.985 1176 1337 D WifiScoreReport: Score = 100, wifiConnectivityManagerEnabled = false, lowScoreCount = 0
04-24 12:10:42.021 741 741 E Thermal-daemon: [charger_ic] temp_new :40 temp_old :41
04-24 12:10:42.022 1729 27267 I ThermalService: Receive temperature change, type: 2, temp: 40 from thermald
04-24 12:10:42.022 741 741 E Thermal-daemon: Report temperature: [charger_ic] temp :40 report_threshold:1
04-24 12:10:42.022 1729 2560 D HwThermalStateManager: Thermal type: 2 cur_temperature:40
04-24 12:10:42.022 1729 2560 W HwThermalStateManager: warning: no config thermal type:2 temperature:40
04-24 12:10:43.396 1176 1176 I TrafficMonitor: update:rxPkts:84,txPkts:2,rxBytes:15134,txBytes:372
04-24 12:10:43.396 1176 1176 I TrafficMonitor: start expired. level:-1
04-24 12:10:43.396 1176 1176 I TrafficMonitor: gettimer:interval=2000
04-24 12:10:43.475 1176 1392 D HwArpVerifier: performPollAndLog:
04-24 12:10:43.477 1176 1392 D hw_netstat: total/36/744,com.jiansheng.blmn.demo/0/744,unknown:0/36/0
04-24 12:10:44.728 777 777 E : [E/capacity_limit_control] not demo version, not set power control prop!
04-24 12:10:44.851 1176 1338 D HwWifiStatStore: handleMessage : 200
04-24 12:10:44.989 679 679 E WifiHAL : enter wifi_get_link_stats
04-24 12:10:44.993 742 742 E wificond: Failed to get NL80211_RATE_INFO_NOISE
04-24 12:10:44.993 742 742 E wificond: Failed to get NL80211_RATE_INFO_SNR
04-24 12:10:44.993 742 742 E wificond: Failed to get NL80211_STA_INFO_CNAHLOAD
04-24 12:10:44.993 1176 1337 E WificondControl: Noise: 0, Snr: -1, Chload: -1
04-24 12:10:44.994 1176 1339 D HwWifiCHRStateManager: handleMessage : 1001
04-24 12:10:44.994 1176 1339 D HwWifiCHRStateManager: handleUpdateChannel:2412
04-24 12:10:44.994 1176 1339 V HwWifiServiceFactory: get AllImpl object = com.android.server.wifi.HwWifiServiceFactoryImpl@2205edc
04-24 12:10:44.994 1176 1337 D HwCustWifiStateMachineReferenceImpl: checkRssiOverThreshold newRssi = -26
04-24 12:10:44.995 1176 1337 D WifiScoreReport: Score = 100, wifiConnectivityManagerEnabled = false, lowScoreCount = 0
04-24 12:10:45.075 1176 1176 D HwInnerWifiManagerImpl: SupplicantState = COMPLETED
04-24 12:10:45.075 1176 1176 D HwInnerWifiManagerImpl: isPhoneAP = false
04-24 12:10:45.076 1176 1176 D HwInnerWifiManagerImpl: SupplicantState = COMPLETED
04-24 12:10:45.076 1176 1176 D HwInnerWifiManagerImpl: isPhoneAP = false
04-24 12:10:45.076 1176 1176 D WifiStateMachine: mBcastReceiver: PluggedType = 2 mIsScanCtrlPluggedin = true
04-24 12:10:45.076 1176 1176 D HwWifiService: mPluggedType =2
04-24 12:10:45.076 1176 1176 D WifiService: onReceive, action:android.intent.action.BATTERY_CHANGED
04-24 12:10:45.076 1176 1176 D WifiService: ACTION_BATTERY_CHANGED pluggedType: 2
04-24 12:10:45.078 1463 1463 D KeyguardUpdateMonitor: received broadcast android.intent.action.BATTERY_CHANGED
04-24 12:10:45.078 1463 1463 W KeyguardUpdateMonitor: ACTION_BATTERY_CHANGED AMP: 500000; Volt: 5000000
04-24 12:10:45.078 5515 5671 E CloudAlbum[8.1.2.309]: [ReceiverManager] not log on ignore
04-24 12:10:45.079 1729 1729 I MsgReceiver: intent action: android.intent.action.BATTERY_CHANGED
04-24 12:10:45.079 1463 1463 V KeyguardUpdateMonitor: RefreshBatteryInfo isBatteryLow: 70
04-24 12:10:45.079 1463 1463 W KeyguardUpdateMonitor: ChargingSpeed Wattage: 2500000 ST: 5000000 --> 7500000
04-24 12:10:45.079 1463 1463 I KgBattery: BatteryInfo updated: 2lPc0
04-24 12:10:45.079 1463 1463 W AppHandler: sendMessage with obj100
04-24 12:10:45.079 1463 1463 D KeyguardUpdateMonitor: handleBatteryUpdate
04-24 12:10:45.079 1463 1463 W HwLockScreenPanel: Handle message: 100
04-24 12:10:45.080 1463 1463 W HwKeyguardBottomArea: updateBatteryInfo : false true
04-24 12:10:45.080 1463 1463 W KgBattery: getCharge info with type: text
04-24 12:10:45.082 1463 1463 W HwLockScreenPanel: refreshBatteryInfo: null
04-24 12:10:45.398 1176 1176 I TrafficMonitor: update:rxPkts:86,txPkts:2,rxBytes:16376,txBytes:372
04-24 12:10:45.398 1176 1176 I TrafficMonitor: start expired. level:-1
04-24 12:10:45.399 1176 1176 I TrafficMonitor: gettimer:interval=2000
04-24 12:10:46.396 1176 1176 I TrafficMonitor: expired arrive. level:-1
04-24 12:10:46.396 1176 1176 I TrafficMonitor: during_ms:2002,period_ms:2000
04-24 12:10:46.396 1176 1176 I TrafficMonitor: count:986,rx_sum:86,tx_sum:2,rxBytes:16376,during_ms:2002,rx_speed:8179.820179820181,tx_speed:185.81418581418583,rto:43.0
04-24 12:10:46.396 1176 1176 D HuaweiWifiWatchdogStateMachine: speed: rxpkt:86, rxSpd:8179B/s, txpkt:2, txSpd:185
04-24 12:10:46.517 1176 1204 D SmartcareProc: onSignalStrengthsChanged: signalStrength is: SignalStrength: 99 -1 0 0 -66 -98 32767 -1 32767 99 0 0 0 2147483647 0 -1 true cdma , on sub: 1
04-24 12:10:46.517 1176 1204 D SmartcareProc: SignalStrength update result, ss: SignalStrengthInfo:68043809 mGsmSignalStrength: -1 mWcdmaRscp: -1 mWcdmaEcio: -1 mLteRsrp: -1 mLteRsrq: -1 mCdmaDbm: -66 mCdmaEcio: -98 mEvdoDbm: 32767mEvdoEcio: -1mLteRssnr: -1
04-24 12:10:46.517 1176 1176 I MQoS : onSignal: mSubId=1,currDataSubID=1
04-24 12:10:46.517 1176 1176 I MQoS : received cell-signal:5
04-24 12:10:46.866 742 742 E wificond: Failed to get NL80211_RATE_INFO_NOISE
04-24 12:10:46.866 742 742 E wificond: Failed to get NL80211_RATE_INFO_SNR
04-24 12:10:46.866 742 742 E wificond: Failed to get NL80211_STA_INFO_CNAHLOAD
04-24 12:10:46.868 1176 1337 E WificondControl: Noise: 0, Snr: -1, Chload: -1
04-24 12:10:46.868 1176 1339 D HwWifiCHRStateManager: handleMessage : 1001
04-24 12:10:46.868 1176 1339 D HwWifiCHRStateManager: handleUpdateChannel:2412
04-24 12:10:46.868 1176 1339 V HwWifiServiceFactory: get AllImpl object = com.android.server.wifi.HwWifiServiceFactoryImpl@2205edc
04-24 12:10:46.869 742 742 E wificond: Failed to get NL80211_RATE_INFO_NOISE
04-24 12:10:46.869 742 742 E wificond: Failed to get NL80211_RATE_INFO_SNR
04-24 12:10:46.869 742 742 E wificond: Failed to get NL80211_STA_INFO_CNAHLOAD
04-24 12:10:46.870 1176 1406 D HuaweiWifiWatchdogStateMachine: LM mrssi=-26
04-24 12:10:46.870 1176 1406 D HuaweiWifiWatchdogStateMachine: a4:fa:**:**:eb:b0 current loss[-45]=0%, volume=7
04-24 12:10:46.870 1176 1406 D HuaweiWifiWatchdogStateMachine: a4:fa:**:**:eb:b0 history loss[-45]=0%, volume=13825323
04-24 12:10:46.871 1176 1406 I HuaweiWifiWatchdogStateMachine: spd good count:0, add sc:0.0, rate:1.0
04-24 12:10:46.871 1176 1406 D HuaweiWifiWatchdogStateMachine: high data flow: protection_counter = 0, not_detect_counter = 303
04-24 12:10:46.871 1176 1406 D HuaweiWifiWatchdogStateMachine: high data flow scenario: 0 --> 0 rx bytes =211KB
04-24 12:10:46.871 1176 1406 I HuaweiWifiWatchdogStateMachine: current mHighDataFlowRate = 1.0
04-24 12:10:46.871 1176 1406 I HuaweiWifiWatchdogStateMachine: POta txb txg rxg:0, 55, 0. Lr =0% Totpkt=55
04-24 12:10:46.872 1176 1176 D WiFi_PRO: MSG_RETURN_AP_CURRY_RSSI rssi = -26
04-24 12:10:46.873 1176 1176 I QosMonitor: queryRtt: rtt_type = 3
04-24 12:10:46.873 1176 1176 I HwQoEJNI: send_cmd_kernel. begin
04-24 12:10:46.874 1176 1176 I HwQoEJNI: send_cmd_kernel. end
04-24 12:10:46.874 1176 1176 I QosMonitor: postEventFromNative: msg=100,arg1=4,arg2=10
04-24 12:10:46.874 1176 1176 I HwQoEJNI: send_cmd_kernel. begin
04-24 12:10:46.875 1176 1176 I HwQoEJNI: send_cmd_kernel. end
04-24 12:10:46.875 1176 1176 I QosMonitor: postEventFromNative: msg=100,arg1=0,arg2=10
04-24 12:10:46.875 1176 1176 D HuaweiWifiWatchdogStateMachine: setSampleRtt: unvalid rtt
04-24 12:10:46.875 1176 1176 I MQoS : rtt=400,tcp_tx_pkts=480852,tcp_rx_pkts=921363
04-24 12:10:46.876 1176 1406 D HuaweiWifiWatchdogStateMachine: dumpTcpResult: len=10,rtt=400,rttPkt=7,rttWn=92,cgt=0,cgtWn=0
04-24 12:10:46.876 1176 1406 I HuaweiWifiWatchdogStateMachine: PTcp RTT:0, rtt pkt=0, tcp_rx=0, tcp_tx=0, tcp_reTran=0, rtRate=0
04-24 12:10:46.876 1176 1406 D HuaweiWifiWatchdogStateMachine: mRssiBadCount =0, RSSI not bad.
04-24 12:10:46.876 1176 1406 D HuaweiWifiWatchdogStateMachine: detectNetworkAvailable:hw.wifipro.dns_fail_count = 131
04-24 12:10:46.876 1176 1406 D HuaweiWifiWatchdogStateMachine: bqeLevel = 2 rtt=0,rtt_pkts=0 speed=8179 rssi=-26
04-24 12:10:46.876 1176 1406 D HuaweiWifiWatchdogStateMachine: Enter updateQoeLevel level = 2
04-24 12:10:46.876 1176 1406 D HuaweiWifiWatchdogStateMachine: updateQoeLevel current level equal to mLastDetectLevel, return
04-24 12:10:46.876 1176 1406 D HuaweiWifiWatchdogStateMachine: did not have any network action
04-24 12:10:46.879 1176 3515 I MQoS : QOS_level:0(0),wifi-link;SIM error;use level-0
04-24 12:10:47.401 1176 1176 I TrafficMonitor: update:rxPkts:90,txPkts:1,rxBytes:15805,txBytes:186
04-24 12:10:47.401 1176 1176 I TrafficMonitor: start expired. level:-1
04-24 12:10:47.401 1176 1176 I TrafficMonitor: gettimer:interval=2000
04-24 12:10:47.855 1176 1338 D HwWifiStatStore: handleMessage : 200
04-24 12:10:47.996 679 679 E WifiHAL : enter wifi_get_link_stats
04-24 12:10:48.001 742 742 E wificond: Failed to get NL80211_RATE_INFO_NOISE
04-24 12:10:48.001 742 742 E wificond: Failed to get NL80211_RATE_INFO_SNR
04-24 12:10:48.001 742 742 E wificond: Failed to get NL80211_STA_INFO_CNAHLOAD
04-24 12:10:48.001 1176 1337 E WificondControl: Noise: 0, Snr: -1, Chload: -1
04-24 12:10:48.002 1176 1339 D HwWifiCHRStateManager: handleMessage : 1001
04-24 12:10:48.002 1176 1339 D HwWifiCHRStateManager: handleUpdateChannel:2412
04-24 12:10:48.002 1176 1339 V HwWifiServiceFactory: get AllImpl object = com.android.server.wifi.HwWifiServiceFactoryImpl@2205edc
04-24 12:10:48.004 1176 1337 D HwCustWifiStateMachineReferenceImpl: checkRssiOverThreshold newRssi = -28
04-24 12:10:48.004 1176 1337 D WifiScoreReport: Score = 100, wifiConnectivityManagerEnabled = false, lowScoreCount = 0
04-24 12:10:48.479 1176 1392 D HwArpVerifier: performPollAndLog:
04-24 12:10:48.482 1176 1392 D hw_netstat: total/0/744,com.jiansheng.blmn.demo/0/744
04-24 12:10:49.090 1176 1392 D HwArpVerifier: getIpRouteTable
04-24 12:10:49.167 1176 1392 D HwArpVerifier: Notify wifi default route is ok
04-24 12:10:49.188 1176 1589 W Watchdog: hungtask: writing kick
04-24 12:10:49.188 1176 1202 I EventHub: EventHub monitor: no key events in the past 6062s, no motion events in the past 160s
04-24 12:10:49.402 1176 1176 I TrafficMonitor: update:rxPkts:73,txPkts:2,rxBytes:12957,txBytes:372
04-24 12:10:49.402 1176 1176 I TrafficMonitor: start expired. level:-1
04-24 12:10:49.402 1176 1176 I TrafficMonitor: gettimer:interval=2000
04-24 12:10:49.735 777 777 E : [E/capacity_limit_control] not demo version, not set power control prop!
04-24 12:10:49.769 1176 1288 D HwBatteryService: onUEvent fcpStatus = 0,scpStatus =0,ovpStatus=0
04-24 12:10:49.769 1176 1288 I UsbDeviceManager: water_intrused state= 0
04-24 12:10:50.529 1176 1302 W AlarmManager: mIsScreenOn is: true, WAKEUP alarm trigger action = com.huawei.push.alarm.HEARTBEAT package name is: android
04-24 12:10:50.543 4414 4414 I PushLog2955: [main-1]action is com.huawei.push.alarm.HEARTBEAT(android/:307)
04-24 12:10:50.545 4414 4414 I PushLog2955: [main-1]dispatchIntent over(android/:210)
04-24 12:10:50.545 4414 4431 I PushLog2955: [ReceiverDispatcher-277]com.huawei.push.alarm.HEARTBEAT alarm trigger, expectTriggerTime:0, current trigger time:1587701450545(android/:78)
04-24 12:10:50.545 1176 11623 V BroadcastQueue: Finished with ordered broadcast BroadcastRecord{17b2fde u0 com.huawei.push.alarm.HEARTBEAT}
04-24 12:10:50.546 4414 4431 I PushLog2955: [ReceiverDispatcher-277]heartbeatArrive(android/:140)
04-24 12:10:50.550 4414 4431 I PushLog2955: [ReceiverDispatcher-277]heartbeatArrive, send heart beat(android/:147)
04-24 12:10:50.553 4414 4431 I PushLog2955: [ReceiverDispatcher-277]not support bastet in wifi(android/:101)
04-24 12:10:50.554 4414 4431 I PushLog2955: [ReceiverDispatcher-277]init push bastet failed!(android/:81)
04-24 12:10:50.557 4414 4431 I PushLog2955: [ReceiverDispatcher-277] get charing (android/:840)
04-24 12:10:50.558 4414 4431 I PushLog2955: [ReceiverDispatcher-277] get charing false(android/:842)
04-24 12:10:50.558 4414 4431 I PushLog2955: [ReceiverDispatcher-277]set HEARTBEAT_RSP_TIMEOUT Alarm(android/:364)
04-24 12:10:50.558 4414 4431 I PushLog2955: [ReceiverDispatcher-277]enter AlarmTools:setExactAlarm(intent:Intent { act=com.huawei.android.push.intent.HEARTBEAT_RSP_TIMEOUT pkg=android } interval:10000ms(android/:24)
04-24 12:10:50.558 4414 4431 I PushLog2955: [ReceiverDispatcher-277]setExactAlarm expectTriggerTime:1587701460558(android/:27)
04-24 12:10:50.560 4414 4431 I PushLog2955: [ReceiverDispatcher-277]next Heartbeat timeout for push server is:5.0(android/:374)
04-24 12:10:50.560 4414 4431 I PushLog2955: [ReceiverDispatcher-277]process cmdid to send to pushSrv:DA, subCmdId:FF(android/:106)
04-24 12:10:50.561 4414 4431 I PushLog2955: [ReceiverDispatcher-277]send msg to remote srv success(android/:110)
04-24 12:10:50.598 4414 23368 I PushLog2955: [SocketRead_07:00:12-666]process cmdid to receive from pushSrv:DB, subCmdId:FF(android/:269)
04-24 12:10:50.600 4414 23368 I PushLog2955: [SocketRead_07:00:12-666]enter adjustHeartBeat:(findHeartBeat:true,isHearBeatTimeReq:true,RspTimeOut:false,beatInterval:300000,bestHBSuccessCount:0,range:[180000,300000])(android/:120)
04-24 12:10:50.600 4414 23368 I PushLog2955: [SocketRead_07:00:12-666]judgeFindBestHB and isBestHBTimeOut: falseisOffset: false(android/:170)
04-24 12:10:50.601 4414 23368 I PushLog2955: [SocketRead_07:00:12-666]after delayHeartBeatReq, nextHeartBeatTime, will be [300000,300000] ms later(android/:501)
04-24 12:10:50.604 4414 23368 I PushLog2955: [SocketRead_07:00:12-666]dispatchIntent over(android/:210)
04-24 12:10:50.605 4414 4431 I PushLog2955: [ReceiverDispatcher-277]com.huawei.android.push.intent.MSG_RECEIVED alarm trigger, expectTriggerTime:0, current trigger time:1587701450605(android/:78)
04-24 12:10:50.860 1176 1338 D HwWifiStatStore: handleMessage : 200
04-24 12:10:51.005 679 679 E WifiHAL : enter wifi_get_link_stats
04-24 12:10:51.009 742 742 E wificond: Failed to get NL80211_RATE_INFO_NOISE
04-24 12:10:51.010 742 742 E wificond: Failed to get NL80211_RATE_INFO_SNR
04-24 12:10:51.010 742 742 E wificond: Failed to get NL80211_STA_INFO_CNAHLOAD
04-24 12:10:51.010 1176 1337 E WificondControl: Noise: 0, Snr: -1, Chload: -1
04-24 12:10:51.011 1176 1339 D HwWifiCHRStateManager: handleMessage : 1001
04-24 12:10:51.012 1176 1339 D HwWifiCHRStateManager: handleUpdateChannel:2412
04-24 12:10:51.012 1176 1339 V HwWifiServiceFactory: get AllImpl object = com.android.server.wifi.HwWifiServiceFactoryImpl@2205edc
04-24 12:10:51.013 1176 1337 D HwCustWifiStateMachineReferenceImpl: checkRssiOverThreshold newRssi = -28
04-24 12:10:51.013 1176 1337 D WifiScoreReport: Score = 100, wifiConnectivityManagerEnabled = false, lowScoreCount = 0
04-24 12:10:51.403 1176 1176 I TrafficMonitor: update:rxPkts:82,txPkts:4,rxBytes:14786,txBytes:487
04-24 12:10:51.404 1176 1176 I TrafficMonitor: start expired. level:-1
04-24 12:10:51.404 1176 1176 I TrafficMonitor: gettimer:interval=2000
04-24 12:10:52.026 741 741 E Thermal-daemon: [shell_temp] temp_new :37 temp_old :36
04-24 12:10:52.026 1729 18882 I ThermalService: Receive temperature change, type: 22, temp: 37 from thermald
04-24 12:10:52.027 1729 18882 I ThermalTrace_ThermalRaise: Shell:35,36,37,currentBatteryTemp:34
04-24 12:10:52.027 741 741 E Thermal-daemon: Report temperature: [shell_temp] temp :37 report_threshold:1
04-24 12:10:52.027 1729 2560 D HwThermalStateManager: Thermal type: 22 cur_temperature:37
04-24 12:10:52.402 1176 1176 I TrafficMonitor: expired arrive. level:-1
04-24 12:10:52.402 1176 1176 I TrafficMonitor: during_ms:2002,period_ms:2000
04-24 12:10:52.402 1176 1176 I TrafficMonitor: count:989,rx_sum:82,tx_sum:4,rxBytes:14786,during_ms:2002,rx_speed:7385.614385614386,tx_speed:243.25674325674328,rto:20.5
04-24 12:10:52.402 1176 1176 D HuaweiWifiWatchdogStateMachine: speed: rxpkt:82, rxSpd:7385B/s, txpkt:4, txSpd:243
