04-24 12:10:52.525 1176 1176 I MQoS : onSignal: mSubId=1,currDataSubID=1
04-24 12:10:52.525 1176 1204 D SmartcareProc: onSignalStrengthsChanged: signalStrength is: SignalStrength: 99 -1 0 0 -67 -98 32767 -1 32767 99 0 0 0 2147483647 0 -1 true cdma , on sub: 1
04-24 12:10:52.525 1176 1176 I MQoS : received cell-signal:5
04-24 12:10:52.525 1176 1204 D SmartcareProc: SignalStrength update result, ss: SignalStrengthInfo:68043809 mGsmSignalStrength: -1 mWcdmaRscp: -1 mWcdmaEcio: -1 mLteRsrp: -1 mLteRsrq: -1 mCdmaDbm: -67 mCdmaEcio: -98 mEvdoDbm: 32767mEvdoEcio: -1mLteRssnr: -1
04-24 12:10:53.406 1176 1176 I TrafficMonitor: update:rxPkts:88,txPkts:3,rxBytes:17620,txBytes:456
04-24 12:10:53.406 1176 1176 I TrafficMonitor: no expired. level:2
04-24 12:10:53.406 1176 1176 I TrafficMonitor: gettimer:interval=2000
04-24 12:10:53.406 1176 1176 I TrafficMonitor: during_ms:2003,period_ms:2000
04-24 12:10:53.406 1176 1176 I TrafficMonitor: count:990,rx_sum:88,tx_sum:3,rxBytes:17620,during_ms:2003,rx_speed:8796.804792810783,tx_speed:227.6585122316525,rto:29.333333333333332
04-24 12:10:53.406 1176 1176 D HuaweiWifiWatchdogStateMachine: speed: rxpkt:88, rxSpd:8796B/s, txpkt:3, txSpd:227
04-24 12:10:53.484 1176 1392 D HwArpVerifier: performPollAndLog:
04-24 12:10:53.487 1176 1392 D hw_netstat: total/131/1129,com.jiansheng.blmn.demo/0/930,android.uid.system:1000/75/115,unknown:0/56/84
04-24 12:10:53.865 1176 1338 D HwWifiStatStore: handleMessage : 200
04-24 12:10:54.017 679 679 E WifiHAL : enter wifi_get_link_stats
04-24 12:10:54.021 742 742 E wificond: Failed to get NL80211_RATE_INFO_NOISE
04-24 12:10:54.021 742 742 E wificond: Failed to get NL80211_RATE_INFO_SNR
04-24 12:10:54.021 742 742 E wificond: Failed to get NL80211_STA_INFO_CNAHLOAD
04-24 12:10:54.022 1176 1337 E WificondControl: Noise: 0, Snr: -1, Chload: -1
04-24 12:10:54.022 1176 1339 D HwWifiCHRStateManager: handleMessage : 1001
04-24 12:10:54.022 1176 1339 D HwWifiCHRStateManager: handleUpdateChannel:2412
04-24 12:10:54.022 1176 1339 V HwWifiServiceFactory: get AllImpl object = com.android.server.wifi.HwWifiServiceFactoryImpl@2205edc
04-24 12:10:54.023 1176 1337 D HwCustWifiStateMachineReferenceImpl: checkRssiOverThreshold newRssi = -29
04-24 12:10:54.024 1176 1337 D WifiScoreReport: Score = 100, wifiConnectivityManagerEnabled = false, lowScoreCount = 0
04-24 12:10:54.774 777 777 E : [E/capacity_limit_control] not demo version, not set power control prop!
04-24 12:10:54.872 742 742 E wificond: Failed to get NL80211_RATE_INFO_NOISE
04-24 12:10:54.872 742 742 E wificond: Failed to get NL80211_RATE_INFO_SNR
04-24 12:10:54.872 742 742 E wificond: Failed to get NL80211_STA_INFO_CNAHLOAD
04-24 12:10:54.873 1176 1337 E WificondControl: Noise: 0, Snr: -1, Chload: -1
04-24 12:10:54.873 1176 1339 D HwWifiCHRStateManager: handleMessage : 1001
04-24 12:10:54.873 1176 1339 D HwWifiCHRStateManager: handleUpdateChannel:2412
04-24 12:10:54.873 1176 1339 V HwWifiServiceFactory: get AllImpl object = com.android.server.wifi.HwWifiServiceFactoryImpl@2205edc
04-24 12:10:54.874 742 742 E wificond: Failed to get NL80211_RATE_INFO_NOISE
04-24 12:10:54.874 742 742 E wificond: Failed to get NL80211_RATE_INFO_SNR
04-24 12:10:54.874 742 742 E wificond: Failed to get NL80211_STA_INFO_CNAHLOAD
04-24 12:10:54.875 1176 1406 D HuaweiWifiWatchdogStateMachine: LM mrssi=-29
04-24 12:10:54.875 1176 1406 D HuaweiWifiWatchdogStateMachine: a4:fa:**:**:eb:b0 current loss[-45]=0%, volume=9
04-24 12:10:54.876 1176 1406 D HuaweiWifiWatchdogStateMachine: a4:fa:**:**:eb:b0 history loss[-45]=0%, volume=13825332
04-24 12:10:54.876 1176 1406 I HuaweiWifiWatchdogStateMachine: spd good count:0, add sc:0.0, rate:1.0
04-24 12:10:54.876 1176 1406 I HuaweiWifiWatchdogStateMachine: current mHighDataFlowRate = 1.0
04-24 12:10:54.876 1176 1406 I HuaweiWifiWatchdogStateMachine: POta txb txg rxg:0, 64, 0. Lr =0% Totpkt=64
04-24 12:10:54.876 1176 1176 D WiFi_PRO: MSG_RETURN_AP_CURRY_RSSI rssi = -29
04-24 12:10:54.876 1176 1176 I QosMonitor: queryRtt: rtt_type = 3
04-24 12:10:54.877 1176 1176 I HwQoEJNI: send_cmd_kernel. begin
04-24 12:10:54.877 1176 1176 I HwQoEJNI: send_cmd_kernel. end
04-24 12:10:54.878 1176 1176 I QosMonitor: postEventFromNative: msg=100,arg1=4,arg2=10
04-24 12:10:54.878 1176 1176 I HwQoEJNI: send_cmd_kernel. begin
04-24 12:10:54.878 1176 1176 I HwQoEJNI: send_cmd_kernel. end
04-24 12:10:54.878 1176 1176 I QosMonitor: postEventFromNative: msg=100,arg1=0,arg2=10
04-24 12:10:54.878 1176 1176 D HuaweiWifiWatchdogStateMachine: a4:fa:**:**:eb:b0 current RTT[-45]=320, volume=1
04-24 12:10:54.878 1176 1176 D HuaweiWifiWatchdogStateMachine: a4:fa:**:**:eb:b0 history RTT[-45]=511, volume=60817
04-24 12:10:54.878 1176 1176 D HuaweiWifiWatchdogStateMachine: setSampleRtt: rtt=320,rtt_pkts =1,rtt_when=4
04-24 12:10:54.878 1176 1176 I MQoS : rtt=320,tcp_tx_pkts=480854,tcp_rx_pkts=921364
04-24 12:10:54.878 1176 1176 I QosMonitor: resetRtt: rtt_type = 3
04-24 12:10:54.879 1176 1176 I HwQoEJNI: send_cmd_kernel. begin
04-24 12:10:54.879 1176 1176 I HwQoEJNI: send_cmd_kernel. end
04-24 12:10:54.881 1176 1406 D HuaweiWifiWatchdogStateMachine: dumpTcpResult: len=10,rtt=320,rttPkt=1,rttWn=4,cgt=0,cgtWn=0
04-24 12:10:54.881 1176 1406 I HuaweiWifiWatchdogStateMachine: PTcp RTT:0, rtt pkt=0, tcp_rx=1, tcp_tx=2, tcp_reTran=0, rtRate=0
04-24 12:10:54.881 1176 1406 D HuaweiWifiWatchdogStateMachine: mRssiBadCount =0, RSSI not bad.
04-24 12:10:54.882 1176 1406 D HuaweiWifiWatchdogStateMachine: detectNetworkAvailable:hw.wifipro.dns_fail_count = 131
04-24 12:10:54.882 1176 1406 D HuaweiWifiWatchdogStateMachine: detectNetworkAvailable: tcpRxPkts != 0, reset
04-24 12:10:54.882 1176 1406 D HuaweiWifiWatchdogStateMachine: bqeLevel = 2 rtt=0,rtt_pkts=0 speed=8796 rssi=-29
04-24 12:10:54.882 1176 1406 D HuaweiWifiWatchdogStateMachine: Enter updateQoeLevel level = 2
04-24 12:10:54.882 1176 1406 D HuaweiWifiWatchdogStateMachine: updateQoeLevel current level equal to mLastDetectLevel, return
04-24 12:10:54.882 1176 1406 D HuaweiWifiWatchdogStateMachine: did not have any network action
04-24 12:10:54.883 1176 3515 I MQoS : QOS_level:0(0),wifi-link;SIM error;use level-0
04-24 12:10:55.408 1176 1176 I TrafficMonitor: update:rxPkts:89,txPkts:2,rxBytes:14652,txBytes:372
04-24 12:10:55.408 1176 1176 I TrafficMonitor: start expired. level:-1
04-24 12:10:55.408 1176 1176 I TrafficMonitor: gettimer:interval=2000
04-24 12:10:55.600 1106 1119 I OAM : [check_file_size:505]/data/log/wifi/wifi_log_1 log file beyond size=10240Byte, creat new file
04-24 12:10:55.600 1106 1119 I OAM : [rename_old_file:210]rename_old_file
04-24 12:10:55.600 1106 1119 I OAM :
04-24 12:10:56.870 1176 1338 D HwWifiStatStore: handleMessage : 200
04-24 12:10:57.026 679 679 E WifiHAL : enter wifi_get_link_stats
04-24 12:10:57.030 742 742 E wificond: Failed to get NL80211_RATE_INFO_NOISE
04-24 12:10:57.030 742 742 E wificond: Failed to get NL80211_RATE_INFO_SNR
04-24 12:10:57.030 741 741 E Thermal-daemon: [shell_temp] temp_new :36 temp_old :37
04-24 12:10:57.030 742 742 E wificond: Failed to get NL80211_STA_INFO_CNAHLOAD
04-24 12:10:57.031 1176 1337 E WificondControl: Noise: 0, Snr: -1, Chload: -1
04-24 12:10:57.031 1729 18882 I ThermalService: Receive temperature change, type: 22, temp: 36 from thermald
04-24 12:10:57.032 1729 18882 I ThermalTrace_ThermalRaise: Shell:36,37,36,currentBatteryTemp:34
04-24 12:10:57.032 741 741 E Thermal-daemon: Report temperature: [shell_temp] temp :36 report_threshold:1
04-24 12:10:57.033 1176 1339 D HwWifiCHRStateManager: handleMessage : 1001
04-24 12:10:57.033 1176 1339 D HwWifiCHRStateManager: handleUpdateChannel:2412
04-24 12:10:57.033 1176 1339 V HwWifiServiceFactory: get AllImpl object = com.android.server.wifi.HwWifiServiceFactoryImpl@2205edc
04-24 12:10:57.034 1176 1337 D HwCustWifiStateMachineReferenceImpl: checkRssiOverThreshold newRssi = -28
04-24 12:10:57.035 1176 1337 D WifiScoreReport: Score = 100, wifiConnectivityManagerEnabled = false, lowScoreCount = 0
04-24 12:10:57.409 1176 1176 I TrafficMonitor: update:rxPkts:74,txPkts:1,rxBytes:14870,txBytes:186
04-24 12:10:57.410 1176 1176 I TrafficMonitor: start expired. level:-1
04-24 12:10:57.410 1176 1176 I TrafficMonitor: gettimer:interval=2000
04-24 12:10:58.407 1176 1176 I TrafficMonitor: expired arrive. level:-1
04-24 12:10:58.407 1176 1176 I TrafficMonitor: during_ms:2002,period_ms:2000
04-24 12:10:58.407 1176 1176 I TrafficMonitor: count:992,rx_sum:74,tx_sum:1,rxBytes:14870,during_ms:2002,rx_speed:7427.572427572429,tx_speed:92.90709290709292,rto:74.0
04-24 12:10:58.407 1176 1176 D HuaweiWifiWatchdogStateMachine: speed: rxpkt:74, rxSpd:7427B/s, txpkt:1, txSpd:92
04-24 12:10:58.459 1176 1392 D HwArpVerifier: check_wifi_state_mode = 0 mCheckStateToken=25 token25
04-24 12:10:58.460 1176 1392 D wifiserviceimpl: netmask =16777215
04-24 12:10:58.492 1176 1392 D HWMultiGW: setGateWay 192.168.1.1
04-24 12:10:58.533 1176 1204 D SmartcareProc: onSignalStrengthsChanged: signalStrength is: SignalStrength: 99 -1 0 0 -67 -98 32767 -1 32767 99 0 0 0 2147483647 0 -1 true cdma , on sub: 1
04-24 12:10:58.533 1176 1204 D SmartcareProc: SignalStrength update result, ss: SignalStrengthInfo:68043809 mGsmSignalStrength: -1 mWcdmaRscp: -1 mWcdmaEcio: -1 mLteRsrp: -1 mLteRsrq: -1 mCdmaDbm: -67 mCdmaEcio: -98 mEvdoDbm: 32767mEvdoEcio: -1mLteRssnr: -1
04-24 12:10:58.533 1176 1176 I MQoS : onSignal: mSubId=1,currDataSubID=1
04-24 12:10:58.533 1176 1176 I MQoS : received cell-signal:5
04-24 12:10:59.412 1176 1176 I TrafficMonitor: update:rxPkts:78,txPkts:2,rxBytes:14222,txBytes:372
04-24 12:10:59.412 1176 1176 I TrafficMonitor: start expired. level:-1
04-24 12:10:59.412 1176 1176 I TrafficMonitor: gettimer:interval=2000
04-24 12:10:59.494 1176 1392 D HwArpVerifier: getGateWayARPResponses: arp rtt = 9
04-24 12:10:59.494 1176 1392 E HwCHRWifiRSSIGroupSummery: updatArpSummery mRSSI:-28 HwCHRWifiRSSIGroup [rssi_index=4, rtt_tcp_packets=0, rtt_tcp_duration=0, rtt_lan_duration=6688, rtt_lan_failures=0, rtt_lan_succ=313, rtt_lan_max=939, rtt_lan_min=2,same_area_frequency=0,adjacent_area_frequency=0]
04-24 12:10:59.522 1176 1392 D HwArpVerifier: There are 1 mac address for gateway
04-24 12:10:59.522 1176 1392 D HwArpVerifier: from HEART_CHECK transmit to state:HEART_CHECK
04-24 12:10:59.522 1176 1392 D HwArpVerifier: msg what=124 arg1(token)=25 arg2(mode)=0 delay=30000
04-24 12:10:59.522 1176 1392 D HwArpVerifier: performPollAndLog:
04-24 12:10:59.524 1176 1392 D hw_netstat: total/0/930,com.jiansheng.blmn.demo/0/930
04-24 12:10:59.781 777 777 E : [E/capacity_limit_control] not demo version, not set power control prop!
04-24 12:10:59.877 1176 1338 D HwWifiStatStore: handleMessage : 200
04-24 12:11:00.001 1176 1176 V AlarmManager: Received TIME_TICK alarm; rescheduling
04-24 12:11:00.002 1176 1176 I HwAlarmManagerService: hwSetAlarm listenerTag: time_tick
04-24 12:11:00.003 1463 1463 E DateView: DateView,mCurrentTime: 1587701460003
04-24 12:11:00.009 1463 1463 W HwKeyguardDragHelper: AnimationBlocked
04-24 12:11:00.015 1463 1463 I EventCenter: EventCenter Get :android.intent.action.TIME_TICK
04-24 12:11:00.016 1463 1463 W ResourceType: No known package when getting value for resource number 0xffffffff
04-24 12:11:00.017 1463 1463 E DateLunarView: mDateString is: 4月24日星期五
04-24 12:11:00.018 1463 1463 W ResourceType: No known package when getting value for resource number 0xffffffff
04-24 12:11:00.018 1463 1463 E DateLunarView: mDateString is: 4月24日星期五
04-24 12:11:00.021 1463 1463 D WeatherHelper: City info empty
04-24 12:11:00.023 1463 1463 D WeatherHelper: City info empty
04-24 12:11:00.023 1463 1463 D KeyguardUpdateMonitor: received broadcast android.intent.action.TIME_TICK
04-24 12:11:00.025 1463 1463 D KeyguardUpdateMonitor: handleTimeUpdate
04-24 12:11:00.025 1463 1782 I KeyguardStatusView: Runnable for refresh
04-24 12:11:00.030 1770 1770 I HwLauncher: Model onReceive intent=Intent { act=android.intent.action.TIME_TICK flg=0x50200014 hwFlg=0x900 (has extras) }
04-24 12:11:00.030 1770 1770 I HwLauncher: Model onReceive user=UserHandle{0}
04-24 12:11:00.032 1463 1463 D WeatherHelper: City info empty
04-24 12:11:00.038 679 679 E WifiHAL : enter wifi_get_link_stats
04-24 12:11:00.042 742 742 E wificond: Failed to get NL80211_RATE_INFO_NOISE
04-24 12:11:00.042 742 742 E wificond: Failed to get NL80211_RATE_INFO_SNR
04-24 12:11:00.042 742 742 E wificond: Failed to get NL80211_STA_INFO_CNAHLOAD
04-24 12:11:00.042 1176 1337 E WificondControl: Noise: 0, Snr: -1, Chload: -1
04-24 12:11:00.043 1176 1339 D HwWifiCHRStateManager: handleMessage : 1001
04-24 12:11:00.043 1176 1339 D HwWifiCHRStateManager: handleUpdateChannel:2412
04-24 12:11:00.043 1176 1339 V HwWifiServiceFactory: get AllImpl object = com.android.server.wifi.HwWifiServiceFactoryImpl@2205edc
04-24 12:11:00.044 1176 1337 D HwCustWifiStateMachineReferenceImpl: checkRssiOverThreshold newRssi = -28
04-24 12:11:00.045 1176 1337 D WifiScoreReport: Score = 100, wifiConnectivityManagerEnabled = false, lowScoreCount = 0
04-24 12:11:00.055 3756 3806 I Step_LSC: 80001355|processHandleBroadcastAction action:android.intent.action.TIME_TICK
04-24 12:11:00.057 2379 2379 I [HwRecSys]TimerController: onMinuteChange requestWeather
04-24 12:11:00.063 1176 11623 V BroadcastQueue: Finished with ordered broadcast BroadcastRecord{cfd1d78 u-1 android.intent.action.TIME_TICK}
04-24 12:11:00.116 1463 1463 D WeatherHelper: City info empty
04-24 12:11:00.117 1463 1463 D DateTimeView: Change to single clock mode!
04-24 12:11:00.118 1463 1463 D WeatherHelper: City info empty
04-24 12:11:00.119 1463 1463 D WeatherHelper: City info empty
04-24 12:11:00.119 1463 1463 D DateTimeView: Change to single clock mode!
04-24 12:11:00.121 1463 1463 D WeatherHelper: City info empty
04-24 12:11:01.415 1176 1176 I TrafficMonitor: update:rxPkts:89,txPkts:2,rxBytes:15183,txBytes:372
04-24 12:11:01.415 1176 1176 I TrafficMonitor: start expired. level:-1
04-24 12:11:01.416 1176 1176 I TrafficMonitor: gettimer:interval=2000
04-24 12:11:02.035 741 741 E Thermal-daemon: [shell_temp] temp_new :37 temp_old :36
04-24 12:11:02.036 1729 18882 I ThermalService: Receive temperature change, type: 22, temp: 37 from thermald
04-24 12:11:02.037 1729 18882 I ThermalTrace_ThermalRaise: Shell:37,36,37,currentBatteryTemp:34
04-24 12:11:02.037 1729 2560 D HwThermalStateManager: Thermal type: 22 cur_temperature:37
04-24 12:11:02.037 741 741 E Thermal-daemon: Report temperature: [shell_temp] temp :37 report_threshold:1
04-24 12:11:02.883 742 742 E wificond: Failed to get NL80211_RATE_INFO_NOISE
04-24 12:11:02.883 742 742 E wificond: Failed to get NL80211_RATE_INFO_SNR
04-24 12:11:02.882 1176 1338 D HwWifiStatStore: handleMessage : 200
04-24 12:11:02.883 742 742 E wificond: Failed to get NL80211_RATE_INFO_NOISE
04-24 12:11:02.883 742 742 E wificond: Failed to get NL80211_RATE_INFO_SNR
04-24 12:11:02.883 742 742 E wificond: Failed to get NL80211_STA_INFO_CNAHLOAD
04-24 12:11:02.884 1176 1337 E WificondControl: Noise: 0, Snr: -1, Chload: -1
04-24 12:11:02.885 1176 1339 D HwWifiCHRStateManager: handleMessage : 1001
04-24 12:11:02.885 1176 1339 D HwWifiCHRStateManager: handleUpdateChannel:2412
04-24 12:11:02.885 1176 1339 V HwWifiServiceFactory: get AllImpl object = com.android.server.wifi.HwWifiServiceFactoryImpl@2205edc
04-24 12:11:02.888 742 742 E wificond: Failed to get NL80211_RATE_INFO_NOISE
04-24 12:11:02.888 742 742 E wificond: Failed to get NL80211_RATE_INFO_SNR
04-24 12:11:02.888 742 742 E wificond: Failed to get NL80211_STA_INFO_CNAHLOAD
04-24 12:11:02.890 1176 1406 D HuaweiWifiWatchdogStateMachine: LM mrssi=-28
04-24 12:11:02.890 1176 1406 D HuaweiWifiWatchdogStateMachine: a4:fa:**:**:eb:b0 current loss[-45]=0%, volume=11
04-24 12:11:02.890 1176 1406 D HuaweiWifiWatchdogStateMachine: a4:fa:**:**:eb:b0 history loss[-45]=0%, volume=13825343
04-24 12:11:02.891 1176 1406 I HuaweiWifiWatchdogStateMachine: spd good count:0, add sc:0.0, rate:1.0
04-24 12:11:02.891 1176 1406 I HuaweiWifiWatchdogStateMachine: current mHighDataFlowRate = 1.0
04-24 12:11:02.891 1176 1406 I HuaweiWifiWatchdogStateMachine: POta txb txg rxg:0, 75, 0. Lr =0% Totpkt=75
04-24 12:11:02.894 1176 1176 D WiFi_PRO: MSG_RETURN_AP_CURRY_RSSI rssi = -28
04-24 12:11:02.895 1176 1176 I QosMonitor: queryRtt: rtt_type = 3
04-24 12:11:02.895 1176 1176 I HwQoEJNI: send_cmd_kernel. begin
04-24 12:11:02.895 1176 1176 I HwQoEJNI: send_cmd_kernel. end
04-24 12:11:02.896 1176 1176 I QosMonitor: postEventFromNative: msg=100,arg1=4,arg2=10
04-24 12:11:02.896 1176 1176 I HwQoEJNI: send_cmd_kernel. begin
04-24 12:11:02.897 1176 1176 I HwQoEJNI: send_cmd_kernel. end
04-24 12:11:02.897 1176 1176 I QosMonitor: postEventFromNative: msg=100,arg1=0,arg2=10
04-24 12:11:02.897 1176 1176 D HuaweiWifiWatchdogStateMachine: setSampleRtt: unvalid rtt
04-24 12:11:02.898 1176 1176 I MQoS : rtt=320,tcp_tx_pkts=480854,tcp_rx_pkts=921364
04-24 12:11:02.898 1176 1406 D HuaweiWifiWatchdogStateMachine: dumpTcpResult: len=10,rtt=320,rttPkt=1,rttWn=12,cgt=0,cgtWn=0
04-24 12:11:02.898 1176 1406 I HuaweiWifiWatchdogStateMachine: PTcp RTT:0, rtt pkt=0, tcp_rx=0, tcp_tx=0, tcp_reTran=0, rtRate=0
04-24 12:11:02.898 1176 1406 D HuaweiWifiWatchdogStateMachine: mRssiBadCount =0, RSSI not bad.
04-24 12:11:02.899 1176 1406 D HuaweiWifiWatchdogStateMachine: detectNetworkAvailable:hw.wifipro.dns_fail_count = 131
04-24 12:11:02.899 1176 1406 D HuaweiWifiWatchdogStateMachine: bqeLevel = 2 rtt=0,rtt_pkts=0 speed=8796 rssi=-28
04-24 12:11:02.899 1176 1406 D HuaweiWifiWatchdogStateMachine: Enter updateQoeLevel level = 2
04-24 12:11:02.899 1176 1406 D HuaweiWifiWatchdogStateMachine: updateQoeLevel current level equal to mLastDetectLevel, return
04-24 12:11:02.899 1176 1406 D HuaweiWifiWatchdogStateMachine: did not have any network action
04-24 12:11:02.905 1176 3515 I MQoS : QOS_level:0(0),wifi-link;SIM error;use level-0
04-24 12:11:03.046 679 679 E WifiHAL : enter wifi_get_link_stats
04-24 12:11:03.047 742 742 E wificond: Failed to get NL80211_RATE_INFO_NOISE
04-24 12:11:03.047 742 742 E wificond: Failed to get NL80211_RATE_INFO_SNR
04-24 12:11:03.047 742 742 E wificond: Failed to get NL80211_STA_INFO_CNAHLOAD
04-24 12:11:03.048 1176 1337 E WificondControl: Noise: 0, Snr: -1, Chload: -1
04-24 12:11:03.048 1176 1339 D HwWifiCHRStateManager: handleMessage : 1001
04-24 12:11:03.048 1176 1339 D HwWifiCHRStateManager: handleUpdateChannel:2412
04-24 12:11:03.048 1176 1339 V HwWifiServiceFactory: get AllImpl object = com.android.server.wifi.HwWifiServiceFactoryImpl@2205edc
04-24 12:11:03.049 1176 1337 D HwCustWifiStateMachineReferenceImpl: checkRssiOverThreshold newRssi = -28
04-24 12:11:03.050 1176 1337 D WifiScoreReport: Score = 100, wifiConnectivityManagerEnabled = false, lowScoreCount = 0
04-24 12:11:03.138 688 688 I aptouch_daemon: filter_touch_detect, down, in: 1, out: 1
04-24 12:11:03.143 7754 7754 I hwaps : JNI_OnLoad
04-24 12:11:03.156 1176 1196 W Settings: Setting device_provisioned has moved from android.provider.Settings.Secure to android.provider.Settings.Global.
04-24 12:11:03.156 1176 1196 W Settings: Setting device_provisioned has moved from android.provider.Settings.Secure to android.provider.Settings.Global.
04-24 12:11:03.158 1463 1463 D BarTransitions.HwPhoneStatusBarView: MODE_OPAQUE -> MODE_SEMI_TRANSPARENT animate=false
04-24 12:11:03.158 1463 1463 D BarTransitions.HwPhoneStatusBarView: applyModeBackground oldMode=MODE_OPAQUE newMode=MODE_SEMI_TRANSPARENT animate=false
04-24 12:11:03.158 1463 1463 D BarTransitions.HwNavigationBarView: MODE_OPAQUE -> MODE_SEMI_TRANSPARENT animate=false
04-24 12:11:03.159 1463 1463 D BarTransitions.HwNavigationBarView: applyModeBackground oldMode=MODE_OPAQUE newMode=MODE_SEMI_TRANSPARENT animate=false
04-24 12:11:03.160 1176 1176 I WindowManager: notifyAccessibilityButtonVisibilityChanged visible:true
04-24 12:11:03.181 1176 11623 W ActivityManager: Sending non-protected broadcast huawei.action.floattasks.STATUS_BAR_STATE_CHANGED from system 1463:com.android.systemui/u0a23 pkg com.android.systemui
04-24 12:11:03.187 688 688 I aptouch_daemon: filter_touch_detect, all_touch_up
04-24 12:11:03.192 1729 3409 I PGServer: checkPkgType. calling pkg: com.huawei.android.hwaps
04-24 12:11:03.192 1176 1385 D EmcomManagerService: forePackage name is com.jiansheng.blmn.demo
04-24 12:11:03.192 1176 1385 D HicomPolicyManager: foreAppInfo = nullpkgName = com.jiansheng.blmn.demo uid= 10848
04-24 12:11:03.192 1176 1385 D HicomPolicyManager: forground uid is same as before
04-24 12:11:03.193 2379 3998 D [HwRecSys]HwRecSysService: onEvent actionID: 10011 msg:com.jiansheng.blmn.demo
04-24 12:11:03.193 2379 3998 E [HwRecSys]HwRecSysService: getIsRportDirectService is false!
04-24 12:11:03.194 1729 2133 I PGServer: report state:10000 event type:2 pid:0 uid:0 pkg:com.jiansheng.blmn.demo to pid: 1176
04-24 12:11:03.194 1729 2133 I PGServer: report state:10000 event type:2 pid:0 uid:0 pkg:com.jiansheng.blmn.demo to pid: 1729
04-24 12:11:03.194 1729 2133 I SceneReceiver: state type: 10000 eventType:2 pid:0 uid:0 pkg:com.jiansheng.blmn.demo
04-24 12:11:03.194 1729 2133 I PGServer: report state:10011 event type:1 pid:0 uid:0 pkg:com.jiansheng.blmn.demo to pid: 1176
04-24 12:11:03.194 1729 2133 I PGServer: report state:10011 event type:1 pid:0 uid:0 pkg:com.jiansheng.blmn.demo to pid: 1729
04-24 12:11:03.194 1729 2133 I SceneReceiver: state type: 10011 eventType:1 pid:0 uid:0 pkg:com.jiansheng.blmn.demo
04-24 12:11:03.195 1729 2560 D HwThermalStateManager: current foreapp pkg : com.jiansheng.blmn.demo
04-24 12:11:03.195 1729 18882 I PGServer: checkPkgType. calling pkg: android
04-24 12:11:03.195 1729 18882 I PGServer: checkPkgType. calling pkg: android
04-24 12:11:03.197 1729 3409 W libc : Set property "sys.aps.gameProcessName" to ""
04-24 12:11:03.198 1729 2560 D HwThermalStateManager: handle thermal policy:10011
04-24 12:11:03.198 1729 2560 I ThermalAction: new ThermalAction
04-24 12:11:03.198 1729 2560 I HwThermalStateManager: sensor name: cpu temperature: 37 , thermal action: ucurrent policy:0
04-24 12:11:03.198 1729 2560 I ThermalAction: new ThermalAction
04-24 12:11:03.198 1729 2560 I HwThermalStateManager: sensor name: cpu temperature: 37 , thermal action: cpu_a15 policy:0
04-24 12:11:03.199 1729 2560 I ThermalUniPerf: ===success setFreq: bcpumax:5->0
04-24 12:11:03.199 1729 2560 I ThermalAction: new ThermalAction
04-24 12:11:03.199 669 765 I uniperf server: setConfig clientId=2, tagLen=1, tags[0]=5, configs[0]=0
04-24 12:11:03.199 1729 2560 I HwThermalStateManager: sensor name: cpu temperature: 37 , thermal action: gpu policy:0
04-24 12:11:03.199 1729 2560 I ThermalUniPerf: ===success setFreq: gpumax:8->0
04-24 12:11:03.199 1729 2560 D HwThermalStateManager: Thermal type: 0 cur_temperature:42
04-24 12:11:03.200 669 765 I uniperf server: setConfig clientId=2, tagLen=1, tags[0]=8, configs[0]=0
04-24 12:11:03.200 1729 2560 I HwThermalStateManager: sensorType: 0, triggerLevel = 0, triggerAction :{ucurrent=1000, cpu=0, app_action=0, cpu_a15=0, gpu=0}
04-24 12:11:03.200 1729 2560 I ThermalAction: new ThermalAction
04-24 12:11:03.200 1729 2560 I HwThermalStateManager: sensor name: cpu temperature: 42 , thermal action: ucurrent policy:1000
04-24 12:11:03.201 1729 3409 W libc : Set property "sys.aps.browserProcessName" to ""
04-24 12:11:03.202 1729 2565 I ThermalTraceTool: file:sys/class/hw_power/charger/direct_charger/direct_charge_succ,fileExists:false,fileCanRead:false
04-24 12:11:03.210 1729 2056 D powergenie_jni: setCABCMode mode = 4
04-24 12:11:03.210 1729 2056 D powergenie_jni: setCABCMode his result = 1
04-24 12:11:03.210 1729 2056 D DisplayControl: OK! set cabc mode: 4
04-24 12:11:03.215 1729 2565 I ThermalTraceDBManager: addHighTempDistributionToDB sucessfull!
04-24 12:11:03.334 677 677 D SensorHub: huawei Hal strandard_stepcounter is 350
04-24 12:11:03.334 1176 1318 D : motion-hal MotionHubChanel::readHwStepCounter record_count : 2001
04-24 12:11:03.334 1176 1318 D : HWExtMotionService valueSize:19
04-24 12:11:03.334 1176 1318 D : HWExtDeviceService getActiveConnections
04-24 12:11:03.334 1176 1318 D : HWExtDeviceService connSize:1
04-24 12:11:03.334 1708 1708 D HwStepCounter: onDeviceDataChanged
04-24 12:11:03.335 1708 1708 W HwStepCounter: version : 1
04-24 12:11:03.335 1708 1708 I HwStepCounter: dealReportData tm: 2020-04-24 12:11:04 steps_value[0] : 0 state_value[0]:0 level_value[0]:0
04-24 12:11:03.335 3756 3806 I Step_LSC: 80001355|onStandStepChanged 350
04-24 12:11:03.335 1708 1708 I HwStepCounter: isBeginOfToday: 24 -> 24
04-24 12:11:03.335 1708 1708 I HwStepCounter: isBeginOfToday: false
04-24 12:11:03.335 1708 1708 I HwStepCounter: dealReportData: diff = 0
04-24 12:11:03.343 1708 2100 D HwStepCounter: ReportProxy client : 1
04-24 12:11:03.343 1708 2099 I StepCounterRemoteStub: Report client count 1
04-24 12:11:03.344 3756 3777 I Step_LSC: 80001355|onExtend:1587701464000 0 0 0
04-24 12:11:03.416 1176 1176 I TrafficMonitor: update:rxPkts:69,txPkts:2,rxBytes:12217,txBytes:372
04-24 12:11:03.416 1176 1176 I TrafficMonitor: start expired. level:-1
04-24 12:11:03.416 1176 1176 I TrafficMonitor: gettimer:interval=2000
04-24 12:11:03.624 688 688 I aptouch_daemon: filter_touch_detect, down, in: 1, out: 1
04-24 12:11:03.635 1176 6429 D KeyEvent: obtain, mHwFlags=0
04-24 12:11:03.635 1176 6429 D HwCustPhoneWindowManager: answer call by keyCode = 3, down = true, isSupVolumnkeyAnswerCall = false
04-24 12:11:03.635 1176 6429 D HwPhoneWindowManager: if the event is injected :true
04-24 12:11:03.636 3756 3806 I Step_SPUtils: 80001355| getTodayTotalDetailSteps = 1587657600000##0##0##0##0##350887791
04-24 12:11:03.636 1176 6429 D WindowManager: interceptKeyBeforeQueueing: key 3 , result : 1
04-24 12:11:03.638 3756 3806 I Step_SPUtils: 80001355|setTodayTotalDetailSteps=1587657600000##0##0##0##0##351051795 timeZero=1587657600000
04-24 12:11:03.638 1176 1322 D KeyEvent: obtain, mHwFlags=-427568560
04-24 12:11:03.641 1176 1322 D HwGameAssistantController: Keycontrol mode is 2 for user 0
04-24 12:11:03.641 1176 1322 D HwPhoneWindowManager: deviceId:-1 mFingerPrintId:0 isGameKeyControlOn:false,EnableKey=false,mLastKeyDownDropped=false
04-24 12:11:03.676 3756 3806 I Step_ExtSDM: 80001355|calculateCaloriesWithCache totalCalories=0
04-24 12:11:03.685 3756 3806 I Step_ExtSDM: 80001355|calculateAltitudeWithCache totalAltitude=0
04-24 12:11:03.698 688 688 I aptouch_daemon: filter_touch_detect, all_touch_up
04-24 12:11:03.704 1463 1596 D ReporterUtil: c id:5
04-24 12:11:03.705 1176 6429 D KeyEvent: obtain, mHwFlags=0
04-24 12:11:03.707 1176 6429 D HwCustPhoneWindowManager: answer call by keyCode = 3, down = false, isSupVolumnkeyAnswerCall = false
04-24 12:11:03.707 1176 6429 D HwPhoneWindowManager: if the event is injected :true
04-24 12:11:03.708 1176 6429 D WindowManager: interceptKeyBeforeQueueing: key 3 , result : 1
04-24 12:11:03.708 1176 1322 D KeyEvent: obtain, mHwFlags=-427568560
04-24 12:11:03.708 1176 1322 I InputManager: preStart Home return.
04-24 12:11:03.711 1176 1322 D HwGameAssistantController: Keycontrol mode is 2 for user 0
04-24 12:11:03.711 1176 1322 D HwPhoneWindowManager: deviceId:-1 mFingerPrintId:0 isGameKeyControlOn:false,EnableKey=false,mLastKeyDownDropped=false
04-24 12:11:03.716 2711 2711 I HiBoardHwIntelligentManager: onReceive: action: android.intent.action.CLOSE_SYSTEM_DIALOGS
04-24 12:11:03.717 2711 2711 D HiBoardHwIntelligentManager: reason: homekey
04-24 12:11:03.717 2711 2711 D HiBoardHwIntelligentManager: homekey
04-24 12:11:03.721 1176 1322 I ActivityManager: START u0 {act=android.intent.action.MAIN cat=[android.intent.category.HOME] flg=0x10200200 cmp=com.huawei.android.launcher/.unihome.UniHomeLauncher (has extras)} from uid 1000
04-24 12:11:03.722 1176 1322 I ActivityManager: ActivityRecord info: ActivityInfo{9904c51 com.huawei.android.launcher.unihome.UniHomeLauncher}
04-24 12:11:03.725 1729 2056 I ash : front pkg : com.huawei.android.launcher launcher: false
04-24 12:11:03.725 1729 2056 I ash : above launcher front pkgs: [com.jiansheng.blmn.demo, com.huawei.android.launcher]
04-24 12:11:03.725 1729 2056 I ScalingFreqAdapterUniPerf: ===success setFreq: lcpumax:2->1709000
04-24 12:11:03.725 1729 2056 I ScalingFreqAdapterUniPerf: ===success setFreq: lcpumin:1->1709000
04-24 12:11:03.725 1729 2056 I ScalingFreqAdapterUniPerf: ===success setFreq: gpumin:7->680000000
04-24 12:11:03.726 669 765 I uniperf server: setConfig clientId=1, tagLen=1, tags[0]=2, configs[0]=1709000
04-24 12:11:03.726 1729 2056 I ScalingFreqAdapterUniPerf: ===success setFreq: bcpumax:5->2362000
04-24 12:11:03.726 1729 2056 I ScalingFreqAdapterUniPerf: ===success setFreq: bcpumin:4->2362000
04-24 12:11:03.726 669 765 I uniperf server: setConfig clientId=1, tagLen=1, tags[0]=1, configs[0]=1709000
04-24 12:11:03.727 669 765 I uniperf server: setConfig clientId=1, tagLen=1, tags[0]=7, configs[0]=680000000
04-24 12:11:03.727 669 765 I uniperf server: setConfig clientId=1, tagLen=1, tags[0]=5, configs[0]=2362000
04-24 12:11:03.728 7754 7754 I Unity : onPause
04-24 12:11:03.728 669 765 I uniperf server: setConfig clientId=1, tagLen=1, tags[0]=4, configs[0]=2362000
04-24 12:11:03.729 1176 1322 D ActivityManager: allPausedActivitiesComplete: r=ActivityRecord{3678a34 u0 com.jiansheng.blmn.demo/com.jiansheng.blmn.MainActivity t319} state=PAUSING
04-24 12:11:03.803 1463 1463 W HwKeyguardDragHelper: AnimationBlocked
04-24 12:11:03.814 7754 7775 D AAudio : AAudioStream_requestPause(0xb22b3a00)
04-24 12:11:03.824 7754 7775 E libc++abi: Pure virtual function called!
04-24 12:11:03.832 7754 7775 E CRASH : signal 6 (SIGABRT), code -6 (?), fault addr --------
04-24 12:11:03.832 7754 7775 E CRASH : *** *** *** *** *** *** *** *** *** *** *** *** *** *** *** ***
04-24 12:11:03.832 7754 7775 E CRASH : Build fingerprint: 'HUAWEI/FLA-AL20/HWFLA-H:8.0.0/HUAWEIFLA-AL20/182(C00):user/release-keys'
04-24 12:11:03.832 7754 7775 E CRASH : Revision: '0'
04-24 12:11:03.832 7754 7775 E CRASH : pid: 7754, tid: 7775, name: UnityMain >>> com.jiansheng.blmn.demo <<<
04-24 12:11:03.832 7754 7775 E CRASH : r0 00000000 r1 00001e5f r2 00000006 r3 00000008
04-24 12:11:03.832 7754 7775 E CRASH : r4 00001e4a r5 00001e5f r6 bfd7e4e0 r7 0000010c
04-24 12:11:03.832 7754 7775 E CRASH : r8 bfd7e808 r9 0121d260 sl 00000001 fp bfd7e6a0
04-24 12:11:03.832 7754 7775 E CRASH : ip 00000000 sp bfd7e4d0 lr e806f4e7 pc e80a097c cpsr bfd7e808
04-24 12:11:03.833 7754 7775 E CRASH :
04-24 12:11:03.833 7754 7775 E CRASH : backtrace:
04-24 12:11:04.032 7754 7775 E CRASH : #00 pc 0004b97c /system/lib/libc.so (tgkill+12)
04-24 12:11:04.033 7754 7775 E CRASH : #01 pc 0001a4e3 /system/lib/libc.so (abort+54)
04-24 12:11:04.033 7754 7775 E CRASH : #02 pc 00030a11 /system/lib/libc++.so
04-24 12:11:04.033 7754 7775 E CRASH : #03 pc 00044a29 /system/lib/libc++.so
04-24 12:11:04.033 7754 7775 E CRASH : #04 pc 000b7a2b /data/app/com.jiansheng.blmn.demo-nkYM2_UJaeOJVgQzdOt9lw==/lib/arm/libfmodL.so
04-24 12:11:04.033 7754 7775 E CRASH : #05 pc 000387c1 /data/app/com.jiansheng.blmn.demo-nkYM2_UJaeOJVgQzdOt9lw==/lib/arm/libfmodL.so
04-24 12:11:04.033 7754 7775 E CRASH : #06 pc 000acc41 /data/app/com.jiansheng.blmn.demo-nkYM2_UJaeOJVgQzdOt9lw==/lib/arm/libfmodL.so (FMOD::System::mixerSuspend()+28)
04-24 12:11:04.033 7754 7775 E CRASH : #07 pc 01290364 /data/app/com.jiansheng.blmn.demo-nkYM2_UJaeOJVgQzdOt9lw==/lib/arm/libil2cpp.so
04-24 12:11:04.033 7754 7775 E CRASH : #08 pc 002f2e7c /data/app/com.jiansheng.blmn.demo-nkYM2_UJaeOJVgQzdOt9lw==/lib/arm/libil2cpp.so
04-24 12:11:04.033 7754 7775 E CRASH : #09 pc 017aed14 /data/app/com.jiansheng.blmn.demo-nkYM2_UJaeOJVgQzdOt9lw==/lib/arm/libil2cpp.so
04-24 12:11:04.033 7754 7775 E CRASH :
04-24 12:11:04.033 7754 7775 E CRASH : stack:
04-24 12:11:04.033 7754 7775 E CRASH : bfd7e490 ffffffdf
04-24 12:11:04.033 7754 7775 E CRASH : bfd7e494 00000000
04-24 12:11:04.033 7754 7775 E CRASH : bfd7e498 00000000
04-24 12:11:04.033 7754 7775 E CRASH : bfd7e49c b80b338b
04-24 12:11:04.033 7754 7775 E CRASH : bfd7e4a0 00001e4a
04-24 12:11:04.033 7754 7775 E CRASH : bfd7e4a4 b4bd39ff /system/bin/app_process32 (sigprocmask+182)
04-24 12:11:04.033 7754 7775 E CRASH : bfd7e4a8 ffffffff
04-24 12:11:04.033 7754 7775 E CRASH : bfd7e4ac 00000000
04-24 12:11:04.033 7754 7775 E CRASH : bfd7e4b0 ffffffdf
04-24 12:11:04.033 7754 7775 E CRASH : bfd7e4b4 b80b338b
04-24 12:11:04.033 7754 7775 E CRASH : bfd7e4b8 00001e4a
04-24 12:11:04.033 7754 7775 E CRASH : bfd7e4bc 00001e5f
04-24 12:11:04.033 7754 7775 E CRASH : bfd7e4c0 bfd7e4e0
04-24 12:11:04.033 7754 7775 E CRASH : bfd7e4c4 00000000
04-24 12:11:04.033 7754 7775 E CRASH : bfd7e4c8 bfd7e808
04-24 12:11:04.033 7754 7775 E CRASH : bfd7e4cc e806f4dd /system/lib/libc.so (abort+48)
04-24 12:11:04.033 7754 7775 E CRASH : #00 bfd7e4d0 0121d260
04-24 12:11:04.033 7754 7775 E CRASH : ........ ........
04-24 12:11:04.033 7754 7775 E CRASH : #01 bfd7e4d0 0121d260
04-24 12:11:04.033 7754 7775 E CRASH : bfd7e4d4 00000001
04-24 12:11:04.033 7754 7775 E CRASH : bfd7e4d8 bfd7e6a0
04-24 12:11:04.033 7754 7775 E CRASH : bfd7e4dc e8076dab /system/lib/libc.so (syslog+34)
04-24 12:11:04.033 7754 7775 E CRASH : bfd7e4e0 ffffffdf
04-24 12:11:04.033 7754 7775 E CRASH : bfd7e4e4 e7fada2c /system/lib/libc++.so
04-24 12:11:04.034 7754 7775 E CRASH : bfd7e4e8 bfd7e514
04-24 12:11:04.034 7754 7775 E CRASH : bfd7e4ec e80e7844 /system/lib/libc.so
04-24 12:11:04.034 7754 7775 E CRASH : bfd7e4f0 bfd7e530
04-24 12:11:04.034 7754 7775 E CRASH : bfd7e4f4 e7f99a15 /system/lib/libc++.so
04-24 12:11:04.034 7754 7775 E CRASH : #02 bfd7e4f8 bfd7e514
04-24 12:11:04.034 7754 7775 E CRASH : bfd7e4fc e2857d80 [anon:libc_malloc]
04-24 12:11:04.034 7754 7775 E CRASH : bfd7e500 bfd7e514
04-24 12:11:04.034 7754 7775 E CRASH : bfd7e504 b6a03348 [anon:libc_malloc]
04-24 12:11:04.034 7754 7775 E CRASH : bfd7e508 b6a03348 [anon:libc_malloc]
04-24 12:11:04.034 7754 7775 E CRASH : bfd7e50c 00011078
04-24 12:11:04.034 7754 7775 E CRASH : bfd7e510 e7fada2d /system/lib/libc++.so
04-24 12:11:04.034 7754 7775 E CRASH : bfd7e514 e7fada25 /system/lib/libc++.so
04-24 12:11:04.034 7754 7775 E CRASH : bfd7e518 b80b338b
04-24 12:11:04.034 7754 7775 E CRASH : bfd7e51c 00000003
04-24 12:11:04.034 7754 7775 E CRASH : #03 bfd7e520 bfd7e530
04-24 12:11:04.034 7754 7775 E CRASH : bfd7e524 aea09a2d /data/app/com.jiansheng.blmn.demo-nkYM2_UJaeOJVgQzdOt9lw==/lib/arm/libfmodL.so
04-24 12:11:04.034 7754 7775 E CRASH : #04 bfd7e528 b6a03348 [anon:libc_malloc]
04-24 12:11:04.034 7754 7775 E CRASH : bfd7e52c 00011078
04-24 12:11:04.034 7754 7775 E CRASH : bfd7e530 bfd7e550
04-24 12:11:04.034 7754 7775 E CRASH : bfd7e534 ae98a7c3 /data/app/com.jiansheng.blmn.demo-nkYM2_UJaeOJVgQzdOt9lw==/lib/arm/libfmodL.so
04-24 12:11:04.034 7754 7775 E CRASH : #05 bfd7e538 ae98a800 /data/app/com.jiansheng.blmn.demo-nkYM2_UJaeOJVgQzdOt9lw==/lib/arm/libfmodL.so
04-24 12:11:04.034 7754 7775 E CRASH : bfd7e53c eedc0953
04-24 12:11:04.034 7754 7775 E CRASH : bfd7e540 bfd7e6a0
04-24 12:11:04.034 7754 7775 E CRASH : bfd7e544 00000000
04-24 12:11:04.034 7754 7775 E CRASH : bfd7e548 b6a03348 [anon:libc_malloc]
04-24 12:11:04.034 7754 7775 E CRASH : bfd7e54c e54dee70
04-24 12:11:04.034 7754 7775 E CRASH : bfd7e550 bfd7e670
04-24 12:11:04.034 7754 7775 E CRASH : bfd7e554 ae9fec45 /data/app/com.jiansheng.blmn.demo-nkYM2_UJaeOJVgQzdOt9lw==/lib/arm/libfmodL.so (FMOD::System::mixerSuspend()+32)
04-24 12:11:04.034 7754 7775 E CRASH : #06 bfd7e558 e6e6fa90 [anon:linker_alloc]
04-24 12:11:04.034 7754 7775 E CRASH : bfd7e55c e8f561c7 /system/bin/linker (__dl__ZN11ScopedTraceD1Ev+12)
04-24 12:11:04.035 7754 7775 E CRASH : bfd7e560 00000001
04-24 12:11:04.035 7754 7775 E CRASH : bfd7e564 e8efeed9 /system/bin/linker (__dl__Z8do_dlsymPvPKcS1_PKvPS_+564)
04-24 12:11:04.035 7754 7775 E CRASH : bfd7e568 00000000
04-24 12:11:04.035 7754 7775 E CRASH : bfd7e56c ae9577fd /data/app/com.jiansheng.blmn.demo-nkYM2_UJaeOJVgQzdOt9lw==/lib/arm/libfmodL.so
04-24 12:11:04.035 7754 7775 E CRASH : bfd7e570 ae98e0d1 /data/app/com.jiansheng.blmn.demo-nkYM2_UJaeOJVgQzdOt9lw==/lib/arm/libfmodL.so (FMOD5_System_MixerSuspend)
04-24 12:11:04.035 7754 7775 E CRASH : bfd7e574 e8e9b590 [anon:linker_alloc_small_objects]
04-24 12:11:04.035 7754 7775 E CRASH : bfd7e578 e7b74df8 /system/lib/libnativeloader.so
04-24 12:11:04.035 7754 7775 E CRASH : bfd7e57c e8e9e110 [anon:linker_alloc]
04-24 12:11:04.035 7754 7775 E CRASH : bfd7e580 00000000
04-24 12:11:04.035 7754 7775 E CRASH : bfd7e584 00000000
04-24 12:11:04.035 7754 7775 E CRASH : bfd7e588 00000000
04-24 12:11:04.035 7754 7775 E CRASH : bfd7e58c 00000000
04-24 12:11:04.035 7754 7775 E CRASH : bfd7e590 00000000
04-24 12:11:04.035 7754 7775 E CRASH : bfd7e594 00000000
04-24 12:11:04.035 7754 7775 E CRASH : ........ ........
04-24 12:11:04.035 7754 7775 E CRASH : #07 bfd7e678 bca922fd /data/app/com.jiansheng.blmn.demo-nkYM2_UJaeOJVgQzdOt9lw==/lib/arm/libil2cpp.so
04-24 12:11:04.035 7754 7775 E CRASH : bfd7e67c 00000005
04-24 12:11:04.035 7754 7775 E CRASH : bfd7e680 bca9e4ee /data/app/com.jiansheng.blmn.demo-nkYM2_UJaeOJVgQzdOt9lw==/lib/arm/libil2cpp.so
04-24 12:11:04.035 7754 7775 E CRASH : bfd7e684 00000019
04-24 12:11:04.035 7754 7775 E CRASH : bfd7e688 00000000
04-24 12:11:04.035 7754 7775 E CRASH : bfd7e68c 00000001
04-24 12:11:04.035 7754 7775 E CRASH : bfd7e690 00000004
04-24 12:11:04.035 7754 7775 E CRASH : bfd7e694 bc45e100 /data/app/com.jiansheng.blmn.demo-nkYM2_UJaeOJVgQzdOt9lw==/lib/arm/libil2cpp.so
04-24 12:11:04.035 7754 7775 E CRASH : bfd7e698 bb4b2e5c /data/app/com.jiansheng.blmn.demo-nkYM2_UJaeOJVgQzdOt9lw==/lib/arm/libil2cpp.so
04-24 12:11:04.035 7754 7775 E CRASH : bfd7e69c 00000001
04-24 12:11:04.035 7754 7775 E CRASH : bfd7e6a0 bfd7e6a8
04-24 12:11:04.035 7754 7775 E CRASH : bfd7e6a4 bb4b2e80 /data/app/com.jiansheng.blmn.demo-nkYM2_UJaeOJVgQzdOt9lw==/lib/arm/libil2cpp.so
04-24 12:11:04.035 7754 7775 E CRASH : #08 bfd7e6a8 bfd7e6c8
04-24 12:11:04.035 7754 7775 E CRASH : bfd7e6ac bc96ed18 /data/app/com.jiansheng.blmn.demo-nkYM2_UJaeOJVgQzdOt9lw==/lib/arm/libil2cpp.so
04-24 12:11:04.036 7754 7775 E CRASH : #09 bfd7e6b0 bfd7e808
04-24 12:11:04.036 7754 7775 E CRASH : bfd7e6b4 e54dee70
04-24 12:11:04.036 7754 7775 E CRASH : bfd7e6b8 b6397390 [anon:libc_malloc]
04-24 12:11:04.036 7754 7775 E CRASH : bfd7e6bc bfd7e720
04-24 12:11:04.036 7754 7775 E CRASH : bfd7e6c0 00000001
04-24 12:11:04.036 7754 7775 E CRASH : bfd7e6c4 00000001
04-24 12:11:04.036 7754 7775 E CRASH : bfd7e6c8 bee6d9a0
04-24 12:11:04.036 7754 7775 E CRASH : bfd7e6cc c1a25260 /data/app/com.jiansheng.blmn.demo-nkYM2_UJaeOJVgQzdOt9lw==/lib/arm/libunity.so (scripting_method_invoke(ScriptingMethodPtr, ScriptingObjectPtr, ScriptingArguments&, ScriptingExceptionPtr*, bool)+136)
04-24 12:11:04.036 7754 7775 E CRASH : bfd7e6d0 bfd7e808
04-24 12:11:04.036 7754 7775 E CRASH : bfd7e6d4 e54dee70
04-24 12:11:04.036 7754 7775 E CRASH : bfd7e6d8 bfd7e720
04-24 12:11:04.036 7754 7775 E CRASH : bfd7e6dc bfd7e808
04-24 12:11:04.036 7754 7775 E CRASH : bfd7e6e0 e54dee70
04-24 12:11:04.036 7754 7775 E CRASH : bfd7e6e4 00000000
04-24 12:11:04.036 7754 7775 E CRASH : bfd7e6e8 00000000
04-24 12:11:04.036 7754 7775 E CRASH : bfd7e6ec c1a1e604 /data/app/com.jiansheng.blmn.demo-nkYM2_UJaeOJVgQzdOt9lw==/lib/arm/libunity.so (ScriptingInvocation::Invoke(ScriptingExceptionPtr*, bool)+88)
04-24 12:11:04.036 7754 7775 E CRASH :
04-24 12:11:04.036 7754 7775 E CRASH : memory near r1:
04-24 12:11:04.036 7754 7775 E CRASH : 00001e3c ffffffff ffffffff ffffffff ffffffff ................
04-24 12:11:04.036 7754 7775 E CRASH : 00001e4c ffffffff ffffffff ffffffff ffffffff ................
04-24 12:11:04.036 7754 7775 E CRASH : 00001e5c ffffffff ffffffff ffffffff ffffffff ................
04-24 12:11:04.036 7754 7775 E CRASH : 00001e6c ffffffff ffffffff ffffffff ffffffff ................
04-24 12:11:04.036 7754 7775 E CRASH : 00001e7c ffffffff ffffffff ffffffff ffffffff ................
04-24 12:11:04.037 7754 7775 E CRASH : 00001e8c ffffffff ffffffff ffffffff ffffffff ................
04-24 12:11:04.037 7754 7775 E CRASH : 00001e9c ffffffff ffffffff ffffffff ffffffff ................
04-24 12:11:04.037 7754 7775 E CRASH : 00001eac ffffffff ffffffff ffffffff ffffffff ................
04-24 12:11:04.037 7754 7775 E CRASH : 00001ebc ffffffff ffffffff ffffffff ffffffff ................
04-24 12:11:04.037 7754 7775 E CRASH : 00001ecc ffffffff ffffffff ffffffff ffffffff ................
04-24 12:11:04.037 7754 7775 E CRASH : 00001edc ffffffff ffffffff ffffffff ffffffff ................
04-24 12:11:04.037 7754 7775 E CRASH : 00001eec ffffffff ffffffff ffffffff ffffffff ................
04-24 12:11:04.037 7754 7775 E CRASH : 00001efc ffffffff ffffffff ffffffff ffffffff ................
04-24 12:11:04.037 7754 7775 E CRASH : 00001f0c ffffffff ffffffff ffffffff ffffffff ................
04-24 12:11:04.037 7754 7775 E CRASH : 00001f1c ffffffff ffffffff ffffffff ffffffff ................
04-24 12:11:04.037 7754 7775 E CRASH : 00001f2c ffffffff ffffffff ffffffff ffffffff ................
04-24 12:11:04.037 7754 7775 E CRASH :
04-24 12:11:04.037 7754 7775 E CRASH : memory near r4:
04-24 12:11:04.037 7754 7775 E CRASH : 00001e28 ffffffff ffffffff ffffffff ffffffff ................
04-24 12:11:04.037 7754 7775 E CRASH : 00001e38 ffffffff ffffffff ffffffff ffffffff ................
04-24 12:11:04.038 7754 7775 E CRASH : 00001e48 ffffffff ffffffff ffffffff ffffffff ................
04-24 12:11:04.038 7754 7775 E CRASH : 00001e58 ffffffff ffffffff ffffffff ffffffff ................
04-24 12:11:04.038 7754 7775 E CRASH : 00001e68 ffffffff ffffffff ffffffff ffffffff ................
04-24 12:11:04.038 7754 7775 E CRASH : 00001e78 ffffffff ffffffff ffffffff ffffffff ................
04-24 12:11:04.038 7754 7775 E CRASH : 00001e88 ffffffff ffffffff ffffffff ffffffff ................
04-24 12:11:04.038 7754 7775 E CRASH : 00001e98 ffffffff ffffffff ffffffff ffffffff ................
04-24 12:11:04.038 7754 7775 E CRASH : 00001ea8 ffffffff ffffffff ffffffff ffffffff ................
04-24 12:11:04.038 7754 7775 E CRASH : 00001eb8 ffffffff ffffffff ffffffff ffffffff ................
04-24 12:11:04.038 7754 7775 E CRASH : 00001ec8 ffffffff ffffffff ffffffff ffffffff ................
04-24 12:11:04.038 7754 7775 E CRASH : 00001ed8 ffffffff ffffffff ffffffff ffffffff ................
04-24 12:11:04.038 7754 7775 E CRASH : 00001ee8 ffffffff ffffffff ffffffff ffffffff ................
04-24 12:11:04.038 7754 7775 E CRASH : 00001ef8 ffffffff ffffffff ffffffff ffffffff ................
04-24 12:11:04.038 7754 7775 E CRASH : 00001f08 ffffffff ffffffff ffffffff ffffffff ................
04-24 12:11:04.039 7754 7775 E CRASH : 00001f18 ffffffff ffffffff ffffffff ffffffff ................
04-24 12:11:04.039 7754 7775 E CRASH :
04-24 12:11:04.039 7754 7775 E CRASH : memory near r5:
04-24 12:11:04.039 7754 7775 E CRASH : 00001e3c ffffffff ffffffff ffffffff ffffffff ................
04-24 12:11:04.039 7754 7775 E CRASH : 00001e4c ffffffff ffffffff ffffffff ffffffff ................
04-24 12:11:04.039 7754 7775 E CRASH : 00001e5c ffffffff ffffffff ffffffff ffffffff ................
04-24 12:11:04.039 7754 7775 E CRASH : 00001e6c ffffffff ffffffff ffffffff ffffffff ................
04-24 12:11:04.039 7754 7775 E CRASH : 00001e7c ffffffff ffffffff ffffffff ffffffff ................
04-24 12:11:04.039 7754 7775 E CRASH : 00001e8c ffffffff ffffffff ffffffff ffffffff ................
04-24 12:11:04.039 7754 7775 E CRASH : 00001e9c ffffffff ffffffff ffffffff ffffffff ................
04-24 12:11:04.039 7754 7775 E CRASH : 00001eac ffffffff ffffffff ffffffff ffffffff ................
04-24 12:11:04.039 7754 7775 E CRASH : 00001ebc ffffffff ffffffff ffffffff ffffffff ................
04-24 12:11:04.039 7754 7775 E CRASH : 00001ecc ffffffff ffffffff ffffffff ffffffff ................
04-24 12:11:04.039 7754 7775 E CRASH : 00001edc ffffffff ffffffff ffffffff ffffffff ................
04-24 12:11:04.039 7754 7775 E CRASH : 00001eec ffffffff ffffffff ffffffff ffffffff ................
04-24 12:11:04.039 7754 7775 E CRASH : 00001efc ffffffff ffffffff ffffffff ffffffff ................
04-24 12:11:04.040 7754 7775 E CRASH : 00001f0c ffffffff ffffffff ffffffff ffffffff ................
04-24 12:11:04.040 7754 7775 E CRASH : 00001f1c ffffffff ffffffff ffffffff ffffffff ................
04-24 12:11:04.040 7754 7775 E CRASH : 00001f2c ffffffff ffffffff ffffffff ffffffff ................
04-24 12:11:04.040 7754 7775 E CRASH :
04-24 12:11:04.040 7754 7775 E CRASH : memory near r6:
04-24 12:11:04.040 7754 7775 E CRASH : bfd7e4c0 bfd7e4e0 00000000 bfd7e808 e806f4dd ................
04-24 12:11:04.040 7754 7775 E CRASH : bfd7e4d0 0121d260 00000001 bfd7e6a0 e8076dab `.!..........m..
04-24 12:11:04.040 7754 7775 E CRASH : bfd7e4e0 ffffffdf e7fada2c bfd7e514 e80e7844 ....,.......Dx..
04-24 12:11:04.040 7754 7775 E CRASH : bfd7e4f0 bfd7e530 e7f99a15 bfd7e514 e2857d80 0............}..
04-24 12:11:04.040 7754 7775 E CRASH : bfd7e500 bfd7e514 b6a03348 b6a03348 00011078 ....H3..H3..x...
04-24 12:11:04.040 7754 7775 E CRASH : bfd7e510 e7fada2d e7fada25 b80b338b 00000003 -...%....3......
04-24 12:11:04.040 7754 7775 E CRASH : bfd7e520 bfd7e530 aea09a2d b6a03348 00011078 0...-...H3..x...
04-24 12:11:04.040 7754 7775 E CRASH : bfd7e530 bfd7e550 ae98a7c3 ae98a800 eedc0953 P...........S...
04-24 12:11:04.040 7754 7775 E CRASH : bfd7e540 bfd7e6a0 00000000 b6a03348 e54dee70 ........H3..p.M.
04-24 12:11:04.040 7754 7775 E CRASH : bfd7e550 bfd7e670 ae9fec45 e6e6fa90 e8f561c7 p...E........a..
04-24 12:11:04.040 7754 7775 E CRASH : bfd7e560 00000001 e8efeed9 00000000 ae9577fd .............w..
04-24 12:11:04.040 7754 7775 E CRASH : bfd7e570 ae98e0d1 e8e9b590 e7b74df8 e8e9e110 .........M......
04-24 12:11:04.040 7754 7775 E CRASH : bfd7e580 00000000 00000000 00000000 00000000 ................
04-24 12:11:04.041 7754 7775 E CRASH : bfd7e590 00000000 00000000 00000000 00000000 ................
04-24 12:11:04.041 7754 7775 E CRASH : bfd7e5a0 00000000 e6b26010 00000001 bca9e4ee .....`..........
04-24 12:11:04.041 7754 7775 E CRASH : bfd7e5b0 e8ee0001 08e35704 00000000 9d998340 .....W......@...
04-24 12:11:04.041 7754 7775 E CRASH :
04-24 12:11:04.041 7754 7775 E CRASH : memory near r8:
04-24 12:11:04.041 7754 7775 E CRASH : bfd7e7e8 b6397390 e54dee70 00000000 fffffe24 .s9.p.M.....$...
04-24 12:11:04.041 7754 7775 E CRASH : bfd7e7f8 00000000 00000000 c2280101 0000022f ..........(./...
04-24 12:11:04.041 7754 7775 E CRASH : bfd7e808 00000000 c123e4fc bfd7e89c 00000000 ......#.........
04-24 12:11:04.041 7754 7775 E CRASH : bfd7e818 d8557370 0000005b c2535f98 0000003f psU.[...._S.?...
04-24 12:11:04.041 7754 7775 E CRASH : bfd7e828 b6b46910 b80b338b d8557370 00000000 .i...3..psU.....
04-24 12:11:04.041 7754 7775 E CRASH : bfd7e838 c2535f98 00000000 bee6d9a0 c12f0fd8 ._S.........../.
04-24 12:11:04.041 7754 7775 E CRASH : bfd7e848 00000001 0000005b b66fac70 00200000 ....[...p.o... .
04-24 12:11:04.041 7754 7775 E CRASH : bfd7e858 c2535f98 c12f0f20 bfd7e8b0 be91a990 ._S. ./.........
04-24 12:11:04.041 7754 7775 E CRASH : bfd7e868 c24776b4 be7c0010 bfd7e8b0 b66fac70 .vG...|.....p.o.
04-24 12:11:04.041 7754 7775 E CRASH : bfd7e878 c250de08 bfd7e8bc 00000595 bfd7e898 ..P.............
04-24 12:11:04.041 7754 7775 E CRASH : bfd7e888 bfd7e8b0 c2535f98 bfd7e9c4 c1856164 ....._S.....da..
04-24 12:11:04.042 7754 7775 E CRASH : bfd7e898 bea80010 00000000 ffffffff 00000001 ................
04-24 12:11:04.042 7754 7775 E CRASH : bfd7e8a8 00000792 00000800 c247adc0 00000001 ..........G.....
04-24 12:11:04.042 7754 7775 E CRASH : bfd7e8b8 00000000 fffffe28 00000002 00000001 ....(...........
04-24 12:11:04.042 7754 7775 E CRASH : bfd7e8c8 00000002 bfd7ec28 0000005a d8579800 ....(...Z.....W.
04-24 12:11:04.042 7754 7775 E CRASH : bfd7e8d8 bfd7ea38 c185f750 c0c84680 00000000 8...P....F......
04-24 12:11:04.042 7754 7775 E CRASH :
04-24 12:11:04.042 7754 7775 E CRASH : memory near r9:
04-24 12:11:04.042 7754 7775 E CRASH : 0121d240 ffffffff ffffffff ffffffff ffffffff ................
04-24 12:11:04.042 7754 7775 E CRASH : 0121d250 ffffffff ffffffff ffffffff ffffffff ................
04-24 12:11:04.042 7754 7775 E CRASH : 0121d260 ffffffff ffffffff ffffffff ffffffff ................
04-24 12:11:04.042 7754 7775 E CRASH : 0121d270 ffffffff ffffffff ffffffff ffffffff ................
04-24 12:11:04.042 7754 7775 E CRASH : 0121d280 ffffffff ffffffff ffffffff ffffffff ................
04-24 12:11:04.042 7754 7775 E CRASH : 0121d290 ffffffff ffffffff ffffffff ffffffff ................
04-24 12:11:04.042 7754 7775 E CRASH : 0121d2a0 ffffffff ffffffff ffffffff ffffffff ................
04-24 12:11:04.042 7754 7775 E CRASH : 0121d2b0 ffffffff ffffffff ffffffff ffffffff ................
04-24 12:11:04.042 7754 7775 E CRASH : 0121d2c0 ffffffff ffffffff ffffffff ffffffff ................
04-24 12:11:04.043 7754 7775 E CRASH : 0121d2d0 ffffffff ffffffff ffffffff ffffffff ................
04-24 12:11:04.043 7754 7775 E CRASH : 0121d2e0 ffffffff ffffffff ffffffff ffffffff ................
04-24 12:11:04.043 7754 7775 E CRASH : 0121d2f0 ffffffff ffffffff ffffffff ffffffff ................
04-24 12:11:04.043 7754 7775 E CRASH : 0121d300 ffffffff ffffffff ffffffff ffffffff ................
04-24 12:11:04.043 7754 7775 E CRASH : 0121d310 ffffffff ffffffff ffffffff ffffffff ................
04-24 12:11:04.043 7754 7775 E CRASH : 0121d320 ffffffff ffffffff ffffffff ffffffff ................
04-24 12:11:04.043 7754 7775 E CRASH : 0121d330 ffffffff ffffffff ffffffff ffffffff ................
04-24 12:11:04.043 7754 7775 E CRASH :
04-24 12:11:04.043 7754 7775 E CRASH : memory near fp:
04-24 12:11:04.043 7754 7775 E CRASH : bfd7e680 bca9e4ee 00000019 00000000 00000001 ................
04-24 12:11:04.043 7754 7775 E CRASH : bfd7e690 00000004 bc45e100 bb4b2e5c 00000001 ......E.\.K.....
04-24 12:11:04.043 7754 7775 E CRASH : bfd7e6a0 bfd7e6a8 bb4b2e80 bfd7e6c8 bc96ed18 ......K.........
