04-24 12:12:55.012 1176 1176 I HwQoEJNI: send_cmd_kernel. begin
04-24 12:12:55.012 1176 1176 I HwQoEJNI: send_cmd_kernel. end
04-24 12:12:55.013 1176 1176 I QosMonitor: postEventFromNative: msg=100,arg1=0,arg2=10
04-24 12:12:55.014 1176 1176 I MQoS : rtt=210,tcp_tx_pkts=480889,tcp_rx_pkts=921380
04-24 12:12:55.016 1176 1406 D HuaweiWifiWatchdogStateMachine: dumpTcpResult: len=10,rtt=210,rttPkt=7,rttWn=92,cgt=0,cgtWn=0
04-24 12:12:55.017 1176 1406 I HuaweiWifiWatchdogStateMachine: PTcp RTT:0, rtt pkt=0, tcp_rx=0, tcp_tx=0, tcp_reTran=0, rtRate=0
04-24 12:12:55.017 1176 1406 D HuaweiWifiWatchdogStateMachine: mRssiBadCount =0, RSSI not bad.
04-24 12:12:55.017 1176 1406 D HuaweiWifiWatchdogStateMachine: detectNetworkAvailable:hw.wifipro.dns_fail_count = 131
04-24 12:12:55.017 1176 1406 D HuaweiWifiWatchdogStateMachine: bqeLevel = 2 rtt=0,rtt_pkts=0 speed=27 rssi=-30
04-24 12:12:55.017 1176 1406 D HuaweiWifiWatchdogStateMachine: Enter updateQoeLevel level = 2
04-24 12:12:55.017 1176 1406 D HuaweiWifiWatchdogStateMachine: updateQoeLevel current level equal to mLastDetectLevel, return
04-24 12:12:55.017 1176 1406 D HuaweiWifiWatchdogStateMachine: did not have any network action
04-24 12:12:55.025 1176 3515 I MQoS : QOS_level:0(0),wifi-link;SIM error;use level-0
04-24 12:12:55.108 777 777 E : [E/capacity_limit_control] not demo version, not set power control prop!
04-24 12:12:55.638 1729 23345 I DownloadState: 0 transmitting data speed : 28 bytes/s scroff: true
04-24 12:12:56.694 1176 1176 I TrafficMonitor: update:rxPkts:0,txPkts:0,rxBytes:0,txBytes:0
04-24 12:12:56.694 1176 1176 I TrafficMonitor: start expired. level:-1
04-24 12:12:56.695 1176 1176 I TrafficMonitor: gettimer:interval=2000
04-24 12:12:57.126 1176 1338 D HwWifiStatStore: handleMessage : 200
04-24 12:12:58.015 1176 1392 D HwArpVerifier: performPollAndLog:
04-24 12:12:58.019 1176 1392 D hw_netstat: total/0/0
04-24 12:12:58.700 1176 1176 I TrafficMonitor: update:rxPkts:0,txPkts:0,rxBytes:0,txBytes:0
04-24 12:12:58.700 1176 1176 I TrafficMonitor: start expired. level:-1
04-24 12:12:58.700 1176 1176 I TrafficMonitor: gettimer:interval=2000
04-24 12:12:59.691 1176 1176 I TrafficMonitor: expired arrive. level:-1
04-24 12:12:59.692 1176 1176 I TrafficMonitor: during_ms:2005,period_ms:2000
04-24 12:12:59.692 1176 1176 I TrafficMonitor: count:48,rx_sum:0,tx_sum:0,rxBytes:0,during_ms:2005,rx_speed:0.0,tx_speed:0.0,rto:0.0
04-24 12:12:59.692 1176 1176 D HuaweiWifiWatchdogStateMachine: speed: rxpkt:0, rxSpd:0B/s, txpkt:0, txSpd:0
04-24 12:13:00.117 777 777 E : [E/capacity_limit_control] not demo version, not set power control prop!
04-24 12:13:00.132 1176 1338 D HwWifiStatStore: handleMessage : 200
04-24 12:13:00.704 1176 1176 I TrafficMonitor: update:rxPkts:0,txPkts:0,rxBytes:0,txBytes:0
04-24 12:13:00.704 1176 1176 I TrafficMonitor: start expired. level:-1
04-24 12:13:00.705 1176 1176 I TrafficMonitor: gettimer:interval=2000
04-24 12:13:02.709 1176 1176 I TrafficMonitor: update:rxPkts:0,txPkts:0,rxBytes:0,txBytes:0
04-24 12:13:02.710 1176 1176 I TrafficMonitor: start expired. level:-1
04-24 12:13:02.710 1176 1176 I TrafficMonitor: gettimer:interval=2000
04-24 12:13:02.968 1176 1392 D HwArpVerifier: check_wifi_state_mode = 0 mCheckStateToken=25 token25
04-24 12:13:02.971 1176 1392 D wifiserviceimpl: netmask =16777215
04-24 12:13:02.998 1176 1392 D HWMultiGW: setGateWay 192.168.1.1
04-24 12:13:03.010 742 742 E wificond: Failed to get NL80211_RATE_INFO_NOISE
04-24 12:13:03.010 742 742 E wificond: Failed to get NL80211_RATE_INFO_SNR
04-24 12:13:03.010 742 742 E wificond: Failed to get NL80211_STA_INFO_CNAHLOAD
04-24 12:13:03.011 1106 1119 I OAM : [check_file_size:505]/data/log/wifi/wifi_log_1 log file beyond size=10240Byte, creat new file
04-24 12:13:03.012 1106 1119 I OAM : [rename_old_file:210]rename_old_file
04-24 12:13:03.012 1106 1119 I OAM :
04-24 12:13:03.012 1176 1337 E WificondControl: Noise: 0, Snr: -1, Chload: -1
04-24 12:13:03.012 1106 1119 I OAM : [rename_old_file:210]rename_old_file
04-24 12:13:03.012 1106 1119 I OAM :
04-24 12:13:03.013 1176 1339 D HwWifiCHRStateManager: handleMessage : 1001
04-24 12:13:03.013 1176 1339 D HwWifiCHRStateManager: handleUpdateChannel:2412
04-24 12:13:03.013 1176 1339 V HwWifiServiceFactory: get AllImpl object = com.android.server.wifi.HwWifiServiceFactoryImpl@2205edc
04-24 12:13:03.018 742 742 E wificond: Failed to get NL80211_RATE_INFO_NOISE
04-24 12:13:03.018 742 742 E wificond: Failed to get NL80211_RATE_INFO_SNR
04-24 12:13:03.018 742 742 E wificond: Failed to get NL80211_STA_INFO_CNAHLOAD
04-24 12:13:03.022 1176 1176 D WiFi_PRO: MSG_RETURN_AP_CURRY_RSSI rssi = -29
04-24 12:13:03.022 1176 1406 D HuaweiWifiWatchdogStateMachine: LM mrssi=-29
04-24 12:13:03.022 1176 1176 I QosMonitor: queryRtt: rtt_type = 3
04-24 12:13:03.022 1176 1406 D HuaweiWifiWatchdogStateMachine: a4:fa:**:**:eb:b0 current loss[-45]=0%, volume=1
04-24 12:13:03.023 1176 1406 D HuaweiWifiWatchdogStateMachine: a4:fa:**:**:eb:b0 history loss[-45]=0%, volume=13825387
04-24 12:13:03.023 1176 1176 I HwQoEJNI: send_cmd_kernel. begin
04-24 12:13:03.023 1176 1176 I HwQoEJNI: send_cmd_kernel. end
04-24 12:13:03.023 1176 1406 I HuaweiWifiWatchdogStateMachine: spd good count:0, add sc:0.0, rate:1.0
04-24 12:13:03.023 1176 1176 I QosMonitor: postEventFromNative: msg=100,arg1=4,arg2=10
04-24 12:13:03.023 1176 1406 I HuaweiWifiWatchdogStateMachine: current mHighDataFlowRate = 1.0
04-24 12:13:03.023 1176 1406 I HuaweiWifiWatchdogStateMachine: POta txb txg rxg:0, 10, 0. Lr =0% Totpkt=10
04-24 12:13:03.024 1176 1176 D HuaweiWifiWatchdogStateMachine: setSampleRtt: unvalid rtt
04-24 12:13:03.024 1176 1176 I HwQoEJNI: send_cmd_kernel. begin
04-24 12:13:03.024 1176 1176 I HwQoEJNI: send_cmd_kernel. end
04-24 12:13:03.024 1176 1176 I QosMonitor: postEventFromNative: msg=100,arg1=0,arg2=10
04-24 12:13:03.025 1176 1176 I MQoS : rtt=210,tcp_tx_pkts=480889,tcp_rx_pkts=921380
04-24 12:13:03.026 1176 1406 D HuaweiWifiWatchdogStateMachine: dumpTcpResult: len=10,rtt=210,rttPkt=7,rttWn=100,cgt=0,cgtWn=0
04-24 12:13:03.027 1176 1406 I HuaweiWifiWatchdogStateMachine: PTcp RTT:0, rtt pkt=0, tcp_rx=0, tcp_tx=0, tcp_reTran=0, rtRate=0
04-24 12:13:03.027 1176 1406 D HuaweiWifiWatchdogStateMachine: mRssiBadCount =0, RSSI not bad.
04-24 12:13:03.027 1176 1406 D HuaweiWifiWatchdogStateMachine: detectNetworkAvailable:hw.wifipro.dns_fail_count = 131
04-24 12:13:03.027 1176 1406 D HuaweiWifiWatchdogStateMachine: bqeLevel = 2 rtt=0,rtt_pkts=0 speed=27 rssi=-29
04-24 12:13:03.027 1176 1406 D HuaweiWifiWatchdogStateMachine: Enter updateQoeLevel level = 2
04-24 12:13:03.027 1176 1406 D HuaweiWifiWatchdogStateMachine: updateQoeLevel current level equal to mLastDetectLevel, return
04-24 12:13:03.027 1176 1406 D HuaweiWifiWatchdogStateMachine: did not have any network action
04-24 12:13:03.035 1176 3515 I MQoS : QOS_level:0(0),wifi-link;SIM error;use level-0
04-24 12:13:03.139 1176 1338 D HwWifiStatStore: handleMessage : 200
04-24 12:13:04.001 1176 1392 D HwArpVerifier: getGateWayARPResponses: arp rtt = 23
04-24 12:13:04.002 1176 1392 E HwCHRWifiRSSIGroupSummery: updatArpSummery mRSSI:-29 HwCHRWifiRSSIGroup [rssi_index=4, rtt_tcp_packets=0, rtt_tcp_duration=0, rtt_lan_duration=6745, rtt_lan_failures=0, rtt_lan_succ=317, rtt_lan_max=939, rtt_lan_min=2,same_area_frequency=0,adjacent_area_frequency=0]
04-24 12:13:04.042 1176 1392 D HwArpVerifier: There are 1 mac address for gateway
04-24 12:13:04.043 1176 1392 D HwArpVerifier: from HEART_CHECK transmit to state:HEART_CHECK
04-24 12:13:04.043 1176 1392 D HwArpVerifier: msg what=124 arg1(token)=25 arg2(mode)=0 delay=30000
04-24 12:13:04.043 1176 1392 D HwArpVerifier: performPollAndLog:
04-24 12:13:04.047 1176 1392 D hw_netstat: total/0/0
04-24 12:13:04.714 1176 1176 I TrafficMonitor: update:rxPkts:0,txPkts:0,rxBytes:0,txBytes:0
04-24 12:13:04.714 1176 1176 I TrafficMonitor: start expired. level:-1
04-24 12:13:04.715 1176 1176 I TrafficMonitor: gettimer:interval=2000
04-24 12:13:05.127 777 777 E : [E/capacity_limit_control] not demo version, not set power control prop!
04-24 12:13:05.707 1176 1176 I TrafficMonitor: expired arrive. level:-1
04-24 12:13:05.708 1176 1176 I TrafficMonitor: during_ms:2005,period_ms:2000
04-24 12:13:05.708 1176 1176 I TrafficMonitor: count:51,rx_sum:0,tx_sum:0,rxBytes:0,during_ms:2005,rx_speed:0.0,tx_speed:0.0,rto:0.0
04-24 12:13:05.708 1176 1176 D HuaweiWifiWatchdogStateMachine: speed: rxpkt:0, rxSpd:0B/s, txpkt:0, txSpd:0
04-24 12:13:06.144 1176 1338 D HwWifiStatStore: handleMessage : 200
04-24 12:13:06.585 1729 2056 D SleepClean: run sleepClean start
04-24 12:13:06.719 1176 1176 I TrafficMonitor: update:rxPkts:0,txPkts:0,rxBytes:0,txBytes:0
04-24 12:13:06.719 1176 1176 I TrafficMonitor: start expired. level:-1
04-24 12:13:06.720 1176 1176 I TrafficMonitor: gettimer:interval=2000
04-24 12:13:06.803 487 620 W SocketListener: sending broadcast to Pid = 1176, Uid = 1000
04-24 12:13:06.809 1176 1332 D NetdConnector: RCV <- {613 IfaceClass idle 1 351174958772821}
04-24 12:13:06.814 1176 1332 D NetdConnector: RCV <- {613 IfaceClass idle 1 351174958772821}
04-24 12:13:06.818 1176 1202 D NetdConnector: RCV unsolicited event from native daemon, event = 613
04-24 12:13:07.207 741 741 E Thermal-daemon: [charger_ic] temp_new :34 temp_old :35
04-24 12:13:07.209 1729 24941 I ThermalService: Receive temperature change, type: 2, temp: 34 from thermald
04-24 12:13:07.210 741 741 E Thermal-daemon: Report temperature: [charger_ic] temp :34 report_threshold:1
04-24 12:13:07.211 741 741 E Thermal-daemon: [ap] temp_new :34 temp_old :35
04-24 12:13:07.213 1729 24941 I ThermalService: Receive temperature change, type: 0, temp: 34 from thermald
04-24 12:13:07.215 741 741 E Thermal-daemon: Report temperature: [ap] temp :34 report_threshold:1
04-24 12:13:08.724 1176 1176 I TrafficMonitor: update:rxPkts:0,txPkts:0,rxBytes:0,txBytes:0
04-24 12:13:08.724 1176 1176 I TrafficMonitor: start expired. level:-1
04-24 12:13:08.724 1176 1176 I TrafficMonitor: gettimer:interval=2000
04-24 12:13:09.051 1176 1392 D HwArpVerifier: performPollAndLog:
04-24 12:13:09.056 1176 1392 D hw_netstat: total/0/0
04-24 12:13:09.150 1176 1338 D HwWifiStatStore: handleMessage : 200
04-24 12:13:10.137 777 777 E : [E/capacity_limit_control] not demo version, not set power control prop!
04-24 12:13:10.730 1176 1176 I TrafficMonitor: update:rxPkts:0,txPkts:0,rxBytes:0,txBytes:0
04-24 12:13:10.730 1176 1176 I TrafficMonitor: start expired. level:-1
04-24 12:13:10.730 1176 1176 I TrafficMonitor: gettimer:interval=2000
04-24 12:13:11.013 742 742 E wificond: Failed to get NL80211_RATE_INFO_NOISE
04-24 12:13:11.013 742 742 E wificond: Failed to get NL80211_RATE_INFO_SNR
04-24 12:13:11.013 742 742 E wificond: Failed to get NL80211_STA_INFO_CNAHLOAD
04-24 12:13:11.014 1176 1337 E WificondControl: Noise: 0, Snr: -1, Chload: -1
04-24 12:13:11.015 1176 1339 D HwWifiCHRStateManager: handleMessage : 1001
04-24 12:13:11.016 1176 1339 D HwWifiCHRStateManager: handleUpdateChannel:2412
04-24 12:13:11.016 1176 1339 V HwWifiServiceFactory: get AllImpl object = com.android.server.wifi.HwWifiServiceFactoryImpl@2205edc
04-24 12:13:11.020 742 742 E wificond: Failed to get NL80211_RATE_INFO_NOISE
04-24 12:13:11.020 742 742 E wificond: Failed to get NL80211_RATE_INFO_SNR
04-24 12:13:11.020 742 742 E wificond: Failed to get NL80211_STA_INFO_CNAHLOAD
04-24 12:13:11.022 1176 1406 D HuaweiWifiWatchdogStateMachine: LM mrssi=-28
04-24 12:13:11.022 1176 1406 D HuaweiWifiWatchdogStateMachine: a4:fa:**:**:eb:b0 current loss[-45]=0%, volume=1
04-24 12:13:11.023 1176 1406 D HuaweiWifiWatchdogStateMachine: a4:fa:**:**:eb:b0 history loss[-45]=0%, volume=13825388
04-24 12:13:11.023 1176 1406 I HuaweiWifiWatchdogStateMachine: spd good count:0, add sc:0.0, rate:1.0
04-24 12:13:11.023 1176 1406 I HuaweiWifiWatchdogStateMachine: current mHighDataFlowRate = 1.0
04-24 12:13:11.023 1176 1406 I HuaweiWifiWatchdogStateMachine: POta txb txg rxg:0, 11, 0. Lr =0% Totpkt=11
04-24 12:13:11.026 1176 1176 D WiFi_PRO: MSG_RETURN_AP_CURRY_RSSI rssi = -28
04-24 12:13:11.027 1176 1176 I QosMonitor: queryRtt: rtt_type = 3
04-24 12:13:11.028 1176 1176 I HwQoEJNI: send_cmd_kernel. begin
04-24 12:13:11.028 1176 1176 I HwQoEJNI: send_cmd_kernel. end
04-24 12:13:11.028 1176 1176 I QosMonitor: postEventFromNative: msg=100,arg1=4,arg2=10
04-24 12:13:11.029 1176 1176 I HwQoEJNI: send_cmd_kernel. begin
04-24 12:13:11.030 1176 1176 I HwQoEJNI: send_cmd_kernel. end
04-24 12:13:11.030 1176 1176 I QosMonitor: postEventFromNative: msg=100,arg1=0,arg2=10
04-24 12:13:11.030 1176 1176 D HuaweiWifiWatchdogStateMachine: setSampleRtt: unvalid rtt
04-24 12:13:11.031 1176 1176 I MQoS : rtt=210,tcp_tx_pkts=480889,tcp_rx_pkts=921380
04-24 12:13:11.033 1176 1406 D HuaweiWifiWatchdogStateMachine: dumpTcpResult: len=10,rtt=210,rttPkt=7,rttWn=108,cgt=0,cgtWn=0
04-24 12:13:11.034 1176 1406 I HuaweiWifiWatchdogStateMachine: PTcp RTT:0, rtt pkt=0, tcp_rx=0, tcp_tx=0, tcp_reTran=0, rtRate=0
04-24 12:13:11.034 1176 1406 D HuaweiWifiWatchdogStateMachine: mRssiBadCount =0, RSSI not bad.
04-24 12:13:11.034 1176 1406 D HuaweiWifiWatchdogStateMachine: detectNetworkAvailable:hw.wifipro.dns_fail_count = 131
04-24 12:13:11.034 1176 1406 D HuaweiWifiWatchdogStateMachine: bqeLevel = 2 rtt=0,rtt_pkts=0 speed=27 rssi=-28
04-24 12:13:11.034 1176 1406 D HuaweiWifiWatchdogStateMachine: Enter updateQoeLevel level = 2
04-24 12:13:11.034 1176 1406 D HuaweiWifiWatchdogStateMachine: updateQoeLevel current level equal to mLastDetectLevel, return
04-24 12:13:11.034 1176 1406 D HuaweiWifiWatchdogStateMachine: did not have any network action
04-24 12:13:11.045 1176 3515 I MQoS : QOS_level:0(0),wifi-link;SIM error;use level-0
04-24 12:13:11.722 1176 1176 I TrafficMonitor: expired arrive. level:-1
04-24 12:13:11.722 1176 1176 I TrafficMonitor: during_ms:2006,period_ms:2000
04-24 12:13:11.722 1176 1176 I TrafficMonitor: count:54,rx_sum:0,tx_sum:0,rxBytes:0,during_ms:2006,rx_speed:0.0,tx_speed:0.0,rto:0.0
04-24 12:13:11.723 1176 1176 D HuaweiWifiWatchdogStateMachine: speed: rxpkt:0, rxSpd:0B/s, txpkt:0, txSpd:0
04-24 12:13:12.156 1176 1338 D HwWifiStatStore: handleMessage : 200
04-24 12:13:12.216 741 741 E Thermal-daemon: [shell_temp] temp_new :32 temp_old :33
04-24 12:13:12.218 1729 24941 I ThermalService: Receive temperature change, type: 22, temp: 32 from thermald
04-24 12:13:12.218 1729 24941 I ThermalTrace_ThermalRaise: Shell:34,33,32,currentBatteryTemp:33
04-24 12:13:12.219 741 741 E Thermal-daemon: Report temperature: [shell_temp] temp :32 report_threshold:1
04-24 12:13:12.223 1729 2560 W HwThermalStateManager: warning: no config thermal type:22 temperature:32
04-24 12:13:12.735 1176 1176 I TrafficMonitor: update:rxPkts:0,txPkts:0,rxBytes:0,txBytes:0
04-24 12:13:12.735 1176 1176 I TrafficMonitor: start expired. level:-1
04-24 12:13:12.736 1176 1176 I TrafficMonitor: gettimer:interval=5000
04-24 12:13:14.061 1176 1392 D HwArpVerifier: performPollAndLog:
04-24 12:13:14.066 1176 1392 D hw_netstat: total/0/0
04-24 12:13:15.147 777 777 E : [E/capacity_limit_control] not demo version, not set power control prop!
04-24 12:13:15.161 1176 1338 D HwWifiStatStore: handleMessage : 200
04-24 12:13:17.741 1176 1176 I TrafficMonitor: expired arrive. level:-1
04-24 12:13:17.744 1176 1176 I TrafficMonitor: update:rxPkts:0,txPkts:0,rxBytes:0,txBytes:0
04-24 12:13:17.744 1176 1176 I TrafficMonitor: start expired. level:-1
04-24 12:13:17.744 1176 1176 I TrafficMonitor: gettimer:interval=5000
04-24 12:13:17.744 1176 1176 I TrafficMonitor: during_ms:5009,period_ms:2000
04-24 12:13:17.744 1176 1176 I TrafficMonitor: count:56,rx_sum:0,tx_sum:0,rxBytes:0,during_ms:5009,rx_speed:0.0,tx_speed:0.0,rto:0.0
04-24 12:13:17.745 1176 1176 D HuaweiWifiWatchdogStateMachine: speed: rxpkt:0, rxSpd:0B/s, txpkt:0, txSpd:0
04-24 12:13:18.168 1176 1338 D HwWifiStatStore: handleMessage : 200
04-24 12:13:19.019 742 742 E wificond: Failed to get NL80211_RATE_INFO_NOISE
04-24 12:13:19.019 742 742 E wificond: Failed to get NL80211_RATE_INFO_SNR
04-24 12:13:19.019 742 742 E wificond: Failed to get NL80211_STA_INFO_CNAHLOAD
04-24 12:13:19.021 1176 1337 E WificondControl: Noise: 0, Snr: -1, Chload: -1
04-24 12:13:19.022 1176 1339 D HwWifiCHRStateManager: handleMessage : 1001
04-24 12:13:19.022 1176 1339 D HwWifiCHRStateManager: handleUpdateChannel:2412
04-24 12:13:19.023 1176 1339 V HwWifiServiceFactory: get AllImpl object = com.android.server.wifi.HwWifiServiceFactoryImpl@2205edc
04-24 12:13:19.028 742 742 E wificond: Failed to get NL80211_RATE_INFO_NOISE
04-24 12:13:19.028 742 742 E wificond: Failed to get NL80211_RATE_INFO_SNR
04-24 12:13:19.028 742 742 E wificond: Failed to get NL80211_STA_INFO_CNAHLOAD
04-24 12:13:19.030 1176 1406 D HuaweiWifiWatchdogStateMachine: LM mrssi=-28
04-24 12:13:19.030 1176 1176 D WiFi_PRO: MSG_RETURN_AP_CURRY_RSSI rssi = -28
04-24 12:13:19.030 1176 1176 I QosMonitor: queryRtt: rtt_type = 3
04-24 12:13:19.030 1176 1406 I HuaweiWifiWatchdogStateMachine: spd good count:0, add sc:0.0, rate:1.0
04-24 12:13:19.030 1176 1406 I HuaweiWifiWatchdogStateMachine: current mHighDataFlowRate = 1.0
04-24 12:13:19.031 1176 1176 I HwQoEJNI: send_cmd_kernel. begin
04-24 12:13:19.031 1176 1406 I HuaweiWifiWatchdogStateMachine: POta txb txg rxg:0, 11, 0. Lr =0% Totpkt=11
04-24 12:13:19.031 1176 1176 I HwQoEJNI: send_cmd_kernel. end
04-24 12:13:19.031 1176 1176 I QosMonitor: postEventFromNative: msg=100,arg1=4,arg2=10
04-24 12:13:19.032 1176 1176 I HwQoEJNI: send_cmd_kernel. begin
04-24 12:13:19.032 1176 1176 I HwQoEJNI: send_cmd_kernel. end
04-24 12:13:19.032 1176 1176 I QosMonitor: postEventFromNative: msg=100,arg1=0,arg2=10
04-24 12:13:19.032 1176 1176 D HuaweiWifiWatchdogStateMachine: setSampleRtt: unvalid rtt
04-24 12:13:19.033 1176 1176 I MQoS : rtt=210,tcp_tx_pkts=480889,tcp_rx_pkts=921380
04-24 12:13:19.033 1176 1406 D HuaweiWifiWatchdogStateMachine: dumpTcpResult: len=10,rtt=210,rttPkt=7,rttWn=116,cgt=0,cgtWn=0
04-24 12:13:19.034 1176 1406 I HuaweiWifiWatchdogStateMachine: PTcp RTT:0, rtt pkt=0, tcp_rx=0, tcp_tx=0, tcp_reTran=0, rtRate=0
04-24 12:13:19.034 1176 1406 D HuaweiWifiWatchdogStateMachine: mRssiBadCount =0, RSSI not bad.
04-24 12:13:19.034 1176 1406 D HuaweiWifiWatchdogStateMachine: detectNetworkAvailable:hw.wifipro.dns_fail_count = 131
04-24 12:13:19.034 1176 1406 D HuaweiWifiWatchdogStateMachine: bqeLevel = 2 rtt=0,rtt_pkts=0 speed=27 rssi=-28
04-24 12:13:19.034 1176 1406 D HuaweiWifiWatchdogStateMachine: Enter updateQoeLevel level = 2
04-24 12:13:19.034 1176 1406 D HuaweiWifiWatchdogStateMachine: updateQoeLevel current level equal to mLastDetectLevel, return
04-24 12:13:19.034 1176 1406 D HuaweiWifiWatchdogStateMachine: did not have any network action
04-24 12:13:19.045 1176 3515 I MQoS : QOS_level:0(0),wifi-link;SIM error;use level-0
04-24 12:13:19.045 1176 3515 I MQoS : skip-low-Level:0(0),wifi-link;SIM error;use level-0
04-24 12:13:19.071 1176 1392 D HwArpVerifier: performPollAndLog:
04-24 12:13:19.073 1176 1392 D hw_netstat: total/0/0
04-24 12:13:19.205 1176 1589 W Watchdog: hungtask: writing kick
04-24 12:13:19.207 1176 1202 I EventHub: EventHub monitor: no key events in the past 132s, no motion events in the past 133s
04-24 12:13:19.342 1176 1392 D HwArpVerifier: getIpRouteTable
04-24 12:13:19.437 1176 1392 D HwArpVerifier: Notify wifi default route is ok
04-24 12:13:20.159 777 777 E : [E/capacity_limit_control] not demo version, not set power control prop!
04-24 12:13:20.174 1176 1288 D HwBatteryService: onUEvent fcpStatus = 0,scpStatus =0,ovpStatus=0
04-24 12:13:20.177 1176 1288 I UsbDeviceManager: water_intrused state= 0
04-24 12:13:20.189 1176 1176 D HwInnerWifiManagerImpl: SupplicantState = COMPLETED
04-24 12:13:20.190 1176 1176 D HwInnerWifiManagerImpl: isPhoneAP = false
04-24 12:13:20.190 1463 1463 D KeyguardUpdateMonitor: received broadcast android.intent.action.BATTERY_CHANGED
04-24 12:13:20.191 1463 1463 W KeyguardUpdateMonitor: ACTION_BATTERY_CHANGED AMP: 500000; Volt: 5000000
04-24 12:13:20.191 1176 1176 D HwInnerWifiManagerImpl: SupplicantState = COMPLETED
04-24 12:13:20.192 1176 1176 D HwInnerWifiManagerImpl: isPhoneAP = false
04-24 12:13:20.192 1176 1176 D WifiStateMachine: mBcastReceiver: PluggedType = 2 mIsScanCtrlPluggedin = true
04-24 12:13:20.192 1176 1176 D HwWifiService: mPluggedType =2
04-24 12:13:20.194 1176 1176 D WifiService: onReceive, action:android.intent.action.BATTERY_CHANGED
04-24 12:13:20.194 1176 1176 D WifiService: ACTION_BATTERY_CHANGED pluggedType: 2
04-24 12:13:20.196 1729 1729 I MsgReceiver: intent action: android.intent.action.BATTERY_CHANGED
04-24 12:13:20.197 5515 5671 E CloudAlbum[8.1.2.309]: [ReceiverManager] not log on ignore
04-24 12:13:20.199 1463 1463 V KeyguardUpdateMonitor: RefreshBatteryInfo isBatteryLow: 70
04-24 12:13:20.199 1463 1463 W KeyguardUpdateMonitor: ChargingSpeed Wattage: 2500000 ST: 5000000 --> 7500000
04-24 12:13:20.199 1463 1463 I KgBattery: BatteryInfo updated: 2lPc0
04-24 12:13:20.199 1463 1463 W AppHandler: sendMessage with obj100
04-24 12:13:20.199 1463 1463 D KeyguardUpdateMonitor: handleBatteryUpdate
04-24 12:13:20.200 1463 1463 W HwLockScreenPanel: Handle message: 100
04-24 12:13:20.200 1463 1463 W HwKeyguardBottomArea: updateBatteryInfo : false true
04-24 12:13:20.200 1463 1463 W KgBattery: getCharge info with type: text
04-24 12:13:20.207 1463 1463 W HwLockScreenPanel: refreshBatteryInfo: null
04-24 12:13:21.175 1176 1338 D HwWifiStatStore: handleMessage : 200
04-24 12:13:22.747 1176 1176 I TrafficMonitor: expired arrive. level:-1
04-24 12:13:22.750 1176 1176 I TrafficMonitor: update:rxPkts:0,txPkts:0,rxBytes:0,txBytes:0
04-24 12:13:22.750 1176 1176 I TrafficMonitor: start expired. level:-1
04-24 12:13:22.751 1176 1176 I TrafficMonitor: gettimer:interval=5000
04-24 12:13:22.751 1176 1176 I TrafficMonitor: during_ms:5007,period_ms:2000
04-24 12:13:22.752 1176 1176 I TrafficMonitor: count:57,rx_sum:0,tx_sum:0,rxBytes:0,during_ms:5007,rx_speed:0.0,tx_speed:0.0,rto:0.0
04-24 12:13:22.752 1176 1176 D HuaweiWifiWatchdogStateMachine: speed: rxpkt:0, rxSpd:0B/s, txpkt:0, txSpd:0
04-24 12:13:23.379 1176 1490 V BroadcastQueue: Finished with ordered broadcast BroadcastRecord{b52e0a u0 com.tencent.mm.plugin.report.service.KVCommCrossProcessReceiver}
04-24 12:13:23.385 1176 1490 I ActivityManager: Killing 6112:com.android.mms/u0a35 (adj 906): empty for 1804s
04-24 12:13:23.484 1176 6208 D ActivityManager: cleanUpApplicationRecord app: ProcessRecord{eb17c71 6112:com.android.mms/u0a35}, app.bad: false, restarting: false, allowRestart: true
04-24 12:13:23.486 1708 1975 E HsmCoreServiceImpl: onTransact in code is: 102
04-24 12:13:23.487 1708 1975 I MediaProcessHandler: processOp opType: 1, uid: 10035, pid: 6112
04-24 12:13:23.487 1708 1975 W MediaProcessHandler: remove target not exist, maybe the UI process: uid: 10035, pid: 6112
04-24 12:13:23.487 1708 1975 I MediaProcessHandler: executedCallBack opType: 1 mMediaStatusObservers.size=0
04-24 12:13:23.986 656 932 I audio_hw_primary: usb_ext_get_parameters: check show hires (false)
04-24 12:13:23.987 719 7464 I hash_map_utils: key: 'typec_need_show_hires' value: ''
04-24 12:13:23.988 1176 1176 I HwAudioService: check HiRes Icon false
04-24 12:13:23.989 1176 1176 W ActivityManager: Sending non-protected broadcast huawei.intent.action.hideHiResIcon from system uid 1000 pkg null
04-24 12:13:23.989 1176 1176 I HwAudioService: broadcastHiresIntent : false
04-24 12:13:23.989 1176 1176 W ActivityManager: Sending non-protected broadcast huawei.intent.action.hideHiResIcon from system uid 1000 pkg null
04-24 12:13:23.990 1463 1463 D StatusBarIconController: setIconVisibility icon is null or visibility not change visibility=false
04-24 12:13:24.078 1176 1392 D HwArpVerifier: performPollAndLog:
04-24 12:13:24.080 1176 1392 D hw_netstat: total/0/0
04-24 12:13:24.182 1176 1338 D HwWifiStatStore: handleMessage : 200
04-24 12:13:25.184 777 777 E : [E/capacity_limit_control] not demo version, not set power control prop!
04-24 12:13:27.028 742 742 E wificond: Failed to get NL80211_RATE_INFO_NOISE
04-24 12:13:27.029 742 742 E wificond: Failed to get NL80211_RATE_INFO_SNR
04-24 12:13:27.029 742 742 E wificond: Failed to get NL80211_STA_INFO_CNAHLOAD
04-24 12:13:27.030 1176 1337 E WificondControl: Noise: 0, Snr: -1, Chload: -1
04-24 12:13:27.032 1176 1339 D HwWifiCHRStateManager: handleMessage : 1001
04-24 12:13:27.032 1176 1339 D HwWifiCHRStateManager: handleUpdateChannel:2412
04-24 12:13:27.032 1176 1339 V HwWifiServiceFactory: get AllImpl object = com.android.server.wifi.HwWifiServiceFactoryImpl@2205edc
04-24 12:13:27.037 742 742 E wificond: Failed to get NL80211_RATE_INFO_NOISE
04-24 12:13:27.037 742 742 E wificond: Failed to get NL80211_RATE_INFO_SNR
04-24 12:13:27.037 742 742 E wificond: Failed to get NL80211_STA_INFO_CNAHLOAD
04-24 12:13:27.039 1176 1406 D HuaweiWifiWatchdogStateMachine: LM mrssi=-29
04-24 12:13:27.039 1176 1176 D WiFi_PRO: MSG_RETURN_AP_CURRY_RSSI rssi = -29
04-24 12:13:27.040 1176 1176 I QosMonitor: queryRtt: rtt_type = 3
04-24 12:13:27.040 1176 1406 I HuaweiWifiWatchdogStateMachine: spd good count:0, add sc:0.0, rate:1.0
04-24 12:13:27.040 1176 1176 I HwQoEJNI: send_cmd_kernel. begin
04-24 12:13:27.041 1176 1176 I HwQoEJNI: send_cmd_kernel. end
04-24 12:13:27.041 1176 1176 I QosMonitor: postEventFromNative: msg=100,arg1=4,arg2=10
04-24 12:13:27.041 1176 1406 D HuaweiWifiWatchdogStateMachine: high data flow: protection_counter = 0, not_detect_counter = 308
04-24 12:13:27.041 1176 1406 D HuaweiWifiWatchdogStateMachine: high data flow scenario: 0 --> 0 rx bytes =0KB
04-24 12:13:27.041 1176 1176 D HuaweiWifiWatchdogStateMachine: setSampleRtt: unvalid rtt
04-24 12:13:27.042 1176 1406 I HuaweiWifiWatchdogStateMachine: current mHighDataFlowRate = 1.0
04-24 12:13:27.042 1176 1406 I HuaweiWifiWatchdogStateMachine: POta txb txg rxg:0, 11, 0. Lr =0% Totpkt=11
04-24 12:13:27.043 1176 1176 I HwQoEJNI: send_cmd_kernel. begin
04-24 12:13:27.043 1176 1176 I HwQoEJNI: send_cmd_kernel. end
04-24 12:13:27.044 1176 1176 I QosMonitor: postEventFromNative: msg=100,arg1=0,arg2=10
04-24 12:13:27.044 1176 1176 I MQoS : rtt=210,tcp_tx_pkts=480889,tcp_rx_pkts=921380
04-24 12:13:27.045 1176 1406 D HuaweiWifiWatchdogStateMachine: dumpTcpResult: len=10,rtt=210,rttPkt=7,rttWn=124,cgt=0,cgtWn=0
04-24 12:13:27.045 1176 1406 I HuaweiWifiWatchdogStateMachine: PTcp RTT:0, rtt pkt=0, tcp_rx=0, tcp_tx=0, tcp_reTran=0, rtRate=0
04-24 12:13:27.045 1176 1406 D HuaweiWifiWatchdogStateMachine: mRssiBadCount =0, RSSI not bad.
04-24 12:13:27.045 1176 1406 D HuaweiWifiWatchdogStateMachine: detectNetworkAvailable:hw.wifipro.dns_fail_count = 131
04-24 12:13:27.045 1176 1406 D HuaweiWifiWatchdogStateMachine: bqeLevel = 2 rtt=0,rtt_pkts=0 speed=27 rssi=-29
04-24 12:13:27.045 1176 1406 D HuaweiWifiWatchdogStateMachine: Enter updateQoeLevel level = 2
04-24 12:13:27.046 1176 1406 D HuaweiWifiWatchdogStateMachine: updateQoeLevel current level equal to mLastDetectLevel, return
04-24 12:13:27.046 1176 1406 D HuaweiWifiWatchdogStateMachine: did not have any network action
04-24 12:13:27.058 1176 3515 I MQoS : QOS_level:0(0),wifi-link;SIM error;use level-0
04-24 12:13:27.187 1176 1338 D HwWifiStatStore: handleMessage : 200
04-24 12:13:27.753 1176 1176 I TrafficMonitor: expired arrive. level:-1
04-24 12:13:27.756 1176 1176 I TrafficMonitor: update:rxPkts:0,txPkts:0,rxBytes:0,txBytes:0
04-24 12:13:27.756 1176 1176 I TrafficMonitor: start expired. level:-1
04-24 12:13:27.757 1176 1176 I TrafficMonitor: gettimer:interval=5000
04-24 12:13:27.757 1176 1176 I TrafficMonitor: during_ms:5006,period_ms:2000
04-24 12:13:27.757 1176 1176 I TrafficMonitor: count:58,rx_sum:0,tx_sum:0,rxBytes:0,during_ms:5006,rx_speed:0.0,tx_speed:0.0,rto:0.0
04-24 12:13:27.757 1176 1176 D HuaweiWifiWatchdogStateMachine: speed: rxpkt:0, rxSpd:0B/s, txpkt:0, txSpd:0
04-24 12:13:28.558 1176 6208 I ActivityManager: Start proc 8022:com.android.mms/u0a35 for start application com.android.mms
04-24 12:13:28.561 8022 8022 I : power log dlsym ok
04-24 12:13:28.567 8022 8022 I zygote64: Reinit property: dalvik.vm.checkjni= false
04-24 12:13:28.594 8022 8022 D ActivityThread: ActivityThread,attachApplication
04-24 12:13:28.595 1176 6208 D ActivityManager: ActivityManagerService,attachApplication,callingPid = 8022
04-24 12:13:28.606 413 413 W /system/bin/hwservicemanager: Cannot open /odm/manifest_FLA-AL20.xml
04-24 12:13:28.622 413 413 W /system/bin/hwservicemanager: Cannot open /odm/manifest_FLA-AL20.xml
04-24 12:13:28.624 649 649 I GRALLOC : shrFd=10,fmt=0x1,intFmt=0x1,btStrd=256,size=4096,pid=649
04-24 12:13:28.624 649 649 I GRALLOC : yuv=2,w=16,h=16,Stride u=0 v=0,offset u=0 v=0
04-24 12:13:28.624 649 649 I GRALLOC : iova_size=4096,conUsg=0x100,proUsg=0x100, strd=64,[afbc]HdrStrd=0 PyldStrd=0 Scrmbl=0,ionhnd = 1
04-24 12:13:28.629 8022 8036 I HwApiCacheMangerEx: apicache mCurPackageName=com.android.mms uptimes=351196786
04-24 12:13:28.629 8022 8022 D HwFLClassLoader: get used feature list :/feature/used-list failed!
04-24 12:13:28.630 8022 8022 D HwFLClassLoader: USE_FEATURE_LIST had not init!
04-24 12:13:28.632 8022 8036 I HwApiCacheMangerEx: apicache oUid null
04-24 12:13:28.634 8022 8036 I HwApiCacheMangerEx: apicache volumes null
04-24 12:13:28.636 8022 8036 I HwApiCacheMangerEx: apicache path=/storage/emulated/0 state=mounted key=com.android.mms#10035#256
04-24 12:13:28.637 8022 8036 I HwApiCacheMangerEx: apicache oUid 10035
04-24 12:13:28.637 8022 8036 I HwApiCacheMangerEx: apicache volumes null
04-24 12:13:28.639 8022 8036 I HwApiCacheMangerEx: apicache path=/storage/emulated/0 state=mounted key=com.android.mms#10035#0
04-24 12:13:28.639 8022 8036 I HwApiCacheMangerEx: apicache async read begin packageName=com.android.mms userid=0
04-24 12:13:28.639 8022 8036 I HwApiCacheMangerEx: apicache pi null
04-24 12:13:28.641 8022 8036 I chatty : uid=10035(u0_a35) queued-work-loo identical 1 line
04-24 12:13:28.643 8022 8036 I HwApiCacheMangerEx: apicache pi null
04-24 12:13:28.645 8022 8036 I HwApiCacheMangerEx: apicache oUid null
04-24 12:13:28.645 8022 8036 I HwApiCacheMangerEx: apicache async read finished packageName=com.android.mms userid=0 totalus=6057
04-24 12:13:28.683 8022 8022 I zygote64: Failed to open app image /data/dalvik-cache/arm64/system@priv-app@Mms@Mms.apk@classes.art Oat checksum 0x5068298d does not match the image one 0x634d15de in image /data/dalvik-cache/arm64/system@priv-app@Mms@Mms.apk@classes.art
04-24 12:13:28.724 8022 8022 I HwApiCacheMangerEx: apicache pi null
04-24 12:13:28.755 8022 8022 I HwCust : Constructor found for class com.huawei.mms.util.HwCustHwBackgroundLoaderImpl
04-24 12:13:28.756 8022 8022 D HwCust : Create obj success use class com.huawei.mms.util.HwCustHwBackgroundLoaderImpl
04-24 12:13:28.762 8022 8022 V TmoMonitor: Tmo add watched handler HandlerThread PerUI-Handler id:15295
04-24 12:13:28.763 8022 8022 V TmoMonitor: Tmo add watched handler HandlerThread Task_handler id:15293
04-24 12:13:28.763 8022 8022 V TmoMonitor: Tmo add watched handler HandlerThread Cache-Handler id:15294
04-24 12:13:28.792 8022 8022 I HwApiCacheMangerEx: apicache oUid 10035
04-24 12:13:28.792 8022 8022 I HwApiCacheMangerEx: apicache volumes [Landroid.os.storage.StorageVolume;@fcf6714
04-24 12:13:28.799 8022 8022 D CspApp : MmsApp onCreate
04-24 12:13:28.802 8022 8022 V TmoMonitor: Tmo add watched executor ThreadEx's defualtExecutor
04-24 12:13:28.802 8022 8022 E TmoMonitor: Add already observed target for ThreadEx's defualtExecutor TaskStack com.huawei.cspcommon.ex.ThreadEx$SerialExecutor@91eb903
04-24 12:13:28.803 8022 8022 V TmoMonitor: Tmo add watched executor AsyncTask.THREAD_POOL_EXECUTOR
04-24 12:13:28.803 8022 8022 V TmoMonitor: Tmo add watched executor AsyncTask.SERIAL_EXECUTOR
04-24 12:13:28.810 8022 8022 E RcsService: RcsXmlParser - mContext is null ,return empty string!
04-24 12:13:28.810 8022 8022 E RcsService: RcsXmlParser - mContext is null ,return empty string!
04-24 12:13:28.810 8022 8022 D RcsService: RcsFeatureEnabler - rcsProductEnabled: false rcsVendorEnabled: true
04-24 12:13:28.816 8022 8022 I HwCust : Constructor found for class com.android.mms.HwCustMmsConfigImpl
04-24 12:13:28.816 8022 8022 D HwCust : Create obj success use class com.android.mms.HwCustMmsConfigImpl
04-24 12:13:28.816 8022 8022 I HwCust : Constructor found for class com.huawei.mms.util.HwCustHwMessageUtilsImpl
04-24 12:13:28.816 8022 8022 D HwCust : Create obj success use class com.huawei.mms.util.HwCustHwMessageUtilsImpl
04-24 12:13:28.818 8022 8022 D HwCust : Create obj success use class com.huawei.mms.util.HwCustHwMessageUtilsImpl
04-24 12:13:28.818 8022 8022 E libc : Access denied finding property "runtime.mmitest.isrunning"
04-24 12:13:28.824 8022 8022 I HwCust : Constructor found for class com.android.mms.data.HwCustContactImpl
04-24 12:13:28.824 8022 8022 D HwCust : Create obj success use class com.android.mms.data.HwCustContactImpl
04-24 12:13:28.825 8022 8022 I HwCust : Constructor found for class com.android.mms.util.HwCustEcidLookupImpl
04-24 12:13:28.825 8022 8022 D HwCust : Create obj success use class com.android.mms.util.HwCustEcidLookupImpl
04-24 12:13:28.832 8022 8022 V TmoMonitor: Tmo add watched taskStack Mms:ContactsCache-tid=15297
04-24 12:13:28.835 8022 8022 D Mms/draft: [DraftCache/1] DraftCache.constructor
04-24 12:13:28.835 8022 8022 E RcsService: RcsXmlParser - mContext is null ,return empty string!
04-24 12:13:28.837 8022 8022 I chatty : uid=10035(u0_a35) com.android.mms identical 5 lines
04-24 12:13:28.837 8022 8022 E RcsService: RcsXmlParser - mContext is null ,return empty string!
04-24 12:13:28.837 8022 8022 E RcsService: RcsXmlParser - getInt NumberFormatException
04-24 12:13:28.849 8022 8022 I HwCust : Constructor found for class com.android.mms.ui.HwCustMessageUtilsImpl
04-24 12:13:28.850 8022 8022 D HwCust : Create obj success use class com.android.mms.ui.HwCustMessageUtilsImpl
04-24 12:13:28.850 8022 8022 V DownloadManager: DownloadManager.init()
04-24 12:13:28.852 8022 8022 V DownloadManager: roaming ------> false,false
04-24 12:13:28.853 8022 8022 V DownloadManager: auto download without roaming -> true
04-24 12:13:28.853 8022 8022 V DownloadManager: auto download during roaming -> false
04-24 12:13:28.855 8022 8022 V DownloadManager: mAutoDownload ------> true
04-24 12:13:28.856 8022 8039 D MMS_BkLoader: in mTaskHandler, what = 1 begin
04-24 12:13:28.856 8022 8039 D MMS_BkLoader: in mTaskHandler, what = 1 end
04-24 12:13:28.856 8022 8041 V HwPolicyFactory: : success to get AllImpl object and return....
04-24 12:13:28.858 8022 8039 D Mms_app : HwBackgroundLoader initAppSettings start @92677327605128
04-24 12:13:28.859 8022 8041 V HwWidgetFactory: : successes to get AllImpl object and return....
04-24 12:13:28.860 8022 8022 I HwCust : Constructor found for class com.android.mms.HwCustMMSAppImpl
04-24 12:13:28.861 8022 8022 D HwCust : Create obj success use class com.android.mms.HwCustMMSAppImpl
04-24 12:13:28.865 8022 8022 W Settings: mValues not put! needsGenerationTracker: true currentGeneration: -1 name: custom_number_delete_bracket value: null
04-24 12:13:28.866 8022 8039 I MMS_BkLoader: initCountryArea start
04-24 12:13:28.867 8022 8022 E OsUtil : Sms enabled for me
04-24 12:13:28.867 8022 8040 D MMS_BkLoader: load data start 1
04-24 12:13:28.867 8022 8040 I Mms_threadcache: [RecipientIdCache] fill: begin
04-24 12:13:28.868 8022 8022 D CspApp : User 10035; isOwner true; isSmsAllowed false; isSupportMultiuser false; isInLoginUser true
04-24 12:13:28.868 8022 8022 D CspApp : MmsApp onCreate finsh
04-24 12:13:28.872 8022 8039 I MMS_BkLoader: mCountryDetectorEx.getCountryIso()
04-24 12:13:28.873 8022 8022 D MSG_APP_Mms: RCS switch on and reset ft compressing status
04-24 12:13:28.874 8022 8036 E MemoryLeakMonitorManager: MemoryLeakMonitor.jar is not exist!
04-24 12:13:28.876 8022 8022 E Minikin : Could not get cmap table size!
04-24 12:13:28.876 8022 8039 I MMS_BkLoader: initCountryArea end
04-24 12:13:28.877 8022 8022 V DownloadManager: Service state changed: Bundle[mParcelledData.dataSize=1232]
04-24 12:13:28.877 8022 8039 V TmoMonitor: Tmo add watched executor Mms:PduLoaderManager
04-24 12:13:28.877 8022 8022 V DownloadManager: roaming ------> false
04-24 12:13:28.877 8022 8022 V DownloadManager: auto download without roaming -> true
04-24 12:13:28.877 8022 8022 V DownloadManager: auto download during roaming -> false
04-24 12:13:28.877 8022 8022 V DownloadManager: mAutoDownload ------> true
04-24 12:13:28.877 1176 1192 I LocationManagerService: enableOnly=trueallowedLevel=2
04-24 12:13:28.877 1176 1192 I LocationManagerService: provider=passive
04-24 12:13:28.877 1176 1192 I LocationManagerService: provider=gps
04-24 12:13:28.878 1176 1192 I LocationManagerService: provider is not enable
04-24 12:13:28.878 1176 1192 I LocationManagerService: provider=network
04-24 12:13:28.878 1176 1192 I LocationManagerService: provider is not enable
04-24 12:13:28.878 1176 1192 I LocationManagerService: getProviders()=[passive]
04-24 12:13:28.878 1176 1192 I LocationManagerService: PID: 1176 , uid : 1000 , packageName :android , allowedResolutionLevel : 2 , permission : true
04-24 12:13:28.878 1176 1192 I LocationManagerService: requestingHighPowerLocation =false
04-24 12:13:28.878 1176 1192 D HwLocationManagerService: lbsService mLBSServiceStart:false
04-24 12:13:28.878 1176 1192 I LocationManagerService: request 96c1461 passive Request[POWER_NONE passive fastest=0] from android(1000)
04-24 12:13:28.880 1176 1192 I LocationManagerService: applyRequirementsLocked to passive
04-24 12:13:28.880 1176 1192 D WorkSource: Insert in WorkSource{} @ 0 uid 1000 name android
04-24 12:13:28.880 1176 1192 I LocationManagerService: provider request: passive ProviderRequest[ON interval=0] mCHRFirstReqFlag:true
04-24 12:13:28.880 1176 1192 I LocationManagerService: network chr update
04-24 12:13:28.883 1176 1192 I LocationManagerService: mPackageName=android, interval=0,provider:passive
04-24 12:13:28.884 1176 1192 I LocationManagerService: requestingHighPowerLocation =false
04-24 12:13:28.887 8022 8041 W HwPhoneLayoutInflater: onCreateView : ClassNotFoundException, In this case we want to let the base class take a crack at it
04-24 12:13:28.887 8022 8041 W HwPhoneLayoutInflater: onCreateView : ClassNotFoundException, In this case we want to let the base class take a crack at it
04-24 12:13:28.906 8022 8040 I HwCust : Constructor found for class com.huawei.mms.util.HwCustNumberUtilsImpl
04-24 12:13:28.906 8022 8040 D HwCust : Create obj success use class com.huawei.mms.util.HwCustNumberUtilsImpl
04-24 12:13:28.906 8022 8039 I HwCust : Constructor found for class com.android.mms.pdu.HwCustPduPersisterImpl
04-24 12:13:28.906 8022 8039 D HwCust : Create obj success use class com.android.mms.pdu.HwCustPduPersisterImpl
04-24 12:13:28.906 8022 8041 D HwGalleryCacheManagerImpl: mIsEffect:false
04-24 12:13:28.910 8022 8041 D HwWechatOptimizeImpl: mIsEffect:false
04-24 12:13:28.915 8022 8039 V TmoMonitor: Tmo add watched executor ThumbnailManager
04-24 12:13:28.916 8022 8039 I Mms/SmileyParser: SmileyParser init
04-24 12:13:28.917 8022 8039 I Mms/SmileyParser: initSmileyText start
04-24 12:13:28.917 8022 8039 I Mms/SmileyParser: initPrefs start
04-24 12:13:28.918 8022 8039 D Mms_app : MmsConfig.init() @92677387148878
04-24 12:13:28.918 8022 8041 D CubicBezierInterpolator: CubicBezierInterpolator mControlPoint1x = 0.23, mControlPoint1y = 0.06, mControlPoint2x = 0.09, mControlPoint2y = 0.97
04-24 12:13:28.918 8022 8039 V MmsConfig: mnc/mcc: ,
04-24 12:13:28.918 8022 8041 D CubicBezierInterpolator: CubicBezierInterpolator mControlPoint1x = 0.6, mControlPoint1y = 0.9, mControlPoint2x = 0.8, mControlPoint2y = 1.0
04-24 12:13:28.919 8022 8039 D Mms_app : MmsConfig.readMmsConfigXML() @92677387859816
04-24 12:13:28.919 8022 8041 D CubicBezierInterpolator: CubicBezierInterpolator mControlPoint1x = 0.23, mControlPoint1y = 0.06, mControlPoint2x = 0.09, mControlPoint2y = 0.97
04-24 12:13:28.919 8022 8041 D CubicBezierInterpolator: CubicBezierInterpolator mControlPoint1x = 0.6, mControlPoint1y = 0.9, mControlPoint2x = 0.8, mControlPoint2y = 1.0
04-24 12:13:28.922 8022 8039 I MmsConfig: Read Mms config ,attrCount = 1
04-24 12:13:28.924 8022 8039 I chatty : uid=10035(u0_a35) Task_handler identical 4 lines
04-24 12:13:28.924 8022 8039 I MmsConfig: Read Mms config ,attrCount = 1
04-24 12:13:28.925 8022 8039 V MmsConfig: load xml file from UNKNOWN_PATH_CFG
04-24 12:13:28.925 8022 8039 D Mms_app : MmsConfig.readMmsConfigXML() @92677393979086
04-24 12:13:28.928 8022 8039 V MmsConfig: load xml file from UNKNOWN_PATH_CFG
04-24 12:13:28.935 8022 8039 D Mms_app : MmsConfig init() finish @92677404429607
04-24 12:13:28.938 8022 8039 I HwCust : Constructor found for class com.huawei.mms.util.HwCustSmartArchiveSettingUtilsImpl
04-24 12:13:28.938 8022 8039 D HwCust : Create obj success use class com.huawei.mms.util.HwCustSmartArchiveSettingUtilsImpl
04-24 12:13:28.938 8022 8039 D SmartArchiveSettingUtils: createDefaultSettingItems from static config
04-24 12:13:28.939 8022 8039 D SmartArchiveSettingUtils: Load archive user data of archive_num_huawei, value is true
04-24 12:13:28.939 8022 8039 D SmartArchiveSettingUtils: Load archive user data of archive_num_106, value is true
04-24 12:13:28.939 8022 8039 D SmartArchiveSettingUtils: Load archive user data of archive_num_bak, value is true
04-24 12:13:28.939 8022 8039 D SmartArchiveSettingUtils: Load archive user data of archive_num_comm_operator, value is true
04-24 12:13:28.940 8022 8039 D SmartArchiveSettingUtils: smartArchiveVersion old:10, new:10
04-24 12:13:28.941 8022 8039 W Settings: mValues not put! needsGenerationTracker: true currentGeneration: -1 name: screen_brightness_mode value: null
04-24 12:13:28.944 8022 8039 I HwCust : Constructor found for class com.huawei.mms.util.HwCustMccMncConfigImpl
04-24 12:13:28.944 8022 8039 D HwCust : Create obj success use class com.huawei.mms.util.HwCustMccMncConfigImpl
04-24 12:13:28.945 8022 8039 D Mms_app : MccMncConfig init start @92677414059816
04-24 12:13:28.948 8022 8039 D HwCust : Create obj success use class com.android.mms.ui.HwCustMessageUtilsImpl
04-24 12:13:28.953 8022 8039 D MccMncConfig: MccMncConfig init Fail
04-24 12:13:28.957 8022 8039 D MMS_BkLoader: do Check Preference with state init 2 loaded 1 operator
04-24 12:13:28.958 8022 8039 V HwTelephony: Registe ACTION_SIM_STATE_CHANGED
04-24 12:13:28.962 8022 8040 I Mms_threadcache: [RecipientIdCache] fill: finish. Loaded =9
04-24 12:13:28.962 8022 8022 D HwTelephony: handleMultySim with sub1; state ABSENT
04-24 12:13:28.963 8022 8022 D HwTelephony: the SIM2 card state is not changed
04-24 12:13:28.963 8022 8039 W System.err: java.lang.NoSuchMethodException: toSkeleton [class java.util.Calendar, class java.util.Calendar, int]
04-24 12:13:28.965 8022 8040 D MMS_BkLoader: load data end 1
04-24 12:13:28.965 8022 8040 E CSP_RADAR: Message execute too long time.{ when=-98ms what=1 target=com.huawei.mms.util.HwBackgroundLoader$4 }
04-24 12:13:28.965 8022 8039 W System.err: at java.lang.Class.getMethod(Class.java:2068)
04-24 12:13:28.965 8022 8039 W System.err: at java.lang.Class.getDeclaredMethod(Class.java:2047)
04-24 12:13:28.965 8022 8039 W System.err: at com.huawei.mms.util.HwSpecialUtils$HwDateUtils.init(HwSpecialUtils.java:280)
04-24 12:13:28.965 8022 8039 W System.err: at com.huawei.mms.util.HwBackgroundLoader.initAppSettings(HwBackgroundLoader.java:687)
04-24 12:13:28.965 8022 8039 W System.err: at com.huawei.mms.util.HwBackgroundLoader.-wrap3(Unknown Source:0)
04-24 12:13:28.965 8022 8039 W System.err: at com.huawei.mms.util.HwBackgroundLoader$5.run(HwBackgroundLoader.java:527)
04-24 12:13:28.965 8022 8039 W System.err: at com.huawei.cspcommon.ex.HandlerEx.dispatchMessage(HandlerEx.java:158)
04-24 12:13:28.965 8022 8039 W System.err: at android.os.Looper.loop(Looper.java:166)
04-24 12:13:28.965 8022 8039 W System.err: at android.os.HandlerThread.run(HandlerThread.java:65)
04-24 12:13:28.969 8022 8022 D ApkThreadFactory: XThreadFactory create: ApkThreadFactory-1. @java.util.concurrent.ThreadPoolExecutor$Worker@79f9709[State = -1, empty queue] @in thread 1 call from -->com.huawei.cspcommon.ex.ThreadEx$XThreadFactory:newThread(ThreadEx.java:173)
04-24 12:13:29.007 1176 1195 W BroadcastQueue: Permission Denial: broadcasting Intent { act=android.intent.action.ACTION_DEFAULT_DATA_SUBSCRIPTION_CHANGED flg=0x21000010 (has extras) } from null (pid=-1, uid=-1) requires com.android.contacts.huawei.permission.REFRESH_DRAFT due to registered receiver BroadcastFilter{267a6f8 u0 ReceiverList{eda2e5b 8022 com.android.mms/10035/u0 remote:adc796a}}
04-24 12:13:29.009 8022 8022 V Mms_TX_SysEvent: Intent received: action: android.net.conn.CONNECTIVITY_CHANGE
04-24 12:13:29.009 8022 8039 I HwCust : Constructor found for class com.android.mms.transaction.HwCustMessagingNotificationImpl
04-24 12:13:29.009 8022 8039 D HwCust : Create obj success use class com.android.mms.transaction.HwCustMessagingNotificationImpl
04-24 12:13:29.011 8022 8022 I HwCust : Constructor found for class android.net.HwCustConnectivityManagerImpl
04-24 12:13:29.011 8022 8022 D HwCust : Create obj success use class android.net.HwCustConnectivityManagerImpl
04-24 12:13:29.011 8022 8039 D HwCust : Create obj success use class com.android.mms.util.HwCustEcidLookupImpl
04-24 12:13:29.013 1744 1761 D PhoneInterfaceManager: [PhoneIntfMgr] getDataEnabled: subId=1 phoneId=1
04-24 12:13:29.015 8022 8039 D ApkThreadFactory: XThreadFactory create: ApkThreadFactory-2. @java.util.concurrent.ThreadPoolExecutor$Worker@4831472[State = -1, empty queue] @in thread 15293 call from -->com.huawei.cspcommon.ex.ThreadEx$XThreadFactory:newThread(ThreadEx.java:173)
04-24 12:13:29.017 8022 8039 E MMS_BkLoader: DefaultSmsApp fresh fail! null; Exceptionnull
04-24 12:13:29.017 1744 1761 D PhoneInterfaceManager: [PhoneIntfMgr] getDataEnabled: subId=1 retVal=true
04-24 12:13:29.018 8022 8022 V Mms_TX_SysEvent: TYPE_MOBILE_MMS available = true, isConnected = false
04-24 12:13:29.019 8022 8022 V Mms_TX_SysEvent: wakeUpService: start transaction service ...
04-24 12:13:29.019 8022 8039 V Contact : Contact-ChangeMoniter all listeners is removed
04-24 12:13:29.020 8022 8053 I XIAOYUAN: initInerData start
04-24 12:13:29.022 8022 8022 D HwCust : Create obj success use class com.android.mms.util.HwCustEcidLookupImpl
04-24 12:13:29.024 8022 8039 D VerifitionSmsManager: registerListener
04-24 12:13:29.026 8022 8054 W Settings: mValues not put! needsGenerationTracker: true currentGeneration: -1 name: sms_default_application value: com.android.mms
04-24 12:13:29.027 8022 8022 D OsUtil : hasStrictRequiredPermissions run true
04-24 12:13:29.029 8022 8039 D HwCust : Create obj success use class com.android.mms.HwCustMmsConfigImpl
04-24 12:13:29.030 8022 8039 D HwCustHwBackgroundLoaderImpl: registerChangeFollowFlagReceiver
04-24 12:13:29.034 8022 8053 I XIAOYUAN: initAlgorithm run
04-24 12:13:29.036 8022 8022 D MMS_BkLoader: strState:ABSENT
04-24 12:13:29.039 8022 8039 E RcsService: RcsXmlParser - mContext is null ,return empty string!
04-24 12:13:29.039 8022 8039 I chatty : uid=10035(u0_a35) Task_handler identical 2 lines
04-24 12:13:29.039 8022 8039 E RcsService: RcsXmlParser - mContext is null ,return empty string!
04-24 12:13:29.040 8022 8022 V Mms_TXM_SVC: Creating TransactionService
04-24 12:13:29.041 8022 8039 D Mms_app : HwBackgroundLoader initAppSettings end @92677510755649
04-24 12:13:29.042 8022 8053 I zhao_init: oldVer 20180126185311, assetsVer :20180126185311
04-24 12:13:29.047 8022 8022 I HwCust : Constructor found for class com.android.mms.transaction.HwCustTransactionServiceImpl
04-24 12:13:29.047 8022 8022 D HwCust : Create obj success use class com.android.mms.transaction.HwCustTransactionServiceImpl
04-24 12:13:29.048 8022 8056 I XIAOYUAN: initMenuData start assetsVersion=-1
04-24 12:13:29.048 8022 8056 I XIAOYUAN: initMenuData end
04-24 12:13:29.049 8022 8022 I HwCust : Constructor found for class com.huawei.mms.util.HwCustUpdateUserBehaviorImpl
04-24 12:13:29.050 8022 8022 D HwCust : Create obj success use class com.huawei.mms.util.HwCustUpdateUserBehaviorImpl
04-24 12:13:29.050 8022 8022 D HwCust : Create obj success use class com.huawei.mms.util.HwCustHwMessageUtilsImpl
04-24 12:13:29.050 8022 8022 I Mms_TXM_SVC: onStartCommand send EVENT_NEW_INTENT. service-id 1
04-24 12:13:29.050 8022 8058 V Mms_TXM_SVC: Handling incoming message: { when=0 what=5 arg1=1 obj=Intent { cmp=com.android.mms/.transaction.TransactionService } target=com.android.mms.transaction.TransactionService$ServiceHandler } = EVENT_NEW_INTENT
04-24 12:13:29.052 8022 8022 W Mms_TXM_SVC: ConnectivityBroadcastReceiver.onReceive() action: android.net.conn.CONNECTIVITY_CHANGE
04-24 12:13:29.053 8022 8022 V Mms_TXM_SVC: MSG_APP_Handle ConnectivityBroadcastReceiver.onReceive(): [type: MOBILE_MMS[], state: DISCONNECTED/DISCONNECTED, reason: (unspecified), extra: (none), failover: false, available: true, roaming: false, metered: true]
04-24 12:13:29.053 8022 8022 V Mms_TXM_SVC: TYPE_MOBILE_MMS not connected, bail
04-24 12:13:29.053 8022 8022 V Mms_TXM_SVC: retrying mms connectivity for it's available and renew = false
04-24 12:13:29.056 8022 8058 D Mms : isWifiCallingAvailable = false isImsRegistered = false
04-24 12:13:29.057 8022 8058 I HwCust : Constructor found for class com.huawei.mms.util.HwCustHwSpecialUtilsImpl
04-24 12:13:29.057 8022 8058 D HwCust : Create obj success use class com.huawei.mms.util.HwCustHwSpecialUtilsImpl
04-24 12:13:29.058 8022 8056 I XIAOYUAN: initPublicLogo localVersion=null assetsVersion=-1
04-24 12:13:29.058 8022 8056 I XIAOYUAN: initPublicLogo start
04-24 12:13:29.058 8022 8058 V HwSpecialUtils: allowMms = 1
04-24 12:13:29.058 8022 8056 I XIAOYUAN: initPublicLogo end
04-24 12:13:29.059 8022 8058 V HwSpecialUtils: indexs = 1
04-24 12:13:29.059 8022 8058 D Mms : card subscription = 0 is isRoaming false
