04-24 12:11:12.049 1729 18882 I ThermalService: Receive temperature change, type: 0, temp: 41 from thermald
04-24 12:11:12.051 741 741 E Thermal-daemon: Report temperature: [ap] temp :41 report_threshold:1
04-24 12:11:12.052 1729 2560 D HwThermalStateManager: Thermal type: 0 cur_temperature:41
04-24 12:11:13.180 1176 1302 W AlarmManager: mIsScreenOn is: false, WAKEUP alarm trigger action = ALARM_ACTION(27905) package name is: com.tencent.mm
04-24 12:11:13.182 27905 27971 I longlink_progress: on_heartbeat_alarm, time: 351061339, is_noop_timeout:0
04-24 12:11:13.216 1176 1629 W ProcBatteryStats: timer is running , not start, name: com.tencent.mm, uid: 10824, tag: PlatformComm
04-24 12:11:13.220 1176 1629 I chatty : uid=1000(system) Binder:1176_5 identical 1 line
04-24 12:11:13.225 1176 1629 W ProcBatteryStats: timer is running , not start, name: com.tencent.mm, uid: 10824, tag: PlatformComm
04-24 12:11:13.235 1176 1629 V BroadcastQueue: Finished with ordered broadcast BroadcastRecord{393af76 u0 ALARM_ACTION(27905)}
04-24 12:11:13.240 27905 28003 I longlink_progress: on_heartbeat_set, time: 351061397, time interval:210000
04-24 12:11:13.249 27905 28003 I longlink_progress: on_heartbeat_set, time: 351061406, time interval:210000
04-24 12:11:13.436 1176 1176 I TrafficMonitor: update:rxPkts:1,txPkts:2,rxBytes:77,txBytes:117
04-24 12:11:13.436 1176 1176 I TrafficMonitor: start expired. level:-1
04-24 12:11:13.437 1176 1176 I TrafficMonitor: gettimer:interval=2000
04-24 12:11:14.226 1176 1490 W ProcBatteryStats: timer is not running , not stop, name: com.tencent.mm, uid: 10824, tag: PlatformComm
04-24 12:11:14.541 1176 1392 D HwArpVerifier: performPollAndLog:
04-24 12:11:14.545 1176 1392 D hw_netstat: total/77/157,com.tencent.mm/77/117,unknown:0/0/40
04-24 12:11:14.801 777 777 E : [E/capacity_limit_control] not demo version, not set power control prop!
04-24 12:11:14.906 1176 1338 D HwWifiStatStore: handleMessage : 200
04-24 12:11:15.442 1176 1176 I TrafficMonitor: update:rxPkts:0,txPkts:0,rxBytes:0,txBytes:0
04-24 12:11:15.443 1176 1176 I TrafficMonitor: start expired. level:-1
04-24 12:11:15.443 1176 1176 I TrafficMonitor: gettimer:interval=2000
04-24 12:11:15.537 1729 23345 I DownloadState: 0 transmitting data speed : 8 bytes/s scroff: true
04-24 12:11:15.538 1729 23345 I DownloadState: 10824 transmitting data speed : 38 bytes/s scroff: true
04-24 12:11:16.066 3756 3774 D LogUtil_LogConfig: obtainSavePath(): path = 1
04-24 12:11:16.068 3756 3774 D LogUtil_LogConfig: getLogFile(): logFilePath = /data/data/com.huawei.health/files/com.huawei.health/com.huawei.health_DaemonService/
04-24 12:11:16.069 3756 3774 D LogUtil_LogConfig: obtainSavePath(): path = 1
04-24 12:11:16.069 3756 3774 D LogUtil_LogConfig: acquireMaxLogFileLengthContainsOffset describe: com.huawei.health:DaemonService result:5242880
04-24 12:11:16.069 3756 3774 D LogUtil_LogConfig: obtainSavePath(): path = 1
04-24 12:11:16.070 3756 3774 D LogUtil_LogConfig: getLogFileRoot(): logFilePath = /data/data/com.huawei.health/files/com.huawei.health/com.huawei.health_DaemonService/
04-24 12:11:16.434 1176 1176 I TrafficMonitor: expired arrive. level:-1
04-24 12:11:16.435 1176 1176 I TrafficMonitor: during_ms:2006,period_ms:2000
04-24 12:11:16.435 1176 1176 I TrafficMonitor: count:1001,rx_sum:0,tx_sum:0,rxBytes:0,during_ms:2006,rx_speed:0.0,tx_speed:0.0,rto:0.0
04-24 12:11:16.435 1176 1176 D HuaweiWifiWatchdogStateMachine: speed: rxpkt:0, rxSpd:0B/s, txpkt:0, txSpd:0
04-24 12:11:16.551 1176 1204 D SmartcareProc: onSignalStrengthsChanged: signalStrength is: SignalStrength: 99 -1 0 0 -73 -98 32767 -1 32767 99 0 0 0 2147483647 0 -1 true cdma , on sub: 1
04-24 12:11:16.551 1176 1204 D SmartcareProc: SignalStrength update result, ss: SignalStrengthInfo:68043809 mGsmSignalStrength: -1 mWcdmaRscp: -1 mWcdmaEcio: -1 mLteRsrp: -1 mLteRsrq: -1 mCdmaDbm: -73 mCdmaEcio: -98 mEvdoDbm: 32767mEvdoEcio: -1mLteRssnr: -1
04-24 12:11:16.552 1176 1176 I MQoS : onSignal: mSubId=1,currDataSubID=1
04-24 12:11:16.552 1176 1176 I MQoS : received cell-signal:5
04-24 12:11:16.795 1729 2560 I LogPowerAdapter: do thermal temperature:33action:app_ctrl value:0 to PG
04-24 12:11:16.795 1729 2560 D HwPolicyDispatcher: send ctrl to PG,0
04-24 12:11:16.802 1729 2056 I TClean : TClean trigger policy = 0
04-24 12:11:16.803 1729 2056 I HardwareAdapter: file:/sys/class/hw_power/charger/direct_charger/adaptor_detect, fileExists:false, fileCanRead:false
04-24 12:11:16.803 1729 2056 I HardwareAdapter: isOnlyChargingType adaptor_detect=null
04-24 12:11:16.805 1729 2056 I HardwareAdapter: isOnlyChargingType chargerType=0
04-24 12:11:16.805 1729 2056 I ash : not only power charing.
04-24 12:11:17.052 741 741 E Thermal-daemon: [shell_temp] temp_new :36 temp_old :37
04-24 12:11:17.054 1729 18882 I ThermalService: Receive temperature change, type: 22, temp: 36 from thermald
04-24 12:11:17.055 1729 18882 I ThermalTrace_ThermalRaise: Shell:-100,37,36,currentBatteryTemp:34
04-24 12:11:17.058 741 741 E Thermal-daemon: Report temperature: [shell_temp] temp :36 report_threshold:1
04-24 12:11:17.059 1729 2560 W HwThermalStateManager: warning: no config thermal type:22 temperature:36
04-24 12:11:17.060 741 741 E Thermal-daemon: [charger_ic] temp_new :39 temp_old :40
04-24 12:11:17.062 1729 18882 I ThermalService: Receive temperature change, type: 2, temp: 39 from thermald
04-24 12:11:17.063 741 741 E Thermal-daemon: Report temperature: [charger_ic] temp :39 report_threshold:1
04-24 12:11:17.064 741 741 E Thermal-daemon: [ap] temp_new :40 temp_old :41
04-24 12:11:17.065 1729 18882 I ThermalService: Receive temperature change, type: 0, temp: 40 from thermald
04-24 12:11:17.066 741 741 E Thermal-daemon: Report temperature: [ap] temp :40 report_threshold:1
04-24 12:11:17.067 1729 2560 D HwThermalStateManager: Thermal type: 0 cur_temperature:40
04-24 12:11:17.070 1729 2560 D HwThermalStateManager: Thermal type: 0 cur_temperature:40
04-24 12:11:17.100 7938 7979 W zygote64: Class tmsdkobf.ns failed lock verification and will run slower.
04-24 12:11:17.446 1176 1176 I TrafficMonitor: update:rxPkts:6,txPkts:8,rxBytes:496,txBytes:738
04-24 12:11:17.447 1176 1176 I TrafficMonitor: start expired. level:-1
04-24 12:11:17.447 1176 1176 I TrafficMonitor: gettimer:interval=2000
04-24 12:11:17.911 1176 1338 D HwWifiStatStore: handleMessage : 200
04-24 12:11:18.900 742 742 E wificond: Failed to get NL80211_RATE_INFO_NOISE
04-24 12:11:18.901 742 742 E wificond: Failed to get NL80211_RATE_INFO_SNR
04-24 12:11:18.901 742 742 E wificond: Failed to get NL80211_STA_INFO_CNAHLOAD
04-24 12:11:18.909 1176 1337 E WificondControl: Noise: 0, Snr: -1, Chload: -1
04-24 12:11:18.910 1176 1339 D HwWifiCHRStateManager: handleMessage : 1001
04-24 12:11:18.910 1176 1339 D HwWifiCHRStateManager: handleUpdateChannel:2412
04-24 12:11:18.910 1176 1339 V HwWifiServiceFactory: get AllImpl object = com.android.server.wifi.HwWifiServiceFactoryImpl@2205edc
04-24 12:11:18.914 742 742 E wificond: Failed to get NL80211_RATE_INFO_NOISE
04-24 12:11:18.915 742 742 E wificond: Failed to get NL80211_RATE_INFO_SNR
04-24 12:11:18.915 742 742 E wificond: Failed to get NL80211_STA_INFO_CNAHLOAD
04-24 12:11:18.918 1176 1406 D HuaweiWifiWatchdogStateMachine: LM mrssi=-27
04-24 12:11:18.918 1176 1176 D WiFi_PRO: MSG_RETURN_AP_CURRY_RSSI rssi = -27
04-24 12:11:18.918 1176 1406 D HuaweiWifiWatchdogStateMachine: a4:fa:**:**:eb:b0 current loss[-45]=0%, volume=12
04-24 12:11:18.919 1176 1406 D HuaweiWifiWatchdogStateMachine: a4:fa:**:**:eb:b0 history loss[-45]=0%, volume=13825369
04-24 12:11:18.919 1176 1176 I QosMonitor: queryRtt: rtt_type = 3
04-24 12:11:18.919 1176 1406 I HuaweiWifiWatchdogStateMachine: spd good count:0, add sc:0.0, rate:1.0
04-24 12:11:18.920 1176 1406 D HuaweiWifiWatchdogStateMachine: high data flow: protection_counter = 0, not_detect_counter = 304
04-24 12:11:18.920 1176 1406 D HuaweiWifiWatchdogStateMachine: high data flow scenario: 0 --> 0 rx bytes =140KB
04-24 12:11:18.920 1176 1406 I HuaweiWifiWatchdogStateMachine: current mHighDataFlowRate = 1.0
04-24 12:11:18.920 1176 1406 I HuaweiWifiWatchdogStateMachine: POta txb txg rxg:0, 12, 0. Lr =0% Totpkt=12
04-24 12:11:18.922 1176 1176 I HwQoEJNI: send_cmd_kernel. begin
04-24 12:11:18.922 1176 1176 I HwQoEJNI: send_cmd_kernel. end
04-24 12:11:18.923 1176 3109 D HwUidTcpMonitor: parseWlanUidTcpStatistics lastUidTcpStatInfo = [ mUid = 10824 mPacketName = com.tencent.mm mSendSegs = 177 mResendSegs = 0 mRcvSegs = 132 ]
04-24 12:11:18.923 1176 1176 I QosMonitor: postEventFromNative: msg=100,arg1=4,arg2=10
04-24 12:11:18.923 1176 1176 I HwQoEJNI: send_cmd_kernel. begin
04-24 12:11:18.923 1176 1176 I HwQoEJNI: send_cmd_kernel. end
04-24 12:11:18.924 1176 1176 I QosMonitor: postEventFromNative: msg=100,arg1=0,arg2=10
04-24 12:11:18.924 1176 1176 D HuaweiWifiWatchdogStateMachine: a4:fa:**:**:eb:b0 current RTT[-45]=270, volume=5
04-24 12:11:18.924 1176 1176 D HuaweiWifiWatchdogStateMachine: a4:fa:**:**:eb:b0 history RTT[-45]=511, volume=60824
04-24 12:11:18.924 1176 1176 D HuaweiWifiWatchdogStateMachine: setSampleRtt: rtt=270,rtt_pkts =5,rtt_when=1
04-24 12:11:18.924 1176 1176 I MQoS : rtt=270,tcp_tx_pkts=480879,tcp_rx_pkts=921374
04-24 12:11:18.924 1176 1176 I QosMonitor: resetRtt: rtt_type = 3
04-24 12:11:18.924 1176 1176 I HwQoEJNI: send_cmd_kernel. begin
04-24 12:11:18.924 1176 1176 I HwQoEJNI: send_cmd_kernel. end
04-24 12:11:18.926 1176 1406 D HuaweiWifiWatchdogStateMachine: dumpTcpResult: len=10,rtt=270,rttPkt=5,rttWn=1,cgt=16,cgtWn=9224690
04-24 12:11:18.927 1176 1406 I HuaweiWifiWatchdogStateMachine: PTcp RTT:270, rtt pkt=5, tcp_rx=7, tcp_tx=12, tcp_reTran=0, rtRate=0
04-24 12:11:18.927 1176 1406 D HuaweiWifiWatchdogStateMachine: isRttGood is good, AvgRtt = 270, TotPkt = 5
04-24 12:11:18.927 1176 1406 D HuaweiWifiWatchdogStateMachine: mRssiBadCount =0, RSSI not bad.
04-24 12:11:18.927 1176 1406 D HuaweiWifiWatchdogStateMachine: detectNetworkAvailable:hw.wifipro.dns_fail_count = 131
04-24 12:11:18.927 1176 1406 D HuaweiWifiWatchdogStateMachine: detectNetworkAvailable: tcpRxPkts != 0, reset
04-24 12:11:18.927 1176 1406 I HuaweiWifiWatchdogStateMachine: rs ota tcp lr rttvb bad: false, false, false, false, false; rsth:-75
04-24 12:11:18.927 1176 1406 D HuaweiWifiWatchdogStateMachine: GSC:0, GSR:1.0, RSR:1.0, RTH:-75
04-24 12:11:18.927 1176 1406 I HuaweiWifiWatchdogStateMachine: judge good link######, goodLinkLevel=3
04-24 12:11:18.928 1176 1406 I HuaweiWifiWatchdogStateMachine: sendResultMsgToQM bssid:a4:fa:**:**:eb:b0, qoslevel=3
04-24 12:11:18.928 1176 1406 I HuaweiWifiWatchdogStateMachine: link good reported, good base rssi:-34
04-24 12:11:18.928 1176 1406 D HuaweiWifiWatchdogStateMachine: goodperiod count=0, rb rttg sg =false, true, false
04-24 12:11:18.928 1176 1176 D WiFi_PRO_WifiProStateMachine: onNetworkQosChange, currentWifiLevel == 3, wifiNoInternet = false, updateUiOnly = true
04-24 12:11:18.928 1176 1406 D HuaweiWifiWatchdogStateMachine: bqeLevel = 3 rtt=270,rtt_pkts=5 speed=0 rssi=-27
04-24 12:11:18.928 1176 1406 D HuaweiWifiWatchdogStateMachine: Enter updateQoeLevel level = 3
04-24 12:11:18.928 1176 1406 D HuaweiWifiWatchdogStateMachine: updateQoeLevel need two more periods, return
04-24 12:11:18.928 1176 1406 I HuaweiWifiWatchdogStateMachine: pkt chk not bad, reset sc to 0.
04-24 12:11:18.928 1176 1406 D HuaweiWifiWatchdogStateMachine: ### mPktChkBadCnt=0
04-24 12:11:18.934 1176 3515 I MQoS : QOS_level:0(0),wifi-link;SIM error;use level-0
04-24 12:11:19.191 1176 1589 W Watchdog: hungtask: writing kick
04-24 12:11:19.451 1176 1176 I TrafficMonitor: update:rxPkts:0,txPkts:1,rxBytes:0,txBytes:40
04-24 12:11:19.452 1176 1176 I TrafficMonitor: start expired. level:-1
04-24 12:11:19.452 1176 1176 I TrafficMonitor: gettimer:interval=2000
04-24 12:11:19.552 1176 1392 D HwArpVerifier: performPollAndLog:
04-24 12:11:19.556 1176 1392 D hw_netstat: total/496/778,android.uid.system:1000/496/738,unknown:0/0/40
04-24 12:11:19.812 777 777 E : [E/capacity_limit_control] not demo version, not set power control prop!
04-24 12:11:19.864 1176 1288 D HwBatteryService: onUEvent fcpStatus = 0,scpStatus =0,ovpStatus=0
04-24 12:11:19.867 1176 1288 I UsbDeviceManager: water_intrused state= 0
04-24 12:11:19.882 1176 1176 D HwInnerWifiManagerImpl: SupplicantState = COMPLETED
04-24 12:11:19.883 1176 1176 D HwInnerWifiManagerImpl: isPhoneAP = false
04-24 12:11:19.883 1463 1463 D KeyguardUpdateMonitor: received broadcast android.intent.action.BATTERY_CHANGED
04-24 12:11:19.884 1463 1463 W KeyguardUpdateMonitor: ACTION_BATTERY_CHANGED AMP: 500000; Volt: 5000000
04-24 12:11:19.884 1176 1176 D HwInnerWifiManagerImpl: SupplicantState = COMPLETED
04-24 12:11:19.884 1176 1176 D HwInnerWifiManagerImpl: isPhoneAP = false
04-24 12:11:19.884 1176 1176 D WifiStateMachine: mBcastReceiver: PluggedType = 2 mIsScanCtrlPluggedin = true
04-24 12:11:19.885 1176 1176 D HwWifiService: mPluggedType =2
04-24 12:11:19.886 1463 1463 V KeyguardUpdateMonitor: RefreshBatteryInfo isBatteryLow: 70
04-24 12:11:19.886 1463 1463 W KeyguardUpdateMonitor: ChargingSpeed Wattage: 2500000 ST: 5000000 --> 7500000
04-24 12:11:19.886 1463 1463 I KgBattery: BatteryInfo updated: 2lPc0
04-24 12:11:19.886 1176 1176 D WifiService: onReceive, action:android.intent.action.BATTERY_CHANGED
04-24 12:11:19.886 1463 1463 W AppHandler: sendMessage with obj100
04-24 12:11:19.886 1463 1463 D KeyguardUpdateMonitor: handleBatteryUpdate
04-24 12:11:19.886 1176 1176 D WifiService: ACTION_BATTERY_CHANGED pluggedType: 2
04-24 12:11:19.887 1463 1463 W HwLockScreenPanel: Handle message: 100
04-24 12:11:19.887 1463 1463 W HwKeyguardBottomArea: updateBatteryInfo : false true
04-24 12:11:19.887 1463 1463 W KgBattery: getCharge info with type: text
04-24 12:11:19.890 5515 5671 E CloudAlbum[8.1.2.309]: [ReceiverManager] not log on ignore
04-24 12:11:19.892 1729 1729 I MsgReceiver: intent action: android.intent.action.BATTERY_CHANGED
04-24 12:11:19.896 1463 1463 W HwLockScreenPanel: refreshBatteryInfo: null
04-24 12:11:20.543 1729 23345 I DownloadState: 0 transmitting data speed : 8 bytes/s scroff: true
04-24 12:11:20.544 1729 23345 I DownloadState: 1000 transmitting data speed : 246 bytes/s scroff: true
04-24 12:11:20.918 1176 1338 D HwWifiStatStore: handleMessage : 200
04-24 12:11:21.457 1176 1176 I TrafficMonitor: update:rxPkts:1,txPkts:1,rxBytes:40,txBytes:40
04-24 12:11:21.457 1176 1176 I TrafficMonitor: start expired. level:-1
04-24 12:11:21.457 1176 1176 I TrafficMonitor: gettimer:interval=2000
04-24 12:11:22.069 741 741 E Thermal-daemon: [charger_ic] temp_new :38 temp_old :39
04-24 12:11:22.071 1729 24941 I ThermalService: Receive temperature change, type: 2, temp: 38 from thermald
04-24 12:11:22.072 1729 2560 D HwThermalStateManager: Thermal type: 2 cur_temperature:38
04-24 12:11:22.073 741 741 E Thermal-daemon: Report temperature: [charger_ic] temp :38 report_threshold:1
04-24 12:11:22.074 741 741 E Thermal-daemon: [ap] temp_new :39 temp_old :40
04-24 12:11:22.075 1729 24941 I ThermalService: Receive temperature change, type: 0, temp: 39 from thermald
04-24 12:11:22.076 1729 2560 D HwThermalStateManager: Thermal type: 0 cur_temperature:39
04-24 12:11:22.077 741 741 E Thermal-daemon: Report temperature: [ap] temp :39 report_threshold:1
04-24 12:11:22.115 7938 7997 D NetworkSecurityConfig: No Network Security Config specified, using platform default
04-24 12:11:22.136 487 8007 W libc : Set property "hw.wifi.dns_stat" to "311,28,476,1,4971"
04-24 12:11:22.449 1176 1176 I TrafficMonitor: expired arrive. level:-1
04-24 12:11:22.450 1176 1176 I TrafficMonitor: during_ms:2005,period_ms:2000
04-24 12:11:22.450 1176 1176 I TrafficMonitor: count:1004,rx_sum:1,tx_sum:1,rxBytes:40,during_ms:2005,rx_speed:19.950124688279303,tx_speed:19.950124688279303,rto:1.0
04-24 12:11:22.450 1176 1176 D HuaweiWifiWatchdogStateMachine: speed: rxpkt:1, rxSpd:19B/s, txpkt:1, txSpd:19
04-24 12:11:22.563 1176 1204 D SmartcareProc: onSignalStrengthsChanged: signalStrength is: SignalStrength: 99 -1 0 0 -75 -98 32767 -1 32767 99 0 0 0 2147483647 0 -1 true cdma , on sub: 1
04-24 12:11:22.563 1176 1204 D SmartcareProc: SignalStrength update result, ss: SignalStrengthInfo:68043809 mGsmSignalStrength: -1 mWcdmaRscp: -1 mWcdmaEcio: -1 mLteRsrp: -1 mLteRsrq: -1 mCdmaDbm: -75 mCdmaEcio: -98 mEvdoDbm: 32767mEvdoEcio: -1mLteRssnr: -1
04-24 12:11:22.565 1176 1176 I MQoS : onSignal: mSubId=1,currDataSubID=1
04-24 12:11:22.565 1176 1176 I MQoS : received cell-signal:5
04-24 12:11:22.682 1729 1883 I MotionDetection: start walking, for not rev still_enter: 16s
04-24 12:11:22.684 1729 2056 I ash : user start walking
04-24 12:11:22.687 1176 6208 W ActivityManager: Sending non-protected broadcast com.huawei.intent.action.PG_AR_STATE_ACTION from system 1729:com.huawei.powergenie/1000 pkg com.huawei.powergenie
04-24 12:11:22.688 1176 6208 W ActivityManager: Sending non-protected broadcast com.huawei.intent.action.PG_AR_STATE_ACTION from system 1729:com.huawei.powergenie/1000 pkg com.huawei.powergenie
04-24 12:11:22.690 1729 1883 I BroadcastAdapter: sendStationaryState isStationary:false
04-24 12:11:22.691 1176 1176 D HwWifiService: mIsAbsoluteRest =false
04-24 12:11:22.710 1176 1176 D HwWifiConnectivityManager: Current stationary = true, new stationary = false
04-24 12:11:22.711 1176 1176 D HwWifiConnectivityManager: PG_AR_STATE_ACTION ScreenOff do nothing return !
04-24 12:11:23.254 1176 6208 V BroadcastQueue: Finished with ordered broadcast BroadcastRecord{66ffe75 u0 com.tencent.mm.plugin.report.service.KVCommCrossProcessReceiver}
04-24 12:11:23.459 1176 1176 I TrafficMonitor: update:rxPkts:5,txPkts:7,rxBytes:1174,txBytes:542
04-24 12:11:23.459 1176 1176 I TrafficMonitor: start expired. level:-1
04-24 12:11:23.459 1176 1176 I TrafficMonitor: gettimer:interval=2000
04-24 12:11:23.459 1176 1176 I TrafficMonitor: before Count:1005,after Count:5
04-24 12:11:23.926 1176 1338 D HwWifiStatStore: handleMessage : 200
04-24 12:11:24.561 1176 1392 D HwArpVerifier: performPollAndLog:
04-24 12:11:24.566 1176 1392 D hw_netstat: total/1214/582,android.uid.system:1000/1030/481,unknown:0/184/101
04-24 12:11:24.871 777 777 E : [E/capacity_limit_control] not demo version, not set power control prop!
04-24 12:11:25.464 1176 1176 I TrafficMonitor: update:rxPkts:0,txPkts:0,rxBytes:0,txBytes:0
04-24 12:11:25.465 1176 1176 I TrafficMonitor: start expired. level:-1
04-24 12:11:25.465 1176 1176 I TrafficMonitor: gettimer:interval=2000
04-24 12:11:25.543 6112 6132 D TmoMonitor: Cache monitor msg as screen_off
04-24 12:11:25.544 6112 6132 I chatty : uid=10035(u0_a35) Monitor Hanlder identical 7 lines
04-24 12:11:25.544 6112 6132 D TmoMonitor: Cache monitor msg as screen_off
04-24 12:11:25.548 1729 23345 I DownloadState: 0 transmitting data speed : 57 bytes/s scroff: true
04-24 12:11:25.548 1729 23345 I DownloadState: 1000 transmitting data speed : 302 bytes/s scroff: true
04-24 12:11:26.909 742 742 E wificond: Failed to get NL80211_RATE_INFO_NOISE
04-24 12:11:26.909 742 742 E wificond: Failed to get NL80211_RATE_INFO_SNR
04-24 12:11:26.910 742 742 E wificond: Failed to get NL80211_STA_INFO_CNAHLOAD
04-24 12:11:26.910 1176 1337 E WificondControl: Noise: 0, Snr: -1, Chload: -1
04-24 12:11:26.912 1176 1339 D HwWifiCHRStateManager: handleMessage : 1001
04-24 12:11:26.912 1176 1339 D HwWifiCHRStateManager: handleUpdateChannel:2412
04-24 12:11:26.912 1176 1339 V HwWifiServiceFactory: get AllImpl object = com.android.server.wifi.HwWifiServiceFactoryImpl@2205edc
04-24 12:11:26.917 742 742 E wificond: Failed to get NL80211_RATE_INFO_NOISE
04-24 12:11:26.918 742 742 E wificond: Failed to get NL80211_RATE_INFO_SNR
04-24 12:11:26.918 742 742 E wificond: Failed to get NL80211_STA_INFO_CNAHLOAD
04-24 12:11:26.920 1176 1406 D HuaweiWifiWatchdogStateMachine: LM mrssi=-28
04-24 12:11:26.920 1176 1176 D WiFi_PRO: MSG_RETURN_AP_CURRY_RSSI rssi = -28
04-24 12:11:26.921 1176 1406 D HuaweiWifiWatchdogStateMachine: a4:fa:**:**:eb:b0 current loss[-45]=0%, volume=8
04-24 12:11:26.921 1176 1176 I QosMonitor: queryRtt: rtt_type = 3
04-24 12:11:26.921 1176 1406 D HuaweiWifiWatchdogStateMachine: a4:fa:**:**:eb:b0 history loss[-45]=0%, volume=13825377
04-24 12:11:26.922 1176 1176 I HwQoEJNI: send_cmd_kernel. begin
04-24 12:11:26.922 1176 1176 I HwQoEJNI: send_cmd_kernel. end
04-24 12:11:26.922 1176 1176 I QosMonitor: postEventFromNative: msg=100,arg1=4,arg2=10
04-24 12:11:26.922 1176 1406 I HuaweiWifiWatchdogStateMachine: spd good count:0, add sc:0.0, rate:1.0
04-24 12:11:26.922 1176 1406 I HuaweiWifiWatchdogStateMachine: current mHighDataFlowRate = 1.0
04-24 12:11:26.922 1176 1406 I HuaweiWifiWatchdogStateMachine: POta txb txg rxg:0, 8, 0. Lr =0% Totpkt=8
04-24 12:11:26.923 1176 1176 D HuaweiWifiWatchdogStateMachine: a4:fa:**:**:eb:b0 current RTT[-45]=80, volume=3
04-24 12:11:26.923 1176 1176 D HuaweiWifiWatchdogStateMachine: a4:fa:**:**:eb:b0 history RTT[-45]=511, volume=60827
04-24 12:11:26.923 1176 1176 D HuaweiWifiWatchdogStateMachine: setSampleRtt: rtt=80,rtt_pkts =3,rtt_when=4
04-24 12:11:26.923 1176 1176 I HwQoEJNI: send_cmd_kernel. begin
04-24 12:11:26.923 1176 1176 I HwQoEJNI: send_cmd_kernel. end
04-24 12:11:26.923 1176 1176 I QosMonitor: postEventFromNative: msg=100,arg1=0,arg2=10
04-24 12:11:26.924 1176 1176 I QosMonitor: resetRtt: rtt_type = 3
04-24 12:11:26.924 1176 1176 I HwQoEJNI: send_cmd_kernel. begin
04-24 12:11:26.924 1176 1176 I HwQoEJNI: send_cmd_kernel. end
04-24 12:11:26.924 1176 1176 I MQoS : rtt=210,tcp_tx_pkts=480886,tcp_rx_pkts=921379
04-24 12:11:26.925 1176 1406 D HuaweiWifiWatchdogStateMachine: dumpTcpResult: len=10,rtt=210,rttPkt=7,rttWn=4,cgt=16,cgtWn=9224690
04-24 12:11:26.926 1176 1406 I HuaweiWifiWatchdogStateMachine: PTcp RTT:210, rtt pkt=7, tcp_rx=5, tcp_tx=7, tcp_reTran=0, rtRate=0
04-24 12:11:26.926 1176 1406 D HuaweiWifiWatchdogStateMachine: mRssiBadCount =0, RSSI not bad.
04-24 12:11:26.926 1176 1406 D HuaweiWifiWatchdogStateMachine: detectNetworkAvailable:hw.wifipro.dns_fail_count = 131
04-24 12:11:26.926 1176 1406 D HuaweiWifiWatchdogStateMachine: detectNetworkAvailable: tcpRxPkts != 0, reset
04-24 12:11:26.926 1176 1406 I HuaweiWifiWatchdogStateMachine: rs ota tcp lr rttvb bad: false, false, false, false, false; rsth:-75
04-24 12:11:26.926 1176 1406 D HuaweiWifiWatchdogStateMachine: GSC:0, GSR:1.0, RSR:1.0, RTH:-75
04-24 12:11:26.926 1176 1406 D HuaweiWifiWatchdogStateMachine: goodperiod count=1, rb rttg sg =false, true, false
04-24 12:11:26.926 1176 1406 D HuaweiWifiWatchdogStateMachine: bqeLevel = 3 rtt=210,rtt_pkts=7 speed=19 rssi=-28
04-24 12:11:26.927 1176 1406 D HuaweiWifiWatchdogStateMachine: Enter updateQoeLevel level = 3
04-24 12:11:26.927 1176 1406 D HuaweiWifiWatchdogStateMachine: Leave updateQoeLevel level = 3
04-24 12:11:26.928 1176 1176 D WiFi_PRO_WifiProStateMachine: onWifiBqeDetectionResult = 3
04-24 12:11:26.928 1176 1401 D WiFi_PRO_WifiProStateMachine: "uwa4d/5G" TCPRTT level = 3
04-24 12:11:26.928 1176 1406 I HuaweiWifiWatchdogStateMachine: pkt chk not bad, reset sc to 0.
04-24 12:11:26.928 1176 1406 D HuaweiWifiWatchdogStateMachine: ### mPktChkBadCnt=0
04-24 12:11:26.932 1176 1338 D HwWifiStatStore: handleMessage : 200
04-24 12:11:26.934 1176 3515 I MQoS : QOS_level:0(0),wifi-link;SIM error;use level-0
04-24 12:11:26.934 1176 3515 I MQoS : skip-low-Level:0(0),wifi-link;SIM error;use level-0
04-24 12:11:26.934 1176 1401 D WiFi_PRO_EvaluateController: "uwa4d/5G",crurrent Signal = 4, last Signal = 4, isSemiAuto, last evaluate is Valid
04-24 12:11:26.934 1176 1401 D WiFi_PRO_WifiProStateMachine: updateWifiQosLevel, mCurrentSsid: "uwa4d/5G" ,isWiFiNoInternet: false, qosLevel: 3
04-24 12:11:26.935 1176 1401 D WiFi_PRO_EvaluateController: internetAccessType not change, can not update
04-24 12:11:26.935 1176 1401 D WiFi_PRO_EvaluateController: updateEvaluate Level succeed!.new Level = 3
04-24 12:11:26.949 1176 1337 D WifiConfigStore: Writing to stores completed in 10 ms.
04-24 12:11:27.078 741 741 E Thermal-daemon: [pa_0] temp_new :36 temp_old :37
04-24 12:11:27.078 1729 24941 I ThermalService: Receive temperature change, type: 1, temp: 36 from thermald
04-24 12:11:27.079 741 741 E Thermal-daemon: Report temperature: [pa_0] temp :36 report_threshold:1
04-24 12:11:27.080 1729 2560 W HwThermalStateManager: warning: no config thermal type:1 temperature:36
04-24 12:11:27.469 1176 1176 I TrafficMonitor: update:rxPkts:0,txPkts:0,rxBytes:0,txBytes:0
04-24 12:11:27.469 1176 1176 I TrafficMonitor: start expired. level:-1
04-24 12:11:27.470 1176 1176 I TrafficMonitor: gettimer:interval=2000
04-24 12:11:28.460 1176 1176 I TrafficMonitor: expired arrive. level:-1
04-24 12:11:28.461 1176 1176 I TrafficMonitor: during_ms:2004,period_ms:2000
04-24 12:11:28.461 1176 1176 I TrafficMonitor: count:7,rx_sum:0,tx_sum:0,rxBytes:0,during_ms:2004,rx_speed:0.0,tx_speed:0.0,rto:0.0
04-24 12:11:28.461 1176 1176 D HuaweiWifiWatchdogStateMachine: speed: rxpkt:0, rxSpd:0B/s, txpkt:0, txSpd:0
04-24 12:11:29.474 1176 1176 I TrafficMonitor: update:rxPkts:0,txPkts:0,rxBytes:0,txBytes:0
04-24 12:11:29.474 1176 1176 I TrafficMonitor: start expired. level:-1
04-24 12:11:29.475 1176 1176 I TrafficMonitor: gettimer:interval=2000
04-24 12:11:29.528 1176 1392 D HwArpVerifier: check_wifi_state_mode = 0 mCheckStateToken=25 token25
04-24 12:11:29.530 1176 1392 D wifiserviceimpl: netmask =16777215
04-24 12:11:29.572 1176 1392 D HWMultiGW: setGateWay 192.168.1.1
04-24 12:11:29.582 1106 1119 I OAM : [check_file_size:505]/data/log/wifi/wifi_log_1 log file beyond size=10240Byte, creat new file
04-24 12:11:29.582 1106 1119 I OAM : [rename_old_file:210]rename_old_file
04-24 12:11:29.582 1106 1119 I OAM :
04-24 12:11:29.881 777 777 E : [E/capacity_limit_control] not demo version, not set power control prop!
04-24 12:11:29.937 1176 1338 D HwWifiStatStore: handleMessage : 200
04-24 12:11:30.575 1176 1392 D HwArpVerifier: getGateWayARPResponses: arp rtt = 13
04-24 12:11:30.576 1176 1392 E HwCHRWifiRSSIGroupSummery: updatArpSummery mRSSI:-28 HwCHRWifiRSSIGroup [rssi_index=4, rtt_tcp_packets=0, rtt_tcp_duration=0, rtt_lan_duration=6701, rtt_lan_failures=0, rtt_lan_succ=314, rtt_lan_max=939, rtt_lan_min=2,same_area_frequency=0,adjacent_area_frequency=0]
04-24 12:11:30.612 1176 1392 D HwArpVerifier: There are 1 mac address for gateway
04-24 12:11:30.612 1176 1392 D HwArpVerifier: from HEART_CHECK transmit to state:HEART_CHECK
04-24 12:11:30.613 1176 1392 D HwArpVerifier: msg what=124 arg1(token)=25 arg2(mode)=0 delay=30000
04-24 12:11:30.613 1176 1392 D HwArpVerifier: performPollAndLog:
04-24 12:11:30.616 1176 1392 D hw_netstat: total/0/0
04-24 12:11:31.480 1176 1176 I TrafficMonitor: update:rxPkts:0,txPkts:0,rxBytes:0,txBytes:0
04-24 12:11:31.480 1176 1176 I TrafficMonitor: start expired. level:-1
04-24 12:11:31.480 1176 1176 I TrafficMonitor: gettimer:interval=2000
04-24 12:11:32.084 741 741 E Thermal-daemon: [ap] temp_new :38 temp_old :39
04-24 12:11:32.086 1729 24941 I ThermalService: Receive temperature change, type: 0, temp: 38 from thermald
04-24 12:11:32.088 1729 2560 D HwThermalStateManager: Thermal type: 0 cur_temperature:38
04-24 12:11:32.088 741 741 E Thermal-daemon: Report temperature: [ap] temp :38 report_threshold:1
04-24 12:11:32.944 1176 1338 D HwWifiStatStore: handleMessage : 200
04-24 12:11:33.486 1176 1176 I TrafficMonitor: update:rxPkts:0,txPkts:1,rxBytes:0,txBytes:40
04-24 12:11:33.486 1176 1176 I TrafficMonitor: start expired. level:-1
04-24 12:11:33.487 1176 1176 I TrafficMonitor: gettimer:interval=2000
04-24 12:11:34.475 1176 1176 I TrafficMonitor: expired arrive. level:-1
04-24 12:11:34.476 1176 1176 I TrafficMonitor: during_ms:2006,period_ms:2000
04-24 12:11:34.476 1176 1176 I TrafficMonitor: count:10,rx_sum:0,tx_sum:1,rxBytes:0,during_ms:2006,rx_speed:0.0,tx_speed:19.940179461615156,rto:0.0
04-24 12:11:34.476 1176 1176 D HuaweiWifiWatchdogStateMachine: speed: rxpkt:0, rxSpd:0B/s, txpkt:1, txSpd:19
04-24 12:11:34.891 777 777 E : [E/capacity_limit_control] not demo version, not set power control prop!
04-24 12:11:34.910 742 742 E wificond: Failed to get NL80211_RATE_INFO_NOISE
04-24 12:11:34.910 742 742 E wificond: Failed to get NL80211_RATE_INFO_SNR
04-24 12:11:34.910 742 742 E wificond: Failed to get NL80211_STA_INFO_CNAHLOAD
04-24 12:11:34.911 1176 1337 E WificondControl: Noise: 0, Snr: -1, Chload: -1
04-24 12:11:34.912 1176 1339 D HwWifiCHRStateManager: handleMessage : 1001
04-24 12:11:34.912 1176 1339 D HwWifiCHRStateManager: handleUpdateChannel:2412
04-24 12:11:34.912 1176 1339 V HwWifiServiceFactory: get AllImpl object = com.android.server.wifi.HwWifiServiceFactoryImpl@2205edc
04-24 12:11:34.916 742 742 E wificond: Failed to get NL80211_RATE_INFO_NOISE
04-24 12:11:34.917 742 742 E wificond: Failed to get NL80211_RATE_INFO_SNR
04-24 12:11:34.917 742 742 E wificond: Failed to get NL80211_STA_INFO_CNAHLOAD
04-24 12:11:34.919 1176 1176 D WiFi_PRO: MSG_RETURN_AP_CURRY_RSSI rssi = -28
04-24 12:11:34.919 1176 1406 D HuaweiWifiWatchdogStateMachine: LM mrssi=-28
04-24 12:11:34.919 1176 1406 D HuaweiWifiWatchdogStateMachine: a4:fa:**:**:eb:b0 current loss[-45]=0%, volume=2
04-24 12:11:34.919 1176 1176 I QosMonitor: queryRtt: rtt_type = 3
04-24 12:11:34.920 1176 1406 D HuaweiWifiWatchdogStateMachine: a4:fa:**:**:eb:b0 history loss[-45]=0%, volume=13825379
04-24 12:11:34.920 1176 1176 I HwQoEJNI: send_cmd_kernel. begin
04-24 12:11:34.920 1176 1176 I HwQoEJNI: send_cmd_kernel. end
04-24 12:11:34.920 1176 1176 I QosMonitor: postEventFromNative: msg=100,arg1=4,arg2=10
04-24 12:11:34.920 1176 1406 I HuaweiWifiWatchdogStateMachine: spd good count:0, add sc:0.0, rate:1.0
04-24 12:11:34.920 1176 1406 I HuaweiWifiWatchdogStateMachine: current mHighDataFlowRate = 1.0
04-24 12:11:34.921 1176 1406 I HuaweiWifiWatchdogStateMachine: POta txb txg rxg:0, 2, 0. Lr =0% Totpkt=2
04-24 12:11:34.921 1176 1176 D HuaweiWifiWatchdogStateMachine: setSampleRtt: unvalid rtt
04-24 12:11:34.922 1176 1176 I HwQoEJNI: send_cmd_kernel. begin
04-24 12:11:34.922 1176 1176 I HwQoEJNI: send_cmd_kernel. end
04-24 12:11:34.922 1176 1176 I QosMonitor: postEventFromNative: msg=100,arg1=0,arg2=10
04-24 12:11:34.923 1176 1176 I MQoS : rtt=210,tcp_tx_pkts=480887,tcp_rx_pkts=921379
04-24 12:11:34.923 1176 1406 D HuaweiWifiWatchdogStateMachine: dumpTcpResult: len=10,rtt=210,rttPkt=7,rttWn=12,cgt=16,cgtWn=9226100
04-24 12:11:34.924 1176 1406 I HuaweiWifiWatchdogStateMachine: PTcp RTT:0, rtt pkt=0, tcp_rx=0, tcp_tx=1, tcp_reTran=0, rtRate=0
04-24 12:11:34.924 1176 1406 D HuaweiWifiWatchdogStateMachine: mRssiBadCount =0, RSSI not bad.
04-24 12:11:34.924 1176 1406 D HuaweiWifiWatchdogStateMachine: detectNetworkAvailable:hw.wifipro.dns_fail_count = 131
04-24 12:11:34.924 1176 1406 D HuaweiWifiWatchdogStateMachine: bqeLevel = 2 rtt=0,rtt_pkts=0 speed=0 rssi=-28
04-24 12:11:34.924 1176 1406 D HuaweiWifiWatchdogStateMachine: Enter updateQoeLevel level = 2
04-24 12:11:34.924 1176 1406 D HuaweiWifiWatchdogStateMachine: Leave updateQoeLevel level = 2
04-24 12:11:34.925 1176 1406 D HuaweiWifiWatchdogStateMachine: did not have any network action
04-24 12:11:34.925 1176 1176 D WiFi_PRO_WifiProStateMachine: onWifiBqeDetectionResult = 2
04-24 12:11:34.926 1176 1401 D WiFi_PRO_WifiProStateMachine: "uwa4d/5G" TCPRTT level = 2
04-24 12:11:34.932 1176 1401 D WiFi_PRO_EvaluateController: "uwa4d/5G",crurrent Signal = 4, last Signal = 4, isSemiAuto, last evaluate is Valid
04-24 12:11:34.932 1176 1401 D WiFi_PRO_WifiProStateMachine: updateWifiQosLevel, mCurrentSsid: "uwa4d/5G" ,isWiFiNoInternet: false, qosLevel: 2
04-24 12:11:34.933 1176 1401 D WiFi_PRO_EvaluateController: internetAccessType not change, can not update
04-24 12:11:34.933 1176 1401 D WiFi_PRO_EvaluateController: updateEvaluate Level succeed!.new Level = 2
04-24 12:11:34.934 1176 3515 I MQoS : QOS_level:0(0),wifi-link;SIM error;use level-0
04-24 12:11:34.947 1176 1337 D WifiConfigStore: Writing to stores completed in 10 ms.
04-24 12:11:35.491 1176 1176 I TrafficMonitor: update:rxPkts:0,txPkts:0,rxBytes:0,txBytes:0
04-24 12:11:35.491 1176 1176 I TrafficMonitor: start expired. level:-1
04-24 12:11:35.492 1176 1176 I TrafficMonitor: gettimer:interval=2000
04-24 12:11:35.558 1729 23345 I DownloadState: 0 transmitting data speed : 8 bytes/s scroff: true
04-24 12:11:35.622 1176 1392 D HwArpVerifier: performPollAndLog:
04-24 12:11:35.626 1176 1392 D hw_netstat: total/0/40,unknown:0/0/40
04-24 12:11:35.951 1176 1338 D HwWifiStatStore: handleMessage : 200
04-24 12:11:37.092 741 741 E Thermal-daemon: [charger_ic] temp_new :37 temp_old :38
04-24 12:11:37.094 1729 24941 I ThermalService: Receive temperature change, type: 2, temp: 37 from thermald
04-24 12:11:37.095 1729 2560 D HwThermalStateManager: Thermal type: 2 cur_temperature:37
04-24 12:11:37.098 741 741 E Thermal-daemon: Report temperature: [charger_ic] temp :37 report_threshold:1
04-24 12:11:37.496 1176 1176 I TrafficMonitor: update:rxPkts:0,txPkts:0,rxBytes:0,txBytes:0
04-24 12:11:37.497 1176 1176 I TrafficMonitor: start expired. level:-1
04-24 12:11:37.497 1176 1176 I TrafficMonitor: gettimer:interval=2000
04-24 12:11:38.958 1176 1338 D HwWifiStatStore: handleMessage : 200
04-24 12:11:39.169 1176 1392 D HwArpVerifier: getIpRouteTable
04-24 12:11:39.246 1176 1392 D HwArpVerifier: Notify wifi default route is ok
04-24 12:11:39.503 1176 1176 I TrafficMonitor: update:rxPkts:0,txPkts:0,rxBytes:0,txBytes:0
04-24 12:11:39.503 1176 1176 I TrafficMonitor: start expired. level:-1
04-24 12:11:39.503 1176 1176 I TrafficMonitor: gettimer:interval=2000
04-24 12:11:39.901 777 777 E : [E/capacity_limit_control] not demo version, not set power control prop!
04-24 12:11:40.494 1176 1176 I TrafficMonitor: expired arrive. level:-1
04-24 12:11:40.495 1176 1176 I TrafficMonitor: during_ms:2006,period_ms:2000
04-24 12:11:40.495 1176 1176 I TrafficMonitor: count:13,rx_sum:0,tx_sum:0,rxBytes:0,during_ms:2006,rx_speed:0.0,tx_speed:0.0,rto:0.0
04-24 12:11:40.495 1176 1176 D HuaweiWifiWatchdogStateMachine: speed: rxpkt:0, rxSpd:0B/s, txpkt:0, txSpd:0
04-24 12:11:40.629 1176 1392 D HwArpVerifier: performPollAndLog:
04-24 12:11:40.632 1176 1392 D hw_netstat: total/0/0
04-24 12:11:41.508 1176 1176 I TrafficMonitor: update:rxPkts:0,txPkts:0,rxBytes:0,txBytes:0
04-24 12:11:41.509 1176 1176 I TrafficMonitor: start expired. level:-1
04-24 12:11:41.509 1176 1176 I TrafficMonitor: gettimer:interval=2000
04-24 12:11:41.965 1176 1338 D HwWifiStatStore: handleMessage : 200
04-24 12:11:42.102 741 741 E Thermal-daemon: [ap] temp_new :37 temp_old :38
04-24 12:11:42.104 1729 24941 I ThermalService: Receive temperature change, type: 0, temp: 37 from thermald
04-24 12:11:42.105 1729 2560 D HwThermalStateManager: Thermal type: 0 cur_temperature:37
04-24 12:11:42.109 741 741 E Thermal-daemon: Report temperature: [ap] temp :37 report_threshold:1
04-24 12:11:42.917 742 742 E wificond: Failed to get NL80211_RATE_INFO_NOISE
04-24 12:11:42.917 742 742 E wificond: Failed to get NL80211_RATE_INFO_SNR
04-24 12:11:42.917 742 742 E wificond: Failed to get NL80211_STA_INFO_CNAHLOAD
04-24 12:11:42.918 1176 1337 E WificondControl: Noise: 0, Snr: -1, Chload: -1
04-24 12:11:42.919 1176 1339 D HwWifiCHRStateManager: handleMessage : 1001
04-24 12:11:42.920 1176 1339 D HwWifiCHRStateManager: handleUpdateChannel:2412
04-24 12:11:42.920 1176 1339 V HwWifiServiceFactory: get AllImpl object = com.android.server.wifi.HwWifiServiceFactoryImpl@2205edc
04-24 12:11:42.924 742 742 E wificond: Failed to get NL80211_RATE_INFO_NOISE
04-24 12:11:42.924 742 742 E wificond: Failed to get NL80211_RATE_INFO_SNR
04-24 12:11:42.924 742 742 E wificond: Failed to get NL80211_STA_INFO_CNAHLOAD
04-24 12:11:42.926 1176 1406 D HuaweiWifiWatchdogStateMachine: LM mrssi=-29
04-24 12:11:42.927 1176 1176 D WiFi_PRO: MSG_RETURN_AP_CURRY_RSSI rssi = -29
04-24 12:11:42.927 1176 1406 I HuaweiWifiWatchdogStateMachine: spd good count:0, add sc:0.0, rate:1.0
04-24 12:11:42.927 1176 1406 I HuaweiWifiWatchdogStateMachine: current mHighDataFlowRate = 1.0
04-24 12:11:42.927 1176 1176 I QosMonitor: queryRtt: rtt_type = 3
04-24 12:11:42.927 1176 1406 I HuaweiWifiWatchdogStateMachine: POta txb txg rxg:0, 2, 0. Lr =0% Totpkt=2
04-24 12:11:42.928 1176 1176 I HwQoEJNI: send_cmd_kernel. begin
04-24 12:11:42.928 1176 1176 I HwQoEJNI: send_cmd_kernel. end
04-24 12:11:42.928 1176 1176 I QosMonitor: postEventFromNative: msg=100,arg1=4,arg2=10
04-24 12:11:42.928 1176 1176 I HwQoEJNI: send_cmd_kernel. begin
04-24 12:11:42.929 1176 1176 I HwQoEJNI: send_cmd_kernel. end
04-24 12:11:42.929 1176 1176 I QosMonitor: postEventFromNative: msg=100,arg1=0,arg2=10
04-24 12:11:42.929 1176 1176 D HuaweiWifiWatchdogStateMachine: setSampleRtt: unvalid rtt
04-24 12:11:42.930 1176 1176 I MQoS : rtt=210,tcp_tx_pkts=480887,tcp_rx_pkts=921379
04-24 12:11:42.930 1176 1406 D HuaweiWifiWatchdogStateMachine: dumpTcpResult: len=10,rtt=210,rttPkt=7,rttWn=20,cgt=0,cgtWn=0
04-24 12:11:42.930 1176 1406 I HuaweiWifiWatchdogStateMachine: PTcp RTT:0, rtt pkt=0, tcp_rx=0, tcp_tx=0, tcp_reTran=0, rtRate=0
04-24 12:11:42.930 1176 1406 D HuaweiWifiWatchdogStateMachine: mRssiBadCount =0, RSSI not bad.
04-24 12:11:42.931 1176 1406 D HuaweiWifiWatchdogStateMachine: detectNetworkAvailable:hw.wifipro.dns_fail_count = 131
04-24 12:11:42.931 1176 1406 D HuaweiWifiWatchdogStateMachine: bqeLevel = 2 rtt=0,rtt_pkts=0 speed=0 rssi=-29
04-24 12:11:42.931 1176 1406 D HuaweiWifiWatchdogStateMachine: Enter updateQoeLevel level = 2
04-24 12:11:42.931 1176 1406 D HuaweiWifiWatchdogStateMachine: updateQoeLevel current level equal to mLastDetectLevel, return
04-24 12:11:42.931 1176 1406 D HuaweiWifiWatchdogStateMachine: did not have any network action
04-24 12:11:42.936 1176 3515 I MQoS : QOS_level:0(0),wifi-link;SIM error;use level-0
04-24 12:11:43.513 1176 1176 I TrafficMonitor: update:rxPkts:0,txPkts:0,rxBytes:0,txBytes:0
04-24 12:11:43.513 1176 1176 I TrafficMonitor: start expired. level:-1
04-24 12:11:43.514 1176 1176 I TrafficMonitor: gettimer:interval=2000
04-24 12:11:44.911 777 777 E : [E/capacity_limit_control] not demo version, not set power control prop!
04-24 12:11:44.972 1176 1338 D HwWifiStatStore: handleMessage : 200
04-24 12:11:45.088 1176 1176 D HwInnerWifiManagerImpl: SupplicantState = COMPLETED
04-24 12:11:45.089 1176 1176 D HwInnerWifiManagerImpl: isPhoneAP = false
04-24 12:11:45.090 1729 1729 I MsgReceiver: intent action: android.intent.action.BATTERY_CHANGED
04-24 12:11:45.089 1463 1463 D KeyguardUpdateMonitor: received broadcast android.intent.action.BATTERY_CHANGED
04-24 12:11:45.090 1176 1176 D HwInnerWifiManagerImpl: SupplicantState = COMPLETED
04-24 12:11:45.090 1176 1176 D HwInnerWifiManagerImpl: isPhoneAP = false
04-24 12:11:45.090 1176 1176 D WifiStateMachine: mBcastReceiver: PluggedType = 2 mIsScanCtrlPluggedin = true
04-24 12:11:45.091 1463 1463 W KeyguardUpdateMonitor: ACTION_BATTERY_CHANGED AMP: 500000; Volt: 5000000
04-24 12:11:45.093 1463 1463 V KeyguardUpdateMonitor: RefreshBatteryInfo isBatteryLow: 70
04-24 12:11:45.093 1463 1463 W KeyguardUpdateMonitor: ChargingSpeed Wattage: 2500000 ST: 5000000 --> 7500000
04-24 12:11:45.093 1463 1463 I KgBattery: BatteryInfo updated: 2lPc0
04-24 12:11:45.093 1463 1463 W AppHandler: sendMessage with obj100
04-24 12:11:45.093 1463 1463 D KeyguardUpdateMonitor: handleBatteryUpdate
04-24 12:11:45.094 1463 1463 W HwLockScreenPanel: Handle message: 100
04-24 12:11:45.094 1463 1463 W HwKeyguardBottomArea: updateBatteryInfo : false true
04-24 12:11:45.094 1463 1463 W KgBattery: getCharge info with type: text
04-24 12:11:45.094 5515 5671 E CloudAlbum[8.1.2.309]: [ReceiverManager] not log on ignore
04-24 12:11:45.094 1176 1176 D HwWifiService: mPluggedType =2
04-24 12:11:45.095 1176 1176 D WifiService: onReceive, action:android.intent.action.BATTERY_CHANGED
04-24 12:11:45.096 1176 1176 D WifiService: ACTION_BATTERY_CHANGED pluggedType: 2
04-24 12:11:45.101 1463 1463 W HwLockScreenPanel: refreshBatteryInfo: null
04-24 12:11:45.517 1176 1176 I TrafficMonitor: update:rxPkts:0,txPkts:0,rxBytes:0,txBytes:0
04-24 12:11:45.518 1176 1176 I TrafficMonitor: start expired. level:-1
04-24 12:11:45.518 1176 1176 I TrafficMonitor: gettimer:interval=2000
04-24 12:11:45.638 1176 1392 D HwArpVerifier: performPollAndLog:
04-24 12:11:45.642 1176 1392 D hw_netstat: total/0/0
04-24 12:11:46.511 1176 1176 I TrafficMonitor: expired arrive. level:-1
04-24 12:11:46.512 1176 1176 I TrafficMonitor: during_ms:2005,period_ms:2000
04-24 12:11:46.512 1176 1176 I TrafficMonitor: count:16,rx_sum:0,tx_sum:0,rxBytes:0,during_ms:2005,rx_speed:0.0,tx_speed:0.0,rto:0.0
04-24 12:11:46.512 1176 1176 D HuaweiWifiWatchdogStateMachine: speed: rxpkt:0, rxSpd:0B/s, txpkt:0, txSpd:0
04-24 12:11:47.110 741 741 E Thermal-daemon: [shell_temp] temp_new :35 temp_old :36
04-24 12:11:47.111 1729 18882 I ThermalService: Receive temperature change, type: 22, temp: 35 from thermald
04-24 12:11:47.112 1729 18882 I ThermalTrace_ThermalRaise: Shell:37,36,35,currentBatteryTemp:34
04-24 12:11:47.113 741 741 E Thermal-daemon: Report temperature: [shell_temp] temp :35 report_threshold:1
04-24 12:11:47.113 741 741 E Thermal-daemon: [battery] temp_new :33 temp_old :34
04-24 12:11:47.114 1729 2560 W HwThermalStateManager: warning: no config thermal type:22 temperature:35
04-24 12:11:47.114 1729 24941 I ThermalService: Receive temperature change, type: 9, temp: 33 from thermald
04-24 12:11:47.114 1729 24941 I ThermalTrace_ThermalRaise: Battery:33
04-24 12:11:47.114 741 741 E Thermal-daemon: Report temperature: [battery] temp :33 report_threshold:1
04-24 12:11:47.525 1176 1176 I TrafficMonitor: update:rxPkts:0,txPkts:0,rxBytes:0,txBytes:0
04-24 12:11:47.525 1176 1176 I TrafficMonitor: start expired. level:-1
04-24 12:11:47.526 1176 1176 I TrafficMonitor: gettimer:interval=2000
04-24 12:11:47.566 487 620 W SocketListener: sending broadcast to Pid = 1176, Uid = 1000
04-24 12:11:47.571 1176 1332 D NetdConnector: RCV <- {613 IfaceClass idle 1 351095719679603}
04-24 12:11:47.573 1176 1332 D NetdConnector: RCV <- {613 IfaceClass idle 1 351095719679603}
04-24 12:11:47.575 1176 1202 D NetdConnector: RCV unsolicited event from native daemon, event = 613
04-24 12:11:47.979 1176 1338 D HwWifiStatStore: handleMessage : 200
04-24 12:11:49.195 1176 1589 W Watchdog: hungtask: writing kick
04-24 12:11:49.201 1176 1202 I EventHub: EventHub monitor: no key events in the past 42s, no motion events in the past 43s
04-24 12:11:49.530 1176 1176 I TrafficMonitor: update:rxPkts:0,txPkts:0,rxBytes:0,txBytes:0
04-24 12:11:49.530 1176 1176 I TrafficMonitor: start expired. level:-1
04-24 12:11:49.531 1176 1176 I TrafficMonitor: gettimer:interval=2000
04-24 12:11:49.921 777 777 E : [E/capacity_limit_control] not demo version, not set power control prop!
04-24 12:11:49.940 1176 1288 D HwBatteryService: onUEvent fcpStatus = 0,scpStatus =0,ovpStatus=0
04-24 12:11:49.943 1176 1288 I UsbDeviceManager: water_intrused state= 0
04-24 12:11:49.958 1176 1176 D HwInnerWifiManagerImpl: SupplicantState = COMPLETED
04-24 12:11:49.958 1176 1176 D HwInnerWifiManagerImpl: isPhoneAP = false
04-24 12:11:49.959 1463 1463 D KeyguardUpdateMonitor: received broadcast android.intent.action.BATTERY_CHANGED
04-24 12:11:49.959 1176 1176 D HwInnerWifiManagerImpl: SupplicantState = COMPLETED
04-24 12:11:49.959 1463 1463 W KeyguardUpdateMonitor: ACTION_BATTERY_CHANGED AMP: 500000; Volt: 5000000
04-24 12:11:49.960 1176 1176 D HwInnerWifiManagerImpl: isPhoneAP = false
04-24 12:11:49.960 1176 1176 D WifiStateMachine: mBcastReceiver: PluggedType = 2 mIsScanCtrlPluggedin = true
04-24 12:11:49.960 1176 1176 D HwWifiService: mPluggedType =2
04-24 12:11:49.961 1176 1176 D WifiService: onReceive, action:android.intent.action.BATTERY_CHANGED
04-24 12:11:49.962 1176 1176 D WifiService: ACTION_BATTERY_CHANGED pluggedType: 2
04-24 12:11:49.962 5515 5671 E CloudAlbum[8.1.2.309]: [ReceiverManager] not log on ignore
04-24 12:11:49.962 1463 1463 V KeyguardUpdateMonitor: RefreshBatteryInfo isBatteryLow: 70
04-24 12:11:49.962 1463 1463 W KeyguardUpdateMonitor: ChargingSpeed Wattage: 2500000 ST: 5000000 --> 7500000
04-24 12:11:49.962 1463 1463 I KgBattery: BatteryInfo updated: 2lPc0
04-24 12:11:49.962 1463 1463 W AppHandler: sendMessage with obj100
04-24 12:11:49.962 1463 1463 D KeyguardUpdateMonitor: handleBatteryUpdate
04-24 12:11:49.963 1463 1463 W HwLockScreenPanel: Handle message: 100
04-24 12:11:49.963 1729 1729 I MsgReceiver: intent action: android.intent.action.BATTERY_CHANGED
04-24 12:11:49.963 1463 1463 W HwKeyguardBottomArea: updateBatteryInfo : false true
04-24 12:11:49.964 1463 1463 W KgBattery: getCharge info with type: text
04-24 12:11:49.967 1463 1463 W HwLockScreenPanel: refreshBatteryInfo: null
04-24 12:11:50.645 1176 1392 D HwArpVerifier: performPollAndLog:
04-24 12:11:50.649 1176 1392 D hw_netstat: total/0/0
04-24 12:11:50.928 742 742 E wificond: Failed to get NL80211_RATE_INFO_NOISE
04-24 12:11:50.928 742 742 E wificond: Failed to get NL80211_RATE_INFO_SNR
04-24 12:11:50.928 742 742 E wificond: Failed to get NL80211_STA_INFO_CNAHLOAD
04-24 12:11:50.929 1176 1337 E WificondControl: Noise: 0, Snr: -1, Chload: -1
04-24 12:11:50.930 1176 1339 D HwWifiCHRStateManager: handleMessage : 1001
04-24 12:11:50.930 1176 1339 D HwWifiCHRStateManager: handleUpdateChannel:2412
04-24 12:11:50.931 1176 1339 V HwWifiServiceFactory: get AllImpl object = com.android.server.wifi.HwWifiServiceFactoryImpl@2205edc
04-24 12:11:50.934 742 742 E wificond: Failed to get NL80211_RATE_INFO_NOISE
04-24 12:11:50.934 742 742 E wificond: Failed to get NL80211_RATE_INFO_SNR
04-24 12:11:50.934 742 742 E wificond: Failed to get NL80211_STA_INFO_CNAHLOAD
04-24 12:11:50.936 1176 1406 D HuaweiWifiWatchdogStateMachine: LM mrssi=-28
04-24 12:11:50.936 1176 1176 D WiFi_PRO: MSG_RETURN_AP_CURRY_RSSI rssi = -28
04-24 12:11:50.937 1176 1176 I QosMonitor: queryRtt: rtt_type = 3
04-24 12:11:50.937 1176 1406 I HuaweiWifiWatchdogStateMachine: spd good count:0, add sc:0.0, rate:1.0
04-24 12:11:50.937 1176 1176 I HwQoEJNI: send_cmd_kernel. begin
04-24 12:11:50.938 1176 1176 I HwQoEJNI: send_cmd_kernel. end
04-24 12:11:50.938 1176 1406 D HuaweiWifiWatchdogStateMachine: high data flow: protection_counter = 0, not_detect_counter = 305
04-24 12:11:50.938 1176 1176 I QosMonitor: postEventFromNative: msg=100,arg1=4,arg2=10
04-24 12:11:50.938 1176 1406 D HuaweiWifiWatchdogStateMachine: high data flow scenario: 0 --> 0 rx bytes =1KB
04-24 12:11:50.938 1176 1406 I HuaweiWifiWatchdogStateMachine: current mHighDataFlowRate = 1.0
04-24 12:11:50.938 1176 1176 D HuaweiWifiWatchdogStateMachine: setSampleRtt: unvalid rtt
04-24 12:11:50.938 1176 1406 I HuaweiWifiWatchdogStateMachine: POta txb txg rxg:0, 2, 0. Lr =0% Totpkt=2
04-24 12:11:50.940 1176 1176 I HwQoEJNI: send_cmd_kernel. begin
04-24 12:11:50.940 1176 1176 I HwQoEJNI: send_cmd_kernel. end
04-24 12:11:50.940 1176 1176 I QosMonitor: postEventFromNative: msg=100,arg1=0,arg2=10
04-24 12:11:50.942 1176 1176 I MQoS : rtt=210,tcp_tx_pkts=480887,tcp_rx_pkts=921379
04-24 12:11:50.943 1176 1406 D HuaweiWifiWatchdogStateMachine: dumpTcpResult: len=10,rtt=210,rttPkt=7,rttWn=28,cgt=0,cgtWn=0
04-24 12:11:50.944 1176 1406 I HuaweiWifiWatchdogStateMachine: PTcp RTT:0, rtt pkt=0, tcp_rx=0, tcp_tx=0, tcp_reTran=0, rtRate=0
04-24 12:11:50.944 1176 1406 D HuaweiWifiWatchdogStateMachine: mRssiBadCount =0, RSSI not bad.
04-24 12:11:50.944 1176 1406 D HuaweiWifiWatchdogStateMachine: detectNetworkAvailable:hw.wifipro.dns_fail_count = 131
04-24 12:11:50.944 1176 1406 D HuaweiWifiWatchdogStateMachine: bqeLevel = 2 rtt=0,rtt_pkts=0 speed=0 rssi=-28
04-24 12:11:50.944 1176 1406 D HuaweiWifiWatchdogStateMachine: Enter updateQoeLevel level = 2
04-24 12:11:50.944 1176 1406 D HuaweiWifiWatchdogStateMachine: updateQoeLevel current level equal to mLastDetectLevel, return
04-24 12:11:50.944 1176 1406 D HuaweiWifiWatchdogStateMachine: did not have any network action
04-24 12:11:50.953 1176 3515 I MQoS : QOS_level:0(0),wifi-link;SIM error;use level-0
04-24 12:11:50.986 1176 1338 D HwWifiStatStore: handleMessage : 200
04-24 12:11:51.535 1176 1176 I TrafficMonitor: update:rxPkts:0,txPkts:0,rxBytes:0,txBytes:0
04-24 12:11:51.535 1176 1176 I TrafficMonitor: start expired. level:-1
04-24 12:11:51.535 1176 1176 I TrafficMonitor: gettimer:interval=2000
04-24 12:11:51.692 487 620 W SocketListener: sending broadcast to Pid = 1176, Uid = 1000
04-24 12:11:51.696 1176 1332 D NetdConnector: RCV <- {613 IfaceClass active 1 351099847344707 10824}
04-24 12:11:51.700 1176 1332 D NetdConnector: RCV <- {613 IfaceClass active 1 351099847344707 10824}
04-24 12:11:51.704 1176 1202 D NetdConnector: RCV unsolicited event from native daemon, event = 613
04-24 12:11:52.119 741 741 E Thermal-daemon: [pa_0] temp_new :35 temp_old :36
04-24 12:11:52.121 1729 18882 I ThermalService: Receive temperature change, type: 1, temp: 35 from thermald
04-24 12:11:52.125 1729 2560 W HwThermalStateManager: warning: no config thermal type:1 temperature:35
04-24 12:11:52.125 741 741 E Thermal-daemon: Report temperature: [pa_0] temp :35 report_threshold:1
04-24 12:11:52.527 1176 1176 I TrafficMonitor: expired arrive. level:-1
04-24 12:11:52.528 1176 1176 I TrafficMonitor: during_ms:2004,period_ms:2000
04-24 12:11:52.528 1176 1176 I TrafficMonitor: count:19,rx_sum:0,tx_sum:0,rxBytes:0,during_ms:2004,rx_speed:0.0,tx_speed:0.0,rto:0.0
04-24 12:11:52.528 1176 1176 D HuaweiWifiWatchdogStateMachine: speed: rxpkt:0, rxSpd:0B/s, txpkt:0, txSpd:0
04-24 12:11:53.539 1176 1176 I TrafficMonitor: update:rxPkts:1,txPkts:1,rxBytes:56,txBytes:84
04-24 12:11:53.539 1176 1176 I TrafficMonitor: start expired. level:-1
04-24 12:11:53.540 1176 1176 I TrafficMonitor: gettimer:interval=2000
04-24 12:11:53.990 1176 1338 D HwWifiStatStore: handleMessage : 200
04-24 12:11:54.947 777 777 E : [E/capacity_limit_control] not demo version, not set power control prop!
04-24 12:11:55.545 1176 1176 I TrafficMonitor: update:rxPkts:0,txPkts:0,rxBytes:0,txBytes:0
04-24 12:11:55.545 1176 1176 I TrafficMonitor: start expired. level:-1
04-24 12:11:55.546 1176 1176 I TrafficMonitor: gettimer:interval=2000
