04-24 10:29:46.339 1176 3129 I chatty : uid=1000 system_server expire 7 lines
04-24 10:29:46.373 1708 1708 I HwCoreAppHelperService: LocalReceiver receives:android.intent.action.PACKAGE_RESTARTED,pkg:com.uwa.datamanager,uid:10571
04-24 10:29:46.400 1176 1631 I chatty : uid=1000(system) Binder:1176_6 expire 15 lines
04-24 10:29:46.411 1176 1195 I chatty : uid=1000(system) ActivityManager expire 17 lines
04-24 10:29:46.432 1619 2078 I HwNetworkPolicyManager: getHwUidPolicy uid = 10061 policy = 0
04-24 10:29:46.435 1176 1765 I chatty : uid=1000(system) Binder:1176_C expire 10 lines
04-24 10:29:46.453 1463 12196 I CommandQueue: updateBarBgColor
04-24 10:29:46.453 1463 12196 D CommandQueue: CommandQueue, setBarBackgroundColor
04-24 10:29:46.971 1176 1323 I chatty : uid=1000(system) InputReader expire 2 lines
04-24 10:29:47.147 1176 1207 I chatty : uid=1000(system) PowerManagerSer expire 10 lines
04-24 10:29:47.162 1770 1770 V ActivityThread: Finishing stop of ActivityRecord{ab39927 token=android.os.BinderProxy@22e9bd6 {com.huawei.android.launcher/com.huawei.android.launcher.unihome.UniHomeLauncher}}
04-24 10:29:47.353 1176 1421 I chatty : uid=1000(system) PhotonicModulat expire 1 line
04-24 10:29:47.366 1176 6450 I chatty : uid=1000(system) Binder:1176_1A expire 2 lines
04-24 10:29:47.385 1176 1176 I chatty : uid=1000 system_server expire 11 lines
04-24 10:29:47.385 1176 1349 I chatty : uid=1000(system) WifiP2pService expire 5 lines
04-24 10:29:47.436 1176 2307 I chatty : uid=1000(system) HwDeviceUsageCo expire 1 line
04-24 10:29:47.459 2379 8228 W ContextImpl: Calling a method in the system process without a qualified user: android.app.ContextImpl.bindService:1736 android.content.ContextWrapper.bindService:678 com.huawei.nb.dataservice.dsclient.RemoteServiceConnection.open:90 com.huawei.nb.dataservice.dsclient.DataServiceProxy.connect:105 com.huawei.nb.dataservice.rsclient.internal.RemoteRuleService.start:27
04-24 10:29:48.786 1176 1589 I chatty : uid=1000(system) watchdog expire 13 lines
04-24 10:29:49.379 1176 1190 I chatty : uid=1000(system) Binder:1176_2 expire 6 lines
04-24 10:29:50.429 1708 1708 I HwCoreAppHelperService: LocalReceiver receives:android.intent.action.PACKAGE_RESTARTED,pkg:com.huawei.appmarket,uid:10089
04-24 10:29:51.429 1176 7480 I chatty : uid=1000(system) Binder:1176_1B expire 17 lines
04-24 10:30:02.324 487 620 W SocketListener: sending broadcast to Pid = 1176, Uid = 1000
04-24 10:30:02.330 1176 1332 I chatty : uid=1000(system) NetdConnector expire 12 lines
04-24 10:30:02.337 1176 1202 I chatty : uid=1000(system) android.fg expire 6 lines
04-24 10:30:10.044 742 742 I chatty : uid=1010(wifi) /system/bin/wificond expire 126 lines
04-24 10:30:19.441 1176 5848 I chatty : uid=1000(system) Binder:1176_12 expire 7 lines
04-24 10:30:32.193 1176 1176 I chatty : uid=1000 system_server expire 22 lines
04-24 10:31:41.885 1176 1200 I chatty : uid=1000(system) batterystats-sy expire 4 lines
04-24 10:32:53.527 1176 6415 I chatty : uid=1000(system) Binder:1176_16 expire 2 lines
04-24 10:32:53.534 1176 1727 I chatty : uid=1000(system) Binder:1176_9 expire 5 lines
04-24 10:32:53.534 487 620 W SocketListener: sending broadcast to Pid = 1176, Uid = 1000
04-24 10:32:53.563 1176 1764 I chatty : uid=1000(system) Binder:1176_B expire 5 lines
04-24 10:32:58.209 742 742 I chatty : uid=1010(wifi) /system/bin/wificond expire 18 lines
04-24 10:33:02.576 1176 1288 I chatty : uid=1000(system) UEventObserver expire 10 lines
04-24 10:33:06.312 1176 1176 I chatty : uid=1000 system_server expire 10 lines
04-24 10:33:21.414 487 620 W SocketListener: sending broadcast to Pid = 1176, Uid = 1000
04-24 10:33:22.235 742 742 I chatty : uid=1010(wifi) /system/bin/wificond expire 24 lines
04-24 10:33:46.405 487 620 W SocketListener: sending broadcast to Pid = 1176, Uid = 1000
04-24 10:33:54.266 742 742 I chatty : uid=1010(wifi) /system/bin/wificond expire 126 lines
04-24 10:34:01.444 487 620 W SocketListener: sending broadcast to Pid = 1176, Uid = 1000
04-24 10:34:42.228 1176 1176 I chatty : uid=1000 system_server expire 22 lines
04-24 10:34:46.444 1176 1199 I chatty : uid=1000(system) keyAppHanderThr expire 9 lines
04-24 10:34:46.463 1176 7480 I chatty : uid=1000(system) Binder:1176_1B expire 5 lines
04-24 10:35:02.898 1176 1288 I chatty : uid=1000(system) UEventObserver expire 18 lines
04-24 10:36:18.829 1176 1589 I chatty : uid=1000(system) watchdog expire 11 lines
04-24 10:36:36.462 1176 1629 I chatty : uid=1000(system) Binder:1176_5 expire 12 lines
04-24 10:36:36.465 487 620 W SocketListener: sending broadcast to Pid = 1176, Uid = 1000
04-24 10:36:36.529 1176 2434 I chatty : uid=1000(system) Binder:1176_E expire 4 lines
04-24 10:36:41.634 3192 3192 D ActivityThread: ActivityThread,attachApplication
04-24 10:36:42.210 1176 1195 I chatty : uid=1000(system) ActivityManager expire 2 lines
04-24 10:36:42.400 742 742 I chatty : uid=1010(wifi) /system/bin/wificond expire 54 lines
04-24 10:36:46.475 1176 1764 I chatty : uid=1000(system) Binder:1176_B expire 2 lines
04-24 10:36:51.527 487 620 W SocketListener: sending broadcast to Pid = 1176, Uid = 1000
04-24 10:36:51.534 1176 1332 I chatty : uid=1000(system) NetdConnector expire 10 lines
04-24 10:36:51.542 1176 1202 I chatty : uid=1000(system) android.fg expire 10 lines
04-24 10:37:00.830 1176 1176 I chatty : uid=1000 system_server expire 25 lines
04-24 10:37:30.109 1176 1727 I chatty : uid=1000(system) Binder:1176_9 expire 2 lines
04-24 10:37:42.588 1176 1200 I chatty : uid=1000(system) batterystats-sy expire 4 lines
04-24 10:37:53.638 487 620 W SocketListener: sending broadcast to Pid = 1176, Uid = 1000
04-24 10:37:54.459 742 742 I chatty : uid=1010(wifi) /system/bin/wificond expire 12 lines
04-24 10:38:00.834 1176 1176 I chatty : uid=1000 system_server expire 26 lines
04-24 10:38:08.723 487 620 W SocketListener: sending broadcast to Pid = 1176, Uid = 1000
04-24 10:38:10.481 742 742 I chatty : uid=1010(wifi) /system/bin/wificond expire 78 lines
04-24 10:39:03.535 1176 1288 I chatty : uid=1000(system) UEventObserver expire 10 lines
04-24 10:39:46.643 1176 11623 I chatty : uid=1000(system) Binder:1176_1E expire 5 lines
04-24 10:39:46.689 1176 1631 I chatty : uid=1000(system) Binder:1176_6 expire 1 line
04-24 10:39:46.700 1176 6450 I chatty : uid=1000(system) Binder:1176_1A expire 1 line
04-24 10:39:46.812 1176 1204 I chatty : uid=1000(system) android.display expire 1 line
04-24 10:39:51.790 3297 3297 D ActivityThread: ActivityThread,attachApplication
04-24 10:39:54.574 742 742 I chatty : uid=1010(wifi) /system/bin/wificond expire 12 lines
04-24 10:40:03.714 1176 1176 I chatty : uid=1000 system_server expire 13 lines
04-24 10:40:06.517 1176 11738 I chatty : uid=1000(system) Binder:1176_1F expire 9 lines
04-24 10:40:06.526 1176 6414 I chatty : uid=1000(system) Binder:1176_15 expire 10 lines
04-24 10:40:06.542 487 620 W SocketListener: sending broadcast to Pid = 1176, Uid = 1000
04-24 10:40:10.591 742 742 I chatty : uid=1010(wifi) /system/bin/wificond expire 12 lines
04-24 10:40:21.604 487 620 W SocketListener: sending broadcast to Pid = 1176, Uid = 1000
04-24 10:40:26.603 742 742 I chatty : uid=1010(wifi) /system/bin/wificond expire 12 lines
04-24 10:40:38.128 1176 1359 I chatty : uid=1000(system) onProviders.ECP expire 5 lines
04-24 10:40:38.195 3346 3346 D ActivityThread: ActivityThread,attachApplication
04-24 10:40:42.612 742 742 I chatty : uid=1010(wifi) /system/bin/wificond expire 24 lines
04-24 10:40:50.495 1176 1333 I chatty : uid=1000(system) NetworkStats expire 7 lines
04-24 10:40:50.498 1176 1332 I chatty : uid=1000(system) NetdConnector expire 10 lines
04-24 10:40:50.746 1176 1176 I chatty : uid=1000 system_server expire 11 lines
04-24 10:40:50.775 1176 1629 I chatty : uid=1000(system) Binder:1176_5 expire 13 lines
04-24 10:40:50.794 3371 3371 D ActivityThread: ActivityThread,attachApplication
04-24 10:40:50.818 3384 3384 D ActivityThread: ActivityThread,attachApplication
04-24 10:40:51.026 1637 1637 W ContextImpl: Calling a method in the system process without a qualified user: android.app.ContextImpl.bindService:1736 android.content.ContextWrapper.bindService:678 com.huawei.nps.NpsDailyJobService.onStartJob:85 android.app.job.JobService$1.onStartJob:71 android.app.job.JobServiceEngine$JobHandler.handleMessage:108
04-24 10:40:51.028 1176 6414 I chatty : uid=1000(system) Binder:1176_15 expire 12 lines
04-24 10:40:51.073 3407 3407 D ActivityThread: ActivityThread,attachApplication
04-24 10:40:51.152 3384 3384 W ContextImpl: Calling a method in the system process without a qualified user: android.app.ContextImpl.startService:1656 android.content.ContextWrapper.startService:644 android.content.ContextWrapper.startService:644 com.huawei.hiwibd.android.trigger.HiWiTrigger.startHiWIService:140 com.huawei.hiwibd.android.trigger.HiWiReceiver$1.handleMessage:28
04-24 10:40:51.413 487 620 W SocketListener: sending broadcast to Pid = 1176, Uid = 1000
04-24 10:41:03.855 1176 1288 I chatty : uid=1000(system) UEventObserver expire 10 lines
04-24 10:41:06.646 487 620 W SocketListener: sending broadcast to Pid = 1176, Uid = 1000
04-24 10:41:14.620 742 742 I chatty : uid=1010(wifi) /system/bin/wificond expire 42 lines
04-24 10:41:48.867 1176 1589 I chatty : uid=1000(system) watchdog expire 11 lines
04-24 10:42:00.833 1176 1176 I chatty : uid=1000 system_server expire 10 lines
04-24 10:42:06.955 487 620 W SocketListener: sending broadcast to Pid = 1176, Uid = 1000
04-24 10:42:10.675 742 742 I chatty : uid=1010(wifi) /system/bin/wificond expire 12 lines
04-24 10:42:22.004 487 620 W SocketListener: sending broadcast to Pid = 1176, Uid = 1000
04-24 10:42:22.008 1176 1332 I chatty : uid=1000(system) NetdConnector expire 18 lines
04-24 10:42:26.688 742 742 I chatty : uid=1010(wifi) /system/bin/wificond expire 24 lines
04-24 10:42:53.735 487 620 W SocketListener: sending broadcast to Pid = 1176, Uid = 1000
04-24 10:42:58.719 742 742 I chatty : uid=1010(wifi) /system/bin/wificond expire 12 lines
04-24 10:43:00.838 1176 1176 I chatty : uid=1000 system_server expire 20 lines
04-24 10:43:08.963 487 620 W SocketListener: sending broadcast to Pid = 1176, Uid = 1000
04-24 10:43:08.976 1176 1202 I chatty : uid=1000(system) android.fg expire 8 lines
04-24 10:43:14.734 742 742 I chatty : uid=1010(wifi) /system/bin/wificond expire 18 lines
04-24 10:43:34.252 1176 1288 I chatty : uid=1000(system) UEventObserver expire 10 lines
04-24 10:43:36.607 487 620 W SocketListener: sending broadcast to Pid = 1176, Uid = 1000
04-24 10:43:38.759 742 742 I chatty : uid=1010(wifi) /system/bin/wificond expire 12 lines
04-24 10:43:51.643 487 620 W SocketListener: sending broadcast to Pid = 1176, Uid = 1000
04-24 10:43:53.610 3384 3493 D ActivityThread: Loading provider com.huawei.bd.provider.BDProvider: com.huawei.bd.db.BDProvider
04-24 10:43:53.985 487 620 W SocketListener: sending broadcast to Pid = 1176, Uid = 1000
04-24 10:43:54.763 742 742 I chatty : uid=1010(wifi) /system/bin/wificond expire 12 lines
04-24 10:44:01.234 738 803 E /system/bin/storaged: pid_info get_pids failed
04-24 10:44:03.383 1176 1200 I chatty : uid=1000(system) batterystats-sy expire 4 lines
04-24 10:44:09.165 487 620 W SocketListener: sending broadcast to Pid = 1176, Uid = 1000
04-24 10:44:10.774 742 742 I chatty : uid=1010(wifi) /system/bin/wificond expire 78 lines
04-24 10:45:34.575 1176 1288 I chatty : uid=1000(system) UEventObserver expire 10 lines
04-24 10:45:34.596 1176 1176 I chatty : uid=1000 system_server expire 10 lines
04-24 10:45:51.605 487 620 W SocketListener: sending broadcast to Pid = 1176, Uid = 1000
04-24 10:45:54.879 742 742 I chatty : uid=1010(wifi) /system/bin/wificond expire 12 lines
04-24 10:46:06.643 487 620 W SocketListener: sending broadcast to Pid = 1176, Uid = 1000
04-24 10:46:10.884 742 742 I chatty : uid=1010(wifi) /system/bin/wificond expire 42 lines
04-24 10:47:00.833 1176 1176 I chatty : uid=1000 system_server expire 16 lines
04-24 10:47:06.673 487 620 W SocketListener: sending broadcast to Pid = 1176, Uid = 1000
04-24 10:47:06.674 1176 1332 I chatty : uid=1000(system) NetdConnector expire 22 lines
04-24 10:47:06.692 1176 11738 I chatty : uid=1000(system) Binder:1176_1F expire 7 lines
04-24 10:47:06.714 1176 4696 I chatty : uid=1000(system) Binder:1176_10 expire 12 lines
04-24 10:47:06.813 1176 11623 I chatty : uid=1000(system) Binder:1176_1E expire 12 lines
04-24 10:47:06.926 742 742 I chatty : uid=1010(wifi) /system/bin/wificond expire 12 lines
04-24 10:47:08.545 1176 7637 I chatty : uid=1000(system) Binder:1176_1C expire 10 lines
04-24 10:47:18.906 1176 1589 I chatty : uid=1000(system) watchdog expire 10 lines
04-24 10:47:21.724 487 620 W SocketListener: sending broadcast to Pid = 1176, Uid = 1000
04-24 10:47:21.736 1176 1202 I chatty : uid=1000(system) android.fg expire 10 lines
04-24 10:47:22.942 742 742 I chatty : uid=1010(wifi) /system/bin/wificond expire 24 lines
04-24 10:47:34.895 1176 1288 I chatty : uid=1000(system) UEventObserver expire 10 lines
04-24 10:47:53.819 1176 6416 I chatty : uid=1000(system) Binder:1176_17 expire 6 lines
04-24 10:47:53.850 487 620 W SocketListener: sending broadcast to Pid = 1176, Uid = 1000
04-24 10:47:54.466 1176 1192 I chatty : uid=1000(system) android.bg expire 2 lines
04-24 10:47:54.968 742 742 I chatty : uid=1010(wifi) /system/bin/wificond expire 12 lines
04-24 10:48:08.927 487 620 W SocketListener: sending broadcast to Pid = 1176, Uid = 1000
04-24 10:48:10.982 742 742 I chatty : uid=1010(wifi) /system/bin/wificond expire 36 lines
04-24 10:48:54.140 487 620 W SocketListener: sending broadcast to Pid = 1176, Uid = 1000
04-24 10:48:59.019 742 742 I chatty : uid=1010(wifi) /system/bin/wificond expire 12 lines
04-24 10:49:09.204 487 620 W SocketListener: sending broadcast to Pid = 1176, Uid = 1000
04-24 10:49:09.210 1176 1332 I chatty : uid=1000(system) NetdConnector expire 10 lines
04-24 10:49:15.036 742 742 I chatty : uid=1010(wifi) /system/bin/wificond expire 66 lines
04-24 10:49:35.236 1176 1176 I chatty : uid=1000 system_server expire 35 lines
04-24 10:50:05.295 1176 1288 I chatty : uid=1000(system) UEventObserver expire 10 lines
04-24 10:50:24.168 1176 1200 I chatty : uid=1000(system) batterystats-sy expire 4 lines
04-24 10:50:36.744 1176 11623 I chatty : uid=1000(system) Binder:1176_1E expire 8 lines
04-24 10:50:36.764 487 620 W SocketListener: sending broadcast to Pid = 1176, Uid = 1000
04-24 10:50:43.112 742 742 I chatty : uid=1010(wifi) /system/bin/wificond expire 102 lines
04-24 10:50:51.805 487 620 W SocketListener: sending broadcast to Pid = 1176, Uid = 1000
04-24 10:52:05.613 1176 1288 I chatty : uid=1000(system) UEventObserver expire 10 lines
04-24 10:52:05.630 1176 1176 I chatty : uid=1000 system_server expire 10 lines
04-24 10:52:18.938 1176 1589 I chatty : uid=1000(system) watchdog expire 16 lines
04-24 10:52:53.606 487 620 W SocketListener: sending broadcast to Pid = 1176, Uid = 1000
04-24 10:52:53.946 1176 5883 I chatty : uid=1000(system) Binder:1176_13 expire 28 lines
04-24 10:52:59.226 742 742 I chatty : uid=1010(wifi) /system/bin/wificond expire 18 lines
04-24 10:53:20.886 487 620 W SocketListener: sending broadcast to Pid = 1176, Uid = 1000
04-24 10:53:23.253 742 742 I chatty : uid=1010(wifi) /system/bin/wificond expire 30 lines
04-24 10:53:35.879 1176 1176 I chatty : uid=1000 system_server expire 11 lines
04-24 10:53:55.496 1463 1463 W PowerUI : unknown intent: Intent { act=android.intent.action.ACTION_POWER_DISCONNECTED flg=0x4000010 (has extras) }
04-24 10:53:55.521 1176 1207 I chatty : uid=1000(system) PowerManagerSer expire 14 lines
04-24 10:53:55.528 1176 1189 I chatty : uid=1000(system) Binder:1176_1 expire 23 lines
04-24 10:53:55.582 1176 1332 I chatty : uid=1000(system) NetdConnector expire 10 lines
04-24 10:53:55.613 1176 1195 I chatty : uid=1000(system) ActivityManager expire 18 lines
04-24 10:53:55.618 1176 1421 I chatty : uid=1000(system) PhotonicModulat expire 1 line
04-24 10:53:55.627 1176 1204 I chatty : uid=1000(system) android.display expire 10 lines
04-24 10:53:55.638 1176 1716 I chatty : uid=1000(system) Binder:1176_8 expire 18 lines
04-24 10:53:55.663 487 620 W SocketListener: sending broadcast to Pid = 1176, Uid = 1000
04-24 10:53:55.668 1176 1349 I chatty : uid=1000(system) WifiP2pService expire 10 lines
04-24 10:53:55.689 1176 1325 I chatty : uid=1000(system) StorageManagerS expire 5 lines
04-24 10:53:55.693 431 459 I vold : TrimTask running tasks: 0
04-24 10:53:55.694 1176 1328 I chatty : uid=1000(system) VoldConnector expire 1 line
04-24 10:53:55.699 1176 1176 I chatty : uid=1000 system_server expire 26 lines
04-24 10:53:55.699 1176 1337 I chatty : uid=1000(system) WifiStateMachin expire 1 line
04-24 10:53:55.700 742 742 I chatty : uid=1010(wifi) /system/bin/wificond expire 24 lines
04-24 10:53:55.766 2379 3999 W ContextImpl: Calling a method in the system process without a qualified user: android.app.ContextImpl.bindService:1736 android.content.ContextWrapper.bindService:678 com.huawei.nb.dataservice.dsclient.RemoteServiceConnection.open:90 com.huawei.nb.dataservice.dsclient.DataServiceProxy.connect:105 com.huawei.nb.dataservice.rsclient.internal.RemoteRuleService.start:27
04-24 10:53:55.822 1176 1765 I chatty : uid=1000(system) Binder:1176_C expire 12 lines
04-24 10:53:55.829 1176 1196 I chatty : uid=1000(system) android.ui expire 10 lines
04-24 10:53:55.834 1176 1629 I chatty : uid=1000(system) Binder:1176_5 expire 4 lines
04-24 10:53:55.876 3646 3646 D ActivityThread: ActivityThread,attachApplication
04-24 10:53:55.877 1176 6429 I chatty : uid=1000(system) Binder:1176_18 expire 27 lines
04-24 10:54:11.199 1176 1282 I chatty : uid=1000(system) android.anim expire 20 lines
04-24 10:54:11.250 3673 3673 D ActivityThread: ActivityThread,attachApplication
04-24 10:54:11.261 1176 1193 I chatty : uid=1000(system) HwActivityManag expire 8 lines
04-24 10:54:11.276 1619 2078 I HwNetworkPolicyManager: getHwUidPolicy uid = 10848 policy = 0
04-24 10:54:11.280 742 742 I chatty : uid=1010(wifi) /system/bin/wificond expire 84 lines
04-24 10:54:11.387 3673 3673 V ActivityThread: ActivityThread,callActivityOnCreate
04-24 10:54:11.495 3673 3673 D ActivityThread: add activity client record, r= ActivityRecord{32bed23 token=android.os.BinderProxy@850cd8f {com.jiansheng.blmn.demo/com.jiansheng.blmn.MainActivity}} token= android.os.BinderProxy@850cd8f
04-24 10:54:11.540 1463 2036 I CommandQueue: updateBarBgColor
04-24 10:54:11.540 1463 2036 D CommandQueue: CommandQueue, setBarBackgroundColor
04-24 10:54:58.659 1176 1189 I chatty : uid=1000(system) Binder:1176_1 expire 23 lines
04-24 10:54:59.114 3673 3697 E AndroidRuntime: FATAL EXCEPTION: UnityMain
04-24 10:54:59.114 3673 3697 E AndroidRuntime: Process: com.jiansheng.blmn.demo, PID: 3673
04-24 10:54:59.114 3673 3697 E AndroidRuntime: java.lang.Error: signal 6 (SIGABRT), code -6 (?), fault addr --------
04-24 10:54:59.114 3673 3697 E AndroidRuntime: Build fingerprint: 'HUAWEI/FLA-AL20/HWFLA-H:8.0.0/HUAWEIFLA-AL20/182(C00):user/release-keys'
04-24 10:54:59.114 3673 3697 E AndroidRuntime: Revision: '0'
04-24 10:54:59.114 3673 3697 E AndroidRuntime: pid: 3673, tid: 3697, name: UnityMain >>> com.jiansheng.blmn.demo <<<
04-24 10:54:59.114 3673 3697 E AndroidRuntime: r0 00000000 r1 00000e71 r2 00000006 r3 00000008
04-24 10:54:59.114 3673 3697 E AndroidRuntime: r4 00000e59 r5 00000e71 r6 bfcfe4e0 r7 0000010c
04-24 10:54:59.114 3673 3697 E AndroidRuntime: r8 bfcfe808 r9 0121d260 sl 00000001 fp bfcfe6a0
04-24 10:54:59.114 3673 3697 E AndroidRuntime: ip 00000000 sp bfcfe4d0 lr e806f4e7 pc e80a097c cpsr bfcfe808
04-24 10:54:59.114 3673 3697 E AndroidRuntime:
04-24 10:54:59.114 3673 3697 E AndroidRuntime: at libc.tgkill(tgkill:12)
04-24 10:54:59.114 3673 3697 E AndroidRuntime: at libc.abort(abort:54)
04-24 10:54:59.114 3673 3697 E AndroidRuntime: at libc++.00030a11(Native Method)
04-24 10:54:59.114 3673 3697 E AndroidRuntime: at libc++.00044a29(Native Method)
04-24 10:54:59.114 3673 3697 E AndroidRuntime: at libfmodL.000b7a2b(Native Method)
04-24 10:54:59.114 3673 3697 E AndroidRuntime: at libfmodL.000387c1(Native Method)
04-24 10:54:59.114 3673 3697 E AndroidRuntime: at libfmodL.FMOD::System::mixerSuspend()(System:28)
04-24 10:54:59.114 3673 3697 E AndroidRuntime: at libil2cpp.01290364(Native Method)
04-24 10:54:59.114 3673 3697 E AndroidRuntime: at libil2cpp.002f2e7c(Native Method)
04-24 10:54:59.114 3673 3697 E AndroidRuntime: at libil2cpp.017aed14(Native Method)
04-24 10:54:59.295 1463 1463 V ActivityThread: ActivityThread,callActivityOnCreate
04-24 10:54:59.312 1463 1463 D ActivityThread: add activity client record, r= ActivityRecord{4ec5544 token=android.os.BinderProxy@ce1cd75 {com.android.systemui/com.android.systemui.media.MediaProjectionPermissionActivity}} token= android.os.BinderProxy@ce1cd75
04-24 10:54:59.319 742 742 I chatty : uid=1010(wifi) /system/bin/wificond expire 81 lines
04-24 10:54:59.335 1176 1716 I chatty : uid=1000(system) Binder:1176_8 expire 25 lines
04-24 10:54:59.379 1176 1609 I chatty : uid=1000(system) MultiTaskManage expire 2 lines
04-24 10:54:59.394 3835 3835 D ActivityThread: ActivityThread,attachApplication
04-24 10:54:59.424 1619 2078 I HwNetworkPolicyManager: getHwUidPolicy uid = 10472 policy = 0
04-24 10:54:59.431 3830 3830 D ActivityThread: ActivityThread,attachApplication
04-24 10:54:59.433 1176 6416 I chatty : uid=1000(system) Binder:1176_17 expire 35 lines
04-24 10:54:59.443 1176 1335 I chatty : uid=1000(system) tworkPolicy.uid expire 1 line
04-24 10:54:59.475 1176 5595 I chatty : uid=1000(system) Binder:1176_11 expire 34 lines
04-24 10:54:59.493 1176 1282 I chatty : uid=1000(system) android.anim expire 43 lines
04-24 10:54:59.533 3835 3835 V ActivityThread: ActivityThread,callActivityOnCreate
04-24 10:54:59.648 3835 3835 D ActivityThread: add activity client record, r= ActivityRecord{eeeb47 token=android.os.BinderProxy@45f638b {com.arm.mgd.androidapp/com.arm.mgd.androidapp.MainActivity}} token= android.os.BinderProxy@45f638b
04-24 10:54:59.684 1176 11623 I chatty : uid=1000(system) Binder:1176_1E expire 29 lines
04-24 10:55:00.214 1176 1192 I chatty : uid=1000(system) android.bg expire 1 line
04-24 10:55:00.290 1463 1463 D ActivityThread: Remove activity client record, r= ActivityRecord{4ec5544 token=android.os.BinderProxy@ce1cd75 {com.android.systemui/com.android.systemui.media.MediaProjectionPermissionActivity}} token= android.os.BinderProxy@ce1cd75
04-24 10:55:00.457 1176 4696 I chatty : uid=1000(system) Binder:1176_10 expire 14 lines
04-24 10:55:00.457 1619 2078 I HwNetworkPolicyManager: getHwUidPolicy uid = 10061 policy = 0
04-24 10:55:00.470 1176 1765 I chatty : uid=1000(system) Binder:1176_C expire 64 lines
04-24 10:55:00.484 1463 6179 I CommandQueue: updateBarBgColor
04-24 10:55:00.484 1463 6179 D CommandQueue: CommandQueue, setBarBackgroundColor
04-24 10:55:02.375 1176 6429 I chatty : uid=1000(system) Binder:1176_18 expire 40 lines
04-24 10:55:02.394 1619 2078 I HwNetworkPolicyManager: getHwUidPolicy uid = 10848 policy = 0
04-24 10:55:02.441 3830 3830 V ActivityThread: ActivityThread,callActivityOnCreate
04-24 10:55:02.553 3830 3830 D ActivityThread: add activity client record, r= ActivityRecord{32bed23 token=android.os.BinderProxy@850cd8f {com.jiansheng.blmn.demo/com.jiansheng.blmn.MainActivity}} token= android.os.BinderProxy@850cd8f
04-24 10:55:02.602 1463 4917 I CommandQueue: updateBarBgColor
04-24 10:55:02.602 1463 4917 D CommandQueue: CommandQueue, setBarBackgroundColor
04-24 10:55:03.058 1176 1176 I chatty : uid=1000 system_server expire 10 lines
04-24 10:55:11.847 1176 1199 I chatty : uid=1000(system) keyAppHanderThr expire 4 lines
04-24 10:55:45.459 1463 1463 V ActivityThread: ActivityThread,callActivityOnCreate
04-24 10:55:45.473 1463 1463 D ActivityThread: add activity client record, r= ActivityRecord{a1310ba token=android.os.BinderProxy@2ee60f3 {com.android.systemui/com.android.systemui.media.MediaProjectionPermissionActivity}} token= android.os.BinderProxy@2ee60f3
04-24 10:55:45.540 1176 6429 I chatty : uid=1000(system) Binder:1176_18 expire 1 line
04-24 10:55:45.570 1463 1463 D ActivityThread: Remove activity client record, r= ActivityRecord{a1310ba token=android.os.BinderProxy@2ee60f3 {com.android.systemui/com.android.systemui.media.MediaProjectionPermissionActivity}} token= android.os.BinderProxy@2ee60f3
04-24 10:55:45.571 1176 6416 I chatty : uid=1000(system) Binder:1176_17 expire 1 line
04-24 10:55:45.575 1176 1204 I chatty : uid=1000(system) android.display expire 5 lines
04-24 10:55:47.084 742 742 I chatty : uid=1010(wifi) /system/bin/wificond expire 195 lines
04-24 10:56:00.069 1176 5848 I chatty : uid=1000(system) Binder:1176_12 expire 10 lines
04-24 10:56:06.294 1176 1765 I chatty : uid=1000(system) Binder:1176_C expire 7 lines
04-24 10:56:32.148 1176 5595 I chatty : uid=1000(system) Binder:1176_11 expire 21 lines
04-24 10:57:36.771 1176 1609 I chatty : uid=1000(system) MultiTaskManage expire 6 lines
04-24 10:57:36.797 1708 1708 I HwCoreAppHelperService: LocalReceiver receives:android.intent.action.PACKAGE_RESTARTED,pkg:com.arm.mgd.androidapp,uid:10472
04-24 10:57:36.990 1176 1176 I chatty : uid=1000 system_server expire 10 lines
04-24 10:57:38.442 742 742 I chatty : uid=1010(wifi) /system/bin/wificond expire 72 lines
04-24 10:58:00.102 1176 5848 I chatty : uid=1000(system) Binder:1176_12 expire 2 lines
04-24 10:58:00.167 1176 1490 I chatty : uid=1000(system) Binder:1176_4 expire 12 lines
04-24 10:58:18.402 487 624 W SocketListener: sending broadcast to Pid = 1176, Uid = 1000
04-24 10:58:18.405 1176 1332 I chatty : uid=1000(system) NetdConnector expire 2 lines
04-24 10:58:18.412 1176 1202 I chatty : uid=1000(system) android.fg expire 3 lines
04-24 10:58:19.474 742 742 I chatty : uid=1010(wifi) /system/bin/wificond expire 42 lines
04-24 10:58:43.459 4189 4189 D ActivityThread: ActivityThread,attachApplication
04-24 10:58:43.486 742 742 I chatty : uid=1010(wifi) /system/bin/wificond expire 36 lines
04-24 10:58:43.517 1176 1716 I chatty : uid=1000(system) Binder:1176_8 expire 2 lines
04-24 10:58:44.018 1176 1176 I chatty : uid=1000 system_server expire 10 lines
04-24 10:58:53.206 1176 1200 I chatty : uid=1000(system) batterystats-sy expire 6 lines
04-24 10:59:00.098 1176 4696 I chatty : uid=1000(system) Binder:1176_10 expire 6 lines
04-24 10:59:01.239 738 803 E /system/bin/storaged: pid_info get_pids failed
04-24 10:59:02.693 742 742 I chatty : uid=1010(wifi) /system/bin/wificond expire 102 lines
04-24 10:59:14.164 1176 1402 I chatty : uid=1000(system) StatisticsCHRMs expire 4 lines
04-24 10:59:25.272 1176 1288 I chatty : uid=1000(system) UEventObserver expire 4 lines
04-24 11:00:00.008 1176 1176 I chatty : uid=1000 system_server expire 21 lines
04-24 11:00:00.073 1176 1190 I chatty : uid=1000(system) Binder:1176_2 expire 2 lines
04-24 11:00:00.141 1176 7637 I chatty : uid=1000(system) Binder:1176_1C expire 1 line
04-24 11:00:00.142 2379 6066 W ContextImpl: Calling a method in the system process without a qualified user: android.app.ContextImpl.bindService:1736 android.content.ContextWrapper.bindService:678 com.huawei.nb.dataservice.dsclient.RemoteServiceConnection.open:90 com.huawei.nb.dataservice.dsclient.DataServiceProxy.connect:105 com.huawei.nb.dataservice.rsclient.internal.RemoteRuleService.start:27
04-24 11:00:00.178 1176 6449 I chatty : uid=1000(system) Binder:1176_19 expire 6 lines
04-24 11:00:00.178 1176 1352 I chatty : uid=1000(system) ConnectivitySer expire 2 lines
04-24 11:00:00.194 2379 6068 W ContextImpl: Calling a method in the system process without a qualified user: android.app.ContextImpl.bindService:1736 android.content.ContextWrapper.bindService:678 com.huawei.nb.dataservice.dsclient.RemoteServiceConnection.open:90 com.huawei.nb.dataservice.dsclient.DataServiceProxy.connect:105 com.huawei.nb.dataservice.rsclient.internal.RemoteRuleService.start:27
04-24 11:00:02.902 742 742 I chatty : uid=1010(wifi) /system/bin/wificond expire 288 lines
04-24 11:00:11.987 1176 1490 I chatty : uid=1000(system) Binder:1176_4 expire 7 lines
04-24 11:00:18.966 1176 1589 I chatty : uid=1000(system) watchdog expire 15 lines
04-24 11:00:26.921 1176 6414 I chatty : uid=1000(system) Binder:1176_15 expire 14 lines
04-24 11:02:35.608 1176 1176 I chatty : uid=1000 system_server expire 13 lines
04-24 11:02:43.918 1176 6449 I chatty : uid=1000(system) Binder:1176_19 expire 72 lines
04-24 11:02:43.927 1176 1193 I chatty : uid=1000(system) HwActivityManag expire 5 lines
04-24 11:02:44.002 1176 1195 I chatty : uid=1000(system) ActivityManager expire 10 lines
04-24 11:02:44.031 1463 2036 I CommandQueue: updateBarBgColor
04-24 11:02:44.031 1463 2036 D CommandQueue: CommandQueue, setBarBackgroundColor
04-24 11:02:44.059 1176 1196 I chatty : uid=1000(system) android.ui expire 4 lines
04-24 11:02:44.060 1176 4696 I chatty : uid=1000(system) Binder:1176_10 expire 37 lines
04-24 11:02:44.085 1176 1282 I chatty : uid=1000(system) android.anim expire 32 lines
04-24 11:02:45.310 1176 1609 I chatty : uid=1000(system) MultiTaskManage expire 8 lines
04-24 11:02:45.320 1176 4391 I chatty : uid=1000 system_server expire 13 lines
04-24 11:02:45.335 1708 1708 I HwCoreAppHelperService: LocalReceiver receives:android.intent.action.PACKAGE_RESTARTED,pkg:com.jiansheng.blmn.demo,uid:10848
04-24 11:02:45.379 1708 1708 I HwCoreAppHelperService: LocalReceiver receives:android.intent.action.PACKAGE_RESTARTED,pkg:com.jiansheng.blmn.demo,uid:10848
04-24 11:02:45.536 742 742 I chatty : uid=1010(wifi) /system/bin/wificond expire 72 lines
04-24 11:02:45.604 1176 5848 I chatty : uid=1000(system) Binder:1176_12 expire 1 line
04-24 11:02:45.605 1176 1629 I chatty : uid=1000(system) Binder:1176_5 expire 27 lines
04-24 11:02:45.618 1176 1204 I chatty : uid=1000(system) android.display expire 5 lines
04-24 11:02:46.166 1176 4394 I chatty : uid=1000 system_server expire 5 lines
04-24 11:02:46.183 1708 1708 I HwCoreAppHelperService: LocalReceiver receives:android.intent.action.PACKAGE_RESTARTED,pkg:com.arm.mgd.androidapp,uid:10472
04-24 11:02:46.187 1176 4396 I chatty : uid=1000 system_server expire 6 lines
04-24 11:02:46.191 1708 1708 I HwCoreAppHelperService: LocalReceiver receives:android.intent.action.PACKAGE_RESTARTED,pkg:com.arm.mgd.androidapp,uid:10472
04-24 11:02:46.195 1176 7637 I chatty : uid=1000(system) Binder:1176_1C expire 56 lines
04-24 11:02:46.219 1176 2432 I chatty : uid=1000(system) Binder:1176_D expire 1 line
04-24 11:02:46.241 1619 2078 I HwNetworkPolicyManager: getHwUidPolicy uid = 10061 policy = 0
04-24 11:02:46.263 1463 6179 I CommandQueue: updateBarBgColor
04-24 11:02:46.263 1463 6179 D CommandQueue: CommandQueue, setBarBackgroundColor
04-24 11:02:47.243 4403 4403 D ActivityThread: ActivityThread,attachApplication
04-24 11:02:47.290 1619 2078 I HwNetworkPolicyManager: getHwUidPolicy uid = 10848 policy = 0
04-24 11:02:47.384 4403 4403 V ActivityThread: ActivityThread,callActivityOnCreate
04-24 11:02:47.494 4403 4403 D ActivityThread: add activity client record, r= ActivityRecord{32bed23 token=android.os.BinderProxy@850cd8f {com.jiansheng.blmn.demo/com.jiansheng.blmn.MainActivity}} token= android.os.BinderProxy@850cd8f
04-24 11:02:47.543 1463 12196 I CommandQueue: updateBarBgColor
04-24 11:02:47.544 1463 12196 D CommandQueue: CommandQueue, setBarBackgroundColor
04-24 11:02:48.015 1176 1176 I chatty : uid=1000 system_server expire 11 lines
04-24 11:03:26.207 1176 6449 I chatty : uid=1000(system) Binder:1176_19 expire 25 lines
04-24 11:03:26.483 1463 1463 V ActivityThread: ActivityThread,callActivityOnCreate
04-24 11:03:26.495 1463 1463 D ActivityThread: add activity client record, r= ActivityRecord{f85d834 token=android.os.BinderProxy@11a97a5 {com.android.systemui/com.android.systemui.media.MediaProjectionPermissionActivity}} token= android.os.BinderProxy@11a97a5
04-24 11:03:26.601 1463 1463 D ActivityThread: Remove activity client record, r= ActivityRecord{f85d834 token=android.os.BinderProxy@11a97a5 {com.android.systemui/com.android.systemui.media.MediaProjectionPermissionActivity}} token= android.os.BinderProxy@11a97a5
04-24 11:03:27.667 742 742 I chatty : uid=1010(wifi) /system/bin/wificond expire 996 lines
04-24 11:03:46.452 1176 1629 I chatty : uid=1000(system) Binder:1176_5 expire 14 lines
04-24 11:05:11.848 1176 1199 I chatty : uid=1000(system) keyAppHanderThr expire 3 lines
04-24 11:05:11.869 1176 7637 I chatty : uid=1000(system) Binder:1176_1C expire 38 lines
04-24 11:05:35.782 1176 1176 I chatty : uid=1000 system_server expire 54 lines
04-24 11:06:06.069 1176 1288 I chatty : uid=1000(system) UEventObserver expire 6 lines
04-24 11:06:06.080 1176 1200 I chatty : uid=1000(system) batterystats-sy expire 6 lines
04-24 11:07:48.991 1176 1589 I chatty : uid=1000(system) watchdog expire 11 lines
04-24 11:10:00.077 1176 6450 I chatty : uid=1000(system) Binder:1176_1A expire 18 lines
04-24 11:10:11.892 1176 1716 I chatty : uid=1000(system) Binder:1176_8 expire 8 lines
04-24 11:10:11.898 1176 1190 I chatty : uid=1000(system) Binder:1176_2 expire 2 lines
04-24 11:12:59.289 1176 1322 I chatty : uid=1000(system) InputDispatcher expire 6 lines
04-24 11:12:59.379 1176 1193 I chatty : uid=1000(system) HwActivityManag expire 8 lines
04-24 11:12:59.399 1176 1631 I chatty : uid=1000(system) Binder:1176_6 expire 24 lines
04-24 11:12:59.465 1176 1196 I chatty : uid=1000(system) android.ui expire 10 lines
04-24 11:12:59.465 1619 2078 I HwNetworkPolicyManager: getHwUidPolicy uid = 10061 policy = 0
04-24 11:12:59.478 1463 6179 I CommandQueue: updateBarBgColor
04-24 11:12:59.478 1463 6179 D CommandQueue: CommandQueue, setBarBackgroundColor
04-24 11:12:59.550 1176 1282 I chatty : uid=1000(system) android.anim expire 40 lines
04-24 11:12:59.621 742 742 I chatty : uid=1010(wifi) /system/bin/wificond expire 81 lines
04-24 11:12:59.709 4949 4949 D ActivityThread: ActivityThread,attachApplication
04-24 11:12:59.770 1176 1629 I chatty : uid=1000(system) Binder:1176_5 expire 13 lines
04-24 11:12:59.785 1176 2434 I chatty : uid=1000(system) Binder:1176_E expire 48 lines
04-24 11:13:00.008 1176 1176 I chatty : uid=1000 system_server expire 19 lines
04-24 11:13:00.064 1176 5848 I chatty : uid=1000(system) Binder:1176_12 expire 14 lines
04-24 11:13:00.245 1176 1490 I chatty : uid=1000(system) Binder:1176_4 expire 22 lines
04-24 11:13:00.250 1463 12196 I CommandQueue: updateBarBgColor
04-24 11:13:00.250 1463 12196 D CommandQueue: CommandQueue, setBarBackgroundColor
04-24 11:13:00.285 1176 1727 I chatty : uid=1000(system) Binder:1176_9 expire 27 lines
04-24 11:13:00.468 1176 1195 I chatty : uid=1000(system) ActivityManager expire 6 lines
04-24 11:13:00.905 1176 1609 I chatty : uid=1000(system) MultiTaskManage expire 2 lines
04-24 11:13:00.916 1176 4997 I chatty : uid=1000 system_server expire 7 lines
04-24 11:13:00.931 1708 1708 I HwCoreAppHelperService: LocalReceiver receives:android.intent.action.PACKAGE_RESTARTED,pkg:com.jiansheng.blmn.demo,uid:10848
04-24 11:13:01.241 1176 11623 I chatty : uid=1000(system) Binder:1176_1E expire 1 line
04-24 11:13:01.243 1176 1204 I chatty : uid=1000(system) android.display expire 6 lines
04-24 11:13:01.291 1176 1445 I chatty : uid=1000(system) Binder:1176_3 expire 13 lines
04-24 11:13:01.308 1176 11390 I chatty : uid=1000(system) Binder:1176_1D expire 13 lines
04-24 11:13:01.312 1619 2078 I HwNetworkPolicyManager: getHwUidPolicy uid = 10061 policy = 0
04-24 11:13:01.313 1463 6179 I CommandQueue: updateBarBgColor
04-24 11:13:01.313 1463 6179 D CommandQueue: CommandQueue, setBarBackgroundColor
04-24 11:13:02.130 5008 5008 D ActivityThread: ActivityThread,attachApplication
04-24 11:13:02.177 1619 2078 I HwNetworkPolicyManager: getHwUidPolicy uid = 10848 policy = 0
04-24 11:13:02.293 5008 5008 V ActivityThread: ActivityThread,callActivityOnCreate
04-24 11:13:02.400 5008 5008 D ActivityThread: add activity client record, r= ActivityRecord{32bed23 token=android.os.BinderProxy@850cd8f {com.jiansheng.blmn.demo/com.jiansheng.blmn.MainActivity}} token= android.os.BinderProxy@850cd8f
04-24 11:13:02.449 1463 4917 I CommandQueue: updateBarBgColor
04-24 11:13:02.449 1463 4917 D CommandQueue: CommandQueue, setBarBackgroundColor
04-24 11:13:19.007 1176 1589 I chatty : uid=1000(system) watchdog expire 4 lines
04-24 11:13:42.803 1176 7480 I chatty : uid=1000(system) Binder:1176_1B expire 20 lines
04-24 11:13:43.174 1463 1463 V ActivityThread: ActivityThread,callActivityOnCreate
04-24 11:13:43.189 1463 1463 D ActivityThread: add activity client record, r= ActivityRecord{cfefab6 token=android.os.BinderProxy@394bbbf {com.android.systemui/com.android.systemui.media.MediaProjectionPermissionActivity}} token= android.os.BinderProxy@394bbbf
04-24 11:13:43.202 1176 11390 I chatty : uid=1000(system) Binder:1176_1D expire 10 lines
04-24 11:13:43.266 1176 1727 I chatty : uid=1000(system) Binder:1176_9 expire 27 lines
04-24 11:13:43.283 1463 1463 D ActivityThread: Remove activity client record, r= ActivityRecord{cfefab6 token=android.os.BinderProxy@394bbbf {com.android.systemui/com.android.systemui.media.MediaProjectionPermissionActivity}} token= android.os.BinderProxy@394bbbf
04-24 11:13:44.779 742 742 I chatty : uid=1010(wifi) /system/bin/wificond expire 30 lines
04-24 11:13:55.665 1176 1192 I chatty : uid=1000(system) android.bg expire 1 line
04-24 11:14:01.242 738 803 E /system/bin/storaged: pid_info get_pids failed
04-24 11:14:02.839 742 742 I chatty : uid=1010(wifi) /system/bin/wificond expire 126 lines
04-24 11:15:00.078 1176 11390 I chatty : uid=1000(system) Binder:1176_1D expire 24 lines
04-24 11:15:11.848 1176 1333 I chatty : uid=1000(system) NetworkStats expire 7 lines
04-24 11:15:11.849 1176 1332 I chatty : uid=1000(system) NetdConnector expire 6 lines
04-24 11:15:11.850 1176 1199 I chatty : uid=1000(system) keyAppHanderThr expire 2 lines
04-24 11:15:11.870 1176 7480 I chatty : uid=1000(system) Binder:1176_1B expire 9 lines
04-24 11:15:11.900 1176 1176 I chatty : uid=1000 system_server expire 17 lines
04-24 11:15:13.467 1176 1322 I chatty : uid=1000(system) InputDispatcher expire 6 lines
04-24 11:15:13.656 1176 1445 I chatty : uid=1000(system) Binder:1176_3 expire 28 lines
04-24 11:15:13.730 1619 2078 I HwNetworkPolicyManager: getHwUidPolicy uid = 10061 policy = 0
04-24 11:15:13.742 1463 12196 I CommandQueue: updateBarBgColor
04-24 11:15:13.742 1463 12196 D CommandQueue: CommandQueue, setBarBackgroundColor
04-24 11:15:13.969 5225 5225 D ActivityThread: ActivityThread,attachApplication
04-24 11:15:13.975 1176 11390 I chatty : uid=1000(system) Binder:1176_1D expire 23 lines
04-24 11:15:14.206 1176 1490 I chatty : uid=1000(system) Binder:1176_4 expire 50 lines
04-24 11:15:14.477 1176 1727 I chatty : uid=1000(system) Binder:1176_9 expire 29 lines
04-24 11:15:14.519 1176 2434 I chatty : uid=1000(system) Binder:1176_E expire 29 lines
04-24 11:15:14.558 1463 6179 I CommandQueue: updateBarBgColor
04-24 11:15:14.558 1463 6179 D CommandQueue: CommandQueue, setBarBackgroundColor
04-24 11:15:14.607 1176 1282 I chatty : uid=1000(system) android.anim expire 28 lines
04-24 11:15:15.096 742 742 I chatty : uid=1010(wifi) /system/bin/wificond expire 81 lines
04-24 11:15:15.736 1176 1609 I chatty : uid=1000(system) MultiTaskManage expire 2 lines
04-24 11:15:15.740 1176 5274 I chatty : uid=1000 system_server expire 6 lines
04-24 11:15:15.780 1708 1708 I HwCoreAppHelperService: LocalReceiver receives:android.intent.action.PACKAGE_RESTARTED,pkg:com.jiansheng.blmn.demo,uid:10848
04-24 11:15:15.801 1176 1192 I chatty : uid=1000(system) android.bg expire 2 lines
04-24 11:15:15.805 1176 1193 I chatty : uid=1000(system) HwActivityManag expire 2 lines
04-24 11:15:16.140 1176 1189 I chatty : uid=1000(system) Binder:1176_1 expire 1 line
04-24 11:15:16.157 1176 1204 I chatty : uid=1000(system) android.display expire 17 lines
04-24 11:15:16.158 1176 5848 I chatty : uid=1000(system) Binder:1176_12 expire 6 lines
04-24 11:15:16.175 1176 1195 I chatty : uid=1000(system) ActivityManager expire 10 lines
04-24 11:15:16.195 1176 1196 I chatty : uid=1000(system) android.ui expire 4 lines
04-24 11:15:16.215 1176 1716 I chatty : uid=1000(system) Binder:1176_8 expire 2 lines
04-24 11:15:16.231 1619 2078 I HwNetworkPolicyManager: getHwUidPolicy uid = 10061 policy = 0
04-24 11:15:16.269 1463 12196 I CommandQueue: updateBarBgColor
04-24 11:15:16.270 1463 12196 D CommandQueue: CommandQueue, setBarBackgroundColor
04-24 11:15:17.447 5288 5288 D ActivityThread: ActivityThread,attachApplication
04-24 11:15:17.474 1619 2078 I HwNetworkPolicyManager: getHwUidPolicy uid = 10571 policy = 0
04-24 11:15:17.579 5288 5288 V ActivityThread: ActivityThread,callActivityOnCreate
04-24 11:15:17.594 1176 11623 I chatty : uid=1000(system) Binder:1176_1E expire 39 lines
04-24 11:15:17.728 5288 5288 D ActivityThread: add activity client record, r= ActivityRecord{32bed23 token=android.os.BinderProxy@850cd8f {com.uwa.datamanager/com.unity3d.player.UnityPlayerActivity}} token= android.os.BinderProxy@850cd8f
04-24 11:15:17.773 1463 12196 I CommandQueue: updateBarBgColor
04-24 11:15:17.773 1463 12196 D CommandQueue: CommandQueue, setBarBackgroundColor
04-24 11:15:19.010 1176 1589 I chatty : uid=1000(system) watchdog expire 12 lines
04-24 11:15:47.230 1176 1288 I chatty : uid=1000(system) UEventObserver expire 16 lines
04-24 11:15:47.239 1176 1200 I chatty : uid=1000(system) batterystats-sy expire 4 lines
04-24 11:15:58.230 1176 1287 I chatty : uid=1000(system) HwBatteryServic expire 5 lines
04-24 11:15:58.284 5399 5399 D ActivityThread: ActivityThread,attachApplication
04-24 11:15:58.285 1176 2434 I chatty : uid=1000(system) Binder:1176_E expire 8 lines
04-24 11:15:58.305 1463 1463 W PowerUI : unknown intent: Intent { act=android.intent.action.ACTION_POWER_CONNECTED flg=0x4000010 (has extras) }
04-24 11:15:58.305 1176 1207 I chatty : uid=1000(system) PowerManagerSer expire 1 line
04-24 11:15:58.307 1176 1195 I chatty : uid=1000(system) ActivityManager expire 5 lines
04-24 11:15:58.321 1176 2307 I chatty : uid=1000(system) HwDeviceUsageCo expire 1 line
04-24 11:15:58.351 5417 5417 D ActivityThread: ActivityThread,attachApplication
04-24 11:15:58.504 1176 1176 I chatty : uid=1000 system_server expire 18 lines
04-24 11:16:00.054 1176 1490 I chatty : uid=1000(system) Binder:1176_4 expire 2 lines
04-24 11:16:00.091 5468 5468 D ActivityThread: ActivityThread,attachApplication
04-24 11:16:00.235 742 742 I chatty : uid=1010(wifi) /system/bin/wificond expire 30 lines
04-24 11:16:00.479 1176 1727 I chatty : uid=1000(system) Binder:1176_9 expire 11 lines
04-24 11:16:00.546 5515 5515 D ActivityThread: ActivityThread,attachApplication
04-24 11:16:00.551 1176 1445 I chatty : uid=1000(system) Binder:1176_3 expire 4 lines
04-24 11:16:00.561 1176 12121 I chatty : uid=1000(system) Binder:1176_20 expire 10 lines
04-24 11:16:00.811 1176 11623 I chatty : uid=1000(system) Binder:1176_1E expire 1 line
04-24 11:16:00.936 1176 1352 I chatty : uid=1000(system) ConnectivitySer expire 10 lines
04-24 11:16:07.577 5582 5582 D ActivityThread: ActivityThread,attachApplication
04-24 11:16:10.108 1176 1190 I chatty : uid=1000(system) Binder:1176_2 expire 8 lines
04-24 11:16:16.021 5619 5619 D ActivityThread: ActivityThread,attachApplication
04-24 11:16:18.298 742 742 I chatty : uid=1010(wifi) /system/bin/wificond expire 876 lines
04-24 11:16:30.494 1176 1727 I chatty : uid=1000(system) Binder:1176_9 expire 26 lines
04-24 11:16:30.495 1176 1352 I chatty : uid=1000(system) ConnectivitySer expire 6 lines
04-24 11:17:28.740 1176 1176 I chatty : uid=1000 system_server expire 74 lines
04-24 11:17:47.482 1176 1200 I chatty : uid=1000(system) batterystats-sy expire 4 lines
04-24 11:17:47.498 1176 1490 I chatty : uid=1000(system) Binder:1176_4 expire 8 lines
04-24 11:18:28.895 1176 1288 I chatty : uid=1000(system) UEventObserver expire 28 lines
04-24 11:21:19.027 1176 1589 I chatty : uid=1000(system) watchdog expire 10 lines
04-24 11:23:00.081 1176 12121 I chatty : uid=1000(system) Binder:1176_20 expire 7 lines
04-24 11:24:00.086 1176 1716 I chatty : uid=1000(system) Binder:1176_8 expire 5 lines
04-24 11:24:37.329 487 622 W SocketListener: sending broadcast to Pid = 1176, Uid = 1000
04-24 11:24:37.332 1176 1332 I chatty : uid=1000(system) NetdConnector expire 36 lines
04-24 11:24:37.338 1176 1202 I chatty : uid=1000(system) android.fg expire 12 lines
04-24 11:24:37.358 1176 1333 I chatty : uid=1000(system) NetworkStats expire 25 lines
04-24 11:24:37.918 742 742 I chatty : uid=1010(wifi) /system/bin/wificond expire 18 lines
04-24 11:24:39.391 487 622 W SocketListener: sending broadcast to Pid = 1176, Uid = 1000
04-24 11:24:41.391 487 622 W SocketListener: sending broadcast to Pid = 1176, Uid = 1000
04-24 11:24:43.411 487 622 W SocketListener: sending broadcast to Pid = 1176, Uid = 1000
04-24 11:24:45.443 487 622 W SocketListener: sending broadcast to Pid = 1176, Uid = 1000
04-24 11:24:47.459 487 622 W SocketListener: sending broadcast to Pid = 1176, Uid = 1000
04-24 11:24:47.471 1176 1333 I chatty : uid=1000(system) NetworkStats expire 25 lines
04-24 11:24:49.467 487 622 W SocketListener: sending broadcast to Pid = 1176, Uid = 1000
04-24 11:24:49.470 1176 1332 I chatty : uid=1000(system) NetdConnector expire 30 lines
04-24 11:24:49.956 742 742 I chatty : uid=1010(wifi) /system/bin/wificond expire 24 lines
04-24 11:24:51.479 487 622 W SocketListener: sending broadcast to Pid = 1176, Uid = 1000
04-24 11:24:53.501 487 622 W SocketListener: sending broadcast to Pid = 1176, Uid = 1000
04-24 11:24:55.529 487 622 W SocketListener: sending broadcast to Pid = 1176, Uid = 1000
04-24 11:24:57.553 487 622 W SocketListener: sending broadcast to Pid = 1176, Uid = 1000
04-24 11:24:57.571 1176 1333 I chatty : uid=1000(system) NetworkStats expire 25 lines
04-24 11:24:58.238 1176 1176 I chatty : uid=1000 system_server expire 14 lines
04-24 11:24:59.574 487 622 W SocketListener: sending broadcast to Pid = 1176, Uid = 1000
04-24 11:24:59.576 1176 1332 I chatty : uid=1000(system) NetdConnector expire 30 lines
04-24 11:24:59.937 1176 1288 I chatty : uid=1000(system) UEventObserver expire 8 lines
04-24 11:25:01.628 487 622 W SocketListener: sending broadcast to Pid = 1176, Uid = 1000
04-24 11:25:01.635 1176 1202 I chatty : uid=1000(system) android.fg expire 10 lines
04-24 11:25:01.984 742 742 I chatty : uid=1010(wifi) /system/bin/wificond expire 18 lines
04-24 11:25:03.621 487 622 W SocketListener: sending broadcast to Pid = 1176, Uid = 1000
04-24 11:25:05.688 487 622 W SocketListener: sending broadcast to Pid = 1176, Uid = 1000
04-24 11:25:07.697 487 622 W SocketListener: sending broadcast to Pid = 1176, Uid = 1000
04-24 11:25:07.708 1176 1333 I chatty : uid=1000(system) NetworkStats expire 25 lines
04-24 11:25:09.750 487 622 W SocketListener: sending broadcast to Pid = 1176, Uid = 1000
04-24 11:25:09.753 1176 1332 I chatty : uid=1000(system) NetdConnector expire 30 lines
04-24 11:25:11.766 487 622 W SocketListener: sending broadcast to Pid = 1176, Uid = 1000
04-24 11:25:13.788 487 622 W SocketListener: sending broadcast to Pid = 1176, Uid = 1000
04-24 11:25:14.021 742 742 I chatty : uid=1010(wifi) /system/bin/wificond expire 24 lines
04-24 11:25:15.845 487 622 W SocketListener: sending broadcast to Pid = 1176, Uid = 1000
04-24 11:25:17.859 487 622 W SocketListener: sending broadcast to Pid = 1176, Uid = 1000
04-24 11:25:17.875 1176 1333 I chatty : uid=1000(system) NetworkStats expire 30 lines
04-24 11:25:19.894 487 622 W SocketListener: sending broadcast to Pid = 1176, Uid = 1000
04-24 11:25:19.902 1176 1332 I chatty : uid=1000(system) NetdConnector expire 30 lines
04-24 11:25:21.908 487 622 W SocketListener: sending broadcast to Pid = 1176, Uid = 1000
04-24 11:25:21.915 1176 1202 I chatty : uid=1000(system) android.fg expire 10 lines
04-24 11:25:24.954 487 622 W SocketListener: sending broadcast to Pid = 1176, Uid = 1000
04-24 11:25:26.056 742 742 I chatty : uid=1010(wifi) /system/bin/wificond expire 18 lines
04-24 11:25:26.991 487 622 W SocketListener: sending broadcast to Pid = 1176, Uid = 1000
04-24 11:25:29.007 487 622 W SocketListener: sending broadcast to Pid = 1176, Uid = 1000
04-24 11:25:31.032 487 622 W SocketListener: sending broadcast to Pid = 1176, Uid = 1000
04-24 11:25:31.035 1176 1332 I chatty : uid=1000(system) NetdConnector expire 30 lines
04-24 11:25:31.048 1176 1333 I chatty : uid=1000(system) NetworkStats expire 25 lines
04-24 11:25:33.071 487 622 W SocketListener: sending broadcast to Pid = 1176, Uid = 1000
04-24 11:25:35.088 487 622 W SocketListener: sending broadcast to Pid = 1176, Uid = 1000
04-24 11:25:37.092 487 622 W SocketListener: sending broadcast to Pid = 1176, Uid = 1000
04-24 11:25:38.093 742 742 I chatty : uid=1010(wifi) /system/bin/wificond expire 24 lines
04-24 11:25:39.135 487 622 W SocketListener: sending broadcast to Pid = 1176, Uid = 1000
04-24 11:25:41.151 487 622 W SocketListener: sending broadcast to Pid = 1176, Uid = 1000
04-24 11:25:41.152 1176 1332 I chatty : uid=1000(system) NetdConnector expire 36 lines
04-24 11:25:41.161 1176 1333 I chatty : uid=1000(system) NetworkStats expire 30 lines
04-24 11:25:42.276 1176 1190 I chatty : uid=1000(system) Binder:1176_2 expire 11 lines
04-24 11:25:43.163 487 622 W SocketListener: sending broadcast to Pid = 1176, Uid = 1000
04-24 11:25:43.172 1176 1202 I chatty : uid=1000(system) android.fg expire 10 lines
04-24 11:25:45.181 487 622 W SocketListener: sending broadcast to Pid = 1176, Uid = 1000
04-24 11:25:47.218 487 622 W SocketListener: sending broadcast to Pid = 1176, Uid = 1000
04-24 11:25:49.264 487 622 W SocketListener: sending broadcast to Pid = 1176, Uid = 1000
04-24 11:25:50.118 742 742 I chatty : uid=1010(wifi) /system/bin/wificond expire 18 lines
04-24 11:25:51.280 487 622 W SocketListener: sending broadcast to Pid = 1176, Uid = 1000
04-24 11:25:53.312 487 622 W SocketListener: sending broadcast to Pid = 1176, Uid = 1000
04-24 11:25:53.312 1176 1332 I chatty : uid=1000(system) NetdConnector expire 30 lines
