04-24 12:07:18.694 1176 1406 D HuaweiWifiWatchdogStateMachine: a4:fa:**:**:eb:b0 current loss[-45]=0%, volume=9
04-24 12:07:18.695 1176 1176 I QosMonitor: queryRtt: rtt_type = 3
04-24 12:07:18.695 1176 1406 D HuaweiWifiWatchdogStateMachine: a4:fa:**:**:eb:b0 history loss[-45]=0%, volume=13825046
04-24 12:07:18.695 1176 1176 I HwQoEJNI: send_cmd_kernel. begin
04-24 12:07:18.695 1176 1176 I HwQoEJNI: send_cmd_kernel. end
04-24 12:07:18.695 1176 1406 I HuaweiWifiWatchdogStateMachine: spd good count:0, add sc:0.0, rate:1.0
04-24 12:07:18.695 1176 1406 I HuaweiWifiWatchdogStateMachine: current mHighDataFlowRate = 1.0
04-24 12:07:18.695 1176 1176 I QosMonitor: postEventFromNative: msg=100,arg1=4,arg2=10
04-24 12:07:18.695 1176 1406 I HuaweiWifiWatchdogStateMachine: POta txb txg rxg:0, 13, 0. Lr =0% Totpkt=13
04-24 12:07:18.695 1176 1176 D HuaweiWifiWatchdogStateMachine: a4:fa:**:**:eb:b0 current RTT[-45]=480, volume=1
04-24 12:07:18.695 1176 1176 D HuaweiWifiWatchdogStateMachine: a4:fa:**:**:eb:b0 history RTT[-45]=511, volume=60758
04-24 12:07:18.696 1176 1176 D HuaweiWifiWatchdogStateMachine: setSampleRtt: rtt=480,rtt_pkts =1,rtt_when=6
04-24 12:07:18.696 1176 1176 I HwQoEJNI: send_cmd_kernel. begin
04-24 12:07:18.696 1176 1176 I HwQoEJNI: send_cmd_kernel. end
04-24 12:07:18.696 1176 1176 I QosMonitor: postEventFromNative: msg=100,arg1=0,arg2=10
04-24 12:07:18.697 1176 1176 I QosMonitor: resetRtt: rtt_type = 3
04-24 12:07:18.697 1176 1176 I HwQoEJNI: send_cmd_kernel. begin
04-24 12:07:18.697 1176 1176 I HwQoEJNI: send_cmd_kernel. end
04-24 12:07:18.697 1176 1176 I MQoS : rtt=480,tcp_tx_pkts=480729,tcp_rx_pkts=921248
04-24 12:07:18.698 1176 1406 D HuaweiWifiWatchdogStateMachine: dumpTcpResult: len=10,rtt=480,rttPkt=1,rttWn=6,cgt=16,cgtWn=9200448
04-24 12:07:18.699 1176 1406 I HuaweiWifiWatchdogStateMachine: PTcp RTT:0, rtt pkt=0, tcp_rx=1, tcp_tx=8, tcp_reTran=0, rtRate=0
04-24 12:07:18.699 1176 1406 D HuaweiWifiWatchdogStateMachine: mRssiBadCount =0, RSSI not bad.
04-24 12:07:18.699 1176 1406 D HuaweiWifiWatchdogStateMachine: detectNetworkAvailable:hw.wifipro.dns_fail_count = 131
04-24 12:07:18.699 1176 1406 D HuaweiWifiWatchdogStateMachine: detectNetworkAvailable: tcpRxPkts != 0, reset
04-24 12:07:18.699 1176 1406 I HuaweiWifiWatchdogStateMachine: rs ota tcp lr rttvb bad: false, false, false, false, false; rsth:-75
04-24 12:07:18.699 1176 1406 D HuaweiWifiWatchdogStateMachine: GSC:0, GSR:1.0, RSR:1.0, RTH:-75
04-24 12:07:18.699 1176 1406 D HuaweiWifiWatchdogStateMachine: bqeLevel = 2 rtt=0,rtt_pkts=0 speed=1922 rssi=-26
04-24 12:07:18.699 1176 1406 D HuaweiWifiWatchdogStateMachine: Enter updateQoeLevel level = 2
04-24 12:07:18.699 1176 1406 D HuaweiWifiWatchdogStateMachine: updateQoeLevel current level equal to mLastDetectLevel, return
04-24 12:07:18.699 1176 1406 I HuaweiWifiWatchdogStateMachine: pkt chk not bad, reset sc to 0.
04-24 12:07:18.699 1176 1406 D HuaweiWifiWatchdogStateMachine: ### mPktChkBadCnt=0
04-24 12:07:18.706 1176 3515 I MQoS : QOS_level:0(0),wifi-link;SIM error;use level-0
04-24 12:07:19.176 777 777 E : [E/capacity_limit_control] not demo version, not set power control prop!
04-24 12:07:19.177 1176 1589 W Watchdog: hungtask: writing kick
04-24 12:07:19.178 1176 1176 I TrafficMonitor: update:rxPkts:7,txPkts:0,rxBytes:518,txBytes:0
04-24 12:07:19.178 1176 1176 I TrafficMonitor: start expired. level:-1
04-24 12:07:19.178 1176 1176 I TrafficMonitor: gettimer:interval=2000
04-24 12:07:19.179 1176 1202 I EventHub: EventHub monitor: no key events in the past 5852s,
04-24 12:07:19.214 777 777 E : [E/capacity_limit_control] not demo version, not set power control prop!
04-24 12:07:19.217 1176 1288 D HwBatteryService: onUEvent fcpStatus = 0,scpStatus =0,ovpStatus=0
04-24 12:07:19.219 1176 1288 I UsbDeviceManager: water_intrused state= 0
04-24 12:07:19.230 1463 1463 D KeyguardUpdateMonitor: received broadcast android.intent.action.BATTERY_CHANGED
04-24 12:07:19.231 1463 1463 W KeyguardUpdateMonitor: ACTION_BATTERY_CHANGED AMP: 500000; Volt: 5000000
04-24 12:07:19.232 1729 1729 I MsgReceiver: intent action: android.intent.action.BATTERY_CHANGED
04-24 12:07:19.232 1463 1463 V KeyguardUpdateMonitor: RefreshBatteryInfo isBatteryLow: 70
04-24 12:07:19.233 1463 1463 W KeyguardUpdateMonitor: ChargingSpeed Wattage: 2500000 ST: 5000000 --> 7500000
04-24 12:07:19.233 1463 1463 I KgBattery: BatteryInfo updated: 2lPc0
04-24 12:07:19.233 1463 1463 W AppHandler: sendMessage with obj100
04-24 12:07:19.233 1463 1463 D KeyguardUpdateMonitor: handleBatteryUpdate
04-24 12:07:19.233 1463 1463 W HwLockScreenPanel: Handle message: 100
04-24 12:07:19.233 1463 1463 W HwKeyguardBottomArea: updateBatteryInfo : false true
04-24 12:07:19.233 1463 1463 W KgBattery: getCharge info with type: text
04-24 12:07:19.233 1176 1176 D HwInnerWifiManagerImpl: SupplicantState = COMPLETED
04-24 12:07:19.234 1176 1176 D HwInnerWifiManagerImpl: isPhoneAP = false
04-24 12:07:19.235 5515 5671 E CloudAlbum[8.1.2.309]: [ReceiverManager] not log on ignore
04-24 12:07:19.237 1463 1463 W HwLockScreenPanel: refreshBatteryInfo: null
04-24 12:07:19.237 1176 1176 D HwInnerWifiManagerImpl: SupplicantState = COMPLETED
04-24 12:07:19.237 1176 1176 D HwInnerWifiManagerImpl: isPhoneAP = false
04-24 12:07:19.237 1176 1176 D WifiStateMachine: mBcastReceiver: PluggedType = 2 mIsScanCtrlPluggedin = true
04-24 12:07:19.238 1176 1176 D HwWifiService: mPluggedType =2
04-24 12:07:19.238 1176 1176 D WifiService: onReceive, action:android.intent.action.BATTERY_CHANGED
04-24 12:07:19.238 1176 1176 D WifiService: ACTION_BATTERY_CHANGED pluggedType: 2
04-24 12:07:20.248 679 679 E WifiHAL : enter wifi_get_link_stats
04-24 12:07:20.254 742 742 E wificond: Failed to get NL80211_RATE_INFO_NOISE
04-24 12:07:20.254 742 742 E wificond: Failed to get NL80211_RATE_INFO_SNR
04-24 12:07:20.254 742 742 E wificond: Failed to get NL80211_STA_INFO_CNAHLOAD
04-24 12:07:20.254 1176 1337 E WificondControl: Noise: 0, Snr: -1, Chload: -1
04-24 12:07:20.255 1176 1339 D HwWifiCHRStateManager: handleMessage : 1001
04-24 12:07:20.255 1176 1339 D HwWifiCHRStateManager: handleUpdateChannel:2412
04-24 12:07:20.255 1176 1339 V HwWifiServiceFactory: get AllImpl object = com.android.server.wifi.HwWifiServiceFactoryImpl@2205edc
04-24 12:07:20.257 1176 1337 D HwCustWifiStateMachineReferenceImpl: checkRssiOverThreshold newRssi = -26
04-24 12:07:20.258 1176 1337 D WifiScoreReport: Score = 100, wifiConnectivityManagerEnabled = false, lowScoreCount = 0
04-24 12:07:20.519 1176 1338 D HwWifiStatStore: handleMessage : 200
04-24 12:07:20.777 1176 1392 D HwArpVerifier: check_wifi_state_mode = 0 mCheckStateToken=25 token25
04-24 12:07:20.779 1176 1392 D wifiserviceimpl: netmask =16777215
04-24 12:07:20.822 1176 1392 D HWMultiGW: setGateWay 192.168.1.1
04-24 12:07:21.180 1176 1176 I TrafficMonitor: update:rxPkts:48,txPkts:1,rxBytes:5998,txBytes:40
04-24 12:07:21.180 1176 1176 I TrafficMonitor: start expired. level:-1
04-24 12:07:21.180 1176 1176 I TrafficMonitor: gettimer:interval=2000
04-24 12:07:21.823 1176 1392 D HwArpVerifier: getGateWayARPResponses: arp rtt = 6
04-24 12:07:21.823 1176 1392 E HwCHRWifiRSSIGroupSummery: updatArpSummery mRSSI:-26 HwCHRWifiRSSIGroup [rssi_index=4, rtt_tcp_packets=0, rtt_tcp_duration=0, rtt_lan_duration=6622, rtt_lan_failures=0, rtt_lan_succ=306, rtt_lan_max=939, rtt_lan_min=3,same_area_frequency=0,adjacent_area_frequency=0]
04-24 12:07:21.847 741 741 E Thermal-daemon: [ap] temp_new :36 temp_old :37
04-24 12:07:21.848 1729 27267 I ThermalService: Receive temperature change, type: 0, temp: 36 from thermald
04-24 12:07:21.850 741 741 E Thermal-daemon: Report temperature: [ap] temp :36 report_threshold:1
04-24 12:07:21.861 1176 1392 D HwArpVerifier: There are 1 mac address for gateway
04-24 12:07:21.862 1176 1392 D HwArpVerifier: from HEART_CHECK transmit to state:HEART_CHECK
04-24 12:07:21.862 1176 1392 D HwArpVerifier: msg what=124 arg1(token)=25 arg2(mode)=0 delay=30000
04-24 12:07:21.862 1176 1392 D HwArpVerifier: performPollAndLog:
04-24 12:07:21.865 1176 1392 D hw_netstat: total/390/80,unknown:0/390/80
04-24 12:07:22.174 1176 1176 I TrafficMonitor: expired arrive. level:-1
04-24 12:07:22.174 1176 1176 I TrafficMonitor: during_ms:2001,period_ms:2000
04-24 12:07:22.174 1176 1176 I TrafficMonitor: count:884,rx_sum:48,tx_sum:1,rxBytes:5998,during_ms:2001,rx_speed:2997.5012493753125,tx_speed:19.990004997501252,rto:48.0
04-24 12:07:22.174 1176 1176 D HuaweiWifiWatchdogStateMachine: speed: rxpkt:48, rxSpd:2997B/s, txpkt:1, txSpd:19
04-24 12:07:23.183 1176 1176 I TrafficMonitor: update:rxPkts:23,txPkts:0,rxBytes:1878,txBytes:0
04-24 12:07:23.183 1176 1176 I TrafficMonitor: start expired. level:-1
04-24 12:07:23.183 1176 1176 I TrafficMonitor: gettimer:interval=2000
04-24 12:07:23.262 679 679 E WifiHAL : enter wifi_get_link_stats
04-24 12:07:23.267 742 742 E wificond: Failed to get NL80211_RATE_INFO_NOISE
04-24 12:07:23.267 742 742 E wificond: Failed to get NL80211_RATE_INFO_SNR
04-24 12:07:23.267 742 742 E wificond: Failed to get NL80211_STA_INFO_CNAHLOAD
04-24 12:07:23.268 1176 1337 E WificondControl: Noise: 0, Snr: -1, Chload: -1
04-24 12:07:23.269 1176 1339 D HwWifiCHRStateManager: handleMessage : 1001
04-24 12:07:23.269 1176 1339 D HwWifiCHRStateManager: handleUpdateChannel:2412
04-24 12:07:23.269 1176 1339 V HwWifiServiceFactory: get AllImpl object = com.android.server.wifi.HwWifiServiceFactoryImpl@2205edc
04-24 12:07:23.270 1176 1337 D HwCustWifiStateMachineReferenceImpl: checkRssiOverThreshold newRssi = -26
04-24 12:07:23.271 1176 1337 D WifiScoreReport: Score = 100, wifiConnectivityManagerEnabled = false, lowScoreCount = 0
04-24 12:07:23.521 1176 1338 D HwWifiStatStore: handleMessage : 200
04-24 12:07:24.221 777 777 E : [E/capacity_limit_control] not demo version, not set power control prop!
04-24 12:07:25.186 1176 1176 I TrafficMonitor: update:rxPkts:18,txPkts:0,rxBytes:3544,txBytes:0
04-24 12:07:25.186 1176 1176 I TrafficMonitor: start expired. level:-1
04-24 12:07:25.187 1176 1176 I TrafficMonitor: gettimer:interval=2000
04-24 12:07:26.275 679 679 E WifiHAL : enter wifi_get_link_stats
04-24 12:07:26.286 742 742 E wificond: Failed to get NL80211_RATE_INFO_NOISE
04-24 12:07:26.286 742 742 E wificond: Failed to get NL80211_RATE_INFO_SNR
04-24 12:07:26.286 742 742 E wificond: Failed to get NL80211_STA_INFO_CNAHLOAD
04-24 12:07:26.287 1176 1337 E WificondControl: Noise: 0, Snr: -1, Chload: -1
04-24 12:07:26.287 1176 1339 D HwWifiCHRStateManager: handleMessage : 1001
04-24 12:07:26.288 1176 1339 D HwWifiCHRStateManager: handleUpdateChannel:2412
04-24 12:07:26.288 1176 1339 V HwWifiServiceFactory: get AllImpl object = com.android.server.wifi.HwWifiServiceFactoryImpl@2205edc
04-24 12:07:26.289 1176 1337 D HwCustWifiStateMachineReferenceImpl: checkRssiOverThreshold newRssi = -27
04-24 12:07:26.290 1176 1337 D WifiScoreReport: Score = 100, wifiConnectivityManagerEnabled = false, lowScoreCount = 0
04-24 12:07:26.526 1176 1338 D HwWifiStatStore: handleMessage : 200
04-24 12:07:26.689 742 742 E wificond: Failed to get NL80211_RATE_INFO_NOISE
04-24 12:07:26.689 742 742 E wificond: Failed to get NL80211_RATE_INFO_SNR
04-24 12:07:26.689 742 742 E wificond: Failed to get NL80211_STA_INFO_CNAHLOAD
04-24 12:07:26.690 1176 1337 E WificondControl: Noise: 0, Snr: -1, Chload: -1
04-24 12:07:26.691 1176 1339 D HwWifiCHRStateManager: handleMessage : 1001
04-24 12:07:26.691 1176 1339 D HwWifiCHRStateManager: handleUpdateChannel:2412
04-24 12:07:26.691 1176 1339 V HwWifiServiceFactory: get AllImpl object = com.android.server.wifi.HwWifiServiceFactoryImpl@2205edc
04-24 12:07:26.693 742 742 E wificond: Failed to get NL80211_RATE_INFO_NOISE
04-24 12:07:26.693 742 742 E wificond: Failed to get NL80211_RATE_INFO_SNR
04-24 12:07:26.693 742 742 E wificond: Failed to get NL80211_STA_INFO_CNAHLOAD
04-24 12:07:26.694 1176 1406 D HuaweiWifiWatchdogStateMachine: LM mrssi=-27
04-24 12:07:26.695 1176 1406 D HuaweiWifiWatchdogStateMachine: a4:fa:**:**:eb:b0 current loss[-45]=0%, volume=2
04-24 12:07:26.695 1176 1406 D HuaweiWifiWatchdogStateMachine: a4:fa:**:**:eb:b0 history loss[-45]=0%, volume=13825048
04-24 12:07:26.695 1176 1406 I HuaweiWifiWatchdogStateMachine: spd good count:0, add sc:0.0, rate:1.0
04-24 12:07:26.695 1176 1406 I HuaweiWifiWatchdogStateMachine: current mHighDataFlowRate = 1.0
04-24 12:07:26.695 1176 1406 I HuaweiWifiWatchdogStateMachine: POta txb txg rxg:0, 2, 0. Lr =0% Totpkt=2
04-24 12:07:26.697 1176 1176 D WiFi_PRO: MSG_RETURN_AP_CURRY_RSSI rssi = -27
04-24 12:07:26.697 1176 1176 I QosMonitor: queryRtt: rtt_type = 3
04-24 12:07:26.698 1176 1176 I HwQoEJNI: send_cmd_kernel. begin
04-24 12:07:26.698 1176 1176 I HwQoEJNI: send_cmd_kernel. end
04-24 12:07:26.698 1176 1176 I QosMonitor: postEventFromNative: msg=100,arg1=4,arg2=10
04-24 12:07:26.698 1176 1176 I HwQoEJNI: send_cmd_kernel. begin
04-24 12:07:26.698 1176 1176 I HwQoEJNI: send_cmd_kernel. end
04-24 12:07:26.698 1176 1176 I QosMonitor: postEventFromNative: msg=100,arg1=0,arg2=10
04-24 12:07:26.699 1176 1176 D HuaweiWifiWatchdogStateMachine: setSampleRtt: unvalid rtt
04-24 12:07:26.699 1176 1176 I MQoS : rtt=480,tcp_tx_pkts=480731,tcp_rx_pkts=921248
04-24 12:07:26.700 1176 1406 D HuaweiWifiWatchdogStateMachine: dumpTcpResult: len=10,rtt=480,rttPkt=1,rttWn=14,cgt=16,cgtWn=9201506
04-24 12:07:26.700 1176 1406 I HuaweiWifiWatchdogStateMachine: PTcp RTT:0, rtt pkt=0, tcp_rx=0, tcp_tx=2, tcp_reTran=0, rtRate=0
04-24 12:07:26.700 1176 1406 D HuaweiWifiWatchdogStateMachine: mRssiBadCount =0, RSSI not bad.
04-24 12:07:26.701 1176 1406 D HuaweiWifiWatchdogStateMachine: detectNetworkAvailable:hw.wifipro.dns_fail_count = 131
04-24 12:07:26.701 1176 1406 D HuaweiWifiWatchdogStateMachine: bqeLevel = 2 rtt=0,rtt_pkts=0 speed=2997 rssi=-27
04-24 12:07:26.701 1176 1406 D HuaweiWifiWatchdogStateMachine: Enter updateQoeLevel level = 2
04-24 12:07:26.701 1176 1406 D HuaweiWifiWatchdogStateMachine: updateQoeLevel current level equal to mLastDetectLevel, return
04-24 12:07:26.701 1176 1406 D HuaweiWifiWatchdogStateMachine: did not have any network action
04-24 12:07:26.707 1176 3515 I MQoS : QOS_level:0(0),wifi-link;SIM error;use level-0
04-24 12:07:26.870 1176 1392 D HwArpVerifier: performPollAndLog:
04-24 12:07:26.874 1176 1392 D hw_netstat: total/0/40,unknown:0/0/40
04-24 12:07:27.190 1176 1176 I TrafficMonitor: update:rxPkts:25,txPkts:1,rxBytes:2251,txBytes:40
04-24 12:07:27.190 1176 1176 I TrafficMonitor: start expired. level:-1
04-24 12:07:27.190 1176 1176 I TrafficMonitor: gettimer:interval=2000
04-24 12:07:28.183 1176 1176 I TrafficMonitor: expired arrive. level:-1
04-24 12:07:28.184 1176 1176 I TrafficMonitor: during_ms:2004,period_ms:2000
04-24 12:07:28.184 1176 1176 I TrafficMonitor: count:887,rx_sum:25,tx_sum:1,rxBytes:2251,during_ms:2004,rx_speed:1123.253493013972,tx_speed:19.960079840319363,rto:25.0
04-24 12:07:28.184 1176 1176 D HuaweiWifiWatchdogStateMachine: speed: rxpkt:25, rxSpd:1123B/s, txpkt:1, txSpd:19
04-24 12:07:28.749 1176 1392 D HwArpVerifier: getIpRouteTable
04-24 12:07:28.837 1176 1392 D HwArpVerifier: Notify wifi default route is ok
04-24 12:07:29.193 1176 1176 I TrafficMonitor: update:rxPkts:28,txPkts:0,rxBytes:2311,txBytes:0
04-24 12:07:29.194 1176 1176 I TrafficMonitor: start expired. level:-1
04-24 12:07:29.194 1176 1176 I TrafficMonitor: gettimer:interval=2000
04-24 12:07:29.229 777 777 E : [E/capacity_limit_control] not demo version, not set power control prop!
04-24 12:07:29.292 679 679 E WifiHAL : enter wifi_get_link_stats
04-24 12:07:29.298 742 742 E wificond: Failed to get NL80211_RATE_INFO_NOISE
04-24 12:07:29.298 742 742 E wificond: Failed to get NL80211_RATE_INFO_SNR
04-24 12:07:29.298 742 742 E wificond: Failed to get NL80211_STA_INFO_CNAHLOAD
04-24 12:07:29.299 1176 1337 E WificondControl: Noise: 0, Snr: -1, Chload: -1
04-24 12:07:29.299 1176 1339 D HwWifiCHRStateManager: handleMessage : 1001
04-24 12:07:29.300 1176 1339 D HwWifiCHRStateManager: handleUpdateChannel:2412
04-24 12:07:29.300 1176 1339 V HwWifiServiceFactory: get AllImpl object = com.android.server.wifi.HwWifiServiceFactoryImpl@2205edc
04-24 12:07:29.301 1176 1337 D HwCustWifiStateMachineReferenceImpl: checkRssiOverThreshold newRssi = -26
04-24 12:07:29.302 1176 1337 D WifiScoreReport: Score = 100, wifiConnectivityManagerEnabled = false, lowScoreCount = 0
04-24 12:07:29.532 1176 1338 D HwWifiStatStore: handleMessage : 200
04-24 12:07:30.030 1176 1302 W AlarmManager: mIsScreenOn is: true, WAKEUP alarm talarm.operation == null,package name is: android listenerTag is: *job.delay* creator uid is: 1000
04-24 12:07:30.033 1176 1176 W HwAlarmManagerService: isContainsAppUidInWorksource-->happend NameNotFoundException
04-24 12:07:30.047 1176 1176 I HwAlarmManagerService: hwSetAlarm listenerTag: *job.delay*
04-24 12:07:30.048 1176 1176 I JobScheduler.Time: mNextDelayExpiredElapsedMillis: 355854126
04-24 12:07:30.049 1176 1176 D JobServiceContext: Scheduling time out for '.msf.service.MSFAliveJobService' jId: 1, in 18 s
04-24 12:07:30.053 1176 1176 D JobServiceContext: .msf.service.MSFAliveJobService unavailable.
04-24 12:07:30.054 1176 1176 D JobSchedulerService: Error executing JobStatus{ba7b4a4 #u0a386/1 com.tencent.mobileqq/.msf.service.MSFAliveJobService u=0 s=10386 TIME=-3m24s848ms:+11m35s152ms PERSISTED READY}
04-24 12:07:30.054 1176 1728 V BroadcastQueue: Finished with ordered broadcast BroadcastRecord{cfff73b u0 com.huawei.hwsystemmanager.power.SCHEDULE_RECORD_POWER_CONSUME}
04-24 12:07:30.063 1176 1728 V BroadcastQueue: Finished with ordered broadcast BroadcastRecord{cf38135 u0 com.tencent.mm.TrafficStatsReceiver}
04-24 12:07:30.090 1619 2979 W HSM : SysCoreUtils:getGoogleSharedUid NameNotFoundException!
04-24 12:07:30.124 1619 2979 I chatty : uid=1000(system) HsmIntentServic identical 194 lines
04-24 12:07:30.124 1619 2979 W HSM : SysCoreUtils:getGoogleSharedUid NameNotFoundException!
04-24 12:07:30.125 1729 27267 I PGServer: com.huawei.systemmanager calls getBatteryStats
04-24 12:07:30.125 1729 27267 D PG_DBS_MAIN: getBatteryStats
04-24 12:07:30.143 1729 27267 I PG_DBS_MAIN: getCalcChargeNow, delta: 34, curr: 2812, last: 2846, calc: 2155
04-24 12:07:30.143 1729 27267 I PG_DBS_MAIN: DBS_Acc_Power: 1393.7, levelPower: 1920, chargeNow: 2155, screen: 0.0, time: 0, cpu: 1321.6, time: 22855, mobile: 0.0, time: 0, wifi: 50.1, time: 0, pakcets: 1472577, bytes: 1620761783, wl: 13.3, time: 2084, sensor: 8.6, time: 130432, gps: 0.0, time: 0
04-24 12:07:31.197 1176 1176 I TrafficMonitor: update:rxPkts:8,txPkts:0,rxBytes:660,txBytes:0
04-24 12:07:31.197 1176 1176 I TrafficMonitor: start expired. level:-1
04-24 12:07:31.197 1176 1176 I TrafficMonitor: gettimer:interval=2000
04-24 12:07:31.878 1176 1392 D HwArpVerifier: performPollAndLog:
04-24 12:07:31.882 1176 1392 D hw_netstat: total/236/0,unknown:0/236/0
04-24 12:07:32.306 679 679 E WifiHAL : enter wifi_get_link_stats
04-24 12:07:32.312 742 742 E wificond: Failed to get NL80211_RATE_INFO_NOISE
04-24 12:07:32.312 742 742 E wificond: Failed to get NL80211_RATE_INFO_SNR
04-24 12:07:32.312 742 742 E wificond: Failed to get NL80211_STA_INFO_CNAHLOAD
04-24 12:07:32.312 1176 1337 E WificondControl: Noise: 0, Snr: -1, Chload: -1
04-24 12:07:32.313 1176 1339 D HwWifiCHRStateManager: handleMessage : 1001
04-24 12:07:32.313 1176 1339 D HwWifiCHRStateManager: handleUpdateChannel:2412
04-24 12:07:32.313 1176 1339 V HwWifiServiceFactory: get AllImpl object = com.android.server.wifi.HwWifiServiceFactoryImpl@2205edc
04-24 12:07:32.315 1176 1337 D HwCustWifiStateMachineReferenceImpl: checkRssiOverThreshold newRssi = -40
04-24 12:07:32.315 1176 1337 D WifiScoreReport: Score = 100, wifiConnectivityManagerEnabled = false, lowScoreCount = 0
04-24 12:07:32.537 1176 1338 D HwWifiStatStore: handleMessage : 200
04-24 12:07:33.200 1176 1176 I TrafficMonitor: update:rxPkts:12,txPkts:0,rxBytes:852,txBytes:0
04-24 12:07:33.200 1176 1176 I TrafficMonitor: start expired. level:-1
04-24 12:07:33.200 1176 1176 I TrafficMonitor: gettimer:interval=2000
04-24 12:07:34.195 1176 1176 I TrafficMonitor: expired arrive. level:-1
04-24 12:07:34.195 1176 1176 I TrafficMonitor: during_ms:2003,period_ms:2000
04-24 12:07:34.195 1176 1176 I TrafficMonitor: count:890,rx_sum:12,tx_sum:0,rxBytes:852,during_ms:2003,rx_speed:425.3619570644034,tx_speed:0.0,rto:0.0
04-24 12:07:34.195 1176 1176 D HuaweiWifiWatchdogStateMachine: speed: rxpkt:12, rxSpd:425B/s, txpkt:0, txSpd:0
04-24 12:07:34.234 777 777 E : [E/capacity_limit_control] not demo version, not set power control prop!
04-24 12:07:34.700 742 742 E wificond: Failed to get NL80211_RATE_INFO_NOISE
04-24 12:07:34.700 742 742 E wificond: Failed to get NL80211_RATE_INFO_SNR
04-24 12:07:34.700 742 742 E wificond: Failed to get NL80211_STA_INFO_CNAHLOAD
04-24 12:07:34.700 1176 1337 E WificondControl: Noise: 0, Snr: -1, Chload: -1
04-24 12:07:34.701 1176 1339 D HwWifiCHRStateManager: handleMessage : 1001
04-24 12:07:34.701 1176 1339 D HwWifiCHRStateManager: handleUpdateChannel:2412
04-24 12:07:34.701 1176 1339 V HwWifiServiceFactory: get AllImpl object = com.android.server.wifi.HwWifiServiceFactoryImpl@2205edc
04-24 12:07:34.702 742 742 E wificond: Failed to get NL80211_RATE_INFO_NOISE
04-24 12:07:34.702 742 742 E wificond: Failed to get NL80211_RATE_INFO_SNR
04-24 12:07:34.702 742 742 E wificond: Failed to get NL80211_STA_INFO_CNAHLOAD
04-24 12:07:34.703 1176 1406 D HuaweiWifiWatchdogStateMachine: LM mrssi=-36
04-24 12:07:34.703 1176 1176 D WiFi_PRO: MSG_RETURN_AP_CURRY_RSSI rssi = -36
04-24 12:07:34.703 1176 1406 D HuaweiWifiWatchdogStateMachine: a4:fa:**:**:eb:b0 current loss[-45]=0%, volume=1
04-24 12:07:34.703 1176 1176 I QosMonitor: queryRtt: rtt_type = 3
04-24 12:07:34.703 1176 1406 D HuaweiWifiWatchdogStateMachine: a4:fa:**:**:eb:b0 history loss[-45]=0%, volume=13825049
04-24 12:07:34.703 1176 1176 I HwQoEJNI: send_cmd_kernel. begin
04-24 12:07:34.703 1176 1176 I HwQoEJNI: send_cmd_kernel. end
04-24 12:07:34.703 1176 1406 I HuaweiWifiWatchdogStateMachine: spd good count:0, add sc:0.0, rate:1.0
04-24 12:07:34.703 1176 1176 I QosMonitor: postEventFromNative: msg=100,arg1=4,arg2=10
04-24 12:07:34.704 1176 1176 D HuaweiWifiWatchdogStateMachine: setSampleRtt: unvalid rtt
04-24 12:07:34.704 1176 1406 D HuaweiWifiWatchdogStateMachine: high data flow: protection_counter = 0, not_detect_counter = 297
04-24 12:07:34.704 1176 1406 D HuaweiWifiWatchdogStateMachine: high data flow scenario: 0 --> 0 rx bytes =28KB
04-24 12:07:34.704 1176 1406 I HuaweiWifiWatchdogStateMachine: current mHighDataFlowRate = 1.0
04-24 12:07:34.704 1176 1406 I HuaweiWifiWatchdogStateMachine: POta txb txg rxg:0, 3, 0. Lr =0% Totpkt=3
04-24 12:07:34.705 1176 1176 I HwQoEJNI: send_cmd_kernel. begin
04-24 12:07:34.705 1176 1176 I HwQoEJNI: send_cmd_kernel. end
04-24 12:07:34.705 1176 1176 I QosMonitor: postEventFromNative: msg=100,arg1=0,arg2=10
04-24 12:07:34.705 1176 1176 I MQoS : rtt=480,tcp_tx_pkts=480731,tcp_rx_pkts=921248
04-24 12:07:34.707 1176 1406 D HuaweiWifiWatchdogStateMachine: dumpTcpResult: len=10,rtt=480,rttPkt=1,rttWn=22,cgt=16,cgtWn=9201506
04-24 12:07:34.707 1176 1406 I HuaweiWifiWatchdogStateMachine: PTcp RTT:0, rtt pkt=0, tcp_rx=0, tcp_tx=0, tcp_reTran=0, rtRate=0
04-24 12:07:34.707 1176 1406 D HuaweiWifiWatchdogStateMachine: mRssiBadCount =0, RSSI not bad.
04-24 12:07:34.707 1176 1406 D HuaweiWifiWatchdogStateMachine: detectNetworkAvailable:hw.wifipro.dns_fail_count = 131
04-24 12:07:34.707 1176 1406 D HuaweiWifiWatchdogStateMachine: bqeLevel = 2 rtt=0,rtt_pkts=0 speed=2997 rssi=-36
04-24 12:07:34.707 1176 1406 D HuaweiWifiWatchdogStateMachine: Enter updateQoeLevel level = 2
04-24 12:07:34.707 1176 1406 D HuaweiWifiWatchdogStateMachine: updateQoeLevel current level equal to mLastDetectLevel, return
04-24 12:07:34.707 1176 1406 D HuaweiWifiWatchdogStateMachine: did not have any network action
04-24 12:07:34.710 1176 3515 I MQoS : QOS_level:0(0),wifi-link;SIM error;use level-0
04-24 12:07:35.203 1176 1176 I TrafficMonitor: update:rxPkts:29,txPkts:0,rxBytes:2078,txBytes:0
04-24 12:07:35.203 1176 1176 I TrafficMonitor: start expired. level:-1
04-24 12:07:35.204 1176 1176 I TrafficMonitor: gettimer:interval=2000
04-24 12:07:35.316 679 679 E WifiHAL : enter wifi_get_link_stats
04-24 12:07:35.319 742 742 E wificond: Failed to get NL80211_RATE_INFO_NOISE
04-24 12:07:35.319 742 742 E wificond: Failed to get NL80211_RATE_INFO_SNR
04-24 12:07:35.319 742 742 E wificond: Failed to get NL80211_STA_INFO_CNAHLOAD
04-24 12:07:35.319 1176 1337 E WificondControl: Noise: 0, Snr: -1, Chload: -1
04-24 12:07:35.320 1176 1339 D HwWifiCHRStateManager: handleMessage : 1001
04-24 12:07:35.320 1176 1339 D HwWifiCHRStateManager: handleUpdateChannel:2412
04-24 12:07:35.320 1176 1339 V HwWifiServiceFactory: get AllImpl object = com.android.server.wifi.HwWifiServiceFactoryImpl@2205edc
04-24 12:07:35.321 1176 1337 D HwCustWifiStateMachineReferenceImpl: checkRssiOverThreshold newRssi = -36
04-24 12:07:35.321 1176 1337 D WifiScoreReport: Score = 100, wifiConnectivityManagerEnabled = false, lowScoreCount = 0
04-24 12:07:35.541 1176 1338 D HwWifiStatStore: handleMessage : 200
04-24 12:07:36.888 1176 1392 D HwArpVerifier: performPollAndLog:
04-24 12:07:36.892 1176 1392 D hw_netstat: total/0/0
04-24 12:07:37.207 1176 1176 I TrafficMonitor: update:rxPkts:14,txPkts:0,rxBytes:1532,txBytes:0
04-24 12:07:37.207 1176 1176 I TrafficMonitor: start expired. level:-1
04-24 12:07:37.207 1176 1176 I TrafficMonitor: gettimer:interval=2000
04-24 12:07:38.325 679 679 E WifiHAL : enter wifi_get_link_stats
04-24 12:07:38.330 742 742 E wificond: Failed to get NL80211_RATE_INFO_NOISE
04-24 12:07:38.331 742 742 E wificond: Failed to get NL80211_RATE_INFO_SNR
04-24 12:07:38.331 742 742 E wificond: Failed to get NL80211_STA_INFO_CNAHLOAD
04-24 12:07:38.331 1176 1337 E WificondControl: Noise: 0, Snr: -1, Chload: -1
04-24 12:07:38.332 1176 1339 D HwWifiCHRStateManager: handleMessage : 1001
04-24 12:07:38.332 1176 1339 D HwWifiCHRStateManager: handleUpdateChannel:2412
04-24 12:07:38.332 1176 1339 V HwWifiServiceFactory: get AllImpl object = com.android.server.wifi.HwWifiServiceFactoryImpl@2205edc
04-24 12:07:38.334 1176 1337 D HwCustWifiStateMachineReferenceImpl: checkRssiOverThreshold newRssi = -34
04-24 12:07:38.334 1176 1337 D WifiScoreReport: Score = 100, wifiConnectivityManagerEnabled = false, lowScoreCount = 0
04-24 12:07:38.547 1176 1338 D HwWifiStatStore: handleMessage : 200
04-24 12:07:39.209 1176 1176 I TrafficMonitor: update:rxPkts:25,txPkts:0,rxBytes:2098,txBytes:0
04-24 12:07:39.209 1176 1176 I TrafficMonitor: start expired. level:-1
04-24 12:07:39.210 1176 1176 I TrafficMonitor: gettimer:interval=2000
04-24 12:07:39.241 777 777 E : [E/capacity_limit_control] not demo version, not set power control prop!
04-24 12:07:40.204 1176 1176 I TrafficMonitor: expired arrive. level:-1
04-24 12:07:40.204 1176 1176 I TrafficMonitor: during_ms:2003,period_ms:2000
04-24 12:07:40.204 1176 1176 I TrafficMonitor: count:893,rx_sum:25,tx_sum:0,rxBytes:2098,during_ms:2003,rx_speed:1047.4288567149276,tx_speed:0.0,rto:0.0
04-24 12:07:40.204 1176 1176 D HuaweiWifiWatchdogStateMachine: speed: rxpkt:25, rxSpd:1047B/s, txpkt:0, txSpd:0
04-24 12:07:41.211 1176 1176 I TrafficMonitor: update:rxPkts:13,txPkts:1,rxBytes:874,txBytes:40
04-24 12:07:41.211 1176 1176 I TrafficMonitor: start expired. level:-1
04-24 12:07:41.211 1176 1176 I TrafficMonitor: gettimer:interval=2000
04-24 12:07:41.338 679 679 E WifiHAL : enter wifi_get_link_stats
04-24 12:07:41.344 742 742 E wificond: Failed to get NL80211_RATE_INFO_NOISE
04-24 12:07:41.345 742 742 E wificond: Failed to get NL80211_RATE_INFO_SNR
04-24 12:07:41.345 742 742 E wificond: Failed to get NL80211_STA_INFO_CNAHLOAD
04-24 12:07:41.345 1176 1337 E WificondControl: Noise: 0, Snr: -1, Chload: -1
04-24 12:07:41.346 1176 1339 D HwWifiCHRStateManager: handleMessage : 1001
04-24 12:07:41.346 1176 1339 D HwWifiCHRStateManager: handleUpdateChannel:2412
04-24 12:07:41.346 1176 1339 V HwWifiServiceFactory: get AllImpl object = com.android.server.wifi.HwWifiServiceFactoryImpl@2205edc
04-24 12:07:41.348 1176 1337 D HwCustWifiStateMachineReferenceImpl: checkRssiOverThreshold newRssi = -26
04-24 12:07:41.349 1176 1337 D WifiScoreReport: Score = 100, wifiConnectivityManagerEnabled = false, lowScoreCount = 0
04-24 12:07:41.552 1176 1338 D HwWifiStatStore: handleMessage : 200
04-24 12:07:41.898 1176 1392 D HwArpVerifier: performPollAndLog:
04-24 12:07:41.901 1176 1392 D hw_netstat: total/36/40,unknown:0/36/40
04-24 12:07:42.706 742 742 E wificond: Failed to get NL80211_RATE_INFO_NOISE
04-24 12:07:42.706 742 742 E wificond: Failed to get NL80211_RATE_INFO_SNR
04-24 12:07:42.706 742 742 E wificond: Failed to get NL80211_STA_INFO_CNAHLOAD
04-24 12:07:42.707 1176 1337 E WificondControl: Noise: 0, Snr: -1, Chload: -1
04-24 12:07:42.707 1176 1339 D HwWifiCHRStateManager: handleMessage : 1001
04-24 12:07:42.707 1176 1339 D HwWifiCHRStateManager: handleUpdateChannel:2412
04-24 12:07:42.708 1176 1339 V HwWifiServiceFactory: get AllImpl object = com.android.server.wifi.HwWifiServiceFactoryImpl@2205edc
04-24 12:07:42.710 742 742 E wificond: Failed to get NL80211_RATE_INFO_NOISE
04-24 12:07:42.710 742 742 E wificond: Failed to get NL80211_RATE_INFO_SNR
04-24 12:07:42.710 742 742 E wificond: Failed to get NL80211_STA_INFO_CNAHLOAD
04-24 12:07:42.711 1176 1406 D HuaweiWifiWatchdogStateMachine: LM mrssi=-24
04-24 12:07:42.712 1176 1406 D HuaweiWifiWatchdogStateMachine: a4:fa:**:**:eb:b0 current loss[-45]=0%, volume=1
04-24 12:07:42.712 1176 1406 D HuaweiWifiWatchdogStateMachine: a4:fa:**:**:eb:b0 history loss[-45]=0%, volume=13825050
04-24 12:07:42.712 1176 1406 I HuaweiWifiWatchdogStateMachine: spd good count:0, add sc:0.0, rate:1.0
04-24 12:07:42.712 1176 1406 I HuaweiWifiWatchdogStateMachine: current mHighDataFlowRate = 1.0
04-24 12:07:42.712 1176 1406 I HuaweiWifiWatchdogStateMachine: POta txb txg rxg:0, 4, 0. Lr =0% Totpkt=4
04-24 12:07:42.713 1176 1176 D WiFi_PRO: MSG_RETURN_AP_CURRY_RSSI rssi = -24
04-24 12:07:42.714 1176 1176 I QosMonitor: queryRtt: rtt_type = 3
04-24 12:07:42.714 1176 1176 I HwQoEJNI: send_cmd_kernel. begin
04-24 12:07:42.714 1176 1176 I HwQoEJNI: send_cmd_kernel. end
04-24 12:07:42.715 1176 1176 I QosMonitor: postEventFromNative: msg=100,arg1=4,arg2=10
04-24 12:07:42.715 1176 1176 I HwQoEJNI: send_cmd_kernel. begin
04-24 12:07:42.715 1176 1176 I HwQoEJNI: send_cmd_kernel. end
04-24 12:07:42.715 1176 1176 I QosMonitor: postEventFromNative: msg=100,arg1=0,arg2=10
04-24 12:07:42.715 1176 1176 D HuaweiWifiWatchdogStateMachine: setSampleRtt: unvalid rtt
04-24 12:07:42.715 1176 1176 I MQoS : rtt=480,tcp_tx_pkts=480732,tcp_rx_pkts=921248
04-24 12:07:42.717 1176 1406 D HuaweiWifiWatchdogStateMachine: dumpTcpResult: len=10,rtt=480,rttPkt=1,rttWn=30,cgt=16,cgtWn=9202916
04-24 12:07:42.717 1176 1406 I HuaweiWifiWatchdogStateMachine: PTcp RTT:0, rtt pkt=0, tcp_rx=0, tcp_tx=1, tcp_reTran=0, rtRate=0
04-24 12:07:42.717 1176 1406 D HuaweiWifiWatchdogStateMachine: mRssiBadCount =0, RSSI not bad.
04-24 12:07:42.717 1176 1406 D HuaweiWifiWatchdogStateMachine: detectNetworkAvailable:hw.wifipro.dns_fail_count = 131
04-24 12:07:42.717 1176 1406 D HuaweiWifiWatchdogStateMachine: bqeLevel = 2 rtt=0,rtt_pkts=0 speed=2997 rssi=-24
04-24 12:07:42.717 1176 1406 D HuaweiWifiWatchdogStateMachine: Enter updateQoeLevel level = 2
04-24 12:07:42.717 1176 1406 D HuaweiWifiWatchdogStateMachine: updateQoeLevel current level equal to mLastDetectLevel, return
04-24 12:07:42.718 1176 1406 D HuaweiWifiWatchdogStateMachine: did not have any network action
04-24 12:07:42.724 1176 3515 I MQoS : QOS_level:0(0),wifi-link;SIM error;use level-0
04-24 12:07:43.126 1176 1302 W AlarmManager: mIsScreenOn is: true, WAKEUP alarm trigger action = ALARM_ACTION(27905) package name is: com.tencent.mm
04-24 12:07:43.127 27905 27971 I longlink_progress: on_heartbeat_alarm, time: 350851284, is_noop_timeout:0
04-24 12:07:43.158 1176 1631 W ProcBatteryStats: timer is running , not start, name: com.tencent.mm, uid: 10824, tag: PlatformComm
04-24 12:07:43.162 1176 1631 I chatty : uid=1000(system) Binder:1176_6 identical 1 line
04-24 12:07:43.165 1176 1631 W ProcBatteryStats: timer is running , not start, name: com.tencent.mm, uid: 10824, tag: PlatformComm
04-24 12:07:43.172 1176 1728 V BroadcastQueue: Finished with ordered broadcast BroadcastRecord{95c4896 u0 ALARM_ACTION(27905)}
04-24 12:07:43.175 27905 28003 I longlink_progress: on_heartbeat_set, time: 350851332, time interval:210000
04-24 12:07:43.180 27905 28003 I longlink_progress: on_heartbeat_set, time: 350851337, time interval:210000
04-24 12:07:43.213 1176 1176 I TrafficMonitor: update:rxPkts:14,txPkts:2,rxBytes:965,txBytes:117
04-24 12:07:43.213 1176 1176 I TrafficMonitor: start expired. level:-1
04-24 12:07:43.213 1176 1176 I TrafficMonitor: gettimer:interval=2000
04-24 12:07:44.160 1176 1631 W ProcBatteryStats: timer is not running , not stop, name: com.tencent.mm, uid: 10824, tag: PlatformComm
04-24 12:07:44.164 1176 1631 I chatty : uid=1000(system) Binder:1176_6 identical 1 line
04-24 12:07:44.172 1176 1631 W ProcBatteryStats: timer is not running , not stop, name: com.tencent.mm, uid: 10824, tag: PlatformComm
04-24 12:07:44.246 777 777 E : [E/capacity_limit_control] not demo version, not set power control prop!
04-24 12:07:44.352 679 679 E WifiHAL : enter wifi_get_link_stats
04-24 12:07:44.359 742 742 E wificond: Failed to get NL80211_RATE_INFO_NOISE
04-24 12:07:44.359 742 742 E wificond: Failed to get NL80211_RATE_INFO_SNR
04-24 12:07:44.359 742 742 E wificond: Failed to get NL80211_STA_INFO_CNAHLOAD
04-24 12:07:44.360 1176 1337 E WificondControl: Noise: 0, Snr: -1, Chload: -1
04-24 12:07:44.361 1176 1339 D HwWifiCHRStateManager: handleMessage : 1001
04-24 12:07:44.361 1176 1339 D HwWifiCHRStateManager: handleUpdateChannel:2412
04-24 12:07:44.361 1176 1339 V HwWifiServiceFactory: get AllImpl object = com.android.server.wifi.HwWifiServiceFactoryImpl@2205edc
04-24 12:07:44.362 1176 1337 D HwCustWifiStateMachineReferenceImpl: checkRssiOverThreshold newRssi = -32
04-24 12:07:44.363 1176 1337 D WifiScoreReport: Score = 100, wifiConnectivityManagerEnabled = false, lowScoreCount = 0
04-24 12:07:44.558 1176 1338 D HwWifiStatStore: handleMessage : 200
04-24 12:07:45.083 1463 1463 D KeyguardUpdateMonitor: received broadcast android.intent.action.BATTERY_CHANGED
04-24 12:07:45.083 1176 1176 D HwInnerWifiManagerImpl: SupplicantState = COMPLETED
04-24 12:07:45.083 1176 1176 D HwInnerWifiManagerImpl: isPhoneAP = false
04-24 12:07:45.084 1463 1463 W KeyguardUpdateMonitor: ACTION_BATTERY_CHANGED AMP: 500000; Volt: 5000000
04-24 12:07:45.084 1176 1176 D HwInnerWifiManagerImpl: SupplicantState = COMPLETED
04-24 12:07:45.085 1176 1176 D HwInnerWifiManagerImpl: isPhoneAP = false
04-24 12:07:45.085 1176 1176 D WifiStateMachine: mBcastReceiver: PluggedType = 2 mIsScanCtrlPluggedin = true
04-24 12:07:45.085 1176 1176 D HwWifiService: mPluggedType =2
04-24 12:07:45.086 1176 1176 D WifiService: onReceive, action:android.intent.action.BATTERY_CHANGED
04-24 12:07:45.086 1176 1176 D WifiService: ACTION_BATTERY_CHANGED pluggedType: 2
04-24 12:07:45.089 5515 5671 E CloudAlbum[8.1.2.309]: [ReceiverManager] not log on ignore
04-24 12:07:45.089 1463 1463 V KeyguardUpdateMonitor: RefreshBatteryInfo isBatteryLow: 70
04-24 12:07:45.089 1463 1463 W KeyguardUpdateMonitor: ChargingSpeed Wattage: 2500000 ST: 5000000 --> 7500000
04-24 12:07:45.089 1463 1463 I KgBattery: BatteryInfo updated: 2lPc0
04-24 12:07:45.089 1463 1463 W AppHandler: sendMessage with obj100
04-24 12:07:45.089 1463 1463 D KeyguardUpdateMonitor: handleBatteryUpdate
04-24 12:07:45.090 1729 1729 I MsgReceiver: intent action: android.intent.action.BATTERY_CHANGED
04-24 12:07:45.090 1463 1463 W HwLockScreenPanel: Handle message: 100
04-24 12:07:45.090 1463 1463 W HwKeyguardBottomArea: updateBatteryInfo : false true
04-24 12:07:45.091 1463 1463 W KgBattery: getCharge info with type: text
04-24 12:07:45.098 1463 1463 W HwLockScreenPanel: refreshBatteryInfo: null
04-24 12:07:45.215 1176 1176 I TrafficMonitor: update:rxPkts:20,txPkts:0,rxBytes:1364,txBytes:0
04-24 12:07:45.216 1176 1176 I TrafficMonitor: start expired. level:-1
04-24 12:07:45.216 1176 1176 I TrafficMonitor: gettimer:interval=2000
04-24 12:07:46.212 1176 1176 I TrafficMonitor: expired arrive. level:-1
04-24 12:07:46.213 1176 1176 I TrafficMonitor: during_ms:2003,period_ms:2000
04-24 12:07:46.213 1176 1176 I TrafficMonitor: count:896,rx_sum:20,tx_sum:0,rxBytes:1364,during_ms:2003,rx_speed:680.9785322016974,tx_speed:0.0,rto:0.0
04-24 12:07:46.213 1176 1176 D HuaweiWifiWatchdogStateMachine: speed: rxpkt:20, rxSpd:680B/s, txpkt:0, txSpd:0
04-24 12:07:46.907 1176 1392 D HwArpVerifier: performPollAndLog:
04-24 12:07:46.911 1176 1392 D hw_netstat: total/77/117,com.tencent.mm/77/117
04-24 12:07:47.219 1176 1176 I TrafficMonitor: update:rxPkts:12,txPkts:0,rxBytes:977,txBytes:0
04-24 12:07:47.219 1176 1176 I TrafficMonitor: start expired. level:-1
04-24 12:07:47.219 1176 1176 I TrafficMonitor: gettimer:interval=2000
04-24 12:07:47.368 679 679 E WifiHAL : enter wifi_get_link_stats
04-24 12:07:47.372 742 742 E wificond: Failed to get NL80211_RATE_INFO_NOISE
04-24 12:07:47.373 742 742 E wificond: Failed to get NL80211_RATE_INFO_SNR
04-24 12:07:47.373 742 742 E wificond: Failed to get NL80211_STA_INFO_CNAHLOAD
04-24 12:07:47.373 1176 1337 E WificondControl: Noise: 0, Snr: -1, Chload: -1
04-24 12:07:47.374 1176 1339 D HwWifiCHRStateManager: handleMessage : 1001
04-24 12:07:47.374 1176 1339 D HwWifiCHRStateManager: handleUpdateChannel:2412
04-24 12:07:47.374 1176 1339 V HwWifiServiceFactory: get AllImpl object = com.android.server.wifi.HwWifiServiceFactoryImpl@2205edc
04-24 12:07:47.376 1176 1337 D HwCustWifiStateMachineReferenceImpl: checkRssiOverThreshold newRssi = -25
04-24 12:07:47.376 1176 1337 D WifiScoreReport: Score = 100, wifiConnectivityManagerEnabled = false, lowScoreCount = 0
04-24 12:07:47.564 1176 1338 D HwWifiStatStore: handleMessage : 200
04-24 12:07:48.050 1176 1176 W JobServiceContext: Time-out while trying to bind ba7b4a4 #u0a386/1 com.tencent.mobileqq/.msf.service.MSFAliveJobService, dropping.
04-24 12:07:48.051 1176 1176 E BatteryStatsImpl: Unable to find object for com.tencent.mobileqq/.msf.service.MSFAliveJobService in uid 10386 mapsize=0 activeoverflow=null curoverflow=null
04-24 12:07:48.052 1176 1176 W ActivityManager: Unbind failed: could not find connection for android.app.LoadedApk$ServiceDispatcher$InnerConnection@4c639c
04-24 12:07:48.055 1176 1176 W HwAlarmManagerService: isContainsAppUidInWorksource-->happend NameNotFoundException
04-24 12:07:48.060 1176 1176 I HwAlarmManagerService: hwSetAlarm listenerTag: *job.deadline*
04-24 12:07:48.060 1176 1176 I JobScheduler.Time: mNextJobExpiredElapsedMillis: 374426397
04-24 12:07:48.062 1176 1176 W HwAlarmManagerService: isContainsAppUidInWorksource-->happend NameNotFoundException
04-24 12:07:48.065 1176 1176 I HwAlarmManagerService: hwSetAlarm listenerTag: *job.delay*
04-24 12:07:48.065 1176 1176 I JobScheduler.Time: mNextDelayExpiredElapsedMillis: 351533363
04-24 12:07:48.066 1176 1176 W HwAlarmManagerService: isContainsAppUidInWorksource-->happend NameNotFoundException
04-24 12:07:48.068 1176 1176 I HwAlarmManagerService: hwSetAlarm listenerTag: *job.deadline*
04-24 12:07:48.068 1176 1176 I JobScheduler.Time: mNextJobExpiredElapsedMillis: 352433363
04-24 12:07:48.293 1106 1119 I OAM : [check_file_size:505]/data/log/wifi/wifi_log_1 log file beyond size=10240Byte, creat new file
04-24 12:07:48.293 1106 1119 I OAM : [rename_old_file:210]rename_old_file
04-24 12:07:48.293 1106 1119 I OAM :
04-24 12:07:49.179 1176 1589 W Watchdog: hungtask: writing kick
04-24 12:07:49.184 1176 1202 I EventHub: EventHub monitor: no key events in the past 5882s, no motion events in the past 37s
04-24 12:07:49.222 1176 1176 I TrafficMonitor: update:rxPkts:26,txPkts:0,rxBytes:2762,txBytes:0
04-24 12:07:49.222 1176 1176 I TrafficMonitor: start expired. level:-1
04-24 12:07:49.223 1176 1176 I TrafficMonitor: gettimer:interval=2000
04-24 12:07:49.251 777 777 E : [E/capacity_limit_control] not demo version, not set power control prop!
04-24 12:07:49.294 777 777 E : [E/capacity_limit_control] not demo version, not set power control prop!
04-24 12:07:49.298 1176 1288 D HwBatteryService: onUEvent fcpStatus = 0,scpStatus =0,ovpStatus=0
04-24 12:07:49.300 1176 1288 I UsbDeviceManager: water_intrused state= 0
04-24 12:07:49.313 1729 1729 I MsgReceiver: intent action: android.intent.action.BATTERY_CHANGED
04-24 12:07:49.314 5515 5671 E CloudAlbum[8.1.2.309]: [ReceiverManager] not log on ignore
04-24 12:07:49.314 1463 1463 D KeyguardUpdateMonitor: received broadcast android.intent.action.BATTERY_CHANGED
04-24 12:07:49.314 1463 1463 W KeyguardUpdateMonitor: ACTION_BATTERY_CHANGED AMP: 500000; Volt: 5000000
04-24 12:07:49.315 1176 1176 D HwInnerWifiManagerImpl: SupplicantState = COMPLETED
04-24 12:07:49.315 1176 1176 D HwInnerWifiManagerImpl: isPhoneAP = false
04-24 12:07:49.316 1176 1176 D HwInnerWifiManagerImpl: SupplicantState = COMPLETED
04-24 12:07:49.316 1463 1463 V KeyguardUpdateMonitor: RefreshBatteryInfo isBatteryLow: 70
04-24 12:07:49.316 1463 1463 W KeyguardUpdateMonitor: ChargingSpeed Wattage: 2500000 ST: 5000000 --> 7500000
04-24 12:07:49.316 1463 1463 I KgBattery: BatteryInfo updated: 2lPc0
04-24 12:07:49.316 1463 1463 W AppHandler: sendMessage with obj100
04-24 12:07:49.316 1176 1176 D HwInnerWifiManagerImpl: isPhoneAP = false
04-24 12:07:49.316 1463 1463 D KeyguardUpdateMonitor: handleBatteryUpdate
04-24 12:07:49.316 1176 1176 D WifiStateMachine: mBcastReceiver: PluggedType = 2 mIsScanCtrlPluggedin = true
04-24 12:07:49.316 1463 1463 W HwLockScreenPanel: Handle message: 100
04-24 12:07:49.317 1463 1463 W HwKeyguardBottomArea: updateBatteryInfo : false true
04-24 12:07:49.317 1463 1463 W KgBattery: getCharge info with type: text
04-24 12:07:49.317 1176 1176 D HwWifiService: mPluggedType =2
04-24 12:07:49.318 1176 1176 D WifiService: onReceive, action:android.intent.action.BATTERY_CHANGED
04-24 12:07:49.318 1176 1176 D WifiService: ACTION_BATTERY_CHANGED pluggedType: 2
04-24 12:07:49.322 1463 1463 W HwLockScreenPanel: refreshBatteryInfo: null
04-24 12:07:50.381 679 679 E WifiHAL : enter wifi_get_link_stats
04-24 12:07:50.386 742 742 E wificond: Failed to get NL80211_RATE_INFO_NOISE
04-24 12:07:50.387 742 742 E wificond: Failed to get NL80211_RATE_INFO_SNR
04-24 12:07:50.387 742 742 E wificond: Failed to get NL80211_STA_INFO_CNAHLOAD
04-24 12:07:50.387 1176 1337 E WificondControl: Noise: 0, Snr: -1, Chload: -1
04-24 12:07:50.388 1176 1339 D HwWifiCHRStateManager: handleMessage : 1001
04-24 12:07:50.388 1176 1339 D HwWifiCHRStateManager: handleUpdateChannel:2412
04-24 12:07:50.388 1176 1339 V HwWifiServiceFactory: get AllImpl object = com.android.server.wifi.HwWifiServiceFactoryImpl@2205edc
04-24 12:07:50.389 1176 1337 D HwCustWifiStateMachineReferenceImpl: checkRssiOverThreshold newRssi = -22
04-24 12:07:50.390 1176 1337 D WifiScoreReport: Score = 100, wifiConnectivityManagerEnabled = false, lowScoreCount = 0
04-24 12:07:50.570 1176 1338 D HwWifiStatStore: handleMessage : 200
04-24 12:07:50.711 742 742 E wificond: Failed to get NL80211_RATE_INFO_NOISE
04-24 12:07:50.712 742 742 E wificond: Failed to get NL80211_RATE_INFO_SNR
04-24 12:07:50.712 742 742 E wificond: Failed to get NL80211_STA_INFO_CNAHLOAD
04-24 12:07:50.712 1176 1337 E WificondControl: Noise: 0, Snr: -1, Chload: -1
04-24 12:07:50.713 1176 1339 D HwWifiCHRStateManager: handleMessage : 1001
04-24 12:07:50.713 1176 1339 D HwWifiCHRStateManager: handleUpdateChannel:2412
04-24 12:07:50.713 1176 1339 V HwWifiServiceFactory: get AllImpl object = com.android.server.wifi.HwWifiServiceFactoryImpl@2205edc
04-24 12:07:50.715 742 742 E wificond: Failed to get NL80211_RATE_INFO_NOISE
04-24 12:07:50.715 742 742 E wificond: Failed to get NL80211_RATE_INFO_SNR
04-24 12:07:50.715 742 742 E wificond: Failed to get NL80211_STA_INFO_CNAHLOAD
04-24 12:07:50.717 1176 1406 D HuaweiWifiWatchdogStateMachine: LM mrssi=-22
04-24 12:07:50.717 1176 1176 D WiFi_PRO: MSG_RETURN_AP_CURRY_RSSI rssi = -22
04-24 12:07:50.717 1176 1406 D HuaweiWifiWatchdogStateMachine: a4:fa:**:**:eb:b0 current loss[-45]=0%, volume=3
04-24 12:07:50.717 1176 1176 I QosMonitor: queryRtt: rtt_type = 3
04-24 12:07:50.717 1176 1406 D HuaweiWifiWatchdogStateMachine: a4:fa:**:**:eb:b0 history loss[-45]=0%, volume=13825053
04-24 12:07:50.717 1176 1406 I HuaweiWifiWatchdogStateMachine: spd good count:0, add sc:0.0, rate:1.0
04-24 12:07:50.717 1176 1406 I HuaweiWifiWatchdogStateMachine: current mHighDataFlowRate = 1.0
04-24 12:07:50.718 1176 1406 I HuaweiWifiWatchdogStateMachine: POta txb txg rxg:0, 7, 0. Lr =0% Totpkt=7
04-24 12:07:50.719 1176 1176 I HwQoEJNI: send_cmd_kernel. begin
04-24 12:07:50.719 1176 1176 I HwQoEJNI: send_cmd_kernel. end
04-24 12:07:50.719 1176 1176 I QosMonitor: postEventFromNative: msg=100,arg1=4,arg2=10
04-24 12:07:50.720 1176 1176 I HwQoEJNI: send_cmd_kernel. begin
04-24 12:07:50.720 1176 1176 I HwQoEJNI: send_cmd_kernel. end
04-24 12:07:50.720 1176 1176 I QosMonitor: postEventFromNative: msg=100,arg1=0,arg2=10
04-24 12:07:50.721 1176 1176 D HuaweiWifiWatchdogStateMachine: a4:fa:**:**:eb:b0 current RTT[-45]=160, volume=1
04-24 12:07:50.721 1176 1176 D HuaweiWifiWatchdogStateMachine: a4:fa:**:**:eb:b0 history RTT[-45]=511, volume=60759
04-24 12:07:50.721 1176 3109 D HwUidTcpMonitor: parseWlanUidTcpStatistics lastUidTcpStatInfo = [ mUid = 10824 mPacketName = com.tencent.mm mSendSegs = 175 mResendSegs = 0 mRcvSegs = 131 ]
04-24 12:07:50.721 1176 1176 D HuaweiWifiWatchdogStateMachine: setSampleRtt: rtt=160,rtt_pkts =1,rtt_when=7
04-24 12:07:50.721 1176 1176 I MQoS : rtt=160,tcp_tx_pkts=480734,tcp_rx_pkts=921249
04-24 12:07:50.722 1176 1176 I QosMonitor: resetRtt: rtt_type = 3
04-24 12:07:50.722 1176 1176 I HwQoEJNI: send_cmd_kernel. begin
04-24 12:07:50.722 1176 1176 I HwQoEJNI: send_cmd_kernel. end
04-24 12:07:50.727 1176 3515 I MQoS : QOS_level:0(0),wifi-link;SIM error;use level-0
04-24 12:07:50.727 1176 1406 D HuaweiWifiWatchdogStateMachine: dumpTcpResult: len=10,rtt=160,rttPkt=1,rttWn=7,cgt=0,cgtWn=0
04-24 12:07:50.728 1176 1406 I HuaweiWifiWatchdogStateMachine: PTcp RTT:0, rtt pkt=0, tcp_rx=1, tcp_tx=2, tcp_reTran=0, rtRate=0
04-24 12:07:50.728 1176 1406 D HuaweiWifiWatchdogStateMachine: mRssiBadCount =0, RSSI not bad.
04-24 12:07:50.728 1176 1406 D HuaweiWifiWatchdogStateMachine: detectNetworkAvailable:hw.wifipro.dns_fail_count = 131
04-24 12:07:50.728 1176 1406 D HuaweiWifiWatchdogStateMachine: detectNetworkAvailable: tcpRxPkts != 0, reset
04-24 12:07:50.728 1176 1406 D HuaweiWifiWatchdogStateMachine: bqeLevel = 2 rtt=0,rtt_pkts=0 speed=2997 rssi=-22
04-24 12:07:50.728 1176 1406 D HuaweiWifiWatchdogStateMachine: Enter updateQoeLevel level = 2
04-24 12:07:50.728 1176 1406 D HuaweiWifiWatchdogStateMachine: updateQoeLevel current level equal to mLastDetectLevel, return
04-24 12:07:50.728 1176 1406 D HuaweiWifiWatchdogStateMachine: did not have any network action
04-24 12:07:51.225 1176 1176 I TrafficMonitor: update:rxPkts:26,txPkts:0,rxBytes:3441,txBytes:0
04-24 12:07:51.225 1176 1176 I TrafficMonitor: start expired. level:-1
04-24 12:07:51.225 1176 1176 I TrafficMonitor: gettimer:interval=2000
04-24 12:07:51.868 1176 1392 D HwArpVerifier: check_wifi_state_mode = 0 mCheckStateToken=25 token25
04-24 12:07:51.869 1176 1392 D wifiserviceimpl: netmask =16777215
04-24 12:07:51.934 1176 1392 D HWMultiGW: setGateWay 192.168.1.1
04-24 12:07:52.219 1176 1176 I TrafficMonitor: expired arrive. level:-1
04-24 12:07:52.219 1176 1176 I TrafficMonitor: during_ms:2003,period_ms:2000
04-24 12:07:52.219 1176 1176 I TrafficMonitor: count:899,rx_sum:26,tx_sum:0,rxBytes:3441,during_ms:2003,rx_speed:1717.9231153270093,tx_speed:0.0,rto:0.0
04-24 12:07:52.220 1176 1176 D HuaweiWifiWatchdogStateMachine: speed: rxpkt:26, rxSpd:1717B/s, txpkt:0, txSpd:0
04-24 12:07:52.358 1176 1204 D SmartcareProc: onSignalStrengthsChanged: signalStrength is: SignalStrength: 99 -1 0 0 -61 -43 32767 -1 32767 99 0 0 0 2147483647 0 -1 true cdma , on sub: 1
04-24 12:07:52.359 1176 1204 D SmartcareProc: SignalStrength update result, ss: SignalStrengthInfo:68043809 mGsmSignalStrength: -1 mWcdmaRscp: -1 mWcdmaEcio: -1 mLteRsrp: -1 mLteRsrq: -1 mCdmaDbm: -61 mCdmaEcio: -43 mEvdoDbm: 32767mEvdoEcio: -1mLteRssnr: -1
04-24 12:07:52.360 1176 1176 I MQoS : onSignal: mSubId=1,currDataSubID=1
04-24 12:07:52.361 1176 1176 I MQoS : received cell-signal:5
04-24 12:07:52.935 1176 1392 D HwArpVerifier: getGateWayARPResponses: arp rtt = 24
04-24 12:07:52.936 1176 1392 E HwCHRWifiRSSIGroupSummery: updatArpSummery mRSSI:-22 HwCHRWifiRSSIGroup [rssi_index=4, rtt_tcp_packets=0, rtt_tcp_duration=0, rtt_lan_duration=6646, rtt_lan_failures=0, rtt_lan_succ=307, rtt_lan_max=939, rtt_lan_min=3,same_area_frequency=0,adjacent_area_frequency=0]
04-24 12:07:52.961 1176 1392 D HwArpVerifier: There are 1 mac address for gateway
04-24 12:07:52.962 1176 1392 D HwArpVerifier: from HEART_CHECK transmit to state:HEART_CHECK
04-24 12:07:52.962 1176 1392 D HwArpVerifier: msg what=124 arg1(token)=25 arg2(mode)=0 delay=30000
04-24 12:07:52.962 1176 1392 D HwArpVerifier: performPollAndLog:
04-24 12:07:52.965 1176 1392 D hw_netstat: total/56/84,unknown:0/56/84
04-24 12:07:53.169 1176 1631 V BroadcastQueue: Finished with ordered broadcast BroadcastRecord{7d4c97a u0 com.tencent.mm.plugin.report.service.KVCommCrossProcessReceiver}
04-24 12:07:53.227 1176 1176 I TrafficMonitor: update:rxPkts:31,txPkts:1,rxBytes:3054,txBytes:84
04-24 12:07:53.227 1176 1176 I TrafficMonitor: start expired. level:-1
04-24 12:07:53.227 1176 1176 I TrafficMonitor: gettimer:interval=2000
04-24 12:07:53.392 679 679 E WifiHAL : enter wifi_get_link_stats
04-24 12:07:53.397 742 742 E wificond: Failed to get NL80211_RATE_INFO_NOISE
04-24 12:07:53.397 742 742 E wificond: Failed to get NL80211_RATE_INFO_SNR
