04-24 09:52:34.574 431 459 D VoldCmdListener: volume remount_uid 10853 write
04-24 09:52:34.574 431 459 D vold : Remounting 10853 as mode write
04-24 09:52:34.684 21767 21835 W ContextImpl: Calling a method in the system process without a qualified user: android.app.ContextImpl.sendBroadcast:1095 android.content.ContextWrapper.sendBroadcast:436 com.huawei.systemmanager.addviewmonitor.AddViewAppManager.setOpsMode:307 com.huawei.systemmanager.addviewmonitor.AddViewAppManager.setOpsMode:325 com.huawei.systemmanager.addviewmonitor.AddViewAppManager.trust:346
04-24 09:52:34.716 1176 12121 I chatty : uid=1000(system) Binder:1176_20 expire 6 lines
04-24 09:52:34.717 1176 1352 I chatty : uid=1000(system) ConnectivitySer expire 6 lines
04-24 09:52:34.861 1176 1193 I chatty : uid=1000(system) HwActivityManag expire 5 lines
04-24 09:52:34.885 1176 1196 I chatty : uid=1000(system) android.ui expire 13 lines
04-24 09:52:34.885 1619 2078 I HwNetworkPolicyManager: getHwUidPolicy uid = 1001 policy = 0
04-24 09:52:35.273 21610 21610 D ActivityThread: Remove activity client record, r= ActivityRecord{1ac3f1e token=android.os.BinderProxy@40eb3a5 {com.android.packageinstaller/com.android.packageinstaller.InstallStaging}} token= android.os.BinderProxy@40eb3a5
04-24 09:52:35.282 21610 21610 D ActivityThread: Remove activity client record, r= ActivityRecord{780a444 token=android.os.BinderProxy@b57c14e {com.android.packageinstaller/com.android.packageinstaller.InstallSuccess}} token= android.os.BinderProxy@b57c14e
04-24 09:52:36.109 1176 1322 I chatty : uid=1000(system) InputDispatcher expire 6 lines
04-24 09:52:36.333 1619 2078 I HwNetworkPolicyManager: getHwUidPolicy uid = 10061 policy = 0
04-24 09:52:36.348 1463 2036 I CommandQueue: updateBarBgColor
04-24 09:52:36.348 1463 2036 D CommandQueue: CommandQueue, setBarBackgroundColor
04-24 09:52:36.428 1176 1282 I chatty : uid=1000(system) android.anim expire 37 lines
04-24 09:52:37.878 32673 32673 D ActivityThread: ActivityThread,attachApplication
04-24 09:52:38.107 1619 2078 I HwNetworkPolicyManager: getHwUidPolicy uid = 10853 policy = 0
04-24 09:52:38.519 27905 27905 I ActivityThread: ActivityThread.handleConfigurationChanged , new config = {1.0 ?mcc?mnc [zh_CN_#Hans] ldltr sw360dp w679dp h336dp 480dpi nrml long land finger -keyb/v/h -nav/h appBounds=Rect(0, 0 - 2039, 1080) nonFullScreen=0 suim:1 s.81}, compat = null
04-24 09:52:38.586 27703 27703 I ActivityThread: ActivityThread.handleConfigurationChanged , new config = {1.0 ?mcc?mnc [zh_CN_#Hans] ldltr sw360dp w679dp h336dp 480dpi nrml long land finger -keyb/v/h -nav/h appBounds=Rect(0, 0 - 2039, 1080) nonFullScreen=0 suim:1 s.81}, compat = null
04-24 09:52:38.751 1176 1629 I chatty : uid=1000(system) Binder:1176_5 expire 23 lines
04-24 09:52:38.835 32701 32701 D ActivityThread: ActivityThread,attachApplication
04-24 09:52:38.858 1176 11623 I chatty : uid=1000(system) Binder:1176_1E expire 62 lines
04-24 09:52:38.882 1176 6208 I chatty : uid=1000(system) Binder:1176_14 expire 4 lines
04-24 09:52:39.046 1176 1589 I chatty : uid=1000(system) watchdog expire 3 lines
04-24 09:52:39.885 1176 1204 I chatty : uid=1000(system) android.display expire 12 lines
04-24 09:52:41.402 1176 1764 I chatty : uid=1000(system) Binder:1176_B expire 11 lines
04-24 09:52:41.468 356 356 D ActivityThread: ActivityThread,attachApplication
04-24 09:52:41.696 1176 1728 I chatty : uid=1000(system) Binder:1176_A expire 5 lines
04-24 09:52:41.712 1176 432 I chatty : uid=1000 system_server expire 4 lines
04-24 09:52:41.938 32673 32673 V ActivityThread: ActivityThread,callActivityOnCreate
04-24 09:52:42.140 32673 32673 D ActivityThread: add activity client record, r= ActivityRecord{d1c52b5 token=android.os.BinderProxy@290e9df {com.clover.game.genesis.kuaishou/com.clover.game.genesis.kuaishou.MainActivity}} token= android.os.BinderProxy@290e9df
04-24 09:52:42.267 1463 4818 I CommandQueue: updateBarBgColor
04-24 09:52:42.268 1463 4818 D CommandQueue: CommandQueue, setBarBackgroundColor
04-24 09:52:49.185 1176 1200 I chatty : uid=1000(system) batterystats-sy expire 2 lines
04-24 09:53:09.142 1176 1288 I chatty : uid=1000(system) UEventObserver expire 4 lines
04-24 09:53:38.597 1463 4818 I CommandQueue: updateBarBgColor
04-24 09:53:38.597 1463 4818 D CommandQueue: CommandQueue, setBarBackgroundColor
04-24 09:53:38.656 1176 1282 I chatty : uid=1000(system) android.anim expire 32 lines
04-24 09:53:39.384 1176 1609 I chatty : uid=1000(system) MultiTaskManage expire 2 lines
04-24 09:53:39.389 1176 1225 I chatty : uid=1000 system_server expire 9 lines
04-24 09:53:39.440 1708 1708 I HwCoreAppHelperService: LocalReceiver receives:android.intent.action.PACKAGE_RESTARTED,pkg:com.clover.game.genesis.kuaishou,uid:10853
04-24 09:53:39.509 1176 6449 I chatty : uid=1000(system) Binder:1176_19 expire 27 lines
04-24 09:53:39.614 1176 1176 I chatty : uid=1000 system_server expire 8 lines
04-24 09:53:39.839 1176 1228 I chatty : uid=1000 system_server expire 1 line
04-24 09:53:39.844 1176 11738 I chatty : uid=1000(system) Binder:1176_1F expire 53 lines
04-24 09:53:39.890 1176 1765 I chatty : uid=1000(system) Binder:1176_C expire 54 lines
04-24 09:53:39.929 1176 5883 I chatty : uid=1000(system) Binder:1176_13 expire 2 lines
04-24 09:53:40.038 1176 5848 I chatty : uid=1000(system) Binder:1176_12 expire 42 lines
04-24 09:53:40.039 1619 2078 I HwNetworkPolicyManager: getHwUidPolicy uid = 10061 policy = 0
04-24 09:53:40.094 1463 4818 I CommandQueue: updateBarBgColor
04-24 09:53:40.094 1463 4818 D CommandQueue: CommandQueue, setBarBackgroundColor
04-24 09:53:40.175 27905 27905 I ActivityThread: ActivityThread.handleConfigurationChanged , new config = {1.0 ?mcc?mnc [zh_CN_#Hans] ldltr sw360dp w360dp h655dp 480dpi nrml long port finger -keyb/v/h -nav/h appBounds=Rect(0, 0 - 1080, 2038) nonFullScreen=0 suim:1 s.82}, compat = null
04-24 09:53:40.182 1176 1727 I chatty : uid=1000(system) Binder:1176_9 expire 19 lines
04-24 09:53:40.209 27703 27703 I ActivityThread: ActivityThread.handleConfigurationChanged , new config = {1.0 ?mcc?mnc [zh_CN_#Hans] ldltr sw360dp w360dp h655dp 480dpi nrml long port finger -keyb/v/h -nav/h appBounds=Rect(0, 0 - 1080, 2038) nonFullScreen=0 suim:1 s.82}, compat = null
04-24 09:53:40.283 20990 20990 D ActivityThread: Remove activity client record, r= ActivityRecord{491c0d5 token=android.os.BinderProxy@215258a {com.huawei.hidisk/com.huawei.hidisk.filemanager.FileManager}} token= android.os.BinderProxy@215258a
04-24 09:53:40.326 1176 1323 I chatty : uid=1000(system) InputReader expire 2 lines
04-24 09:53:40.439 1176 1207 I chatty : uid=1000(system) PowerManagerSer expire 10 lines
04-24 09:53:40.547 1770 1770 V ActivityThread: Finishing stop of ActivityRecord{ab39927 token=android.os.BinderProxy@22e9bd6 {com.huawei.android.launcher/com.huawei.android.launcher.unihome.UniHomeLauncher}}
04-24 09:53:40.619 1176 1629 I chatty : uid=1000(system) Binder:1176_5 expire 1 line
04-24 09:53:40.749 1176 1349 I chatty : uid=1000(system) WifiP2pService expire 5 lines
04-24 09:53:40.808 1176 1421 I chatty : uid=1000(system) PhotonicModulat expire 2 lines
04-24 09:53:40.864 1176 2307 I chatty : uid=1000(system) HwDeviceUsageCo expire 1 line
04-24 09:53:40.970 2379 6184 W ContextImpl: Calling a method in the system process without a qualified user: android.app.ContextImpl.bindService:1736 android.content.ContextWrapper.bindService:678 com.huawei.nb.dataservice.dsclient.RemoteServiceConnection.open:90 com.huawei.nb.dataservice.dsclient.DataServiceProxy.connect:105 com.huawei.nb.dataservice.rsclient.internal.RemoteRuleService.start:27
04-24 09:53:43.191 742 742 I chatty : uid=1010(wifi) /system/bin/wificond expire 15 lines
04-24 09:53:43.749 1176 1629 I chatty : uid=1000(system) Binder:1176_5 expire 15 lines
04-24 09:53:52.574 1176 1323 I chatty : uid=1000(system) InputReader expire 6 lines
04-24 09:53:52.578 1176 1207 I chatty : uid=1000(system) PowerManagerSer expire 10 lines
04-24 09:53:52.600 1176 1195 I chatty : uid=1000(system) ActivityManager expire 6 lines
04-24 09:53:52.640 1176 1764 I chatty : uid=1000(system) Binder:1176_B expire 11 lines
04-24 09:53:52.653 1176 1204 I chatty : uid=1000(system) android.display expire 11 lines
04-24 09:53:52.677 1176 1176 I chatty : uid=1000 system_server expire 27 lines
04-24 09:53:52.677 1176 1349 I chatty : uid=1000(system) WifiP2pService expire 10 lines
04-24 09:53:52.684 1176 1325 I chatty : uid=1000(system) StorageManagerS expire 2 lines
04-24 09:53:52.697 431 459 I vold : TrimTask running tasks: 0
04-24 09:53:52.698 1176 1328 I chatty : uid=1000(system) VoldConnector expire 1 line
04-24 09:53:52.705 1176 1337 I chatty : uid=1000(system) WifiStateMachin expire 1 line
04-24 09:53:52.788 1744 1744 D Telephony-TelecomAccountRegistry: onServiceStateChanged1 newState : 1, mServiceState : 1
04-24 09:53:52.911 2379 8170 W ContextImpl: Calling a method in the system process without a qualified user: android.app.ContextImpl.bindService:1736 android.content.ContextWrapper.bindService:678 com.huawei.nb.dataservice.dsclient.RemoteServiceConnection.open:90 com.huawei.nb.dataservice.dsclient.DataServiceProxy.connect:105 com.huawei.nb.dataservice.rsclient.internal.RemoteRuleService.start:27
04-24 09:53:54.017 1176 1282 I chatty : uid=1000(system) android.anim expire 20 lines
04-24 09:53:54.078 1434 1434 D ActivityThread: ActivityThread,attachApplication
04-24 09:53:54.078 1176 6449 I chatty : uid=1000(system) Binder:1176_19 expire 23 lines
04-24 09:53:54.095 1176 1193 I chatty : uid=1000(system) HwActivityManag expire 4 lines
04-24 09:53:54.102 1176 1629 I chatty : uid=1000(system) Binder:1176_5 expire 8 lines
04-24 09:53:54.113 1619 2078 I HwNetworkPolicyManager: getHwUidPolicy uid = 10848 policy = 0
04-24 09:53:54.240 1434 1434 V ActivityThread: ActivityThread,callActivityOnCreate
04-24 09:53:54.428 1434 1434 D ActivityThread: add activity client record, r= ActivityRecord{32bed23 token=android.os.BinderProxy@850cd8f {com.jiansheng.blmn.demo/com.jiansheng.blmn.MainActivity}} token= android.os.BinderProxy@850cd8f
04-24 09:53:54.481 1463 2263 I CommandQueue: updateBarBgColor
04-24 09:53:54.482 1463 2263 D CommandQueue: CommandQueue, setBarBackgroundColor
04-24 09:53:54.526 1176 1765 I chatty : uid=1000(system) Binder:1176_C expire 14 lines
04-24 09:53:54.559 1744 1744 D Telephony-TelecomAccountRegistry: onServiceStateChanged1 newState : 1, mServiceState : 1
04-24 09:53:55.718 742 742 I chatty : uid=1010(wifi) /system/bin/wificond expire 27 lines
04-24 09:54:08.509 1176 1288 I chatty : uid=1000(system) UEventObserver expire 2 lines
04-24 09:54:08.516 1463 1463 W PowerUI : unknown intent: Intent { act=android.intent.action.ACTION_POWER_DISCONNECTED flg=0x4000010 (has extras) }
04-24 09:54:08.530 1176 1176 I chatty : uid=1000 system_server expire 12 lines
04-24 09:54:08.541 1176 1200 I chatty : uid=1000(system) batterystats-sy expire 2 lines
04-24 09:54:08.552 1176 1192 I chatty : uid=1000(system) android.bg expire 1 line
04-24 09:54:08.632 1176 1332 I chatty : uid=1000(system) NetdConnector expire 8 lines
04-24 09:54:09.056 1176 1589 I chatty : uid=1000(system) watchdog expire 4 lines
04-24 09:54:09.381 1176 1202 I chatty : uid=1000(system) android.fg expire 2 lines
04-24 09:54:09.483 30956 30956 D ActivityThread: Remove activity client record, r= ActivityRecord{aeab1c1 token=android.os.BinderProxy@283ee3a {com.android.settings/com.android.settings.deviceinfo.UsbConnModeChooserActivity}} token= android.os.BinderProxy@283ee3a
04-24 09:54:09.493 1176 5848 I chatty : uid=1000(system) Binder:1176_12 expire 72 lines
04-24 09:54:10.504 487 622 W SocketListener: sending broadcast to Pid = 1176, Uid = 1000
04-24 09:54:10.515 1176 1333 I chatty : uid=1000(system) NetworkStats expire 5 lines
04-24 09:54:10.762 742 742 I chatty : uid=1010(wifi) /system/bin/wificond expire 18 lines
04-24 09:54:21.684 1176 1764 I chatty : uid=1000(system) Binder:1176_B expire 18 lines
04-24 09:54:22.160 1463 1463 V ActivityThread: ActivityThread,callActivityOnCreate
04-24 09:54:22.261 1463 1463 D ActivityThread: add activity client record, r= ActivityRecord{e2a9280 token=android.os.BinderProxy@a6bbbc3 {com.android.systemui/com.android.systemui.media.MediaProjectionPermissionActivity}} token= android.os.BinderProxy@a6bbbc3
04-24 09:54:22.300 1176 1282 I chatty : uid=1000(system) android.anim expire 27 lines
04-24 09:54:22.804 742 742 I chatty : uid=1010(wifi) /system/bin/wificond expire 138 lines
04-24 09:54:25.888 1176 6449 I chatty : uid=1000(system) Binder:1176_19 expire 33 lines
04-24 09:54:26.003 1176 1765 I chatty : uid=1000(system) Binder:1176_C expire 30 lines
04-24 09:54:26.005 1463 1463 D ActivityThread: Remove activity client record, r= ActivityRecord{e2a9280 token=android.os.BinderProxy@a6bbbc3 {com.android.systemui/com.android.systemui.media.MediaProjectionPermissionActivity}} token= android.os.BinderProxy@a6bbbc3
04-24 09:54:53.308 1176 1727 I chatty : uid=1000(system) Binder:1176_9 expire 5 lines
04-24 09:54:59.108 1176 5848 I chatty : uid=1000(system) Binder:1176_12 expire 9 lines
04-24 09:55:11.848 1176 1199 I chatty : uid=1000(system) keyAppHanderThr expire 3 lines
04-24 09:55:11.875 1176 11738 I chatty : uid=1000(system) Binder:1176_1F expire 20 lines
04-24 09:55:40.488 1176 1196 I chatty : uid=1000(system) android.ui expire 13 lines
04-24 09:55:40.625 1463 1486 I CommandQueue: updateBarBgColor
04-24 09:55:40.625 1463 1486 D CommandQueue: CommandQueue, setBarBackgroundColor
04-24 09:55:40.841 1176 1195 I chatty : uid=1000(system) ActivityManager expire 8 lines
04-24 09:55:40.930 1434 1458 E AndroidRuntime: FATAL EXCEPTION: UnityMain
04-24 09:55:40.930 1434 1458 E AndroidRuntime: Process: com.jiansheng.blmn.demo, PID: 1434
04-24 09:55:40.930 1434 1458 E AndroidRuntime: java.lang.Error: signal 6 (SIGABRT), code -6 (?), fault addr --------
04-24 09:55:40.930 1434 1458 E AndroidRuntime: Build fingerprint: 'HUAWEI/FLA-AL20/HWFLA-H:8.0.0/HUAWEIFLA-AL20/182(C00):user/release-keys'
04-24 09:55:40.930 1434 1458 E AndroidRuntime: Revision: '0'
04-24 09:55:40.930 1434 1458 E AndroidRuntime: pid: 1434, tid: 1458, name: UnityMain >>> com.jiansheng.blmn.demo <<<
04-24 09:55:40.930 1434 1458 E AndroidRuntime: r0 00000000 r1 000005b2 r2 00000006 r3 00000008
04-24 09:55:40.930 1434 1458 E AndroidRuntime: r4 0000059a r5 000005b2 r6 bfcfe4e0 r7 0000010c
04-24 09:55:40.930 1434 1458 E AndroidRuntime: r8 bfcfe808 r9 0121d260 sl 00000001 fp bfcfe6a0
04-24 09:55:40.930 1434 1458 E AndroidRuntime: ip 00000000 sp bfcfe4d0 lr e806f4e7 pc e80a097c cpsr bfcfe808
04-24 09:55:40.930 1434 1458 E AndroidRuntime:
04-24 09:55:40.930 1434 1458 E AndroidRuntime: at libc.tgkill(tgkill:12)
04-24 09:55:40.930 1434 1458 E AndroidRuntime: at libc.abort(abort:54)
04-24 09:55:40.930 1434 1458 E AndroidRuntime: at libc++.00030a11(Native Method)
04-24 09:55:40.930 1434 1458 E AndroidRuntime: at libc++.00044a29(Native Method)
04-24 09:55:40.930 1434 1458 E AndroidRuntime: at libfmodL.000b7a2b(Native Method)
04-24 09:55:40.930 1434 1458 E AndroidRuntime: at libfmodL.000387c1(Native Method)
04-24 09:55:40.930 1434 1458 E AndroidRuntime: at libfmodL.FMOD::System::mixerSuspend()(System:28)
04-24 09:55:40.930 1434 1458 E AndroidRuntime: at libil2cpp.01290364(Native Method)
04-24 09:55:40.930 1434 1458 E AndroidRuntime: at libil2cpp.002f2e7c(Native Method)
04-24 09:55:40.930 1434 1458 E AndroidRuntime: at libil2cpp.017aed14(Native Method)
04-24 09:55:40.954 1176 11738 I chatty : uid=1000(system) Binder:1176_1F expire 54 lines
04-24 09:55:41.040 1176 1765 I chatty : uid=1000(system) Binder:1176_C expire 13 lines
04-24 09:55:41.077 742 742 I chatty : uid=1010(wifi) /system/bin/wificond expire 69 lines
04-24 09:55:41.332 1176 5595 I chatty : uid=1000(system) Binder:1176_11 expire 1 line
04-24 09:55:41.333 1176 11623 I chatty : uid=1000(system) Binder:1176_1E expire 14 lines
04-24 09:55:41.333 1176 1629 I chatty : uid=1000(system) Binder:1176_5 expire 11 lines
04-24 09:55:41.338 1176 4696 I chatty : uid=1000(system) Binder:1176_10 expire 51 lines
04-24 09:55:41.338 1176 1192 I chatty : uid=1000(system) android.bg expire 3 lines
04-24 09:55:41.358 1176 1204 I chatty : uid=1000(system) android.display expire 13 lines
04-24 09:55:41.634 1176 1609 I chatty : uid=1000(system) MultiTaskManage expire 7 lines
04-24 09:55:41.663 1176 1917 I chatty : uid=1000 system_server expire 5 lines
04-24 09:55:41.700 1176 1176 I chatty : uid=1000 system_server expire 10 lines
04-24 09:55:41.702 1708 1708 I HwCoreAppHelperService: LocalReceiver receives:android.intent.action.PACKAGE_RESTARTED,pkg:com.jiansheng.blmn.demo,uid:10848
04-24 09:55:41.710 1176 7480 I chatty : uid=1000(system) Binder:1176_1B expire 31 lines
04-24 09:55:41.711 1176 1193 I chatty : uid=1000(system) HwActivityManag expire 2 lines
04-24 09:55:41.761 1176 1282 I chatty : uid=1000(system) android.anim expire 19 lines
04-24 09:55:41.766 1619 2078 I HwNetworkPolicyManager: getHwUidPolicy uid = 10061 policy = 0
04-24 09:55:41.770 1463 2036 I CommandQueue: updateBarBgColor
04-24 09:55:41.770 1463 2036 D CommandQueue: CommandQueue, setBarBackgroundColor
04-24 09:55:42.623 1926 1926 D ActivityThread: ActivityThread,attachApplication
04-24 09:55:42.652 1619 2078 I HwNetworkPolicyManager: getHwUidPolicy uid = 10571 policy = 0
04-24 09:55:42.745 1926 1926 V ActivityThread: ActivityThread,callActivityOnCreate
04-24 09:55:42.878 1926 1926 D ActivityThread: add activity client record, r= ActivityRecord{32bed23 token=android.os.BinderProxy@850cd8f {com.uwa.datamanager/com.unity3d.player.UnityPlayerActivity}} token= android.os.BinderProxy@850cd8f
04-24 09:55:42.926 1463 4917 I CommandQueue: updateBarBgColor
04-24 09:55:42.926 1463 4917 D CommandQueue: CommandQueue, setBarBackgroundColor
04-24 09:56:09.063 1176 1589 I chatty : uid=1000(system) watchdog expire 2 lines
04-24 09:56:19.296 1176 1323 I chatty : uid=1000(system) InputReader expire 2 lines
04-24 09:56:19.418 1176 1207 I chatty : uid=1000(system) PowerManagerSer expire 10 lines
04-24 09:56:19.501 1926 1926 V ActivityThread: Finishing stop of ActivityRecord{32bed23 token=android.os.BinderProxy@850cd8f {com.uwa.datamanager/com.unity3d.player.UnityPlayerActivity}}
04-24 09:56:19.666 1176 1176 I chatty : uid=1000 system_server expire 16 lines
04-24 09:56:19.667 1176 1349 I chatty : uid=1000(system) WifiP2pService expire 15 lines
04-24 09:56:19.742 1176 1421 I chatty : uid=1000(system) PhotonicModulat expire 2 lines
04-24 09:56:19.762 1176 11623 I chatty : uid=1000(system) Binder:1176_1E expire 14 lines
04-24 09:56:19.782 1176 2307 I chatty : uid=1000(system) HwDeviceUsageCo expire 2 lines
04-24 09:56:19.791 1176 1728 I chatty : uid=1000(system) Binder:1176_A expire 19 lines
04-24 09:56:19.810 2379 8228 W ContextImpl: Calling a method in the system process without a qualified user: android.app.ContextImpl.bindService:1736 android.content.ContextWrapper.bindService:678 com.huawei.nb.dataservice.dsclient.RemoteServiceConnection.open:90 com.huawei.nb.dataservice.dsclient.DataServiceProxy.connect:105 com.huawei.nb.dataservice.rsclient.internal.RemoteRuleService.start:27
04-24 09:56:19.848 1176 1196 I chatty : uid=1000(system) android.ui expire 2 lines
04-24 09:56:22.687 1176 4696 I chatty : uid=1000(system) Binder:1176_10 expire 10 lines
04-24 09:56:22.690 1708 1708 I HwCoreAppHelperService: LocalReceiver receives:android.intent.action.PACKAGE_RESTARTED,pkg:com.huawei.appmarket,uid:10089
04-24 09:56:23.330 742 742 I chatty : uid=1010(wifi) /system/bin/wificond expire 12 lines
04-24 09:56:43.072 487 620 W SocketListener: sending broadcast to Pid = 1176, Uid = 1000
04-24 09:56:43.074 1176 1332 I chatty : uid=1000(system) NetdConnector expire 10 lines
04-24 09:56:43.076 1176 1202 I chatty : uid=1000(system) android.fg expire 10 lines
04-24 09:56:43.125 487 620 W SocketListener: sending broadcast to Pid = 1176, Uid = 1000
04-24 09:57:05.069 487 620 W SocketListener: sending broadcast to Pid = 1176, Uid = 1000
04-24 09:58:20.066 487 620 W SocketListener: sending broadcast to Pid = 1176, Uid = 1000
04-24 09:58:20.071 487 620 W SocketListener: sending broadcast to Pid = 1176, Uid = 1000
04-24 09:58:20.518 1176 7480 I chatty : uid=1000(system) Binder:1176_1B expire 10 lines
04-24 09:58:54.116 487 620 W SocketListener: sending broadcast to Pid = 1176, Uid = 1000
04-24 09:58:54.118 1176 1332 I chatty : uid=1000(system) NetdConnector expire 10 lines
04-24 09:59:36.089 487 620 W SocketListener: sending broadcast to Pid = 1176, Uid = 1000
04-24 10:00:12.096 1176 1302 I chatty : uid=1000(system) AlarmManager expire 1 line
04-24 10:00:12.137 487 620 W SocketListener: sending broadcast to Pid = 1176, Uid = 1000
04-24 10:00:51.071 487 620 W SocketListener: sending broadcast to Pid = 1176, Uid = 1000
04-24 10:00:51.120 487 620 W SocketListener: sending broadcast to Pid = 1176, Uid = 1000
04-24 10:02:06.069 487 620 W SocketListener: sending broadcast to Pid = 1176, Uid = 1000
04-24 10:02:06.071 1176 1332 I chatty : uid=1000(system) NetdConnector expire 10 lines
04-24 10:02:06.073 1176 1202 I chatty : uid=1000(system) android.fg expire 6 lines
04-24 10:03:21.119 487 620 W SocketListener: sending broadcast to Pid = 1176, Uid = 1000
04-24 10:03:55.069 487 620 W SocketListener: sending broadcast to Pid = 1176, Uid = 1000
04-24 10:03:55.096 487 620 W SocketListener: sending broadcast to Pid = 1176, Uid = 1000
04-24 10:03:55.104 1176 7480 I chatty : uid=1000(system) Binder:1176_1B expire 10 lines
04-24 10:03:55.163 1176 11623 I chatty : uid=1000(system) Binder:1176_1E expire 5 lines
04-24 10:04:05.219 1176 1176 I chatty : uid=1000 system_server expire 11 lines
04-24 10:04:05.268 1176 1334 I chatty : uid=1000(system) NetworkPolicy expire 2 lines
04-24 10:05:12.090 487 620 W SocketListener: sending broadcast to Pid = 1176, Uid = 1000
04-24 10:05:12.094 1176 1332 I chatty : uid=1000(system) NetdConnector expire 8 lines
04-24 10:05:12.119 1176 4696 I chatty : uid=1000(system) Binder:1176_10 expire 9 lines
04-24 10:08:35.470 1176 1288 I chatty : uid=1000(system) UEventObserver expire 4 lines
04-24 10:08:35.483 1176 1200 I chatty : uid=1000(system) batterystats-sy expire 2 lines
04-24 10:08:35.519 1463 1463 W PowerUI : unknown intent: Intent { act=android.intent.action.ACTION_POWER_CONNECTED flg=0x4000010 (has extras) }
04-24 10:08:35.520 1176 1207 I chatty : uid=1000(system) PowerManagerSer expire 11 lines
04-24 10:08:35.535 1176 1176 I chatty : uid=1000 system_server expire 25 lines
04-24 10:08:35.581 1176 1728 I chatty : uid=1000(system) Binder:1176_A expire 3 lines
04-24 10:08:35.607 1176 11738 I chatty : uid=1000(system) Binder:1176_1F expire 4 lines
04-24 10:08:35.611 1176 1204 I chatty : uid=1000(system) android.display expire 4 lines
04-24 10:08:35.616 1176 1282 I chatty : uid=1000(system) android.anim expire 2 lines
04-24 10:08:35.632 1176 11390 I chatty : uid=1000(system) Binder:1176_1D expire 6 lines
04-24 10:08:35.634 1176 4542 I chatty : uid=1000(system) Binder:1176_F expire 8 lines
04-24 10:08:35.681 487 620 W SocketListener: sending broadcast to Pid = 1176, Uid = 1000
04-24 10:08:35.788 1176 1325 I chatty : uid=1000(system) StorageManagerS expire 5 lines
04-24 10:08:35.793 431 459 I vold : TrimTask running tasks: 0
04-24 10:08:35.794 1176 1328 I chatty : uid=1000(system) VoldConnector expire 1 line
04-24 10:08:35.796 1176 6450 I chatty : uid=1000(system) Binder:1176_1A expire 9 lines
04-24 10:08:35.801 1176 7480 I chatty : uid=1000(system) Binder:1176_1B expire 1 line
04-24 10:08:35.803 1176 1337 I chatty : uid=1000(system) WifiStateMachin expire 2 lines
04-24 10:08:35.807 742 742 I chatty : uid=1010(wifi) /system/bin/wificond expire 21 lines
04-24 10:08:35.882 2217 2217 D ActivityThread: ActivityThread,attachApplication
04-24 10:08:36.028 1176 6450 I chatty : uid=1000(system) Binder:1176_1A expire 12 lines
04-24 10:08:36.066 2379 3999 W ContextImpl: Calling a method in the system process without a qualified user: android.app.ContextImpl.bindService:1736 android.content.ContextWrapper.bindService:678 com.huawei.nb.dataservice.dsclient.RemoteServiceConnection.open:90 com.huawei.nb.dataservice.dsclient.DataServiceProxy.connect:105 com.huawei.nb.dataservice.rsclient.internal.RemoteRuleService.start:27
04-24 10:08:36.119 1176 1728 I chatty : uid=1000(system) Binder:1176_A expire 10 lines
04-24 10:08:36.119 1176 1176 I chatty : uid=1000 system_server expire 12 lines
04-24 10:08:36.189 1176 7480 I chatty : uid=1000(system) Binder:1176_1B expire 7 lines
04-24 10:08:36.215 30956 30956 W ContextImpl: Calling a method in the system process without a qualified user: android.app.ContextImpl.startService:1656 android.content.ContextWrapper.startService:644 android.content.ContextWrapper.startService:644 com.android.settings.deviceinfo.UsbReceiver.startUsbService:282 com.android.settings.deviceinfo.UsbReceiver.onUsbStateReceive:159
04-24 10:08:36.219 30956 30956 W ContextImpl: Calling a method in the system process without a qualified user: android.app.ContextImpl.startService:1656 android.content.ContextWrapper.startService:644 android.content.ContextWrapper.startService:644 com.android.settings.deviceinfo.UsbReceiver.startUsbService:282 com.android.settings.deviceinfo.UsbReceiver.onUsbStateReceive:206
04-24 10:08:36.224 1176 1195 I chatty : uid=1000(system) ActivityManager expire 8 lines
04-24 10:08:36.957 1176 1322 I chatty : uid=1000(system) InputDispatcher expire 6 lines
04-24 10:08:37.098 1176 1196 I chatty : uid=1000(system) android.ui expire 7 lines
04-24 10:08:37.099 1176 4542 I chatty : uid=1000(system) Binder:1176_F expire 23 lines
04-24 10:08:37.099 1619 2078 I HwNetworkPolicyManager: getHwUidPolicy uid = 10061 policy = 0
04-24 10:08:37.118 1176 1193 I chatty : uid=1000(system) HwActivityManag expire 1 line
04-24 10:08:37.141 1176 11390 I chatty : uid=1000(system) Binder:1176_1D expire 19 lines
04-24 10:08:37.152 1176 11623 I chatty : uid=1000(system) Binder:1176_1E expire 20 lines
04-24 10:08:37.186 1463 1486 I CommandQueue: updateBarBgColor
04-24 10:08:37.186 1463 1486 D CommandQueue: CommandQueue, setBarBackgroundColor
04-24 10:08:37.198 1176 1282 I chatty : uid=1000(system) android.anim expire 13 lines
04-24 10:08:41.846 1176 1213 I chatty : uid=1000(system) PackageManager expire 7 lines
04-24 10:08:42.637 1708 1708 I HwKeystoreServiceImpl: ACTION_PACKAGE_REMOVED userId:0 appId:10853 packageName:com.clover.game.genesis.kuaishou removeAll:true
04-24 10:08:42.639 1708 1708 I HwKeystoreServiceImpl: UserInfo uid:0
04-24 10:08:42.641 1176 1333 I chatty : uid=1000(system) NetworkStats expire 5 lines
04-24 10:08:42.644 1176 1332 I chatty : uid=1000(system) NetdConnector expire 12 lines
04-24 10:08:42.649 1619 1619 I HwNetworkPolicyManager: removeHwUidPolicy uid = 10853 policy = -1 opPackageName = com.huawei.systemmanager
04-24 10:08:42.710 1176 1192 I chatty : uid=1000(system) android.bg expire 4 lines
04-24 10:08:42.782 1176 1323 I chatty : uid=1000(system) InputReader expire 6 lines
04-24 10:08:42.940 1176 1207 I chatty : uid=1000(system) PowerManagerSer expire 10 lines
04-24 10:08:42.956 30956 30956 W ContextImpl: Calling a method in the system process without a qualified user: android.app.ContextImpl.startService:1656 android.content.ContextWrapper.startService:644 android.content.ContextWrapper.startService:644 com.android.settings.applications.BlackListReceiver.onReceive:35 android.app.ActivityThread.handleReceiver:3804
04-24 10:08:42.993 1770 1770 V ActivityThread: Finishing stop of ActivityRecord{ab39927 token=android.os.BinderProxy@22e9bd6 {com.huawei.android.launcher/com.huawei.android.launcher.unihome.UniHomeLauncher}}
04-24 10:08:43.002 1176 4696 I chatty : uid=1000(system) Binder:1176_10 expire 7 lines
04-24 10:08:43.055 1176 2440 I chatty : uid=1000 system_server expire 4 lines
04-24 10:08:43.190 21767 21767 W ContextImpl: Calling a method in the system process without a qualified user: android.app.ContextImpl.startService:1656 android.content.ContextWrapper.startService:644 android.content.ContextWrapper.startService:644 com.huawei.systemmanager.antivirus.utils.AntiVirusTools.deleteVirusApk:632 com.huawei.systemmanager.antivirus.AntiVirusReceiver.handlerPackageRemoved:52
04-24 10:08:43.210 1176 1421 I chatty : uid=1000(system) PhotonicModulat expire 5 lines
04-24 10:08:43.211 1176 1204 I chatty : uid=1000(system) android.display expire 17 lines
04-24 10:08:43.244 1176 1325 I chatty : uid=1000(system) StorageManagerS expire 7 lines
04-24 10:08:43.256 1176 1349 I chatty : uid=1000(system) WifiP2pService expire 10 lines
04-24 10:08:43.264 21767 21986 W ContextImpl: Calling a method in the system process without a qualified user: android.app.ContextImpl.startService:1656 android.content.ContextWrapper.startService:644 com.huawei.systemmanager.spacecleanner.receiver.SpaceCleanReceiver.checkRarelyUsedApp:87 com.huawei.systemmanager.spacecleanner.receiver.SpaceCleanReceiver.doInBackground:39 java.lang.reflect.Method.invoke:-2
04-24 10:08:43.367 1176 2307 I chatty : uid=1000(system) HwDeviceUsageCo expire 4 lines
04-24 10:08:43.391 2379 6066 W ContextImpl: Calling a method in the system process without a qualified user: android.app.ContextImpl.bindService:1736 android.content.ContextWrapper.bindService:678 com.huawei.nb.dataservice.dsclient.RemoteServiceConnection.open:90 com.huawei.nb.dataservice.dsclient.DataServiceProxy.connect:105 com.huawei.nb.dataservice.rsclient.internal.RemoteRuleService.start:27
04-24 10:08:46.234 1176 5595 I chatty : uid=1000(system) Binder:1176_11 expire 9 lines
04-24 10:08:46.242 1176 1609 I chatty : uid=1000(system) MultiTaskManage expire 5 lines
04-24 10:08:46.254 1708 1708 I HwCoreAppHelperService: LocalReceiver receives:android.intent.action.PACKAGE_RESTARTED,pkg:com.huawei.appmarket,uid:10089
04-24 10:08:46.450 1176 1176 I chatty : uid=1000 system_server expire 18 lines
04-24 10:08:51.919 742 742 I chatty : uid=1010(wifi) /system/bin/wificond expire 18 lines
04-24 10:09:00.649 1176 1288 I chatty : uid=1000(system) UEventObserver expire 16 lines
04-24 10:09:00.671 1463 1463 W PowerUI : unknown intent: Intent { act=android.intent.action.ACTION_POWER_DISCONNECTED flg=0x4000010 (has extras) }
04-24 10:09:00.676 1176 1200 I chatty : uid=1000(system) batterystats-sy expire 4 lines
04-24 10:09:00.718 1176 1207 I chatty : uid=1000(system) PowerManagerSer expire 24 lines
04-24 10:09:00.721 1176 11738 I chatty : uid=1000(system) Binder:1176_1F expire 14 lines
04-24 10:09:00.776 1176 1189 I chatty : uid=1000(system) Binder:1176_1 expire 9 lines
04-24 10:09:00.813 1176 1629 I chatty : uid=1000(system) Binder:1176_5 expire 2 lines
04-24 10:09:00.817 431 459 I vold : TrimTask running tasks: 0
04-24 10:09:00.819 1176 1328 I chatty : uid=1000(system) VoldConnector expire 2 lines
04-24 10:09:00.828 1176 1176 I chatty : uid=1000 system_server expire 22 lines
04-24 10:09:00.834 1176 1349 I chatty : uid=1000(system) WifiP2pService expire 15 lines
04-24 10:09:00.935 2379 6068 W ContextImpl: Calling a method in the system process without a qualified user: android.app.ContextImpl.bindService:1736 android.content.ContextWrapper.bindService:678 com.huawei.nb.dataservice.dsclient.RemoteServiceConnection.open:90 com.huawei.nb.dataservice.dsclient.DataServiceProxy.connect:105 com.huawei.nb.dataservice.rsclient.internal.RemoteRuleService.start:27
04-24 10:09:01.002 1176 6414 I chatty : uid=1000(system) Binder:1176_15 expire 9 lines
04-24 10:09:01.477 1463 1463 V DeadZone: consuming errant click: (119.88899,23.045654)
04-24 10:09:04.091 1770 1770 V ActivityThread: Finishing stop of ActivityRecord{ab39927 token=android.os.BinderProxy@22e9bd6 {com.huawei.android.launcher/com.huawei.android.launcher.unihome.UniHomeLauncher}}
04-24 10:09:04.438 2379 6088 W ContextImpl: Calling a method in the system process without a qualified user: android.app.ContextImpl.bindService:1736 android.content.ContextWrapper.bindService:678 com.huawei.nb.dataservice.dsclient.RemoteServiceConnection.open:90 com.huawei.nb.dataservice.dsclient.DataServiceProxy.connect:105 com.huawei.nb.dataservice.rsclient.internal.RemoteRuleService.start:27
04-24 10:09:05.631 1176 1589 I chatty : uid=1000(system) watchdog expire 11 lines
04-24 10:09:19.066 487 620 W SocketListener: sending broadcast to Pid = 1176, Uid = 1000
04-24 10:09:19.069 1176 1202 I chatty : uid=1000(system) android.fg expire 12 lines
04-24 10:09:19.491 1176 1176 I chatty : uid=1000 system_server expire 46 lines
04-24 10:09:19.492 1176 1207 I chatty : uid=1000(system) PowerManagerSer expire 21 lines
04-24 10:09:19.499 1463 1463 W PowerUI : unknown intent: Intent { act=android.intent.action.ACTION_POWER_CONNECTED flg=0x4000010 (has extras) }
04-24 10:09:19.545 2583 2583 D ActivityThread: ActivityThread,attachApplication
04-24 10:09:19.611 431 459 I vold : TrimTask running tasks: 0
04-24 10:09:19.620 487 620 W SocketListener: sending broadcast to Pid = 1176, Uid = 1000
04-24 10:09:19.622 1176 1337 I chatty : uid=1000(system) WifiStateMachin expire 1 line
04-24 10:09:19.622 1176 1349 I chatty : uid=1000(system) WifiP2pService expire 10 lines
04-24 10:09:19.625 742 742 I chatty : uid=1010(wifi) /system/bin/wificond expire 24 lines
04-24 10:09:19.629 1176 6450 I chatty : uid=1000(system) Binder:1176_1A expire 3 lines
04-24 10:09:19.815 1176 1282 I chatty : uid=1000(system) android.anim expire 3 lines
04-24 10:09:19.859 2379 6091 W ContextImpl: Calling a method in the system process without a qualified user: android.app.ContextImpl.bindService:1736 android.content.ContextWrapper.bindService:678 com.huawei.nb.dataservice.dsclient.RemoteServiceConnection.open:90 com.huawei.nb.dataservice.dsclient.DataServiceProxy.connect:105 com.huawei.nb.dataservice.rsclient.internal.RemoteRuleService.start:27
04-24 10:09:23.201 1770 1770 V ActivityThread: Finishing stop of ActivityRecord{ab39927 token=android.os.BinderProxy@22e9bd6 {com.huawei.android.launcher/com.huawei.android.launcher.unihome.UniHomeLauncher}}
04-24 10:09:23.547 2379 6184 W ContextImpl: Calling a method in the system process without a qualified user: android.app.ContextImpl.bindService:1736 android.content.ContextWrapper.bindService:678 com.huawei.nb.dataservice.dsclient.RemoteServiceConnection.open:90 com.huawei.nb.dataservice.dsclient.DataServiceProxy.connect:105 com.huawei.nb.dataservice.rsclient.internal.RemoteRuleService.start:27
04-24 10:09:38.325 487 620 W SocketListener: sending broadcast to Pid = 1176, Uid = 1000
04-24 10:09:38.329 1176 1332 I chatty : uid=1000(system) NetdConnector expire 10 lines
04-24 10:09:44.972 742 742 I chatty : uid=1010(wifi) /system/bin/wificond expire 12 lines
04-24 10:09:49.885 1176 1176 I chatty : uid=1000 system_server expire 12 lines
04-24 10:10:00.937 487 620 W SocketListener: sending broadcast to Pid = 1176, Uid = 1000
04-24 10:10:00.985 742 742 I chatty : uid=1010(wifi) /system/bin/wificond expire 36 lines
04-24 10:10:42.924 487 620 W SocketListener: sending broadcast to Pid = 1176, Uid = 1000
04-24 10:10:49.045 742 742 I chatty : uid=1010(wifi) /system/bin/wificond expire 18 lines
04-24 10:10:54.805 487 620 W SocketListener: sending broadcast to Pid = 1176, Uid = 1000
04-24 10:11:09.844 487 620 W SocketListener: sending broadcast to Pid = 1176, Uid = 1000
04-24 10:11:13.066 742 742 I chatty : uid=1010(wifi) /system/bin/wificond expire 42 lines
04-24 10:11:50.206 1176 1176 I chatty : uid=1000 system_server expire 10 lines
04-24 10:12:05.706 1176 1199 I chatty : uid=1000(system) keyAppHanderThr expire 3 lines
04-24 10:12:05.762 1176 5595 I chatty : uid=1000(system) Binder:1176_11 expire 2 lines
04-24 10:12:05.790 1176 6450 I chatty : uid=1000(system) Binder:1176_1A expire 7 lines
04-24 10:12:05.805 1176 11623 I chatty : uid=1000(system) Binder:1176_1E expire 1 line
04-24 10:12:05.812 1176 6414 I chatty : uid=1000(system) Binder:1176_15 expire 11 lines
04-24 10:12:05.819 1176 6416 I chatty : uid=1000(system) Binder:1176_17 expire 7 lines
04-24 10:12:05.830 487 620 W SocketListener: sending broadcast to Pid = 1176, Uid = 1000
04-24 10:12:05.831 1176 1332 I chatty : uid=1000(system) NetdConnector expire 10 lines
04-24 10:12:05.834 1176 1352 I chatty : uid=1000(system) ConnectivitySer expire 6 lines
04-24 10:12:09.115 742 742 I chatty : uid=1010(wifi) /system/bin/wificond expire 12 lines
04-24 10:12:09.380 1176 1288 I chatty : uid=1000(system) UEventObserver expire 10 lines
04-24 10:12:09.403 1176 1176 I chatty : uid=1000 system_server expire 16 lines
04-24 10:12:09.409 1176 1200 I chatty : uid=1000(system) batterystats-sy expire 8 lines
04-24 10:12:20.885 487 620 W SocketListener: sending broadcast to Pid = 1176, Uid = 1000
04-24 10:12:25.132 742 742 I chatty : uid=1010(wifi) /system/bin/wificond expire 12 lines
04-24 10:12:38.081 487 620 W SocketListener: sending broadcast to Pid = 1176, Uid = 1000
04-24 10:12:41.140 742 742 I chatty : uid=1010(wifi) /system/bin/wificond expire 12 lines
04-24 10:12:50.369 1176 1176 I chatty : uid=1000 system_server expire 10 lines
04-24 10:12:53.124 487 620 W SocketListener: sending broadcast to Pid = 1176, Uid = 1000
04-24 10:12:57.159 742 742 I chatty : uid=1010(wifi) /system/bin/wificond expire 42 lines
04-24 10:13:50.642 487 620 W SocketListener: sending broadcast to Pid = 1176, Uid = 1000
04-24 10:13:53.214 742 742 I chatty : uid=1010(wifi) /system/bin/wificond expire 12 lines
04-24 10:14:01.194 738 803 E /system/bin/storaged: pid_info get_pids failed
04-24 10:14:05.684 487 620 W SocketListener: sending broadcast to Pid = 1176, Uid = 1000
04-24 10:14:05.690 1176 1332 I chatty : uid=1000(system) NetdConnector expire 10 lines
04-24 10:14:05.698 1176 1202 I chatty : uid=1000(system) android.fg expire 5 lines
04-24 10:14:09.219 742 742 I chatty : uid=1010(wifi) /system/bin/wificond expire 12 lines
04-24 10:14:09.632 1176 1288 I chatty : uid=1000(system) UEventObserver expire 10 lines
04-24 10:14:19.505 1176 1176 I chatty : uid=1000 system_server expire 14 lines
04-24 10:14:19.998 1176 11738 I chatty : uid=1000(system) Binder:1176_1F expire 1 line
04-24 10:14:20.017 487 620 W SocketListener: sending broadcast to Pid = 1176, Uid = 1000
04-24 10:14:25.238 742 742 I chatty : uid=1010(wifi) /system/bin/wificond expire 12 lines
04-24 10:14:35.444 487 620 W SocketListener: sending broadcast to Pid = 1176, Uid = 1000
04-24 10:14:41.252 742 742 I chatty : uid=1010(wifi) /system/bin/wificond expire 42 lines
04-24 10:14:48.687 1176 1589 I chatty : uid=1000(system) watchdog expire 7 lines
04-24 10:15:11.859 1176 1333 I chatty : uid=1000(system) NetworkStats expire 7 lines
04-24 10:15:19.495 1176 1176 I chatty : uid=1000 system_server expire 11 lines
04-24 10:15:35.911 487 620 W SocketListener: sending broadcast to Pid = 1176, Uid = 1000
04-24 10:15:35.913 1176 1332 I chatty : uid=1000(system) NetdConnector expire 4 lines
04-24 10:15:37.298 742 742 I chatty : uid=1010(wifi) /system/bin/wificond expire 12 lines
04-24 10:15:50.962 487 620 W SocketListener: sending broadcast to Pid = 1176, Uid = 1000
04-24 10:15:53.314 742 742 I chatty : uid=1010(wifi) /system/bin/wificond expire 150 lines
04-24 10:15:59.892 1176 1288 I chatty : uid=1000(system) UEventObserver expire 22 lines
04-24 10:16:19.497 1176 1176 I chatty : uid=1000 system_server expire 20 lines
04-24 10:18:18.712 1176 1589 I chatty : uid=1000(system) watchdog expire 10 lines
04-24 10:18:49.563 1176 1490 I chatty : uid=1000(system) Binder:1176_4 expire 10 lines
04-24 10:19:05.961 1176 6450 I chatty : uid=1000(system) Binder:1176_1A expire 13 lines
04-24 10:19:05.982 487 620 W SocketListener: sending broadcast to Pid = 1176, Uid = 1000
04-24 10:19:05.983 1176 1332 I chatty : uid=1000(system) NetdConnector expire 10 lines
04-24 10:19:05.985 1176 1202 I chatty : uid=1000(system) android.fg expire 10 lines
04-24 10:19:06.969 1176 6414 I chatty : uid=1000(system) Binder:1176_15 expire 9 lines
04-24 10:19:13.504 742 742 I chatty : uid=1010(wifi) /system/bin/wificond expire 18 lines
04-24 10:19:19.495 1176 1176 I chatty : uid=1000 system_server expire 14 lines
04-24 10:19:26.674 1176 1192 I chatty : uid=1000(system) android.bg expire 1 line
04-24 10:19:35.404 487 620 W SocketListener: sending broadcast to Pid = 1176, Uid = 1000
04-24 10:19:37.520 742 742 I chatty : uid=1010(wifi) /system/bin/wificond expire 138 lines
04-24 10:20:00.417 1176 1200 I chatty : uid=1000(system) batterystats-sy expire 10 lines
04-24 10:20:11.950 1176 6416 I chatty : uid=1000(system) Binder:1176_17 expire 6 lines
04-24 10:20:19.498 1176 1176 I chatty : uid=1000 system_server expire 36 lines
04-24 10:20:21.537 1176 1288 I chatty : uid=1000(system) UEventObserver expire 20 lines
04-24 10:22:36.066 487 620 W SocketListener: sending broadcast to Pid = 1176, Uid = 1000
04-24 10:22:41.685 742 742 I chatty : uid=1010(wifi) /system/bin/wificond expire 78 lines
04-24 10:22:51.124 487 620 W SocketListener: sending broadcast to Pid = 1176, Uid = 1000
04-24 10:23:18.746 1176 1589 I chatty : uid=1000(system) watchdog expire 10 lines
04-24 10:23:22.025 1176 1176 I chatty : uid=1000 system_server expire 10 lines
04-24 10:24:20.393 487 620 W SocketListener: sending broadcast to Pid = 1176, Uid = 1000
04-24 10:24:22.186 1176 1288 I chatty : uid=1000(system) UEventObserver expire 12 lines
04-24 10:24:22.199 1176 1176 I chatty : uid=1000 system_server expire 10 lines
04-24 10:24:25.780 742 742 I chatty : uid=1010(wifi) /system/bin/wificond expire 78 lines
04-24 10:24:35.446 487 620 W SocketListener: sending broadcast to Pid = 1176, Uid = 1000
04-24 10:24:35.453 1176 1332 I chatty : uid=1000(system) NetdConnector expire 10 lines
04-24 10:26:06.088 1176 1176 I chatty : uid=1000 system_server expire 10 lines
04-24 10:26:06.128 487 620 W SocketListener: sending broadcast to Pid = 1176, Uid = 1000
04-24 10:26:09.868 742 742 I chatty : uid=1010(wifi) /system/bin/wificond expire 12 lines
04-24 10:26:21.164 487 620 W SocketListener: sending broadcast to Pid = 1176, Uid = 1000
04-24 10:26:25.884 742 742 I chatty : uid=1010(wifi) /system/bin/wificond expire 18 lines
04-24 10:26:29.902 487 620 W SocketListener: sending broadcast to Pid = 1176, Uid = 1000
04-24 10:26:44.924 487 620 W SocketListener: sending broadcast to Pid = 1176, Uid = 1000
04-24 10:26:49.910 742 742 I chatty : uid=1010(wifi) /system/bin/wificond expire 48 lines
04-24 10:26:52.576 1176 1288 I chatty : uid=1000(system) UEventObserver expire 16 lines
04-24 10:27:19.495 1176 1176 I chatty : uid=1000 system_server expire 13 lines
04-24 10:27:52.725 1463 1463 W PowerUI : unknown intent: Intent { act=android.intent.action.ACTION_POWER_DISCONNECTED flg=0x4000010 (has extras) }
04-24 10:27:52.741 1176 1207 I chatty : uid=1000(system) PowerManagerSer expire 12 lines
04-24 10:27:52.798 1176 1490 I chatty : uid=1000(system) Binder:1176_4 expire 14 lines
04-24 10:27:52.832 1176 1282 I chatty : uid=1000(system) android.anim expire 15 lines
04-24 10:27:52.834 1176 1421 I chatty : uid=1000(system) PhotonicModulat expire 1 line
04-24 10:27:52.834 1176 1204 I chatty : uid=1000(system) android.display expire 5 lines
04-24 10:27:52.834 1176 1332 I chatty : uid=1000(system) NetdConnector expire 12 lines
04-24 10:27:52.840 1176 1195 I chatty : uid=1000(system) ActivityManager expire 4 lines
04-24 10:27:52.848 1176 6414 I chatty : uid=1000(system) Binder:1176_15 expire 8 lines
04-24 10:27:52.856 1176 11623 I chatty : uid=1000(system) Binder:1176_1E expire 12 lines
04-24 10:27:52.882 1176 1176 I chatty : uid=1000 system_server expire 16 lines
04-24 10:27:52.884 1176 1349 I chatty : uid=1000(system) WifiP2pService expire 10 lines
04-24 10:27:52.924 487 620 W SocketListener: sending broadcast to Pid = 1176, Uid = 1000
04-24 10:27:52.926 1176 1202 I chatty : uid=1000(system) android.fg expire 5 lines
04-24 10:27:53.007 1176 1325 I chatty : uid=1000(system) StorageManagerS expire 2 lines
04-24 10:27:53.008 431 459 I vold : TrimTask running tasks: 0
04-24 10:27:53.013 1176 1328 I chatty : uid=1000(system) VoldConnector expire 1 line
04-24 10:27:53.035 1176 1196 I chatty : uid=1000(system) android.ui expire 3 lines
04-24 10:27:53.053 1176 1337 I chatty : uid=1000(system) WifiStateMachin expire 1 line
04-24 10:27:53.057 742 742 I chatty : uid=1010(wifi) /system/bin/wificond expire 39 lines
04-24 10:27:53.075 1176 1347 I chatty : uid=1000(system) WifiScanningSer expire 1 line
04-24 10:27:53.103 2379 8170 W ContextImpl: Calling a method in the system process without a qualified user: android.app.ContextImpl.bindService:1736 android.content.ContextWrapper.bindService:678 com.huawei.nb.dataservice.dsclient.RemoteServiceConnection.open:90 com.huawei.nb.dataservice.dsclient.DataServiceProxy.connect:105 com.huawei.nb.dataservice.rsclient.internal.RemoteRuleService.start:27
04-24 10:27:53.150 1176 6416 I chatty : uid=1000(system) Binder:1176_17 expire 10 lines
04-24 10:27:53.205 1176 5595 I chatty : uid=1000(system) Binder:1176_11 expire 1 line
04-24 10:27:53.593 487 621 W SocketListener: sending broadcast to Pid = 1176, Uid = 1000
04-24 10:27:54.175 1176 1192 I chatty : uid=1000(system) android.bg expire 2 lines
04-24 10:28:00.850 1176 1200 I chatty : uid=1000(system) batterystats-sy expire 6 lines
04-24 10:28:00.857 1463 1463 W PowerUI : unknown intent: Intent { act=android.intent.action.ACTION_POWER_CONNECTED flg=0x4000010 (has extras) }
04-24 10:28:00.863 1176 1189 I chatty : uid=1000(system) Binder:1176_1 expire 2 lines
04-24 10:28:00.871 1176 2307 I chatty : uid=1000(system) HwDeviceUsageCo expire 1 line
04-24 10:28:02.084 2863 2863 D ActivityThread: ActivityThread,attachApplication
04-24 10:28:13.597 1176 4696 I chatty : uid=1000(system) Binder:1176_10 expire 19 lines
04-24 10:28:13.780 2904 2904 D ActivityThread: ActivityThread,attachApplication
04-24 10:28:13.792 1176 2432 I chatty : uid=1000(system) Binder:1176_D expire 33 lines
04-24 10:28:13.793 1176 1193 I chatty : uid=1000(system) HwActivityManag expire 2 lines
04-24 10:28:13.818 1619 2078 I HwNetworkPolicyManager: getHwUidPolicy uid = 10848 policy = 0
04-24 10:28:13.935 1176 1282 I chatty : uid=1000(system) android.anim expire 11 lines
04-24 10:28:13.967 2904 2904 V ActivityThread: ActivityThread,callActivityOnCreate
04-24 10:28:14.091 2904 2904 D ActivityThread: add activity client record, r= ActivityRecord{32bed23 token=android.os.BinderProxy@850cd8f {com.jiansheng.blmn.demo/com.jiansheng.blmn.MainActivity}} token= android.os.BinderProxy@850cd8f
04-24 10:28:14.131 742 742 I chatty : uid=1010(wifi) /system/bin/wificond expire 84 lines
04-24 10:28:14.150 1463 12196 I CommandQueue: updateBarBgColor
04-24 10:28:14.150 1463 12196 D CommandQueue: CommandQueue, setBarBackgroundColor
04-24 10:28:14.640 1176 1176 I chatty : uid=1000 system_server expire 11 lines
04-24 10:28:16.722 487 624 W SocketListener: sending broadcast to Pid = 1176, Uid = 1000
04-24 10:28:16.726 1176 1332 I chatty : uid=1000(system) NetdConnector expire 2 lines
04-24 10:28:18.781 1176 1589 I chatty : uid=1000(system) watchdog expire 3 lines
04-24 10:28:34.068 1176 1352 I chatty : uid=1000(system) ConnectivitySer expire 6 lines
04-24 10:29:01.202 738 803 E /system/bin/storaged: open file /data/storaged/storaged.txt failed!2
04-24 10:29:01.202 738 803 E /system/bin/storaged: write(append) diskstat data failed!ts:1587695341,read bytes:60990340096, write bytes: 73592293376
04-24 10:29:01.210 738 803 E /system/bin/storaged: curr_io_stats: size: 191
04-24 10:29:01.217 738 803 E /system/bin/storaged: open file /data/storaged/storaged.txt failed!2
04-24 10:29:01.217 738 803 E /system/bin/storaged: write(append) uid data failed!
04-24 10:29:01.228 738 803 E /system/bin/storaged: pid_info get_pids failed
04-24 10:29:02.284 742 742 I chatty : uid=1010(wifi) /system/bin/wificond expire 72 lines
04-24 10:29:07.635 1176 1176 I chatty : uid=1000 system_server expire 12 lines
04-24 10:29:14.056 1176 1402 I chatty : uid=1000(system) StatisticsCHRMs expire 4 lines
04-24 10:29:32.008 1176 1288 I chatty : uid=1000(system) UEventObserver expire 16 lines
04-24 10:29:34.045 1176 6416 I chatty : uid=1000(system) Binder:1176_17 expire 26 lines
04-24 10:29:36.194 1176 1490 I chatty : uid=1000(system) Binder:1176_4 expire 15 lines
04-24 10:29:43.881 1176 1322 I chatty : uid=1000(system) InputDispatcher expire 6 lines
04-24 10:29:44.371 1176 4696 I chatty : uid=1000(system) Binder:1176_10 expire 2 lines
04-24 10:29:44.395 1176 1196 I chatty : uid=1000(system) android.ui expire 6 lines
04-24 10:29:44.397 1619 2078 I HwNetworkPolicyManager: getHwUidPolicy uid = 10061 policy = 0
04-24 10:29:44.404 1176 2432 I chatty : uid=1000(system) Binder:1176_D expire 40 lines
04-24 10:29:44.405 1463 2036 I CommandQueue: updateBarBgColor
04-24 10:29:44.405 1463 2036 D CommandQueue: CommandQueue, setBarBackgroundColor
04-24 10:29:44.413 1176 1282 I chatty : uid=1000(system) android.anim expire 15 lines
04-24 10:29:44.426 742 742 I chatty : uid=1010(wifi) /system/bin/wificond expire 21 lines
04-24 10:29:44.485 1176 6414 I chatty : uid=1000(system) Binder:1176_15 expire 14 lines
04-24 10:29:44.982 1176 1193 I chatty : uid=1000(system) HwActivityManag expire 2 lines
04-24 10:29:45.003 1176 11623 I chatty : uid=1000(system) Binder:1176_1E expire 38 lines
04-24 10:29:45.034 1463 2036 I CommandQueue: updateBarBgColor
04-24 10:29:45.034 1463 2036 D CommandQueue: CommandQueue, setBarBackgroundColor
04-24 10:29:45.867 1176 1609 I chatty : uid=1000(system) MultiTaskManage expire 9 lines
04-24 10:29:45.871 1176 3123 I chatty : uid=1000 system_server expire 6 lines
04-24 10:29:45.886 1176 1192 I chatty : uid=1000(system) android.bg expire 1 line
04-24 10:29:45.905 1708 1708 I HwCoreAppHelperService: LocalReceiver receives:android.intent.action.PACKAGE_RESTARTED,pkg:com.jiansheng.blmn.demo,uid:10848
04-24 10:29:46.204 1176 2434 I chatty : uid=1000(system) Binder:1176_E expire 12 lines
04-24 10:29:46.218 1176 1204 I chatty : uid=1000(system) android.display expire 8 lines
04-24 10:29:46.322 1176 6449 I chatty : uid=1000(system) Binder:1176_19 expire 11 lines
