04-24 11:47:51.919 742 742 E wificond: Failed to get NL80211_STA_INFO_CNAHLOAD
04-24 11:47:54.933 742 742 E wificond: Failed to get NL80211_RATE_INFO_NOISE
04-24 11:47:54.933 742 742 E wificond: Failed to get NL80211_RATE_INFO_SNR
04-24 11:47:54.933 742 742 E wificond: Failed to get NL80211_STA_INFO_CNAHLOAD
04-24 11:47:57.796 742 742 E wificond: Failed to get NL80211_RATE_INFO_NOISE
04-24 11:47:57.796 742 742 E wificond: Failed to get NL80211_RATE_INFO_SNR
04-24 11:47:57.796 742 742 E wificond: Failed to get NL80211_STA_INFO_CNAHLOAD
04-24 11:47:57.800 742 742 E wificond: Failed to get NL80211_RATE_INFO_NOISE
04-24 11:47:57.800 742 742 E wificond: Failed to get NL80211_RATE_INFO_SNR
04-24 11:47:57.800 742 742 E wificond: Failed to get NL80211_STA_INFO_CNAHLOAD
04-24 11:47:57.941 742 742 E wificond: Failed to get NL80211_RATE_INFO_NOISE
04-24 11:47:57.941 742 742 E wificond: Failed to get NL80211_RATE_INFO_SNR
04-24 11:47:57.941 742 742 E wificond: Failed to get NL80211_STA_INFO_CNAHLOAD
04-24 11:48:00.061 1176 1631 I chatty : uid=1000(system) Binder:1176_6 expire 25 lines
04-24 11:48:00.960 742 742 E wificond: Failed to get NL80211_RATE_INFO_NOISE
04-24 11:48:00.961 742 742 E wificond: Failed to get NL80211_RATE_INFO_SNR
04-24 11:48:00.961 742 742 E wificond: Failed to get NL80211_STA_INFO_CNAHLOAD
04-24 11:48:03.975 742 742 E wificond: Failed to get NL80211_RATE_INFO_NOISE
04-24 11:48:03.975 742 742 E wificond: Failed to get NL80211_RATE_INFO_SNR
04-24 11:48:03.976 742 742 E wificond: Failed to get NL80211_STA_INFO_CNAHLOAD
04-24 11:48:05.805 742 742 E wificond: Failed to get NL80211_RATE_INFO_NOISE
04-24 11:48:05.805 742 742 E wificond: Failed to get NL80211_RATE_INFO_SNR
04-24 11:48:05.805 742 742 E wificond: Failed to get NL80211_STA_INFO_CNAHLOAD
04-24 11:48:05.809 742 742 E wificond: Failed to get NL80211_RATE_INFO_NOISE
04-24 11:48:05.809 742 742 E wificond: Failed to get NL80211_RATE_INFO_SNR
04-24 11:48:05.809 742 742 E wificond: Failed to get NL80211_STA_INFO_CNAHLOAD
04-24 11:48:06.988 742 742 E wificond: Failed to get NL80211_RATE_INFO_NOISE
04-24 11:48:06.989 742 742 E wificond: Failed to get NL80211_RATE_INFO_SNR
04-24 11:48:06.989 742 742 E wificond: Failed to get NL80211_STA_INFO_CNAHLOAD
04-24 11:48:10.009 742 742 E wificond: Failed to get NL80211_RATE_INFO_NOISE
04-24 11:48:10.009 742 742 E wificond: Failed to get NL80211_RATE_INFO_SNR
04-24 11:48:10.009 742 742 E wificond: Failed to get NL80211_STA_INFO_CNAHLOAD
04-24 11:48:13.020 742 742 E wificond: Failed to get NL80211_RATE_INFO_NOISE
04-24 11:48:13.021 742 742 E wificond: Failed to get NL80211_RATE_INFO_SNR
04-24 11:48:13.021 742 742 E wificond: Failed to get NL80211_STA_INFO_CNAHLOAD
04-24 11:48:13.802 742 742 E wificond: Failed to get NL80211_RATE_INFO_NOISE
04-24 11:48:13.802 742 742 E wificond: Failed to get NL80211_RATE_INFO_SNR
04-24 11:48:13.802 742 742 E wificond: Failed to get NL80211_STA_INFO_CNAHLOAD
04-24 11:48:13.806 742 742 E wificond: Failed to get NL80211_RATE_INFO_NOISE
04-24 11:48:13.806 742 742 E wificond: Failed to get NL80211_RATE_INFO_SNR
04-24 11:48:13.806 742 742 E wificond: Failed to get NL80211_STA_INFO_CNAHLOAD
04-24 11:48:16.033 742 742 E wificond: Failed to get NL80211_RATE_INFO_NOISE
04-24 11:48:16.033 742 742 E wificond: Failed to get NL80211_RATE_INFO_SNR
04-24 11:48:16.033 742 742 E wificond: Failed to get NL80211_STA_INFO_CNAHLOAD
04-24 11:48:19.054 742 742 E wificond: Failed to get NL80211_RATE_INFO_NOISE
04-24 11:48:19.054 742 742 E wificond: Failed to get NL80211_RATE_INFO_SNR
04-24 11:48:19.054 742 742 E wificond: Failed to get NL80211_STA_INFO_CNAHLOAD
04-24 11:48:19.887 1176 6449 I chatty : uid=1000(system) Binder:1176_19 expire 29 lines
04-24 11:48:19.949 1176 1282 I chatty : uid=1000(system) android.anim expire 20 lines
04-24 11:48:19.980 6499 6499 D ActivityThread: ActivityThread,attachApplication
04-24 11:48:19.982 1176 6416 I chatty : uid=1000(system) Binder:1176_17 expire 5 lines
04-24 11:48:19.995 1176 1193 I chatty : uid=1000(system) HwActivityManag expire 5 lines
04-24 11:48:20.012 1176 1196 I chatty : uid=1000(system) android.ui expire 5 lines
04-24 11:48:20.019 1619 2078 I HwNetworkPolicyManager: getHwUidPolicy uid = 10848 policy = 0
04-24 11:48:20.021 1176 7637 I chatty : uid=1000(system) Binder:1176_1C expire 3 lines
04-24 11:48:20.118 6499 6499 V ActivityThread: ActivityThread,callActivityOnCreate
04-24 11:48:20.217 6499 6499 D ActivityThread: add activity client record, r= ActivityRecord{32bed23 token=android.os.BinderProxy@850cd8f {com.jiansheng.blmn.demo/com.jiansheng.blmn.MainActivity}} token= android.os.BinderProxy@850cd8f
04-24 11:48:20.245 1176 1204 I chatty : uid=1000(system) android.display expire 4 lines
04-24 11:48:20.267 1463 2263 I CommandQueue: updateBarBgColor
04-24 11:48:20.267 1463 2263 D CommandQueue: CommandQueue, setBarBackgroundColor
04-24 11:48:20.710 1176 1176 I chatty : uid=1000 system_server expire 10 lines
04-24 11:48:21.811 742 742 E wificond: Failed to get NL80211_RATE_INFO_NOISE
04-24 11:48:21.812 742 742 E wificond: Failed to get NL80211_RATE_INFO_SNR
04-24 11:48:21.812 742 742 E wificond: Failed to get NL80211_STA_INFO_CNAHLOAD
04-24 11:48:21.816 742 742 E wificond: Failed to get NL80211_RATE_INFO_NOISE
04-24 11:48:21.816 742 742 E wificond: Failed to get NL80211_RATE_INFO_SNR
04-24 11:48:21.816 742 742 E wificond: Failed to get NL80211_STA_INFO_CNAHLOAD
04-24 11:48:22.061 742 742 E wificond: Failed to get NL80211_RATE_INFO_NOISE
04-24 11:48:22.061 742 742 E wificond: Failed to get NL80211_RATE_INFO_SNR
04-24 11:48:22.061 742 742 E wificond: Failed to get NL80211_STA_INFO_CNAHLOAD
04-24 11:48:22.848 1176 1631 I chatty : uid=1000(system) Binder:1176_6 expire 12 lines
04-24 11:48:25.071 742 742 E wificond: Failed to get NL80211_RATE_INFO_NOISE
04-24 11:48:25.071 742 742 E wificond: Failed to get NL80211_RATE_INFO_SNR
04-24 11:48:25.071 742 742 E wificond: Failed to get NL80211_STA_INFO_CNAHLOAD
04-24 11:48:28.081 742 742 E wificond: Failed to get NL80211_RATE_INFO_NOISE
04-24 11:48:28.082 742 742 E wificond: Failed to get NL80211_RATE_INFO_SNR
04-24 11:48:28.082 742 742 E wificond: Failed to get NL80211_STA_INFO_CNAHLOAD
04-24 11:48:29.814 742 742 E wificond: Failed to get NL80211_RATE_INFO_NOISE
04-24 11:48:29.814 742 742 E wificond: Failed to get NL80211_RATE_INFO_SNR
04-24 11:48:29.814 742 742 E wificond: Failed to get NL80211_STA_INFO_CNAHLOAD
04-24 11:48:29.817 742 742 E wificond: Failed to get NL80211_RATE_INFO_NOISE
04-24 11:48:29.817 742 742 E wificond: Failed to get NL80211_RATE_INFO_SNR
04-24 11:48:29.817 742 742 E wificond: Failed to get NL80211_STA_INFO_CNAHLOAD
04-24 11:48:31.096 742 742 E wificond: Failed to get NL80211_RATE_INFO_NOISE
04-24 11:48:31.096 742 742 E wificond: Failed to get NL80211_RATE_INFO_SNR
04-24 11:48:31.096 742 742 E wificond: Failed to get NL80211_STA_INFO_CNAHLOAD
04-24 11:48:34.105 742 742 E wificond: Failed to get NL80211_RATE_INFO_NOISE
04-24 11:48:34.105 742 742 E wificond: Failed to get NL80211_RATE_INFO_SNR
04-24 11:48:34.106 742 742 E wificond: Failed to get NL80211_STA_INFO_CNAHLOAD
04-24 11:48:37.115 742 742 E wificond: Failed to get NL80211_RATE_INFO_NOISE
04-24 11:48:37.115 742 742 E wificond: Failed to get NL80211_RATE_INFO_SNR
04-24 11:48:37.115 742 742 E wificond: Failed to get NL80211_STA_INFO_CNAHLOAD
04-24 11:48:37.820 742 742 E wificond: Failed to get NL80211_RATE_INFO_NOISE
04-24 11:48:37.820 742 742 E wificond: Failed to get NL80211_RATE_INFO_SNR
04-24 11:48:37.820 742 742 E wificond: Failed to get NL80211_STA_INFO_CNAHLOAD
04-24 11:48:37.823 742 742 E wificond: Failed to get NL80211_RATE_INFO_NOISE
04-24 11:48:37.823 742 742 E wificond: Failed to get NL80211_RATE_INFO_SNR
04-24 11:48:37.823 742 742 E wificond: Failed to get NL80211_STA_INFO_CNAHLOAD
04-24 11:48:40.126 742 742 E wificond: Failed to get NL80211_RATE_INFO_NOISE
04-24 11:48:40.126 742 742 E wificond: Failed to get NL80211_RATE_INFO_SNR
04-24 11:48:40.126 742 742 E wificond: Failed to get NL80211_STA_INFO_CNAHLOAD
04-24 11:48:43.137 742 742 E wificond: Failed to get NL80211_RATE_INFO_NOISE
04-24 11:48:43.137 742 742 E wificond: Failed to get NL80211_RATE_INFO_SNR
04-24 11:48:43.137 742 742 E wificond: Failed to get NL80211_STA_INFO_CNAHLOAD
04-24 11:48:45.831 742 742 E wificond: Failed to get NL80211_RATE_INFO_NOISE
04-24 11:48:45.831 742 742 E wificond: Failed to get NL80211_RATE_INFO_SNR
04-24 11:48:45.831 742 742 E wificond: Failed to get NL80211_STA_INFO_CNAHLOAD
04-24 11:48:45.834 742 742 E wificond: Failed to get NL80211_RATE_INFO_NOISE
04-24 11:48:45.834 742 742 E wificond: Failed to get NL80211_RATE_INFO_SNR
04-24 11:48:45.834 742 742 E wificond: Failed to get NL80211_STA_INFO_CNAHLOAD
04-24 11:48:46.142 742 742 E wificond: Failed to get NL80211_RATE_INFO_NOISE
04-24 11:48:46.142 742 742 E wificond: Failed to get NL80211_RATE_INFO_SNR
04-24 11:48:46.142 742 742 E wificond: Failed to get NL80211_STA_INFO_CNAHLOAD
04-24 11:48:49.157 742 742 E wificond: Failed to get NL80211_RATE_INFO_NOISE
04-24 11:48:49.157 742 742 E wificond: Failed to get NL80211_RATE_INFO_SNR
04-24 11:48:49.158 742 742 E wificond: Failed to get NL80211_STA_INFO_CNAHLOAD
04-24 11:48:52.167 742 742 E wificond: Failed to get NL80211_RATE_INFO_NOISE
04-24 11:48:52.167 742 742 E wificond: Failed to get NL80211_RATE_INFO_SNR
04-24 11:48:52.167 742 742 E wificond: Failed to get NL80211_STA_INFO_CNAHLOAD
04-24 11:48:53.841 742 742 E wificond: Failed to get NL80211_RATE_INFO_NOISE
04-24 11:48:53.841 742 742 E wificond: Failed to get NL80211_RATE_INFO_SNR
04-24 11:48:53.841 742 742 E wificond: Failed to get NL80211_STA_INFO_CNAHLOAD
04-24 11:48:53.843 742 742 E wificond: Failed to get NL80211_RATE_INFO_NOISE
04-24 11:48:53.843 742 742 E wificond: Failed to get NL80211_RATE_INFO_SNR
04-24 11:48:53.844 742 742 E wificond: Failed to get NL80211_STA_INFO_CNAHLOAD
04-24 11:48:55.175 742 742 E wificond: Failed to get NL80211_RATE_INFO_NOISE
04-24 11:48:55.175 742 742 E wificond: Failed to get NL80211_RATE_INFO_SNR
04-24 11:48:55.175 742 742 E wificond: Failed to get NL80211_STA_INFO_CNAHLOAD
04-24 11:48:58.189 742 742 E wificond: Failed to get NL80211_RATE_INFO_NOISE
04-24 11:48:58.189 742 742 E wificond: Failed to get NL80211_RATE_INFO_SNR
04-24 11:48:58.190 742 742 E wificond: Failed to get NL80211_STA_INFO_CNAHLOAD
04-24 11:49:00.075 1176 6449 I chatty : uid=1000(system) Binder:1176_19 expire 23 lines
04-24 11:49:01.200 742 742 E wificond: Failed to get NL80211_RATE_INFO_NOISE
04-24 11:49:01.200 742 742 E wificond: Failed to get NL80211_RATE_INFO_SNR
04-24 11:49:01.200 742 742 E wificond: Failed to get NL80211_STA_INFO_CNAHLOAD
04-24 11:49:01.839 742 742 E wificond: Failed to get NL80211_RATE_INFO_NOISE
04-24 11:49:01.839 742 742 E wificond: Failed to get NL80211_RATE_INFO_SNR
04-24 11:49:01.839 742 742 E wificond: Failed to get NL80211_STA_INFO_CNAHLOAD
04-24 11:49:01.841 742 742 E wificond: Failed to get NL80211_RATE_INFO_NOISE
04-24 11:49:01.841 742 742 E wificond: Failed to get NL80211_RATE_INFO_SNR
04-24 11:49:01.841 742 742 E wificond: Failed to get NL80211_STA_INFO_CNAHLOAD
04-24 11:49:04.208 742 742 E wificond: Failed to get NL80211_RATE_INFO_NOISE
04-24 11:49:04.208 742 742 E wificond: Failed to get NL80211_RATE_INFO_SNR
04-24 11:49:04.208 742 742 E wificond: Failed to get NL80211_STA_INFO_CNAHLOAD
04-24 11:49:06.710 6499 6522 E AndroidRuntime: FATAL EXCEPTION: UnityMain
04-24 11:49:06.710 6499 6522 E AndroidRuntime: Process: com.jiansheng.blmn.demo, PID: 6499
04-24 11:49:06.710 6499 6522 E AndroidRuntime: java.lang.Error: signal 6 (SIGABRT), code -6 (?), fault addr --------
04-24 11:49:06.710 6499 6522 E AndroidRuntime: Build fingerprint: 'HUAWEI/FLA-AL20/HWFLA-H:8.0.0/HUAWEIFLA-AL20/182(C00):user/release-keys'
04-24 11:49:06.710 6499 6522 E AndroidRuntime: Revision: '0'
04-24 11:49:06.710 6499 6522 E AndroidRuntime: pid: 6499, tid: 6522, name: UnityMain >>> com.jiansheng.blmn.demo <<<
04-24 11:49:06.710 6499 6522 E AndroidRuntime: r0 00000000 r1 0000197a r2 00000006 r3 00000008
04-24 11:49:06.710 6499 6522 E AndroidRuntime: r4 00001963 r5 0000197a r6 bfcfe4e0 r7 0000010c
04-24 11:49:06.710 6499 6522 E AndroidRuntime: r8 bfcfe808 r9 0121d260 sl 00000001 fp bfcfe6a0
04-24 11:49:06.710 6499 6522 E AndroidRuntime: ip 00000000 sp bfcfe4d0 lr e806f4e7 pc e80a097c cpsr bfcfe808
04-24 11:49:06.710 6499 6522 E AndroidRuntime:
04-24 11:49:06.710 6499 6522 E AndroidRuntime: at libc.tgkill(tgkill:12)
04-24 11:49:06.710 6499 6522 E AndroidRuntime: at libc.abort(abort:54)
04-24 11:49:06.710 6499 6522 E AndroidRuntime: at libc++.00030a11(Native Method)
04-24 11:49:06.710 6499 6522 E AndroidRuntime: at libc++.00044a29(Native Method)
04-24 11:49:06.710 6499 6522 E AndroidRuntime: at libfmodL.000b7a2b(Native Method)
04-24 11:49:06.710 6499 6522 E AndroidRuntime: at libfmodL.000387c1(Native Method)
04-24 11:49:06.710 6499 6522 E AndroidRuntime: at libfmodL.FMOD::System::mixerSuspend()(System:28)
04-24 11:49:06.710 6499 6522 E AndroidRuntime: at libil2cpp.01290364(Native Method)
04-24 11:49:06.710 6499 6522 E AndroidRuntime: at libil2cpp.002f2e7c(Native Method)
04-24 11:49:06.710 6499 6522 E AndroidRuntime: at libil2cpp.017aed14(Native Method)
04-24 11:49:06.884 1176 1195 I chatty : uid=1000(system) ActivityManager expire 12 lines
04-24 11:49:06.919 1463 1463 V ActivityThread: ActivityThread,callActivityOnCreate
04-24 11:49:06.930 1463 1463 D ActivityThread: add activity client record, r= ActivityRecord{ecf6b3c token=android.os.BinderProxy@d745d0d {com.android.systemui/com.android.systemui.media.MediaProjectionPermissionActivity}} token= android.os.BinderProxy@d745d0d
04-24 11:49:06.983 1176 1609 I chatty : uid=1000(system) MultiTaskManage expire 2 lines
04-24 11:49:06.985 1770 1770 V ActivityThread: Handle window ActivityRecord{ab39927 token=android.os.BinderProxy@22e9bd6 {com.huawei.android.launcher/com.huawei.android.launcher.unihome.UniHomeLauncher}} visibility: true
04-24 11:49:06.986 1176 1192 I chatty : uid=1000(system) android.bg expire 1 line
04-24 11:49:06.988 1176 1631 I chatty : uid=1000(system) Binder:1176_6 expire 3 lines
04-24 11:49:07.006 1463 2263 I CommandQueue: updateBarBgColor
04-24 11:49:07.007 1463 2263 D CommandQueue: CommandQueue, setBarBackgroundColor
04-24 11:49:07.032 6647 6647 D ActivityThread: ActivityThread,attachApplication
04-24 11:49:07.063 1176 1629 I chatty : uid=1000(system) Binder:1176_5 expire 7 lines
04-24 11:49:07.069 1176 12121 I chatty : uid=1000(system) Binder:1176_20 expire 24 lines
04-24 11:49:07.076 1176 5595 I chatty : uid=1000(system) Binder:1176_11 expire 1 line
04-24 11:49:07.076 1619 2078 I HwNetworkPolicyManager: getHwUidPolicy uid = 10061 policy = 0
04-24 11:49:07.116 1176 1282 I chatty : uid=1000(system) android.anim expire 6 lines
04-24 11:49:07.218 742 742 E wificond: Failed to get NL80211_RATE_INFO_NOISE
04-24 11:49:07.218 742 742 E wificond: Failed to get NL80211_RATE_INFO_SNR
04-24 11:49:07.218 742 742 E wificond: Failed to get NL80211_STA_INFO_CNAHLOAD
04-24 11:49:09.851 742 742 E wificond: Failed to get NL80211_RATE_INFO_NOISE
04-24 11:49:09.851 742 742 E wificond: Failed to get NL80211_RATE_INFO_SNR
04-24 11:49:09.851 742 742 E wificond: Failed to get NL80211_STA_INFO_CNAHLOAD
04-24 11:49:09.855 742 742 E wificond: Failed to get NL80211_RATE_INFO_NOISE
04-24 11:49:09.855 742 742 E wificond: Failed to get NL80211_RATE_INFO_SNR
04-24 11:49:09.855 742 742 E wificond: Failed to get NL80211_STA_INFO_CNAHLOAD
04-24 11:49:10.225 742 742 E wificond: Failed to get NL80211_RATE_INFO_NOISE
04-24 11:49:10.225 742 742 E wificond: Failed to get NL80211_RATE_INFO_SNR
04-24 11:49:10.225 742 742 E wificond: Failed to get NL80211_STA_INFO_CNAHLOAD
04-24 11:49:13.237 742 742 E wificond: Failed to get NL80211_RATE_INFO_NOISE
04-24 11:49:13.237 742 742 E wificond: Failed to get NL80211_RATE_INFO_SNR
04-24 11:49:13.237 742 742 E wificond: Failed to get NL80211_STA_INFO_CNAHLOAD
04-24 11:49:15.643 1176 1176 I chatty : uid=1000 system_server expire 2 lines
04-24 11:49:16.250 742 742 E wificond: Failed to get NL80211_RATE_INFO_NOISE
04-24 11:49:16.250 742 742 E wificond: Failed to get NL80211_RATE_INFO_SNR
04-24 11:49:16.250 742 742 E wificond: Failed to get NL80211_STA_INFO_CNAHLOAD
04-24 11:49:16.906 1463 1463 D ActivityThread: Remove activity client record, r= ActivityRecord{ecf6b3c token=android.os.BinderProxy@d745d0d {com.android.systemui/com.android.systemui.media.MediaProjectionPermissionActivity}} token= android.os.BinderProxy@d745d0d
04-24 11:49:17.858 742 742 E wificond: Failed to get NL80211_RATE_INFO_NOISE
04-24 11:49:17.859 742 742 E wificond: Failed to get NL80211_RATE_INFO_SNR
04-24 11:49:17.859 742 742 E wificond: Failed to get NL80211_STA_INFO_CNAHLOAD
04-24 11:49:17.862 742 742 E wificond: Failed to get NL80211_RATE_INFO_NOISE
04-24 11:49:17.862 742 742 E wificond: Failed to get NL80211_RATE_INFO_SNR
04-24 11:49:17.862 742 742 E wificond: Failed to get NL80211_STA_INFO_CNAHLOAD
04-24 11:49:19.263 742 742 E wificond: Failed to get NL80211_RATE_INFO_NOISE
04-24 11:49:19.263 742 742 E wificond: Failed to get NL80211_RATE_INFO_SNR
04-24 11:49:19.263 742 742 E wificond: Failed to get NL80211_STA_INFO_CNAHLOAD
04-24 11:49:22.043 1176 12121 I chatty : uid=1000(system) Binder:1176_20 expire 7 lines
04-24 11:49:22.075 1176 6449 I chatty : uid=1000(system) Binder:1176_19 expire 10 lines
04-24 11:49:22.088 1176 6414 I chatty : uid=1000(system) Binder:1176_15 expire 17 lines
04-24 11:49:22.105 1619 2078 I HwNetworkPolicyManager: getHwUidPolicy uid = 10848 policy = 0
04-24 11:49:22.121 1176 1282 I chatty : uid=1000(system) android.anim expire 17 lines
04-24 11:49:22.149 6647 6647 V ActivityThread: ActivityThread,callActivityOnCreate
04-24 11:49:22.162 1176 12121 I chatty : uid=1000(system) Binder:1176_20 expire 16 lines
04-24 11:49:22.259 6647 6647 D ActivityThread: add activity client record, r= ActivityRecord{c36fadd token=android.os.BinderProxy@850cd8f {com.jiansheng.blmn.demo/com.jiansheng.blmn.MainActivity}} token= android.os.BinderProxy@850cd8f
04-24 11:49:22.274 742 742 E wificond: Failed to get NL80211_RATE_INFO_NOISE
04-24 11:49:22.274 742 742 E wificond: Failed to get NL80211_RATE_INFO_SNR
04-24 11:49:22.274 742 742 E wificond: Failed to get NL80211_STA_INFO_CNAHLOAD
04-24 11:49:22.288 1176 6449 I chatty : uid=1000(system) Binder:1176_19 expire 18 lines
04-24 11:49:22.293 1176 1204 I chatty : uid=1000(system) android.display expire 2 lines
04-24 11:49:22.313 1463 2263 I CommandQueue: updateBarBgColor
04-24 11:49:22.313 1463 2263 D CommandQueue: CommandQueue, setBarBackgroundColor
04-24 11:49:22.435 1176 1196 I chatty : uid=1000(system) android.ui expire 1 line
04-24 11:49:22.782 1176 1176 I chatty : uid=1000 system_server expire 11 lines
04-24 11:49:25.286 742 742 E wificond: Failed to get NL80211_RATE_INFO_NOISE
04-24 11:49:25.286 742 742 E wificond: Failed to get NL80211_RATE_INFO_SNR
04-24 11:49:25.286 742 742 E wificond: Failed to get NL80211_STA_INFO_CNAHLOAD
04-24 11:49:25.863 742 742 E wificond: Failed to get NL80211_RATE_INFO_NOISE
04-24 11:49:25.864 742 742 E wificond: Failed to get NL80211_RATE_INFO_SNR
04-24 11:49:25.864 742 742 E wificond: Failed to get NL80211_STA_INFO_CNAHLOAD
04-24 11:49:25.867 742 742 E wificond: Failed to get NL80211_RATE_INFO_NOISE
04-24 11:49:25.867 742 742 E wificond: Failed to get NL80211_RATE_INFO_SNR
04-24 11:49:25.867 742 742 E wificond: Failed to get NL80211_STA_INFO_CNAHLOAD
04-24 11:49:28.295 742 742 E wificond: Failed to get NL80211_RATE_INFO_NOISE
04-24 11:49:28.295 742 742 E wificond: Failed to get NL80211_RATE_INFO_SNR
04-24 11:49:28.295 742 742 E wificond: Failed to get NL80211_STA_INFO_CNAHLOAD
04-24 11:49:31.305 742 742 E wificond: Failed to get NL80211_RATE_INFO_NOISE
04-24 11:49:31.305 742 742 E wificond: Failed to get NL80211_RATE_INFO_SNR
04-24 11:49:31.305 742 742 E wificond: Failed to get NL80211_STA_INFO_CNAHLOAD
04-24 11:49:33.874 742 742 E wificond: Failed to get NL80211_RATE_INFO_NOISE
04-24 11:49:33.874 742 742 E wificond: Failed to get NL80211_RATE_INFO_SNR
04-24 11:49:33.874 742 742 E wificond: Failed to get NL80211_STA_INFO_CNAHLOAD
04-24 11:49:33.877 742 742 E wificond: Failed to get NL80211_RATE_INFO_NOISE
04-24 11:49:33.877 742 742 E wificond: Failed to get NL80211_RATE_INFO_SNR
04-24 11:49:33.877 742 742 E wificond: Failed to get NL80211_STA_INFO_CNAHLOAD
04-24 11:49:34.310 742 742 E wificond: Failed to get NL80211_RATE_INFO_NOISE
04-24 11:49:34.310 742 742 E wificond: Failed to get NL80211_RATE_INFO_SNR
04-24 11:49:34.310 742 742 E wificond: Failed to get NL80211_STA_INFO_CNAHLOAD
04-24 11:49:37.318 742 742 E wificond: Failed to get NL80211_RATE_INFO_NOISE
04-24 11:49:37.318 742 742 E wificond: Failed to get NL80211_RATE_INFO_SNR
04-24 11:49:37.318 742 742 E wificond: Failed to get NL80211_STA_INFO_CNAHLOAD
04-24 11:49:40.330 742 742 E wificond: Failed to get NL80211_RATE_INFO_NOISE
04-24 11:49:40.330 742 742 E wificond: Failed to get NL80211_RATE_INFO_SNR
04-24 11:49:40.330 742 742 E wificond: Failed to get NL80211_STA_INFO_CNAHLOAD
04-24 11:49:41.874 742 742 E wificond: Failed to get NL80211_RATE_INFO_NOISE
04-24 11:49:41.874 742 742 E wificond: Failed to get NL80211_RATE_INFO_SNR
04-24 11:49:41.874 742 742 E wificond: Failed to get NL80211_STA_INFO_CNAHLOAD
04-24 11:49:41.877 742 742 E wificond: Failed to get NL80211_RATE_INFO_NOISE
04-24 11:49:41.877 742 742 E wificond: Failed to get NL80211_RATE_INFO_SNR
04-24 11:49:41.877 742 742 E wificond: Failed to get NL80211_STA_INFO_CNAHLOAD
04-24 11:49:43.341 742 742 E wificond: Failed to get NL80211_RATE_INFO_NOISE
04-24 11:49:43.341 742 742 E wificond: Failed to get NL80211_RATE_INFO_SNR
04-24 11:49:43.341 742 742 E wificond: Failed to get NL80211_STA_INFO_CNAHLOAD
04-24 11:49:45.693 1176 1288 I chatty : uid=1000(system) UEventObserver expire 10 lines
04-24 11:49:46.351 742 742 E wificond: Failed to get NL80211_RATE_INFO_NOISE
04-24 11:49:46.351 742 742 E wificond: Failed to get NL80211_RATE_INFO_SNR
04-24 11:49:46.351 742 742 E wificond: Failed to get NL80211_STA_INFO_CNAHLOAD
04-24 11:49:49.124 1176 1589 I chatty : uid=1000(system) watchdog expire 10 lines
04-24 11:49:49.362 742 742 E wificond: Failed to get NL80211_RATE_INFO_NOISE
04-24 11:49:49.363 742 742 E wificond: Failed to get NL80211_RATE_INFO_SNR
04-24 11:49:49.363 742 742 E wificond: Failed to get NL80211_STA_INFO_CNAHLOAD
04-24 11:49:49.877 742 742 E wificond: Failed to get NL80211_RATE_INFO_NOISE
04-24 11:49:49.877 742 742 E wificond: Failed to get NL80211_RATE_INFO_SNR
04-24 11:49:49.877 742 742 E wificond: Failed to get NL80211_STA_INFO_CNAHLOAD
04-24 11:49:49.880 742 742 E wificond: Failed to get NL80211_RATE_INFO_NOISE
04-24 11:49:49.880 742 742 E wificond: Failed to get NL80211_RATE_INFO_SNR
04-24 11:49:49.880 742 742 E wificond: Failed to get NL80211_STA_INFO_CNAHLOAD
04-24 11:49:52.373 742 742 E wificond: Failed to get NL80211_RATE_INFO_NOISE
04-24 11:49:52.373 742 742 E wificond: Failed to get NL80211_RATE_INFO_SNR
04-24 11:49:52.373 742 742 E wificond: Failed to get NL80211_STA_INFO_CNAHLOAD
04-24 11:49:55.382 742 742 E wificond: Failed to get NL80211_RATE_INFO_NOISE
04-24 11:49:55.382 742 742 E wificond: Failed to get NL80211_RATE_INFO_SNR
04-24 11:49:55.382 742 742 E wificond: Failed to get NL80211_STA_INFO_CNAHLOAD
04-24 11:49:57.889 742 742 E wificond: Failed to get NL80211_RATE_INFO_NOISE
04-24 11:49:57.889 742 742 E wificond: Failed to get NL80211_RATE_INFO_SNR
04-24 11:49:57.889 742 742 E wificond: Failed to get NL80211_STA_INFO_CNAHLOAD
04-24 11:49:57.893 742 742 E wificond: Failed to get NL80211_RATE_INFO_NOISE
04-24 11:49:57.893 742 742 E wificond: Failed to get NL80211_RATE_INFO_SNR
04-24 11:49:57.893 742 742 E wificond: Failed to get NL80211_STA_INFO_CNAHLOAD
04-24 11:49:58.387 742 742 E wificond: Failed to get NL80211_RATE_INFO_NOISE
04-24 11:49:58.387 742 742 E wificond: Failed to get NL80211_RATE_INFO_SNR
04-24 11:49:58.387 742 742 E wificond: Failed to get NL80211_STA_INFO_CNAHLOAD
04-24 11:50:00.093 1176 12121 I chatty : uid=1000(system) Binder:1176_20 expire 32 lines
04-24 11:50:01.395 742 742 E wificond: Failed to get NL80211_RATE_INFO_NOISE
04-24 11:50:01.395 742 742 E wificond: Failed to get NL80211_RATE_INFO_SNR
04-24 11:50:01.395 742 742 E wificond: Failed to get NL80211_STA_INFO_CNAHLOAD
04-24 11:50:03.463 1176 6414 I chatty : uid=1000(system) Binder:1176_15 expire 10 lines
04-24 11:50:03.817 1176 1193 I chatty : uid=1000(system) HwActivityManag expire 2 lines
04-24 11:50:03.830 1463 1463 V ActivityThread: ActivityThread,callActivityOnCreate
04-24 11:50:03.840 1463 1463 D ActivityThread: add activity client record, r= ActivityRecord{3c3a37d token=android.os.BinderProxy@1692a1a {com.android.systemui/com.android.systemui.media.MediaProjectionPermissionActivity}} token= android.os.BinderProxy@1692a1a
04-24 11:50:03.855 1176 6449 I chatty : uid=1000(system) Binder:1176_19 expire 10 lines
04-24 11:50:03.931 1463 1463 D ActivityThread: Remove activity client record, r= ActivityRecord{3c3a37d token=android.os.BinderProxy@1692a1a {com.android.systemui/com.android.systemui.media.MediaProjectionPermissionActivity}} token= android.os.BinderProxy@1692a1a
04-24 11:50:04.403 742 742 E wificond: Failed to get NL80211_RATE_INFO_NOISE
04-24 11:50:04.403 742 742 E wificond: Failed to get NL80211_RATE_INFO_SNR
04-24 11:50:04.403 742 742 E wificond: Failed to get NL80211_STA_INFO_CNAHLOAD
04-24 11:50:05.894 742 742 E wificond: Failed to get NL80211_RATE_INFO_NOISE
04-24 11:50:05.894 742 742 E wificond: Failed to get NL80211_RATE_INFO_SNR
04-24 11:50:05.894 742 742 E wificond: Failed to get NL80211_STA_INFO_CNAHLOAD
04-24 11:50:05.897 742 742 E wificond: Failed to get NL80211_RATE_INFO_NOISE
04-24 11:50:05.897 742 742 E wificond: Failed to get NL80211_RATE_INFO_SNR
04-24 11:50:05.897 742 742 E wificond: Failed to get NL80211_STA_INFO_CNAHLOAD
04-24 11:50:07.414 742 742 E wificond: Failed to get NL80211_RATE_INFO_NOISE
04-24 11:50:07.414 742 742 E wificond: Failed to get NL80211_RATE_INFO_SNR
04-24 11:50:07.414 742 742 E wificond: Failed to get NL80211_STA_INFO_CNAHLOAD
04-24 11:50:10.425 742 742 E wificond: Failed to get NL80211_RATE_INFO_NOISE
04-24 11:50:10.425 742 742 E wificond: Failed to get NL80211_RATE_INFO_SNR
04-24 11:50:10.425 742 742 E wificond: Failed to get NL80211_STA_INFO_CNAHLOAD
04-24 11:50:11.869 1176 12121 I chatty : uid=1000(system) Binder:1176_20 expire 9 lines
04-24 11:50:13.440 742 742 E wificond: Failed to get NL80211_RATE_INFO_NOISE
04-24 11:50:13.441 742 742 E wificond: Failed to get NL80211_RATE_INFO_SNR
04-24 11:50:13.441 742 742 E wificond: Failed to get NL80211_STA_INFO_CNAHLOAD
04-24 11:50:13.900 742 742 E wificond: Failed to get NL80211_RATE_INFO_NOISE
04-24 11:50:13.901 742 742 E wificond: Failed to get NL80211_RATE_INFO_SNR
04-24 11:50:13.901 742 742 E wificond: Failed to get NL80211_STA_INFO_CNAHLOAD
04-24 11:50:13.903 742 742 E wificond: Failed to get NL80211_RATE_INFO_NOISE
04-24 11:50:13.904 742 742 E wificond: Failed to get NL80211_RATE_INFO_SNR
04-24 11:50:13.904 742 742 E wificond: Failed to get NL80211_STA_INFO_CNAHLOAD
04-24 11:50:15.779 1176 1176 I chatty : uid=1000 system_server expire 14 lines
04-24 11:50:16.460 742 742 E wificond: Failed to get NL80211_RATE_INFO_NOISE
04-24 11:50:16.460 742 742 E wificond: Failed to get NL80211_RATE_INFO_SNR
04-24 11:50:16.460 742 742 E wificond: Failed to get NL80211_STA_INFO_CNAHLOAD
04-24 11:50:19.476 742 742 E wificond: Failed to get NL80211_RATE_INFO_NOISE
04-24 11:50:19.476 742 742 E wificond: Failed to get NL80211_RATE_INFO_SNR
04-24 11:50:19.476 742 742 E wificond: Failed to get NL80211_STA_INFO_CNAHLOAD
04-24 11:50:21.908 742 742 E wificond: Failed to get NL80211_RATE_INFO_NOISE
04-24 11:50:21.909 742 742 E wificond: Failed to get NL80211_RATE_INFO_SNR
04-24 11:50:21.909 742 742 E wificond: Failed to get NL80211_STA_INFO_CNAHLOAD
04-24 11:50:21.911 742 742 E wificond: Failed to get NL80211_RATE_INFO_NOISE
04-24 11:50:21.911 742 742 E wificond: Failed to get NL80211_RATE_INFO_SNR
04-24 11:50:21.911 742 742 E wificond: Failed to get NL80211_STA_INFO_CNAHLOAD
04-24 11:50:22.481 742 742 E wificond: Failed to get NL80211_RATE_INFO_NOISE
04-24 11:50:22.481 742 742 E wificond: Failed to get NL80211_RATE_INFO_SNR
04-24 11:50:22.481 742 742 E wificond: Failed to get NL80211_STA_INFO_CNAHLOAD
04-24 11:50:25.491 742 742 E wificond: Failed to get NL80211_RATE_INFO_NOISE
04-24 11:50:25.491 742 742 E wificond: Failed to get NL80211_RATE_INFO_SNR
04-24 11:50:25.491 742 742 E wificond: Failed to get NL80211_STA_INFO_CNAHLOAD
04-24 11:50:28.501 742 742 E wificond: Failed to get NL80211_RATE_INFO_NOISE
04-24 11:50:28.501 742 742 E wificond: Failed to get NL80211_RATE_INFO_SNR
04-24 11:50:28.501 742 742 E wificond: Failed to get NL80211_STA_INFO_CNAHLOAD
04-24 11:50:29.915 742 742 E wificond: Failed to get NL80211_RATE_INFO_NOISE
04-24 11:50:29.915 742 742 E wificond: Failed to get NL80211_RATE_INFO_SNR
04-24 11:50:29.915 742 742 E wificond: Failed to get NL80211_STA_INFO_CNAHLOAD
04-24 11:50:29.916 742 742 E wificond: Failed to get NL80211_RATE_INFO_NOISE
04-24 11:50:29.916 742 742 E wificond: Failed to get NL80211_RATE_INFO_SNR
04-24 11:50:29.916 742 742 E wificond: Failed to get NL80211_STA_INFO_CNAHLOAD
04-24 11:50:31.508 742 742 E wificond: Failed to get NL80211_RATE_INFO_NOISE
04-24 11:50:31.508 742 742 E wificond: Failed to get NL80211_RATE_INFO_SNR
04-24 11:50:31.509 742 742 E wificond: Failed to get NL80211_STA_INFO_CNAHLOAD
04-24 11:50:33.584 1176 6449 I chatty : uid=1000(system) Binder:1176_19 expire 11 lines
04-24 11:50:34.517 742 742 E wificond: Failed to get NL80211_RATE_INFO_NOISE
04-24 11:50:34.517 742 742 E wificond: Failed to get NL80211_RATE_INFO_SNR
04-24 11:50:34.517 742 742 E wificond: Failed to get NL80211_STA_INFO_CNAHLOAD
04-24 11:50:37.528 742 742 E wificond: Failed to get NL80211_RATE_INFO_NOISE
04-24 11:50:37.528 742 742 E wificond: Failed to get NL80211_RATE_INFO_SNR
04-24 11:50:37.528 742 742 E wificond: Failed to get NL80211_STA_INFO_CNAHLOAD
04-24 11:50:37.917 742 742 E wificond: Failed to get NL80211_RATE_INFO_NOISE
04-24 11:50:37.917 742 742 E wificond: Failed to get NL80211_RATE_INFO_SNR
04-24 11:50:37.917 742 742 E wificond: Failed to get NL80211_STA_INFO_CNAHLOAD
04-24 11:50:37.921 742 742 E wificond: Failed to get NL80211_RATE_INFO_NOISE
04-24 11:50:37.921 742 742 E wificond: Failed to get NL80211_RATE_INFO_SNR
04-24 11:50:37.921 742 742 E wificond: Failed to get NL80211_STA_INFO_CNAHLOAD
04-24 11:50:40.539 742 742 E wificond: Failed to get NL80211_RATE_INFO_NOISE
04-24 11:50:40.539 742 742 E wificond: Failed to get NL80211_RATE_INFO_SNR
04-24 11:50:40.539 742 742 E wificond: Failed to get NL80211_STA_INFO_CNAHLOAD
04-24 11:50:43.550 742 742 E wificond: Failed to get NL80211_RATE_INFO_NOISE
04-24 11:50:43.550 742 742 E wificond: Failed to get NL80211_RATE_INFO_SNR
04-24 11:50:43.550 742 742 E wificond: Failed to get NL80211_STA_INFO_CNAHLOAD
04-24 11:50:45.085 1176 1176 I chatty : uid=1000 system_server expire 10 lines
04-24 11:50:45.928 742 742 E wificond: Failed to get NL80211_RATE_INFO_NOISE
04-24 11:50:45.928 742 742 E wificond: Failed to get NL80211_RATE_INFO_SNR
04-24 11:50:45.928 742 742 E wificond: Failed to get NL80211_STA_INFO_CNAHLOAD
04-24 11:50:45.929 742 742 E wificond: Failed to get NL80211_RATE_INFO_NOISE
04-24 11:50:45.929 742 742 E wificond: Failed to get NL80211_RATE_INFO_SNR
04-24 11:50:45.929 742 742 E wificond: Failed to get NL80211_STA_INFO_CNAHLOAD
04-24 11:50:46.557 742 742 E wificond: Failed to get NL80211_RATE_INFO_NOISE
04-24 11:50:46.557 742 742 E wificond: Failed to get NL80211_RATE_INFO_SNR
04-24 11:50:46.557 742 742 E wificond: Failed to get NL80211_STA_INFO_CNAHLOAD
04-24 11:50:49.567 742 742 E wificond: Failed to get NL80211_RATE_INFO_NOISE
04-24 11:50:49.567 742 742 E wificond: Failed to get NL80211_RATE_INFO_SNR
04-24 11:50:49.567 742 742 E wificond: Failed to get NL80211_STA_INFO_CNAHLOAD
04-24 11:50:52.577 742 742 E wificond: Failed to get NL80211_RATE_INFO_NOISE
04-24 11:50:52.577 742 742 E wificond: Failed to get NL80211_RATE_INFO_SNR
04-24 11:50:52.577 742 742 E wificond: Failed to get NL80211_STA_INFO_CNAHLOAD
04-24 11:50:53.934 742 742 E wificond: Failed to get NL80211_RATE_INFO_NOISE
04-24 11:50:53.934 742 742 E wificond: Failed to get NL80211_RATE_INFO_SNR
04-24 11:50:53.934 742 742 E wificond: Failed to get NL80211_STA_INFO_CNAHLOAD
04-24 11:50:53.936 742 742 E wificond: Failed to get NL80211_RATE_INFO_NOISE
04-24 11:50:53.936 742 742 E wificond: Failed to get NL80211_RATE_INFO_SNR
04-24 11:50:53.936 742 742 E wificond: Failed to get NL80211_STA_INFO_CNAHLOAD
04-24 11:50:55.585 742 742 E wificond: Failed to get NL80211_RATE_INFO_NOISE
04-24 11:50:55.585 742 742 E wificond: Failed to get NL80211_RATE_INFO_SNR
04-24 11:50:55.585 742 742 E wificond: Failed to get NL80211_STA_INFO_CNAHLOAD
04-24 11:50:58.597 742 742 E wificond: Failed to get NL80211_RATE_INFO_NOISE
04-24 11:50:58.597 742 742 E wificond: Failed to get NL80211_RATE_INFO_SNR
04-24 11:50:58.597 742 742 E wificond: Failed to get NL80211_STA_INFO_CNAHLOAD
04-24 11:51:01.610 742 742 E wificond: Failed to get NL80211_RATE_INFO_NOISE
04-24 11:51:01.610 742 742 E wificond: Failed to get NL80211_RATE_INFO_SNR
04-24 11:51:01.610 742 742 E wificond: Failed to get NL80211_STA_INFO_CNAHLOAD
04-24 11:51:01.935 742 742 E wificond: Failed to get NL80211_RATE_INFO_NOISE
04-24 11:51:01.935 742 742 E wificond: Failed to get NL80211_RATE_INFO_SNR
04-24 11:51:01.935 742 742 E wificond: Failed to get NL80211_STA_INFO_CNAHLOAD
04-24 11:51:01.939 742 742 E wificond: Failed to get NL80211_RATE_INFO_NOISE
04-24 11:51:01.939 742 742 E wificond: Failed to get NL80211_RATE_INFO_SNR
04-24 11:51:01.939 742 742 E wificond: Failed to get NL80211_STA_INFO_CNAHLOAD
04-24 11:51:04.621 742 742 E wificond: Failed to get NL80211_RATE_INFO_NOISE
04-24 11:51:04.621 742 742 E wificond: Failed to get NL80211_RATE_INFO_SNR
04-24 11:51:04.621 742 742 E wificond: Failed to get NL80211_STA_INFO_CNAHLOAD
04-24 11:51:07.633 742 742 E wificond: Failed to get NL80211_RATE_INFO_NOISE
04-24 11:51:07.633 742 742 E wificond: Failed to get NL80211_RATE_INFO_SNR
04-24 11:51:07.633 742 742 E wificond: Failed to get NL80211_STA_INFO_CNAHLOAD
04-24 11:51:09.950 742 742 E wificond: Failed to get NL80211_RATE_INFO_NOISE
04-24 11:51:09.950 742 742 E wificond: Failed to get NL80211_RATE_INFO_SNR
04-24 11:51:09.950 742 742 E wificond: Failed to get NL80211_STA_INFO_CNAHLOAD
04-24 11:51:09.953 742 742 E wificond: Failed to get NL80211_RATE_INFO_NOISE
04-24 11:51:09.953 742 742 E wificond: Failed to get NL80211_RATE_INFO_SNR
04-24 11:51:09.953 742 742 E wificond: Failed to get NL80211_STA_INFO_CNAHLOAD
04-24 11:51:10.640 742 742 E wificond: Failed to get NL80211_RATE_INFO_NOISE
04-24 11:51:10.640 742 742 E wificond: Failed to get NL80211_RATE_INFO_SNR
04-24 11:51:10.640 742 742 E wificond: Failed to get NL80211_STA_INFO_CNAHLOAD
04-24 11:51:13.651 742 742 E wificond: Failed to get NL80211_RATE_INFO_NOISE
04-24 11:51:13.651 742 742 E wificond: Failed to get NL80211_RATE_INFO_SNR
04-24 11:51:13.651 742 742 E wificond: Failed to get NL80211_STA_INFO_CNAHLOAD
04-24 11:51:16.661 742 742 E wificond: Failed to get NL80211_RATE_INFO_NOISE
04-24 11:51:16.661 742 742 E wificond: Failed to get NL80211_RATE_INFO_SNR
04-24 11:51:16.661 742 742 E wificond: Failed to get NL80211_STA_INFO_CNAHLOAD
04-24 11:51:17.953 742 742 E wificond: Failed to get NL80211_RATE_INFO_NOISE
04-24 11:51:17.954 742 742 E wificond: Failed to get NL80211_RATE_INFO_SNR
04-24 11:51:17.954 742 742 E wificond: Failed to get NL80211_STA_INFO_CNAHLOAD
04-24 11:51:17.957 742 742 E wificond: Failed to get NL80211_RATE_INFO_NOISE
04-24 11:51:17.957 742 742 E wificond: Failed to get NL80211_RATE_INFO_SNR
04-24 11:51:17.957 742 742 E wificond: Failed to get NL80211_STA_INFO_CNAHLOAD
04-24 11:51:19.672 742 742 E wificond: Failed to get NL80211_RATE_INFO_NOISE
04-24 11:51:19.672 742 742 E wificond: Failed to get NL80211_RATE_INFO_SNR
04-24 11:51:19.672 742 742 E wificond: Failed to get NL80211_STA_INFO_CNAHLOAD
04-24 11:51:22.681 742 742 E wificond: Failed to get NL80211_RATE_INFO_NOISE
04-24 11:51:22.681 742 742 E wificond: Failed to get NL80211_RATE_INFO_SNR
04-24 11:51:22.681 742 742 E wificond: Failed to get NL80211_STA_INFO_CNAHLOAD
04-24 11:51:25.690 742 742 E wificond: Failed to get NL80211_RATE_INFO_NOISE
04-24 11:51:25.690 742 742 E wificond: Failed to get NL80211_RATE_INFO_SNR
04-24 11:51:25.690 742 742 E wificond: Failed to get NL80211_STA_INFO_CNAHLOAD
04-24 11:51:25.956 742 742 E wificond: Failed to get NL80211_RATE_INFO_NOISE
04-24 11:51:25.956 742 742 E wificond: Failed to get NL80211_RATE_INFO_SNR
04-24 11:51:25.956 742 742 E wificond: Failed to get NL80211_STA_INFO_CNAHLOAD
04-24 11:51:25.959 742 742 E wificond: Failed to get NL80211_RATE_INFO_NOISE
04-24 11:51:25.959 742 742 E wificond: Failed to get NL80211_RATE_INFO_SNR
04-24 11:51:25.959 742 742 E wificond: Failed to get NL80211_STA_INFO_CNAHLOAD
04-24 11:51:28.705 742 742 E wificond: Failed to get NL80211_RATE_INFO_NOISE
04-24 11:51:28.705 742 742 E wificond: Failed to get NL80211_RATE_INFO_SNR
04-24 11:51:28.705 742 742 E wificond: Failed to get NL80211_STA_INFO_CNAHLOAD
04-24 11:51:31.715 742 742 E wificond: Failed to get NL80211_RATE_INFO_NOISE
04-24 11:51:31.715 742 742 E wificond: Failed to get NL80211_RATE_INFO_SNR
04-24 11:51:31.715 742 742 E wificond: Failed to get NL80211_STA_INFO_CNAHLOAD
04-24 11:51:33.966 742 742 E wificond: Failed to get NL80211_RATE_INFO_NOISE
04-24 11:51:33.966 742 742 E wificond: Failed to get NL80211_RATE_INFO_SNR
04-24 11:51:33.966 742 742 E wificond: Failed to get NL80211_STA_INFO_CNAHLOAD
04-24 11:51:33.968 742 742 E wificond: Failed to get NL80211_RATE_INFO_NOISE
04-24 11:51:33.968 742 742 E wificond: Failed to get NL80211_RATE_INFO_SNR
04-24 11:51:33.968 742 742 E wificond: Failed to get NL80211_STA_INFO_CNAHLOAD
04-24 11:51:34.721 742 742 E wificond: Failed to get NL80211_RATE_INFO_NOISE
04-24 11:51:34.721 742 742 E wificond: Failed to get NL80211_RATE_INFO_SNR
04-24 11:51:34.721 742 742 E wificond: Failed to get NL80211_STA_INFO_CNAHLOAD
04-24 11:51:37.732 742 742 E wificond: Failed to get NL80211_RATE_INFO_NOISE
04-24 11:51:37.732 742 742 E wificond: Failed to get NL80211_RATE_INFO_SNR
04-24 11:51:37.732 742 742 E wificond: Failed to get NL80211_STA_INFO_CNAHLOAD
04-24 11:51:40.745 742 742 E wificond: Failed to get NL80211_RATE_INFO_NOISE
04-24 11:51:40.745 742 742 E wificond: Failed to get NL80211_RATE_INFO_SNR
04-24 11:51:40.745 742 742 E wificond: Failed to get NL80211_STA_INFO_CNAHLOAD
04-24 11:51:41.976 742 742 E wificond: Failed to get NL80211_RATE_INFO_NOISE
04-24 11:51:41.976 742 742 E wificond: Failed to get NL80211_RATE_INFO_SNR
04-24 11:51:41.976 742 742 E wificond: Failed to get NL80211_STA_INFO_CNAHLOAD
04-24 11:51:41.979 742 742 E wificond: Failed to get NL80211_RATE_INFO_NOISE
04-24 11:51:41.979 742 742 E wificond: Failed to get NL80211_RATE_INFO_SNR
04-24 11:51:41.979 742 742 E wificond: Failed to get NL80211_STA_INFO_CNAHLOAD
04-24 11:51:43.760 742 742 E wificond: Failed to get NL80211_RATE_INFO_NOISE
04-24 11:51:43.760 742 742 E wificond: Failed to get NL80211_RATE_INFO_SNR
04-24 11:51:43.760 742 742 E wificond: Failed to get NL80211_STA_INFO_CNAHLOAD
04-24 11:51:46.772 742 742 E wificond: Failed to get NL80211_RATE_INFO_NOISE
04-24 11:51:46.773 742 742 E wificond: Failed to get NL80211_RATE_INFO_SNR
04-24 11:51:46.773 742 742 E wificond: Failed to get NL80211_STA_INFO_CNAHLOAD
04-24 11:51:49.785 742 742 E wificond: Failed to get NL80211_RATE_INFO_NOISE
04-24 11:51:49.785 742 742 E wificond: Failed to get NL80211_RATE_INFO_SNR
04-24 11:51:49.786 742 742 E wificond: Failed to get NL80211_STA_INFO_CNAHLOAD
04-24 11:51:49.979 742 742 E wificond: Failed to get NL80211_RATE_INFO_NOISE
04-24 11:51:49.979 742 742 E wificond: Failed to get NL80211_RATE_INFO_SNR
04-24 11:51:49.979 742 742 E wificond: Failed to get NL80211_STA_INFO_CNAHLOAD
04-24 11:51:49.982 742 742 E wificond: Failed to get NL80211_RATE_INFO_NOISE
04-24 11:51:49.982 742 742 E wificond: Failed to get NL80211_RATE_INFO_SNR
04-24 11:51:49.982 742 742 E wificond: Failed to get NL80211_STA_INFO_CNAHLOAD
04-24 11:51:52.795 742 742 E wificond: Failed to get NL80211_RATE_INFO_NOISE
04-24 11:51:52.795 742 742 E wificond: Failed to get NL80211_RATE_INFO_SNR
04-24 11:51:52.795 742 742 E wificond: Failed to get NL80211_STA_INFO_CNAHLOAD
04-24 11:51:55.806 742 742 E wificond: Failed to get NL80211_RATE_INFO_NOISE
04-24 11:51:55.806 742 742 E wificond: Failed to get NL80211_RATE_INFO_SNR
04-24 11:51:55.806 742 742 E wificond: Failed to get NL80211_STA_INFO_CNAHLOAD
04-24 11:51:57.985 742 742 E wificond: Failed to get NL80211_RATE_INFO_NOISE
04-24 11:51:57.985 742 742 E wificond: Failed to get NL80211_RATE_INFO_SNR
04-24 11:51:57.985 742 742 E wificond: Failed to get NL80211_STA_INFO_CNAHLOAD
04-24 11:51:57.988 742 742 E wificond: Failed to get NL80211_RATE_INFO_NOISE
04-24 11:51:57.988 742 742 E wificond: Failed to get NL80211_RATE_INFO_SNR
04-24 11:51:57.988 742 742 E wificond: Failed to get NL80211_STA_INFO_CNAHLOAD
04-24 11:51:58.811 742 742 E wificond: Failed to get NL80211_RATE_INFO_NOISE
04-24 11:51:58.811 742 742 E wificond: Failed to get NL80211_RATE_INFO_SNR
04-24 11:51:58.811 742 742 E wificond: Failed to get NL80211_STA_INFO_CNAHLOAD
04-24 11:52:00.003 1176 1176 I chatty : uid=1000 system_server expire 10 lines
04-24 11:52:01.819 742 742 E wificond: Failed to get NL80211_RATE_INFO_NOISE
04-24 11:52:01.819 742 742 E wificond: Failed to get NL80211_RATE_INFO_SNR
04-24 11:52:01.820 742 742 E wificond: Failed to get NL80211_STA_INFO_CNAHLOAD
04-24 11:52:04.830 742 742 E wificond: Failed to get NL80211_RATE_INFO_NOISE
04-24 11:52:04.830 742 742 E wificond: Failed to get NL80211_RATE_INFO_SNR
04-24 11:52:04.830 742 742 E wificond: Failed to get NL80211_STA_INFO_CNAHLOAD
04-24 11:52:05.994 742 742 E wificond: Failed to get NL80211_RATE_INFO_NOISE
04-24 11:52:05.994 742 742 E wificond: Failed to get NL80211_RATE_INFO_SNR
04-24 11:52:05.994 742 742 E wificond: Failed to get NL80211_STA_INFO_CNAHLOAD
04-24 11:52:05.996 742 742 E wificond: Failed to get NL80211_RATE_INFO_NOISE
04-24 11:52:05.996 742 742 E wificond: Failed to get NL80211_RATE_INFO_SNR
04-24 11:52:05.996 742 742 E wificond: Failed to get NL80211_STA_INFO_CNAHLOAD
04-24 11:52:07.839 742 742 E wificond: Failed to get NL80211_RATE_INFO_NOISE
04-24 11:52:07.839 742 742 E wificond: Failed to get NL80211_RATE_INFO_SNR
04-24 11:52:07.839 742 742 E wificond: Failed to get NL80211_STA_INFO_CNAHLOAD
04-24 11:52:10.846 742 742 E wificond: Failed to get NL80211_RATE_INFO_NOISE
04-24 11:52:10.846 742 742 E wificond: Failed to get NL80211_RATE_INFO_SNR
04-24 11:52:10.846 742 742 E wificond: Failed to get NL80211_STA_INFO_CNAHLOAD
04-24 11:52:13.856 742 742 E wificond: Failed to get NL80211_RATE_INFO_NOISE
04-24 11:52:13.857 742 742 E wificond: Failed to get NL80211_RATE_INFO_SNR
04-24 11:52:13.857 742 742 E wificond: Failed to get NL80211_STA_INFO_CNAHLOAD
04-24 11:52:13.991 742 742 E wificond: Failed to get NL80211_RATE_INFO_NOISE
04-24 11:52:13.991 742 742 E wificond: Failed to get NL80211_RATE_INFO_SNR
04-24 11:52:13.992 742 742 E wificond: Failed to get NL80211_STA_INFO_CNAHLOAD
04-24 11:52:13.993 742 742 E wificond: Failed to get NL80211_RATE_INFO_NOISE
04-24 11:52:13.993 742 742 E wificond: Failed to get NL80211_RATE_INFO_SNR
04-24 11:52:13.993 742 742 E wificond: Failed to get NL80211_STA_INFO_CNAHLOAD
04-24 11:52:16.247 1176 1288 I chatty : uid=1000(system) UEventObserver expire 10 lines
04-24 11:52:16.866 742 742 E wificond: Failed to get NL80211_RATE_INFO_NOISE
04-24 11:52:16.866 742 742 E wificond: Failed to get NL80211_RATE_INFO_SNR
04-24 11:52:16.867 742 742 E wificond: Failed to get NL80211_STA_INFO_CNAHLOAD
04-24 11:52:19.875 742 742 E wificond: Failed to get NL80211_RATE_INFO_NOISE
04-24 11:52:19.875 742 742 E wificond: Failed to get NL80211_RATE_INFO_SNR
04-24 11:52:19.875 742 742 E wificond: Failed to get NL80211_STA_INFO_CNAHLOAD
04-24 11:52:21.999 742 742 E wificond: Failed to get NL80211_RATE_INFO_NOISE
04-24 11:52:21.999 742 742 E wificond: Failed to get NL80211_RATE_INFO_SNR
04-24 11:52:21.999 742 742 E wificond: Failed to get NL80211_STA_INFO_CNAHLOAD
04-24 11:52:22.002 742 742 E wificond: Failed to get NL80211_RATE_INFO_NOISE
04-24 11:52:22.002 742 742 E wificond: Failed to get NL80211_RATE_INFO_SNR
04-24 11:52:22.002 742 742 E wificond: Failed to get NL80211_STA_INFO_CNAHLOAD
04-24 11:52:22.880 742 742 E wificond: Failed to get NL80211_RATE_INFO_NOISE
04-24 11:52:22.880 742 742 E wificond: Failed to get NL80211_RATE_INFO_SNR
04-24 11:52:22.880 742 742 E wificond: Failed to get NL80211_STA_INFO_CNAHLOAD
04-24 11:52:25.890 742 742 E wificond: Failed to get NL80211_RATE_INFO_NOISE
04-24 11:52:25.890 742 742 E wificond: Failed to get NL80211_RATE_INFO_SNR
04-24 11:52:25.890 742 742 E wificond: Failed to get NL80211_STA_INFO_CNAHLOAD
04-24 11:52:28.901 742 742 E wificond: Failed to get NL80211_RATE_INFO_NOISE
04-24 11:52:28.902 742 742 E wificond: Failed to get NL80211_RATE_INFO_SNR
04-24 11:52:28.902 742 742 E wificond: Failed to get NL80211_STA_INFO_CNAHLOAD
04-24 11:52:30.005 742 742 E wificond: Failed to get NL80211_RATE_INFO_NOISE
04-24 11:52:30.005 742 742 E wificond: Failed to get NL80211_RATE_INFO_SNR
04-24 11:52:30.005 742 742 E wificond: Failed to get NL80211_STA_INFO_CNAHLOAD
04-24 11:52:30.007 742 742 E wificond: Failed to get NL80211_RATE_INFO_NOISE
04-24 11:52:30.007 742 742 E wificond: Failed to get NL80211_RATE_INFO_SNR
04-24 11:52:30.007 742 742 E wificond: Failed to get NL80211_STA_INFO_CNAHLOAD
04-24 11:52:31.910 742 742 E wificond: Failed to get NL80211_RATE_INFO_NOISE
04-24 11:52:31.910 742 742 E wificond: Failed to get NL80211_RATE_INFO_SNR
04-24 11:52:31.910 742 742 E wificond: Failed to get NL80211_STA_INFO_CNAHLOAD
04-24 11:52:34.926 742 742 E wificond: Failed to get NL80211_RATE_INFO_NOISE
04-24 11:52:34.926 742 742 E wificond: Failed to get NL80211_RATE_INFO_SNR
04-24 11:52:34.926 742 742 E wificond: Failed to get NL80211_STA_INFO_CNAHLOAD
04-24 11:52:37.935 742 742 E wificond: Failed to get NL80211_RATE_INFO_NOISE
04-24 11:52:37.935 742 742 E wificond: Failed to get NL80211_RATE_INFO_SNR
04-24 11:52:37.935 742 742 E wificond: Failed to get NL80211_STA_INFO_CNAHLOAD
04-24 11:52:38.003 742 742 E wificond: Failed to get NL80211_RATE_INFO_NOISE
04-24 11:52:38.003 742 742 E wificond: Failed to get NL80211_RATE_INFO_SNR
04-24 11:52:38.003 742 742 E wificond: Failed to get NL80211_STA_INFO_CNAHLOAD
04-24 11:52:38.005 742 742 E wificond: Failed to get NL80211_RATE_INFO_NOISE
04-24 11:52:38.005 742 742 E wificond: Failed to get NL80211_RATE_INFO_SNR
04-24 11:52:38.005 742 742 E wificond: Failed to get NL80211_STA_INFO_CNAHLOAD
04-24 11:52:40.942 742 742 E wificond: Failed to get NL80211_RATE_INFO_NOISE
04-24 11:52:40.942 742 742 E wificond: Failed to get NL80211_RATE_INFO_SNR
04-24 11:52:40.942 742 742 E wificond: Failed to get NL80211_STA_INFO_CNAHLOAD
04-24 11:52:43.957 742 742 E wificond: Failed to get NL80211_RATE_INFO_NOISE
04-24 11:52:43.957 742 742 E wificond: Failed to get NL80211_RATE_INFO_SNR
04-24 11:52:43.957 742 742 E wificond: Failed to get NL80211_STA_INFO_CNAHLOAD
04-24 11:52:46.014 742 742 E wificond: Failed to get NL80211_RATE_INFO_NOISE
04-24 11:52:46.014 742 742 E wificond: Failed to get NL80211_RATE_INFO_SNR
04-24 11:52:46.014 742 742 E wificond: Failed to get NL80211_STA_INFO_CNAHLOAD
04-24 11:52:46.016 742 742 E wificond: Failed to get NL80211_RATE_INFO_NOISE
04-24 11:52:46.016 742 742 E wificond: Failed to get NL80211_RATE_INFO_SNR
04-24 11:52:46.016 742 742 E wificond: Failed to get NL80211_STA_INFO_CNAHLOAD
04-24 11:52:46.962 742 742 E wificond: Failed to get NL80211_RATE_INFO_NOISE
04-24 11:52:46.962 742 742 E wificond: Failed to get NL80211_RATE_INFO_SNR
04-24 11:52:46.962 742 742 E wificond: Failed to get NL80211_STA_INFO_CNAHLOAD
04-24 11:52:49.973 742 742 E wificond: Failed to get NL80211_RATE_INFO_NOISE
04-24 11:52:49.973 742 742 E wificond: Failed to get NL80211_RATE_INFO_SNR
04-24 11:52:49.973 742 742 E wificond: Failed to get NL80211_STA_INFO_CNAHLOAD
04-24 11:52:52.983 742 742 E wificond: Failed to get NL80211_RATE_INFO_NOISE
04-24 11:52:52.983 742 742 E wificond: Failed to get NL80211_RATE_INFO_SNR
04-24 11:52:52.983 742 742 E wificond: Failed to get NL80211_STA_INFO_CNAHLOAD
04-24 11:52:54.014 742 742 E wificond: Failed to get NL80211_RATE_INFO_NOISE
04-24 11:52:54.014 742 742 E wificond: Failed to get NL80211_RATE_INFO_SNR
04-24 11:52:54.014 742 742 E wificond: Failed to get NL80211_STA_INFO_CNAHLOAD
04-24 11:52:54.016 742 742 E wificond: Failed to get NL80211_RATE_INFO_NOISE
04-24 11:52:54.016 742 742 E wificond: Failed to get NL80211_RATE_INFO_SNR
04-24 11:52:54.016 742 742 E wificond: Failed to get NL80211_STA_INFO_CNAHLOAD
04-24 11:52:55.994 742 742 E wificond: Failed to get NL80211_RATE_INFO_NOISE
04-24 11:52:55.994 742 742 E wificond: Failed to get NL80211_RATE_INFO_SNR
04-24 11:52:55.994 742 742 E wificond: Failed to get NL80211_STA_INFO_CNAHLOAD
04-24 11:52:59.004 742 742 E wificond: Failed to get NL80211_RATE_INFO_NOISE
04-24 11:52:59.004 742 742 E wificond: Failed to get NL80211_RATE_INFO_SNR
04-24 11:52:59.004 742 742 E wificond: Failed to get NL80211_STA_INFO_CNAHLOAD
04-24 11:53:02.014 742 742 E wificond: Failed to get NL80211_RATE_INFO_NOISE
04-24 11:53:02.014 742 742 E wificond: Failed to get NL80211_RATE_INFO_SNR
04-24 11:53:02.014 742 742 E wificond: Failed to get NL80211_STA_INFO_CNAHLOAD
04-24 11:53:02.020 742 742 E wificond: Failed to get NL80211_RATE_INFO_NOISE
04-24 11:53:02.020 742 742 E wificond: Failed to get NL80211_RATE_INFO_SNR
04-24 11:53:02.020 742 742 E wificond: Failed to get NL80211_STA_INFO_CNAHLOAD
