04-24 12:09:42.807 742 742 E wificond: Failed to get NL80211_RATE_INFO_SNR
04-24 12:09:42.807 742 742 E wificond: Failed to get NL80211_STA_INFO_CNAHLOAD
04-24 12:09:42.808 1176 1406 D HuaweiWifiWatchdogStateMachine: LM mrssi=-25
04-24 12:09:42.808 1176 1406 D HuaweiWifiWatchdogStateMachine: a4:fa:**:**:eb:b0 current loss[-45]=0%, volume=8
04-24 12:09:42.808 1176 1406 D HuaweiWifiWatchdogStateMachine: a4:fa:**:**:eb:b0 history loss[-45]=0%, volume=13825256
04-24 12:09:42.808 1176 1406 I HuaweiWifiWatchdogStateMachine: spd good count:0, add sc:0.0, rate:1.0
04-24 12:09:42.809 1176 1406 D HuaweiWifiWatchdogStateMachine: high data flow: protection_counter = 0, not_detect_counter = 301
04-24 12:09:42.809 1176 1406 D HuaweiWifiWatchdogStateMachine: high data flow scenario: 0 --> 0 rx bytes =221KB
04-24 12:09:42.809 1176 1406 I HuaweiWifiWatchdogStateMachine: current mHighDataFlowRate = 1.0
04-24 12:09:42.809 1176 1406 I HuaweiWifiWatchdogStateMachine: POta txb txg rxg:0, 24, 0. Lr =0% Totpkt=24
04-24 12:09:42.810 1176 1176 D WiFi_PRO: MSG_RETURN_AP_CURRY_RSSI rssi = -25
04-24 12:09:42.810 1176 1176 I QosMonitor: queryRtt: rtt_type = 3
04-24 12:09:42.811 1176 1176 I HwQoEJNI: send_cmd_kernel. begin
04-24 12:09:42.811 1176 1176 I HwQoEJNI: send_cmd_kernel. end
04-24 12:09:42.811 1176 1176 I QosMonitor: postEventFromNative: msg=100,arg1=4,arg2=10
04-24 12:09:42.811 1176 1176 I HwQoEJNI: send_cmd_kernel. begin
04-24 12:09:42.811 1176 1176 I HwQoEJNI: send_cmd_kernel. end
04-24 12:09:42.811 1176 1176 I QosMonitor: postEventFromNative: msg=100,arg1=0,arg2=10
04-24 12:09:42.812 1176 1176 D HuaweiWifiWatchdogStateMachine: setSampleRtt: unvalid rtt
04-24 12:09:42.812 1176 1176 I MQoS : rtt=400,tcp_tx_pkts=480848,tcp_rx_pkts=921357
04-24 12:09:42.814 1176 1406 D HuaweiWifiWatchdogStateMachine: dumpTcpResult: len=10,rtt=400,rttPkt=7,rttWn=28,cgt=0,cgtWn=0
04-24 12:09:42.814 1176 1406 I HuaweiWifiWatchdogStateMachine: PTcp RTT:0, rtt pkt=0, tcp_rx=0, tcp_tx=0, tcp_reTran=0, rtRate=0
04-24 12:09:42.814 1176 1406 D HuaweiWifiWatchdogStateMachine: mRssiBadCount =0, RSSI not bad.
04-24 12:09:42.814 1176 1406 D HuaweiWifiWatchdogStateMachine: detectNetworkAvailable:hw.wifipro.dns_fail_count = 131
04-24 12:09:42.814 1176 1406 D HuaweiWifiWatchdogStateMachine: bqeLevel = 2 rtt=0,rtt_pkts=0 speed=6994 rssi=-25
04-24 12:09:42.814 1176 1406 D HuaweiWifiWatchdogStateMachine: Enter updateQoeLevel level = 2
04-24 12:09:42.814 1176 1406 D HuaweiWifiWatchdogStateMachine: updateQoeLevel current level equal to mLastDetectLevel, return
04-24 12:09:42.814 1176 1406 D HuaweiWifiWatchdogStateMachine: did not have any network action
04-24 12:09:42.816 1176 3515 I MQoS : QOS_level:0(0),wifi-link;SIM error;use level-0
04-24 12:09:43.340 1176 1176 I TrafficMonitor: update:rxPkts:68,txPkts:2,rxBytes:12548,txBytes:372
04-24 12:09:43.340 1176 1176 I TrafficMonitor: start expired. level:-1
04-24 12:09:43.340 1176 1176 I TrafficMonitor: gettimer:interval=2000
04-24 12:09:44.337 1176 1176 I TrafficMonitor: expired arrive. level:-1
04-24 12:09:44.337 1176 1176 I TrafficMonitor: during_ms:2002,period_ms:2000
04-24 12:09:44.337 1176 1176 I TrafficMonitor: count:955,rx_sum:68,tx_sum:2,rxBytes:12548,during_ms:2002,rx_speed:6267.732267732268,tx_speed:185.81418581418583,rto:34.0
04-24 12:09:44.337 1176 1176 D HuaweiWifiWatchdogStateMachine: speed: rxpkt:68, rxSpd:6267B/s, txpkt:2, txSpd:185
04-24 12:09:44.556 777 777 E : [E/capacity_limit_control] not demo version, not set power control prop!
04-24 12:09:44.755 1176 1338 D HwWifiStatStore: handleMessage : 200
04-24 12:09:44.781 679 679 E WifiHAL : enter wifi_get_link_stats
04-24 12:09:44.785 742 742 E wificond: Failed to get NL80211_RATE_INFO_NOISE
04-24 12:09:44.785 742 742 E wificond: Failed to get NL80211_RATE_INFO_SNR
04-24 12:09:44.785 742 742 E wificond: Failed to get NL80211_STA_INFO_CNAHLOAD
04-24 12:09:44.785 1176 1337 E WificondControl: Noise: 0, Snr: -1, Chload: -1
04-24 12:09:44.786 1176 1339 D HwWifiCHRStateManager: handleMessage : 1001
04-24 12:09:44.786 1176 1339 D HwWifiCHRStateManager: handleUpdateChannel:2412
04-24 12:09:44.786 1176 1339 V HwWifiServiceFactory: get AllImpl object = com.android.server.wifi.HwWifiServiceFactoryImpl@2205edc
04-24 12:09:44.787 1176 1337 D HwCustWifiStateMachineReferenceImpl: checkRssiOverThreshold newRssi = -26
04-24 12:09:44.787 1176 1337 D WifiScoreReport: Score = 100, wifiConnectivityManagerEnabled = false, lowScoreCount = 0
04-24 12:09:45.073 1176 1176 D HwInnerWifiManagerImpl: SupplicantState = COMPLETED
04-24 12:09:45.073 1176 1176 D HwInnerWifiManagerImpl: isPhoneAP = false
04-24 12:09:45.074 1176 1176 D HwInnerWifiManagerImpl: SupplicantState = COMPLETED
04-24 12:09:45.074 1176 1176 D HwInnerWifiManagerImpl: isPhoneAP = false
04-24 12:09:45.074 1176 1176 D WifiStateMachine: mBcastReceiver: PluggedType = 2 mIsScanCtrlPluggedin = true
04-24 12:09:45.074 1176 1176 D HwWifiService: mPluggedType =2
04-24 12:09:45.074 1463 1463 D KeyguardUpdateMonitor: received broadcast android.intent.action.BATTERY_CHANGED
04-24 12:09:45.074 1463 1463 W KeyguardUpdateMonitor: ACTION_BATTERY_CHANGED AMP: 500000; Volt: 5000000
04-24 12:09:45.074 1463 1463 V KeyguardUpdateMonitor: RefreshBatteryInfo isBatteryLow: 70
04-24 12:09:45.074 1463 1463 W KeyguardUpdateMonitor: ChargingSpeed Wattage: 2500000 ST: 5000000 --> 7500000
04-24 12:09:45.074 1463 1463 I KgBattery: BatteryInfo updated: 2lPc0
04-24 12:09:45.074 1463 1463 W AppHandler: sendMessage with obj100
04-24 12:09:45.074 1176 1176 D WifiService: onReceive, action:android.intent.action.BATTERY_CHANGED
04-24 12:09:45.074 1176 1176 D WifiService: ACTION_BATTERY_CHANGED pluggedType: 2
04-24 12:09:45.074 1463 1463 D KeyguardUpdateMonitor: handleBatteryUpdate
04-24 12:09:45.075 1463 1463 W HwLockScreenPanel: Handle message: 100
04-24 12:09:45.075 1463 1463 W HwKeyguardBottomArea: updateBatteryInfo : false true
04-24 12:09:45.075 1463 1463 W KgBattery: getCharge info with type: text
04-24 12:09:45.075 5515 5671 E CloudAlbum[8.1.2.309]: [ReceiverManager] not log on ignore
04-24 12:09:45.075 1729 1729 I MsgReceiver: intent action: android.intent.action.BATTERY_CHANGED
04-24 12:09:45.077 1463 1463 W HwLockScreenPanel: refreshBatteryInfo: null
04-24 12:09:45.342 1176 1176 I TrafficMonitor: update:rxPkts:92,txPkts:5,rxBytes:15295,txBytes:492
04-24 12:09:45.342 1176 1176 I TrafficMonitor: start expired. level:-1
04-24 12:09:45.342 1176 1176 I TrafficMonitor: gettimer:interval=2000
04-24 12:09:46.273 1176 1392 D HwArpVerifier: performPollAndLog:
04-24 12:09:46.277 1176 1392 D hw_netstat: total/363/1050,com.jiansheng.blmn.demo/191/1050,unknown:0/172/0
04-24 12:09:46.979 741 741 E Thermal-daemon: [charger_ic] temp_new :43 temp_old :39
04-24 12:09:46.980 1729 27267 I ThermalService: Receive temperature change, type: 2, temp: 43 from thermald
04-24 12:09:46.981 1729 2560 D HwThermalStateManager: Thermal type: 2 cur_temperature:43
04-24 12:09:46.981 1729 2560 W HwThermalStateManager: warning: no config thermal type:2 temperature:43
04-24 12:09:46.981 741 741 E Thermal-daemon: Report temperature: [charger_ic] temp :43 report_threshold:1
04-24 12:09:47.344 1176 1176 I TrafficMonitor: update:rxPkts:93,txPkts:2,rxBytes:18443,txBytes:372
04-24 12:09:47.344 1176 1176 I TrafficMonitor: no expired. level:2
04-24 12:09:47.344 1176 1176 I TrafficMonitor: gettimer:interval=2000
04-24 12:09:47.344 1176 1176 I TrafficMonitor: during_ms:2003,period_ms:2000
04-24 12:09:47.344 1176 1176 I TrafficMonitor: count:957,rx_sum:93,tx_sum:2,rxBytes:18443,during_ms:2003,rx_speed:9207.68846729905,tx_speed:185.7214178731902,rto:46.5
04-24 12:09:47.344 1176 1176 D HuaweiWifiWatchdogStateMachine: speed: rxpkt:93, rxSpd:9207B/s, txpkt:2, txSpd:185
04-24 12:09:47.760 1176 1338 D HwWifiStatStore: handleMessage : 200
04-24 12:09:47.791 679 679 E WifiHAL : enter wifi_get_link_stats
04-24 12:09:47.798 742 742 E wificond: Failed to get NL80211_RATE_INFO_NOISE
04-24 12:09:47.798 742 742 E wificond: Failed to get NL80211_RATE_INFO_SNR
04-24 12:09:47.798 742 742 E wificond: Failed to get NL80211_STA_INFO_CNAHLOAD
04-24 12:09:47.799 1176 1337 E WificondControl: Noise: 0, Snr: -1, Chload: -1
04-24 12:09:47.800 1176 1339 D HwWifiCHRStateManager: handleMessage : 1001
04-24 12:09:47.800 1176 1339 D HwWifiCHRStateManager: handleUpdateChannel:2412
04-24 12:09:47.800 1176 1339 V HwWifiServiceFactory: get AllImpl object = com.android.server.wifi.HwWifiServiceFactoryImpl@2205edc
04-24 12:09:47.801 1176 1337 D HwCustWifiStateMachineReferenceImpl: checkRssiOverThreshold newRssi = -25
04-24 12:09:47.802 1176 1337 D WifiScoreReport: Score = 100, wifiConnectivityManagerEnabled = false, lowScoreCount = 0
04-24 12:09:48.103 656 6282 D asd : [asd_proc_hal_data],hal data soundness: L[0],R[0]
04-24 12:09:48.446 1106 1119 I OAM : [check_file_size:505]/data/log/wifi/wifi_log_1 log file beyond size=10240Byte, creat new file
04-24 12:09:48.446 1106 1119 I OAM : [rename_old_file:210]rename_old_file
04-24 12:09:48.446 1106 1119 I OAM :
04-24 12:09:49.185 1176 1589 W Watchdog: hungtask: writing kick
04-24 12:09:49.188 1176 1202 I EventHub: EventHub monitor: no key events in the past 6002s, no motion events in the past 100s
04-24 12:09:49.346 1176 1176 I TrafficMonitor: update:rxPkts:102,txPkts:1,rxBytes:20558,txBytes:186
04-24 12:09:49.346 1176 1176 I TrafficMonitor: start expired. level:2
04-24 12:09:49.346 1176 1176 I TrafficMonitor: gettimer:interval=2000
04-24 12:09:49.564 777 777 E : [E/capacity_limit_control] not demo version, not set power control prop!
04-24 12:09:49.614 1176 1288 D HwBatteryService: onUEvent fcpStatus = 0,scpStatus =0,ovpStatus=0
04-24 12:09:49.615 1176 1288 I UsbDeviceManager: water_intrused state= 0
04-24 12:09:49.624 1729 1729 I MsgReceiver: intent action: android.intent.action.BATTERY_CHANGED
04-24 12:09:49.626 5515 5671 E CloudAlbum[8.1.2.309]: [ReceiverManager] not log on ignore
04-24 12:09:49.629 1463 1463 D KeyguardUpdateMonitor: received broadcast android.intent.action.BATTERY_CHANGED
04-24 12:09:49.629 1463 1463 W KeyguardUpdateMonitor: ACTION_BATTERY_CHANGED AMP: 500000; Volt: 5000000
04-24 12:09:49.631 1463 1463 V KeyguardUpdateMonitor: RefreshBatteryInfo isBatteryLow: 70
04-24 12:09:49.631 1463 1463 W KeyguardUpdateMonitor: ChargingSpeed Wattage: 2500000 ST: 5000000 --> 7500000
04-24 12:09:49.631 1463 1463 I KgBattery: BatteryInfo updated: 2lPc0
04-24 12:09:49.631 1463 1463 W AppHandler: sendMessage with obj100
04-24 12:09:49.632 1463 1463 D KeyguardUpdateMonitor: handleBatteryUpdate
04-24 12:09:49.632 1176 1176 D HwInnerWifiManagerImpl: SupplicantState = COMPLETED
04-24 12:09:49.632 1176 1176 D HwInnerWifiManagerImpl: isPhoneAP = false
04-24 12:09:49.632 1463 1463 W HwLockScreenPanel: Handle message: 100
04-24 12:09:49.632 1463 1463 W HwKeyguardBottomArea: updateBatteryInfo : false true
04-24 12:09:49.632 1463 1463 W KgBattery: getCharge info with type: text
04-24 12:09:49.633 1176 1176 D HwInnerWifiManagerImpl: SupplicantState = COMPLETED
04-24 12:09:49.633 1176 1176 D HwInnerWifiManagerImpl: isPhoneAP = false
04-24 12:09:49.633 1176 1176 D WifiStateMachine: mBcastReceiver: PluggedType = 2 mIsScanCtrlPluggedin = true
04-24 12:09:49.633 1176 1176 D HwWifiService: mPluggedType =2
04-24 12:09:49.634 1176 1176 D WifiService: onReceive, action:android.intent.action.BATTERY_CHANGED
04-24 12:09:49.634 1176 1176 D WifiService: ACTION_BATTERY_CHANGED pluggedType: 2
04-24 12:09:49.635 1463 1463 W HwLockScreenPanel: refreshBatteryInfo: null
04-24 12:09:50.765 1176 1338 D HwWifiStatStore: handleMessage : 200
04-24 12:09:50.804 679 679 E WifiHAL : enter wifi_get_link_stats
04-24 12:09:50.809 742 742 E wificond: Failed to get NL80211_RATE_INFO_NOISE
04-24 12:09:50.809 742 742 E wificond: Failed to get NL80211_RATE_INFO_SNR
04-24 12:09:50.809 742 742 E wificond: Failed to get NL80211_STA_INFO_CNAHLOAD
04-24 12:09:50.809 1176 1337 E WificondControl: Noise: 0, Snr: -1, Chload: -1
04-24 12:09:50.810 1176 1339 D HwWifiCHRStateManager: handleMessage : 1001
04-24 12:09:50.810 1176 1339 D HwWifiCHRStateManager: handleUpdateChannel:2412
04-24 12:09:50.810 1176 1339 V HwWifiServiceFactory: get AllImpl object = com.android.server.wifi.HwWifiServiceFactoryImpl@2205edc
04-24 12:09:50.812 1176 1337 D HwCustWifiStateMachineReferenceImpl: checkRssiOverThreshold newRssi = -25
04-24 12:09:50.812 1176 1337 D WifiScoreReport: Score = 100, wifiConnectivityManagerEnabled = false, lowScoreCount = 0
04-24 12:09:50.814 742 742 E wificond: Failed to get NL80211_RATE_INFO_NOISE
04-24 12:09:50.814 742 742 E wificond: Failed to get NL80211_RATE_INFO_SNR
04-24 12:09:50.814 742 742 E wificond: Failed to get NL80211_STA_INFO_CNAHLOAD
04-24 12:09:50.814 1176 1337 E WificondControl: Noise: 0, Snr: -1, Chload: -1
04-24 12:09:50.815 1176 1339 D HwWifiCHRStateManager: handleMessage : 1001
04-24 12:09:50.815 1176 1339 D HwWifiCHRStateManager: handleUpdateChannel:2412
04-24 12:09:50.815 1176 1339 V HwWifiServiceFactory: get AllImpl object = com.android.server.wifi.HwWifiServiceFactoryImpl@2205edc
04-24 12:09:50.817 742 742 E wificond: Failed to get NL80211_RATE_INFO_NOISE
04-24 12:09:50.817 742 742 E wificond: Failed to get NL80211_RATE_INFO_SNR
04-24 12:09:50.817 742 742 E wificond: Failed to get NL80211_STA_INFO_CNAHLOAD
04-24 12:09:50.818 1176 1406 D HuaweiWifiWatchdogStateMachine: LM mrssi=-25
04-24 12:09:50.818 1176 1406 D HuaweiWifiWatchdogStateMachine: a4:fa:**:**:eb:b0 current loss[-45]=0%, volume=12
04-24 12:09:50.819 1176 1406 D HuaweiWifiWatchdogStateMachine: a4:fa:**:**:eb:b0 history loss[-45]=0%, volume=13825268
04-24 12:09:50.819 1176 1406 I HuaweiWifiWatchdogStateMachine: spd good count:0, add sc:0.0, rate:1.0
04-24 12:09:50.819 1176 1406 I HuaweiWifiWatchdogStateMachine: current mHighDataFlowRate = 1.0
04-24 12:09:50.819 1176 1406 I HuaweiWifiWatchdogStateMachine: POta txb txg rxg:0, 36, 0. Lr =0% Totpkt=36
04-24 12:09:50.821 1176 1176 D WiFi_PRO: MSG_RETURN_AP_CURRY_RSSI rssi = -25
04-24 12:09:50.821 1176 1176 I QosMonitor: queryRtt: rtt_type = 3
04-24 12:09:50.821 1176 3109 D HwWifiConnectivityMonitor: ENTER: notifyTopUidTcpInfo, tx = 1, rx = 3, reTx = 0, uid = 10848, tr = 0.0
04-24 12:09:50.821 1176 3109 D HwWifiConnectivityMonitor: ENTER: notifyTopUidTcpInfo, rtt = 0, rttPkts = 0, aveRtt = 0.0, app = com.jiansheng.blmn.demo
04-24 12:09:50.821 1176 1176 I HwQoEJNI: send_cmd_kernel. begin
04-24 12:09:50.822 1176 1176 I HwQoEJNI: send_cmd_kernel. end
04-24 12:09:50.822 1176 1176 I QosMonitor: postEventFromNative: msg=100,arg1=4,arg2=10
04-24 12:09:50.822 1176 3109 D HwUidTcpMonitor: parseWlanUidTcpStatistics lastUidTcpStatInfo = [ mUid = 10848 mPacketName = com.jiansheng.blmn.demo mSendSegs = 2484 mResendSegs = 0 mRcvSegs = 2890 ]
04-24 12:09:50.822 1176 1176 I HwQoEJNI: send_cmd_kernel. begin
04-24 12:09:50.822 1176 1176 I HwQoEJNI: send_cmd_kernel. end
04-24 12:09:50.822 1176 1176 I QosMonitor: postEventFromNative: msg=100,arg1=0,arg2=10
04-24 12:09:50.822 1176 1400 D HwWifiConnectivityMonitor: handleTopUidInternetStatusChanged, uid = 10848, status = 0
04-24 12:09:50.822 1176 1176 D HuaweiWifiWatchdogStateMachine: setSampleRtt: unvalid rtt
04-24 12:09:50.822 1176 1176 I MQoS : rtt=400,tcp_tx_pkts=480851,tcp_rx_pkts=921361
04-24 12:09:50.823 1176 1406 D HuaweiWifiWatchdogStateMachine: dumpTcpResult: len=10,rtt=400,rttPkt=7,rttWn=36,cgt=0,cgtWn=0
04-24 12:09:50.824 1176 1406 I HuaweiWifiWatchdogStateMachine: PTcp RTT:0, rtt pkt=0, tcp_rx=4, tcp_tx=3, tcp_reTran=0, rtRate=0
04-24 12:09:50.824 1176 1406 D HuaweiWifiWatchdogStateMachine: mRssiBadCount =0, RSSI not bad.
04-24 12:09:50.824 1176 1406 D HuaweiWifiWatchdogStateMachine: detectNetworkAvailable:hw.wifipro.dns_fail_count = 131
04-24 12:09:50.824 1176 1406 D HuaweiWifiWatchdogStateMachine: detectNetworkAvailable: tcpRxPkts != 0, reset
04-24 12:09:50.824 1176 1406 I HuaweiWifiWatchdogStateMachine: rs ota tcp lr rttvb bad: false, false, false, false, false; rsth:-75
04-24 12:09:50.824 1176 1406 D HuaweiWifiWatchdogStateMachine: GSC:0, GSR:1.0, RSR:1.0, RTH:-75
04-24 12:09:50.824 1176 1406 D HuaweiWifiWatchdogStateMachine: bqeLevel = 2 rtt=0,rtt_pkts=0 speed=9207 rssi=-25
04-24 12:09:50.824 1176 1406 D HuaweiWifiWatchdogStateMachine: Enter updateQoeLevel level = 2
04-24 12:09:50.824 1176 1406 D HuaweiWifiWatchdogStateMachine: updateQoeLevel current level equal to mLastDetectLevel, return
04-24 12:09:50.824 1176 1406 I HuaweiWifiWatchdogStateMachine: pkt chk not bad, reset sc to 0.
04-24 12:09:50.824 1176 1406 D HuaweiWifiWatchdogStateMachine: ### mPktChkBadCnt=0
04-24 12:09:50.827 1176 3515 I MQoS : QOS_level:0(0),wifi-link;SIM error;use level-0
04-24 12:09:51.281 1176 1392 D HwArpVerifier: performPollAndLog:
04-24 12:09:51.285 1176 1392 D hw_netstat: total/0/744,com.jiansheng.blmn.demo/0/744
04-24 12:09:51.348 1176 1176 I TrafficMonitor: update:rxPkts:70,txPkts:2,rxBytes:13829,txBytes:372
04-24 12:09:51.348 1176 1176 I TrafficMonitor: start expired. level:-1
04-24 12:09:51.349 1176 1176 I TrafficMonitor: gettimer:interval=2000
04-24 12:09:51.983 741 741 E Thermal-daemon: [charger_ic] temp_new :38 temp_old :43
04-24 12:09:51.984 1729 18882 I ThermalService: Receive temperature change, type: 2, temp: 38 from thermald
04-24 12:09:51.984 741 741 E Thermal-daemon: Report temperature: [charger_ic] temp :38 report_threshold:1
04-24 12:09:51.985 1729 2560 D HwThermalStateManager: Thermal type: 2 cur_temperature:38
04-24 12:09:51.985 1729 2560 W HwThermalStateManager: warning: no config thermal type:2 temperature:38
04-24 12:09:52.344 1176 1176 I TrafficMonitor: expired arrive. level:-1
04-24 12:09:52.344 1176 1176 I TrafficMonitor: during_ms:2003,period_ms:2000
04-24 12:09:52.345 1176 1176 I TrafficMonitor: count:959,rx_sum:70,tx_sum:2,rxBytes:13829,during_ms:2003,rx_speed:6904.143784323514,tx_speed:185.7214178731902,rto:35.0
04-24 12:09:52.345 1176 1176 D HuaweiWifiWatchdogStateMachine: speed: rxpkt:70, rxSpd:6904B/s, txpkt:2, txSpd:185
04-24 12:09:53.350 1176 1176 I TrafficMonitor: update:rxPkts:71,txPkts:3,rxBytes:13230,txBytes:456
04-24 12:09:53.350 1176 1176 I TrafficMonitor: start expired. level:-1
04-24 12:09:53.351 1176 1176 I TrafficMonitor: gettimer:interval=2000
04-24 12:09:53.769 1176 1338 D HwWifiStatStore: handleMessage : 200
04-24 12:09:53.816 679 679 E WifiHAL : enter wifi_get_link_stats
04-24 12:09:53.820 742 742 E wificond: Failed to get NL80211_RATE_INFO_NOISE
04-24 12:09:53.820 742 742 E wificond: Failed to get NL80211_RATE_INFO_SNR
04-24 12:09:53.820 742 742 E wificond: Failed to get NL80211_STA_INFO_CNAHLOAD
04-24 12:09:53.820 1176 1337 E WificondControl: Noise: 0, Snr: -1, Chload: -1
04-24 12:09:53.821 1176 1339 D HwWifiCHRStateManager: handleMessage : 1001
04-24 12:09:53.821 1176 1339 D HwWifiCHRStateManager: handleUpdateChannel:2412
04-24 12:09:53.821 1176 1339 V HwWifiServiceFactory: get AllImpl object = com.android.server.wifi.HwWifiServiceFactoryImpl@2205edc
04-24 12:09:53.825 1176 1337 D HwCustWifiStateMachineReferenceImpl: checkRssiOverThreshold newRssi = -25
04-24 12:09:53.826 1176 1337 D WifiScoreReport: Score = 100, wifiConnectivityManagerEnabled = false, lowScoreCount = 0
04-24 12:09:54.619 777 777 E : [E/capacity_limit_control] not demo version, not set power control prop!
04-24 12:09:55.351 1176 1176 I TrafficMonitor: update:rxPkts:63,txPkts:2,rxBytes:9371,txBytes:372
04-24 12:09:55.351 1176 1176 I TrafficMonitor: start expired. level:-1
04-24 12:09:55.351 1176 1176 I TrafficMonitor: gettimer:interval=2000
04-24 12:09:56.256 1176 1392 D HwArpVerifier: check_wifi_state_mode = 0 mCheckStateToken=25 token25
04-24 12:09:56.257 1176 1392 D wifiserviceimpl: netmask =16777215
04-24 12:09:56.303 1176 1392 D HWMultiGW: setGateWay 192.168.1.1
04-24 12:09:56.604 1106 1119 I OAM : [check_file_size:505]/data/log/wifi/wifi_log_1 log file beyond size=10240Byte, creat new file
04-24 12:09:56.604 1106 1119 I OAM : [rename_old_file:210]rename_old_file
04-24 12:09:56.604 1106 1119 I OAM :
04-24 12:09:56.775 1176 1338 D HwWifiStatStore: handleMessage : 200
04-24 12:09:56.830 679 679 E WifiHAL : enter wifi_get_link_stats
04-24 12:09:56.834 742 742 E wificond: Failed to get NL80211_RATE_INFO_NOISE
04-24 12:09:56.834 742 742 E wificond: Failed to get NL80211_RATE_INFO_SNR
04-24 12:09:56.834 742 742 E wificond: Failed to get NL80211_STA_INFO_CNAHLOAD
04-24 12:09:56.835 1176 1337 E WificondControl: Noise: 0, Snr: -1, Chload: -1
04-24 12:09:56.835 1176 1339 D HwWifiCHRStateManager: handleMessage : 1001
04-24 12:09:56.835 1176 1339 D HwWifiCHRStateManager: handleUpdateChannel:2412
04-24 12:09:56.835 1176 1339 V HwWifiServiceFactory: get AllImpl object = com.android.server.wifi.HwWifiServiceFactoryImpl@2205edc
04-24 12:09:56.836 1176 1337 D HwCustWifiStateMachineReferenceImpl: checkRssiOverThreshold newRssi = -25
04-24 12:09:56.837 1176 1337 D WifiScoreReport: Score = 100, wifiConnectivityManagerEnabled = false, lowScoreCount = 0
04-24 12:09:57.304 1176 1392 D HwArpVerifier: getGateWayARPResponses: arp rtt = 7
04-24 12:09:57.305 1176 1392 E HwCHRWifiRSSIGroupSummery: updatArpSummery mRSSI:-25 HwCHRWifiRSSIGroup [rssi_index=4, rtt_tcp_packets=0, rtt_tcp_duration=0, rtt_lan_duration=6677, rtt_lan_failures=0, rtt_lan_succ=311, rtt_lan_max=939, rtt_lan_min=3,same_area_frequency=0,adjacent_area_frequency=0]
04-24 12:09:57.342 1176 1392 D HwArpVerifier: There are 1 mac address for gateway
04-24 12:09:57.342 1176 1392 D HwArpVerifier: from HEART_CHECK transmit to state:HEART_CHECK
04-24 12:09:57.342 1176 1392 D HwArpVerifier: msg what=124 arg1(token)=25 arg2(mode)=0 delay=30000
04-24 12:09:57.342 1176 1392 D HwArpVerifier: performPollAndLog:
04-24 12:09:57.345 1176 1392 D hw_netstat: total/152/1014,com.jiansheng.blmn.demo/0/930,unknown:0/152/84
04-24 12:09:57.353 1176 1176 I TrafficMonitor: update:rxPkts:14,txPkts:1,rxBytes:1214,txBytes:186
04-24 12:09:57.353 1176 1176 I TrafficMonitor: start expired. level:-1
04-24 12:09:57.353 1176 1176 I TrafficMonitor: gettimer:interval=2000
04-24 12:09:58.351 1176 1176 I TrafficMonitor: expired arrive. level:-1
04-24 12:09:58.351 1176 1176 I TrafficMonitor: during_ms:2002,period_ms:2000
04-24 12:09:58.352 1176 1176 I TrafficMonitor: count:962,rx_sum:14,tx_sum:1,rxBytes:1214,during_ms:2002,rx_speed:606.3936063936064,tx_speed:92.90709290709292,rto:14.0
04-24 12:09:58.353 1176 1176 D HuaweiWifiWatchdogStateMachine: speed: rxpkt:14, rxSpd:606B/s, txpkt:1, txSpd:92
04-24 12:09:58.820 742 742 E wificond: Failed to get NL80211_RATE_INFO_NOISE
04-24 12:09:58.820 742 742 E wificond: Failed to get NL80211_RATE_INFO_SNR
04-24 12:09:58.820 742 742 E wificond: Failed to get NL80211_STA_INFO_CNAHLOAD
04-24 12:09:58.820 1176 1337 E WificondControl: Noise: 0, Snr: -1, Chload: -1
04-24 12:09:58.821 1176 1339 D HwWifiCHRStateManager: handleMessage : 1001
04-24 12:09:58.821 1176 1339 D HwWifiCHRStateManager: handleUpdateChannel:2412
04-24 12:09:58.821 1176 1339 V HwWifiServiceFactory: get AllImpl object = com.android.server.wifi.HwWifiServiceFactoryImpl@2205edc
04-24 12:09:58.822 742 742 E wificond: Failed to get NL80211_RATE_INFO_NOISE
04-24 12:09:58.822 742 742 E wificond: Failed to get NL80211_RATE_INFO_SNR
04-24 12:09:58.822 742 742 E wificond: Failed to get NL80211_STA_INFO_CNAHLOAD
04-24 12:09:58.823 1176 1406 D HuaweiWifiWatchdogStateMachine: LM mrssi=-25
04-24 12:09:58.824 1176 1406 D HuaweiWifiWatchdogStateMachine: a4:fa:**:**:eb:b0 current loss[-45]=0%, volume=10
04-24 12:09:58.824 1176 1406 D HuaweiWifiWatchdogStateMachine: a4:fa:**:**:eb:b0 history loss[-45]=0%, volume=13825278
04-24 12:09:58.824 1176 1406 I HuaweiWifiWatchdogStateMachine: spd good count:0, add sc:0.0, rate:1.0
04-24 12:09:58.824 1176 1406 I HuaweiWifiWatchdogStateMachine: current mHighDataFlowRate = 1.0
04-24 12:09:58.824 1176 1406 I HuaweiWifiWatchdogStateMachine: POta txb txg rxg:0, 10, 0. Lr =0% Totpkt=10
04-24 12:09:58.824 1176 1176 D WiFi_PRO: MSG_RETURN_AP_CURRY_RSSI rssi = -25
04-24 12:09:58.824 1176 1176 I QosMonitor: queryRtt: rtt_type = 3
04-24 12:09:58.825 1176 1176 I HwQoEJNI: send_cmd_kernel. begin
04-24 12:09:58.825 1176 1176 I HwQoEJNI: send_cmd_kernel. end
04-24 12:09:58.825 1176 1176 I QosMonitor: postEventFromNative: msg=100,arg1=4,arg2=10
04-24 12:09:58.825 1176 1176 I HwQoEJNI: send_cmd_kernel. begin
04-24 12:09:58.825 1176 1176 I HwQoEJNI: send_cmd_kernel. end
04-24 12:09:58.825 1176 1176 I QosMonitor: postEventFromNative: msg=100,arg1=0,arg2=10
04-24 12:09:58.825 1176 1176 D HuaweiWifiWatchdogStateMachine: setSampleRtt: unvalid rtt
04-24 12:09:58.825 1176 1176 I MQoS : rtt=400,tcp_tx_pkts=480851,tcp_rx_pkts=921361
04-24 12:09:58.826 1176 1406 D HuaweiWifiWatchdogStateMachine: dumpTcpResult: len=10,rtt=400,rttPkt=7,rttWn=44,cgt=0,cgtWn=0
04-24 12:09:58.826 1176 1406 I HuaweiWifiWatchdogStateMachine: PTcp RTT:0, rtt pkt=0, tcp_rx=0, tcp_tx=0, tcp_reTran=0, rtRate=0
04-24 12:09:58.826 1176 1406 D HuaweiWifiWatchdogStateMachine: mRssiBadCount =0, RSSI not bad.
04-24 12:09:58.827 1176 1406 D HuaweiWifiWatchdogStateMachine: detectNetworkAvailable:hw.wifipro.dns_fail_count = 131
04-24 12:09:58.827 1176 1406 D HuaweiWifiWatchdogStateMachine: bqeLevel = 2 rtt=0,rtt_pkts=0 speed=6904 rssi=-25
04-24 12:09:58.827 1176 1406 D HuaweiWifiWatchdogStateMachine: Enter updateQoeLevel level = 2
04-24 12:09:58.827 1176 1406 D HuaweiWifiWatchdogStateMachine: updateQoeLevel current level equal to mLastDetectLevel, return
04-24 12:09:58.827 1176 1406 D HuaweiWifiWatchdogStateMachine: did not have any network action
04-24 12:09:58.830 1176 3515 I MQoS : QOS_level:0(0),wifi-link;SIM error;use level-0
04-24 12:09:59.018 1176 1392 D HwArpVerifier: getIpRouteTable
04-24 12:09:59.089 1176 1392 D HwArpVerifier: Notify wifi default route is ok
04-24 12:09:59.354 1176 1176 I TrafficMonitor: update:rxPkts:36,txPkts:2,rxBytes:5793,txBytes:372
04-24 12:09:59.355 1176 1176 I TrafficMonitor: start expired. level:-1
04-24 12:09:59.355 1176 1176 I TrafficMonitor: gettimer:interval=2000
04-24 12:09:59.628 777 777 E : [E/capacity_limit_control] not demo version, not set power control prop!
04-24 12:09:59.780 1176 1338 D HwWifiStatStore: handleMessage : 200
04-24 12:09:59.838 679 679 E WifiHAL : enter wifi_get_link_stats
04-24 12:09:59.842 742 742 E wificond: Failed to get NL80211_RATE_INFO_NOISE
04-24 12:09:59.843 742 742 E wificond: Failed to get NL80211_RATE_INFO_SNR
04-24 12:09:59.844 742 742 E wificond: Failed to get NL80211_STA_INFO_CNAHLOAD
04-24 12:09:59.844 1176 1337 E WificondControl: Noise: 0, Snr: -1, Chload: -1
04-24 12:09:59.845 1176 1339 D HwWifiCHRStateManager: handleMessage : 1001
04-24 12:09:59.845 1176 1339 D HwWifiCHRStateManager: handleUpdateChannel:2412
04-24 12:09:59.845 1176 1339 V HwWifiServiceFactory: get AllImpl object = com.android.server.wifi.HwWifiServiceFactoryImpl@2205edc
04-24 12:09:59.846 1176 1337 D HwCustWifiStateMachineReferenceImpl: checkRssiOverThreshold newRssi = -24
04-24 12:09:59.847 1176 1337 D WifiScoreReport: Score = 100, wifiConnectivityManagerEnabled = false, lowScoreCount = 0
04-24 12:10:00.002 1176 1176 V AlarmManager: Received TIME_TICK alarm; rescheduling
04-24 12:10:00.003 1176 1176 I HwAlarmManagerService: hwSetAlarm listenerTag: time_tick
04-24 12:10:00.020 1463 1463 W HwKeyguardDragHelper: AnimationBlocked
04-24 12:10:00.028 1463 1463 E DateView: DateView,mCurrentTime: 1587701400028
04-24 12:10:00.028 1463 1463 I EventCenter: EventCenter Get :android.intent.action.TIME_TICK
04-24 12:10:00.030 1463 1463 W ResourceType: No known package when getting value for resource number 0xffffffff
04-24 12:10:00.030 1463 1463 E DateLunarView: mDateString is: 4月24日星期五
04-24 12:10:00.032 1463 1463 W ResourceType: No known package when getting value for resource number 0xffffffff
04-24 12:10:00.032 1463 1463 E DateLunarView: mDateString is: 4月24日星期五
04-24 12:10:00.037 1463 1463 D WeatherHelper: City info empty
04-24 12:10:00.039 1463 1463 D WeatherHelper: City info empty
04-24 12:10:00.039 1463 1463 D KeyguardUpdateMonitor: received broadcast android.intent.action.TIME_TICK
04-24 12:10:00.047 1463 1463 D KeyguardUpdateMonitor: handleTimeUpdate
04-24 12:10:00.048 1463 1782 I KeyguardStatusView: Runnable for refresh
04-24 12:10:00.047 1770 1770 I HwLauncher: Model onReceive intent=Intent { act=android.intent.action.TIME_TICK flg=0x50200014 hwFlg=0x900 (has extras) }
04-24 12:10:00.048 1770 1770 I HwLauncher: Model onReceive user=UserHandle{0}
04-24 12:10:00.051 1463 1463 D WeatherHelper: City info empty
04-24 12:10:00.072 3756 3806 I Step_LSC: 80001355|processHandleBroadcastAction action:android.intent.action.TIME_TICK
04-24 12:10:00.074 2379 2379 I [HwRecSys]TimerController: onMinuteChange requestWeather
04-24 12:10:00.080 1176 6429 V BroadcastQueue: Finished with ordered broadcast BroadcastRecord{ddc9248 u-1 android.intent.action.TIME_TICK}
04-24 12:10:00.129 1463 1463 D WeatherHelper: City info empty
04-24 12:10:00.130 1463 1463 D DateTimeView: Change to single clock mode!
04-24 12:10:00.132 1463 1463 D WeatherHelper: City info empty
04-24 12:10:00.132 1463 1463 D WeatherHelper: City info empty
04-24 12:10:00.132 1463 1463 D DateTimeView: Change to single clock mode!
04-24 12:10:00.134 1463 1463 D WeatherHelper: City info empty
04-24 12:10:01.357 1176 1176 I TrafficMonitor: update:rxPkts:89,txPkts:2,rxBytes:15057,txBytes:372
04-24 12:10:01.357 1176 1176 I TrafficMonitor: start expired. level:-1
04-24 12:10:01.357 1176 1176 I TrafficMonitor: gettimer:interval=2000
04-24 12:10:01.989 741 741 E Thermal-daemon: [Thermal_Hw] temperature_filter: temperature debounce
04-24 12:10:01.989 741 741 E Thermal-daemon: [charger_ic] temp_new :43 temp_old :38
04-24 12:10:01.990 1729 18882 I ThermalService: Receive temperature change, type: 2, temp: 43 from thermald
04-24 12:10:01.991 741 741 E Thermal-daemon: Report temperature: [charger_ic] temp :43 report_threshold:1
04-24 12:10:01.991 1729 2560 D HwThermalStateManager: Thermal type: 2 cur_temperature:43
04-24 12:10:01.991 1729 2560 W HwThermalStateManager: warning: no config thermal type:2 temperature:43
04-24 12:10:02.348 1176 1392 D HwArpVerifier: performPollAndLog:
04-24 12:10:02.350 1176 1392 D hw_netstat: total/0/930,com.jiansheng.blmn.demo/0/930
04-24 12:10:02.783 1176 1338 D HwWifiStatStore: handleMessage : 200
04-24 12:10:02.850 679 679 E WifiHAL : enter wifi_get_link_stats
04-24 12:10:02.855 742 742 E wificond: Failed to get NL80211_RATE_INFO_NOISE
04-24 12:10:02.855 742 742 E wificond: Failed to get NL80211_RATE_INFO_SNR
04-24 12:10:02.855 742 742 E wificond: Failed to get NL80211_STA_INFO_CNAHLOAD
04-24 12:10:02.856 1176 1337 E WificondControl: Noise: 0, Snr: -1, Chload: -1
04-24 12:10:02.856 1176 1339 D HwWifiCHRStateManager: handleMessage : 1001
04-24 12:10:02.856 1176 1339 D HwWifiCHRStateManager: handleUpdateChannel:2412
04-24 12:10:02.856 1176 1339 V HwWifiServiceFactory: get AllImpl object = com.android.server.wifi.HwWifiServiceFactoryImpl@2205edc
04-24 12:10:02.857 1176 1337 D HwCustWifiStateMachineReferenceImpl: checkRssiOverThreshold newRssi = -25
04-24 12:10:02.857 1176 1337 D WifiScoreReport: Score = 100, wifiConnectivityManagerEnabled = false, lowScoreCount = 0
04-24 12:10:03.359 1176 1176 I TrafficMonitor: update:rxPkts:66,txPkts:2,rxBytes:12331,txBytes:372
04-24 12:10:03.359 1176 1176 I TrafficMonitor: start expired. level:-1
04-24 12:10:03.359 1176 1176 I TrafficMonitor: gettimer:interval=2000
04-24 12:10:04.355 1176 1176 I TrafficMonitor: expired arrive. level:-1
04-24 12:10:04.355 1176 1176 I TrafficMonitor: during_ms:2002,period_ms:2000
04-24 12:10:04.355 1176 1176 I TrafficMonitor: count:965,rx_sum:66,tx_sum:2,rxBytes:12331,during_ms:2002,rx_speed:6159.34065934066,tx_speed:185.81418581418583,rto:33.0
04-24 12:10:04.355 1176 1176 D HuaweiWifiWatchdogStateMachine: speed: rxpkt:66, rxSpd:6159B/s, txpkt:2, txSpd:185
04-24 12:10:04.631 777 777 E : [E/capacity_limit_control] not demo version, not set power control prop!
04-24 12:10:05.362 1176 1176 I TrafficMonitor: update:rxPkts:66,txPkts:2,rxBytes:11476,txBytes:372
04-24 12:10:05.362 1176 1176 I TrafficMonitor: start expired. level:-1
04-24 12:10:05.363 1176 1176 I TrafficMonitor: gettimer:interval=2000
04-24 12:10:05.788 1176 1338 D HwWifiStatStore: handleMessage : 200
04-24 12:10:05.861 679 679 E WifiHAL : enter wifi_get_link_stats
04-24 12:10:05.864 742 742 E wificond: Failed to get NL80211_RATE_INFO_NOISE
04-24 12:10:05.865 742 742 E wificond: Failed to get NL80211_RATE_INFO_SNR
04-24 12:10:05.865 742 742 E wificond: Failed to get NL80211_STA_INFO_CNAHLOAD
04-24 12:10:05.865 1176 1337 E WificondControl: Noise: 0, Snr: -1, Chload: -1
04-24 12:10:05.866 1176 1339 D HwWifiCHRStateManager: handleMessage : 1001
04-24 12:10:05.866 1176 1339 D HwWifiCHRStateManager: handleUpdateChannel:2412
04-24 12:10:05.866 1176 1339 V HwWifiServiceFactory: get AllImpl object = com.android.server.wifi.HwWifiServiceFactoryImpl@2205edc
04-24 12:10:05.867 1176 1337 D HwCustWifiStateMachineReferenceImpl: checkRssiOverThreshold newRssi = -33
04-24 12:10:05.867 1176 1337 D WifiScoreReport: Score = 100, wifiConnectivityManagerEnabled = false, lowScoreCount = 0
04-24 12:10:06.503 677 677 D SensorHub: Get acc data -0.306458, 0.095768, 9.500193
04-24 12:10:06.824 742 742 E wificond: Failed to get NL80211_RATE_INFO_NOISE
04-24 12:10:06.824 742 742 E wificond: Failed to get NL80211_RATE_INFO_SNR
04-24 12:10:06.824 742 742 E wificond: Failed to get NL80211_STA_INFO_CNAHLOAD
04-24 12:10:06.825 1176 1337 E WificondControl: Noise: 0, Snr: -1, Chload: -1
04-24 12:10:06.826 1176 1339 D HwWifiCHRStateManager: handleMessage : 1001
04-24 12:10:06.826 1176 1339 D HwWifiCHRStateManager: handleUpdateChannel:2412
04-24 12:10:06.826 1176 1339 V HwWifiServiceFactory: get AllImpl object = com.android.server.wifi.HwWifiServiceFactoryImpl@2205edc
04-24 12:10:06.828 742 742 E wificond: Failed to get NL80211_RATE_INFO_NOISE
04-24 12:10:06.828 742 742 E wificond: Failed to get NL80211_RATE_INFO_SNR
04-24 12:10:06.828 742 742 E wificond: Failed to get NL80211_STA_INFO_CNAHLOAD
04-24 12:10:06.828 1176 1406 D HuaweiWifiWatchdogStateMachine: LM mrssi=-33
04-24 12:10:06.829 1176 1406 D HuaweiWifiWatchdogStateMachine: a4:fa:**:**:eb:b0 current loss[-45]=0%, volume=6
04-24 12:10:06.829 1176 1406 D HuaweiWifiWatchdogStateMachine: a4:fa:**:**:eb:b0 history loss[-45]=0%, volume=13825284
04-24 12:10:06.829 1176 1406 I HuaweiWifiWatchdogStateMachine: spd good count:0, add sc:0.0, rate:1.0
04-24 12:10:06.829 1176 1406 I HuaweiWifiWatchdogStateMachine: current mHighDataFlowRate = 1.0
04-24 12:10:06.829 1176 1406 I HuaweiWifiWatchdogStateMachine: POta txb txg rxg:0, 16, 0. Lr =0% Totpkt=16
04-24 12:10:06.829 1176 1176 D WiFi_PRO: MSG_RETURN_AP_CURRY_RSSI rssi = -33
04-24 12:10:06.829 1176 1176 I QosMonitor: queryRtt: rtt_type = 3
04-24 12:10:06.829 1176 1176 I HwQoEJNI: send_cmd_kernel. begin
04-24 12:10:06.830 1176 1176 I HwQoEJNI: send_cmd_kernel. end
04-24 12:10:06.830 1176 1176 I QosMonitor: postEventFromNative: msg=100,arg1=4,arg2=10
04-24 12:10:06.830 1176 1176 I HwQoEJNI: send_cmd_kernel. begin
04-24 12:10:06.830 1176 1176 I HwQoEJNI: send_cmd_kernel. end
04-24 12:10:06.830 1176 1176 I QosMonitor: postEventFromNative: msg=100,arg1=0,arg2=10
04-24 12:10:06.830 1176 1176 D HuaweiWifiWatchdogStateMachine: setSampleRtt: unvalid rtt
04-24 12:10:06.830 1176 1176 I MQoS : rtt=400,tcp_tx_pkts=480851,tcp_rx_pkts=921361
04-24 12:10:06.831 1176 1406 D HuaweiWifiWatchdogStateMachine: dumpTcpResult: len=10,rtt=400,rttPkt=7,rttWn=52,cgt=0,cgtWn=0
04-24 12:10:06.831 1176 1406 I HuaweiWifiWatchdogStateMachine: PTcp RTT:0, rtt pkt=0, tcp_rx=0, tcp_tx=0, tcp_reTran=0, rtRate=0
04-24 12:10:06.831 1176 1406 D HuaweiWifiWatchdogStateMachine: mRssiBadCount =0, RSSI not bad.
04-24 12:10:06.832 1176 1406 D HuaweiWifiWatchdogStateMachine: detectNetworkAvailable:hw.wifipro.dns_fail_count = 131
04-24 12:10:06.832 1176 1406 D HuaweiWifiWatchdogStateMachine: bqeLevel = 2 rtt=0,rtt_pkts=0 speed=6904 rssi=-33
04-24 12:10:06.832 1176 1406 D HuaweiWifiWatchdogStateMachine: Enter updateQoeLevel level = 2
04-24 12:10:06.832 1176 1406 D HuaweiWifiWatchdogStateMachine: updateQoeLevel current level equal to mLastDetectLevel, return
04-24 12:10:06.832 1176 1406 D HuaweiWifiWatchdogStateMachine: did not have any network action
04-24 12:10:06.835 1176 3515 I MQoS : QOS_level:0(0),wifi-link;SIM error;use level-0
04-24 12:10:06.992 741 741 E Thermal-daemon: [shell_temp] temp_new :33 temp_old :34
04-24 12:10:06.992 1729 18882 I ThermalService: Receive temperature change, type: 22, temp: 33 from thermald
04-24 12:10:06.993 1729 18882 I ThermalTrace_ThermalRaise: Shell:35,34,33,currentBatteryTemp:34
04-24 12:10:06.993 741 741 E Thermal-daemon: Report temperature: [shell_temp] temp :33 report_threshold:1
04-24 12:10:06.995 741 741 E Thermal-daemon: [charger_ic] temp_new :38 temp_old :43
04-24 12:10:06.995 1729 18882 I ThermalService: Receive temperature change, type: 2, temp: 38 from thermald
04-24 12:10:06.996 741 741 E Thermal-daemon: Report temperature: [charger_ic] temp :38 report_threshold:1
04-24 12:10:06.996 1729 2560 D HwThermalStateManager: Thermal type: 2 cur_temperature:38
04-24 12:10:06.996 1729 2560 W HwThermalStateManager: warning: no config thermal type:2 temperature:38
04-24 12:10:07.354 1176 1392 D HwArpVerifier: performPollAndLog:
04-24 12:10:07.357 1176 1392 D hw_netstat: total/136/744,com.jiansheng.blmn.demo/0/744,unknown:0/136/0
04-24 12:10:07.365 1176 1176 I TrafficMonitor: update:rxPkts:69,txPkts:1,rxBytes:10975,txBytes:186
04-24 12:10:07.365 1176 1176 I TrafficMonitor: start expired. level:-1
04-24 12:10:07.365 1176 1176 I TrafficMonitor: gettimer:interval=2000
04-24 12:10:08.119 1176 1204 D SmartcareProc: onSignalStrengthsChanged: signalStrength is: SignalStrength: 99 -1 0 0 -66 -142 32767 -1 32767 99 0 0 0 2147483647 0 -1 true cdma , on sub: 1
04-24 12:10:08.119 1176 1204 D SmartcareProc: SignalStrength update result, ss: SignalStrengthInfo:68043809 mGsmSignalStrength: -1 mWcdmaRscp: -1 mWcdmaEcio: -1 mLteRsrp: -1 mLteRsrq: -1 mCdmaDbm: -66 mCdmaEcio: -142 mEvdoDbm: 32767mEvdoEcio: -1mLteRssnr: -1
04-24 12:10:08.121 1176 1176 I MQoS : onSignal: mSubId=1,currDataSubID=1
04-24 12:10:08.121 1176 1176 I MQoS : received cell-signal:5
04-24 12:10:08.791 1176 1338 D HwWifiStatStore: handleMessage : 200
04-24 12:10:08.870 679 679 E WifiHAL : enter wifi_get_link_stats
04-24 12:10:08.874 742 742 E wificond: Failed to get NL80211_RATE_INFO_NOISE
04-24 12:10:08.874 742 742 E wificond: Failed to get NL80211_RATE_INFO_SNR
04-24 12:10:08.874 742 742 E wificond: Failed to get NL80211_STA_INFO_CNAHLOAD
04-24 12:10:08.875 1176 1337 E WificondControl: Noise: 0, Snr: -1, Chload: -1
04-24 12:10:08.875 1176 1339 D HwWifiCHRStateManager: handleMessage : 1001
04-24 12:10:08.875 1176 1339 D HwWifiCHRStateManager: handleUpdateChannel:2412
04-24 12:10:08.875 1176 1339 V HwWifiServiceFactory: get AllImpl object = com.android.server.wifi.HwWifiServiceFactoryImpl@2205edc
04-24 12:10:08.877 1176 1337 D HwCustWifiStateMachineReferenceImpl: checkRssiOverThreshold newRssi = -33
04-24 12:10:08.877 1176 1337 D WifiScoreReport: Score = 100, wifiConnectivityManagerEnabled = false, lowScoreCount = 0
04-24 12:10:09.366 1176 1176 I TrafficMonitor: update:rxPkts:70,txPkts:2,rxBytes:12072,txBytes:372
04-24 12:10:09.366 1176 1176 I TrafficMonitor: start expired. level:-1
04-24 12:10:09.366 1176 1176 I TrafficMonitor: gettimer:interval=2000
04-24 12:10:09.639 777 777 E : [E/capacity_limit_control] not demo version, not set power control prop!
04-24 12:10:10.363 1176 1176 I TrafficMonitor: expired arrive. level:-1
04-24 12:10:10.365 1176 1176 I TrafficMonitor: during_ms:2001,period_ms:2000
04-24 12:10:10.365 1176 1176 I TrafficMonitor: count:968,rx_sum:70,tx_sum:2,rxBytes:12072,during_ms:2001,rx_speed:6032.983508245878,tx_speed:185.90704647676162,rto:35.0
04-24 12:10:10.365 1176 1176 D HuaweiWifiWatchdogStateMachine: speed: rxpkt:70, rxSpd:6032B/s, txpkt:2, txSpd:185
04-24 12:10:11.367 1176 1176 I TrafficMonitor: update:rxPkts:56,txPkts:2,rxBytes:10038,txBytes:372
04-24 12:10:11.367 1176 1176 I TrafficMonitor: start expired. level:-1
04-24 12:10:11.367 1176 1176 I TrafficMonitor: gettimer:interval=2000
04-24 12:10:11.796 1176 1338 D HwWifiStatStore: handleMessage : 200
04-24 12:10:11.880 679 679 E WifiHAL : enter wifi_get_link_stats
04-24 12:10:11.884 742 742 E wificond: Failed to get NL80211_RATE_INFO_NOISE
04-24 12:10:11.884 742 742 E wificond: Failed to get NL80211_RATE_INFO_SNR
04-24 12:10:11.885 742 742 E wificond: Failed to get NL80211_STA_INFO_CNAHLOAD
04-24 12:10:11.886 1176 1337 E WificondControl: Noise: 0, Snr: -1, Chload: -1
04-24 12:10:11.887 1176 1339 D HwWifiCHRStateManager: handleMessage : 1001
04-24 12:10:11.887 1176 1339 D HwWifiCHRStateManager: handleUpdateChannel:2412
04-24 12:10:11.887 1176 1339 V HwWifiServiceFactory: get AllImpl object = com.android.server.wifi.HwWifiServiceFactoryImpl@2205edc
04-24 12:10:11.891 1176 1337 D HwCustWifiStateMachineReferenceImpl: checkRssiOverThreshold newRssi = -31
04-24 12:10:11.892 1176 1337 D WifiScoreReport: Score = 100, wifiConnectivityManagerEnabled = false, lowScoreCount = 0
04-24 12:10:11.998 741 741 E Thermal-daemon: [charger_ic] temp_new :42 temp_old :38
04-24 12:10:11.998 1729 18882 I ThermalService: Receive temperature change, type: 2, temp: 42 from thermald
04-24 12:10:11.998 1729 2560 D HwThermalStateManager: Thermal type: 2 cur_temperature:42
04-24 12:10:11.999 1729 2560 W HwThermalStateManager: warning: no config thermal type:2 temperature:42
04-24 12:10:11.999 741 741 E Thermal-daemon: Report temperature: [charger_ic] temp :42 report_threshold:1
04-24 12:10:12.103 656 6282 D asd : [asd_proc_hal_data],hal data soundness: L[0],R[0]
04-24 12:10:12.361 1176 1392 D HwArpVerifier: performPollAndLog:
04-24 12:10:12.364 1176 1392 D hw_netstat: total/36/930,com.jiansheng.blmn.demo/0/930,unknown:0/36/0
04-24 12:10:13.369 1176 1176 I TrafficMonitor: update:rxPkts:67,txPkts:2,rxBytes:11512,txBytes:372
04-24 12:10:13.369 1176 1176 I TrafficMonitor: start expired. level:-1
04-24 12:10:13.370 1176 1176 I TrafficMonitor: gettimer:interval=2000
04-24 12:10:14.647 777 777 E : [E/capacity_limit_control] not demo version, not set power control prop!
04-24 12:10:14.801 1176 1338 D HwWifiStatStore: handleMessage : 200
04-24 12:10:14.835 742 742 E wificond: Failed to get NL80211_RATE_INFO_NOISE
04-24 12:10:14.836 742 742 E wificond: Failed to get NL80211_RATE_INFO_SNR
04-24 12:10:14.836 742 742 E wificond: Failed to get NL80211_STA_INFO_CNAHLOAD
04-24 12:10:14.837 1176 1337 E WificondControl: Noise: 0, Snr: -1, Chload: -1
04-24 12:10:14.837 1176 1339 D HwWifiCHRStateManager: handleMessage : 1001
04-24 12:10:14.838 1176 1339 D HwWifiCHRStateManager: handleUpdateChannel:2412
04-24 12:10:14.838 1176 1339 V HwWifiServiceFactory: get AllImpl object = com.android.server.wifi.HwWifiServiceFactoryImpl@2205edc
04-24 12:10:14.840 742 742 E wificond: Failed to get NL80211_RATE_INFO_NOISE
04-24 12:10:14.840 742 742 E wificond: Failed to get NL80211_RATE_INFO_SNR
04-24 12:10:14.840 742 742 E wificond: Failed to get NL80211_STA_INFO_CNAHLOAD
04-24 12:10:14.841 1176 1406 D HuaweiWifiWatchdogStateMachine: LM mrssi=-32
04-24 12:10:14.841 1176 1406 D HuaweiWifiWatchdogStateMachine: a4:fa:**:**:eb:b0 current loss[-45]=0%, volume=9
04-24 12:10:14.842 1176 1406 D HuaweiWifiWatchdogStateMachine: a4:fa:**:**:eb:b0 history loss[-45]=0%, volume=13825293
04-24 12:10:14.842 1176 1406 I HuaweiWifiWatchdogStateMachine: spd good count:0, add sc:0.0, rate:1.0
04-24 12:10:14.842 1176 1406 D HuaweiWifiWatchdogStateMachine: high data flow: protection_counter = 0, not_detect_counter = 302
04-24 12:10:14.842 1176 1406 D HuaweiWifiWatchdogStateMachine: high data flow scenario: 0 --> 0 rx bytes =189KB
04-24 12:10:14.842 1176 1406 I HuaweiWifiWatchdogStateMachine: current mHighDataFlowRate = 1.0
04-24 12:10:14.842 1176 1406 I HuaweiWifiWatchdogStateMachine: POta txb txg rxg:0, 25, 0. Lr =0% Totpkt=25
04-24 12:10:14.843 1176 1176 D WiFi_PRO: MSG_RETURN_AP_CURRY_RSSI rssi = -32
04-24 12:10:14.844 1176 1176 I QosMonitor: queryRtt: rtt_type = 3
04-24 12:10:14.844 1176 1176 I HwQoEJNI: send_cmd_kernel. begin
04-24 12:10:14.844 1176 1176 I HwQoEJNI: send_cmd_kernel. end
04-24 12:10:14.844 1176 1176 I QosMonitor: postEventFromNative: msg=100,arg1=4,arg2=10
04-24 12:10:14.844 1176 1176 I HwQoEJNI: send_cmd_kernel. begin
04-24 12:10:14.844 1176 1176 I HwQoEJNI: send_cmd_kernel. end
04-24 12:10:14.844 1176 1176 I QosMonitor: postEventFromNative: msg=100,arg1=0,arg2=10
04-24 12:10:14.844 1176 1176 D HuaweiWifiWatchdogStateMachine: setSampleRtt: unvalid rtt
04-24 12:10:14.845 1176 1176 I MQoS : rtt=400,tcp_tx_pkts=480852,tcp_rx_pkts=921363
04-24 12:10:14.845 1176 1406 D HuaweiWifiWatchdogStateMachine: dumpTcpResult: len=10,rtt=400,rttPkt=7,rttWn=60,cgt=0,cgtWn=0
04-24 12:10:14.845 1176 1406 I HuaweiWifiWatchdogStateMachine: PTcp RTT:0, rtt pkt=0, tcp_rx=2, tcp_tx=1, tcp_reTran=0, rtRate=0
04-24 12:10:14.845 1176 1406 D HuaweiWifiWatchdogStateMachine: mRssiBadCount =0, RSSI not bad.
04-24 12:10:14.845 1176 1406 D HuaweiWifiWatchdogStateMachine: detectNetworkAvailable:hw.wifipro.dns_fail_count = 131
04-24 12:10:14.845 1176 1406 D HuaweiWifiWatchdogStateMachine: detectNetworkAvailable: tcpRxPkts != 0, reset
04-24 12:10:14.845 1176 1406 D HuaweiWifiWatchdogStateMachine: bqeLevel = 2 rtt=0,rtt_pkts=0 speed=6904 rssi=-32
04-24 12:10:14.845 1176 3109 D HwUidTcpMonitor: parseWlanUidTcpStatistics lastUidTcpStatInfo = [ mUid = 10848 mPacketName = com.jiansheng.blmn.demo mSendSegs = 2484 mResendSegs = 0 mRcvSegs = 2892 ]
04-24 12:10:14.845 1176 1406 D HuaweiWifiWatchdogStateMachine: Enter updateQoeLevel level = 2
04-24 12:10:14.845 1176 1406 D HuaweiWifiWatchdogStateMachine: updateQoeLevel current level equal to mLastDetectLevel, return
04-24 12:10:14.845 1176 1406 D HuaweiWifiWatchdogStateMachine: did not have any network action
04-24 12:10:14.849 1176 3515 I MQoS : QOS_level:0(0),wifi-link;SIM error;use level-0
04-24 12:10:14.893 679 679 E WifiHAL : enter wifi_get_link_stats
04-24 12:10:14.894 742 742 E wificond: Failed to get NL80211_RATE_INFO_NOISE
04-24 12:10:14.894 742 742 E wificond: Failed to get NL80211_RATE_INFO_SNR
04-24 12:10:14.894 742 742 E wificond: Failed to get NL80211_STA_INFO_CNAHLOAD
04-24 12:10:14.895 1176 1337 E WificondControl: Noise: 0, Snr: -1, Chload: -1
04-24 12:10:14.895 1176 1339 D HwWifiCHRStateManager: handleMessage : 1001
04-24 12:10:14.895 1176 1339 D HwWifiCHRStateManager: handleUpdateChannel:2412
04-24 12:10:14.895 1176 1339 V HwWifiServiceFactory: get AllImpl object = com.android.server.wifi.HwWifiServiceFactoryImpl@2205edc
04-24 12:10:14.896 1176 1337 D HwCustWifiStateMachineReferenceImpl: checkRssiOverThreshold newRssi = -32
04-24 12:10:14.896 1176 1337 D WifiScoreReport: Score = 100, wifiConnectivityManagerEnabled = false, lowScoreCount = 0
04-24 12:10:15.371 1176 1176 I TrafficMonitor: update:rxPkts:83,txPkts:2,rxBytes:13579,txBytes:226
04-24 12:10:15.371 1176 1176 I TrafficMonitor: start expired. level:-1
04-24 12:10:15.371 1176 1176 I TrafficMonitor: gettimer:interval=2000
04-24 12:10:16.012 3756 3774 D LogUtil_LogConfig: obtainSavePath(): path = 1
04-24 12:10:16.013 3756 3774 D LogUtil_LogConfig: getLogFile(): logFilePath = /data/data/com.huawei.health/files/com.huawei.health/com.huawei.health_DaemonService/
04-24 12:10:16.013 3756 3774 D LogUtil_LogConfig: obtainSavePath(): path = 1
04-24 12:10:16.013 3756 3774 D LogUtil_LogConfig: acquireMaxLogFileLengthContainsOffset describe: com.huawei.health:DaemonService result:5242880
04-24 12:10:16.013 3756 3774 D LogUtil_LogConfig: obtainSavePath(): path = 1
04-24 12:10:16.014 3756 3774 D LogUtil_LogConfig: getLogFileRoot(): logFilePath = /data/data/com.huawei.health/files/com.huawei.health/com.huawei.health_DaemonService/
04-24 12:10:16.368 1176 1176 I TrafficMonitor: expired arrive. level:-1
04-24 12:10:16.368 1176 1176 I TrafficMonitor: during_ms:2002,period_ms:2000
04-24 12:10:16.368 1176 1176 I TrafficMonitor: count:971,rx_sum:83,tx_sum:2,rxBytes:13579,during_ms:2002,rx_speed:6782.7172827172835,tx_speed:112.8871128871129,rto:41.5
04-24 12:10:16.368 1176 1176 D HuaweiWifiWatchdogStateMachine: speed: rxpkt:83, rxSpd:6782B/s, txpkt:2, txSpd:112
04-24 12:10:16.999 741 741 E Thermal-daemon: [shell_temp] temp_new :34 temp_old :33
04-24 12:10:17.000 1729 18882 I ThermalService: Receive temperature change, type: 22, temp: 34 from thermald
04-24 12:10:17.000 1729 18882 I ThermalTrace_ThermalRaise: Shell:34,33,34,currentBatteryTemp:34
04-24 12:10:17.000 741 741 E Thermal-daemon: Report temperature: [shell_temp] temp :34 report_threshold:1
04-24 12:10:17.003 741 741 E Thermal-daemon: [charger_ic] temp_new :38 temp_old :42
04-24 12:10:17.003 1729 18882 I ThermalService: Receive temperature change, type: 2, temp: 38 from thermald
04-24 12:10:17.004 741 741 E Thermal-daemon: Report temperature: [charger_ic] temp :38 report_threshold:1
04-24 12:10:17.004 1729 2560 D HwThermalStateManager: Thermal type: 2 cur_temperature:38
04-24 12:10:17.004 1729 2560 W HwThermalStateManager: warning: no config thermal type:2 temperature:38
04-24 12:10:17.370 1176 1392 D HwArpVerifier: performPollAndLog:
04-24 12:10:17.373 1176 1392 D hw_netstat: total/111/784,com.jiansheng.blmn.demo/111/784
04-24 12:10:17.375 1176 1176 I TrafficMonitor: update:rxPkts:71,txPkts:2,rxBytes:12825,txBytes:372
04-24 12:10:17.375 1176 1176 I TrafficMonitor: start expired. level:-1
04-24 12:10:17.375 1176 1176 I TrafficMonitor: gettimer:interval=2000
04-24 12:10:17.805 1176 1338 D HwWifiStatStore: handleMessage : 200
04-24 12:10:17.900 679 679 E WifiHAL : enter wifi_get_link_stats
04-24 12:10:17.905 742 742 E wificond: Failed to get NL80211_RATE_INFO_NOISE
04-24 12:10:17.905 742 742 E wificond: Failed to get NL80211_RATE_INFO_SNR
04-24 12:10:17.905 742 742 E wificond: Failed to get NL80211_STA_INFO_CNAHLOAD
04-24 12:10:17.905 1176 1337 E WificondControl: Noise: 0, Snr: -1, Chload: -1
