04-24 12:08:08.873 649 649 I GRALLOC : shrFd=10,fmt=0x1,intFmt=0x200000001,btStrd=4352,size=9052160,pid=649
04-24 12:08:08.873 649 649 I GRALLOC : yuv=2,w=1080,h=2038,Stride u=0 v=0,offset u=0 v=0
04-24 12:08:08.873 649 649 I GRALLOC : iova_size=9052160,conUsg=0xb00,proUsg=0xb00, strd=1088,[afbc]HdrStrd=1088 PyldStrd=69632 Scrmbl=0,ionhnd = 1
04-24 12:08:08.881 1176 6429 D WindowManager: finishDrawingWindow: Window{427eaf5 u0 com.jiansheng.blmn.demo/com.jiansheng.blmn.MainActivity} mDrawState=DRAW_PENDING
04-24 12:08:08.893 1176 1282 V WindowManager: Turning screen on after layout!
04-24 12:08:08.893 1176 1282 D PickUpWakeScreenManager: isPickupSensorSupport isSensorSupport = true
04-24 12:08:08.895 1176 1204 I ActivityManager: Displayed com.jiansheng.blmn.demo/com.jiansheng.blmn.MainActivity: +417ms
04-24 12:08:08.895 1176 1282 V WindowManager: removeIfPossible: Window{3d976e7 u0 Splash Screen com.jiansheng.blmn.demo} callers=com.android.server.wm.WindowState.removeIfPossible:1914 com.android.server.wm.WindowManagerService.removeWindow:2040 com.android.server.wm.Session.remove:218 android.view.ViewRootImpl.dispatchDetachedFromWindow:3767 android.view.ViewRootImpl.doDie:6835
04-24 12:08:08.896 1176 1282 V WindowManager: Not removing Window{3d976e7 u0 Splash Screen com.jiansheng.blmn.demo EXITING} due to exit animation
04-24 12:08:08.897 1463 1463 W HwKeyguardDragHelper: AnimationBlocked
04-24 12:08:08.921 1176 6429 V WindowManager: notifyAppStopped: AppWindowToken{ded901e token=Token{41a38a0 ActivityRecord{86adda3 u0 com.huawei.android.launcher/.unihome.UniHomeLauncher t1}}}
04-24 12:08:08.921 1176 6429 E WindowManager: win=Window{419ccce u0 com.huawei.intelligent.Workspace} destroySurfaces: appStopped=true win.mWindowRemovalAllowed=false win.mRemoveOnExit=false
04-24 12:08:08.921 1176 6429 I WindowManager: Destroying surface Surface(name=com.huawei.intelligent.Workspace) called by com.android.server.wm.WindowStateAnimator.destroySurface:2089 com.android.server.wm.WindowStateAnimator.destroySurfaceLocked:899 com.android.server.wm.HwWindowStateAnimator.destroySurfaceLocked:1006 com.android.server.wm.WindowState.destroyOrSaveSurfaceUnchecked:2998 com.android.server.wm.WindowState.destroySurface:2951 com.android.server.wm.AppWindowToken.destroySurfaces:671 com.android.server.wm.AppWindowToken.destroySurfaces:655 com.android.server.wm.AppWindowToken.notifyAppStopped:699
04-24 12:08:08.922 1176 6429 E WindowManager: win=Window{f435c1b u0 com.huawei.android.launcher/com.huawei.android.launcher.unihome.UniHomeLauncher} destroySurfaces: appStopped=true win.mWindowRemovalAllowed=false win.mRemoveOnExit=false
04-24 12:08:08.922 1176 6429 I WindowManager: Destroying surface Surface(name=com.huawei.android.launcher/com.huawei.android.launcher.unihome.UniHomeLauncher) called by com.android.server.wm.WindowStateAnimator.destroySurface:2089 com.android.server.wm.WindowStateAnimator.destroySurfaceLocked:899 com.android.server.wm.HwWindowStateAnimator.destroySurfaceLocked:1006 com.android.server.wm.WindowState.destroyOrSaveSurfaceUnchecked:2998 com.android.server.wm.WindowState.destroySurface:2951 com.android.server.wm.AppWindowToken.destroySurfaces:671 com.android.server.wm.AppWindowToken.destroySurfaces:655 com.android.server.wm.AppWindowToken.notifyAppStopped:699
04-24 12:08:08.924 1176 1196 D HwGameAssistantController: pid=1770, uid=10061, foreground=false
04-24 12:08:09.001 1176 1282 V WindowManager: Exit animation finished in Window{3d976e7 u0 Splash Screen com.jiansheng.blmn.demo EXITING}: remove=true
04-24 12:08:09.002 1176 1282 E WindowManager: win=Window{3d976e7 u0 Splash Screen com.jiansheng.blmn.demo EXITING} destroySurfaces: appStopped=false win.mWindowRemovalAllowed=true win.mRemoveOnExit=true
04-24 12:08:09.002 1176 1282 I WindowManager: Destroying surface Surface(name=Splash Screen com.jiansheng.blmn.demo) called by com.android.server.wm.WindowStateAnimator.destroySurface:2089 com.android.server.wm.WindowStateAnimator.destroySurfaceLocked:899 com.android.server.wm.HwWindowStateAnimator.destroySurfaceLocked:1006 com.android.server.wm.WindowState.destroyOrSaveSurfaceUnchecked:2998 com.android.server.wm.WindowState.destroySurface:2951 com.android.server.wm.AppWindowToken.destroySurfaces:671 com.android.server.wm.AppWindowToken.destroySurfaces:655 com.android.server.wm.WindowState.onExitAnimationDone:4424
04-24 12:08:09.003 1176 1282 V WindowManager: postWindowRemoveCleanupLocked: Window{3d976e7 u0 Splash Screen com.jiansheng.blmn.demo}
04-24 12:08:09.003 1176 1282 V WindowManager: Removing Window{3d976e7 u0 Splash Screen com.jiansheng.blmn.demo} from AppWindowToken{f5f0dd2 token=Token{769e05d ActivityRecord{3678a34 u0 com.jiansheng.blmn.demo/com.jiansheng.blmn.MainActivity t319}}}
04-24 12:08:09.234 7754 7775 I HwApiCacheMangerEx: apicache oUid 10848
04-24 12:08:09.235 7754 7775 I HwApiCacheMangerEx: apicache volumes [Landroid.os.storage.StorageVolume;@9b6924e
04-24 12:08:09.235 7754 7775 I HwApiCacheMangerEx: apicache pi PackageInfo{7c65652 com.jiansheng.blmn.demo}
04-24 12:08:09.247 1176 1176 I TrafficMonitor: update:rxPkts:17,txPkts:1,rxBytes:1438,txBytes:40
04-24 12:08:09.247 1176 1176 I TrafficMonitor: start expired. level:-1
04-24 12:08:09.247 1176 1176 I TrafficMonitor: gettimer:interval=2000
04-24 12:08:09.251 7754 7775 I Unity : SystemInfo CPU = ARMv7 VFPv3 NEON, Cores = 8, Memory = 3788mb
04-24 12:08:09.251 7754 7775 I Unity : SystemInfo ARM big.LITTLE configuration: 4 big (mask: 240), 4 little (mask: 15)
04-24 12:08:09.251 7754 7775 I HwApiCacheMangerEx: apicache pi PackageInfo{7c65652 com.jiansheng.blmn.demo}
04-24 12:08:09.251 7754 7775 I Unity : ApplicationInfo com.jiansheng.blmn.demo version 1.0.0.0.0 build 0923fe9b-7855-41a1-a774-2824080d7224
04-24 12:08:09.252 7754 7775 I Unity : Built from '2017.4/release' branch, Version '2017.4.10f1 (f2cce2a5991f)', Build type 'Development', Scripting Backend 'il2cpp'
04-24 12:08:09.252 7754 7775 D Unity : [EGL] Attaching window :0xcec7d008
04-24 12:08:09.253 1176 6429 V WindowManager: Relayout window turning screen on: Window{427eaf5 u0 com.jiansheng.blmn.demo/com.jiansheng.blmn.MainActivity}
04-24 12:08:09.258 1729 2056 I ScalingFreqAdapterUniPerf: ===success setFreq: lcpumin:1->480000
04-24 12:08:09.258 669 765 I uniperf server: setConfig clientId=1, tagLen=1, tags[0]=1, configs[0]=480000
04-24 12:08:09.258 1729 2056 I ScalingFreqAdapterUniPerf: ===success setFreq: gpumin:7->360000000
04-24 12:08:09.259 669 765 I uniperf server: setConfig clientId=1, tagLen=1, tags[0]=7, configs[0]=360000000
04-24 12:08:09.259 1729 2056 I ScalingFreqAdapterUniPerf: ===success setFreq: bcpumin:4->1402000
04-24 12:08:09.259 669 765 I uniperf server: setConfig clientId=1, tagLen=1, tags[0]=4, configs[0]=1402000
04-24 12:08:09.267 7754 7775 I HwApiCacheMangerEx: apicache oUid 10848
04-24 12:08:09.267 7754 7775 I HwApiCacheMangerEx: apicache volumes [Landroid.os.storage.StorageVolume;@9b6924e
04-24 12:08:09.268 7754 7775 I HwApiCacheMangerEx: apicache oUid 10848
04-24 12:08:09.268 7754 7775 I HwApiCacheMangerEx: apicache volumes [Landroid.os.storage.StorageVolume;@9b6924e
04-24 12:08:09.268 7754 7775 I HwApiCacheMangerEx: apicache oUid 10848
04-24 12:08:09.268 7754 7775 I HwApiCacheMangerEx: apicache volumes [Landroid.os.storage.StorageVolume;@573ec68
04-24 12:08:09.270 1176 6429 V WindowManager: Relayout window turning screen on: Window{427eaf5 u0 com.jiansheng.blmn.demo/com.jiansheng.blmn.MainActivity}
04-24 12:08:09.273 1176 1176 I WindowManager: notifyAccessibilityButtonVisibilityChanged visible:false
04-24 12:08:09.275 1176 1629 W ActivityManager: Sending non-protected broadcast huawei.action.floattasks.STATUS_BAR_STATE_CHANGED from system 1463:com.android.systemui/u0a23 pkg com.android.systemui
04-24 12:08:09.276 1463 1463 D BarTransitions.HwPhoneStatusBarView: MODE_TRANSPARENT -> MODE_OPAQUE animate=false
04-24 12:08:09.276 1463 1463 D BarTransitions.HwPhoneStatusBarView: applyModeBackground oldMode=MODE_TRANSPARENT newMode=MODE_OPAQUE animate=false
04-24 12:08:09.293 7754 7776 W libEGL : EGLNativeWindowType 0xcec7c808 disconnect failed
04-24 12:08:09.295 7754 7776 D mali_winsys: EGLint new_window_surface(egl_winsys_display *, void *, EGLSurface, EGLConfig, egl_winsys_surface **, egl_color_buffer_format *, EGLBoolean) returns 0x3000
04-24 12:08:09.303 1176 1629 D WindowManager: finishDrawingWindow: Window{427eaf5 u0 com.jiansheng.blmn.demo/com.jiansheng.blmn.MainActivity} mDrawState=HAS_DRAWN
04-24 12:08:09.307 649 649 I GRALLOC : shrFd=10,fmt=0x1,intFmt=0x200000001,btStrd=4352,size=9547776,pid=649
04-24 12:08:09.307 649 649 I GRALLOC : yuv=2,w=1080,h=2160,Stride u=0 v=0,offset u=0 v=0
04-24 12:08:09.307 649 649 I GRALLOC : iova_size=9547776,conUsg=0xb00,proUsg=0xb00, strd=1088,[afbc]HdrStrd=1088 PyldStrd=69632 Scrmbl=0,ionhnd = 1
04-24 12:08:09.319 1176 1629 V WindowManager: Relayout window turning screen on: Window{427eaf5 u0 com.jiansheng.blmn.demo/com.jiansheng.blmn.MainActivity}
04-24 12:08:09.321 777 777 E : [E/capacity_limit_control] not demo version, not set power control prop!
04-24 12:08:09.635 7754 7775 D Unity : InitializeScriptEngine OK (e54d7fd8)
04-24 12:08:09.636 7754 7775 D Unity : PlayerConnection initialized from /data/app/com.jiansheng.blmn.demo-nkYM2_UJaeOJVgQzdOt9lw==/base.apk/assets/bin/Data (debug = 0)
04-24 12:08:09.636 7754 7775 D Unity : PlayerConnection initialized network socket : 0.0.0.0 55450
04-24 12:08:09.636 7754 7775 D Unity : PlayerConnection initialized unix socket : Unity-com.jiansheng.blmn.demo
04-24 12:08:09.637 7754 7775 D Unity : Multi-casting "[IP] 192.168.1.132 [Port] 55450 [Flags] 2 [Guid] 77883827 [EditorId] 2685729143 [Version] 1048832 [Id] AndroidPlayer(HUAWEI_FLA-AL20@192.168.1.132) [Debug] 0" to [225.0.0.222:54997]...
04-24 12:08:09.638 7754 7775 D Unity : Started listening to [0.0.0.0:55450]
04-24 12:08:09.686 7754 7775 D Unity : PlayerInitEngineNoGraphics OK
04-24 12:08:09.686 7754 7775 D Unity : AndroidGraphics::Startup window = 0xcec7d008
04-24 12:08:09.686 7754 7775 D Unity : [EGL] Attaching window :0xcec7d008
04-24 12:08:09.687 1176 1629 I WindowManager: rotationForOrientationLw(orient=1, last=0); user=0 USER_ROTATION_LOCKED
04-24 12:08:09.687 1176 1629 D HwPhoneWindowManager: face_rotation: not enabled,use sensor real
04-24 12:08:09.687 1176 1629 D HwPhoneWindowManager: face_rotation:real sensor rotation = -1
04-24 12:08:09.687 1176 1629 D HwPhoneWindowManager: face_rotation: rotation = 0
04-24 12:08:09.687 1176 1629 I WindowManager: Selected orientation 1, got rotation 0 which has compatible metrics
04-24 12:08:09.688 1176 1629 I HwPCUtils#HwPCMultiWindowManager: requestedOrientation: 1
04-24 12:08:09.688 7754 7775 I iGraphics: [0030080c] opt app: 0
04-24 12:08:09.688 7754 7775 D Unity : [EGL] Request: ES 3.1+AEP RGB0 000 0/0
04-24 12:08:09.688 7754 7775 D Unity : [EGL] Checking ES 3.1 support...
04-24 12:08:09.690 7754 7775 D Unity : [EGL] ES 3.1 support detected
04-24 12:08:09.690 7754 7775 D Unity : [EGL] Found: ID[5] ES 3.1+AEP RGB16 565 0/0 AFBT
04-24 12:08:09.690 7754 7775 D Unity : GfxDevice: creating device client; threaded=1
04-24 12:08:09.690 7754 7775 I iGraphics: [0030080c] opt app: 0
04-24 12:08:09.690 7754 7775 D Unity : [EGL] Request: ES 3.1+AEP RGB0 000 0/0
04-24 12:08:09.690 7754 7775 D Unity : [EGL] Found: ID[5] ES 3.1+AEP RGB16 565 0/0 AFBT
04-24 12:08:09.690 7754 7775 I iGraphics: [0030080c] opt app: 0
04-24 12:08:09.690 7754 7775 D Unity : [EGL] Request: ES 3.0 RGBA32 8888 0/0
04-24 12:08:09.690 7754 7775 D Unity : [EGL] Found: ID[1] ES 3.0 RGBA32 8888 0/0 AFBT
04-24 12:08:09.692 7754 7775 D mali_winsys: EGLint new_window_surface(egl_winsys_display *, void *, EGLSurface, EGLConfig, egl_winsys_surface **, egl_color_buffer_format *, EGLBoolean) returns 0x3000
04-24 12:08:09.694 1176 1629 I HwPCUtils#HwPCMultiWindowManager: requestedOrientation: 1
04-24 12:08:09.695 7754 7775 D Unity : ANativeWindow: (1080/2160) RequestedResolution: (0/0) RenderingResolution: (0/0) EGLSurface: (1080/2160)
04-24 12:08:09.708 7754 7775 D Unity : Renderer: Mali-T830
04-24 12:08:09.708 7754 7775 D Unity : Vendor: ARM
04-24 12:08:09.708 7754 7775 D Unity : Version: OpenGL ES 3.2 v1.r20p0-01rel0.9a7fca3f7dd712a473937294a8ae24b1
04-24 12:08:09.708 7754 7775 D Unity : GLES: 3
04-24 12:08:09.709 7754 7775 D Unity : GL_EXT_debug_marker GL_ARM_rgba8 GL_ARM_mali_shader_binary GL_OES_depth24 GL_OES_depth_texture GL_OES_depth_texture_cube_map GL_OES_packed_depth_stencil GL_OES_rgb8_rgba8 GL_EXT_read_format_bgra GL_OES_compressed_paletted_texture GL_OES_compressed_ETC1_RGB8_texture GL_OES_standard_derivatives GL_OES_EGL_image GL_OES_EGL_image_external GL_OES_EGL_image_external_essl3 GL_OES_EGL_sync GL_OES_texture_npot GL_OES_vertex_half_float GL_OES_required_internalformat GL_OES_vertex_array_object GL_OES_mapbuffer GL_EXT_texture_format_BGRA8888 GL_EXT_texture_rg GL_EXT_texture_type_2_10_10_10_REV GL_OES_fbo_render_mipmap GL_OES_element_index_uint GL_EXT_shadow_samplers GL_OES_texture_compression_astc GL_KHR_texture_compression_astc_ldr GL_KHR_texture_compression_astc_hdr GL_KHR_texture_compression_astc_sliced_3d GL_KHR_debug GL_EXT_occlusion_query_boolean GL_EXT_disjoint_timer_query GL_EXT_blend_minmax GL_EXT_discard_framebuffer GL_OES_get_program_binary GL_OES_texture_3D GL_EXT_texture_storage GL_EXT_multisampled_render_
04-24 12:08:09.709 7754 7775 D Unity : to_texture GL_OES_surfaceless_context GL_OES_texture_stencil8 GL_EXT_shader_pixel_local_storage GL_ARM_shader_framebuffer_fetch GL_ARM_shader_framebuffer_fetch_depth_stencil GL_ARM_mali_program_binary GL_EXT_sRGB GL_EXT_sRGB_write_control GL_EXT_texture_sRGB_decode GL_EXT_texture_sRGB_R8 GL_EXT_texture_sRGB_RG8 GL_KHR_blend_equation_advanced GL_KHR_blend_equation_advanced_coherent GL_OES_texture_storage_multisample_2d_array GL_OES_shader_image_atomic GL_EXT_robustness GL_EXT_draw_buffers_indexed GL_OES_draw_buffers_indexed GL_EXT_texture_border_clamp GL_OES_texture_border_clamp GL_EXT_texture_cube_map_array GL_OES_texture_cube_map_array GL_OES_sample_variables GL_OES_sample_shading GL_OES_shader_multisample_interpolation GL_EXT_shader_io_blocks GL_OES_shader_io_blocks GL_EXT_tessellation_shader GL_OES_tessellation_shader GL_EXT_primitive_bounding_box GL_OES_primitive_bounding_box GL_EXT_geometry_shader GL_OES_geometry_shader GL_ANDROID_extension_pack_es31a GL_EXT_gpu_shader5 GL_OES_gpu_shader5 GL_EXT_texture
04-24 12:08:09.709 7754 7775 D Unity : _buffer GL_OES_texture_buffer GL_EXT_copy_image GL_OES_copy_image GL_EXT_shader_non_constant_global_initializers GL_EXT_color_buffer_half_float GL_EXT_color_buffer_float GL_EXT_YUV_target GL_OVR_multiview GL_OVR_multiview2 GL_OVR_multiview_multisampled_render_to_texture GL_KHR_robustness GL_KHR_robust_buffer_access_behavior GL_EXT_draw_elements_base_vertex GL_OES_draw_elements_base_vertex GL_EXT_protected_textures
04-24 12:08:09.709 7754 7775 I HwApiCacheMangerEx: apicache oUid 10848
04-24 12:08:09.709 7754 7775 I HwApiCacheMangerEx: apicache volumes [Landroid.os.storage.StorageVolume;@9b6924e
04-24 12:08:09.710 7754 7775 I HwApiCacheMangerEx: apicache oUid 10848
04-24 12:08:09.710 7754 7775 I HwApiCacheMangerEx: apicache volumes [Landroid.os.storage.StorageVolume;@9b6924e
04-24 12:08:09.710 7754 7775 I HwApiCacheMangerEx: apicache oUid 10848
04-24 12:08:09.711 7754 7775 I HwApiCacheMangerEx: apicache volumes [Landroid.os.storage.StorageVolume;@573ec68
04-24 12:08:09.713 7754 7775 D Unity : OPENGL LOG: Creating OpenGL ES 3.2 graphics device ; Context level ; Context handle -1118859520
04-24 12:08:09.714 7754 7775 D Unity : [EGL] Attaching window :0xcec7d008
04-24 12:08:09.717 7754 7775 D Unity : Requested framebuffer: resolution[1080x2160], rgba[8/8/8/8], depth+stencil[on], samples[1]
04-24 12:08:09.717 7754 7775 D Unity : Created framebuffer: resolution[1080x2160], rgba[8/8/8/8], depth+stencil[24/8], samples[0]
04-24 12:08:09.717 7754 7775 D Unity : [EGL] Attaching window :0xcec7d008
04-24 12:08:09.717 7754 7775 D Unity : Initialize engine version: 2017.4.10f1 (f2cce2a5991f)
04-24 12:08:09.857 7754 7775 W Unity : OnLevelWasLoaded was found on UwaLocalStarter
04-24 12:08:09.857 7754 7775 W Unity : This message has been deprecated and will be removed in a later version of Unity.
04-24 12:08:09.857 7754 7775 W Unity : Add a delegate to SceneManager.sceneLoaded instead to get notifications after scene loading has completed
04-24 12:08:09.857 7754 7775 W Unity :
04-24 12:08:09.857 7754 7775 W Unity : (Filename: /Users/builduser/buildslave/unity/build/Runtime/Mono/MonoScriptCache.cpp Line: 375)
04-24 12:08:09.857 7754 7775 W Unity :
04-24 12:08:09.862 7754 7775 W Unity : OnLevelWasLoaded was found on UWAStarter
04-24 12:08:09.862 7754 7775 W Unity : This message has been deprecated and will be removed in a later version of Unity.
04-24 12:08:09.862 7754 7775 W Unity : Add a delegate to SceneManager.sceneLoaded instead to get notifications after scene loading has completed
04-24 12:08:09.862 7754 7775 W Unity :
04-24 12:08:09.862 7754 7775 W Unity : (Filename: /Users/builduser/buildslave/unity/build/Runtime/Mono/MonoScriptCache.cpp Line: 375)
04-24 12:08:09.862 7754 7775 W Unity :
04-24 12:08:09.952 760 22396 I Pged-IPgedBinderService: ****action is 2, pid num is 2***
04-24 12:08:09.952 760 22396 I Pged-Freezer: thawPids
04-24 12:08:09.953 1729 1974 D PgedBinderAdapter: unfrz ok, pid: [5417]
04-24 12:08:10.020 7754 7775 D Unity : PlayerInitEngineGraphics OK
04-24 12:08:10.022 7754 7775 D Unity : Found 13 native sensors
04-24 12:08:10.023 677 877 D SensorHub: batch called handle:0 sample_ns:200000000 latency_ns:0
04-24 12:08:10.023 677 877 D SensorHub: in batch, handle = 0, flags = 0, period_ns = 200000000, timeout = 0
04-24 12:08:10.024 677 877 I /vendor/bin/hw/vendor.huawei.hardware.sensors@1.0-service: activate-0 frameOpenedAls-1 enabled-1 cameraOpenedAls-0 frameOpenedColor-0 cameraOpenedColor-0
04-24 12:08:10.024 677 877 D SensorHub: Channel activate-> handle: 0, enabled:1, err: 0
04-24 12:08:10.024 7754 7775 D Unity : Sensor : Accelerometer ( 1) ; 0.009577 / 0.00s ; accelerometer-lis3dh / STMicroelectronics
04-24 12:08:10.024 1729 1883 I SensorState: sensor:0 name:accelerometer enable:true uid:10848
04-24 12:08:10.024 1729 1883 I PGServer: report state:4 event type:1 pid:0 uid:10848 pkg:null to pid: 1176
04-24 12:08:10.024 677 877 D SensorHub: batch called handle:0 sample_ns:20000000 latency_ns:0
04-24 12:08:10.024 677 877 D SensorHub: in batch, handle = 0, flags = 0, period_ns = 20000000, timeout = 0
04-24 12:08:10.025 1729 1883 I SensorState: addSensor,mHandles:{0=1}
04-24 12:08:10.025 7754 7775 D Unity : Sensor : Accelerometer ( 1) ; 0.009577 / 0.00s ; accelerometer-lis3dh / STMicroelectronics
04-24 12:08:10.032 7754 7775 D Unity : SetWindow 0 0xcec7d008
04-24 12:08:10.033 7754 7775 D Unity : [EGL] Attaching window :0xcec7d008
04-24 12:08:10.039 7754 7775 V MediaRouter: Adding route: RouteInfo{ name=手机, description=null, status=null, category=RouteCategory{ name=系统 types=ROUTE_TYPE_LIVE_AUDIO ROUTE_TYPE_LIVE_VIDEO groupable=false }, supportedTypes=ROUTE_TYPE_LIVE_AUDIO ROUTE_TYPE_LIVE_VIDEO , presentationDisplay=null }
04-24 12:08:10.043 1176 1629 D HwAudioService: startWatchingRoutes
04-24 12:08:10.043 1176 1629 D HwAudioService: linkVAtoDeathRe for vassistant
04-24 12:08:10.043 1176 1629 D HwAudioService: packageName:com.jiansheng.blmn.demo
04-24 12:08:10.045 7754 7775 V MediaRouter: Selecting route: RouteInfo{ name=手机, description=null, status=null, category=RouteCategory{ name=系统 types=ROUTE_TYPE_LIVE_AUDIO ROUTE_TYPE_LIVE_VIDEO groupable=false }, supportedTypes=ROUTE_TYPE_LIVE_AUDIO ROUTE_TYPE_LIVE_VIDEO , presentationDisplay=null }
04-24 12:08:10.085 649 649 I GRALLOC : shrFd=10,fmt=0x1,intFmt=0x200000001,btStrd=4352,size=9547776,pid=649
04-24 12:08:10.085 649 649 I GRALLOC : yuv=2,w=1080,h=2160,Stride u=0 v=0,offset u=0 v=0
04-24 12:08:10.085 649 649 I GRALLOC : iova_size=9547776,conUsg=0xb00,proUsg=0xb00, strd=1088,[afbc]HdrStrd=1088 PyldStrd=69632 Scrmbl=0,ionhnd = 1
04-24 12:08:10.100 649 649 I chatty : uid=1000(system) allocator@2.0-s identical 2 lines
04-24 12:08:10.125 649 649 I GRALLOC : shrFd=10,fmt=0x1,intFmt=0x200000001,btStrd=4352,size=9547776,pid=649
04-24 12:08:10.125 649 649 I GRALLOC : yuv=2,w=1080,h=2160,Stride u=0 v=0,offset u=0 v=0
04-24 12:08:10.125 649 649 I GRALLOC : iova_size=9547776,conUsg=0xb00,proUsg=0xb00, strd=1088,[afbc]HdrStrd=1088 PyldStrd=69632 Scrmbl=0,ionhnd = 1
04-24 12:08:10.245 1176 1176 I TrafficMonitor: expired arrive. level:-1
04-24 12:08:10.246 1176 1176 I TrafficMonitor: during_ms:2001,period_ms:2000
04-24 12:08:10.246 1176 1176 I TrafficMonitor: count:908,rx_sum:17,tx_sum:1,rxBytes:1438,during_ms:2001,rx_speed:718.64067966017,tx_speed:19.990004997501252,rto:17.0
04-24 12:08:10.246 1176 1176 D HuaweiWifiWatchdogStateMachine: speed: rxpkt:17, rxSpd:718B/s, txpkt:1, txSpd:19
04-24 12:08:11.249 1176 1176 I TrafficMonitor: update:rxPkts:20,txPkts:1,rxBytes:1714,txBytes:186
04-24 12:08:11.250 1176 1176 I TrafficMonitor: start expired. level:-1
04-24 12:08:11.250 1176 1176 I TrafficMonitor: gettimer:interval=2000
04-24 12:08:11.458 679 679 E WifiHAL : enter wifi_get_link_stats
04-24 12:08:11.462 742 742 E wificond: Failed to get NL80211_RATE_INFO_NOISE
04-24 12:08:11.463 742 742 E wificond: Failed to get NL80211_RATE_INFO_SNR
04-24 12:08:11.463 742 742 E wificond: Failed to get NL80211_STA_INFO_CNAHLOAD
04-24 12:08:11.463 1176 1337 E WificondControl: Noise: 0, Snr: -1, Chload: -1
04-24 12:08:11.464 1176 1339 D HwWifiCHRStateManager: handleMessage : 1001
04-24 12:08:11.464 1176 1339 D HwWifiCHRStateManager: handleUpdateChannel:2412
04-24 12:08:11.464 1176 1339 V HwWifiServiceFactory: get AllImpl object = com.android.server.wifi.HwWifiServiceFactoryImpl@2205edc
04-24 12:08:11.465 1176 1337 D HwCustWifiStateMachineReferenceImpl: checkRssiOverThreshold newRssi = -34
04-24 12:08:11.466 1176 1337 D WifiScoreReport: Score = 100, wifiConnectivityManagerEnabled = false, lowScoreCount = 0
04-24 12:08:11.609 1176 1338 D HwWifiStatStore: handleMessage : 200
04-24 12:08:12.604 768 867 E JankService: JankFrequencyMonitor action return :0
04-24 12:08:12.829 1176 1204 D SmartcareProc: onSignalStrengthsChanged: signalStrength is: SignalStrength: 99 -1 0 0 -63 -60 32767 -1 32767 99 0 0 0 2147483647 0 -1 true cdma , on sub: 1
04-24 12:08:12.829 1176 1176 I MQoS : onSignal: mSubId=1,currDataSubID=1
04-24 12:08:12.829 1176 1204 D SmartcareProc: SignalStrength update result, ss: SignalStrengthInfo:68043809 mGsmSignalStrength: -1 mWcdmaRscp: -1 mWcdmaEcio: -1 mLteRsrp: -1 mLteRsrq: -1 mCdmaDbm: -63 mCdmaEcio: -60 mEvdoDbm: 32767mEvdoEcio: -1mLteRssnr: -1
04-24 12:08:12.829 1176 1176 I MQoS : received cell-signal:5
04-24 12:08:12.987 1176 1392 D HwArpVerifier: performPollAndLog:
04-24 12:08:12.989 1176 1392 D hw_netstat: total/36/226,com.jiansheng.blmn.demo/0/186,unknown:0/36/40
04-24 12:08:13.253 1176 1176 I TrafficMonitor: update:rxPkts:20,txPkts:0,rxBytes:1841,txBytes:0
04-24 12:08:13.254 1176 1176 I TrafficMonitor: start expired. level:-1
04-24 12:08:13.254 1176 1176 I TrafficMonitor: gettimer:interval=2000
04-24 12:08:13.897 1106 1119 I OAM : [check_file_size:505]/data/log/wifi/wifi_log_1 log file beyond size=10240Byte, creat new file
04-24 12:08:13.897 1106 1119 I OAM : [rename_old_file:210]rename_old_file
04-24 12:08:13.897 1106 1119 I OAM :
04-24 12:08:14.087 7754 7775 D Unity : UnloadTime: 1.833000 ms
04-24 12:08:14.092 7754 7775 D Unity : UUID: 96ee8b42d9265220 => 62277fdabbe88cfa9e3b6435860ea7eb
04-24 12:08:14.095 1176 1629 W ActivityManager: Unable to start service Intent { act=com.google.android.gms.ads.identifier.service.START pkg=com.google.android.gms } U=0: not found
04-24 12:08:14.096 1176 1629 W ActivityManager: Unbind failed: could not find connection for android.os.BinderProxy@1facf
04-24 12:08:14.098 7754 7775 D Unity : Uploading Native Crash Event: {"report_version":1,"event_json":"{\"project_id\":\"48514f8d-25da-42d0-b36a-44a46a4ab277\",\"deviceid\":\"62277fdabbe88cfa9e3b6435860ea7eb\",\"clouduserid\":\"cf3fa25cffab9463ca6db626be2b1f37\",\"sdk_ver\":\"u2017.4.10f1\",\"platformid\":11,\"sessionid\":1310671259942547601,\"version\":\"1.0.0.0.0\",\"build_guid\":\"7b93ea2cd204cc440869ec46151e3b23\",\"os\":\"Android OS 8.0.0 / API-26 (HUAWEIFLA-AL20/182(C00))\",\"cpu\":\"ARMv7 VFPv3 NEON\",\"device_model\":\"HUAWEI/FLA-AL20/HWFLA-H\",\"gfx\":\"Mali-T830\",\"signal_number\":11,\"signal_number_string\":\"\",\"signal_code\":1,\"signal_code_string\":\"\",\"signal_address\":4294967284,\"signal_pc\":3883433470,\"threads\":[{\"name\":\"\",\"crashed\":true,\"frames\":[{\"image_name\":\"/data/app/com.jiansheng.blmn.demo-nkYM2_UJaeOJVgQzdOt9lw==/lib/arm/libunity.so\",\"image_uuid\":\"04f0d8ac6e460eb88ff8679a3c8a0c5aa7d37b05\",\"absolute_pc\":3239189296,\"relative_pc\":4168496,\"managed\":false,\"managed_frame_desc\":\"\"},{\"image_name\"
04-24 12:08:14.103 7754 7804 D NetworkSecurityConfig: Using Network Security Config from resource network_security_config debugBuild: true
04-24 12:08:14.124 487 7834 W libc : Set property "hw.wifi.dns_stat" to "301,28,476,1,4859"
04-24 12:08:14.131 7754 7775 I Unity : UWA_Launcher is awaked in Level LoginScene.
04-24 12:08:14.131 7754 7775 I Unity : UnityEngine.DebugLogHandler:LogFormat(LogType, Object, String, Object[])
04-24 12:08:14.131 7754 7775 I Unity : UnityEngine.Logger:Log(LogType, Object)
04-24 12:08:14.131 7754 7775 I Unity : UWA.Android.GUIWrapper:Awake()
04-24 12:08:14.131 7754 7775 I Unity :
04-24 12:08:14.131 7754 7775 I Unity : (Filename: /Users/builduser/buildslave/unity/build/artifacts/generated/Android/runtime/DebugBindings.gen.cpp Line: 51)
04-24 12:08:14.131 7754 7775 I Unity :
04-24 12:08:14.155 7754 7775 I HwApiCacheMangerEx: apicache oUid 10848
04-24 12:08:14.155 7754 7775 I HwApiCacheMangerEx: apicache volumes [Landroid.os.storage.StorageVolume;@9b6924e
04-24 12:08:14.286 7754 7775 I HwApiCacheMangerEx: apicache oUid 10848
04-24 12:08:14.286 7754 7775 I HwApiCacheMangerEx: apicache volumes [Landroid.os.storage.StorageVolume;@9b6924e
04-24 12:08:14.287 7754 7775 I HwApiCacheMangerEx: apicache pi PackageInfo{7c65652 com.jiansheng.blmn.demo}
04-24 12:08:14.287 1176 6429 W SensorService: sensor 00000000 already enabled in connection 0x73d44947a0 (ignoring)
04-24 12:08:14.288 677 877 D SensorHub: batch called handle:0 sample_ns:200000000 latency_ns:0
04-24 12:08:14.288 677 877 D SensorHub: in batch, handle = 0, flags = 0, period_ns = 200000000, timeout = 0
04-24 12:08:14.288 677 877 I /vendor/bin/hw/vendor.huawei.hardware.sensors@1.0-service: activate-0 frameOpenedAls-1 enabled-1 cameraOpenedAls-0 frameOpenedColor-0 cameraOpenedColor-0
04-24 12:08:14.288 677 877 D SensorHub: Channel activate-> handle: 0, enabled:1, err: 0
04-24 12:08:14.289 677 877 D SensorHub: batch called handle:0 sample_ns:20000000 latency_ns:0
04-24 12:08:14.289 677 877 D SensorHub: in batch, handle = 0, flags = 0, period_ns = 20000000, timeout = 0
04-24 12:08:14.289 7754 7775 D Unity : Sensor : Accelerometer ( 1) ; 0.009577 / 0.00s ; accelerometer-lis3dh / STMicroelectronics
04-24 12:08:14.289 7754 7775 D Unity : Choreographer available: Enabling VSYNC timing
04-24 12:08:14.304 1176 6429 V WindowManager: Relayout window turning screen on: Window{427eaf5 u0 com.jiansheng.blmn.demo/com.jiansheng.blmn.MainActivity}
04-24 12:08:14.313 7754 7754 I HwApiCacheMangerEx: apicache pi PackageInfo{7c65652 com.jiansheng.blmn.demo}
04-24 12:08:14.327 777 777 E : [E/capacity_limit_control] not demo version, not set power control prop!
04-24 12:08:14.469 679 679 E WifiHAL : enter wifi_get_link_stats
04-24 12:08:14.473 742 742 E wificond: Failed to get NL80211_RATE_INFO_NOISE
04-24 12:08:14.473 742 742 E wificond: Failed to get NL80211_RATE_INFO_SNR
04-24 12:08:14.473 742 742 E wificond: Failed to get NL80211_STA_INFO_CNAHLOAD
04-24 12:08:14.473 1176 1337 E WificondControl: Noise: 0, Snr: -1, Chload: -1
04-24 12:08:14.474 1176 1339 D HwWifiCHRStateManager: handleMessage : 1001
04-24 12:08:14.474 1176 1339 D HwWifiCHRStateManager: handleUpdateChannel:2412
04-24 12:08:14.474 1176 1339 V HwWifiServiceFactory: get AllImpl object = com.android.server.wifi.HwWifiServiceFactoryImpl@2205edc
04-24 12:08:14.474 1176 1337 D HwCustWifiStateMachineReferenceImpl: checkRssiOverThreshold newRssi = -28
04-24 12:08:14.474 1176 1337 D WifiScoreReport: Score = 100, wifiConnectivityManagerEnabled = false, lowScoreCount = 0
04-24 12:08:14.482 7754 7839 I HwApiCacheMangerEx: apicache oUid 10848
04-24 12:08:14.482 7754 7839 I HwApiCacheMangerEx: apicache volumes [Landroid.os.storage.StorageVolume;@9b6924e
04-24 12:08:14.482 7754 7839 I HwApiCacheMangerEx: apicache oUid 10848
04-24 12:08:14.482 7754 7839 I HwApiCacheMangerEx: apicache volumes [Landroid.os.storage.StorageVolume;@573ec68
04-24 12:08:14.483 7754 7839 I HwApiCacheMangerEx: apicache oUid 10848
04-24 12:08:14.483 7754 7839 I HwApiCacheMangerEx: apicache volumes [Landroid.os.storage.StorageVolume;@9b6924e
04-24 12:08:14.483 7754 7839 I HwApiCacheMangerEx: apicache oUid 10848
04-24 12:08:14.483 7754 7839 I HwApiCacheMangerEx: apicache volumes [Landroid.os.storage.StorageVolume;@9b6924e
04-24 12:08:14.483 7754 7839 I HwApiCacheMangerEx: apicache oUid 10848
04-24 12:08:14.483 7754 7839 I HwApiCacheMangerEx: apicache volumes [Landroid.os.storage.StorageVolume;@573ec68
04-24 12:08:14.484 7754 7839 I HwApiCacheMangerEx: apicache oUid 10848
04-24 12:08:14.484 7754 7839 I HwApiCacheMangerEx: apicache volumes [Landroid.os.storage.StorageVolume;@9b6924e
04-24 12:08:14.485 7754 7839 I HwCust : Constructor found for class android.net.HwCustConnectivityManagerImpl
04-24 12:08:14.485 7754 7839 D HwCust : Create obj success use class android.net.HwCustConnectivityManagerImpl
04-24 12:08:14.496 7754 7839 I HwApiCacheMangerEx: apicache pi PackageInfo{ab39927 com.jiansheng.blmn.demo}
04-24 12:08:14.537 7754 7839 W Settings: Setting adb_enabled has moved from android.provider.Settings.Secure to android.provider.Settings.Global.
04-24 12:08:14.603 7754 7759 I zygote : Do partial code cache collection, code=30KB, data=27KB
04-24 12:08:14.604 7754 7759 I zygote : After code cache collection, code=30KB, data=27KB
04-24 12:08:14.604 7754 7759 I zygote : Increasing code cache capacity to 128KB
04-24 12:08:14.613 1176 1338 D HwWifiStatStore: handleMessage : 200
04-24 12:08:14.728 742 742 E wificond: Failed to get NL80211_RATE_INFO_NOISE
04-24 12:08:14.728 742 742 E wificond: Failed to get NL80211_RATE_INFO_SNR
04-24 12:08:14.728 742 742 E wificond: Failed to get NL80211_STA_INFO_CNAHLOAD
04-24 12:08:14.728 1176 1337 E WificondControl: Noise: 0, Snr: -1, Chload: -1
04-24 12:08:14.729 1176 1339 D HwWifiCHRStateManager: handleMessage : 1001
04-24 12:08:14.729 1176 1339 D HwWifiCHRStateManager: handleUpdateChannel:2412
04-24 12:08:14.729 1176 1339 V HwWifiServiceFactory: get AllImpl object = com.android.server.wifi.HwWifiServiceFactoryImpl@2205edc
04-24 12:08:14.731 742 742 E wificond: Failed to get NL80211_RATE_INFO_NOISE
04-24 12:08:14.731 742 742 E wificond: Failed to get NL80211_RATE_INFO_SNR
04-24 12:08:14.731 742 742 E wificond: Failed to get NL80211_STA_INFO_CNAHLOAD
04-24 12:08:14.732 1176 1406 D HuaweiWifiWatchdogStateMachine: LM mrssi=-28
04-24 12:08:14.733 1176 1176 D WiFi_PRO: MSG_RETURN_AP_CURRY_RSSI rssi = -28
04-24 12:08:14.732 1176 1406 D HuaweiWifiWatchdogStateMachine: a4:fa:**:**:eb:b0 current loss[-45]=0%, volume=22
04-24 12:08:14.734 1176 1406 D HuaweiWifiWatchdogStateMachine: a4:fa:**:**:eb:b0 history loss[-45]=0%, volume=13825078
04-24 12:08:14.734 1176 1406 I HuaweiWifiWatchdogStateMachine: spd good count:0, add sc:0.0, rate:1.0
04-24 12:08:14.734 1176 1406 I HuaweiWifiWatchdogStateMachine: current mHighDataFlowRate = 1.0
04-24 12:08:14.734 1176 1176 I QosMonitor: queryRtt: rtt_type = 3
04-24 12:08:14.734 1176 1406 I HuaweiWifiWatchdogStateMachine: POta txb txg rxg:0, 32, 0. Lr =0% Totpkt=32
04-24 12:08:14.734 1176 1176 I HwQoEJNI: send_cmd_kernel. begin
04-24 12:08:14.735 1176 1176 I HwQoEJNI: send_cmd_kernel. end
04-24 12:08:14.735 1176 1176 I QosMonitor: postEventFromNative: msg=100,arg1=4,arg2=10
04-24 12:08:14.735 1176 1176 I HwQoEJNI: send_cmd_kernel. begin
04-24 12:08:14.735 1176 1176 I HwQoEJNI: send_cmd_kernel. end
04-24 12:08:14.735 1176 1176 I QosMonitor: postEventFromNative: msg=100,arg1=0,arg2=10
04-24 12:08:14.736 1176 1176 D HuaweiWifiWatchdogStateMachine: a4:fa:**:**:eb:b0 current RTT[-45]=320, volume=9
04-24 12:08:14.736 1176 3109 D HwWifiConnectivityMonitor: ENTER: notifyTopUidTcpInfo, tx = 19, rx = 16, reTx = 0, uid = 10848, tr = 0.0
04-24 12:08:14.736 1176 1176 D HuaweiWifiWatchdogStateMachine: a4:fa:**:**:eb:b0 history RTT[-45]=511, volume=60768
04-24 12:08:14.736 1176 3109 D HwWifiConnectivityMonitor: ENTER: notifyTopUidTcpInfo, rtt = 296, rttPkts = 9, aveRtt = 32.88889, app = com.jiansheng.blmn.demo
04-24 12:08:14.736 1176 1176 D HuaweiWifiWatchdogStateMachine: setSampleRtt: rtt=320,rtt_pkts =9,rtt_when=0
04-24 12:08:14.736 1176 3109 D HwUidTcpMonitor: parseWlanUidTcpStatistics lastUidTcpStatInfo = [ mUid = 10848 mPacketName = com.jiansheng.blmn.demo mSendSegs = 2395 mResendSegs = 0 mRcvSegs = 2802 ]
04-24 12:08:14.736 1176 1400 D HwWifiConnectivityMonitor: handleTopUidInternetStatusChanged, uid = 10848, status = 0
04-24 12:08:14.736 1176 1176 I MQoS : rtt=320,tcp_tx_pkts=480754,tcp_rx_pkts=921266
04-24 12:08:14.737 1176 1176 I QosMonitor: resetRtt: rtt_type = 3
04-24 12:08:14.737 1176 1406 D HuaweiWifiWatchdogStateMachine: dumpTcpResult: len=10,rtt=320,rttPkt=9,rttWn=0,cgt=16,cgtWn=9205736
04-24 12:08:14.737 1176 1176 I HwQoEJNI: send_cmd_kernel. begin
04-24 12:08:14.737 1176 1406 I HuaweiWifiWatchdogStateMachine: PTcp RTT:320, rtt pkt=9, tcp_rx=17, tcp_tx=20, tcp_reTran=0, rtRate=0
04-24 12:08:14.737 1176 1176 I HwQoEJNI: send_cmd_kernel. end
04-24 12:08:14.737 1176 1406 D HuaweiWifiWatchdogStateMachine: isRttGood is good, AvgRtt = 320, TotPkt = 9
04-24 12:08:14.737 1176 1406 D HuaweiWifiWatchdogStateMachine: mRssiBadCount =0, RSSI not bad.
04-24 12:08:14.737 1176 1406 D HuaweiWifiWatchdogStateMachine: detectNetworkAvailable:hw.wifipro.dns_fail_count = 131
04-24 12:08:14.737 1176 1406 D HuaweiWifiWatchdogStateMachine: detectNetworkAvailable: tcpRxPkts != 0, reset
04-24 12:08:14.737 1176 1406 I HuaweiWifiWatchdogStateMachine: rs ota tcp lr rttvb bad: false, false, false, false, false; rsth:-75
04-24 12:08:14.737 1176 1406 D HuaweiWifiWatchdogStateMachine: GSC:0, GSR:1.0, RSR:1.0, RTH:-75
04-24 12:08:14.737 1176 1406 I HuaweiWifiWatchdogStateMachine: judge good link######, goodLinkLevel=3
04-24 12:08:14.737 1176 1406 I HuaweiWifiWatchdogStateMachine: sendResultMsgToQM bssid:a4:fa:**:**:eb:b0, qoslevel=3
04-24 12:08:14.738 1176 1406 I HuaweiWifiWatchdogStateMachine: link good reported, good base rssi:-34
04-24 12:08:14.738 1176 1406 D HuaweiWifiWatchdogStateMachine: goodperiod count=0, rb rttg sg =false, true, false
04-24 12:08:14.738 1176 1406 D HuaweiWifiWatchdogStateMachine: bqeLevel = 3 rtt=320,rtt_pkts=9 speed=2997 rssi=-28
04-24 12:08:14.738 1176 1406 D HuaweiWifiWatchdogStateMachine: Enter updateQoeLevel level = 3
04-24 12:08:14.738 1176 1406 D HuaweiWifiWatchdogStateMachine: updateQoeLevel need two more periods, return
04-24 12:08:14.738 1176 1406 I HuaweiWifiWatchdogStateMachine: pkt chk not bad, reset sc to 0.
04-24 12:08:14.738 1176 1406 D HuaweiWifiWatchdogStateMachine: ### mPktChkBadCnt=0
04-24 12:08:14.738 1176 1176 D WiFi_PRO_WifiProStateMachine: onNetworkQosChange, currentWifiLevel == 3, wifiNoInternet = false, updateUiOnly = true
04-24 12:08:14.742 1176 3515 I MQoS : QOS_level:0(0),wifi-link;SIM error;use level-0
04-24 12:08:14.820 487 7846 D libc : GetAddrInfoHandler addr: xxx.168.1.1
04-24 12:08:15.256 1176 1176 I TrafficMonitor: update:rxPkts:55,txPkts:32,rxBytes:16939,txBytes:7652
04-24 12:08:15.256 1176 1176 I TrafficMonitor: no expired. level:2
04-24 12:08:15.256 1176 1176 I TrafficMonitor: gettimer:interval=2000
04-24 12:08:15.256 1176 1176 I TrafficMonitor: during_ms:2003,period_ms:2000
04-24 12:08:15.257 1176 1176 I TrafficMonitor: count:911,rx_sum:55,tx_sum:32,rxBytes:16939,during_ms:2003,rx_speed:8456.81477783325,tx_speed:3820.26959560659,rto:1.71875
04-24 12:08:15.257 1176 1176 D HuaweiWifiWatchdogStateMachine: speed: rxpkt:55, rxSpd:8456B/s, txpkt:32, txSpd:3820
04-24 12:08:15.631 487 7854 W libc : Set property "hw.wifi.dns_stat" to "306,28,476,1,4901"
04-24 12:08:15.941 3756 3774 D LogUtil_LogConfig: obtainSavePath(): path = 1
04-24 12:08:15.943 3756 3774 D LogUtil_LogConfig: getLogFile(): logFilePath = /data/data/com.huawei.health/files/com.huawei.health/com.huawei.health_DaemonService/
04-24 12:08:15.943 3756 3774 D LogUtil_LogConfig: obtainSavePath(): path = 1
04-24 12:08:15.943 3756 3774 D LogUtil_LogConfig: acquireMaxLogFileLengthContainsOffset describe: com.huawei.health:DaemonService result:5242880
04-24 12:08:15.943 3756 3774 D LogUtil_LogConfig: obtainSavePath(): path = 1
04-24 12:08:15.944 3756 3774 D LogUtil_LogConfig: getLogFileRoot(): logFilePath = /data/data/com.huawei.health/files/com.huawei.health/com.huawei.health_DaemonService/
04-24 12:08:16.885 741 741 E Thermal-daemon: [charger_ic] temp_new :36 temp_old :35
04-24 12:08:16.886 1729 27267 I ThermalService: Receive temperature change, type: 2, temp: 36 from thermald
04-24 12:08:16.887 1729 2560 W HwThermalStateManager: warning: no config thermal type:2 temperature:36
04-24 12:08:16.887 741 741 E Thermal-daemon: Report temperature: [charger_ic] temp :36 report_threshold:1
04-24 12:08:17.258 1176 1176 I TrafficMonitor: update:rxPkts:74,txPkts:62,rxBytes:24821,txBytes:6349
04-24 12:08:17.259 1176 1176 I TrafficMonitor: start expired. level:2
04-24 12:08:17.259 1176 1176 I TrafficMonitor: gettimer:interval=2000
04-24 12:08:17.341 7754 7775 I Unity : RuntimeManager Active
04-24 12:08:17.341 7754 7775 I Unity : UnityEngine.DebugLogHandler:LogFormat(LogType, Object, String, Object[])
04-24 12:08:17.341 7754 7775 I Unity : UnityEngine.Logger:Log(LogType, Object)
04-24 12:08:17.341 7754 7775 I Unity : UnityEngine.GameObject:AddComponent()
04-24 12:08:17.341 7754 7775 I Unity : FMODUnity.RuntimeManager:get_Instance()
04-24 12:08:17.341 7754 7775 I Unity : FMODUnity.RuntimeManager:UnloadAllBank()
04-24 12:08:17.341 7754 7775 I Unity : GameStartBehavior:BeginGame(Boolean)
04-24 12:08:17.341 7754 7775 I Unity : c__Iterator0:MoveNext()
04-24 12:08:17.341 7754 7775 I Unity : UnityEngine.SetupCoroutine:InvokeMoveNext(IEnumerator, IntPtr)
04-24 12:08:17.341 7754 7775 I Unity :
04-24 12:08:17.341 7754 7775 I Unity : (Filename: /Users/builduser/buildslave/unity/build/artifacts/generated/Android/runtime/DebugBindings.gen.cpp Line: 51)
04-24 12:08:17.341 7754 7775 I Unity :
04-24 12:08:17.371 7754 7775 I Unity : [FMOD] Device HUAWEI FLA-AL20 classed as MobileHigh
04-24 12:08:17.371 7754 7775 I Unity : UnityEngine.DebugLogHandler:LogFormat(LogType, Object, String, Object[])
04-24 12:08:17.371 7754 7775 I Unity : UnityEngine.Logger:Log(LogType, Object)
04-24 12:08:17.371 7754 7775 I Unity : FMODUnity.RuntimeUtils:GetCurrentPlatform()
04-24 12:08:17.371 7754 7775 I Unity : FMODUnity.RuntimeManager:Initialize()
04-24 12:08:17.371 7754 7775 I Unity : FMODUnity.RuntimeManager:get_Instance()
04-24 12:08:17.371 7754 7775 I Unity : FMODUnity.RuntimeManager:UnloadAllBank()
04-24 12:08:17.371 7754 7775 I Unity : GameStartBehavior:BeginGame(Boolean)
04-24 12:08:17.371 7754 7775 I Unity : c__Iterator0:MoveNext()
04-24 12:08:17.371 7754 7775 I Unity : UnityEngine.SetupCoroutine:InvokeMoveNext(IEnumerator, IntPtr)
04-24 12:08:17.371 7754 7775 I Unity :
04-24 12:08:17.371 7754 7775 I Unity : (Filename: /Users/builduser/buildslave/unity/build/artifacts/generated/Android/runtime/DebugBindings.gen.cpp Line: 51)
04-24 12:08:17.371 7754 7775 I Unity :
04-24 12:08:17.380 7754 7775 D AAudio : AAudioStreamBuilder_openStream() called ----------------------------------------
04-24 12:08:17.380 7754 7775 D AAudio : AudioStreamBuilder(): mmapPolicy = 1, mapExclusivePolicy = 1
04-24 12:08:17.380 7754 7775 D : PlayerBase::PlayerBase()
04-24 12:08:17.381 7754 7775 D : TrackPlayerBase::TrackPlayerBase()
04-24 12:08:17.381 7754 7775 I AAudio : AudioStream::open() rate = 0, channels = 0, format = 0, sharing = 1, dir = OUTPUT
04-24 12:08:17.381 7754 7775 I AAudio : AudioStream::open() device = 0, perfMode = 12, callbackFrames = 0
04-24 12:08:17.381 7754 7775 D AAudio : AudioStreamTrack::open(), request notificationFrames = 0, frameCount = 0
04-24 12:08:17.384 719 7464 D AudioFlinger: event 162
04-24 12:08:17.385 719 7464 I APM_AudioPolicyManager: getOutputForDevice() returns output 13
04-24 12:08:17.385 719 7464 I APM_AudioPolicyManager: getOutputForAttr() returns output 13 stream 3
04-24 12:08:17.385 7754 7775 W AudioTrack: AUDIO_OUTPUT_FLAG_FAST denied by client; transfer 3, track 48000 Hz, output 48000 Hz
04-24 12:08:17.386 719 7464 I hash_map_utils: key: 'mode' value: ''
04-24 12:08:17.386 719 7464 D HuaweiAudioFlinger: AudioException do not check.now is not communication state!
04-24 12:08:17.387 719 7464 D AudioFlinger: event 162
04-24 12:08:17.387 719 7464 W AudioFlinger: createTrack_l(): mismatch between requested flags (00000100) and output flags (00000002)
04-24 12:08:17.387 719 7464 I AudioMixer: Pid:719 add track (0)
04-24 12:08:17.387 719 7464 D AudioFlinger: DevSched: uid is 10848, factor is 0.600000
04-24 12:08:17.388 7754 7775 D AudioTrack: OFFLOAD 0,mNotificationFrames 0,mStreamType =3,mOriginalSampleRate 48000,mAfSampleRate 48000,mTransfer 3
04-24 12:08:17.388 7754 7775 D AudioTrack: Client defaulted notificationFrames to 2405 for frameCount 4810
04-24 12:08:17.388 1729 1883 D AudioState: SESSION_ID_NEW, containsKey, pid: 7754, sessionId: 1681,uid: 10848
04-24 12:08:17.389 719 7464 D AudioFlinger: event 162
04-24 12:08:17.389 7754 7775 W AAudio : AudioStreamTrack::open() sampleRate changed from 0 to 48000
04-24 12:08:17.389 7754 7775 W AAudio : AudioStreamTrack::open() flags changed from 0x00000104 to 0x00000000
04-24 12:08:17.389 7754 7775 W AAudio : AudioStreamTrack::open() perfMode changed from 12 to 10
04-24 12:08:17.389 7754 7775 D AAudio : AAudioStreamBuilder_openStream() returns 0 = AAUDIO_OK for (0xb22b3a00) ----------------
04-24 12:08:17.389 7754 7775 D AAudio : AAudioStream_close(0xb22b3a00)
04-24 12:08:17.389 719 7464 I AudioMixer: Pid:719 deleteTrackName(0)
04-24 12:08:17.389 719 12122 D AudioFlinger: event 163
04-24 12:08:17.389 719 938 V APM_AudioPolicyManager: releaseOutput() 13
04-24 12:08:17.390 7754 7775 D : TrackPlayerBase::~TrackPlayerBase()
04-24 12:08:17.390 7754 7775 D : PlayerBase::~PlayerBase()
04-24 12:08:17.390 7754 7775 D AAudio : AAudioStreamBuilder_openStream() called ----------------------------------------
04-24 12:08:17.390 7754 7775 D AAudio : AudioStreamBuilder(): mmapPolicy = 1, mapExclusivePolicy = 1
04-24 12:08:17.390 7754 7775 D : PlayerBase::PlayerBase()
04-24 12:08:17.390 7754 7775 D : TrackPlayerBase::TrackPlayerBase()
04-24 12:08:17.390 7754 7775 I AAudio : AudioStream::open() rate = 0, channels = 0, format = 0, sharing = 1, dir = OUTPUT
04-24 12:08:17.390 7754 7775 I AAudio : AudioStream::open() device = 0, perfMode = 12, callbackFrames = 0
04-24 12:08:17.390 7754 7775 D AAudio : AudioStreamTrack::open(), request notificationFrames = -8, frameCount = 0
04-24 12:08:17.390 719 7464 D AudioFlinger: event 162
04-24 12:08:17.391 719 7464 I APM_AudioPolicyManager: getOutputForDevice() returns output 13
04-24 12:08:17.391 719 7464 I APM_AudioPolicyManager: getOutputForAttr() returns output 13 stream 3
04-24 12:08:17.392 719 7464 I hash_map_utils: key: 'mode' value: ''
04-24 12:08:17.392 719 7464 D HuaweiAudioFlinger: AudioException do not check.now is not communication state!
04-24 12:08:17.392 719 7464 D AudioFlinger: event 162
04-24 12:08:17.392 719 7464 W AudioFlinger: createTrack_l(): mismatch between requested flags (00000104) and output flags (00000002)
04-24 12:08:17.392 719 7464 I AudioMixer: Pid:719 add track (0)
04-24 12:08:17.392 719 7464 D AudioFlinger: DevSched: uid is 10848, factor is 0.600000
04-24 12:08:17.393 7754 7775 W AudioTrack: AUDIO_OUTPUT_FLAG_FAST denied by server; frameCount 7680 -> 7680
04-24 12:08:17.393 7754 7775 D AudioTrack: OFFLOAD 0,mNotificationFrames -8,mStreamType =3,mOriginalSampleRate 48000,mAfSampleRate 48000,mTransfer 1
04-24 12:08:17.393 7754 7775 D AudioTrack: Client defaulted notificationFrames to 480 for frameCount 7680
04-24 12:08:17.394 719 7464 D AudioFlinger: event 162
04-24 12:08:17.394 7754 7775 W AAudio : AudioStreamTrack::open() sampleRate changed from 0 to 48000
04-24 12:08:17.394 7754 7775 W AAudio : AudioStreamTrack::open() flags changed from 0x00000104 to 0x00000000
04-24 12:08:17.394 7754 7775 W AAudio : AudioStreamTrack::open() perfMode changed from 12 to 10
04-24 12:08:17.394 7754 7775 D AAudio : AAudioStreamBuilder_openStream() returns 0 = AAUDIO_OK for (0xb22b3a00) ----------------
04-24 12:08:17.394 1729 1883 D AudioState: SESSION_ID_NEW, containsKey, pid: 7754, sessionId: 1689,uid: 10848
04-24 12:08:17.395 7754 7775 W Unity : [FMOD] SystemI::init : Output requires a sample rate of 48000Hz, resampling will occur.
04-24 12:08:17.395 7754 7775 W Unity :
04-24 12:08:17.395 7754 7775 W Unity : UnityEngine.DebugLogHandler:LogFormat(LogType, Object, String, Object[])
04-24 12:08:17.395 7754 7775 W Unity : UnityEngine.Logger:Log(LogType, Object)
04-24 12:08:17.395 7754 7775 W Unity : FMODUnity.RuntimeManager:DEBUG_CALLBACK(DEBUG_FLAGS, StringWrapper, Int32, StringWrapper, StringWrapper)
04-24 12:08:17.395 7754 7775 W Unity :
04-24 12:08:17.395 7754 7775 W Unity : (Filename: /Users/builduser/buildslave/unity/build/artifacts/generated/Android/runtime/DebugBindings.gen.cpp Line: 51)
04-24 12:08:17.395 7754 7775 W Unity :
04-24 12:08:17.398 7754 7775 D AAudio : AAudioStream_requestStart(0xb22b3a00)
04-24 12:08:17.399 719 7464 I APM_AudioPolicyManager: startOutput() output 13, stream 3, session 1689
04-24 12:08:17.399 719 7464 D APM_AudioPolicyManager: event 164
04-24 12:08:17.399 656 13613 E baidu_asr_interface: asr_baidu_set_parameters_data-not baidu asr
04-24 12:08:17.400 1729 1883 I PGServer: report state:2 event type:1 pid:7754 uid:10848 pkg:null to pid: 1176
04-24 12:08:17.400 1729 1883 I PGServer: report state:2 event type:1 pid:7754 uid:10848 pkg:null to pid: 1729
04-24 12:08:17.400 719 7464 V APM_AudioPolicyManager: setBeaconMute(1) mBeaconMuteRefCount=1 mBeaconPlayingRefCount=0
04-24 12:08:17.400 1729 1883 D AudioState: auido type:out state:start pid:7754 uid:10848
04-24 12:08:17.401 719 7464 V APM_AudioPolicyManager: selectOutputForMusicEffects activeOnly 1 outputs[0] flags 0x00000002
04-24 12:08:17.401 719 7464 V APM_AudioPolicyManager: selectOutputForMusicEffects selected output 13
04-24 12:08:17.401 719 7464 I APM_AudioPolicyManager: getNewOutputDevice() selected device 2
04-24 12:08:17.401 719 7464 I APM_AudioPolicyManager: setOutputDevice() device 0x0002 delayMs 0 force 0
04-24 12:08:17.401 719 7464 V APM_AudioPolicyManager: setOutputDevice() prevDevice 0x0002
04-24 12:08:17.401 719 7464 I APM_AudioPolicyManager: setOutputDevice() setting same device 0x0002 or null device
04-24 12:08:17.401 719 7464 D APM::Gains: volIndexToDb sUseVolCurveCust true
04-24 12:08:17.402 719 7464 D APM_AudioPolicyManager: set streamType 3, volume = 0, device = 2 for sws
04-24 12:08:17.402 719 7464 D APM::Gains: volIndexToDb sUseVolCurveCust true
04-24 12:08:17.402 656 932 E baidu_asr_interface: asr_baidu_set_parameters_data-not baidu asr
04-24 12:08:17.405 656 13613 E baidu_asr_interface: asr_baidu_set_parameters_data-not baidu asr
04-24 12:08:17.405 719 937 E stereoWidening_frame: sws is turned on
04-24 12:08:17.405 656 932 I audio_hw_effect: offload effect sws state: [1]
04-24 12:08:17.405 656 932 E baidu_asr_interface: asr_baidu_set_parameters_data-not baidu asr
04-24 12:08:17.406 656 932 E baidu_asr_interface: asr_baidu_set_parameters_data-not baidu asr
04-24 12:08:17.407 719 7464 I APM_AudioPolicyManager: checkOutputForStrategy() getDeviceForStrategy strategy=3 newDevice=2 oldDevice=2
04-24 12:08:17.408 7754 7775 D : PlayerBase::start() from IPlayer
04-24 12:08:17.410 656 6282 I audio_hw_primary: start_output_stream++: out_type = 0, out_device = 0x2,out->pcm[PCM_CARD] = 0x0, out->voice_pcm = 0x0
04-24 12:08:17.410 656 6282 I audio_hw_primary: select_devices++ mode[0]
04-24 12:08:17.410 656 6282 I audio_hw_primary: input_source_id 0, output_device_id 0x2
04-24 12:08:17.411 656 6282 I audio_hw_primary: select_devices() devices 0x2 input src 0 output route media-speaker input route none in_device 0
04-24 12:08:17.411 656 6282 I dsp_common: dsp_common_control_algo:set device = 2
04-24 12:08:17.413 656 6282 I audio_pop: pop change SMT_SIF_EN MIXER SIF_HSLR_EN dir 1
04-24 12:08:17.414 656 6282 I audio_pop: pop change HS_DAC_SEL_VIR SWITCH DAC dir 1
04-24 12:08:17.477 679 679 E WifiHAL : enter wifi_get_link_stats
04-24 12:08:17.482 742 742 E wificond: Failed to get NL80211_RATE_INFO_NOISE
04-24 12:08:17.482 742 742 E wificond: Failed to get NL80211_RATE_INFO_SNR
04-24 12:08:17.482 742 742 E wificond: Failed to get NL80211_STA_INFO_CNAHLOAD
04-24 12:08:17.482 1176 1337 E WificondControl: Noise: 0, Snr: -1, Chload: -1
04-24 12:08:17.483 1176 1339 D HwWifiCHRStateManager: handleMessage : 1001
04-24 12:08:17.483 1176 1339 D HwWifiCHRStateManager: handleUpdateChannel:2412
04-24 12:08:17.483 1176 1339 V HwWifiServiceFactory: get AllImpl object = com.android.server.wifi.HwWifiServiceFactoryImpl@2205edc
04-24 12:08:17.483 1176 1337 D HwCustWifiStateMachineReferenceImpl: checkRssiOverThreshold newRssi = -30
04-24 12:08:17.484 1176 1337 D WifiScoreReport: Score = 100, wifiConnectivityManagerEnabled = false, lowScoreCount = 0
04-24 12:08:17.561 656 6282 I audio_pop: pop change SMT_MIXOUT_HSLR_PD MIXER DACLR dir 1
04-24 12:08:17.561 656 6282 I dsp_common: dsp_common_control_algo:set device = 2
