04-24 12:09:11.937 1729 27267 I ThermalService: Receive temperature change, type: 1, temp: 36 from thermald
04-24 12:09:11.938 741 741 E Thermal-daemon: Report temperature: [pa_0] temp :36 report_threshold:1
04-24 12:09:11.940 741 741 E Thermal-daemon: [ap] temp_new :41 temp_old :40
04-24 12:09:11.941 1729 27267 I ThermalService: Receive temperature change, type: 0, temp: 41 from thermald
04-24 12:09:11.942 1729 2560 D HwThermalStateManager: Thermal type: 0 cur_temperature:41
04-24 12:09:11.942 741 741 E Thermal-daemon: Report temperature: [ap] temp :41 report_threshold:1
04-24 12:09:13.315 1176 1176 I TrafficMonitor: update:rxPkts:92,txPkts:2,rxBytes:15272,txBytes:372
04-24 12:09:13.315 1176 1176 I TrafficMonitor: start expired. level:-1
04-24 12:09:13.315 1176 1176 I TrafficMonitor: gettimer:interval=2000
04-24 12:09:14.427 487 7902 W libc : Set property "hw.wifi.dns_stat" to "310,28,476,1,4959"
04-24 12:09:14.481 777 777 E : [E/capacity_limit_control] not demo version, not set power control prop!
04-24 12:09:14.678 679 679 E WifiHAL : enter wifi_get_link_stats
04-24 12:09:14.683 742 742 E wificond: Failed to get NL80211_RATE_INFO_NOISE
04-24 12:09:14.683 742 742 E wificond: Failed to get NL80211_RATE_INFO_SNR
04-24 12:09:14.683 742 742 E wificond: Failed to get NL80211_STA_INFO_CNAHLOAD
04-24 12:09:14.684 1176 1337 E WificondControl: Noise: 0, Snr: -1, Chload: -1
04-24 12:09:14.684 1176 1339 D HwWifiCHRStateManager: handleMessage : 1001
04-24 12:09:14.684 1176 1339 D HwWifiCHRStateManager: handleUpdateChannel:2412
04-24 12:09:14.684 1176 1339 V HwWifiServiceFactory: get AllImpl object = com.android.server.wifi.HwWifiServiceFactoryImpl@2205edc
04-24 12:09:14.685 1176 1337 D HwCustWifiStateMachineReferenceImpl: checkRssiOverThreshold newRssi = -23
04-24 12:09:14.686 1176 1337 D WifiScoreReport: Score = 100, wifiConnectivityManagerEnabled = false, lowScoreCount = 0
04-24 12:09:14.705 1176 1338 D HwWifiStatStore: handleMessage : 200
04-24 12:09:15.186 1176 1392 D HwArpVerifier: performPollAndLog:
04-24 12:09:15.188 1176 1392 D hw_netstat: total/4862/4068,com.jiansheng.blmn.demo/4146/3958,unknown:0/716/110
04-24 12:09:15.316 1176 1176 I TrafficMonitor: update:rxPkts:90,txPkts:16,rxBytes:17828,txBytes:3696
04-24 12:09:15.316 1176 1176 I TrafficMonitor: no expired. level:2
04-24 12:09:15.317 1176 1176 I TrafficMonitor: gettimer:interval=2000
04-24 12:09:15.317 1176 1176 I TrafficMonitor: during_ms:2001,period_ms:2000
04-24 12:09:15.317 1176 1176 I TrafficMonitor: count:941,rx_sum:90,tx_sum:16,rxBytes:17828,during_ms:2001,rx_speed:8909.545227386307,tx_speed:1847.0764617691154,rto:5.625
04-24 12:09:15.317 1176 1176 D HuaweiWifiWatchdogStateMachine: speed: rxpkt:90, rxSpd:8909B/s, txpkt:16, txSpd:1847
04-24 12:09:15.436 1176 1204 D SmartcareProc: onSignalStrengthsChanged: signalStrength is: SignalStrength: 99 -1 0 0 -69 -91 32767 -1 32767 99 0 0 0 2147483647 0 -1 true cdma , on sub: 1
04-24 12:09:15.436 1176 1204 D SmartcareProc: SignalStrength update result, ss: SignalStrengthInfo:68043809 mGsmSignalStrength: -1 mWcdmaRscp: -1 mWcdmaEcio: -1 mLteRsrp: -1 mLteRsrq: -1 mCdmaDbm: -69 mCdmaEcio: -91 mEvdoDbm: 32767mEvdoEcio: -1mLteRssnr: -1
04-24 12:09:15.439 1176 1176 I MQoS : onSignal: mSubId=1,currDataSubID=1
04-24 12:09:15.440 1176 1176 I MQoS : received cell-signal:5
04-24 12:09:15.981 3756 3774 D LogUtil_LogConfig: obtainSavePath(): path = 1
04-24 12:09:15.982 3756 3774 D LogUtil_LogConfig: getLogFile(): logFilePath = /data/data/com.huawei.health/files/com.huawei.health/com.huawei.health_DaemonService/
04-24 12:09:15.982 3756 3774 D LogUtil_LogConfig: obtainSavePath(): path = 1
04-24 12:09:15.982 3756 3774 D LogUtil_LogConfig: acquireMaxLogFileLengthContainsOffset describe: com.huawei.health:DaemonService result:5242880
04-24 12:09:15.982 3756 3774 D LogUtil_LogConfig: obtainSavePath(): path = 1
04-24 12:09:15.983 3756 3774 D LogUtil_LogConfig: getLogFileRoot(): logFilePath = /data/data/com.huawei.health/files/com.huawei.health/com.huawei.health_DaemonService/
04-24 12:09:16.942 741 741 E Thermal-daemon: [shell_temp] temp_new :34 temp_old :35
04-24 12:09:16.943 1729 27267 I ThermalService: Receive temperature change, type: 22, temp: 34 from thermald
04-24 12:09:16.944 1729 27267 I ThermalTrace_ThermalRaise: Shell:34,35,34,currentBatteryTemp:33
04-24 12:09:16.944 741 741 E Thermal-daemon: Report temperature: [shell_temp] temp :34 report_threshold:1
04-24 12:09:16.944 741 741 E Thermal-daemon: [battery] temp_new :34 temp_old :33
04-24 12:09:16.945 1729 18882 I ThermalService: Receive temperature change, type: 9, temp: 34 from thermald
04-24 12:09:16.945 1729 18882 I ThermalTrace_ThermalRaise: Battery:34
04-24 12:09:16.945 1729 2560 W HwThermalStateManager: warning: no config thermal type:9 temperature:34
04-24 12:09:16.945 741 741 E Thermal-daemon: Report temperature: [battery] temp :34 report_threshold:1
04-24 12:09:16.947 741 741 E Thermal-daemon: [charger_ic] temp_new :39 temp_old :41
04-24 12:09:16.947 1729 27267 I ThermalService: Receive temperature change, type: 2, temp: 39 from thermald
04-24 12:09:16.948 741 741 E Thermal-daemon: Report temperature: [charger_ic] temp :39 report_threshold:1
04-24 12:09:16.948 1729 2560 D HwThermalStateManager: Thermal type: 2 cur_temperature:39
04-24 12:09:16.948 1729 2560 W HwThermalStateManager: warning: no config thermal type:2 temperature:39
04-24 12:09:17.317 1176 1176 I TrafficMonitor: update:rxPkts:73,txPkts:1,rxBytes:13077,txBytes:186
04-24 12:09:17.317 1176 1176 I TrafficMonitor: start expired. level:-1
04-24 12:09:17.317 1176 1176 I TrafficMonitor: gettimer:interval=2000
04-24 12:09:17.687 679 679 E WifiHAL : enter wifi_get_link_stats
04-24 12:09:17.692 742 742 E wificond: Failed to get NL80211_RATE_INFO_NOISE
04-24 12:09:17.692 742 742 E wificond: Failed to get NL80211_RATE_INFO_SNR
04-24 12:09:17.692 742 742 E wificond: Failed to get NL80211_STA_INFO_CNAHLOAD
04-24 12:09:17.692 1176 1337 E WificondControl: Noise: 0, Snr: -1, Chload: -1
04-24 12:09:17.693 1176 1339 D HwWifiCHRStateManager: handleMessage : 1001
04-24 12:09:17.693 1176 1339 D HwWifiCHRStateManager: handleUpdateChannel:2412
04-24 12:09:17.693 1176 1339 V HwWifiServiceFactory: get AllImpl object = com.android.server.wifi.HwWifiServiceFactoryImpl@2205edc
04-24 12:09:17.695 1176 1337 D HwCustWifiStateMachineReferenceImpl: checkRssiOverThreshold newRssi = -25
04-24 12:09:17.696 1176 1337 D WifiScoreReport: Score = 100, wifiConnectivityManagerEnabled = false, lowScoreCount = 0
04-24 12:09:17.711 1176 1338 D HwWifiStatStore: handleMessage : 200
04-24 12:09:18.784 742 742 E wificond: Failed to get NL80211_RATE_INFO_NOISE
04-24 12:09:18.784 742 742 E wificond: Failed to get NL80211_RATE_INFO_SNR
04-24 12:09:18.784 742 742 E wificond: Failed to get NL80211_STA_INFO_CNAHLOAD
04-24 12:09:18.785 1176 1337 E WificondControl: Noise: 0, Snr: -1, Chload: -1
04-24 12:09:18.785 1176 1339 D HwWifiCHRStateManager: handleMessage : 1001
04-24 12:09:18.785 1176 1339 D HwWifiCHRStateManager: handleUpdateChannel:2412
04-24 12:09:18.786 1176 1339 V HwWifiServiceFactory: get AllImpl object = com.android.server.wifi.HwWifiServiceFactoryImpl@2205edc
04-24 12:09:18.788 742 742 E wificond: Failed to get NL80211_RATE_INFO_NOISE
04-24 12:09:18.788 742 742 E wificond: Failed to get NL80211_RATE_INFO_SNR
04-24 12:09:18.788 742 742 E wificond: Failed to get NL80211_STA_INFO_CNAHLOAD
04-24 12:09:18.788 1176 1406 D HuaweiWifiWatchdogStateMachine: LM mrssi=-23
04-24 12:09:18.789 1176 1406 D HuaweiWifiWatchdogStateMachine: a4:fa:**:**:eb:b0 current loss[-45]=0%, volume=20
04-24 12:09:18.789 1176 1406 D HuaweiWifiWatchdogStateMachine: a4:fa:**:**:eb:b0 history loss[-45]=0%, volume=13825232
04-24 12:09:18.789 1176 1406 I HuaweiWifiWatchdogStateMachine: spd good count:0, add sc:0.0, rate:1.0
04-24 12:09:18.789 1176 1406 I HuaweiWifiWatchdogStateMachine: current mHighDataFlowRate = 1.0
04-24 12:09:18.789 1176 1406 I HuaweiWifiWatchdogStateMachine: POta txb txg rxg:0, 47, 0. Lr =0% Totpkt=47
04-24 12:09:18.790 1176 1176 D WiFi_PRO: MSG_RETURN_AP_CURRY_RSSI rssi = -23
04-24 12:09:18.790 1176 1176 I QosMonitor: queryRtt: rtt_type = 3
04-24 12:09:18.790 1176 3109 D HwWifiConnectivityMonitor: ENTER: notifyTopUidTcpInfo, tx = 11, rx = 10, reTx = 0, uid = 10848, tr = 0.0
04-24 12:09:18.790 1176 1176 I HwQoEJNI: send_cmd_kernel. begin
04-24 12:09:18.790 1176 3109 D HwWifiConnectivityMonitor: ENTER: notifyTopUidTcpInfo, rtt = 224, rttPkts = 5, aveRtt = 44.8, app = com.jiansheng.blmn.demo
04-24 12:09:18.790 1176 1176 I HwQoEJNI: send_cmd_kernel. end
04-24 12:09:18.790 1176 1176 I QosMonitor: postEventFromNative: msg=100,arg1=4,arg2=10
04-24 12:09:18.790 1176 3109 D HwUidTcpMonitor: parseWlanUidTcpStatistics lastUidTcpStatInfo = [ mUid = 10848 mPacketName = com.jiansheng.blmn.demo mSendSegs = 2483 mResendSegs = 0 mRcvSegs = 2887 ]
04-24 12:09:18.790 1176 1400 D HwWifiConnectivityMonitor: handleTopUidInternetStatusChanged, uid = 10848, status = 0
04-24 12:09:18.790 1176 1176 I HwQoEJNI: send_cmd_kernel. begin
04-24 12:09:18.790 1176 1176 I HwQoEJNI: send_cmd_kernel. end
04-24 12:09:18.791 1176 1176 I QosMonitor: postEventFromNative: msg=100,arg1=0,arg2=10
04-24 12:09:18.791 1176 1176 D HuaweiWifiWatchdogStateMachine: a4:fa:**:**:eb:b0 current RTT[-45]=400, volume=7
04-24 12:09:18.791 1176 1176 D HuaweiWifiWatchdogStateMachine: a4:fa:**:**:eb:b0 history RTT[-45]=511, volume=60816
04-24 12:09:18.791 1176 1176 D HuaweiWifiWatchdogStateMachine: setSampleRtt: rtt=400,rtt_pkts =7,rtt_when=4
04-24 12:09:18.791 1176 1176 I MQoS : rtt=400,tcp_tx_pkts=480848,tcp_rx_pkts=921357
04-24 12:09:18.791 1176 1176 I QosMonitor: resetRtt: rtt_type = 3
04-24 12:09:18.791 1176 1176 I HwQoEJNI: send_cmd_kernel. begin
04-24 12:09:18.792 1176 1176 I HwQoEJNI: send_cmd_kernel. end
04-24 12:09:18.792 1176 1406 D HuaweiWifiWatchdogStateMachine: dumpTcpResult: len=10,rtt=400,rttPkt=7,rttWn=4,cgt=0,cgtWn=0
04-24 12:09:18.792 1176 1406 I HuaweiWifiWatchdogStateMachine: PTcp RTT:400, rtt pkt=7, tcp_rx=13, tcp_tx=13, tcp_reTran=0, rtRate=0
04-24 12:09:18.792 1176 1406 D HuaweiWifiWatchdogStateMachine: isRttGood is good, AvgRtt = 400, TotPkt = 7
04-24 12:09:18.792 1176 1406 D HuaweiWifiWatchdogStateMachine: mRssiBadCount =0, RSSI not bad.
04-24 12:09:18.792 1176 1406 D HuaweiWifiWatchdogStateMachine: detectNetworkAvailable:hw.wifipro.dns_fail_count = 131
04-24 12:09:18.792 1176 1406 D HuaweiWifiWatchdogStateMachine: detectNetworkAvailable: tcpRxPkts != 0, reset
04-24 12:09:18.792 1176 1406 I HuaweiWifiWatchdogStateMachine: rs ota tcp lr rttvb bad: false, false, false, false, false; rsth:-75
04-24 12:09:18.792 1176 1406 D HuaweiWifiWatchdogStateMachine: GSC:0, GSR:1.0, RSR:1.0, RTH:-75
04-24 12:09:18.792 1176 1406 D HuaweiWifiWatchdogStateMachine: goodperiod count=1, rb rttg sg =false, true, false
04-24 12:09:18.792 1176 1406 D HuaweiWifiWatchdogStateMachine: bqeLevel = 3 rtt=400,rtt_pkts=7 speed=9202 rssi=-23
04-24 12:09:18.792 1176 1406 D HuaweiWifiWatchdogStateMachine: Enter updateQoeLevel level = 3
04-24 12:09:18.792 1176 1406 D HuaweiWifiWatchdogStateMachine: updateQoeLevel need two more periods, return
04-24 12:09:18.792 1176 1406 I HuaweiWifiWatchdogStateMachine: pkt chk not bad, reset sc to 0.
04-24 12:09:18.792 1176 1406 D HuaweiWifiWatchdogStateMachine: ### mPktChkBadCnt=0
04-24 12:09:18.796 1176 3515 I MQoS : QOS_level:0(0),wifi-link;SIM error;use level-0
04-24 12:09:19.184 1176 1589 W Watchdog: hungtask: writing kick
04-24 12:09:19.184 1176 1202 I EventHub: EventHub monitor: no key events in the past 5972s, no motion events in the past 70s
04-24 12:09:19.318 1176 1176 I TrafficMonitor: update:rxPkts:82,txPkts:2,rxBytes:13598,txBytes:372
04-24 12:09:19.318 1176 1176 I TrafficMonitor: start expired. level:-1
04-24 12:09:19.319 1176 1176 I TrafficMonitor: gettimer:interval=2000
04-24 12:09:19.488 777 777 E : [E/capacity_limit_control] not demo version, not set power control prop!
04-24 12:09:19.528 1176 1288 D HwBatteryService: onUEvent fcpStatus = 0,scpStatus =0,ovpStatus=0
04-24 12:09:19.529 1176 1288 I UsbDeviceManager: water_intrused state= 0
04-24 12:09:19.536 1463 1463 D KeyguardUpdateMonitor: received broadcast android.intent.action.BATTERY_CHANGED
04-24 12:09:19.537 1463 1463 W KeyguardUpdateMonitor: ACTION_BATTERY_CHANGED AMP: 500000; Volt: 5000000
04-24 12:09:19.537 1463 1463 V KeyguardUpdateMonitor: RefreshBatteryInfo isBatteryLow: 70
04-24 12:09:19.537 1463 1463 W KeyguardUpdateMonitor: ChargingSpeed Wattage: 2500000 ST: 5000000 --> 7500000
04-24 12:09:19.537 1463 1463 I KgBattery: BatteryInfo updated: 2lPc0
04-24 12:09:19.537 1463 1463 W AppHandler: sendMessage with obj100
04-24 12:09:19.537 1463 1463 D KeyguardUpdateMonitor: handleBatteryUpdate
04-24 12:09:19.537 1463 1463 W HwLockScreenPanel: Handle message: 100
04-24 12:09:19.537 1463 1463 W HwKeyguardBottomArea: updateBatteryInfo : false true
04-24 12:09:19.537 1463 1463 W KgBattery: getCharge info with type: text
04-24 12:09:19.540 1729 1729 I MsgReceiver: intent action: android.intent.action.BATTERY_CHANGED
04-24 12:09:19.540 1463 1463 W HwLockScreenPanel: refreshBatteryInfo: null
04-24 12:09:19.542 5515 5671 E CloudAlbum[8.1.2.309]: [ReceiverManager] not log on ignore
04-24 12:09:19.542 1176 1176 D HwInnerWifiManagerImpl: SupplicantState = COMPLETED
04-24 12:09:19.542 1176 1176 D HwInnerWifiManagerImpl: isPhoneAP = false
04-24 12:09:19.543 1176 1176 D HwInnerWifiManagerImpl: SupplicantState = COMPLETED
04-24 12:09:19.543 1176 1176 D HwInnerWifiManagerImpl: isPhoneAP = false
04-24 12:09:19.543 1176 1176 D WifiStateMachine: mBcastReceiver: PluggedType = 2 mIsScanCtrlPluggedin = true
04-24 12:09:19.544 1176 1176 D HwWifiService: mPluggedType =2
04-24 12:09:19.544 1176 1176 D WifiService: onReceive, action:android.intent.action.BATTERY_CHANGED
04-24 12:09:19.545 1176 1176 D WifiService: ACTION_BATTERY_CHANGED pluggedType: 2
04-24 12:09:20.193 1176 1392 D HwArpVerifier: performPollAndLog:
04-24 12:09:20.196 1176 1392 D hw_netstat: total/466/930,com.jiansheng.blmn.demo/0/930,unknown:0/466/0
04-24 12:09:20.317 1176 1176 I TrafficMonitor: expired arrive. level:-1
04-24 12:09:20.318 1176 1176 I TrafficMonitor: during_ms:2001,period_ms:2000
04-24 12:09:20.318 1176 1176 I TrafficMonitor: count:943,rx_sum:82,tx_sum:2,rxBytes:13598,during_ms:2001,rx_speed:6795.60219890055,tx_speed:185.90704647676162,rto:41.0
04-24 12:09:20.318 1176 1176 D HuaweiWifiWatchdogStateMachine: speed: rxpkt:82, rxSpd:6795B/s, txpkt:2, txSpd:185
04-24 12:09:20.699 679 679 E WifiHAL : enter wifi_get_link_stats
04-24 12:09:20.704 742 742 E wificond: Failed to get NL80211_RATE_INFO_NOISE
04-24 12:09:20.704 742 742 E wificond: Failed to get NL80211_RATE_INFO_SNR
04-24 12:09:20.704 742 742 E wificond: Failed to get NL80211_STA_INFO_CNAHLOAD
04-24 12:09:20.704 1176 1337 E WificondControl: Noise: 0, Snr: -1, Chload: -1
04-24 12:09:20.705 1176 1339 D HwWifiCHRStateManager: handleMessage : 1001
04-24 12:09:20.705 1176 1339 D HwWifiCHRStateManager: handleUpdateChannel:2412
04-24 12:09:20.705 1176 1339 V HwWifiServiceFactory: get AllImpl object = com.android.server.wifi.HwWifiServiceFactoryImpl@2205edc
04-24 12:09:20.705 1176 1337 D HwCustWifiStateMachineReferenceImpl: checkRssiOverThreshold newRssi = -25
04-24 12:09:20.705 1176 1337 D WifiScoreReport: Score = 100, wifiConnectivityManagerEnabled = false, lowScoreCount = 0
04-24 12:09:20.716 1176 1338 D HwWifiStatStore: handleMessage : 200
04-24 12:09:21.320 1176 1176 I TrafficMonitor: update:rxPkts:91,txPkts:2,rxBytes:15601,txBytes:372
04-24 12:09:21.320 1176 1176 I TrafficMonitor: start expired. level:-1
04-24 12:09:21.320 1176 1176 I TrafficMonitor: gettimer:interval=2000
04-24 12:09:21.950 741 741 E Thermal-daemon: [charger_ic] temp_new :40 temp_old :39
04-24 12:09:21.952 1176 1176 I MQoS : onSignal: mSubId=1,currDataSubID=1
04-24 12:09:21.953 1176 1176 I MQoS : received cell-signal:5
04-24 12:09:21.951 1729 18882 I ThermalService: Receive temperature change, type: 2, temp: 40 from thermald
04-24 12:09:21.953 1176 1204 D SmartcareProc: onSignalStrengthsChanged: signalStrength is: SignalStrength: 99 -1 0 0 -69 -102 32767 -1 32767 99 0 0 0 2147483647 0 -1 true cdma , on sub: 1
04-24 12:09:21.954 1176 1204 D SmartcareProc: SignalStrength update result, ss: SignalStrengthInfo:68043809 mGsmSignalStrength: -1 mWcdmaRscp: -1 mWcdmaEcio: -1 mLteRsrp: -1 mLteRsrq: -1 mCdmaDbm: -69 mCdmaEcio: -102 mEvdoDbm: 32767mEvdoEcio: -1mLteRssnr: -1
04-24 12:09:21.954 741 741 E Thermal-daemon: Report temperature: [charger_ic] temp :40 report_threshold:1
04-24 12:09:21.956 1729 2560 D HwThermalStateManager: Thermal type: 2 cur_temperature:40
04-24 12:09:21.956 1729 2560 W HwThermalStateManager: warning: no config thermal type:2 temperature:40
04-24 12:09:23.321 1176 1176 I TrafficMonitor: update:rxPkts:69,txPkts:2,rxBytes:13131,txBytes:372
04-24 12:09:23.321 1176 1176 I TrafficMonitor: start expired. level:-1
04-24 12:09:23.322 1176 1176 I TrafficMonitor: gettimer:interval=2000
04-24 12:09:23.709 679 679 E WifiHAL : enter wifi_get_link_stats
04-24 12:09:23.714 742 742 E wificond: Failed to get NL80211_RATE_INFO_NOISE
04-24 12:09:23.714 742 742 E wificond: Failed to get NL80211_RATE_INFO_SNR
04-24 12:09:23.714 742 742 E wificond: Failed to get NL80211_STA_INFO_CNAHLOAD
04-24 12:09:23.715 1176 1337 E WificondControl: Noise: 0, Snr: -1, Chload: -1
04-24 12:09:23.715 1176 1339 D HwWifiCHRStateManager: handleMessage : 1001
04-24 12:09:23.716 1176 1339 D HwWifiCHRStateManager: handleUpdateChannel:2412
04-24 12:09:23.716 1176 1339 V HwWifiServiceFactory: get AllImpl object = com.android.server.wifi.HwWifiServiceFactoryImpl@2205edc
04-24 12:09:23.718 1176 1337 D HwCustWifiStateMachineReferenceImpl: checkRssiOverThreshold newRssi = -31
04-24 12:09:23.718 1176 1337 D WifiScoreReport: Score = 100, wifiConnectivityManagerEnabled = false, lowScoreCount = 0
04-24 12:09:23.720 1176 1338 D HwWifiStatStore: handleMessage : 200
04-24 12:09:24.103 656 6282 D asd : [asd_proc_hal_data],hal data soundness: L[0],R[0]
04-24 12:09:24.534 777 777 E : [E/capacity_limit_control] not demo version, not set power control prop!
04-24 12:09:25.167 1176 1392 D HwArpVerifier: check_wifi_state_mode = 0 mCheckStateToken=25 token25
04-24 12:09:25.168 1176 1392 D wifiserviceimpl: netmask =16777215
04-24 12:09:25.210 1176 1392 D HWMultiGW: setGateWay 192.168.1.1
04-24 12:09:25.324 1176 1176 I TrafficMonitor: update:rxPkts:72,txPkts:2,rxBytes:11920,txBytes:372
04-24 12:09:25.324 1176 1176 I TrafficMonitor: start expired. level:-1
04-24 12:09:25.324 1176 1176 I TrafficMonitor: gettimer:interval=2000
04-24 12:09:25.521 722 722 D DE N ACA: updateParam:145: mFilteredCct = 291.000000, mAscendDeltaCctMax = 81.480003, mDescendDeltaCctMax = 49.885715
04-24 12:09:25.522 722 722 D DE N SR : setAmbientParam:941: DE_SCENE_ACTION_AMBIENT_CHANGE set mLux:1016 mCt:291
04-24 12:09:26.211 1176 1392 D HwArpVerifier: getGateWayARPResponses: arp rtt = 7
04-24 12:09:26.212 1176 1392 E HwCHRWifiRSSIGroupSummery: updatArpSummery mRSSI:-31 HwCHRWifiRSSIGroup [rssi_index=4, rtt_tcp_packets=0, rtt_tcp_duration=0, rtt_lan_duration=6670, rtt_lan_failures=0, rtt_lan_succ=310, rtt_lan_max=939, rtt_lan_min=3,same_area_frequency=0,adjacent_area_frequency=0]
04-24 12:09:26.251 1176 1392 D HwArpVerifier: There are 1 mac address for gateway
04-24 12:09:26.251 1176 1392 D HwArpVerifier: from HEART_CHECK transmit to state:HEART_CHECK
04-24 12:09:26.251 1176 1392 D HwArpVerifier: msg what=124 arg1(token)=25 arg2(mode)=0 delay=30000
04-24 12:09:26.251 1176 1392 D HwArpVerifier: performPollAndLog:
04-24 12:09:26.253 1176 1392 D hw_netstat: total/0/1116,com.jiansheng.blmn.demo/0/1116
04-24 12:09:26.316 768 1103 I logserver: thread_logcontrol, socket_server = 41, changed.
04-24 12:09:26.316 768 1103 I logserver: handle_connection_event, socket client 110 connected!
04-24 12:09:26.316 768 1103 I logserver: thread_logcontrol, socket_client = 110, changed.
04-24 12:09:26.316 768 1103 I logserver: thread_logcontrol, socket_client = 110, OK.
04-24 12:09:26.316 768 1103 I logserver: handle_client_event, socket_client = 110.
04-24 12:09:26.317 768 1103 I logserver: recv 52 bytes, errno=32
04-24 12:09:26.317 768 1103 I logserver: handle_client_event, rcv [{uploadReady:uploadReadyParam=1587701376315;10000;2}]
04-24 12:09:26.317 768 1103 I logserver: handle_client_event: msg = {uploadReady:uploadReadyParam=1587701376315;10000;2}
04-24 12:09:26.317 768 1103 I logserver: handle_one_socket_command: one command = uploadReady:uploadReadyParam=1587701376315;10000;2
04-24 12:09:26.317 768 1103 I logserver: handle_one_socket_command, has :
04-24 12:09:26.317 768 1103 I logserver: handle_one_socket_command, cmd = uploadReady, content = uploadReadyParam=1587701376315;10000;2
04-24 12:09:26.317 768 1103 I logserver: handle_one_socket_command, match cmd, client_cmd_tbl = uploadReady
04-24 12:09:26.317 768 1103 I logserver: handle_client_upload_ready, into
04-24 12:09:26.317 768 1103 E logserver: deadline_time is 1587701376315
04-24 12:09:26.317 768 1103 E logserver: wait_time_len is 0
04-24 12:09:26.317 768 1103 E logserver: special_tag is 2
04-24 12:09:26.317 768 1103 I iMonitor: create: 902500004
04-24 12:09:26.318 768 1103 I iMonitor: send: 902500004
04-24 12:09:26.318 768 1103 I iMonitor: create: 902500004
04-24 12:09:26.318 768 1103 I chatty : uid=0(root) logcontrol identical 23 lines
04-24 12:09:26.318 768 1103 I iMonitor: create: 902500004
04-24 12:09:26.318 768 1103 I iMonitor: send: 902500004
04-24 12:09:26.318 768 1103 I iMonitor: create: 902500004
04-24 12:09:26.319 768 1103 I chatty : uid=0(root) logcontrol identical 2 lines
04-24 12:09:26.319 768 1103 I iMonitor: create: 902500004
04-24 12:09:26.319 768 1103 I iMonitor: send: 902500004
04-24 12:09:26.319 768 1103 I iMonitor: create: 902500004
04-24 12:09:26.319 768 1103 I iMonitor: send: 902500004
04-24 12:09:26.319 768 1103 I iMonitor: create: 902500004
04-24 12:09:26.319 768 1103 I chatty : uid=0(root) logcontrol identical 11 lines
04-24 12:09:26.319 768 1103 I iMonitor: create: 902500004
04-24 12:09:26.319 768 1103 I iMonitor: send: 902500004
04-24 12:09:26.319 768 1103 I iMonitor: create: 902500004
04-24 12:09:26.319 768 1103 I chatty : uid=0(root) logcontrol identical 1 line
04-24 12:09:26.319 768 1103 I iMonitor: create: 902500004
04-24 12:09:26.320 1176 1176 I TrafficMonitor: expired arrive. level:-1
04-24 12:09:26.320 1176 1176 I TrafficMonitor: during_ms:2003,period_ms:2000
04-24 12:09:26.320 1176 1176 I TrafficMonitor: count:946,rx_sum:72,tx_sum:2,rxBytes:11920,during_ms:2003,rx_speed:5951.073389915127,tx_speed:185.7214178731902,rto:36.0
04-24 12:09:26.320 1176 1176 D HuaweiWifiWatchdogStateMachine: speed: rxpkt:72, rxSpd:5951B/s, txpkt:2, txSpd:185
04-24 12:09:26.321 768 1103 I iMonitor: create: 902500004
04-24 12:09:26.321 768 1103 I iMonitor: send: 902500004
04-24 12:09:26.321 768 1103 I iMonitor: create: 902500004
04-24 12:09:26.321 768 1103 I chatty : uid=0(root) logcontrol identical 11 lines
04-24 12:09:26.321 768 1103 I iMonitor: create: 902500004
04-24 12:09:26.321 768 1103 I iMonitor: send: 902500004
04-24 12:09:26.321 768 1103 I iMonitor: create: 902500004
04-24 12:09:26.321 768 1103 I chatty : uid=0(root) logcontrol identical 1 line
04-24 12:09:26.321 768 1103 I iMonitor: create: 902500004
04-24 12:09:26.323 768 1103 I iMonitor: create: 902500002
04-24 12:09:26.323 768 1103 I iMonitor: send: 902500002
04-24 12:09:26.323 768 1103 I iMonitor: create: 902500004
04-24 12:09:26.323 768 1103 I iMonitor: send: 902500004
04-24 12:09:26.323 768 1103 I iMonitor: create: 902500004
04-24 12:09:26.335 768 1103 I chatty : uid=0(root) logcontrol identical 367 lines
04-24 12:09:26.339 768 1103 I iMonitor: create: 902500004
04-24 12:09:26.339 768 1103 I iMonitor: send: 902500004
04-24 12:09:26.339 768 1103 I iMonitor: create: 902500004
04-24 12:09:26.339 768 1103 I chatty : uid=0(root) logcontrol identical 2 lines
04-24 12:09:26.339 768 1103 I iMonitor: create: 902500004
04-24 12:09:26.339 768 1103 I iMonitor: send: 902500004
04-24 12:09:26.339 768 1103 I iMonitor: create: 902500004
04-24 12:09:26.339 768 1103 I iMonitor: send: 902500004
04-24 12:09:26.339 768 1103 I iMonitor: create: 902500004
04-24 12:09:26.339 768 1103 I iMonitor: send: 902500004
04-24 12:09:26.340 768 1103 I iMonitor: create: 902500004
04-24 12:09:26.340 768 1103 I iMonitor: send: 902500004
04-24 12:09:26.340 768 1103 I iMonitor: create: 902500004
04-24 12:09:26.340 768 1103 I iMonitor: send: 902500004
04-24 12:09:26.340 768 1103 I iMonitor: create: 902500004
04-24 12:09:26.340 768 1103 I iMonitor: send: 902500004
04-24 12:09:26.340 768 1103 I iMonitor: create: 902500004
04-24 12:09:26.340 768 1103 I iMonitor: send: 902500004
04-24 12:09:26.340 768 1103 I iMonitor: create: 902500004
04-24 12:09:26.340 768 1103 I iMonitor: send: 902500004
04-24 12:09:26.340 768 1103 I iMonitor: create: 902500004
04-24 12:09:26.340 768 1103 I iMonitor: send: 902500004
04-24 12:09:26.340 768 1103 I iMonitor: create: 902500004
04-24 12:09:26.340 768 1103 I iMonitor: send: 902500004
04-24 12:09:26.340 768 1103 I iMonitor: create: 902500004
04-24 12:09:26.340 768 1103 I iMonitor: send: 902500004
04-24 12:09:26.341 768 1103 I iMonitor: create: 902500004
04-24 12:09:26.341 768 1103 I iMonitor: send: 902500004
04-24 12:09:26.341 768 1103 I iMonitor: create: 902500004
04-24 12:09:26.341 768 1103 I iMonitor: send: 902500004
04-24 12:09:26.341 768 1103 I iMonitor: create: 902500004
04-24 12:09:26.341 768 1103 I iMonitor: send: 902500004
04-24 12:09:26.341 768 1103 I iMonitor: create: 902500004
04-24 12:09:26.342 768 1103 I chatty : uid=0(root) logcontrol identical 23 lines
04-24 12:09:26.342 768 1103 I iMonitor: create: 902500004
04-24 12:09:26.342 768 1103 I iMonitor: send: 902500004
04-24 12:09:26.342 768 1103 I iMonitor: create: 902500004
04-24 12:09:26.342 768 1103 I iMonitor: send: 902500004
04-24 12:09:26.342 768 1103 I iMonitor: create: 902500004
04-24 12:09:26.342 768 1103 I chatty : uid=0(root) logcontrol identical 1 line
04-24 12:09:26.342 768 1103 I iMonitor: create: 902500004
04-24 12:09:26.342 768 1103 I iMonitor: send: 902500004
04-24 12:09:26.342 768 1103 E JankService: JankFrequencyMonitor action return :0
04-24 12:09:26.342 768 1103 I iMonitor: create: 902500008
04-24 12:09:26.342 768 1103 I iMonitor: send: 902500008
04-24 12:09:26.342 768 1103 I iMonitor: create: 902500007
04-24 12:09:26.342 768 1103 I iMonitor: create: 902500007
04-24 12:09:26.342 768 1103 I iMonitor: send: 902500007
04-24 12:09:26.343 768 1103 I iMonitor: create: 902500007
04-24 12:09:26.344 768 1103 I iMonitor: send: 902500007
04-24 12:09:26.344 768 1103 I iMonitor: create: 902500007
04-24 12:09:26.344 768 1103 I iMonitor: create: 902500007
04-24 12:09:26.344 768 1103 I iMonitor: send: 902500007
04-24 12:09:26.345 768 1103 I iMonitor: create: 902500007
04-24 12:09:26.345 768 1103 I iMonitor: send: 902500007
04-24 12:09:26.345 768 1103 I iMonitor: create: 902500007
04-24 12:09:26.345 768 1103 I iMonitor: send: 902500007
04-24 12:09:26.346 768 1103 I iMonitor: create: 902500007
04-24 12:09:26.346 768 1103 I iMonitor: send: 902500007
04-24 12:09:26.346 768 1103 I iMonitor: create: 902500007
04-24 12:09:26.346 768 1103 I iMonitor: send: 902500007
04-24 12:09:26.347 768 1103 I iMonitor: create: 902500007
04-24 12:09:26.347 768 1103 I iMonitor: send: 902500007
04-24 12:09:26.347 768 1103 I iMonitor: create: 902500007
04-24 12:09:26.355 768 1103 E logserver: send_to_client, send failed, errno=32
04-24 12:09:26.355 768 1103 I logserver: thread_logcontrol, socket_client = 110, OK.
04-24 12:09:26.721 679 679 E WifiHAL : enter wifi_get_link_stats
04-24 12:09:26.725 742 742 E wificond: Failed to get NL80211_RATE_INFO_NOISE
04-24 12:09:26.726 742 742 E wificond: Failed to get NL80211_RATE_INFO_SNR
04-24 12:09:26.726 742 742 E wificond: Failed to get NL80211_STA_INFO_CNAHLOAD
04-24 12:09:26.726 1176 1337 E WificondControl: Noise: 0, Snr: -1, Chload: -1
04-24 12:09:26.726 1176 1339 D HwWifiCHRStateManager: handleMessage : 1001
04-24 12:09:26.726 1176 1339 D HwWifiCHRStateManager: handleUpdateChannel:2412
04-24 12:09:26.727 1176 1339 V HwWifiServiceFactory: get AllImpl object = com.android.server.wifi.HwWifiServiceFactoryImpl@2205edc
04-24 12:09:26.728 1176 1337 D HwCustWifiStateMachineReferenceImpl: checkRssiOverThreshold newRssi = -31
04-24 12:09:26.728 1176 1337 D WifiScoreReport: Score = 100, wifiConnectivityManagerEnabled = false, lowScoreCount = 0
04-24 12:09:26.728 1176 1338 D HwWifiStatStore: handleMessage : 200
04-24 12:09:26.784 742 742 E wificond: Failed to get NL80211_RATE_INFO_NOISE
04-24 12:09:26.784 742 742 E wificond: Failed to get NL80211_RATE_INFO_SNR
04-24 12:09:26.784 742 742 E wificond: Failed to get NL80211_STA_INFO_CNAHLOAD
04-24 12:09:26.785 1176 1337 E WificondControl: Noise: 0, Snr: -1, Chload: -1
04-24 12:09:26.785 1176 1339 D HwWifiCHRStateManager: handleMessage : 1001
04-24 12:09:26.785 1176 1339 D HwWifiCHRStateManager: handleUpdateChannel:2412
04-24 12:09:26.785 1176 1339 V HwWifiServiceFactory: get AllImpl object = com.android.server.wifi.HwWifiServiceFactoryImpl@2205edc
04-24 12:09:26.787 742 742 E wificond: Failed to get NL80211_RATE_INFO_NOISE
04-24 12:09:26.787 742 742 E wificond: Failed to get NL80211_RATE_INFO_SNR
04-24 12:09:26.787 742 742 E wificond: Failed to get NL80211_STA_INFO_CNAHLOAD
04-24 12:09:26.788 1176 1406 D HuaweiWifiWatchdogStateMachine: LM mrssi=-31
04-24 12:09:26.788 1176 1406 D HuaweiWifiWatchdogStateMachine: a4:fa:**:**:eb:b0 current loss[-45]=0%, volume=9
04-24 12:09:26.788 1176 1406 D HuaweiWifiWatchdogStateMachine: a4:fa:**:**:eb:b0 history loss[-45]=0%, volume=13825241
04-24 12:09:26.788 1176 1406 I HuaweiWifiWatchdogStateMachine: spd good count:0, add sc:0.0, rate:1.0
04-24 12:09:26.788 1176 1406 I HuaweiWifiWatchdogStateMachine: current mHighDataFlowRate = 1.0
04-24 12:09:26.788 1176 1406 I HuaweiWifiWatchdogStateMachine: POta txb txg rxg:0, 9, 0. Lr =0% Totpkt=9
04-24 12:09:26.790 1176 1176 D WiFi_PRO: MSG_RETURN_AP_CURRY_RSSI rssi = -31
04-24 12:09:26.791 1176 1176 I QosMonitor: queryRtt: rtt_type = 3
04-24 12:09:26.793 1176 1176 I HwQoEJNI: send_cmd_kernel. begin
04-24 12:09:26.793 1176 1176 I HwQoEJNI: send_cmd_kernel. end
04-24 12:09:26.793 1176 1176 I QosMonitor: postEventFromNative: msg=100,arg1=4,arg2=10
04-24 12:09:26.793 1176 1176 I HwQoEJNI: send_cmd_kernel. begin
04-24 12:09:26.794 1176 1176 I HwQoEJNI: send_cmd_kernel. end
04-24 12:09:26.794 1176 1176 I QosMonitor: postEventFromNative: msg=100,arg1=0,arg2=10
04-24 12:09:26.794 1176 1176 D HuaweiWifiWatchdogStateMachine: setSampleRtt: unvalid rtt
04-24 12:09:26.795 1176 1176 I MQoS : rtt=400,tcp_tx_pkts=480848,tcp_rx_pkts=921357
04-24 12:09:26.796 1176 1406 D HuaweiWifiWatchdogStateMachine: dumpTcpResult: len=10,rtt=400,rttPkt=7,rttWn=12,cgt=0,cgtWn=0
04-24 12:09:26.796 1176 1406 I HuaweiWifiWatchdogStateMachine: PTcp RTT:0, rtt pkt=0, tcp_rx=0, tcp_tx=0, tcp_reTran=0, rtRate=0
04-24 12:09:26.796 1176 1406 D HuaweiWifiWatchdogStateMachine: mRssiBadCount =0, RSSI not bad.
04-24 12:09:26.796 1176 1406 D HuaweiWifiWatchdogStateMachine: detectNetworkAvailable:hw.wifipro.dns_fail_count = 131
04-24 12:09:26.796 1176 1406 D HuaweiWifiWatchdogStateMachine: bqeLevel = 2 rtt=0,rtt_pkts=0 speed=6795 rssi=-31
04-24 12:09:26.796 1176 1406 D HuaweiWifiWatchdogStateMachine: Enter updateQoeLevel level = 2
04-24 12:09:26.796 1176 1406 D HuaweiWifiWatchdogStateMachine: updateQoeLevel current level equal to mLastDetectLevel, return
04-24 12:09:26.796 1176 1406 D HuaweiWifiWatchdogStateMachine: did not have any network action
04-24 12:09:26.800 1176 3515 I MQoS : QOS_level:0(0),wifi-link;SIM error;use level-0
04-24 12:09:26.956 741 741 E Thermal-daemon: [charger_ic] temp_new :39 temp_old :40
04-24 12:09:26.957 1729 18882 I ThermalService: Receive temperature change, type: 2, temp: 39 from thermald
04-24 12:09:26.958 1729 2560 D HwThermalStateManager: Thermal type: 2 cur_temperature:39
04-24 12:09:26.958 1729 2560 W HwThermalStateManager: warning: no config thermal type:2 temperature:39
04-24 12:09:26.958 741 741 E Thermal-daemon: Report temperature: [charger_ic] temp :39 report_threshold:1
04-24 12:09:27.325 1176 1176 I TrafficMonitor: update:rxPkts:78,txPkts:2,rxBytes:13396,txBytes:372
04-24 12:09:27.325 1176 1176 I TrafficMonitor: start expired. level:-1
04-24 12:09:27.325 1176 1176 I TrafficMonitor: gettimer:interval=2000
04-24 12:09:27.960 1176 1204 D SmartcareProc: onSignalStrengthsChanged: signalStrength is: SignalStrength: 99 -1 0 0 -70 -102 32767 -1 32767 99 0 0 0 2147483647 0 -1 true cdma , on sub: 1
04-24 12:09:27.960 1176 1204 D SmartcareProc: SignalStrength update result, ss: SignalStrengthInfo:68043809 mGsmSignalStrength: -1 mWcdmaRscp: -1 mWcdmaEcio: -1 mLteRsrp: -1 mLteRsrq: -1 mCdmaDbm: -70 mCdmaEcio: -102 mEvdoDbm: 32767mEvdoEcio: -1mLteRssnr: -1
04-24 12:09:27.962 1176 1176 I MQoS : onSignal: mSubId=1,currDataSubID=1
04-24 12:09:27.962 1176 1176 I MQoS : received cell-signal:5
04-24 12:09:29.327 1176 1176 I TrafficMonitor: update:rxPkts:71,txPkts:2,rxBytes:13335,txBytes:372
04-24 12:09:29.327 1176 1176 I TrafficMonitor: start expired. level:-1
04-24 12:09:29.327 1176 1176 I TrafficMonitor: gettimer:interval=2000
04-24 12:09:29.538 777 777 E : [E/capacity_limit_control] not demo version, not set power control prop!
04-24 12:09:29.732 679 679 E WifiHAL : enter wifi_get_link_stats
04-24 12:09:29.733 1176 1338 D HwWifiStatStore: handleMessage : 200
04-24 12:09:29.735 742 742 E wificond: Failed to get NL80211_RATE_INFO_NOISE
04-24 12:09:29.735 742 742 E wificond: Failed to get NL80211_RATE_INFO_SNR
04-24 12:09:29.735 742 742 E wificond: Failed to get NL80211_STA_INFO_CNAHLOAD
04-24 12:09:29.736 1176 1337 E WificondControl: Noise: 0, Snr: -1, Chload: -1
04-24 12:09:29.737 1176 1339 D HwWifiCHRStateManager: handleMessage : 1001
04-24 12:09:29.737 1176 1339 D HwWifiCHRStateManager: handleUpdateChannel:2412
04-24 12:09:29.737 1176 1339 V HwWifiServiceFactory: get AllImpl object = com.android.server.wifi.HwWifiServiceFactoryImpl@2205edc
04-24 12:09:29.737 1176 1337 D HwCustWifiStateMachineReferenceImpl: checkRssiOverThreshold newRssi = -25
04-24 12:09:29.738 1176 1337 D WifiScoreReport: Score = 100, wifiConnectivityManagerEnabled = false, lowScoreCount = 0
04-24 12:09:31.259 1176 1392 D HwArpVerifier: performPollAndLog:
04-24 12:09:31.260 1176 1392 D hw_netstat: total/0/930,com.jiansheng.blmn.demo/0/930
04-24 12:09:31.328 1176 1176 I TrafficMonitor: update:rxPkts:79,txPkts:2,rxBytes:13995,txBytes:372
04-24 12:09:31.328 1176 1176 I TrafficMonitor: start expired. level:-1
04-24 12:09:31.328 1176 1176 I TrafficMonitor: gettimer:interval=2000
04-24 12:09:31.383 677 877 D SensorHub: Get acc data -0.153229, -0.057461, 9.346964
04-24 12:09:31.959 741 741 E Thermal-daemon: [shell_temp] temp_new :35 temp_old :34
04-24 12:09:31.960 1729 18882 I ThermalService: Receive temperature change, type: 22, temp: 35 from thermald
04-24 12:09:31.960 1729 18882 I ThermalTrace_ThermalRaise: Shell:35,34,35,currentBatteryTemp:34
04-24 12:09:31.961 741 741 E Thermal-daemon: Report temperature: [shell_temp] temp :35 report_threshold:1
04-24 12:09:32.325 1176 1176 I TrafficMonitor: expired arrive. level:-1
04-24 12:09:32.325 1176 1176 I TrafficMonitor: during_ms:2001,period_ms:2000
04-24 12:09:32.326 1176 1176 I TrafficMonitor: count:949,rx_sum:79,tx_sum:2,rxBytes:13995,during_ms:2001,rx_speed:6994.00299850075,tx_speed:185.90704647676162,rto:39.5
04-24 12:09:32.326 1176 1176 D HuaweiWifiWatchdogStateMachine: speed: rxpkt:79, rxSpd:6994B/s, txpkt:2, txSpd:185
04-24 12:09:32.739 1176 1338 D HwWifiStatStore: handleMessage : 200
04-24 12:09:32.743 679 679 E WifiHAL : enter wifi_get_link_stats
04-24 12:09:32.747 742 742 E wificond: Failed to get NL80211_RATE_INFO_NOISE
04-24 12:09:32.747 742 742 E wificond: Failed to get NL80211_RATE_INFO_SNR
04-24 12:09:32.747 742 742 E wificond: Failed to get NL80211_STA_INFO_CNAHLOAD
04-24 12:09:32.748 1176 1337 E WificondControl: Noise: 0, Snr: -1, Chload: -1
04-24 12:09:32.748 1176 1339 D HwWifiCHRStateManager: handleMessage : 1001
04-24 12:09:32.748 1176 1339 D HwWifiCHRStateManager: handleUpdateChannel:2412
04-24 12:09:32.748 1176 1339 V HwWifiServiceFactory: get AllImpl object = com.android.server.wifi.HwWifiServiceFactoryImpl@2205edc
04-24 12:09:32.750 1176 1337 D HwCustWifiStateMachineReferenceImpl: checkRssiOverThreshold newRssi = -26
04-24 12:09:32.750 1176 1337 D WifiScoreReport: Score = 100, wifiConnectivityManagerEnabled = false, lowScoreCount = 0
04-24 12:09:33.331 1176 1176 I TrafficMonitor: update:rxPkts:89,txPkts:2,rxBytes:14882,txBytes:372
04-24 12:09:33.331 1176 1176 I TrafficMonitor: start expired. level:-1
04-24 12:09:33.331 1176 1176 I TrafficMonitor: gettimer:interval=2000
04-24 12:09:33.347 722 722 D DE N ACA: updateParam:145: mFilteredCct = 375.000000, mAscendDeltaCctMax = 105.000000, mDescendDeltaCctMax = 64.285713
04-24 12:09:33.347 722 722 D DE N SR : setAmbientParam:941: DE_SCENE_ACTION_AMBIENT_CHANGE set mLux:1016 mCt:375
04-24 12:09:33.963 1176 1204 D SmartcareProc: onSignalStrengthsChanged: signalStrength is: SignalStrength: 99 -1 0 0 -69 -102 32767 -1 32767 99 0 0 0 2147483647 0 -1 true cdma , on sub: 1
04-24 12:09:33.964 1176 1204 D SmartcareProc: SignalStrength update result, ss: SignalStrengthInfo:68043809 mGsmSignalStrength: -1 mWcdmaRscp: -1 mWcdmaEcio: -1 mLteRsrp: -1 mLteRsrq: -1 mCdmaDbm: -69 mCdmaEcio: -102 mEvdoDbm: 32767mEvdoEcio: -1mLteRssnr: -1
04-24 12:09:33.966 1176 1176 I MQoS : onSignal: mSubId=1,currDataSubID=1
04-24 12:09:33.966 1176 1176 I MQoS : received cell-signal:5
04-24 12:09:34.541 777 777 E : [E/capacity_limit_control] not demo version, not set power control prop!
04-24 12:09:34.794 742 742 E wificond: Failed to get NL80211_RATE_INFO_NOISE
04-24 12:09:34.794 742 742 E wificond: Failed to get NL80211_RATE_INFO_SNR
04-24 12:09:34.794 742 742 E wificond: Failed to get NL80211_STA_INFO_CNAHLOAD
04-24 12:09:34.795 1176 1337 E WificondControl: Noise: 0, Snr: -1, Chload: -1
04-24 12:09:34.796 1176 1339 D HwWifiCHRStateManager: handleMessage : 1001
04-24 12:09:34.796 1176 1339 D HwWifiCHRStateManager: handleUpdateChannel:2412
04-24 12:09:34.796 1176 1339 V HwWifiServiceFactory: get AllImpl object = com.android.server.wifi.HwWifiServiceFactoryImpl@2205edc
04-24 12:09:34.798 742 742 E wificond: Failed to get NL80211_RATE_INFO_NOISE
04-24 12:09:34.798 742 742 E wificond: Failed to get NL80211_RATE_INFO_SNR
04-24 12:09:34.798 742 742 E wificond: Failed to get NL80211_STA_INFO_CNAHLOAD
04-24 12:09:34.799 1176 1406 D HuaweiWifiWatchdogStateMachine: LM mrssi=-24
04-24 12:09:34.799 1176 1406 D HuaweiWifiWatchdogStateMachine: a4:fa:**:**:eb:b0 current loss[-45]=0%, volume=7
04-24 12:09:34.799 1176 1406 D HuaweiWifiWatchdogStateMachine: a4:fa:**:**:eb:b0 history loss[-45]=0%, volume=13825248
04-24 12:09:34.799 1176 1406 I HuaweiWifiWatchdogStateMachine: spd good count:0, add sc:0.0, rate:1.0
04-24 12:09:34.799 1176 1406 I HuaweiWifiWatchdogStateMachine: current mHighDataFlowRate = 1.0
04-24 12:09:34.799 1176 1406 I HuaweiWifiWatchdogStateMachine: POta txb txg rxg:0, 16, 0. Lr =0% Totpkt=16
04-24 12:09:34.799 1176 1176 D WiFi_PRO: MSG_RETURN_AP_CURRY_RSSI rssi = -24
04-24 12:09:34.799 1176 1176 I QosMonitor: queryRtt: rtt_type = 3
04-24 12:09:34.799 1176 1176 I HwQoEJNI: send_cmd_kernel. begin
04-24 12:09:34.799 1176 1176 I HwQoEJNI: send_cmd_kernel. end
04-24 12:09:34.800 1176 1176 I QosMonitor: postEventFromNative: msg=100,arg1=4,arg2=10
04-24 12:09:34.800 1176 1176 I HwQoEJNI: send_cmd_kernel. begin
04-24 12:09:34.800 1176 1176 I HwQoEJNI: send_cmd_kernel. end
04-24 12:09:34.800 1176 1176 I QosMonitor: postEventFromNative: msg=100,arg1=0,arg2=10
04-24 12:09:34.800 1176 1176 D HuaweiWifiWatchdogStateMachine: setSampleRtt: unvalid rtt
04-24 12:09:34.800 1176 1176 I MQoS : rtt=400,tcp_tx_pkts=480848,tcp_rx_pkts=921357
04-24 12:09:34.801 1176 1406 D HuaweiWifiWatchdogStateMachine: dumpTcpResult: len=10,rtt=400,rttPkt=7,rttWn=20,cgt=0,cgtWn=0
04-24 12:09:34.802 1176 1406 I HuaweiWifiWatchdogStateMachine: PTcp RTT:0, rtt pkt=0, tcp_rx=0, tcp_tx=0, tcp_reTran=0, rtRate=0
04-24 12:09:34.802 1176 1406 D HuaweiWifiWatchdogStateMachine: mRssiBadCount =0, RSSI not bad.
04-24 12:09:34.802 1176 1406 D HuaweiWifiWatchdogStateMachine: detectNetworkAvailable:hw.wifipro.dns_fail_count = 131
04-24 12:09:34.802 1176 1406 D HuaweiWifiWatchdogStateMachine: bqeLevel = 2 rtt=0,rtt_pkts=0 speed=6994 rssi=-24
04-24 12:09:34.802 1176 1406 D HuaweiWifiWatchdogStateMachine: Enter updateQoeLevel level = 2
04-24 12:09:34.802 1176 1406 D HuaweiWifiWatchdogStateMachine: updateQoeLevel current level equal to mLastDetectLevel, return
04-24 12:09:34.802 1176 1406 D HuaweiWifiWatchdogStateMachine: did not have any network action
04-24 12:09:34.804 1176 3515 I MQoS : QOS_level:0(0),wifi-link;SIM error;use level-0
04-24 12:09:35.333 1176 1176 I TrafficMonitor: update:rxPkts:87,txPkts:2,rxBytes:16348,txBytes:372
04-24 12:09:35.333 1176 1176 I TrafficMonitor: start expired. level:-1
04-24 12:09:35.333 1176 1176 I TrafficMonitor: gettimer:interval=2000
04-24 12:09:35.741 1176 1338 D HwWifiStatStore: handleMessage : 200
04-24 12:09:35.751 679 679 E WifiHAL : enter wifi_get_link_stats
04-24 12:09:35.753 742 742 E wificond: Failed to get NL80211_RATE_INFO_NOISE
04-24 12:09:35.753 742 742 E wificond: Failed to get NL80211_RATE_INFO_SNR
04-24 12:09:35.753 742 742 E wificond: Failed to get NL80211_STA_INFO_CNAHLOAD
04-24 12:09:35.753 1176 1337 E WificondControl: Noise: 0, Snr: -1, Chload: -1
04-24 12:09:35.753 1176 1339 D HwWifiCHRStateManager: handleMessage : 1001
04-24 12:09:35.753 1176 1339 D HwWifiCHRStateManager: handleUpdateChannel:2412
04-24 12:09:35.753 1176 1339 V HwWifiServiceFactory: get AllImpl object = com.android.server.wifi.HwWifiServiceFactoryImpl@2205edc
04-24 12:09:35.754 1176 1337 D HwCustWifiStateMachineReferenceImpl: checkRssiOverThreshold newRssi = -24
04-24 12:09:35.755 1176 1337 D WifiScoreReport: Score = 100, wifiConnectivityManagerEnabled = false, lowScoreCount = 0
04-24 12:09:36.262 1176 1392 D HwArpVerifier: performPollAndLog:
04-24 12:09:36.264 1176 1392 D hw_netstat: total/0/930,com.jiansheng.blmn.demo/0/930
04-24 12:09:36.710 1729 2560 I LogPowerAdapter: do thermal temperature:34action:app_ctrl value:0 to PG
04-24 12:09:36.711 1729 2560 D HwPolicyDispatcher: send ctrl to PG,0
04-24 12:09:36.712 1729 2056 I TClean : TClean trigger policy = 0
04-24 12:09:36.713 1729 2056 I HardwareAdapter: file:/sys/class/hw_power/charger/direct_charger/adaptor_detect, fileExists:false, fileCanRead:false
04-24 12:09:36.713 1729 2056 I HardwareAdapter: isOnlyChargingType adaptor_detect=null
04-24 12:09:36.714 1729 2056 I HardwareAdapter: isOnlyChargingType chargerType=0
04-24 12:09:36.714 1729 2056 I ash : not only power charing.
04-24 12:09:36.964 741 741 E Thermal-daemon: [shell_temp] temp_new :34 temp_old :35
04-24 12:09:36.966 1729 18882 I ThermalService: Receive temperature change, type: 22, temp: 34 from thermald
04-24 12:09:36.966 1729 18882 I ThermalTrace_ThermalRaise: Shell:34,35,34,currentBatteryTemp:34
04-24 12:09:36.967 741 741 E Thermal-daemon: Report temperature: [shell_temp] temp :34 report_threshold:1
04-24 12:09:36.970 741 741 E Thermal-daemon: [charger_ic] temp_new :40 temp_old :39
04-24 12:09:36.971 1729 18882 I ThermalService: Receive temperature change, type: 2, temp: 40 from thermald
04-24 12:09:36.972 741 741 E Thermal-daemon: Report temperature: [charger_ic] temp :40 report_threshold:1
04-24 12:09:36.972 1729 2560 D HwThermalStateManager: Thermal type: 2 cur_temperature:40
04-24 12:09:36.972 1729 2560 W HwThermalStateManager: warning: no config thermal type:2 temperature:40
04-24 12:09:36.972 741 741 E Thermal-daemon: [ap] temp_new :42 temp_old :41
04-24 12:09:36.973 1729 18882 I ThermalService: Receive temperature change, type: 0, temp: 42 from thermald
04-24 12:09:36.974 741 741 E Thermal-daemon: Report temperature: [ap] temp :42 report_threshold:1
04-24 12:09:36.975 1729 2560 D HwThermalStateManager: Thermal type: 0 cur_temperature:42
04-24 12:09:36.975 1729 2560 I HwThermalStateManager: sensorType: 0, triggerLevel = 1, triggerAction :{ucurrent=1000, cpu=0, cpu_a15=2112000, lcd=0, gpu=800000000}
04-24 12:09:36.975 1729 2560 I ThermalAction: new ThermalAction
04-24 12:09:36.976 1729 2560 I HwThermalStateManager: sensor name: cpu temperature: 42 , thermal action: cpu_a15 policy:2112000
04-24 12:09:36.976 1729 2560 I ThermalUniPerf: ===success setFreq: bcpumax:5->2112000
04-24 12:09:36.977 669 765 I uniperf server: setConfig clientId=2, tagLen=1, tags[0]=5, configs[0]=2112000
04-24 12:09:36.977 1729 2560 I ThermalAction: new ThermalAction
04-24 12:09:36.977 669 765 I uniperf server: setConfig clientId=2, tagLen=1, tags[0]=5, configs[0]=2112000
04-24 12:09:36.978 1729 2560 I HwThermalStateManager: sensor name: cpu temperature: 42 , thermal action: gpu policy:800000000
04-24 12:09:36.980 1729 2560 I ThermalUniPerf: ===success setFreq: gpumax:8->800000000
04-24 12:09:36.980 669 765 I uniperf server: setConfig clientId=2, tagLen=1, tags[0]=8, configs[0]=800000000
04-24 12:09:37.335 1176 1176 I TrafficMonitor: update:rxPkts:71,txPkts:2,rxBytes:13312,txBytes:372
04-24 12:09:37.335 1176 1176 I TrafficMonitor: start expired. level:-1
04-24 12:09:37.335 1176 1176 I TrafficMonitor: gettimer:interval=2000
04-24 12:09:38.332 1176 1176 I TrafficMonitor: expired arrive. level:-1
04-24 12:09:38.332 1176 1176 I TrafficMonitor: during_ms:2001,period_ms:2000
04-24 12:09:38.332 1176 1176 I TrafficMonitor: count:952,rx_sum:71,tx_sum:2,rxBytes:13312,during_ms:2001,rx_speed:6652.673663168416,tx_speed:185.90704647676162,rto:35.5
04-24 12:09:38.332 1176 1176 D HuaweiWifiWatchdogStateMachine: speed: rxpkt:71, rxSpd:6652B/s, txpkt:2, txSpd:185
04-24 12:09:38.746 1176 1338 D HwWifiStatStore: handleMessage : 200
04-24 12:09:38.756 679 679 E WifiHAL : enter wifi_get_link_stats
04-24 12:09:38.764 742 742 E wificond: Failed to get NL80211_RATE_INFO_NOISE
04-24 12:09:38.764 742 742 E wificond: Failed to get NL80211_RATE_INFO_SNR
04-24 12:09:38.764 742 742 E wificond: Failed to get NL80211_STA_INFO_CNAHLOAD
04-24 12:09:38.766 1176 1337 E WificondControl: Noise: 0, Snr: -1, Chload: -1
04-24 12:09:38.766 1176 1339 D HwWifiCHRStateManager: handleMessage : 1001
04-24 12:09:38.766 1176 1339 D HwWifiCHRStateManager: handleUpdateChannel:2412
04-24 12:09:38.766 1176 1339 V HwWifiServiceFactory: get AllImpl object = com.android.server.wifi.HwWifiServiceFactoryImpl@2205edc
04-24 12:09:38.768 1176 1337 D HwCustWifiStateMachineReferenceImpl: checkRssiOverThreshold newRssi = -23
04-24 12:09:38.768 1176 1337 D WifiScoreReport: Score = 100, wifiConnectivityManagerEnabled = false, lowScoreCount = 0
04-24 12:09:39.336 1176 1176 I TrafficMonitor: update:rxPkts:85,txPkts:2,rxBytes:14488,txBytes:372
04-24 12:09:39.336 1176 1176 I TrafficMonitor: start expired. level:-1
04-24 12:09:39.336 1176 1176 I TrafficMonitor: gettimer:interval=2000
04-24 12:09:39.549 777 777 E : [E/capacity_limit_control] not demo version, not set power control prop!
04-24 12:09:41.269 1176 1392 D HwArpVerifier: performPollAndLog:
04-24 12:09:41.271 1176 1392 D hw_netstat: total/0/744,com.jiansheng.blmn.demo/0/744
04-24 12:09:41.337 1176 1176 I TrafficMonitor: update:rxPkts:82,txPkts:1,rxBytes:13672,txBytes:186
04-24 12:09:41.337 1176 1176 I TrafficMonitor: start expired. level:-1
04-24 12:09:41.337 1176 1176 I TrafficMonitor: gettimer:interval=2000
04-24 12:09:41.750 1176 1338 D HwWifiStatStore: handleMessage : 200
04-24 12:09:41.772 679 679 E WifiHAL : enter wifi_get_link_stats
04-24 12:09:41.777 742 742 E wificond: Failed to get NL80211_RATE_INFO_NOISE
04-24 12:09:41.777 742 742 E wificond: Failed to get NL80211_RATE_INFO_SNR
04-24 12:09:41.777 742 742 E wificond: Failed to get NL80211_STA_INFO_CNAHLOAD
04-24 12:09:41.777 1176 1337 E WificondControl: Noise: 0, Snr: -1, Chload: -1
04-24 12:09:41.777 1176 1339 D HwWifiCHRStateManager: handleMessage : 1001
04-24 12:09:41.777 1176 1339 D HwWifiCHRStateManager: handleUpdateChannel:2412
04-24 12:09:41.777 1176 1339 V HwWifiServiceFactory: get AllImpl object = com.android.server.wifi.HwWifiServiceFactoryImpl@2205edc
04-24 12:09:41.778 1176 1337 D HwCustWifiStateMachineReferenceImpl: checkRssiOverThreshold newRssi = -26
04-24 12:09:41.778 1176 1337 D WifiScoreReport: Score = 100, wifiConnectivityManagerEnabled = false, lowScoreCount = 0
04-24 12:09:41.974 741 741 E Thermal-daemon: [pa_0] temp_new :37 temp_old :36
04-24 12:09:41.975 1729 18882 I ThermalService: Receive temperature change, type: 1, temp: 37 from thermald
04-24 12:09:41.976 1729 2560 D HwThermalStateManager: Thermal type: 1 cur_temperature:37
04-24 12:09:41.976 741 741 E Thermal-daemon: Report temperature: [pa_0] temp :37 report_threshold:1
04-24 12:09:41.976 741 741 E Thermal-daemon: [charger_ic] temp_new :39 temp_old :40
04-24 12:09:41.977 1729 18882 I ThermalService: Receive temperature change, type: 2, temp: 39 from thermald
04-24 12:09:41.977 741 741 E Thermal-daemon: Report temperature: [charger_ic] temp :39 report_threshold:1
04-24 12:09:41.978 1729 2560 D HwThermalStateManager: Thermal type: 2 cur_temperature:39
04-24 12:09:41.978 1729 2560 W HwThermalStateManager: warning: no config thermal type:2 temperature:39
04-24 12:09:42.803 742 742 E wificond: Failed to get NL80211_RATE_INFO_NOISE
04-24 12:09:42.803 742 742 E wificond: Failed to get NL80211_RATE_INFO_SNR
04-24 12:09:42.803 742 742 E wificond: Failed to get NL80211_STA_INFO_CNAHLOAD
04-24 12:09:42.805 1176 1337 E WificondControl: Noise: 0, Snr: -1, Chload: -1
04-24 12:09:42.805 1176 1339 D HwWifiCHRStateManager: handleMessage : 1001
04-24 12:09:42.806 1176 1339 D HwWifiCHRStateManager: handleUpdateChannel:2412
04-24 12:09:42.806 1176 1339 V HwWifiServiceFactory: get AllImpl object = com.android.server.wifi.HwWifiServiceFactoryImpl@2205edc
04-24 12:09:42.807 742 742 E wificond: Failed to get NL80211_RATE_INFO_NOISE
