04-24 11:53:02.022 742 742 E wificond: Failed to get NL80211_RATE_INFO_NOISE
04-24 11:53:02.022 742 742 E wificond: Failed to get NL80211_RATE_INFO_SNR
04-24 11:53:02.022 742 742 E wificond: Failed to get NL80211_STA_INFO_CNAHLOAD
04-24 11:53:05.026 742 742 E wificond: Failed to get NL80211_RATE_INFO_NOISE
04-24 11:53:05.026 742 742 E wificond: Failed to get NL80211_RATE_INFO_SNR
04-24 11:53:05.026 742 742 E wificond: Failed to get NL80211_STA_INFO_CNAHLOAD
04-24 11:53:08.041 742 742 E wificond: Failed to get NL80211_RATE_INFO_NOISE
04-24 11:53:08.041 742 742 E wificond: Failed to get NL80211_RATE_INFO_SNR
04-24 11:53:08.041 742 742 E wificond: Failed to get NL80211_STA_INFO_CNAHLOAD
04-24 11:53:10.031 742 742 E wificond: Failed to get NL80211_RATE_INFO_NOISE
04-24 11:53:10.031 742 742 E wificond: Failed to get NL80211_RATE_INFO_SNR
04-24 11:53:10.031 742 742 E wificond: Failed to get NL80211_STA_INFO_CNAHLOAD
04-24 11:53:10.033 742 742 E wificond: Failed to get NL80211_RATE_INFO_NOISE
04-24 11:53:10.033 742 742 E wificond: Failed to get NL80211_RATE_INFO_SNR
04-24 11:53:10.033 742 742 E wificond: Failed to get NL80211_STA_INFO_CNAHLOAD
04-24 11:53:11.050 742 742 E wificond: Failed to get NL80211_RATE_INFO_NOISE
04-24 11:53:11.050 742 742 E wificond: Failed to get NL80211_RATE_INFO_SNR
04-24 11:53:11.050 742 742 E wificond: Failed to get NL80211_STA_INFO_CNAHLOAD
04-24 11:53:14.062 742 742 E wificond: Failed to get NL80211_RATE_INFO_NOISE
04-24 11:53:14.062 742 742 E wificond: Failed to get NL80211_RATE_INFO_SNR
04-24 11:53:14.062 742 742 E wificond: Failed to get NL80211_STA_INFO_CNAHLOAD
04-24 11:53:16.423 1176 1176 I chatty : uid=1000 system_server expire 10 lines
04-24 11:53:17.072 742 742 E wificond: Failed to get NL80211_RATE_INFO_NOISE
04-24 11:53:17.072 742 742 E wificond: Failed to get NL80211_RATE_INFO_SNR
04-24 11:53:17.072 742 742 E wificond: Failed to get NL80211_STA_INFO_CNAHLOAD
04-24 11:53:18.031 742 742 E wificond: Failed to get NL80211_RATE_INFO_NOISE
04-24 11:53:18.031 742 742 E wificond: Failed to get NL80211_RATE_INFO_SNR
04-24 11:53:18.031 742 742 E wificond: Failed to get NL80211_STA_INFO_CNAHLOAD
04-24 11:53:18.033 742 742 E wificond: Failed to get NL80211_RATE_INFO_NOISE
04-24 11:53:18.033 742 742 E wificond: Failed to get NL80211_RATE_INFO_SNR
04-24 11:53:18.033 742 742 E wificond: Failed to get NL80211_STA_INFO_CNAHLOAD
04-24 11:53:20.081 742 742 E wificond: Failed to get NL80211_RATE_INFO_NOISE
04-24 11:53:20.081 742 742 E wificond: Failed to get NL80211_RATE_INFO_SNR
04-24 11:53:20.081 742 742 E wificond: Failed to get NL80211_STA_INFO_CNAHLOAD
04-24 11:53:22.939 1176 6414 I chatty : uid=1000(system) Binder:1176_15 expire 3 lines
04-24 11:53:23.092 742 742 E wificond: Failed to get NL80211_RATE_INFO_NOISE
04-24 11:53:23.092 742 742 E wificond: Failed to get NL80211_RATE_INFO_SNR
04-24 11:53:23.092 742 742 E wificond: Failed to get NL80211_STA_INFO_CNAHLOAD
04-24 11:53:26.037 742 742 E wificond: Failed to get NL80211_RATE_INFO_NOISE
04-24 11:53:26.037 742 742 E wificond: Failed to get NL80211_RATE_INFO_SNR
04-24 11:53:26.037 742 742 E wificond: Failed to get NL80211_STA_INFO_CNAHLOAD
04-24 11:53:26.040 742 742 E wificond: Failed to get NL80211_RATE_INFO_NOISE
04-24 11:53:26.040 742 742 E wificond: Failed to get NL80211_RATE_INFO_SNR
04-24 11:53:26.040 742 742 E wificond: Failed to get NL80211_STA_INFO_CNAHLOAD
04-24 11:53:26.097 742 742 E wificond: Failed to get NL80211_RATE_INFO_NOISE
04-24 11:53:26.097 742 742 E wificond: Failed to get NL80211_RATE_INFO_SNR
04-24 11:53:26.097 742 742 E wificond: Failed to get NL80211_STA_INFO_CNAHLOAD
04-24 11:53:29.109 742 742 E wificond: Failed to get NL80211_RATE_INFO_NOISE
04-24 11:53:29.109 742 742 E wificond: Failed to get NL80211_RATE_INFO_SNR
04-24 11:53:29.109 742 742 E wificond: Failed to get NL80211_STA_INFO_CNAHLOAD
04-24 11:53:32.119 742 742 E wificond: Failed to get NL80211_RATE_INFO_NOISE
04-24 11:53:32.119 742 742 E wificond: Failed to get NL80211_RATE_INFO_SNR
04-24 11:53:32.119 742 742 E wificond: Failed to get NL80211_STA_INFO_CNAHLOAD
04-24 11:53:34.045 742 742 E wificond: Failed to get NL80211_RATE_INFO_NOISE
04-24 11:53:34.045 742 742 E wificond: Failed to get NL80211_RATE_INFO_SNR
04-24 11:53:34.045 742 742 E wificond: Failed to get NL80211_STA_INFO_CNAHLOAD
04-24 11:53:34.046 742 742 E wificond: Failed to get NL80211_RATE_INFO_NOISE
04-24 11:53:34.046 742 742 E wificond: Failed to get NL80211_RATE_INFO_SNR
04-24 11:53:34.046 742 742 E wificond: Failed to get NL80211_STA_INFO_CNAHLOAD
04-24 11:53:35.133 742 742 E wificond: Failed to get NL80211_RATE_INFO_NOISE
04-24 11:53:35.133 742 742 E wificond: Failed to get NL80211_RATE_INFO_SNR
04-24 11:53:35.133 742 742 E wificond: Failed to get NL80211_STA_INFO_CNAHLOAD
04-24 11:53:38.142 742 742 E wificond: Failed to get NL80211_RATE_INFO_NOISE
04-24 11:53:38.142 742 742 E wificond: Failed to get NL80211_RATE_INFO_SNR
04-24 11:53:38.142 742 742 E wificond: Failed to get NL80211_STA_INFO_CNAHLOAD
04-24 11:53:41.153 742 742 E wificond: Failed to get NL80211_RATE_INFO_NOISE
04-24 11:53:41.153 742 742 E wificond: Failed to get NL80211_RATE_INFO_SNR
04-24 11:53:41.153 742 742 E wificond: Failed to get NL80211_STA_INFO_CNAHLOAD
04-24 11:53:42.051 742 742 E wificond: Failed to get NL80211_RATE_INFO_NOISE
04-24 11:53:42.051 742 742 E wificond: Failed to get NL80211_RATE_INFO_SNR
04-24 11:53:42.051 742 742 E wificond: Failed to get NL80211_STA_INFO_CNAHLOAD
04-24 11:53:42.054 742 742 E wificond: Failed to get NL80211_RATE_INFO_NOISE
04-24 11:53:42.054 742 742 E wificond: Failed to get NL80211_RATE_INFO_SNR
04-24 11:53:42.054 742 742 E wificond: Failed to get NL80211_STA_INFO_CNAHLOAD
04-24 11:53:44.168 742 742 E wificond: Failed to get NL80211_RATE_INFO_NOISE
04-24 11:53:44.168 742 742 E wificond: Failed to get NL80211_RATE_INFO_SNR
04-24 11:53:44.168 742 742 E wificond: Failed to get NL80211_STA_INFO_CNAHLOAD
04-24 11:53:47.180 742 742 E wificond: Failed to get NL80211_RATE_INFO_NOISE
04-24 11:53:47.180 742 742 E wificond: Failed to get NL80211_RATE_INFO_SNR
04-24 11:53:47.180 742 742 E wificond: Failed to get NL80211_STA_INFO_CNAHLOAD
04-24 11:53:50.059 742 742 E wificond: Failed to get NL80211_RATE_INFO_NOISE
04-24 11:53:50.060 742 742 E wificond: Failed to get NL80211_RATE_INFO_SNR
04-24 11:53:50.060 742 742 E wificond: Failed to get NL80211_STA_INFO_CNAHLOAD
04-24 11:53:50.063 742 742 E wificond: Failed to get NL80211_RATE_INFO_NOISE
04-24 11:53:50.063 742 742 E wificond: Failed to get NL80211_RATE_INFO_SNR
04-24 11:53:50.063 742 742 E wificond: Failed to get NL80211_STA_INFO_CNAHLOAD
04-24 11:53:50.186 742 742 E wificond: Failed to get NL80211_RATE_INFO_NOISE
04-24 11:53:50.186 742 742 E wificond: Failed to get NL80211_RATE_INFO_SNR
04-24 11:53:50.186 742 742 E wificond: Failed to get NL80211_STA_INFO_CNAHLOAD
04-24 11:53:53.195 742 742 E wificond: Failed to get NL80211_RATE_INFO_NOISE
04-24 11:53:53.195 742 742 E wificond: Failed to get NL80211_RATE_INFO_SNR
04-24 11:53:53.195 742 742 E wificond: Failed to get NL80211_STA_INFO_CNAHLOAD
04-24 11:53:56.205 742 742 E wificond: Failed to get NL80211_RATE_INFO_NOISE
04-24 11:53:56.205 742 742 E wificond: Failed to get NL80211_RATE_INFO_SNR
04-24 11:53:56.205 742 742 E wificond: Failed to get NL80211_STA_INFO_CNAHLOAD
04-24 11:53:58.064 742 742 E wificond: Failed to get NL80211_RATE_INFO_NOISE
04-24 11:53:58.064 742 742 E wificond: Failed to get NL80211_RATE_INFO_SNR
04-24 11:53:58.064 742 742 E wificond: Failed to get NL80211_STA_INFO_CNAHLOAD
04-24 11:53:58.067 742 742 E wificond: Failed to get NL80211_RATE_INFO_NOISE
04-24 11:53:58.067 742 742 E wificond: Failed to get NL80211_RATE_INFO_SNR
04-24 11:53:58.067 742 742 E wificond: Failed to get NL80211_STA_INFO_CNAHLOAD
04-24 11:53:59.214 742 742 E wificond: Failed to get NL80211_RATE_INFO_NOISE
04-24 11:53:59.214 742 742 E wificond: Failed to get NL80211_RATE_INFO_SNR
04-24 11:53:59.214 742 742 E wificond: Failed to get NL80211_STA_INFO_CNAHLOAD
04-24 11:54:00.102 1176 6449 I chatty : uid=1000(system) Binder:1176_19 expire 4 lines
04-24 11:54:02.224 742 742 E wificond: Failed to get NL80211_RATE_INFO_NOISE
04-24 11:54:02.224 742 742 E wificond: Failed to get NL80211_RATE_INFO_SNR
04-24 11:54:02.224 742 742 E wificond: Failed to get NL80211_STA_INFO_CNAHLOAD
04-24 11:54:05.233 742 742 E wificond: Failed to get NL80211_RATE_INFO_NOISE
04-24 11:54:05.233 742 742 E wificond: Failed to get NL80211_RATE_INFO_SNR
04-24 11:54:05.233 742 742 E wificond: Failed to get NL80211_STA_INFO_CNAHLOAD
04-24 11:54:06.067 742 742 E wificond: Failed to get NL80211_RATE_INFO_NOISE
04-24 11:54:06.067 742 742 E wificond: Failed to get NL80211_RATE_INFO_SNR
04-24 11:54:06.067 742 742 E wificond: Failed to get NL80211_STA_INFO_CNAHLOAD
04-24 11:54:06.070 742 742 E wificond: Failed to get NL80211_RATE_INFO_NOISE
04-24 11:54:06.070 742 742 E wificond: Failed to get NL80211_RATE_INFO_SNR
04-24 11:54:06.070 742 742 E wificond: Failed to get NL80211_STA_INFO_CNAHLOAD
04-24 11:54:08.244 742 742 E wificond: Failed to get NL80211_RATE_INFO_NOISE
04-24 11:54:08.244 742 742 E wificond: Failed to get NL80211_RATE_INFO_SNR
04-24 11:54:08.244 742 742 E wificond: Failed to get NL80211_STA_INFO_CNAHLOAD
04-24 11:54:11.256 742 742 E wificond: Failed to get NL80211_RATE_INFO_NOISE
04-24 11:54:11.256 742 742 E wificond: Failed to get NL80211_RATE_INFO_SNR
04-24 11:54:11.256 742 742 E wificond: Failed to get NL80211_STA_INFO_CNAHLOAD
04-24 11:54:14.078 742 742 E wificond: Failed to get NL80211_RATE_INFO_NOISE
04-24 11:54:14.078 742 742 E wificond: Failed to get NL80211_RATE_INFO_SNR
04-24 11:54:14.079 742 742 E wificond: Failed to get NL80211_STA_INFO_CNAHLOAD
04-24 11:54:14.082 742 742 E wificond: Failed to get NL80211_RATE_INFO_NOISE
04-24 11:54:14.082 742 742 E wificond: Failed to get NL80211_RATE_INFO_SNR
04-24 11:54:14.082 742 742 E wificond: Failed to get NL80211_STA_INFO_CNAHLOAD
04-24 11:54:14.259 742 742 E wificond: Failed to get NL80211_RATE_INFO_NOISE
04-24 11:54:14.260 742 742 E wificond: Failed to get NL80211_RATE_INFO_SNR
04-24 11:54:14.260 742 742 E wificond: Failed to get NL80211_STA_INFO_CNAHLOAD
04-24 11:54:17.270 742 742 E wificond: Failed to get NL80211_RATE_INFO_NOISE
04-24 11:54:17.270 742 742 E wificond: Failed to get NL80211_RATE_INFO_SNR
04-24 11:54:17.270 742 742 E wificond: Failed to get NL80211_STA_INFO_CNAHLOAD
04-24 11:54:20.284 742 742 E wificond: Failed to get NL80211_RATE_INFO_NOISE
04-24 11:54:20.284 742 742 E wificond: Failed to get NL80211_RATE_INFO_SNR
04-24 11:54:20.284 742 742 E wificond: Failed to get NL80211_STA_INFO_CNAHLOAD
04-24 11:54:22.085 742 742 E wificond: Failed to get NL80211_RATE_INFO_NOISE
04-24 11:54:22.085 742 742 E wificond: Failed to get NL80211_RATE_INFO_SNR
04-24 11:54:22.085 742 742 E wificond: Failed to get NL80211_STA_INFO_CNAHLOAD
04-24 11:54:22.087 742 742 E wificond: Failed to get NL80211_RATE_INFO_NOISE
04-24 11:54:22.087 742 742 E wificond: Failed to get NL80211_RATE_INFO_SNR
04-24 11:54:22.087 742 742 E wificond: Failed to get NL80211_STA_INFO_CNAHLOAD
04-24 11:54:23.296 742 742 E wificond: Failed to get NL80211_RATE_INFO_NOISE
04-24 11:54:23.296 742 742 E wificond: Failed to get NL80211_RATE_INFO_SNR
04-24 11:54:23.296 742 742 E wificond: Failed to get NL80211_STA_INFO_CNAHLOAD
04-24 11:54:26.306 742 742 E wificond: Failed to get NL80211_RATE_INFO_NOISE
04-24 11:54:26.306 742 742 E wificond: Failed to get NL80211_RATE_INFO_SNR
04-24 11:54:26.306 742 742 E wificond: Failed to get NL80211_STA_INFO_CNAHLOAD
04-24 11:54:29.321 742 742 E wificond: Failed to get NL80211_RATE_INFO_NOISE
04-24 11:54:29.321 742 742 E wificond: Failed to get NL80211_RATE_INFO_SNR
04-24 11:54:29.321 742 742 E wificond: Failed to get NL80211_STA_INFO_CNAHLOAD
04-24 11:54:30.091 742 742 E wificond: Failed to get NL80211_RATE_INFO_NOISE
04-24 11:54:30.091 742 742 E wificond: Failed to get NL80211_RATE_INFO_SNR
04-24 11:54:30.091 742 742 E wificond: Failed to get NL80211_STA_INFO_CNAHLOAD
04-24 11:54:30.094 742 742 E wificond: Failed to get NL80211_RATE_INFO_NOISE
04-24 11:54:30.094 742 742 E wificond: Failed to get NL80211_RATE_INFO_SNR
04-24 11:54:30.094 742 742 E wificond: Failed to get NL80211_STA_INFO_CNAHLOAD
04-24 11:54:32.330 742 742 E wificond: Failed to get NL80211_RATE_INFO_NOISE
04-24 11:54:32.330 742 742 E wificond: Failed to get NL80211_RATE_INFO_SNR
04-24 11:54:32.330 742 742 E wificond: Failed to get NL80211_STA_INFO_CNAHLOAD
04-24 11:54:35.338 742 742 E wificond: Failed to get NL80211_RATE_INFO_NOISE
04-24 11:54:35.338 742 742 E wificond: Failed to get NL80211_RATE_INFO_SNR
04-24 11:54:35.338 742 742 E wificond: Failed to get NL80211_STA_INFO_CNAHLOAD
04-24 11:54:38.100 742 742 E wificond: Failed to get NL80211_RATE_INFO_NOISE
04-24 11:54:38.100 742 742 E wificond: Failed to get NL80211_RATE_INFO_SNR
04-24 11:54:38.100 742 742 E wificond: Failed to get NL80211_STA_INFO_CNAHLOAD
04-24 11:54:38.102 742 742 E wificond: Failed to get NL80211_RATE_INFO_NOISE
04-24 11:54:38.102 742 742 E wificond: Failed to get NL80211_RATE_INFO_SNR
04-24 11:54:38.102 742 742 E wificond: Failed to get NL80211_STA_INFO_CNAHLOAD
04-24 11:54:38.342 742 742 E wificond: Failed to get NL80211_RATE_INFO_NOISE
04-24 11:54:38.343 742 742 E wificond: Failed to get NL80211_RATE_INFO_SNR
04-24 11:54:38.343 742 742 E wificond: Failed to get NL80211_STA_INFO_CNAHLOAD
04-24 11:54:41.355 742 742 E wificond: Failed to get NL80211_RATE_INFO_NOISE
04-24 11:54:41.355 742 742 E wificond: Failed to get NL80211_RATE_INFO_SNR
04-24 11:54:41.355 742 742 E wificond: Failed to get NL80211_STA_INFO_CNAHLOAD
04-24 11:54:44.365 742 742 E wificond: Failed to get NL80211_RATE_INFO_NOISE
04-24 11:54:44.365 742 742 E wificond: Failed to get NL80211_RATE_INFO_SNR
04-24 11:54:44.365 742 742 E wificond: Failed to get NL80211_STA_INFO_CNAHLOAD
04-24 11:54:45.075 1176 1176 I chatty : uid=1000 system_server expire 12 lines
04-24 11:54:46.105 742 742 E wificond: Failed to get NL80211_RATE_INFO_NOISE
04-24 11:54:46.105 742 742 E wificond: Failed to get NL80211_RATE_INFO_SNR
04-24 11:54:46.105 742 742 E wificond: Failed to get NL80211_STA_INFO_CNAHLOAD
04-24 11:54:46.108 742 742 E wificond: Failed to get NL80211_RATE_INFO_NOISE
04-24 11:54:46.108 742 742 E wificond: Failed to get NL80211_RATE_INFO_SNR
04-24 11:54:46.108 742 742 E wificond: Failed to get NL80211_STA_INFO_CNAHLOAD
04-24 11:54:46.657 1176 1288 I chatty : uid=1000(system) UEventObserver expire 8 lines
04-24 11:54:47.376 742 742 E wificond: Failed to get NL80211_RATE_INFO_NOISE
04-24 11:54:47.376 742 742 E wificond: Failed to get NL80211_RATE_INFO_SNR
04-24 11:54:47.376 742 742 E wificond: Failed to get NL80211_STA_INFO_CNAHLOAD
04-24 11:54:49.137 1176 1589 I chatty : uid=1000(system) watchdog expire 4 lines
04-24 11:54:50.385 742 742 E wificond: Failed to get NL80211_RATE_INFO_NOISE
04-24 11:54:50.385 742 742 E wificond: Failed to get NL80211_RATE_INFO_SNR
04-24 11:54:50.385 742 742 E wificond: Failed to get NL80211_STA_INFO_CNAHLOAD
04-24 11:54:53.394 742 742 E wificond: Failed to get NL80211_RATE_INFO_NOISE
04-24 11:54:53.394 742 742 E wificond: Failed to get NL80211_RATE_INFO_SNR
04-24 11:54:53.394 742 742 E wificond: Failed to get NL80211_STA_INFO_CNAHLOAD
04-24 11:54:54.110 742 742 E wificond: Failed to get NL80211_RATE_INFO_NOISE
04-24 11:54:54.110 742 742 E wificond: Failed to get NL80211_RATE_INFO_SNR
04-24 11:54:54.110 742 742 E wificond: Failed to get NL80211_STA_INFO_CNAHLOAD
04-24 11:54:54.113 742 742 E wificond: Failed to get NL80211_RATE_INFO_NOISE
04-24 11:54:54.113 742 742 E wificond: Failed to get NL80211_RATE_INFO_SNR
04-24 11:54:54.113 742 742 E wificond: Failed to get NL80211_STA_INFO_CNAHLOAD
04-24 11:54:56.405 742 742 E wificond: Failed to get NL80211_RATE_INFO_NOISE
04-24 11:54:56.405 742 742 E wificond: Failed to get NL80211_RATE_INFO_SNR
04-24 11:54:56.405 742 742 E wificond: Failed to get NL80211_STA_INFO_CNAHLOAD
04-24 11:54:59.417 742 742 E wificond: Failed to get NL80211_RATE_INFO_NOISE
04-24 11:54:59.417 742 742 E wificond: Failed to get NL80211_RATE_INFO_SNR
04-24 11:54:59.417 742 742 E wificond: Failed to get NL80211_STA_INFO_CNAHLOAD
04-24 11:55:02.122 742 742 E wificond: Failed to get NL80211_RATE_INFO_NOISE
04-24 11:55:02.122 742 742 E wificond: Failed to get NL80211_RATE_INFO_SNR
04-24 11:55:02.122 742 742 E wificond: Failed to get NL80211_STA_INFO_CNAHLOAD
04-24 11:55:02.128 742 742 E wificond: Failed to get NL80211_RATE_INFO_NOISE
04-24 11:55:02.129 742 742 E wificond: Failed to get NL80211_RATE_INFO_SNR
04-24 11:55:02.129 742 742 E wificond: Failed to get NL80211_STA_INFO_CNAHLOAD
04-24 11:55:02.424 742 742 E wificond: Failed to get NL80211_RATE_INFO_NOISE
04-24 11:55:02.424 742 742 E wificond: Failed to get NL80211_RATE_INFO_SNR
04-24 11:55:02.424 742 742 E wificond: Failed to get NL80211_STA_INFO_CNAHLOAD
04-24 11:55:05.434 742 742 E wificond: Failed to get NL80211_RATE_INFO_NOISE
04-24 11:55:05.434 742 742 E wificond: Failed to get NL80211_RATE_INFO_SNR
04-24 11:55:05.434 742 742 E wificond: Failed to get NL80211_STA_INFO_CNAHLOAD
04-24 11:55:08.445 742 742 E wificond: Failed to get NL80211_RATE_INFO_NOISE
04-24 11:55:08.446 742 742 E wificond: Failed to get NL80211_RATE_INFO_SNR
04-24 11:55:08.446 742 742 E wificond: Failed to get NL80211_STA_INFO_CNAHLOAD
04-24 11:55:10.127 742 742 E wificond: Failed to get NL80211_RATE_INFO_NOISE
04-24 11:55:10.127 742 742 E wificond: Failed to get NL80211_RATE_INFO_SNR
04-24 11:55:10.127 742 742 E wificond: Failed to get NL80211_STA_INFO_CNAHLOAD
04-24 11:55:10.130 742 742 E wificond: Failed to get NL80211_RATE_INFO_NOISE
04-24 11:55:10.130 742 742 E wificond: Failed to get NL80211_RATE_INFO_SNR
04-24 11:55:10.130 742 742 E wificond: Failed to get NL80211_STA_INFO_CNAHLOAD
04-24 11:55:11.454 742 742 E wificond: Failed to get NL80211_RATE_INFO_NOISE
04-24 11:55:11.454 742 742 E wificond: Failed to get NL80211_RATE_INFO_SNR
04-24 11:55:11.454 742 742 E wificond: Failed to get NL80211_STA_INFO_CNAHLOAD
04-24 11:55:14.462 742 742 E wificond: Failed to get NL80211_RATE_INFO_NOISE
04-24 11:55:14.462 742 742 E wificond: Failed to get NL80211_RATE_INFO_SNR
04-24 11:55:14.462 742 742 E wificond: Failed to get NL80211_STA_INFO_CNAHLOAD
04-24 11:55:17.470 742 742 E wificond: Failed to get NL80211_RATE_INFO_NOISE
04-24 11:55:17.470 742 742 E wificond: Failed to get NL80211_RATE_INFO_SNR
04-24 11:55:17.470 742 742 E wificond: Failed to get NL80211_STA_INFO_CNAHLOAD
04-24 11:55:18.125 742 742 E wificond: Failed to get NL80211_RATE_INFO_NOISE
04-24 11:55:18.125 742 742 E wificond: Failed to get NL80211_RATE_INFO_SNR
04-24 11:55:18.125 742 742 E wificond: Failed to get NL80211_STA_INFO_CNAHLOAD
04-24 11:55:18.128 742 742 E wificond: Failed to get NL80211_RATE_INFO_NOISE
04-24 11:55:18.129 742 742 E wificond: Failed to get NL80211_RATE_INFO_SNR
04-24 11:55:18.129 742 742 E wificond: Failed to get NL80211_STA_INFO_CNAHLOAD
04-24 11:55:20.481 742 742 E wificond: Failed to get NL80211_RATE_INFO_NOISE
04-24 11:55:20.481 742 742 E wificond: Failed to get NL80211_RATE_INFO_SNR
04-24 11:55:20.481 742 742 E wificond: Failed to get NL80211_STA_INFO_CNAHLOAD
04-24 11:55:23.491 742 742 E wificond: Failed to get NL80211_RATE_INFO_NOISE
04-24 11:55:23.491 742 742 E wificond: Failed to get NL80211_RATE_INFO_SNR
04-24 11:55:23.491 742 742 E wificond: Failed to get NL80211_STA_INFO_CNAHLOAD
04-24 11:55:26.134 742 742 E wificond: Failed to get NL80211_RATE_INFO_NOISE
04-24 11:55:26.134 742 742 E wificond: Failed to get NL80211_RATE_INFO_SNR
04-24 11:55:26.134 742 742 E wificond: Failed to get NL80211_STA_INFO_CNAHLOAD
04-24 11:55:26.138 742 742 E wificond: Failed to get NL80211_RATE_INFO_NOISE
04-24 11:55:26.138 742 742 E wificond: Failed to get NL80211_RATE_INFO_SNR
04-24 11:55:26.138 742 742 E wificond: Failed to get NL80211_STA_INFO_CNAHLOAD
04-24 11:55:26.497 742 742 E wificond: Failed to get NL80211_RATE_INFO_NOISE
04-24 11:55:26.497 742 742 E wificond: Failed to get NL80211_RATE_INFO_SNR
04-24 11:55:26.497 742 742 E wificond: Failed to get NL80211_STA_INFO_CNAHLOAD
04-24 11:55:29.507 742 742 E wificond: Failed to get NL80211_RATE_INFO_NOISE
04-24 11:55:29.507 742 742 E wificond: Failed to get NL80211_RATE_INFO_SNR
04-24 11:55:29.507 742 742 E wificond: Failed to get NL80211_STA_INFO_CNAHLOAD
04-24 11:55:32.519 742 742 E wificond: Failed to get NL80211_RATE_INFO_NOISE
04-24 11:55:32.519 742 742 E wificond: Failed to get NL80211_RATE_INFO_SNR
04-24 11:55:32.519 742 742 E wificond: Failed to get NL80211_STA_INFO_CNAHLOAD
04-24 11:55:34.143 742 742 E wificond: Failed to get NL80211_RATE_INFO_NOISE
04-24 11:55:34.143 742 742 E wificond: Failed to get NL80211_RATE_INFO_SNR
04-24 11:55:34.143 742 742 E wificond: Failed to get NL80211_STA_INFO_CNAHLOAD
04-24 11:55:34.145 742 742 E wificond: Failed to get NL80211_RATE_INFO_NOISE
04-24 11:55:34.145 742 742 E wificond: Failed to get NL80211_RATE_INFO_SNR
04-24 11:55:34.145 742 742 E wificond: Failed to get NL80211_STA_INFO_CNAHLOAD
04-24 11:55:35.529 742 742 E wificond: Failed to get NL80211_RATE_INFO_NOISE
04-24 11:55:35.530 742 742 E wificond: Failed to get NL80211_RATE_INFO_SNR
04-24 11:55:35.530 742 742 E wificond: Failed to get NL80211_STA_INFO_CNAHLOAD
04-24 11:55:38.545 742 742 E wificond: Failed to get NL80211_RATE_INFO_NOISE
04-24 11:55:38.545 742 742 E wificond: Failed to get NL80211_RATE_INFO_SNR
04-24 11:55:38.545 742 742 E wificond: Failed to get NL80211_STA_INFO_CNAHLOAD
04-24 11:55:41.554 742 742 E wificond: Failed to get NL80211_RATE_INFO_NOISE
04-24 11:55:41.554 742 742 E wificond: Failed to get NL80211_RATE_INFO_SNR
04-24 11:55:41.554 742 742 E wificond: Failed to get NL80211_STA_INFO_CNAHLOAD
04-24 11:55:42.147 742 742 E wificond: Failed to get NL80211_RATE_INFO_NOISE
04-24 11:55:42.147 742 742 E wificond: Failed to get NL80211_RATE_INFO_SNR
04-24 11:55:42.147 742 742 E wificond: Failed to get NL80211_STA_INFO_CNAHLOAD
04-24 11:55:42.150 742 742 E wificond: Failed to get NL80211_RATE_INFO_NOISE
04-24 11:55:42.150 742 742 E wificond: Failed to get NL80211_RATE_INFO_SNR
04-24 11:55:42.150 742 742 E wificond: Failed to get NL80211_STA_INFO_CNAHLOAD
04-24 11:55:44.565 742 742 E wificond: Failed to get NL80211_RATE_INFO_NOISE
04-24 11:55:44.565 742 742 E wificond: Failed to get NL80211_RATE_INFO_SNR
04-24 11:55:44.565 742 742 E wificond: Failed to get NL80211_STA_INFO_CNAHLOAD
04-24 11:55:47.578 742 742 E wificond: Failed to get NL80211_RATE_INFO_NOISE
04-24 11:55:47.578 742 742 E wificond: Failed to get NL80211_RATE_INFO_SNR
04-24 11:55:47.578 742 742 E wificond: Failed to get NL80211_STA_INFO_CNAHLOAD
04-24 11:55:50.157 742 742 E wificond: Failed to get NL80211_RATE_INFO_NOISE
04-24 11:55:50.157 742 742 E wificond: Failed to get NL80211_RATE_INFO_SNR
04-24 11:55:50.157 742 742 E wificond: Failed to get NL80211_STA_INFO_CNAHLOAD
04-24 11:55:50.159 742 742 E wificond: Failed to get NL80211_RATE_INFO_NOISE
04-24 11:55:50.160 742 742 E wificond: Failed to get NL80211_RATE_INFO_SNR
04-24 11:55:50.160 742 742 E wificond: Failed to get NL80211_STA_INFO_CNAHLOAD
04-24 11:55:50.582 742 742 E wificond: Failed to get NL80211_RATE_INFO_NOISE
04-24 11:55:50.582 742 742 E wificond: Failed to get NL80211_RATE_INFO_SNR
04-24 11:55:50.582 742 742 E wificond: Failed to get NL80211_STA_INFO_CNAHLOAD
04-24 11:55:53.594 742 742 E wificond: Failed to get NL80211_RATE_INFO_NOISE
04-24 11:55:53.594 742 742 E wificond: Failed to get NL80211_RATE_INFO_SNR
04-24 11:55:53.594 742 742 E wificond: Failed to get NL80211_STA_INFO_CNAHLOAD
04-24 11:55:56.606 742 742 E wificond: Failed to get NL80211_RATE_INFO_NOISE
04-24 11:55:56.607 742 742 E wificond: Failed to get NL80211_RATE_INFO_SNR
04-24 11:55:56.607 742 742 E wificond: Failed to get NL80211_STA_INFO_CNAHLOAD
04-24 11:55:58.171 742 742 E wificond: Failed to get NL80211_RATE_INFO_NOISE
04-24 11:55:58.171 742 742 E wificond: Failed to get NL80211_RATE_INFO_SNR
04-24 11:55:58.171 742 742 E wificond: Failed to get NL80211_STA_INFO_CNAHLOAD
04-24 11:55:58.173 742 742 E wificond: Failed to get NL80211_RATE_INFO_NOISE
04-24 11:55:58.173 742 742 E wificond: Failed to get NL80211_RATE_INFO_SNR
04-24 11:55:58.173 742 742 E wificond: Failed to get NL80211_STA_INFO_CNAHLOAD
04-24 11:55:59.617 742 742 E wificond: Failed to get NL80211_RATE_INFO_NOISE
04-24 11:55:59.617 742 742 E wificond: Failed to get NL80211_RATE_INFO_SNR
04-24 11:55:59.617 742 742 E wificond: Failed to get NL80211_STA_INFO_CNAHLOAD
04-24 11:56:00.006 1176 1176 I chatty : uid=1000 system_server expire 10 lines
04-24 11:56:02.629 742 742 E wificond: Failed to get NL80211_RATE_INFO_NOISE
04-24 11:56:02.629 742 742 E wificond: Failed to get NL80211_RATE_INFO_SNR
04-24 11:56:02.629 742 742 E wificond: Failed to get NL80211_STA_INFO_CNAHLOAD
04-24 11:56:05.642 742 742 E wificond: Failed to get NL80211_RATE_INFO_NOISE
04-24 11:56:05.642 742 742 E wificond: Failed to get NL80211_RATE_INFO_SNR
04-24 11:56:05.643 742 742 E wificond: Failed to get NL80211_STA_INFO_CNAHLOAD
04-24 11:56:06.166 742 742 E wificond: Failed to get NL80211_RATE_INFO_NOISE
04-24 11:56:06.166 742 742 E wificond: Failed to get NL80211_RATE_INFO_SNR
04-24 11:56:06.166 742 742 E wificond: Failed to get NL80211_STA_INFO_CNAHLOAD
04-24 11:56:06.170 742 742 E wificond: Failed to get NL80211_RATE_INFO_NOISE
04-24 11:56:06.170 742 742 E wificond: Failed to get NL80211_RATE_INFO_SNR
04-24 11:56:06.170 742 742 E wificond: Failed to get NL80211_STA_INFO_CNAHLOAD
04-24 11:56:08.657 742 742 E wificond: Failed to get NL80211_RATE_INFO_NOISE
04-24 11:56:08.657 742 742 E wificond: Failed to get NL80211_RATE_INFO_SNR
04-24 11:56:08.657 742 742 E wificond: Failed to get NL80211_STA_INFO_CNAHLOAD
04-24 11:56:11.670 742 742 E wificond: Failed to get NL80211_RATE_INFO_NOISE
04-24 11:56:11.671 742 742 E wificond: Failed to get NL80211_RATE_INFO_SNR
04-24 11:56:11.671 742 742 E wificond: Failed to get NL80211_STA_INFO_CNAHLOAD
04-24 11:56:14.173 742 742 E wificond: Failed to get NL80211_RATE_INFO_NOISE
04-24 11:56:14.173 742 742 E wificond: Failed to get NL80211_RATE_INFO_SNR
04-24 11:56:14.173 742 742 E wificond: Failed to get NL80211_STA_INFO_CNAHLOAD
04-24 11:56:14.178 742 742 E wificond: Failed to get NL80211_RATE_INFO_NOISE
04-24 11:56:14.178 742 742 E wificond: Failed to get NL80211_RATE_INFO_SNR
04-24 11:56:14.178 742 742 E wificond: Failed to get NL80211_STA_INFO_CNAHLOAD
04-24 11:56:14.679 742 742 E wificond: Failed to get NL80211_RATE_INFO_NOISE
04-24 11:56:14.680 742 742 E wificond: Failed to get NL80211_RATE_INFO_SNR
04-24 11:56:14.680 742 742 E wificond: Failed to get NL80211_STA_INFO_CNAHLOAD
04-24 11:56:17.694 742 742 E wificond: Failed to get NL80211_RATE_INFO_NOISE
04-24 11:56:17.694 742 742 E wificond: Failed to get NL80211_RATE_INFO_SNR
04-24 11:56:17.694 742 742 E wificond: Failed to get NL80211_STA_INFO_CNAHLOAD
04-24 11:56:20.707 742 742 E wificond: Failed to get NL80211_RATE_INFO_NOISE
04-24 11:56:20.708 742 742 E wificond: Failed to get NL80211_RATE_INFO_SNR
04-24 11:56:20.708 742 742 E wificond: Failed to get NL80211_STA_INFO_CNAHLOAD
04-24 11:56:22.176 742 742 E wificond: Failed to get NL80211_RATE_INFO_NOISE
04-24 11:56:22.176 742 742 E wificond: Failed to get NL80211_RATE_INFO_SNR
04-24 11:56:22.176 742 742 E wificond: Failed to get NL80211_STA_INFO_CNAHLOAD
04-24 11:56:22.179 742 742 E wificond: Failed to get NL80211_RATE_INFO_NOISE
04-24 11:56:22.179 742 742 E wificond: Failed to get NL80211_RATE_INFO_SNR
04-24 11:56:22.179 742 742 E wificond: Failed to get NL80211_STA_INFO_CNAHLOAD
04-24 11:56:23.720 742 742 E wificond: Failed to get NL80211_RATE_INFO_NOISE
04-24 11:56:23.720 742 742 E wificond: Failed to get NL80211_RATE_INFO_SNR
04-24 11:56:23.720 742 742 E wificond: Failed to get NL80211_STA_INFO_CNAHLOAD
04-24 11:56:26.734 742 742 E wificond: Failed to get NL80211_RATE_INFO_NOISE
04-24 11:56:26.734 742 742 E wificond: Failed to get NL80211_RATE_INFO_SNR
04-24 11:56:26.734 742 742 E wificond: Failed to get NL80211_STA_INFO_CNAHLOAD
04-24 11:56:29.749 742 742 E wificond: Failed to get NL80211_RATE_INFO_NOISE
04-24 11:56:29.749 742 742 E wificond: Failed to get NL80211_RATE_INFO_SNR
04-24 11:56:29.749 742 742 E wificond: Failed to get NL80211_STA_INFO_CNAHLOAD
04-24 11:56:30.178 742 742 E wificond: Failed to get NL80211_RATE_INFO_NOISE
04-24 11:56:30.178 742 742 E wificond: Failed to get NL80211_RATE_INFO_SNR
04-24 11:56:30.178 742 742 E wificond: Failed to get NL80211_STA_INFO_CNAHLOAD
04-24 11:56:30.182 742 742 E wificond: Failed to get NL80211_RATE_INFO_NOISE
04-24 11:56:30.182 742 742 E wificond: Failed to get NL80211_RATE_INFO_SNR
04-24 11:56:30.182 742 742 E wificond: Failed to get NL80211_STA_INFO_CNAHLOAD
04-24 11:56:32.762 742 742 E wificond: Failed to get NL80211_RATE_INFO_NOISE
04-24 11:56:32.762 742 742 E wificond: Failed to get NL80211_RATE_INFO_SNR
04-24 11:56:32.762 742 742 E wificond: Failed to get NL80211_STA_INFO_CNAHLOAD
04-24 11:56:35.778 742 742 E wificond: Failed to get NL80211_RATE_INFO_NOISE
04-24 11:56:35.778 742 742 E wificond: Failed to get NL80211_RATE_INFO_SNR
04-24 11:56:35.778 742 742 E wificond: Failed to get NL80211_STA_INFO_CNAHLOAD
04-24 11:56:38.185 742 742 E wificond: Failed to get NL80211_RATE_INFO_NOISE
04-24 11:56:38.186 742 742 E wificond: Failed to get NL80211_RATE_INFO_SNR
04-24 11:56:38.186 742 742 E wificond: Failed to get NL80211_STA_INFO_CNAHLOAD
04-24 11:56:38.188 742 742 E wificond: Failed to get NL80211_RATE_INFO_NOISE
04-24 11:56:38.188 742 742 E wificond: Failed to get NL80211_RATE_INFO_SNR
04-24 11:56:38.188 742 742 E wificond: Failed to get NL80211_STA_INFO_CNAHLOAD
04-24 11:56:38.786 742 742 E wificond: Failed to get NL80211_RATE_INFO_NOISE
04-24 11:56:38.786 742 742 E wificond: Failed to get NL80211_RATE_INFO_SNR
04-24 11:56:38.786 742 742 E wificond: Failed to get NL80211_STA_INFO_CNAHLOAD
04-24 11:56:41.804 742 742 E wificond: Failed to get NL80211_RATE_INFO_NOISE
04-24 11:56:41.805 742 742 E wificond: Failed to get NL80211_RATE_INFO_SNR
04-24 11:56:41.805 742 742 E wificond: Failed to get NL80211_STA_INFO_CNAHLOAD
04-24 11:56:44.818 742 742 E wificond: Failed to get NL80211_RATE_INFO_NOISE
04-24 11:56:44.818 742 742 E wificond: Failed to get NL80211_RATE_INFO_SNR
04-24 11:56:44.818 742 742 E wificond: Failed to get NL80211_STA_INFO_CNAHLOAD
04-24 11:56:46.193 742 742 E wificond: Failed to get NL80211_RATE_INFO_NOISE
04-24 11:56:46.193 742 742 E wificond: Failed to get NL80211_RATE_INFO_SNR
04-24 11:56:46.193 742 742 E wificond: Failed to get NL80211_STA_INFO_CNAHLOAD
04-24 11:56:46.198 742 742 E wificond: Failed to get NL80211_RATE_INFO_NOISE
04-24 11:56:46.198 742 742 E wificond: Failed to get NL80211_RATE_INFO_SNR
04-24 11:56:46.198 742 742 E wificond: Failed to get NL80211_STA_INFO_CNAHLOAD
04-24 11:56:46.973 1176 1288 I chatty : uid=1000(system) UEventObserver expire 2 lines
04-24 11:56:47.837 742 742 E wificond: Failed to get NL80211_RATE_INFO_NOISE
04-24 11:56:47.837 742 742 E wificond: Failed to get NL80211_RATE_INFO_SNR
04-24 11:56:47.837 742 742 E wificond: Failed to get NL80211_STA_INFO_CNAHLOAD
04-24 11:56:49.144 1176 1589 I chatty : uid=1000(system) watchdog expire 1 line
04-24 11:56:50.856 742 742 E wificond: Failed to get NL80211_RATE_INFO_NOISE
04-24 11:56:50.856 742 742 E wificond: Failed to get NL80211_RATE_INFO_SNR
04-24 11:56:50.856 742 742 E wificond: Failed to get NL80211_STA_INFO_CNAHLOAD
04-24 11:56:53.866 742 742 E wificond: Failed to get NL80211_RATE_INFO_NOISE
04-24 11:56:53.866 742 742 E wificond: Failed to get NL80211_RATE_INFO_SNR
04-24 11:56:53.866 742 742 E wificond: Failed to get NL80211_STA_INFO_CNAHLOAD
04-24 11:56:54.193 742 742 E wificond: Failed to get NL80211_RATE_INFO_NOISE
04-24 11:56:54.193 742 742 E wificond: Failed to get NL80211_RATE_INFO_SNR
04-24 11:56:54.193 742 742 E wificond: Failed to get NL80211_STA_INFO_CNAHLOAD
04-24 11:56:54.197 742 742 E wificond: Failed to get NL80211_RATE_INFO_NOISE
04-24 11:56:54.197 742 742 E wificond: Failed to get NL80211_RATE_INFO_SNR
04-24 11:56:54.197 742 742 E wificond: Failed to get NL80211_STA_INFO_CNAHLOAD
04-24 11:56:56.879 742 742 E wificond: Failed to get NL80211_RATE_INFO_NOISE
04-24 11:56:56.879 742 742 E wificond: Failed to get NL80211_RATE_INFO_SNR
04-24 11:56:56.879 742 742 E wificond: Failed to get NL80211_STA_INFO_CNAHLOAD
04-24 11:56:59.893 742 742 E wificond: Failed to get NL80211_RATE_INFO_NOISE
04-24 11:56:59.893 742 742 E wificond: Failed to get NL80211_RATE_INFO_SNR
04-24 11:56:59.893 742 742 E wificond: Failed to get NL80211_STA_INFO_CNAHLOAD
04-24 11:57:00.005 1176 1176 I chatty : uid=1000 system_server expire 7 lines
04-24 11:57:00.114 1176 12121 I chatty : uid=1000(system) Binder:1176_20 expire 14 lines
04-24 11:57:02.203 742 742 E wificond: Failed to get NL80211_RATE_INFO_NOISE
04-24 11:57:02.203 742 742 E wificond: Failed to get NL80211_RATE_INFO_SNR
04-24 11:57:02.203 742 742 E wificond: Failed to get NL80211_STA_INFO_CNAHLOAD
04-24 11:57:02.208 742 742 E wificond: Failed to get NL80211_RATE_INFO_NOISE
04-24 11:57:02.208 742 742 E wificond: Failed to get NL80211_RATE_INFO_SNR
04-24 11:57:02.208 742 742 E wificond: Failed to get NL80211_STA_INFO_CNAHLOAD
04-24 11:57:02.903 742 742 E wificond: Failed to get NL80211_RATE_INFO_NOISE
04-24 11:57:02.903 742 742 E wificond: Failed to get NL80211_RATE_INFO_SNR
04-24 11:57:02.903 742 742 E wificond: Failed to get NL80211_STA_INFO_CNAHLOAD
04-24 11:57:05.917 742 742 E wificond: Failed to get NL80211_RATE_INFO_NOISE
04-24 11:57:05.917 742 742 E wificond: Failed to get NL80211_RATE_INFO_SNR
04-24 11:57:05.917 742 742 E wificond: Failed to get NL80211_STA_INFO_CNAHLOAD
04-24 11:57:07.503 1176 1322 I chatty : uid=1000(system) InputDispatcher expire 6 lines
04-24 11:57:07.646 1176 6414 I chatty : uid=1000(system) Binder:1176_15 expire 40 lines
04-24 11:57:07.648 1176 1193 I chatty : uid=1000(system) HwActivityManag expire 4 lines
04-24 11:57:07.653 1176 6449 I chatty : uid=1000(system) Binder:1176_19 expire 16 lines
04-24 11:57:07.669 1176 7480 I chatty : uid=1000(system) Binder:1176_1B expire 16 lines
04-24 11:57:07.703 1176 5595 I chatty : uid=1000(system) Binder:1176_11 expire 57 lines
04-24 11:57:07.725 1619 2078 I HwNetworkPolicyManager: getHwUidPolicy uid = 10061 policy = 0
04-24 11:57:07.725 1176 1196 I chatty : uid=1000(system) android.ui expire 6 lines
04-24 11:57:07.749 1463 4821 I CommandQueue: updateBarBgColor
04-24 11:57:07.749 1463 4821 D CommandQueue: CommandQueue, setBarBackgroundColor
04-24 11:57:07.813 1176 1282 I chatty : uid=1000(system) android.anim expire 21 lines
04-24 11:57:07.893 1176 1716 I chatty : uid=1000(system) Binder:1176_8 expire 9 lines
04-24 11:57:08.936 742 742 E wificond: Failed to get NL80211_RATE_INFO_NOISE
04-24 11:57:08.936 742 742 E wificond: Failed to get NL80211_RATE_INFO_SNR
04-24 11:57:08.936 742 742 E wificond: Failed to get NL80211_STA_INFO_CNAHLOAD
04-24 11:57:08.987 1176 7637 I chatty : uid=1000(system) Binder:1176_1C expire 13 lines
04-24 11:57:09.119 1463 12196 I CommandQueue: updateBarBgColor
04-24 11:57:09.119 1463 12196 D CommandQueue: CommandQueue, setBarBackgroundColor
04-24 11:57:09.778 1176 1609 I chatty : uid=1000(system) MultiTaskManage expire 2 lines
04-24 11:57:09.794 1176 7129 I chatty : uid=1000 system_server expire 7 lines
04-24 11:57:09.827 1708 1708 I HwCoreAppHelperService: LocalReceiver receives:android.intent.action.PACKAGE_RESTARTED,pkg:com.jiansheng.blmn.demo,uid:10848
04-24 11:57:10.144 1176 1204 I chatty : uid=1000(system) android.display expire 4 lines
04-24 11:57:10.145 1176 1629 I chatty : uid=1000(system) Binder:1176_5 expire 10 lines
04-24 11:57:10.160 1619 2078 I HwNetworkPolicyManager: getHwUidPolicy uid = 10061 policy = 0
04-24 11:57:10.180 1176 1195 I chatty : uid=1000(system) ActivityManager expire 5 lines
04-24 11:57:10.205 1463 12196 I CommandQueue: updateBarBgColor
04-24 11:57:10.205 1463 12196 D CommandQueue: CommandQueue, setBarBackgroundColor
04-24 11:57:10.206 742 742 E wificond: Failed to get NL80211_RATE_INFO_NOISE
04-24 11:57:10.206 742 742 E wificond: Failed to get NL80211_RATE_INFO_SNR
04-24 11:57:10.206 742 742 E wificond: Failed to get NL80211_STA_INFO_CNAHLOAD
04-24 11:57:10.207 742 742 E wificond: Failed to get NL80211_RATE_INFO_NOISE
04-24 11:57:10.208 742 742 E wificond: Failed to get NL80211_RATE_INFO_SNR
04-24 11:57:10.208 742 742 E wificond: Failed to get NL80211_STA_INFO_CNAHLOAD
04-24 11:57:10.995 7137 7137 D ActivityThread: ActivityThread,attachApplication
04-24 11:57:10.995 1176 12121 I chatty : uid=1000(system) Binder:1176_20 expire 19 lines
04-24 11:57:11.032 1619 2078 I HwNetworkPolicyManager: getHwUidPolicy uid = 10571 policy = 0
04-24 11:57:11.048 1176 5595 I chatty : uid=1000(system) Binder:1176_11 expire 14 lines
04-24 11:57:11.111 7137 7137 V ActivityThread: ActivityThread,callActivityOnCreate
04-24 11:57:11.150 1176 1282 I chatty : uid=1000(system) android.anim expire 11 lines
04-24 11:57:11.197 7137 7137 D ActivityThread: add activity client record, r= ActivityRecord{32bed23 token=android.os.BinderProxy@850cd8f {com.uwa.datamanager/com.unity3d.player.UnityPlayerActivity}} token= android.os.BinderProxy@850cd8f
04-24 11:57:11.224 1176 7637 I chatty : uid=1000(system) Binder:1176_1C expire 2 lines
04-24 11:57:11.228 1176 1204 I chatty : uid=1000(system) android.display expire 1 line
04-24 11:57:11.240 1176 1629 I chatty : uid=1000(system) Binder:1176_5 expire 19 lines
04-24 11:57:11.245 1463 12196 I CommandQueue: updateBarBgColor
04-24 11:57:11.245 1463 12196 D CommandQueue: CommandQueue, setBarBackgroundColor
04-24 11:57:11.356 1176 1176 I chatty : uid=1000 system_server expire 2 lines
04-24 11:57:11.430 1176 1196 I chatty : uid=1000(system) android.ui expire 6 lines
04-24 11:57:11.951 742 742 E wificond: Failed to get NL80211_RATE_INFO_NOISE
04-24 11:57:11.951 742 742 E wificond: Failed to get NL80211_RATE_INFO_SNR
04-24 11:57:11.951 742 742 E wificond: Failed to get NL80211_STA_INFO_CNAHLOAD
04-24 11:57:14.960 742 742 E wificond: Failed to get NL80211_RATE_INFO_NOISE
04-24 11:57:14.960 742 742 E wificond: Failed to get NL80211_RATE_INFO_SNR
04-24 11:57:14.960 742 742 E wificond: Failed to get NL80211_STA_INFO_CNAHLOAD
04-24 11:57:17.052 1176 1288 I chatty : uid=1000(system) UEventObserver expire 4 lines
04-24 11:57:17.064 1176 1176 I chatty : uid=1000 system_server expire 10 lines
04-24 11:57:17.970 742 742 E wificond: Failed to get NL80211_RATE_INFO_NOISE
04-24 11:57:17.970 742 742 E wificond: Failed to get NL80211_RATE_INFO_SNR
04-24 11:57:17.970 742 742 E wificond: Failed to get NL80211_STA_INFO_CNAHLOAD
04-24 11:57:18.205 742 742 E wificond: Failed to get NL80211_RATE_INFO_NOISE
04-24 11:57:18.205 742 742 E wificond: Failed to get NL80211_RATE_INFO_SNR
04-24 11:57:18.205 742 742 E wificond: Failed to get NL80211_STA_INFO_CNAHLOAD
04-24 11:57:18.207 742 742 E wificond: Failed to get NL80211_RATE_INFO_NOISE
04-24 11:57:18.207 742 742 E wificond: Failed to get NL80211_RATE_INFO_SNR
04-24 11:57:18.207 742 742 E wificond: Failed to get NL80211_STA_INFO_CNAHLOAD
04-24 11:57:19.147 1176 1589 I chatty : uid=1000(system) watchdog expire 2 lines
04-24 11:57:20.980 742 742 E wificond: Failed to get NL80211_RATE_INFO_NOISE
04-24 11:57:20.981 742 742 E wificond: Failed to get NL80211_RATE_INFO_SNR
04-24 11:57:20.981 742 742 E wificond: Failed to get NL80211_STA_INFO_CNAHLOAD
04-24 11:57:22.967 1176 1629 I chatty : uid=1000(system) Binder:1176_5 expire 10 lines
04-24 11:57:23.994 742 742 E wificond: Failed to get NL80211_RATE_INFO_NOISE
04-24 11:57:23.994 742 742 E wificond: Failed to get NL80211_RATE_INFO_SNR
04-24 11:57:23.994 742 742 E wificond: Failed to get NL80211_STA_INFO_CNAHLOAD
04-24 11:57:26.214 742 742 E wificond: Failed to get NL80211_RATE_INFO_NOISE
04-24 11:57:26.214 742 742 E wificond: Failed to get NL80211_RATE_INFO_SNR
04-24 11:57:26.214 742 742 E wificond: Failed to get NL80211_STA_INFO_CNAHLOAD
04-24 11:57:26.217 742 742 E wificond: Failed to get NL80211_RATE_INFO_NOISE
04-24 11:57:26.217 742 742 E wificond: Failed to get NL80211_RATE_INFO_SNR
04-24 11:57:26.217 742 742 E wificond: Failed to get NL80211_STA_INFO_CNAHLOAD
04-24 11:57:27.000 742 742 E wificond: Failed to get NL80211_RATE_INFO_NOISE
04-24 11:57:27.000 742 742 E wificond: Failed to get NL80211_RATE_INFO_SNR
04-24 11:57:27.000 742 742 E wificond: Failed to get NL80211_STA_INFO_CNAHLOAD
04-24 11:57:30.011 742 742 E wificond: Failed to get NL80211_RATE_INFO_NOISE
04-24 11:57:30.011 742 742 E wificond: Failed to get NL80211_RATE_INFO_SNR
04-24 11:57:30.011 742 742 E wificond: Failed to get NL80211_STA_INFO_CNAHLOAD
04-24 11:57:33.028 742 742 E wificond: Failed to get NL80211_RATE_INFO_NOISE
04-24 11:57:33.029 742 742 E wificond: Failed to get NL80211_RATE_INFO_SNR
04-24 11:57:33.029 742 742 E wificond: Failed to get NL80211_STA_INFO_CNAHLOAD
04-24 11:57:34.226 742 742 E wificond: Failed to get NL80211_RATE_INFO_NOISE
04-24 11:57:34.226 742 742 E wificond: Failed to get NL80211_RATE_INFO_SNR
04-24 11:57:34.226 742 742 E wificond: Failed to get NL80211_STA_INFO_CNAHLOAD
04-24 11:57:34.229 742 742 E wificond: Failed to get NL80211_RATE_INFO_NOISE
04-24 11:57:34.229 742 742 E wificond: Failed to get NL80211_RATE_INFO_SNR
04-24 11:57:34.229 742 742 E wificond: Failed to get NL80211_STA_INFO_CNAHLOAD
04-24 11:57:36.039 742 742 E wificond: Failed to get NL80211_RATE_INFO_NOISE
04-24 11:57:36.039 742 742 E wificond: Failed to get NL80211_RATE_INFO_SNR
04-24 11:57:36.039 742 742 E wificond: Failed to get NL80211_STA_INFO_CNAHLOAD
04-24 11:57:39.049 742 742 E wificond: Failed to get NL80211_RATE_INFO_NOISE
04-24 11:57:39.049 742 742 E wificond: Failed to get NL80211_RATE_INFO_SNR
04-24 11:57:39.049 742 742 E wificond: Failed to get NL80211_STA_INFO_CNAHLOAD
04-24 11:57:41.577 1176 1322 I chatty : uid=1000(system) InputDispatcher expire 8 lines
04-24 11:57:42.064 742 742 E wificond: Failed to get NL80211_RATE_INFO_NOISE
04-24 11:57:42.064 742 742 E wificond: Failed to get NL80211_RATE_INFO_SNR
04-24 11:57:42.064 742 742 E wificond: Failed to get NL80211_STA_INFO_CNAHLOAD
04-24 11:57:42.222 742 742 E wificond: Failed to get NL80211_RATE_INFO_NOISE
04-24 11:57:42.222 742 742 E wificond: Failed to get NL80211_RATE_INFO_SNR
04-24 11:57:42.222 742 742 E wificond: Failed to get NL80211_STA_INFO_CNAHLOAD
04-24 11:57:42.225 742 742 E wificond: Failed to get NL80211_RATE_INFO_NOISE
04-24 11:57:42.225 742 742 E wificond: Failed to get NL80211_RATE_INFO_SNR
04-24 11:57:42.225 742 742 E wificond: Failed to get NL80211_STA_INFO_CNAHLOAD
04-24 11:57:45.078 742 742 E wificond: Failed to get NL80211_RATE_INFO_NOISE
04-24 11:57:45.078 742 742 E wificond: Failed to get NL80211_RATE_INFO_SNR
04-24 11:57:45.078 742 742 E wificond: Failed to get NL80211_STA_INFO_CNAHLOAD
04-24 11:57:46.013 1176 5595 I chatty : uid=1000(system) Binder:1176_11 expire 24 lines
04-24 11:57:46.014 1176 1193 I chatty : uid=1000(system) HwActivityManag expire 4 lines
04-24 11:57:46.028 1176 12121 I chatty : uid=1000(system) Binder:1176_20 expire 70 lines
04-24 11:57:46.083 1619 2078 I HwNetworkPolicyManager: getHwUidPolicy uid = 10061 policy = 0
04-24 11:57:46.104 1176 7637 I chatty : uid=1000(system) Binder:1176_1C expire 44 lines
04-24 11:57:46.105 1463 2263 I CommandQueue: updateBarBgColor
04-24 11:57:46.106 1463 2263 D CommandQueue: CommandQueue, setBarBackgroundColor
04-24 11:57:46.161 1176 1282 I chatty : uid=1000(system) android.anim expire 24 lines
04-24 11:57:46.781 1463 4917 I CommandQueue: updateBarBgColor
04-24 11:57:46.781 1463 4917 D CommandQueue: CommandQueue, setBarBackgroundColor
04-24 11:57:47.607 1176 1609 I chatty : uid=1000(system) MultiTaskManage expire 2 lines
04-24 11:57:47.609 1176 7245 I chatty : uid=1000 system_server expire 6 lines
04-24 11:57:47.637 1708 1708 I HwCoreAppHelperService: LocalReceiver receives:android.intent.action.PACKAGE_RESTARTED,pkg:com.uwa.datamanager,uid:10571
04-24 11:57:47.658 1176 1192 I chatty : uid=1000(system) android.bg expire 1 line
04-24 11:57:47.695 1176 1195 I chatty : uid=1000(system) ActivityManager expire 13 lines
04-24 11:57:47.703 1176 1716 I chatty : uid=1000(system) Binder:1176_8 expire 1 line
04-24 11:57:47.714 1619 2078 I HwNetworkPolicyManager: getHwUidPolicy uid = 10061 policy = 0
04-24 11:57:47.716 1176 1204 I chatty : uid=1000(system) android.display expire 3 lines
04-24 11:57:47.727 1463 2263 I CommandQueue: updateBarBgColor
04-24 11:57:47.727 1463 2263 D CommandQueue: CommandQueue, setBarBackgroundColor
04-24 11:57:47.801 1176 2432 I chatty : uid=1000(system) Binder:1176_D expire 16 lines
04-24 11:57:48.089 742 742 E wificond: Failed to get NL80211_RATE_INFO_NOISE
04-24 11:57:48.089 742 742 E wificond: Failed to get NL80211_RATE_INFO_SNR
04-24 11:57:48.089 742 742 E wificond: Failed to get NL80211_STA_INFO_CNAHLOAD
04-24 11:57:50.235 742 742 E wificond: Failed to get NL80211_RATE_INFO_NOISE
04-24 11:57:50.235 742 742 E wificond: Failed to get NL80211_RATE_INFO_SNR
04-24 11:57:50.235 742 742 E wificond: Failed to get NL80211_STA_INFO_CNAHLOAD
04-24 11:57:50.239 742 742 E wificond: Failed to get NL80211_RATE_INFO_NOISE
04-24 11:57:50.239 742 742 E wificond: Failed to get NL80211_RATE_INFO_SNR
04-24 11:57:50.239 742 742 E wificond: Failed to get NL80211_STA_INFO_CNAHLOAD
04-24 11:57:50.574 7256 7256 D ActivityThread: ActivityThread,attachApplication
04-24 11:57:50.588 1176 4542 I chatty : uid=1000(system) Binder:1176_F expire 8 lines
04-24 11:57:50.607 1619 2078 I HwNetworkPolicyManager: getHwUidPolicy uid = 10848 policy = 0
04-24 11:57:50.715 7256 7256 V ActivityThread: ActivityThread,callActivityOnCreate
04-24 11:57:50.732 1176 1282 V WindowManager: Exit animation finished in Window{f435c1b u0 com.huawei.android.launcher/com.huawei.android.launcher.unihome.UniHomeLauncher EXITING}: remove=false
04-24 11:57:50.732 1176 1282 V WindowManager: Exit animation finished in Window{419ccce u0 com.huawei.intelligent.Workspace EXITING}: remove=false
04-24 11:57:50.817 7256 7256 D ActivityThread: add activity client record, r= ActivityRecord{32bed23 token=android.os.BinderProxy@850cd8f {com.jiansheng.blmn.demo/com.jiansheng.blmn.MainActivity}} token= android.os.BinderProxy@850cd8f
04-24 11:57:50.842 1176 7637 V WindowManager: Adding Window{3097cdd u0 com.jiansheng.blmn.demo/com.jiansheng.blmn.MainActivity} to AppWindowToken{f99c89a token=Token{2932945 ActivityRecord{4645bc u0 com.jiansheng.blmn.demo/com.jiansheng.blmn.MainActivity t318}}}
04-24 11:57:50.842 1176 7637 V WindowManager: addWindow: New client android.os.BinderProxy@689c8b4: window=Window{3097cdd u0 com.jiansheng.blmn.demo/com.jiansheng.blmn.MainActivity} Callers=com.android.server.wm.HwWindowManagerService.addWindow:585 com.android.server.wm.Session.addToDisplay:199 android.view.IWindowSession$Stub.onTransact:124 com.android.server.wm.Session.onTransact:161 android.os.Binder.execTransact:675
04-24 11:57:50.847 1176 1204 V WindowManager: Checking 0 opening apps (frozen=false timeout=false)...
04-24 11:57:50.858 1176 12121 V WindowManager: Relayout window turning screen on: Window{3097cdd u0 com.jiansheng.blmn.demo/com.jiansheng.blmn.MainActivity}
04-24 11:57:50.861 1176 12121 W WindowManager: EGLdebug Created surface WindowStateAnimator{f03b052 com.jiansheng.blmn.demo/com.jiansheng.blmn.MainActivity}
04-24 11:57:50.862 1176 12121 V HwPhoneWindowManager: updateSystemUiColorLw window=Window{3097cdd u0 com.jiansheng.blmn.demo/com.jiansheng.blmn.MainActivity},EmuiStyle=0,StatusBarColor=0xff000000,NavigationBarColor=0xff000000, mLastIsEmuiLightStyle=-1, mForceNotchStatusBar=false
04-24 11:57:50.862 1463 4917 I CommandQueue: updateBarBgColor
04-24 11:57:50.862 1463 4917 D CommandQueue: CommandQueue, setBarBackgroundColor
04-24 11:57:50.899 1176 12121 V WindowManager: Relayout window turning screen on: Window{3097cdd u0 com.jiansheng.blmn.demo/com.jiansheng.blmn.MainActivity}
04-24 11:57:50.926 1176 6429 D WindowManager: finishDrawingWindow: Window{3097cdd u0 com.jiansheng.blmn.demo/com.jiansheng.blmn.MainActivity} mDrawState=DRAW_PENDING
04-24 11:57:50.937 1176 1282 V WindowManager: Turning screen on after layout!
04-24 11:57:50.937 1176 1282 D PickUpWakeScreenManager: isPickupSensorSupport isSensorSupport = true
04-24 11:57:50.939 1176 1282 V WindowManager: removeIfPossible: Window{cdebf8f u0 Splash Screen com.jiansheng.blmn.demo} callers=com.android.server.wm.WindowState.removeIfPossible:1914 com.android.server.wm.WindowManagerService.removeWindow:2040 com.android.server.wm.Session.remove:218 android.view.ViewRootImpl.dispatchDetachedFromWindow:3767 android.view.ViewRootImpl.doDie:6835
04-24 11:57:50.940 1176 1282 V WindowManager: Not removing Window{cdebf8f u0 Splash Screen com.jiansheng.blmn.demo EXITING} due to exit animation
04-24 11:57:50.966 1176 6429 V WindowManager: notifyAppStopped: AppWindowToken{ded901e token=Token{41a38a0 ActivityRecord{86adda3 u0 com.huawei.android.launcher/.unihome.UniHomeLauncher t1}}}
04-24 11:57:50.966 1176 6429 E WindowManager: win=Window{419ccce u0 com.huawei.intelligent.Workspace} destroySurfaces: appStopped=true win.mWindowRemovalAllowed=false win.mRemoveOnExit=false
04-24 11:57:50.967 1176 6429 I WindowManager: Destroying surface Surface(name=com.huawei.intelligent.Workspace) called by com.android.server.wm.WindowStateAnimator.destroySurface:2089 com.android.server.wm.WindowStateAnimator.destroySurfaceLocked:899 com.android.server.wm.HwWindowStateAnimator.destroySurfaceLocked:1006 com.android.server.wm.WindowState.destroyOrSaveSurfaceUnchecked:2998 com.android.server.wm.WindowState.destroySurface:2951 com.android.server.wm.AppWindowToken.destroySurfaces:671 com.android.server.wm.AppWindowToken.destroySurfaces:655 com.android.server.wm.AppWindowToken.notifyAppStopped:699
