04-24 12:29:47.408 1176 1176 I MQoS : onSignal: mSubId=1,currDataSubID=1
04-24 12:29:47.409 1176 1176 I MQoS : received cell-signal:5
04-24 12:29:47.705 1176 1176 I TrafficMonitor: expired arrive. level:-1
04-24 12:29:47.708 1176 1176 I TrafficMonitor: update:rxPkts:0,txPkts:0,rxBytes:0,txBytes:0
04-24 12:29:47.708 1176 1176 I TrafficMonitor: start expired. level:-1
04-24 12:29:47.708 1176 1176 I TrafficMonitor: gettimer:interval=5000
04-24 12:29:47.708 1176 1176 I TrafficMonitor: during_ms:5004,period_ms:2000
04-24 12:29:47.708 1176 1176 I TrafficMonitor: count:397,rx_sum:0,tx_sum:0,rxBytes:0,during_ms:5004,rx_speed:0.0,tx_speed:0.0,rto:0.0
04-24 12:29:47.708 1176 1176 D HuaweiWifiWatchdogStateMachine: speed: rxpkt:0, rxSpd:0B/s, txpkt:0, txSpd:0
04-24 12:29:47.802 777 777 E : [E/capacity_limit_control] not demo version, not set power control prop!
04-24 12:29:49.318 1176 1589 W Watchdog: hungtask: writing kick
04-24 12:29:49.325 1176 1202 I EventHub: EventHub monitor: no key events in the past 1123s, no motion events in the past 1123s
04-24 12:29:50.021 1176 1392 D HwArpVerifier: performPollAndLog:
04-24 12:29:50.025 1176 1392 D hw_netstat: total/0/0
04-24 12:29:50.385 1176 1338 D HwWifiStatStore: handleMessage : 200
04-24 12:29:51.831 487 620 W SocketListener: sending broadcast to Pid = 1176, Uid = 1000
04-24 12:29:51.836 1176 1332 D NetdConnector: RCV <- {613 IfaceClass active 1 352179983516938 0}
04-24 12:29:51.840 1176 1332 D NetdConnector: RCV <- {613 IfaceClass active 1 352179983516938 0}
04-24 12:29:51.843 1176 1202 D NetdConnector: RCV unsolicited event from native daemon, event = 613
04-24 12:29:51.883 742 742 E wificond: Failed to get NL80211_RATE_INFO_NOISE
04-24 12:29:51.883 742 742 E wificond: Failed to get NL80211_RATE_INFO_SNR
04-24 12:29:51.883 742 742 E wificond: Failed to get NL80211_STA_INFO_CNAHLOAD
04-24 12:29:51.884 1176 1337 E WificondControl: Noise: 0, Snr: -1, Chload: -1
04-24 12:29:51.884 1176 1339 D HwWifiCHRStateManager: handleMessage : 1001
04-24 12:29:51.884 1176 1339 D HwWifiCHRStateManager: handleUpdateChannel:2412
04-24 12:29:51.884 1176 1339 V HwWifiServiceFactory: get AllImpl object = com.android.server.wifi.HwWifiServiceFactoryImpl@2205edc
04-24 12:29:51.885 742 742 E wificond: Failed to get NL80211_RATE_INFO_NOISE
04-24 12:29:51.886 742 742 E wificond: Failed to get NL80211_RATE_INFO_SNR
04-24 12:29:51.886 742 742 E wificond: Failed to get NL80211_STA_INFO_CNAHLOAD
04-24 12:29:51.886 1176 1406 D HuaweiWifiWatchdogStateMachine: LM mrssi=-29
04-24 12:29:51.886 1176 1176 D WiFi_PRO: MSG_RETURN_AP_CURRY_RSSI rssi = -29
04-24 12:29:51.886 1176 1406 D HuaweiWifiWatchdogStateMachine: a4:fa:**:**:eb:b0 current loss[-45]=0%, volume=1
04-24 12:29:51.886 1176 1176 I QosMonitor: queryRtt: rtt_type = 3
04-24 12:29:51.886 1176 1406 D HuaweiWifiWatchdogStateMachine: a4:fa:**:**:eb:b0 history loss[-45]=0%, volume=13825490
04-24 12:29:51.887 1176 1406 I HuaweiWifiWatchdogStateMachine: spd good count:0, add sc:0.0, rate:1.0
04-24 12:29:51.887 1176 1406 I HuaweiWifiWatchdogStateMachine: current mHighDataFlowRate = 1.0
04-24 12:29:51.887 1176 1406 I HuaweiWifiWatchdogStateMachine: POta txb txg rxg:0, 20, 0. Lr =0% Totpkt=20
04-24 12:29:51.887 1176 1176 I HwQoEJNI: send_cmd_kernel. begin
04-24 12:29:51.888 1176 1176 I HwQoEJNI: send_cmd_kernel. end
04-24 12:29:51.888 1176 1176 I QosMonitor: postEventFromNative: msg=100,arg1=4,arg2=10
04-24 12:29:51.888 1176 1176 I HwQoEJNI: send_cmd_kernel. begin
04-24 12:29:51.888 1176 1176 I HwQoEJNI: send_cmd_kernel. end
04-24 12:29:51.888 1176 1176 I QosMonitor: postEventFromNative: msg=100,arg1=0,arg2=10
04-24 12:29:51.888 1176 1176 D HuaweiWifiWatchdogStateMachine: setSampleRtt: unvalid rtt
04-24 12:29:51.888 1176 1176 I MQoS : rtt=160,tcp_tx_pkts=480920,tcp_rx_pkts=921398
04-24 12:29:51.889 1176 1406 D HuaweiWifiWatchdogStateMachine: dumpTcpResult: len=10,rtt=160,rttPkt=1,rttWn=68,cgt=0,cgtWn=0
04-24 12:29:51.889 1176 1406 I HuaweiWifiWatchdogStateMachine: PTcp RTT:0, rtt pkt=0, tcp_rx=0, tcp_tx=0, tcp_reTran=0, rtRate=0
04-24 12:29:51.889 1176 1406 D HuaweiWifiWatchdogStateMachine: mRssiBadCount =0, RSSI not bad.
04-24 12:29:51.889 1176 1406 D HuaweiWifiWatchdogStateMachine: detectNetworkAvailable:hw.wifipro.dns_fail_count = 131
04-24 12:29:51.889 1176 1406 D HuaweiWifiWatchdogStateMachine: bqeLevel = 2 rtt=0,rtt_pkts=0 speed=37 rssi=-29
04-24 12:29:51.889 1176 1406 D HuaweiWifiWatchdogStateMachine: Enter updateQoeLevel level = 2
04-24 12:29:51.889 1176 1406 D HuaweiWifiWatchdogStateMachine: updateQoeLevel current level equal to mLastDetectLevel, return
04-24 12:29:51.889 1176 1406 D HuaweiWifiWatchdogStateMachine: did not have any network action
04-24 12:29:51.892 1176 3515 I MQoS : QOS_level:0(0),wifi-link;SIM error;use level-0
04-24 12:29:51.893 1176 3515 I MQoS : skip-low-Level:0(0),wifi-link;SIM error;use level-0
04-24 12:29:52.710 1176 1176 I TrafficMonitor: expired arrive. level:-1
04-24 12:29:52.716 1176 1176 I TrafficMonitor: update:rxPkts:1,txPkts:1,rxBytes:56,txBytes:84
04-24 12:29:52.716 1176 1176 I TrafficMonitor: start expired. level:-1
04-24 12:29:52.717 1176 1176 I TrafficMonitor: gettimer:interval=2000
04-24 12:29:52.717 1176 1176 I TrafficMonitor: during_ms:5008,period_ms:2000
04-24 12:29:52.717 1176 1176 I TrafficMonitor: count:398,rx_sum:1,tx_sum:1,rxBytes:56,during_ms:5008,rx_speed:11.182108626198083,tx_speed:16.773162939297123,rto:1.0
04-24 12:29:52.717 1176 1176 D HuaweiWifiWatchdogStateMachine: speed: rxpkt:1, rxSpd:11B/s, txpkt:1, txSpd:16
04-24 12:29:52.812 777 777 E : [E/capacity_limit_control] not demo version, not set power control prop!
04-24 12:29:52.821 1176 1288 D HwBatteryService: onUEvent fcpStatus = 0,scpStatus =0,ovpStatus=0
04-24 12:29:52.823 1176 1288 I UsbDeviceManager: water_intrused state= 0
04-24 12:29:52.840 1176 1176 D HwInnerWifiManagerImpl: SupplicantState = COMPLETED
04-24 12:29:52.840 1176 1176 D HwInnerWifiManagerImpl: isPhoneAP = false
04-24 12:29:52.841 1463 1463 D KeyguardUpdateMonitor: received broadcast android.intent.action.BATTERY_CHANGED
04-24 12:29:52.844 1463 1463 W KeyguardUpdateMonitor: ACTION_BATTERY_CHANGED AMP: 500000; Volt: 5000000
04-24 12:29:52.846 1463 1463 V KeyguardUpdateMonitor: RefreshBatteryInfo isBatteryLow: 73
04-24 12:29:52.847 1463 1463 W KeyguardUpdateMonitor: ChargingSpeed Wattage: 2500000 ST: 5000000 --> 7500000
04-24 12:29:52.847 1463 1463 I KgBattery: BatteryInfo updated: 2lPc0
04-24 12:29:52.847 1463 1463 W AppHandler: sendMessage with obj100
04-24 12:29:52.847 1463 1463 D KeyguardUpdateMonitor: handleBatteryUpdate
04-24 12:29:52.847 1463 1463 W HwLockScreenPanel: Handle message: 100
04-24 12:29:52.847 1729 1729 I MsgReceiver: intent action: android.intent.action.BATTERY_CHANGED
04-24 12:29:52.847 1463 1463 W HwKeyguardBottomArea: updateBatteryInfo : false true
04-24 12:29:52.848 1176 1176 D HwInnerWifiManagerImpl: SupplicantState = COMPLETED
04-24 12:29:52.848 1176 1176 D HwInnerWifiManagerImpl: isPhoneAP = false
04-24 12:29:52.848 1463 1463 W KgBattery: getCharge info with type: text
04-24 12:29:52.848 1176 1176 D WifiStateMachine: mBcastReceiver: PluggedType = 2 mIsScanCtrlPluggedin = true
04-24 12:29:52.849 1176 1176 D HwWifiService: mPluggedType =2
04-24 12:29:52.850 1176 1176 D WifiService: onReceive, action:android.intent.action.BATTERY_CHANGED
04-24 12:29:52.850 1176 1176 D WifiService: ACTION_BATTERY_CHANGED pluggedType: 2
04-24 12:29:52.852 5515 5671 E CloudAlbum[8.1.2.309]: [ReceiverManager] not log on ignore
04-24 12:29:52.855 1463 1463 W HwLockScreenPanel: refreshBatteryInfo: null
04-24 12:29:53.391 1176 1338 D HwWifiStatStore: handleMessage : 200
04-24 12:29:53.412 1176 1204 D SmartcareProc: onSignalStrengthsChanged: signalStrength is: SignalStrength: 99 -1 0 0 -62 -81 32767 -1 32767 99 0 0 0 2147483647 0 -1 true cdma , on sub: 1
04-24 12:29:53.413 1176 1204 D SmartcareProc: SignalStrength update result, ss: SignalStrengthInfo:68043809 mGsmSignalStrength: -1 mWcdmaRscp: -1 mWcdmaEcio: -1 mLteRsrp: -1 mLteRsrq: -1 mCdmaDbm: -62 mCdmaEcio: -81 mEvdoDbm: 32767mEvdoEcio: -1mLteRssnr: -1
04-24 12:29:53.414 1176 1176 I MQoS : onSignal: mSubId=1,currDataSubID=1
04-24 12:29:53.414 1176 1176 I MQoS : received cell-signal:5
04-24 12:29:54.721 1176 1176 I TrafficMonitor: update:rxPkts:0,txPkts:0,rxBytes:0,txBytes:0
04-24 12:29:54.722 1176 1176 I TrafficMonitor: start expired. level:-1
04-24 12:29:54.722 1176 1176 I TrafficMonitor: gettimer:interval=2000
04-24 12:29:55.031 1176 1392 D HwArpVerifier: performPollAndLog:
04-24 12:29:55.036 1176 1392 D hw_netstat: total/56/84,unknown:0/56/84
04-24 12:29:56.399 1176 1338 D HwWifiStatStore: handleMessage : 200
04-24 12:29:56.610 1729 23345 I DownloadState: 0 transmitting data speed : 28 bytes/s scroff: true
04-24 12:29:56.728 1176 1176 I TrafficMonitor: update:rxPkts:0,txPkts:0,rxBytes:0,txBytes:0
04-24 12:29:56.728 1176 1176 I TrafficMonitor: start expired. level:-1
04-24 12:29:56.728 1176 1176 I TrafficMonitor: gettimer:interval=2000
04-24 12:29:56.848 1106 1119 I OAM : [check_file_size:505]/data/log/wifi/wifi_log_1 log file beyond size=10240Byte, creat new file
04-24 12:29:56.849 1106 1119 I OAM : [rename_old_file:210]rename_old_file
04-24 12:29:56.849 1106 1119 I OAM :
04-24 12:29:57.718 1176 1176 I TrafficMonitor: expired arrive. level:-1
04-24 12:29:57.719 1176 1176 I TrafficMonitor: during_ms:2006,period_ms:2000
04-24 12:29:57.719 1176 1176 I TrafficMonitor: count:400,rx_sum:0,tx_sum:0,rxBytes:0,during_ms:2006,rx_speed:0.0,tx_speed:0.0,rto:0.0
04-24 12:29:57.719 1176 1176 D HuaweiWifiWatchdogStateMachine: speed: rxpkt:0, rxSpd:0B/s, txpkt:0, txSpd:0
04-24 12:29:57.828 777 777 E : [E/capacity_limit_control] not demo version, not set power control prop!
04-24 12:29:58.733 1176 1176 I TrafficMonitor: update:rxPkts:0,txPkts:0,rxBytes:0,txBytes:0
04-24 12:29:58.733 1176 1176 I TrafficMonitor: start expired. level:-1
04-24 12:29:58.734 1176 1176 I TrafficMonitor: gettimer:interval=2000
04-24 12:29:59.406 1176 1338 D HwWifiStatStore: handleMessage : 200
04-24 12:29:59.897 742 742 E wificond: Failed to get NL80211_RATE_INFO_NOISE
04-24 12:29:59.897 742 742 E wificond: Failed to get NL80211_RATE_INFO_SNR
04-24 12:29:59.897 742 742 E wificond: Failed to get NL80211_STA_INFO_CNAHLOAD
04-24 12:29:59.898 1176 1337 E WificondControl: Noise: 0, Snr: -1, Chload: -1
04-24 12:29:59.899 1176 1339 D HwWifiCHRStateManager: handleMessage : 1001
04-24 12:29:59.900 1176 1339 D HwWifiCHRStateManager: handleUpdateChannel:2412
04-24 12:29:59.900 1176 1339 V HwWifiServiceFactory: get AllImpl object = com.android.server.wifi.HwWifiServiceFactoryImpl@2205edc
04-24 12:29:59.905 742 742 E wificond: Failed to get NL80211_RATE_INFO_NOISE
04-24 12:29:59.905 742 742 E wificond: Failed to get NL80211_RATE_INFO_SNR
04-24 12:29:59.905 742 742 E wificond: Failed to get NL80211_STA_INFO_CNAHLOAD
04-24 12:29:59.907 1176 1406 D HuaweiWifiWatchdogStateMachine: LM mrssi=-28
04-24 12:29:59.907 1176 1406 D HuaweiWifiWatchdogStateMachine: a4:fa:**:**:eb:b0 current loss[-45]=0%, volume=1
04-24 12:29:59.907 1176 1406 D HuaweiWifiWatchdogStateMachine: a4:fa:**:**:eb:b0 history loss[-45]=0%, volume=13825491
04-24 12:29:59.908 1176 1406 I HuaweiWifiWatchdogStateMachine: spd good count:0, add sc:0.0, rate:1.0
04-24 12:29:59.908 1176 1406 D HuaweiWifiWatchdogStateMachine: high data flow: protection_counter = 0, not_detect_counter = 339
04-24 12:29:59.909 1176 1406 D HuaweiWifiWatchdogStateMachine: high data flow scenario: 0 --> 0 rx bytes =0KB
04-24 12:29:59.909 1176 1406 I HuaweiWifiWatchdogStateMachine: current mHighDataFlowRate = 1.0
04-24 12:29:59.909 1176 1406 I HuaweiWifiWatchdogStateMachine: POta txb txg rxg:0, 21, 0. Lr =0% Totpkt=21
04-24 12:29:59.910 1176 1176 D WiFi_PRO: MSG_RETURN_AP_CURRY_RSSI rssi = -28
04-24 12:29:59.912 1176 1176 I QosMonitor: queryRtt: rtt_type = 3
04-24 12:29:59.912 1176 1176 I HwQoEJNI: send_cmd_kernel. begin
04-24 12:29:59.912 1176 1176 I HwQoEJNI: send_cmd_kernel. end
04-24 12:29:59.913 1176 1176 I QosMonitor: postEventFromNative: msg=100,arg1=4,arg2=10
04-24 12:29:59.913 1176 1176 I HwQoEJNI: send_cmd_kernel. begin
04-24 12:29:59.913 1176 1176 I HwQoEJNI: send_cmd_kernel. end
04-24 12:29:59.913 1176 1176 I QosMonitor: postEventFromNative: msg=100,arg1=0,arg2=10
04-24 12:29:59.913 1176 1176 D HuaweiWifiWatchdogStateMachine: setSampleRtt: unvalid rtt
04-24 12:29:59.913 1176 1176 I MQoS : rtt=160,tcp_tx_pkts=480920,tcp_rx_pkts=921398
04-24 12:29:59.914 1176 1406 D HuaweiWifiWatchdogStateMachine: dumpTcpResult: len=10,rtt=160,rttPkt=1,rttWn=76,cgt=0,cgtWn=0
04-24 12:29:59.914 1176 1406 I HuaweiWifiWatchdogStateMachine: PTcp RTT:0, rtt pkt=0, tcp_rx=0, tcp_tx=0, tcp_reTran=0, rtRate=0
04-24 12:29:59.914 1176 1406 D HuaweiWifiWatchdogStateMachine: mRssiBadCount =0, RSSI not bad.
04-24 12:29:59.914 1176 1406 D HuaweiWifiWatchdogStateMachine: detectNetworkAvailable:hw.wifipro.dns_fail_count = 131
04-24 12:29:59.914 1176 1406 D HuaweiWifiWatchdogStateMachine: bqeLevel = 2 rtt=0,rtt_pkts=0 speed=37 rssi=-28
04-24 12:29:59.914 1176 1406 D HuaweiWifiWatchdogStateMachine: Enter updateQoeLevel level = 2
04-24 12:29:59.914 1176 1406 D HuaweiWifiWatchdogStateMachine: updateQoeLevel current level equal to mLastDetectLevel, return
04-24 12:29:59.914 1176 1406 D HuaweiWifiWatchdogStateMachine: did not have any network action
04-24 12:29:59.917 1176 3515 I MQoS : QOS_level:0(0),wifi-link;SIM error;use level-0
04-24 12:30:00.041 1176 1392 D HwArpVerifier: performPollAndLog:
04-24 12:30:00.045 1176 1392 D hw_netstat: total/0/0
04-24 12:30:00.738 1176 1176 I TrafficMonitor: update:rxPkts:0,txPkts:0,rxBytes:0,txBytes:0
04-24 12:30:00.739 1176 1176 I TrafficMonitor: start expired. level:-1
04-24 12:30:00.739 1176 1176 I TrafficMonitor: gettimer:interval=2000
04-24 12:30:01.930 1176 1392 D HwArpVerifier: getIpRouteTable
04-24 12:30:02.025 1176 1392 D HwArpVerifier: Notify wifi default route is ok
04-24 12:30:02.410 1176 1338 D HwWifiStatStore: handleMessage : 200
04-24 12:30:02.482 714 800 E emcomd : [EMCOMD_NET] smartcare_samping_kernel# open: No such file or directory
04-24 12:30:02.482 714 800 D emcomd : [EMCOMD_NET] smartcare_report_sample# send sampling state 0 to service
04-24 12:30:02.482 714 800 D emcomd : [EMCOMD_Socket] sendResponse#
04-24 12:30:02.482 714 800 D emcomd : [EMCOMD_Socket] sendResponse# Send Response to 30
04-24 12:30:02.483 714 800 D emcomd : [EMCOMD_NET] smartcare_samping_stop# reset timer for smartcare_samping_start 10
04-24 12:30:02.484 1176 1386 D DaemonClientReceiver: read packet 12 bytes
04-24 12:30:02.484 1176 1386 D DaemonClientThread: read processResponse type = 1
04-24 12:30:02.484 1176 1386 D DaemonClientThread: processReport commnd = 516
04-24 12:30:02.484 1176 1386 D EmcomManagerService: sampleWinOpen = false
04-24 12:30:02.488 1176 1386 W libc : Set property "sys.email.smartcare.sample.open" to "false"
04-24 12:30:02.494 1176 1386 W libc : Set property "sys.email.smartcare.sample.open" to "false"
04-24 12:30:02.499 1176 1386 W libc : Set property "sys.wechat.smartcare.sample.open" to "false"
04-24 12:30:02.501 1176 1386 W libc : Set property "sys.video.smartcare.sample.open" to "false"
04-24 12:30:02.506 1176 1385 D GrabService: receive sample window change message:false
04-24 12:30:02.506 1176 2313 D SmartcareProc: InfosHandler: msg.what = 1002
04-24 12:30:02.506 1176 1385 D WechatMonitor: update sample window of wechat
04-24 12:30:02.506 1176 1385 D GrabService: Disconnect from AccessibilityManagerService
04-24 12:30:02.506 1176 2313 D SmartcareProc: handleTriggerAllUpload, configTypes: [browser, wechat, email, video],uploadedTaskList: []
04-24 12:30:02.745 1176 1176 I TrafficMonitor: update:rxPkts:0,txPkts:0,rxBytes:0,txBytes:0
04-24 12:30:02.745 1176 1176 I TrafficMonitor: start expired. level:-1
04-24 12:30:02.745 1176 1176 I TrafficMonitor: gettimer:interval=2000
04-24 12:30:02.837 777 777 E : [E/capacity_limit_control] not demo version, not set power control prop!
04-24 12:30:03.735 1176 1176 I TrafficMonitor: expired arrive. level:-1
04-24 12:30:03.736 1176 1176 I TrafficMonitor: during_ms:2006,period_ms:2000
04-24 12:30:03.736 1176 1176 I TrafficMonitor: count:403,rx_sum:0,tx_sum:0,rxBytes:0,during_ms:2006,rx_speed:0.0,tx_speed:0.0,rto:0.0
04-24 12:30:03.736 1176 1176 D HuaweiWifiWatchdogStateMachine: speed: rxpkt:0, rxSpd:0B/s, txpkt:0, txSpd:0
04-24 12:30:04.750 1176 1176 I TrafficMonitor: update:rxPkts:0,txPkts:0,rxBytes:0,txBytes:0
04-24 12:30:04.750 1176 1176 I TrafficMonitor: start expired. level:-1
04-24 12:30:04.751 1176 1176 I TrafficMonitor: gettimer:interval=2000
04-24 12:30:05.050 1176 1392 D HwArpVerifier: performPollAndLog:
04-24 12:30:05.053 1176 1392 D hw_netstat: total/0/0
04-24 12:30:05.417 1176 1338 D HwWifiStatStore: handleMessage : 200
04-24 12:30:06.755 1176 1176 I TrafficMonitor: update:rxPkts:0,txPkts:0,rxBytes:0,txBytes:0
04-24 12:30:06.756 1176 1176 I TrafficMonitor: start expired. level:-1
04-24 12:30:06.756 1176 1176 I TrafficMonitor: gettimer:interval=2000
04-24 12:30:06.854 487 620 W SocketListener: sending broadcast to Pid = 1176, Uid = 1000
04-24 12:30:06.858 1176 1332 D NetdConnector: RCV <- {613 IfaceClass idle 1 352194983164334}
04-24 12:30:06.862 1176 1332 D NetdConnector: RCV <- {613 IfaceClass idle 1 352194983164334}
04-24 12:30:06.866 1176 1202 D NetdConnector: RCV unsolicited event from native daemon, event = 613
04-24 12:30:07.847 777 777 E : [E/capacity_limit_control] not demo version, not set power control prop!
04-24 12:30:07.899 742 742 E wificond: Failed to get NL80211_RATE_INFO_NOISE
04-24 12:30:07.899 742 742 E wificond: Failed to get NL80211_RATE_INFO_SNR
04-24 12:30:07.899 742 742 E wificond: Failed to get NL80211_STA_INFO_CNAHLOAD
04-24 12:30:07.900 1176 1337 E WificondControl: Noise: 0, Snr: -1, Chload: -1
04-24 12:30:07.901 1176 1339 D HwWifiCHRStateManager: handleMessage : 1001
04-24 12:30:07.901 1176 1339 D HwWifiCHRStateManager: handleUpdateChannel:2412
04-24 12:30:07.902 1176 1339 V HwWifiServiceFactory: get AllImpl object = com.android.server.wifi.HwWifiServiceFactoryImpl@2205edc
04-24 12:30:07.906 742 742 E wificond: Failed to get NL80211_RATE_INFO_NOISE
04-24 12:30:07.906 742 742 E wificond: Failed to get NL80211_RATE_INFO_SNR
04-24 12:30:07.906 742 742 E wificond: Failed to get NL80211_STA_INFO_CNAHLOAD
04-24 12:30:07.908 1176 1406 D HuaweiWifiWatchdogStateMachine: LM mrssi=-29
04-24 12:30:07.908 1176 1176 D WiFi_PRO: MSG_RETURN_AP_CURRY_RSSI rssi = -29
04-24 12:30:07.909 1176 1176 I QosMonitor: queryRtt: rtt_type = 3
04-24 12:30:07.909 1176 1406 I HuaweiWifiWatchdogStateMachine: spd good count:0, add sc:0.0, rate:1.0
04-24 12:30:07.909 1176 1406 I HuaweiWifiWatchdogStateMachine: current mHighDataFlowRate = 1.0
04-24 12:30:07.909 1176 1176 I HwQoEJNI: send_cmd_kernel. begin
04-24 12:30:07.909 1176 1406 I HuaweiWifiWatchdogStateMachine: POta txb txg rxg:0, 21, 0. Lr =0% Totpkt=21
04-24 12:30:07.909 1176 1176 I HwQoEJNI: send_cmd_kernel. end
04-24 12:30:07.910 1176 1176 I QosMonitor: postEventFromNative: msg=100,arg1=4,arg2=10
04-24 12:30:07.910 1176 1176 I HwQoEJNI: send_cmd_kernel. begin
04-24 12:30:07.910 1176 1176 I HwQoEJNI: send_cmd_kernel. end
04-24 12:30:07.910 1176 1176 I QosMonitor: postEventFromNative: msg=100,arg1=0,arg2=10
04-24 12:30:07.912 1176 1176 D HuaweiWifiWatchdogStateMachine: setSampleRtt: unvalid rtt
04-24 12:30:07.912 1176 1406 D HuaweiWifiWatchdogStateMachine: dumpTcpResult: len=10,rtt=160,rttPkt=1,rttWn=84,cgt=0,cgtWn=0
04-24 12:30:07.912 1176 1176 I MQoS : rtt=160,tcp_tx_pkts=480920,tcp_rx_pkts=921398
04-24 12:30:07.912 1176 1406 I HuaweiWifiWatchdogStateMachine: PTcp RTT:0, rtt pkt=0, tcp_rx=0, tcp_tx=0, tcp_reTran=0, rtRate=0
04-24 12:30:07.912 1176 1406 D HuaweiWifiWatchdogStateMachine: mRssiBadCount =0, RSSI not bad.
04-24 12:30:07.913 1176 1406 D HuaweiWifiWatchdogStateMachine: detectNetworkAvailable:hw.wifipro.dns_fail_count = 131
04-24 12:30:07.913 1176 1406 D HuaweiWifiWatchdogStateMachine: bqeLevel = 2 rtt=0,rtt_pkts=0 speed=37 rssi=-29
04-24 12:30:07.913 1176 1406 D HuaweiWifiWatchdogStateMachine: Enter updateQoeLevel level = 2
04-24 12:30:07.913 1176 1406 D HuaweiWifiWatchdogStateMachine: updateQoeLevel current level equal to mLastDetectLevel, return
04-24 12:30:07.913 1176 1406 D HuaweiWifiWatchdogStateMachine: did not have any network action
04-24 12:30:07.924 1176 3515 I MQoS : QOS_level:0(0),wifi-link;SIM error;use level-0
04-24 12:30:08.424 1176 1338 D HwWifiStatStore: handleMessage : 200
04-24 12:30:08.760 1176 1176 I TrafficMonitor: update:rxPkts:0,txPkts:0,rxBytes:0,txBytes:0
04-24 12:30:08.760 1176 1176 I TrafficMonitor: start expired. level:-1
04-24 12:30:08.761 1176 1176 I TrafficMonitor: gettimer:interval=2000
04-24 12:30:09.752 1176 1176 I TrafficMonitor: expired arrive. level:-1
04-24 12:30:09.752 1176 1176 I TrafficMonitor: during_ms:2004,period_ms:2000
04-24 12:30:09.753 1176 1176 I TrafficMonitor: count:406,rx_sum:0,tx_sum:0,rxBytes:0,during_ms:2004,rx_speed:0.0,tx_speed:0.0,rto:0.0
04-24 12:30:09.753 1176 1176 D HuaweiWifiWatchdogStateMachine: speed: rxpkt:0, rxSpd:0B/s, txpkt:0, txSpd:0
04-24 12:30:10.005 1176 1392 D HwArpVerifier: check_wifi_state_mode = 0 mCheckStateToken=25 token25
04-24 12:30:10.007 1176 1392 D wifiserviceimpl: netmask =16777215
04-24 12:30:10.083 1176 1392 D HWMultiGW: setGateWay 192.168.1.1
04-24 12:30:10.764 1176 1176 I TrafficMonitor: update:rxPkts:0,txPkts:0,rxBytes:0,txBytes:0
04-24 12:30:10.765 1176 1176 I TrafficMonitor: start expired. level:-1
04-24 12:30:10.765 1176 1176 I TrafficMonitor: gettimer:interval=2000
04-24 12:30:11.084 1176 1392 D HwArpVerifier: getGateWayARPResponses: arp rtt = 11
04-24 12:30:11.085 1176 1392 E HwCHRWifiRSSIGroupSummery: updatArpSummery mRSSI:-29 HwCHRWifiRSSIGroup [rssi_index=4, rtt_tcp_packets=0, rtt_tcp_duration=0, rtt_lan_duration=7410, rtt_lan_failures=0, rtt_lan_succ=350, rtt_lan_max=939, rtt_lan_min=2,same_area_frequency=0,adjacent_area_frequency=0]
04-24 12:30:11.112 1176 1392 D HwArpVerifier: There are 1 mac address for gateway
04-24 12:30:11.112 1176 1392 D HwArpVerifier: from HEART_CHECK transmit to state:HEART_CHECK
04-24 12:30:11.113 1176 1392 D HwArpVerifier: msg what=124 arg1(token)=25 arg2(mode)=0 delay=30000
04-24 12:30:11.113 1176 1392 D HwArpVerifier: performPollAndLog:
04-24 12:30:11.116 1176 1392 D hw_netstat: total/0/0
04-24 12:30:11.431 1176 1338 D HwWifiStatStore: handleMessage : 200
04-24 12:30:12.496 714 800 E emcomd : [EMCOMD_NET] smartcare_samping_kernel# open: No such file or directory
04-24 12:30:12.496 714 800 D emcomd : [EMCOMD_NET] smartcare_report_sample# send sampling state 1 to service
04-24 12:30:12.496 714 800 D emcomd : [EMCOMD_Socket] sendResponse#
04-24 12:30:12.496 714 800 D emcomd : [EMCOMD_Socket] sendResponse# Send Response to 30
04-24 12:30:12.497 714 800 D emcomd : [EMCOMD_NET] smartcare_samping_start# reset timer for smartcare_samping_stop 710
04-24 12:30:12.497 1176 1386 D DaemonClientReceiver: read packet 12 bytes
04-24 12:30:12.497 1176 1386 D DaemonClientThread: read processResponse type = 1
04-24 12:30:12.497 1176 1386 D DaemonClientThread: processReport commnd = 516
04-24 12:30:12.498 1176 1386 D EmcomManagerService: sampleWinOpen = true
04-24 12:30:12.499 1176 1386 W libc : Set property "sys.email.smartcare.sample.open" to "true"
04-24 12:30:12.504 1176 1386 W libc : Set property "sys.email.smartcare.sample.open" to "true"
04-24 12:30:12.508 1176 1386 W libc : Set property "sys.wechat.smartcare.sample.open" to "true"
04-24 12:30:12.514 1176 1386 W libc : Set property "sys.video.smartcare.sample.open" to "true"
04-24 12:30:12.520 1176 1385 D GrabService: receive sample window change message:true
04-24 12:30:12.520 1176 1385 D WechatMonitor: update sample window of wechat
04-24 12:30:12.521 1176 1385 D WechatMonitor: sample window is open
04-24 12:30:12.770 1176 1176 I TrafficMonitor: update:rxPkts:0,txPkts:0,rxBytes:0,txBytes:0
04-24 12:30:12.770 1176 1176 I TrafficMonitor: start expired. level:-1
04-24 12:30:12.771 1176 1176 I TrafficMonitor: gettimer:interval=5000
04-24 12:30:12.857 777 777 E : [E/capacity_limit_control] not demo version, not set power control prop!
04-24 12:30:14.438 1176 1338 D HwWifiStatStore: handleMessage : 200
04-24 12:30:15.769 1176 1176 I TrafficMonitor: expired arrive. level:-1
04-24 12:30:15.769 1176 1176 I TrafficMonitor: during_ms:2006,period_ms:2000
04-24 12:30:15.770 1176 1176 I TrafficMonitor: count:408,rx_sum:0,tx_sum:0,rxBytes:0,during_ms:2006,rx_speed:0.0,tx_speed:0.0,rto:0.0
04-24 12:30:15.770 1176 1176 D HuaweiWifiWatchdogStateMachine: speed: rxpkt:0, rxSpd:0B/s, txpkt:0, txSpd:0
04-24 12:30:15.914 742 742 E wificond: Failed to get NL80211_RATE_INFO_NOISE
04-24 12:30:15.914 742 742 E wificond: Failed to get NL80211_RATE_INFO_SNR
04-24 12:30:15.914 742 742 E wificond: Failed to get NL80211_STA_INFO_CNAHLOAD
04-24 12:30:15.915 1176 1337 E WificondControl: Noise: 0, Snr: -1, Chload: -1
04-24 12:30:15.916 1176 1339 D HwWifiCHRStateManager: handleMessage : 1001
04-24 12:30:15.916 1176 1339 D HwWifiCHRStateManager: handleUpdateChannel:2412
04-24 12:30:15.916 1176 1339 V HwWifiServiceFactory: get AllImpl object = com.android.server.wifi.HwWifiServiceFactoryImpl@2205edc
04-24 12:30:15.920 742 742 E wificond: Failed to get NL80211_RATE_INFO_NOISE
04-24 12:30:15.920 742 742 E wificond: Failed to get NL80211_RATE_INFO_SNR
04-24 12:30:15.920 742 742 E wificond: Failed to get NL80211_STA_INFO_CNAHLOAD
04-24 12:30:15.923 1176 1406 D HuaweiWifiWatchdogStateMachine: LM mrssi=-29
04-24 12:30:15.923 1176 1176 D WiFi_PRO: MSG_RETURN_AP_CURRY_RSSI rssi = -29
04-24 12:30:15.923 1176 1406 D HuaweiWifiWatchdogStateMachine: a4:fa:**:**:eb:b0 current loss[-45]=0%, volume=1
04-24 12:30:15.923 1176 1176 I QosMonitor: queryRtt: rtt_type = 3
04-24 12:30:15.924 1176 1406 D HuaweiWifiWatchdogStateMachine: a4:fa:**:**:eb:b0 history loss[-45]=0%, volume=13825492
04-24 12:30:15.924 1176 1176 I HwQoEJNI: send_cmd_kernel. begin
04-24 12:30:15.924 1176 1176 I HwQoEJNI: send_cmd_kernel. end
04-24 12:30:15.924 1176 1406 I HuaweiWifiWatchdogStateMachine: spd good count:0, add sc:0.0, rate:1.0
04-24 12:30:15.924 1176 1176 I QosMonitor: postEventFromNative: msg=100,arg1=4,arg2=10
04-24 12:30:15.924 1176 1406 I HuaweiWifiWatchdogStateMachine: current mHighDataFlowRate = 1.0
04-24 12:30:15.925 1176 1406 I HuaweiWifiWatchdogStateMachine: POta txb txg rxg:0, 22, 0. Lr =0% Totpkt=22
04-24 12:30:15.925 1176 1176 D HuaweiWifiWatchdogStateMachine: setSampleRtt: unvalid rtt
04-24 12:30:15.925 1176 1176 I HwQoEJNI: send_cmd_kernel. begin
04-24 12:30:15.925 1176 1176 I HwQoEJNI: send_cmd_kernel. end
04-24 12:30:15.925 1176 1176 I QosMonitor: postEventFromNative: msg=100,arg1=0,arg2=10
04-24 12:30:15.926 1176 1176 I MQoS : rtt=160,tcp_tx_pkts=480920,tcp_rx_pkts=921398
04-24 12:30:15.928 1176 1406 D HuaweiWifiWatchdogStateMachine: dumpTcpResult: len=10,rtt=160,rttPkt=1,rttWn=92,cgt=0,cgtWn=0
04-24 12:30:15.929 1176 1406 I HuaweiWifiWatchdogStateMachine: PTcp RTT:0, rtt pkt=0, tcp_rx=0, tcp_tx=0, tcp_reTran=0, rtRate=0
04-24 12:30:15.929 1176 1406 D HuaweiWifiWatchdogStateMachine: mRssiBadCount =0, RSSI not bad.
04-24 12:30:15.929 1176 1406 D HuaweiWifiWatchdogStateMachine: detectNetworkAvailable:hw.wifipro.dns_fail_count = 131
04-24 12:30:15.929 1176 1406 D HuaweiWifiWatchdogStateMachine: bqeLevel = 2 rtt=0,rtt_pkts=0 speed=37 rssi=-29
04-24 12:30:15.929 1176 1406 D HuaweiWifiWatchdogStateMachine: Enter updateQoeLevel level = 2
04-24 12:30:15.929 1176 1406 D HuaweiWifiWatchdogStateMachine: updateQoeLevel current level equal to mLastDetectLevel, return
04-24 12:30:15.929 1176 1406 D HuaweiWifiWatchdogStateMachine: did not have any network action
04-24 12:30:15.938 1176 3515 I MQoS : QOS_level:0(0),wifi-link;SIM error;use level-0
04-24 12:30:16.121 1176 1392 D HwArpVerifier: performPollAndLog:
04-24 12:30:16.125 1176 1392 D hw_netstat: total/0/0
04-24 12:30:17.445 1176 1338 D HwWifiStatStore: handleMessage : 200
04-24 12:30:17.776 1176 1176 I TrafficMonitor: update:rxPkts:0,txPkts:0,rxBytes:0,txBytes:0
04-24 12:30:17.777 1176 1176 I TrafficMonitor: start expired. level:-1
04-24 12:30:17.777 1176 1176 I TrafficMonitor: gettimer:interval=5000
04-24 12:30:17.866 777 777 E : [E/capacity_limit_control] not demo version, not set power control prop!
04-24 12:30:19.322 1176 1589 W Watchdog: hungtask: writing kick
04-24 12:30:19.327 1176 1202 I EventHub: EventHub monitor: no key events in the past 1153s, no motion events in the past 1153s
04-24 12:30:20.452 1176 1338 D HwWifiStatStore: handleMessage : 200
04-24 12:30:21.131 1176 1392 D HwArpVerifier: performPollAndLog:
04-24 12:30:21.135 1176 1392 D hw_netstat: total/0/0
04-24 12:30:22.781 1176 1176 I TrafficMonitor: expired arrive. level:-1
04-24 12:30:22.784 1176 1176 I TrafficMonitor: update:rxPkts:0,txPkts:0,rxBytes:0,txBytes:0
04-24 12:30:22.785 1176 1176 I TrafficMonitor: start expired. level:-1
04-24 12:30:22.785 1176 1176 I TrafficMonitor: gettimer:interval=5000
04-24 12:30:22.785 1176 1176 I TrafficMonitor: during_ms:5008,period_ms:2000
04-24 12:30:22.785 1176 1176 I TrafficMonitor: count:410,rx_sum:0,tx_sum:0,rxBytes:0,during_ms:5008,rx_speed:0.0,tx_speed:0.0,rto:0.0
04-24 12:30:22.785 1176 1176 D HuaweiWifiWatchdogStateMachine: speed: rxpkt:0, rxSpd:0B/s, txpkt:0, txSpd:0
04-24 12:30:22.876 777 777 E : [E/capacity_limit_control] not demo version, not set power control prop!
04-24 12:30:22.901 1176 1288 D HwBatteryService: onUEvent fcpStatus = 0,scpStatus =0,ovpStatus=0
04-24 12:30:22.904 1176 1288 I UsbDeviceManager: water_intrused state= 0
04-24 12:30:22.919 1176 1176 D HwInnerWifiManagerImpl: SupplicantState = COMPLETED
04-24 12:30:22.920 1176 1176 D HwInnerWifiManagerImpl: isPhoneAP = false
04-24 12:30:22.921 1176 1176 D HwInnerWifiManagerImpl: SupplicantState = COMPLETED
04-24 12:30:22.921 1463 1463 D KeyguardUpdateMonitor: received broadcast android.intent.action.BATTERY_CHANGED
04-24 12:30:22.921 1176 1176 D HwInnerWifiManagerImpl: isPhoneAP = false
04-24 12:30:22.921 1176 1176 D WifiStateMachine: mBcastReceiver: PluggedType = 2 mIsScanCtrlPluggedin = true
04-24 12:30:22.921 1463 1463 W KeyguardUpdateMonitor: ACTION_BATTERY_CHANGED AMP: 500000; Volt: 5000000
04-24 12:30:22.922 1463 1463 V KeyguardUpdateMonitor: RefreshBatteryInfo isBatteryLow: 73
04-24 12:30:22.922 1463 1463 W KeyguardUpdateMonitor: ChargingSpeed Wattage: 2500000 ST: 5000000 --> 7500000
04-24 12:30:22.922 1463 1463 I KgBattery: BatteryInfo updated: 2lPc0
04-24 12:30:22.922 1176 1176 D HwWifiService: mPluggedType =2
04-24 12:30:22.922 1463 1463 W AppHandler: sendMessage with obj100
04-24 12:30:22.922 1463 1463 D KeyguardUpdateMonitor: handleBatteryUpdate
04-24 12:30:22.922 1463 1463 W HwLockScreenPanel: Handle message: 100
04-24 12:30:22.922 1463 1463 W HwKeyguardBottomArea: updateBatteryInfo : false true
04-24 12:30:22.923 1463 1463 W KgBattery: getCharge info with type: text
04-24 12:30:22.923 1176 1176 D WifiService: onReceive, action:android.intent.action.BATTERY_CHANGED
04-24 12:30:22.923 1176 1176 D WifiService: ACTION_BATTERY_CHANGED pluggedType: 2
04-24 12:30:22.932 5515 5671 E CloudAlbum[8.1.2.309]: [ReceiverManager] not log on ignore
04-24 12:30:22.932 1729 1729 I MsgReceiver: intent action: android.intent.action.BATTERY_CHANGED
04-24 12:30:22.936 1463 1463 W HwLockScreenPanel: refreshBatteryInfo: null
04-24 12:30:23.459 1176 1338 D HwWifiStatStore: handleMessage : 200
04-24 12:30:23.914 742 742 E wificond: Failed to get NL80211_RATE_INFO_NOISE
04-24 12:30:23.914 742 742 E wificond: Failed to get NL80211_RATE_INFO_SNR
04-24 12:30:23.914 742 742 E wificond: Failed to get NL80211_STA_INFO_CNAHLOAD
04-24 12:30:23.915 1176 1337 E WificondControl: Noise: 0, Snr: -1, Chload: -1
04-24 12:30:23.916 1176 1339 D HwWifiCHRStateManager: handleMessage : 1001
04-24 12:30:23.916 1176 1339 D HwWifiCHRStateManager: handleUpdateChannel:2412
04-24 12:30:23.916 1176 1339 V HwWifiServiceFactory: get AllImpl object = com.android.server.wifi.HwWifiServiceFactoryImpl@2205edc
04-24 12:30:23.920 742 742 E wificond: Failed to get NL80211_RATE_INFO_NOISE
04-24 12:30:23.920 742 742 E wificond: Failed to get NL80211_RATE_INFO_SNR
04-24 12:30:23.920 742 742 E wificond: Failed to get NL80211_STA_INFO_CNAHLOAD
04-24 12:30:23.922 1176 1176 D WiFi_PRO: MSG_RETURN_AP_CURRY_RSSI rssi = -29
04-24 12:30:23.922 1176 1406 D HuaweiWifiWatchdogStateMachine: LM mrssi=-29
04-24 12:30:23.923 1176 1176 I QosMonitor: queryRtt: rtt_type = 3
04-24 12:30:23.923 1176 1176 I HwQoEJNI: send_cmd_kernel. begin
04-24 12:30:23.923 1176 1406 I HuaweiWifiWatchdogStateMachine: spd good count:0, add sc:0.0, rate:1.0
04-24 12:30:23.923 1176 1176 I HwQoEJNI: send_cmd_kernel. end
04-24 12:30:23.923 1176 1406 I HuaweiWifiWatchdogStateMachine: current mHighDataFlowRate = 1.0
04-24 12:30:23.923 1176 1406 I HuaweiWifiWatchdogStateMachine: POta txb txg rxg:0, 22, 0. Lr =0% Totpkt=22
04-24 12:30:23.923 1176 1176 I QosMonitor: postEventFromNative: msg=100,arg1=4,arg2=10
04-24 12:30:23.924 1176 1176 I HwQoEJNI: send_cmd_kernel. begin
04-24 12:30:23.924 1176 1176 I HwQoEJNI: send_cmd_kernel. end
04-24 12:30:23.924 1176 1176 I QosMonitor: postEventFromNative: msg=100,arg1=0,arg2=10
04-24 12:30:23.925 1176 1176 D HuaweiWifiWatchdogStateMachine: setSampleRtt: unvalid rtt
04-24 12:30:23.925 1176 1176 I MQoS : rtt=160,tcp_tx_pkts=480920,tcp_rx_pkts=921398
04-24 12:30:23.926 1176 1406 D HuaweiWifiWatchdogStateMachine: dumpTcpResult: len=10,rtt=160,rttPkt=1,rttWn=100,cgt=0,cgtWn=0
04-24 12:30:23.926 1176 1406 I HuaweiWifiWatchdogStateMachine: PTcp RTT:0, rtt pkt=0, tcp_rx=0, tcp_tx=0, tcp_reTran=0, rtRate=0
04-24 12:30:23.927 1176 1406 D HuaweiWifiWatchdogStateMachine: mRssiBadCount =0, RSSI not bad.
04-24 12:30:23.927 1176 1406 D HuaweiWifiWatchdogStateMachine: detectNetworkAvailable:hw.wifipro.dns_fail_count = 131
04-24 12:30:23.927 1176 1406 D HuaweiWifiWatchdogStateMachine: bqeLevel = 2 rtt=0,rtt_pkts=0 speed=37 rssi=-29
04-24 12:30:23.927 1176 1406 D HuaweiWifiWatchdogStateMachine: Enter updateQoeLevel level = 2
04-24 12:30:23.927 1176 1406 D HuaweiWifiWatchdogStateMachine: updateQoeLevel current level equal to mLastDetectLevel, return
04-24 12:30:23.927 1176 1406 D HuaweiWifiWatchdogStateMachine: did not have any network action
04-24 12:30:23.937 1176 3515 I MQoS : QOS_level:0(0),wifi-link;SIM error;use level-0
04-24 12:30:23.937 1176 3515 I MQoS : skip-low-Level:0(0),wifi-link;SIM error;use level-0
04-24 12:30:26.141 1176 1392 D HwArpVerifier: performPollAndLog:
04-24 12:30:26.146 1176 1392 D hw_netstat: total/0/0
04-24 12:30:26.466 1176 1338 D HwWifiStatStore: handleMessage : 200
04-24 12:30:26.512 1637 1925 W DoneDirFilePackUtil: collectAllFilesInDoneDir NumberFormatException
04-24 12:30:26.512 1637 1925 W DoneDirFilePackUtil: collectAllFilesInDoneDir NumberFormatException
04-24 12:30:26.513 1637 1925 E LogFilePackager: filterLogListWithThreshold loglist is null
04-24 12:30:27.790 1176 1176 I TrafficMonitor: expired arrive. level:-1
04-24 12:30:27.793 1176 1176 I TrafficMonitor: update:rxPkts:0,txPkts:0,rxBytes:0,txBytes:0
04-24 12:30:27.793 1176 1176 I TrafficMonitor: start expired. level:-1
04-24 12:30:27.794 1176 1176 I TrafficMonitor: gettimer:interval=5000
04-24 12:30:27.794 1176 1176 I TrafficMonitor: during_ms:5009,period_ms:2000
04-24 12:30:27.794 1176 1176 I TrafficMonitor: count:411,rx_sum:0,tx_sum:0,rxBytes:0,during_ms:5009,rx_speed:0.0,tx_speed:0.0,rto:0.0
04-24 12:30:27.794 1176 1176 D HuaweiWifiWatchdogStateMachine: speed: rxpkt:0, rxSpd:0B/s, txpkt:0, txSpd:0
04-24 12:30:27.908 777 777 E : [E/capacity_limit_control] not demo version, not set power control prop!
04-24 12:30:29.473 1176 1338 D HwWifiStatStore: handleMessage : 200
04-24 12:30:31.151 1176 1392 D HwArpVerifier: performPollAndLog:
04-24 12:30:31.155 1176 1392 D hw_netstat: total/0/0
04-24 12:30:31.919 742 742 E wificond: Failed to get NL80211_RATE_INFO_NOISE
04-24 12:30:31.919 742 742 E wificond: Failed to get NL80211_RATE_INFO_SNR
04-24 12:30:31.919 742 742 E wificond: Failed to get NL80211_STA_INFO_CNAHLOAD
04-24 12:30:31.920 1176 1337 E WificondControl: Noise: 0, Snr: -1, Chload: -1
04-24 12:30:31.921 1176 1339 D HwWifiCHRStateManager: handleMessage : 1001
04-24 12:30:31.921 1176 1339 D HwWifiCHRStateManager: handleUpdateChannel:2412
04-24 12:30:31.921 1176 1339 V HwWifiServiceFactory: get AllImpl object = com.android.server.wifi.HwWifiServiceFactoryImpl@2205edc
04-24 12:30:31.926 742 742 E wificond: Failed to get NL80211_RATE_INFO_NOISE
04-24 12:30:31.926 742 742 E wificond: Failed to get NL80211_RATE_INFO_SNR
04-24 12:30:31.926 742 742 E wificond: Failed to get NL80211_STA_INFO_CNAHLOAD
04-24 12:30:31.929 1176 1406 D HuaweiWifiWatchdogStateMachine: LM mrssi=-29
04-24 12:30:31.929 1176 1176 D WiFi_PRO: MSG_RETURN_AP_CURRY_RSSI rssi = -29
04-24 12:30:31.930 1176 1176 I QosMonitor: queryRtt: rtt_type = 3
04-24 12:30:31.930 1176 1406 I HuaweiWifiWatchdogStateMachine: spd good count:0, add sc:0.0, rate:1.0
04-24 12:30:31.930 1176 1176 I HwQoEJNI: send_cmd_kernel. begin
04-24 12:30:31.930 1176 1176 I HwQoEJNI: send_cmd_kernel. end
04-24 12:30:31.931 1176 1176 I QosMonitor: postEventFromNative: msg=100,arg1=4,arg2=10
04-24 12:30:31.931 1176 1406 D HuaweiWifiWatchdogStateMachine: high data flow: protection_counter = 0, not_detect_counter = 340
04-24 12:30:31.931 1176 1406 D HuaweiWifiWatchdogStateMachine: high data flow scenario: 0 --> 0 rx bytes =0KB
04-24 12:30:31.931 1176 1406 I HuaweiWifiWatchdogStateMachine: current mHighDataFlowRate = 1.0
04-24 12:30:31.931 1176 1176 D HuaweiWifiWatchdogStateMachine: setSampleRtt: unvalid rtt
04-24 12:30:31.931 1176 1406 I HuaweiWifiWatchdogStateMachine: POta txb txg rxg:0, 22, 0. Lr =0% Totpkt=22
04-24 12:30:31.932 1176 1176 I HwQoEJNI: send_cmd_kernel. begin
04-24 12:30:31.932 1176 1176 I HwQoEJNI: send_cmd_kernel. end
04-24 12:30:31.933 1176 1176 I QosMonitor: postEventFromNative: msg=100,arg1=0,arg2=10
04-24 12:30:31.933 1176 1176 I MQoS : rtt=160,tcp_tx_pkts=480920,tcp_rx_pkts=921398
04-24 12:30:31.934 1176 1406 D HuaweiWifiWatchdogStateMachine: dumpTcpResult: len=10,rtt=160,rttPkt=1,rttWn=108,cgt=0,cgtWn=0
04-24 12:30:31.934 1176 1406 I HuaweiWifiWatchdogStateMachine: PTcp RTT:0, rtt pkt=0, tcp_rx=0, tcp_tx=0, tcp_reTran=0, rtRate=0
04-24 12:30:31.935 1176 1406 D HuaweiWifiWatchdogStateMachine: mRssiBadCount =0, RSSI not bad.
04-24 12:30:31.935 1176 1406 D HuaweiWifiWatchdogStateMachine: detectNetworkAvailable:hw.wifipro.dns_fail_count = 131
04-24 12:30:31.935 1176 1406 D HuaweiWifiWatchdogStateMachine: bqeLevel = 2 rtt=0,rtt_pkts=0 speed=37 rssi=-29
04-24 12:30:31.935 1176 1406 D HuaweiWifiWatchdogStateMachine: Enter updateQoeLevel level = 2
04-24 12:30:31.935 1176 1406 D HuaweiWifiWatchdogStateMachine: updateQoeLevel current level equal to mLastDetectLevel, return
04-24 12:30:31.935 1176 1406 D HuaweiWifiWatchdogStateMachine: did not have any network action
04-24 12:30:31.944 1176 3515 I MQoS : QOS_level:0(0),wifi-link;SIM error;use level-0
04-24 12:30:32.480 1176 1338 D HwWifiStatStore: handleMessage : 200
04-24 12:30:32.795 1176 1176 I TrafficMonitor: expired arrive. level:-1
04-24 12:30:32.798 1176 1176 I TrafficMonitor: update:rxPkts:0,txPkts:0,rxBytes:0,txBytes:0
04-24 12:30:32.798 1176 1176 I TrafficMonitor: start expired. level:-1
04-24 12:30:32.798 1176 1176 I TrafficMonitor: gettimer:interval=5000
04-24 12:30:32.798 1176 1176 I TrafficMonitor: during_ms:5005,period_ms:2000
04-24 12:30:32.799 1176 1176 I TrafficMonitor: count:412,rx_sum:0,tx_sum:0,rxBytes:0,during_ms:5005,rx_speed:0.0,tx_speed:0.0,rto:0.0
04-24 12:30:32.799 1176 1176 D HuaweiWifiWatchdogStateMachine: speed: rxpkt:0, rxSpd:0B/s, txpkt:0, txSpd:0
04-24 12:30:32.918 777 777 E : [E/capacity_limit_control] not demo version, not set power control prop!
04-24 12:30:35.487 1176 1338 D HwWifiStatStore: handleMessage : 200
04-24 12:30:36.161 1176 1392 D HwArpVerifier: performPollAndLog:
04-24 12:30:36.166 1176 1392 D hw_netstat: total/0/0
04-24 12:30:37.804 1176 1176 I TrafficMonitor: expired arrive. level:-1
04-24 12:30:37.807 1176 1176 I TrafficMonitor: update:rxPkts:0,txPkts:0,rxBytes:0,txBytes:0
04-24 12:30:37.807 1176 1176 I TrafficMonitor: start expired. level:-1
04-24 12:30:37.807 1176 1176 I TrafficMonitor: gettimer:interval=5000
04-24 12:30:37.807 1176 1176 I TrafficMonitor: during_ms:5008,period_ms:2000
04-24 12:30:37.808 1176 1176 I TrafficMonitor: count:413,rx_sum:0,tx_sum:0,rxBytes:0,during_ms:5008,rx_speed:0.0,tx_speed:0.0,rto:0.0
04-24 12:30:37.808 1176 1176 D HuaweiWifiWatchdogStateMachine: speed: rxpkt:0, rxSpd:0B/s, txpkt:0, txSpd:0
04-24 12:30:37.928 777 777 E : [E/capacity_limit_control] not demo version, not set power control prop!
04-24 12:30:38.494 1176 1338 D HwWifiStatStore: handleMessage : 200
04-24 12:30:39.928 742 742 E wificond: Failed to get NL80211_RATE_INFO_NOISE
04-24 12:30:39.928 742 742 E wificond: Failed to get NL80211_RATE_INFO_SNR
04-24 12:30:39.928 742 742 E wificond: Failed to get NL80211_STA_INFO_CNAHLOAD
04-24 12:30:39.930 1176 1337 E WificondControl: Noise: 0, Snr: -1, Chload: -1
04-24 12:30:39.931 1176 1339 D HwWifiCHRStateManager: handleMessage : 1001
04-24 12:30:39.931 1176 1339 D HwWifiCHRStateManager: handleUpdateChannel:2412
04-24 12:30:39.931 1176 1339 V HwWifiServiceFactory: get AllImpl object = com.android.server.wifi.HwWifiServiceFactoryImpl@2205edc
04-24 12:30:39.935 742 742 E wificond: Failed to get NL80211_RATE_INFO_NOISE
04-24 12:30:39.935 742 742 E wificond: Failed to get NL80211_RATE_INFO_SNR
04-24 12:30:39.936 742 742 E wificond: Failed to get NL80211_STA_INFO_CNAHLOAD
04-24 12:30:39.937 1176 1406 D HuaweiWifiWatchdogStateMachine: LM mrssi=-30
04-24 12:30:39.937 1176 1176 D WiFi_PRO: MSG_RETURN_AP_CURRY_RSSI rssi = -30
04-24 12:30:39.938 1176 1176 I QosMonitor: queryRtt: rtt_type = 3
04-24 12:30:39.938 1176 1176 I HwQoEJNI: send_cmd_kernel. begin
04-24 12:30:39.938 1176 1176 I HwQoEJNI: send_cmd_kernel. end
04-24 12:30:39.938 1176 1406 I HuaweiWifiWatchdogStateMachine: spd good count:0, add sc:0.0, rate:1.0
04-24 12:30:39.938 1176 1406 I HuaweiWifiWatchdogStateMachine: current mHighDataFlowRate = 1.0
04-24 12:30:39.939 1176 1176 I QosMonitor: postEventFromNative: msg=100,arg1=4,arg2=10
04-24 12:30:39.939 1176 1406 I HuaweiWifiWatchdogStateMachine: POta txb txg rxg:0, 22, 0. Lr =0% Totpkt=22
04-24 12:30:39.939 1176 1176 D HuaweiWifiWatchdogStateMachine: setSampleRtt: unvalid rtt
04-24 12:30:39.941 1176 1176 I HwQoEJNI: send_cmd_kernel. begin
04-24 12:30:39.942 1176 1176 I HwQoEJNI: send_cmd_kernel. end
04-24 12:30:39.942 1176 1176 I QosMonitor: postEventFromNative: msg=100,arg1=0,arg2=10
04-24 12:30:39.943 1176 1176 I MQoS : rtt=160,tcp_tx_pkts=480920,tcp_rx_pkts=921398
04-24 12:30:39.943 1176 1406 D HuaweiWifiWatchdogStateMachine: dumpTcpResult: len=10,rtt=160,rttPkt=1,rttWn=116,cgt=0,cgtWn=0
04-24 12:30:39.943 1176 1406 I HuaweiWifiWatchdogStateMachine: PTcp RTT:0, rtt pkt=0, tcp_rx=0, tcp_tx=0, tcp_reTran=0, rtRate=0
04-24 12:30:39.943 1176 1406 D HuaweiWifiWatchdogStateMachine: mRssiBadCount =0, RSSI not bad.
04-24 12:30:39.943 1176 1406 D HuaweiWifiWatchdogStateMachine: detectNetworkAvailable:hw.wifipro.dns_fail_count = 131
04-24 12:30:39.943 1176 1406 D HuaweiWifiWatchdogStateMachine: bqeLevel = 2 rtt=0,rtt_pkts=0 speed=37 rssi=-30
04-24 12:30:39.943 1176 1406 D HuaweiWifiWatchdogStateMachine: Enter updateQoeLevel level = 2
04-24 12:30:39.943 1176 1406 D HuaweiWifiWatchdogStateMachine: updateQoeLevel current level equal to mLastDetectLevel, return
04-24 12:30:39.943 1176 1406 D HuaweiWifiWatchdogStateMachine: did not have any network action
04-24 12:30:39.954 1176 3515 I MQoS : QOS_level:0(0),wifi-link;SIM error;use level-0
04-24 12:30:41.118 1176 1392 D HwArpVerifier: check_wifi_state_mode = 0 mCheckStateToken=25 token25
04-24 12:30:41.121 1176 1392 D wifiserviceimpl: netmask =16777215
04-24 12:30:41.152 1176 1392 D HWMultiGW: setGateWay 192.168.1.1
04-24 12:30:41.501 1176 1338 D HwWifiStatStore: handleMessage : 200
04-24 12:30:42.154 1176 1392 D HwArpVerifier: getGateWayARPResponses: arp rtt = 12
04-24 12:30:42.154 1176 1392 E HwCHRWifiRSSIGroupSummery: updatArpSummery mRSSI:-30 HwCHRWifiRSSIGroup [rssi_index=4, rtt_tcp_packets=0, rtt_tcp_duration=0, rtt_lan_duration=7422, rtt_lan_failures=0, rtt_lan_succ=351, rtt_lan_max=939, rtt_lan_min=2,same_area_frequency=0,adjacent_area_frequency=0]
04-24 12:30:42.182 1176 1392 D HwArpVerifier: There are 1 mac address for gateway
04-24 12:30:42.183 1176 1392 D HwArpVerifier: from HEART_CHECK transmit to state:HEART_CHECK
04-24 12:30:42.183 1176 1392 D HwArpVerifier: msg what=124 arg1(token)=25 arg2(mode)=0 delay=30000
04-24 12:30:42.183 1176 1392 D HwArpVerifier: performPollAndLog:
04-24 12:30:42.187 1176 1392 D hw_netstat: total/0/0
04-24 12:30:42.811 1176 1176 I TrafficMonitor: expired arrive. level:-1
04-24 12:30:42.814 1176 1176 I TrafficMonitor: update:rxPkts:0,txPkts:0,rxBytes:0,txBytes:0
04-24 12:30:42.815 1176 1176 I TrafficMonitor: start expired. level:-1
04-24 12:30:42.815 1176 1176 I TrafficMonitor: gettimer:interval=5000
04-24 12:30:42.815 1176 1176 I TrafficMonitor: during_ms:5008,period_ms:2000
04-24 12:30:42.815 1176 1176 I TrafficMonitor: count:414,rx_sum:0,tx_sum:0,rxBytes:0,during_ms:5008,rx_speed:0.0,tx_speed:0.0,rto:0.0
04-24 12:30:42.815 1176 1176 D HuaweiWifiWatchdogStateMachine: speed: rxpkt:0, rxSpd:0B/s, txpkt:0, txSpd:0
04-24 12:30:42.937 777 777 E : [E/capacity_limit_control] not demo version, not set power control prop!
04-24 12:30:44.507 1176 1338 D HwWifiStatStore: handleMessage : 200
04-24 12:30:45.085 1176 1176 D HwInnerWifiManagerImpl: SupplicantState = COMPLETED
04-24 12:30:45.085 1176 1176 D HwInnerWifiManagerImpl: isPhoneAP = false
04-24 12:30:45.087 1176 1176 D HwInnerWifiManagerImpl: SupplicantState = COMPLETED
04-24 12:30:45.087 1176 1176 D HwInnerWifiManagerImpl: isPhoneAP = false
04-24 12:30:45.087 1176 1176 D WifiStateMachine: mBcastReceiver: PluggedType = 2 mIsScanCtrlPluggedin = true
04-24 12:30:45.088 1176 1176 D HwWifiService: mPluggedType =2
04-24 12:30:45.089 1176 1176 D WifiService: onReceive, action:android.intent.action.BATTERY_CHANGED
04-24 12:30:45.089 1176 1176 D WifiService: ACTION_BATTERY_CHANGED pluggedType: 2
04-24 12:30:45.093 1729 1729 I MsgReceiver: intent action: android.intent.action.BATTERY_CHANGED
04-24 12:30:45.095 1463 1463 D KeyguardUpdateMonitor: received broadcast android.intent.action.BATTERY_CHANGED
04-24 12:30:45.095 5515 5671 E CloudAlbum[8.1.2.309]: [ReceiverManager] not log on ignore
04-24 12:30:45.096 1463 1463 W KeyguardUpdateMonitor: ACTION_BATTERY_CHANGED AMP: 500000; Volt: 5000000
04-24 12:30:45.098 1463 1463 V KeyguardUpdateMonitor: RefreshBatteryInfo isBatteryLow: 73
04-24 12:30:45.098 1463 1463 W KeyguardUpdateMonitor: ChargingSpeed Wattage: 2500000 ST: 5000000 --> 7500000
04-24 12:30:45.098 1463 1463 I KgBattery: BatteryInfo updated: 2lPc0
04-24 12:30:45.098 1463 1463 W AppHandler: sendMessage with obj100
04-24 12:30:45.098 1463 1463 D KeyguardUpdateMonitor: handleBatteryUpdate
04-24 12:30:45.098 1463 1463 W HwLockScreenPanel: Handle message: 100
04-24 12:30:45.098 1463 1463 W HwKeyguardBottomArea: updateBatteryInfo : false true
04-24 12:30:45.098 1463 1463 W KgBattery: getCharge info with type: text
04-24 12:30:45.102 1463 1463 W HwLockScreenPanel: refreshBatteryInfo: null
04-24 12:30:47.191 1176 1392 D HwArpVerifier: performPollAndLog:
04-24 12:30:47.196 1176 1392 D hw_netstat: total/0/0
04-24 12:30:47.513 1176 1338 D HwWifiStatStore: handleMessage : 200
04-24 12:30:47.818 1176 1176 I TrafficMonitor: expired arrive. level:-1
04-24 12:30:47.822 1176 1176 I TrafficMonitor: update:rxPkts:0,txPkts:0,rxBytes:0,txBytes:0
04-24 12:30:47.822 1176 1176 I TrafficMonitor: start expired. level:-1
04-24 12:30:47.822 1176 1176 I TrafficMonitor: gettimer:interval=5000
04-24 12:30:47.822 1176 1176 I TrafficMonitor: during_ms:5007,period_ms:2000
04-24 12:30:47.823 1176 1176 I TrafficMonitor: count:415,rx_sum:0,tx_sum:0,rxBytes:0,during_ms:5007,rx_speed:0.0,tx_speed:0.0,rto:0.0
04-24 12:30:47.823 1176 1176 D HuaweiWifiWatchdogStateMachine: speed: rxpkt:0, rxSpd:0B/s, txpkt:0, txSpd:0
04-24 12:30:47.930 742 742 E wificond: Failed to get NL80211_RATE_INFO_NOISE
04-24 12:30:47.930 742 742 E wificond: Failed to get NL80211_RATE_INFO_SNR
04-24 12:30:47.930 742 742 E wificond: Failed to get NL80211_STA_INFO_CNAHLOAD
04-24 12:30:47.931 1176 1337 E WificondControl: Noise: 0, Snr: -1, Chload: -1
04-24 12:30:47.932 1176 1339 D HwWifiCHRStateManager: handleMessage : 1001
04-24 12:30:47.933 1176 1339 D HwWifiCHRStateManager: handleUpdateChannel:2412
04-24 12:30:47.933 1176 1339 V HwWifiServiceFactory: get AllImpl object = com.android.server.wifi.HwWifiServiceFactoryImpl@2205edc
04-24 12:30:47.938 742 742 E wificond: Failed to get NL80211_RATE_INFO_NOISE
04-24 12:30:47.938 742 742 E wificond: Failed to get NL80211_RATE_INFO_SNR
04-24 12:30:47.938 742 742 E wificond: Failed to get NL80211_STA_INFO_CNAHLOAD
04-24 12:30:47.940 1176 1406 D HuaweiWifiWatchdogStateMachine: LM mrssi=-29
04-24 12:30:47.940 1176 1176 D WiFi_PRO: MSG_RETURN_AP_CURRY_RSSI rssi = -29
04-24 12:30:47.940 1176 1406 D HuaweiWifiWatchdogStateMachine: a4:fa:**:**:eb:b0 current loss[-45]=0%, volume=1
04-24 12:30:47.940 1176 1176 I QosMonitor: queryRtt: rtt_type = 3
04-24 12:30:47.940 1176 1406 D HuaweiWifiWatchdogStateMachine: a4:fa:**:**:eb:b0 history loss[-45]=0%, volume=13825493
04-24 12:30:47.941 1176 1176 I HwQoEJNI: send_cmd_kernel. begin
04-24 12:30:47.941 1176 1406 I HuaweiWifiWatchdogStateMachine: spd good count:0, add sc:0.0, rate:1.0
04-24 12:30:47.941 1176 1176 I HwQoEJNI: send_cmd_kernel. end
04-24 12:30:47.941 1176 1406 I HuaweiWifiWatchdogStateMachine: current mHighDataFlowRate = 1.0
04-24 12:30:47.941 1176 1406 I HuaweiWifiWatchdogStateMachine: POta txb txg rxg:0, 23, 0. Lr =0% Totpkt=23
04-24 12:30:47.941 1176 1176 I QosMonitor: postEventFromNative: msg=100,arg1=4,arg2=10
