04-24 12:44:40.697 1176 1339 V HwWifiServiceFactory: get AllImpl object = com.android.server.wifi.HwWifiServiceFactoryImpl@2205edc
04-24 12:44:40.701 742 742 E wificond: Failed to get NL80211_RATE_INFO_NOISE
04-24 12:44:40.701 742 742 E wificond: Failed to get NL80211_RATE_INFO_SNR
04-24 12:44:40.701 742 742 E wificond: Failed to get NL80211_STA_INFO_CNAHLOAD
04-24 12:44:40.703 1176 1176 D WiFi_PRO: MSG_RETURN_AP_CURRY_RSSI rssi = -28
04-24 12:44:40.703 1176 1406 D HuaweiWifiWatchdogStateMachine: LM mrssi=-28
04-24 12:44:40.703 1176 1176 I QosMonitor: queryRtt: rtt_type = 3
04-24 12:44:40.704 1176 1176 I HwQoEJNI: send_cmd_kernel. begin
04-24 12:44:40.704 1176 1176 I HwQoEJNI: send_cmd_kernel. end
04-24 12:44:40.704 1176 1406 I HuaweiWifiWatchdogStateMachine: spd good count:0, add sc:0.0, rate:1.0
04-24 12:44:40.704 1176 1406 I HuaweiWifiWatchdogStateMachine: current mHighDataFlowRate = 1.0
04-24 12:44:40.704 1176 1176 I QosMonitor: postEventFromNative: msg=100,arg1=4,arg2=10
04-24 12:44:40.704 1176 1406 I HuaweiWifiWatchdogStateMachine: POta txb txg rxg:0, 93, 0. Lr =0% Totpkt=93
04-24 12:44:40.704 1176 1176 D HuaweiWifiWatchdogStateMachine: setSampleRtt: unvalid rtt
04-24 12:44:40.704 1176 1176 I HwQoEJNI: send_cmd_kernel. begin
04-24 12:44:40.705 1176 1176 I HwQoEJNI: send_cmd_kernel. end
04-24 12:44:40.705 1176 1176 I QosMonitor: postEventFromNative: msg=100,arg1=0,arg2=10
04-24 12:44:40.705 1176 1176 I MQoS : rtt=240,tcp_tx_pkts=480934,tcp_rx_pkts=921405
04-24 12:44:40.708 1176 1406 D HuaweiWifiWatchdogStateMachine: dumpTcpResult: len=10,rtt=240,rttPkt=1,rttWn=116,cgt=0,cgtWn=0
04-24 12:44:40.709 1176 1406 I HuaweiWifiWatchdogStateMachine: PTcp RTT:0, rtt pkt=0, tcp_rx=0, tcp_tx=0, tcp_reTran=0, rtRate=0
04-24 12:44:40.709 1176 1406 D HuaweiWifiWatchdogStateMachine: mRssiBadCount =0, RSSI not bad.
04-24 12:44:40.709 1176 1406 D HuaweiWifiWatchdogStateMachine: detectNetworkAvailable:hw.wifipro.dns_fail_count = 131
04-24 12:44:40.709 1176 1406 D HuaweiWifiWatchdogStateMachine: bqeLevel = 2 rtt=0,rtt_pkts=0 speed=37 rssi=-28
04-24 12:44:40.709 1176 1406 D HuaweiWifiWatchdogStateMachine: Enter updateQoeLevel level = 2
04-24 12:44:40.709 1176 1406 D HuaweiWifiWatchdogStateMachine: updateQoeLevel current level equal to mLastDetectLevel, return
04-24 12:44:40.709 1176 1406 D HuaweiWifiWatchdogStateMachine: did not have any network action
04-24 12:44:40.715 1176 3515 I MQoS : QOS_level:0(0),wifi-link;SIM error;use level-0
04-24 12:44:41.543 1176 1392 D HwArpVerifier: check_wifi_state_mode = 0 mCheckStateToken=25 token25
04-24 12:44:41.546 1176 1392 D wifiserviceimpl: netmask =16777215
04-24 12:44:41.642 1176 1392 D HWMultiGW: setGateWay 192.168.1.1
04-24 12:44:42.355 1176 1176 I TrafficMonitor: expired arrive. level:-1
04-24 12:44:42.358 1176 1176 I TrafficMonitor: update:rxPkts:0,txPkts:0,rxBytes:0,txBytes:0
04-24 12:44:42.358 1176 1176 I TrafficMonitor: start expired. level:-1
04-24 12:44:42.358 1176 1176 I TrafficMonitor: gettimer:interval=5000
04-24 12:44:42.358 1176 1176 I TrafficMonitor: during_ms:5005,period_ms:2000
04-24 12:44:42.359 1176 1176 I TrafficMonitor: count:683,rx_sum:0,tx_sum:0,rxBytes:0,during_ms:5005,rx_speed:0.0,tx_speed:0.0,rto:0.0
04-24 12:44:42.359 1176 1176 D HuaweiWifiWatchdogStateMachine: speed: rxpkt:0, rxSpd:0B/s, txpkt:0, txSpd:0
04-24 12:44:42.644 1176 1392 D HwArpVerifier: getGateWayARPResponses: arp rtt = 8
04-24 12:44:42.644 1176 1392 E HwCHRWifiRSSIGroupSummery: updatArpSummery mRSSI:-28 HwCHRWifiRSSIGroup [rssi_index=4, rtt_tcp_packets=0, rtt_tcp_duration=0, rtt_lan_duration=7773, rtt_lan_failures=0, rtt_lan_succ=378, rtt_lan_max=939, rtt_lan_min=0,same_area_frequency=0,adjacent_area_frequency=0]
04-24 12:44:42.712 1176 1392 D HwArpVerifier: There are 1 mac address for gateway
04-24 12:44:42.713 1176 1392 D HwArpVerifier: from HEART_CHECK transmit to state:HEART_CHECK
04-24 12:44:42.713 1176 1392 D HwArpVerifier: msg what=124 arg1(token)=25 arg2(mode)=0 delay=30000
04-24 12:44:42.713 1176 1392 D HwArpVerifier: performPollAndLog:
04-24 12:44:42.717 1176 1392 D hw_netstat: total/0/0
04-24 12:44:43.328 1176 1338 D HwWifiStatStore: handleMessage : 200
04-24 12:44:45.088 1463 1463 D KeyguardUpdateMonitor: received broadcast android.intent.action.BATTERY_CHANGED
04-24 12:44:45.089 1463 1463 W KeyguardUpdateMonitor: ACTION_BATTERY_CHANGED AMP: 500000; Volt: 5000000
04-24 12:44:45.089 1463 1463 V KeyguardUpdateMonitor: RefreshBatteryInfo isBatteryLow: 74
04-24 12:44:45.089 1463 1463 W KeyguardUpdateMonitor: ChargingSpeed Wattage: 2500000 ST: 5000000 --> 7500000
04-24 12:44:45.089 1463 1463 I KgBattery: BatteryInfo updated: 2lPc0
04-24 12:44:45.089 1463 1463 W AppHandler: sendMessage with obj100
04-24 12:44:45.089 1463 1463 D KeyguardUpdateMonitor: handleBatteryUpdate
04-24 12:44:45.090 1463 1463 W HwLockScreenPanel: Handle message: 100
04-24 12:44:45.090 1463 1463 W HwKeyguardBottomArea: updateBatteryInfo : false true
04-24 12:44:45.090 1463 1463 W KgBattery: getCharge info with type: text
04-24 12:44:45.094 1729 1729 I MsgReceiver: intent action: android.intent.action.BATTERY_CHANGED
04-24 12:44:45.094 1176 1176 D HwInnerWifiManagerImpl: SupplicantState = COMPLETED
04-24 12:44:45.094 5515 5671 E CloudAlbum[8.1.2.309]: [ReceiverManager] not log on ignore
04-24 12:44:45.094 1176 1176 D HwInnerWifiManagerImpl: isPhoneAP = false
04-24 12:44:45.095 1176 1176 D HwInnerWifiManagerImpl: SupplicantState = COMPLETED
04-24 12:44:45.095 1176 1176 D HwInnerWifiManagerImpl: isPhoneAP = false
04-24 12:44:45.095 1176 1176 D WifiStateMachine: mBcastReceiver: PluggedType = 2 mIsScanCtrlPluggedin = true
04-24 12:44:45.096 1176 1176 D HwWifiService: mPluggedType =2
04-24 12:44:45.097 1176 1176 D WifiService: onReceive, action:android.intent.action.BATTERY_CHANGED
04-24 12:44:45.097 1176 1176 D WifiService: ACTION_BATTERY_CHANGED pluggedType: 2
04-24 12:44:45.102 1463 1463 W HwLockScreenPanel: refreshBatteryInfo: null
04-24 12:44:45.171 777 777 E : [E/capacity_limit_control] not demo version, not set power control prop!
04-24 12:44:46.335 1176 1338 D HwWifiStatStore: handleMessage : 200
04-24 12:44:47.361 1176 1176 I TrafficMonitor: expired arrive. level:-1
04-24 12:44:47.365 1176 1176 I TrafficMonitor: update:rxPkts:0,txPkts:0,rxBytes:0,txBytes:0
04-24 12:44:47.365 1176 1176 I TrafficMonitor: start expired. level:-1
04-24 12:44:47.365 1176 1176 I TrafficMonitor: gettimer:interval=5000
04-24 12:44:47.365 1176 1176 I TrafficMonitor: during_ms:5007,period_ms:2000
04-24 12:44:47.365 1176 1176 I TrafficMonitor: count:684,rx_sum:0,tx_sum:0,rxBytes:0,during_ms:5007,rx_speed:0.0,tx_speed:0.0,rto:0.0
04-24 12:44:47.365 1176 1176 D HuaweiWifiWatchdogStateMachine: speed: rxpkt:0, rxSpd:0B/s, txpkt:0, txSpd:0
04-24 12:44:47.723 1176 1392 D HwArpVerifier: performPollAndLog:
04-24 12:44:47.727 1176 1392 D hw_netstat: total/0/0
04-24 12:44:48.073 1176 1288 D HwBatteryService: onUEvent fcpStatus = 0,scpStatus =0,ovpStatus=0
04-24 12:44:48.075 1176 1288 I UsbDeviceManager: water_intrused state= 0
04-24 12:44:48.078 761 1308 D dubaid : [HourlyRoutine.cpp] handleRequestOffset# timestamp=1587700800001, expire=911921
04-24 12:44:48.079 761 1306 I dubaid : [PollingRoutine.cpp] notifyPolling# Polling routine start, timestamp: 1587703488075, reason: 1
04-24 12:44:48.084 679 679 E WifiHAL : enter wifi_get_link_stats
04-24 12:44:48.085 1176 1176 D HwInnerWifiManagerImpl: SupplicantState = COMPLETED
04-24 12:44:48.085 1176 1176 D HwInnerWifiManagerImpl: isPhoneAP = false
04-24 12:44:48.086 1176 1176 D HwInnerWifiManagerImpl: SupplicantState = COMPLETED
04-24 12:44:48.087 1176 1176 D HwInnerWifiManagerImpl: isPhoneAP = false
04-24 12:44:48.087 1176 1176 D WifiStateMachine: mBcastReceiver: PluggedType = 2 mIsScanCtrlPluggedin = true
04-24 12:44:48.087 1176 1176 D HwWifiService: mPluggedType =2
04-24 12:44:48.088 1176 1176 D WifiService: onReceive, action:android.intent.action.BATTERY_CHANGED
04-24 12:44:48.088 1176 1176 D WifiService: ACTION_BATTERY_CHANGED pluggedType: 2
04-24 12:44:48.088 1729 1883 I APwBatteryMonitor: screen off charging battery level : 75
04-24 12:44:48.088 1463 1463 D KeyguardUpdateMonitor: received broadcast android.intent.action.BATTERY_CHANGED
04-24 12:44:48.089 1463 1463 W KeyguardUpdateMonitor: ACTION_BATTERY_CHANGED AMP: 500000; Volt: 5000000
04-24 12:44:48.091 1729 1729 I MsgReceiver: intent action: android.intent.action.BATTERY_CHANGED
04-24 12:44:48.092 5515 5671 E CloudAlbum[8.1.2.309]: [ReceiverManager] not log on ignore
04-24 12:44:48.094 1729 8472 W libc : Set property "debug.aps.current_battery" to "75"
04-24 12:44:48.099 1176 1200 E BatteryStatsService: no controller energy info supplied
04-24 12:44:48.119 1463 1463 V KeyguardUpdateMonitor: RefreshBatteryInfo isBatteryLow: 75
04-24 12:44:48.119 1463 1463 W KeyguardUpdateMonitor: ChargingSpeed Wattage: 2500000 ST: 5000000 --> 7500000
04-24 12:44:48.119 1463 1463 I KgBattery: BatteryInfo updated: 2lPc0
04-24 12:44:48.119 1463 1463 W AppHandler: sendMessage with obj100
04-24 12:44:48.119 1463 1463 D KeyguardUpdateMonitor: handleBatteryUpdate
04-24 12:44:48.119 1463 1463 V KeyguardUpdateMonitor: RefreshBatteryInfo isBatteryLow: 75
04-24 12:44:48.120 1463 1463 W HwKeyguardBottomArea: updateBatteryInfo : false true
04-24 12:44:48.123 1463 1463 W HwLockScreenPanel: Handle message: 100
04-24 12:44:48.123 1463 1463 W HwKeyguardBottomArea: updateBatteryInfo : false true
04-24 12:44:48.123 1463 1463 W KgBattery: getCharge info with type: text
04-24 12:44:48.125 1176 1200 E BatteryStatsService: modem info is invalid: ModemActivityInfo{ mTimestamp=0 mSleepTimeMs=0 mIdleTimeMs=0 mTxTimeMs[]=[0, 0, 0, 0, 0] mRxTimeMs=0 mEnergyUsed=0}
04-24 12:44:48.126 1463 1463 W HwLockScreenPanel: refreshBatteryInfo: null
04-24 12:44:48.136 1729 1883 I APwTrigger: no high cpu load
04-24 12:44:48.138 1176 1728 W ActivityManager: Sending non-protected broadcast com.huawei.intent.action.PG_THERMAL_MSG_ACTION from system 1729:com.huawei.powergenie/1000 pkg com.huawei.powergenie
04-24 12:44:48.138 1729 1883 I BroadcastAdapter: send hight cpu load msg to thermal!
04-24 12:44:48.702 742 742 E wificond: Failed to get NL80211_RATE_INFO_NOISE
04-24 12:44:48.703 742 742 E wificond: Failed to get NL80211_RATE_INFO_SNR
04-24 12:44:48.703 742 742 E wificond: Failed to get NL80211_STA_INFO_CNAHLOAD
04-24 12:44:48.704 1176 1337 E WificondControl: Noise: 0, Snr: -1, Chload: -1
04-24 12:44:48.705 1176 1339 D HwWifiCHRStateManager: handleMessage : 1001
04-24 12:44:48.706 1176 1339 D HwWifiCHRStateManager: handleUpdateChannel:2412
04-24 12:44:48.706 1176 1339 V HwWifiServiceFactory: get AllImpl object = com.android.server.wifi.HwWifiServiceFactoryImpl@2205edc
04-24 12:44:48.708 742 742 E wificond: Failed to get NL80211_RATE_INFO_NOISE
04-24 12:44:48.708 742 742 E wificond: Failed to get NL80211_RATE_INFO_SNR
04-24 12:44:48.709 742 742 E wificond: Failed to get NL80211_STA_INFO_CNAHLOAD
04-24 12:44:48.710 1176 1406 D HuaweiWifiWatchdogStateMachine: LM mrssi=-28
04-24 12:44:48.710 1176 1406 D HuaweiWifiWatchdogStateMachine: a4:fa:**:**:eb:b0 current loss[-45]=0%, volume=1
04-24 12:44:48.710 1176 1406 D HuaweiWifiWatchdogStateMachine: a4:fa:**:**:eb:b0 history loss[-45]=0%, volume=13825564
04-24 12:44:48.710 1176 1406 I HuaweiWifiWatchdogStateMachine: spd good count:0, add sc:0.0, rate:1.0
04-24 12:44:48.711 1176 1406 I HuaweiWifiWatchdogStateMachine: current mHighDataFlowRate = 1.0
04-24 12:44:48.711 1176 1406 I HuaweiWifiWatchdogStateMachine: POta txb txg rxg:0, 94, 0. Lr =0% Totpkt=94
04-24 12:44:48.711 1176 1176 D WiFi_PRO: MSG_RETURN_AP_CURRY_RSSI rssi = -28
04-24 12:44:48.712 1176 1176 I QosMonitor: queryRtt: rtt_type = 3
04-24 12:44:48.712 1176 1176 I HwQoEJNI: send_cmd_kernel. begin
04-24 12:44:48.712 1176 1176 I HwQoEJNI: send_cmd_kernel. end
04-24 12:44:48.712 1176 1176 I QosMonitor: postEventFromNative: msg=100,arg1=4,arg2=10
04-24 12:44:48.712 1176 1176 I HwQoEJNI: send_cmd_kernel. begin
04-24 12:44:48.713 1176 1176 I HwQoEJNI: send_cmd_kernel. end
04-24 12:44:48.713 1176 1176 I QosMonitor: postEventFromNative: msg=100,arg1=0,arg2=10
04-24 12:44:48.713 1176 1176 D HuaweiWifiWatchdogStateMachine: setSampleRtt: unvalid rtt
04-24 12:44:48.713 1176 1176 I MQoS : rtt=240,tcp_tx_pkts=480934,tcp_rx_pkts=921405
04-24 12:44:48.714 1176 1406 D HuaweiWifiWatchdogStateMachine: dumpTcpResult: len=10,rtt=240,rttPkt=1,rttWn=124,cgt=0,cgtWn=0
04-24 12:44:48.714 1176 1406 I HuaweiWifiWatchdogStateMachine: PTcp RTT:0, rtt pkt=0, tcp_rx=0, tcp_tx=0, tcp_reTran=0, rtRate=0
04-24 12:44:48.714 1176 1406 D HuaweiWifiWatchdogStateMachine: mRssiBadCount =0, RSSI not bad.
04-24 12:44:48.714 1176 1406 D HuaweiWifiWatchdogStateMachine: detectNetworkAvailable:hw.wifipro.dns_fail_count = 131
04-24 12:44:48.714 1176 1406 D HuaweiWifiWatchdogStateMachine: bqeLevel = 2 rtt=0,rtt_pkts=0 speed=37 rssi=-28
04-24 12:44:48.714 1176 1406 D HuaweiWifiWatchdogStateMachine: Enter updateQoeLevel level = 2
04-24 12:44:48.714 1176 1406 D HuaweiWifiWatchdogStateMachine: updateQoeLevel current level equal to mLastDetectLevel, return
04-24 12:44:48.714 1176 1406 D HuaweiWifiWatchdogStateMachine: did not have any network action
04-24 12:44:48.722 1176 3515 I MQoS : QOS_level:0(0),wifi-link;SIM error;use level-0
04-24 12:44:49.342 1176 1338 D HwWifiStatStore: handleMessage : 200
04-24 12:44:49.422 1176 1589 W Watchdog: hungtask: writing kick
04-24 12:44:49.428 1176 1202 I EventHub: EventHub monitor: no key events in the past 2023s, no motion events in the past 2024s
04-24 12:44:50.180 777 777 E : [E/capacity_limit_control] not demo version, not set power control prop!
04-24 12:44:51.710 487 620 W SocketListener: sending broadcast to Pid = 1176, Uid = 1000
04-24 12:44:51.717 1176 1332 D NetdConnector: RCV <- {613 IfaceClass active 1 353079865330342 10824}
04-24 12:44:51.721 1176 1332 D NetdConnector: RCV <- {613 IfaceClass active 1 353079865330342 10824}
04-24 12:44:51.724 1176 1202 D NetdConnector: RCV unsolicited event from native daemon, event = 613
04-24 12:44:52.349 1176 1338 D HwWifiStatStore: handleMessage : 200
04-24 12:44:52.370 1176 1176 I TrafficMonitor: expired arrive. level:-1
04-24 12:44:52.373 1176 1176 I TrafficMonitor: update:rxPkts:1,txPkts:1,rxBytes:56,txBytes:84
04-24 12:44:52.373 1176 1176 I TrafficMonitor: start expired. level:-1
04-24 12:44:52.373 1176 1176 I TrafficMonitor: gettimer:interval=2000
04-24 12:44:52.373 1176 1176 I TrafficMonitor: during_ms:5008,period_ms:2000
04-24 12:44:52.374 1176 1176 I TrafficMonitor: count:685,rx_sum:1,tx_sum:1,rxBytes:56,during_ms:5008,rx_speed:11.182108626198083,tx_speed:16.773162939297123,rto:1.0
04-24 12:44:52.374 1176 1176 D HuaweiWifiWatchdogStateMachine: speed: rxpkt:1, rxSpd:11B/s, txpkt:1, txSpd:16
04-24 12:44:52.446 1729 23345 I DownloadState: 0 transmitting data speed : 28 bytes/s scroff: true
04-24 12:44:52.733 1176 1392 D HwArpVerifier: performPollAndLog:
04-24 12:44:52.738 1176 1392 D hw_netstat: total/56/84,unknown:0/56/84
04-24 12:44:54.378 1176 1176 I TrafficMonitor: update:rxPkts:0,txPkts:0,rxBytes:0,txBytes:0
04-24 12:44:54.378 1176 1176 I TrafficMonitor: start expired. level:-1
04-24 12:44:54.379 1176 1176 I TrafficMonitor: gettimer:interval=2000
04-24 12:44:55.190 777 777 E : [E/capacity_limit_control] not demo version, not set power control prop!
04-24 12:44:55.227 1176 1288 D HwBatteryService: onUEvent fcpStatus = 0,scpStatus =0,ovpStatus=0
04-24 12:44:55.229 1176 1288 I UsbDeviceManager: water_intrused state= 0
04-24 12:44:55.244 1176 1176 D HwInnerWifiManagerImpl: SupplicantState = COMPLETED
04-24 12:44:55.244 1176 1176 D HwInnerWifiManagerImpl: isPhoneAP = false
04-24 12:44:55.245 1463 1463 D KeyguardUpdateMonitor: received broadcast android.intent.action.BATTERY_CHANGED
04-24 12:44:55.246 1463 1463 W KeyguardUpdateMonitor: ACTION_BATTERY_CHANGED AMP: 500000; Volt: 5000000
04-24 12:44:55.246 1176 1176 D HwInnerWifiManagerImpl: SupplicantState = COMPLETED
04-24 12:44:55.246 1176 1176 D HwInnerWifiManagerImpl: isPhoneAP = false
04-24 12:44:55.246 1463 1463 V KeyguardUpdateMonitor: RefreshBatteryInfo isBatteryLow: 75
04-24 12:44:55.246 1176 1176 D WifiStateMachine: mBcastReceiver: PluggedType = 2 mIsScanCtrlPluggedin = true
04-24 12:44:55.246 1463 1463 W KeyguardUpdateMonitor: ChargingSpeed Wattage: 2500000 ST: 5000000 --> 7500000
04-24 12:44:55.246 1463 1463 I KgBattery: BatteryInfo updated: 2lPc0
04-24 12:44:55.246 1463 1463 W AppHandler: sendMessage with obj100
04-24 12:44:55.246 1463 1463 D KeyguardUpdateMonitor: handleBatteryUpdate
04-24 12:44:55.247 1176 1176 D HwWifiService: mPluggedType =2
04-24 12:44:55.247 1463 1463 W HwLockScreenPanel: Handle message: 100
04-24 12:44:55.247 1463 1463 W HwKeyguardBottomArea: updateBatteryInfo : false true
04-24 12:44:55.247 1463 1463 W KgBattery: getCharge info with type: text
04-24 12:44:55.248 1176 1176 D WifiService: onReceive, action:android.intent.action.BATTERY_CHANGED
04-24 12:44:55.248 1176 1176 D WifiService: ACTION_BATTERY_CHANGED pluggedType: 2
04-24 12:44:55.252 1729 1729 I MsgReceiver: intent action: android.intent.action.BATTERY_CHANGED
04-24 12:44:55.259 5515 5671 E CloudAlbum[8.1.2.309]: [ReceiverManager] not log on ignore
04-24 12:44:55.263 1463 1463 W HwLockScreenPanel: refreshBatteryInfo: null
04-24 12:44:55.355 1176 1338 D HwWifiStatStore: handleMessage : 200
04-24 12:44:56.384 1176 1176 I TrafficMonitor: update:rxPkts:0,txPkts:0,rxBytes:0,txBytes:0
04-24 12:44:56.384 1176 1176 I TrafficMonitor: start expired. level:-1
04-24 12:44:56.384 1176 1176 I TrafficMonitor: gettimer:interval=2000
04-24 12:44:56.710 742 742 E wificond: Failed to get NL80211_RATE_INFO_NOISE
04-24 12:44:56.710 742 742 E wificond: Failed to get NL80211_RATE_INFO_SNR
04-24 12:44:56.710 742 742 E wificond: Failed to get NL80211_STA_INFO_CNAHLOAD
04-24 12:44:56.711 1176 1337 E WificondControl: Noise: 0, Snr: -1, Chload: -1
04-24 12:44:56.713 1176 1339 D HwWifiCHRStateManager: handleMessage : 1001
04-24 12:44:56.713 1176 1339 D HwWifiCHRStateManager: handleUpdateChannel:2412
04-24 12:44:56.713 1176 1339 V HwWifiServiceFactory: get AllImpl object = com.android.server.wifi.HwWifiServiceFactoryImpl@2205edc
04-24 12:44:56.717 1106 1119 I OAM : [check_file_size:505]/data/log/wifi/wifi_log_1 log file beyond size=10240Byte, creat new file
04-24 12:44:56.717 1106 1119 I OAM : [rename_old_file:210]rename_old_file
04-24 12:44:56.717 1106 1119 I OAM :
04-24 12:44:56.719 742 742 E wificond: Failed to get NL80211_RATE_INFO_NOISE
04-24 12:44:56.719 742 742 E wificond: Failed to get NL80211_RATE_INFO_SNR
04-24 12:44:56.719 742 742 E wificond: Failed to get NL80211_STA_INFO_CNAHLOAD
04-24 12:44:56.721 1176 1406 D HuaweiWifiWatchdogStateMachine: LM mrssi=-29
04-24 12:44:56.722 1176 1406 D HuaweiWifiWatchdogStateMachine: a4:fa:**:**:eb:b0 current loss[-45]=0%, volume=1
04-24 12:44:56.722 1176 1406 D HuaweiWifiWatchdogStateMachine: a4:fa:**:**:eb:b0 history loss[-45]=0%, volume=13825565
04-24 12:44:56.722 1176 1406 I HuaweiWifiWatchdogStateMachine: spd good count:0, add sc:0.0, rate:1.0
04-24 12:44:56.723 1176 1406 D HuaweiWifiWatchdogStateMachine: high data flow: protection_counter = 0, not_detect_counter = 367
04-24 12:44:56.724 1176 1406 D HuaweiWifiWatchdogStateMachine: high data flow scenario: 0 --> 0 rx bytes =0KB
04-24 12:44:56.724 1176 1406 I HuaweiWifiWatchdogStateMachine: current mHighDataFlowRate = 1.0
04-24 12:44:56.724 1176 1406 I HuaweiWifiWatchdogStateMachine: POta txb txg rxg:0, 95, 0. Lr =0% Totpkt=95
04-24 12:44:56.725 1176 1176 D WiFi_PRO: MSG_RETURN_AP_CURRY_RSSI rssi = -29
04-24 12:44:56.725 1176 1176 I QosMonitor: queryRtt: rtt_type = 3
04-24 12:44:56.725 1176 1176 I HwQoEJNI: send_cmd_kernel. begin
04-24 12:44:56.726 1176 1176 I HwQoEJNI: send_cmd_kernel. end
04-24 12:44:56.726 1176 1176 I QosMonitor: postEventFromNative: msg=100,arg1=4,arg2=10
04-24 12:44:56.726 1176 1176 I HwQoEJNI: send_cmd_kernel. begin
04-24 12:44:56.727 1176 1176 I HwQoEJNI: send_cmd_kernel. end
04-24 12:44:56.727 1176 1176 I QosMonitor: postEventFromNative: msg=100,arg1=0,arg2=10
04-24 12:44:56.727 1176 1176 D HuaweiWifiWatchdogStateMachine: setSampleRtt: unvalid rtt
04-24 12:44:56.728 1176 1176 I MQoS : rtt=240,tcp_tx_pkts=480934,tcp_rx_pkts=921405
04-24 12:44:56.730 1176 1406 D HuaweiWifiWatchdogStateMachine: dumpTcpResult: len=10,rtt=240,rttPkt=1,rttWn=132,cgt=0,cgtWn=0
04-24 12:44:56.730 1176 1406 I HuaweiWifiWatchdogStateMachine: PTcp RTT:0, rtt pkt=0, tcp_rx=0, tcp_tx=0, tcp_reTran=0, rtRate=0
04-24 12:44:56.730 1176 1406 D HuaweiWifiWatchdogStateMachine: mRssiBadCount =0, RSSI not bad.
04-24 12:44:56.730 1176 1406 D HuaweiWifiWatchdogStateMachine: detectNetworkAvailable:hw.wifipro.dns_fail_count = 131
04-24 12:44:56.730 1176 1406 D HuaweiWifiWatchdogStateMachine: bqeLevel = 2 rtt=0,rtt_pkts=0 speed=37 rssi=-29
04-24 12:44:56.730 1176 1406 D HuaweiWifiWatchdogStateMachine: Enter updateQoeLevel level = 2
04-24 12:44:56.731 1176 1406 D HuaweiWifiWatchdogStateMachine: updateQoeLevel current level equal to mLastDetectLevel, return
04-24 12:44:56.731 1176 1406 D HuaweiWifiWatchdogStateMachine: did not have any network action
04-24 12:44:56.740 1176 3515 I MQoS : QOS_level:0(0),wifi-link;SIM error;use level-0
04-24 12:44:57.375 1176 1176 I TrafficMonitor: expired arrive. level:-1
04-24 12:44:57.376 1176 1176 I TrafficMonitor: during_ms:2005,period_ms:2000
04-24 12:44:57.376 1176 1176 I TrafficMonitor: count:687,rx_sum:0,tx_sum:0,rxBytes:0,during_ms:2005,rx_speed:0.0,tx_speed:0.0,rto:0.0
04-24 12:44:57.376 1176 1176 D HuaweiWifiWatchdogStateMachine: speed: rxpkt:0, rxSpd:0B/s, txpkt:0, txSpd:0
04-24 12:44:57.744 1176 1392 D HwArpVerifier: performPollAndLog:
04-24 12:44:57.748 1176 1392 D hw_netstat: total/0/0
04-24 12:44:58.362 1176 1338 D HwWifiStatStore: handleMessage : 200
04-24 12:44:58.388 1176 1176 I TrafficMonitor: update:rxPkts:0,txPkts:0,rxBytes:0,txBytes:0
04-24 12:44:58.389 1176 1176 I TrafficMonitor: start expired. level:-1
04-24 12:44:58.389 1176 1176 I TrafficMonitor: gettimer:interval=2000
04-24 12:45:00.232 777 777 E : [E/capacity_limit_control] not demo version, not set power control prop!
04-24 12:45:00.395 1176 1176 I TrafficMonitor: update:rxPkts:0,txPkts:0,rxBytes:0,txBytes:0
04-24 12:45:00.395 1176 1176 I TrafficMonitor: start expired. level:-1
04-24 12:45:00.395 1176 1176 I TrafficMonitor: gettimer:interval=2000
04-24 12:45:01.369 1176 1338 D HwWifiStatStore: handleMessage : 200
04-24 12:45:02.401 1176 1176 I TrafficMonitor: update:rxPkts:0,txPkts:0,rxBytes:0,txBytes:0
04-24 12:45:02.401 1176 1176 I TrafficMonitor: start expired. level:-1
04-24 12:45:02.402 1176 1176 I TrafficMonitor: gettimer:interval=2000
04-24 12:45:02.754 1176 1392 D HwArpVerifier: performPollAndLog:
04-24 12:45:02.758 1176 1392 D hw_netstat: total/0/0
04-24 12:45:03.391 1176 1176 I TrafficMonitor: expired arrive. level:-1
04-24 12:45:03.391 1176 1176 I TrafficMonitor: during_ms:2006,period_ms:2000
04-24 12:45:03.392 1176 1176 I TrafficMonitor: count:690,rx_sum:0,tx_sum:0,rxBytes:0,during_ms:2006,rx_speed:0.0,tx_speed:0.0,rto:0.0
04-24 12:45:03.392 1176 1176 D HuaweiWifiWatchdogStateMachine: speed: rxpkt:0, rxSpd:0B/s, txpkt:0, txSpd:0
04-24 12:45:04.271 1176 1392 D HwArpVerifier: getIpRouteTable
04-24 12:45:04.374 1176 1338 D HwWifiStatStore: handleMessage : 200
04-24 12:45:04.376 1176 1392 D HwArpVerifier: Notify wifi default route is ok
04-24 12:45:04.403 1176 1176 I TrafficMonitor: update:rxPkts:0,txPkts:0,rxBytes:0,txBytes:0
04-24 12:45:04.403 1176 1176 I TrafficMonitor: start expired. level:-1
04-24 12:45:04.404 1176 1176 I TrafficMonitor: gettimer:interval=2000
04-24 12:45:04.724 742 742 E wificond: Failed to get NL80211_RATE_INFO_NOISE
04-24 12:45:04.725 742 742 E wificond: Failed to get NL80211_RATE_INFO_SNR
04-24 12:45:04.725 742 742 E wificond: Failed to get NL80211_STA_INFO_CNAHLOAD
04-24 12:45:04.726 1176 1337 E WificondControl: Noise: 0, Snr: -1, Chload: -1
04-24 12:45:04.727 1176 1339 D HwWifiCHRStateManager: handleMessage : 1001
04-24 12:45:04.727 1176 1339 D HwWifiCHRStateManager: handleUpdateChannel:2412
04-24 12:45:04.727 1176 1339 V HwWifiServiceFactory: get AllImpl object = com.android.server.wifi.HwWifiServiceFactoryImpl@2205edc
04-24 12:45:04.731 742 742 E wificond: Failed to get NL80211_RATE_INFO_NOISE
04-24 12:45:04.732 742 742 E wificond: Failed to get NL80211_RATE_INFO_SNR
04-24 12:45:04.732 742 742 E wificond: Failed to get NL80211_STA_INFO_CNAHLOAD
04-24 12:45:04.733 1176 1406 D HuaweiWifiWatchdogStateMachine: LM mrssi=-29
04-24 12:45:04.734 1176 1406 D HuaweiWifiWatchdogStateMachine: a4:fa:**:**:eb:b0 current loss[-45]=0%, volume=1
04-24 12:45:04.734 1176 1406 D HuaweiWifiWatchdogStateMachine: a4:fa:**:**:eb:b0 history loss[-45]=0%, volume=13825566
04-24 12:45:04.735 1176 1406 I HuaweiWifiWatchdogStateMachine: spd good count:0, add sc:0.0, rate:1.0
04-24 12:45:04.735 1176 1406 I HuaweiWifiWatchdogStateMachine: current mHighDataFlowRate = 1.0
04-24 12:45:04.735 1176 1406 I HuaweiWifiWatchdogStateMachine: POta txb txg rxg:0, 96, 0. Lr =0% Totpkt=96
04-24 12:45:04.736 1176 1176 D WiFi_PRO: MSG_RETURN_AP_CURRY_RSSI rssi = -29
04-24 12:45:04.736 1176 1176 I QosMonitor: queryRtt: rtt_type = 3
04-24 12:45:04.737 1176 1176 I HwQoEJNI: send_cmd_kernel. begin
04-24 12:45:04.737 1176 1176 I HwQoEJNI: send_cmd_kernel. end
04-24 12:45:04.737 1176 1176 I QosMonitor: postEventFromNative: msg=100,arg1=4,arg2=10
04-24 12:45:04.737 1176 1176 I HwQoEJNI: send_cmd_kernel. begin
04-24 12:45:04.738 1176 1176 I HwQoEJNI: send_cmd_kernel. end
04-24 12:45:04.738 1176 1176 I QosMonitor: postEventFromNative: msg=100,arg1=0,arg2=10
04-24 12:45:04.738 1176 1176 D HuaweiWifiWatchdogStateMachine: setSampleRtt: unvalid rtt
04-24 12:45:04.738 1176 1176 I MQoS : rtt=240,tcp_tx_pkts=480934,tcp_rx_pkts=921405
04-24 12:45:04.740 1176 1406 D HuaweiWifiWatchdogStateMachine: dumpTcpResult: len=10,rtt=240,rttPkt=1,rttWn=140,cgt=0,cgtWn=0
04-24 12:45:04.741 1176 1406 I HuaweiWifiWatchdogStateMachine: PTcp RTT:0, rtt pkt=0, tcp_rx=0, tcp_tx=0, tcp_reTran=0, rtRate=0
04-24 12:45:04.741 1176 1406 D HuaweiWifiWatchdogStateMachine: mRssiBadCount =0, RSSI not bad.
04-24 12:45:04.741 1176 1406 D HuaweiWifiWatchdogStateMachine: detectNetworkAvailable:hw.wifipro.dns_fail_count = 131
04-24 12:45:04.741 1176 1406 D HuaweiWifiWatchdogStateMachine: bqeLevel = 2 rtt=0,rtt_pkts=0 speed=37 rssi=-29
04-24 12:45:04.741 1176 1406 D HuaweiWifiWatchdogStateMachine: Enter updateQoeLevel level = 2
04-24 12:45:04.741 1176 1406 D HuaweiWifiWatchdogStateMachine: updateQoeLevel current level equal to mLastDetectLevel, return
04-24 12:45:04.741 1176 1406 D HuaweiWifiWatchdogStateMachine: did not have any network action
04-24 12:45:04.749 1176 3515 I MQoS : QOS_level:0(0),wifi-link;SIM error;use level-0
04-24 12:45:05.242 777 777 E : [E/capacity_limit_control] not demo version, not set power control prop!
04-24 12:45:06.408 1176 1176 I TrafficMonitor: update:rxPkts:0,txPkts:0,rxBytes:0,txBytes:0
04-24 12:45:06.409 1176 1176 I TrafficMonitor: start expired. level:-1
04-24 12:45:06.409 1176 1176 I TrafficMonitor: gettimer:interval=2000
04-24 12:45:06.724 487 620 W SocketListener: sending broadcast to Pid = 1176, Uid = 1000
04-24 12:45:06.728 1176 1332 D NetdConnector: RCV <- {613 IfaceClass idle 1 353094879039194}
04-24 12:45:06.732 1176 1332 D NetdConnector: RCV <- {613 IfaceClass idle 1 353094879039194}
04-24 12:45:06.736 1176 1202 D NetdConnector: RCV unsolicited event from native daemon, event = 613
04-24 12:45:07.379 1176 1338 D HwWifiStatStore: handleMessage : 200
04-24 12:45:07.512 1729 2056 D SleepClean: run sleepClean start
04-24 12:45:07.763 1176 1392 D HwArpVerifier: performPollAndLog:
04-24 12:45:07.767 1176 1392 D hw_netstat: total/0/0
04-24 12:45:08.415 1176 1176 I TrafficMonitor: update:rxPkts:0,txPkts:0,rxBytes:0,txBytes:0
04-24 12:45:08.415 1176 1176 I TrafficMonitor: start expired. level:-1
04-24 12:45:08.415 1176 1176 I TrafficMonitor: gettimer:interval=2000
04-24 12:45:09.406 1176 1176 I TrafficMonitor: expired arrive. level:-1
04-24 12:45:09.406 1176 1176 I TrafficMonitor: during_ms:2006,period_ms:2000
04-24 12:45:09.406 1176 1176 I TrafficMonitor: count:693,rx_sum:0,tx_sum:0,rxBytes:0,during_ms:2006,rx_speed:0.0,tx_speed:0.0,rto:0.0
04-24 12:45:09.406 1176 1176 D HuaweiWifiWatchdogStateMachine: speed: rxpkt:0, rxSpd:0B/s, txpkt:0, txSpd:0
04-24 12:45:10.252 777 777 E : [E/capacity_limit_control] not demo version, not set power control prop!
04-24 12:45:10.386 1176 1338 D HwWifiStatStore: handleMessage : 200
04-24 12:45:10.420 1176 1176 I TrafficMonitor: update:rxPkts:0,txPkts:0,rxBytes:0,txBytes:0
04-24 12:45:10.420 1176 1176 I TrafficMonitor: start expired. level:-1
04-24 12:45:10.420 1176 1176 I TrafficMonitor: gettimer:interval=2000
04-24 12:45:12.426 1176 1176 I TrafficMonitor: update:rxPkts:0,txPkts:0,rxBytes:0,txBytes:0
04-24 12:45:12.426 1176 1176 I TrafficMonitor: start expired. level:-1
04-24 12:45:12.427 1176 1176 I TrafficMonitor: gettimer:interval=5000
04-24 12:45:12.719 1176 1392 D HwArpVerifier: check_wifi_state_mode = 0 mCheckStateToken=25 token25
04-24 12:45:12.721 1176 1392 D wifiserviceimpl: netmask =16777215
04-24 12:45:12.724 1176 1392 D HWMultiGW: setGateWay 192.168.1.1
04-24 12:45:12.735 742 742 E wificond: Failed to get NL80211_RATE_INFO_NOISE
04-24 12:45:12.735 742 742 E wificond: Failed to get NL80211_RATE_INFO_SNR
04-24 12:45:12.735 742 742 E wificond: Failed to get NL80211_STA_INFO_CNAHLOAD
04-24 12:45:12.736 1176 1337 E WificondControl: Noise: 0, Snr: -1, Chload: -1
04-24 12:45:12.738 1176 1339 D HwWifiCHRStateManager: handleMessage : 1001
04-24 12:45:12.739 1176 1339 D HwWifiCHRStateManager: handleUpdateChannel:2412
04-24 12:45:12.739 1176 1339 V HwWifiServiceFactory: get AllImpl object = com.android.server.wifi.HwWifiServiceFactoryImpl@2205edc
04-24 12:45:12.743 742 742 E wificond: Failed to get NL80211_RATE_INFO_NOISE
04-24 12:45:12.743 742 742 E wificond: Failed to get NL80211_RATE_INFO_SNR
04-24 12:45:12.743 742 742 E wificond: Failed to get NL80211_STA_INFO_CNAHLOAD
04-24 12:45:12.745 1176 1406 D HuaweiWifiWatchdogStateMachine: LM mrssi=-30
04-24 12:45:12.745 1176 1176 D WiFi_PRO: MSG_RETURN_AP_CURRY_RSSI rssi = -30
04-24 12:45:12.746 1176 1176 I QosMonitor: queryRtt: rtt_type = 3
04-24 12:45:12.746 1176 1176 I HwQoEJNI: send_cmd_kernel. begin
04-24 12:45:12.746 1176 1406 I HuaweiWifiWatchdogStateMachine: spd good count:0, add sc:0.0, rate:1.0
04-24 12:45:12.746 1176 1176 I HwQoEJNI: send_cmd_kernel. end
04-24 12:45:12.746 1176 1406 I HuaweiWifiWatchdogStateMachine: current mHighDataFlowRate = 1.0
04-24 12:45:12.746 1176 1406 I HuaweiWifiWatchdogStateMachine: POta txb txg rxg:0, 96, 0. Lr =0% Totpkt=96
04-24 12:45:12.746 1176 1176 I QosMonitor: postEventFromNative: msg=100,arg1=4,arg2=10
04-24 12:45:12.747 1176 1176 D HuaweiWifiWatchdogStateMachine: setSampleRtt: unvalid rtt
04-24 12:45:12.747 1176 1176 I HwQoEJNI: send_cmd_kernel. begin
04-24 12:45:12.747 1176 1176 I HwQoEJNI: send_cmd_kernel. end
04-24 12:45:12.747 1176 1176 I QosMonitor: postEventFromNative: msg=100,arg1=0,arg2=10
04-24 12:45:12.748 1176 1176 I MQoS : rtt=240,tcp_tx_pkts=480934,tcp_rx_pkts=921405
04-24 12:45:12.752 1176 1406 D HuaweiWifiWatchdogStateMachine: dumpTcpResult: len=10,rtt=240,rttPkt=1,rttWn=148,cgt=0,cgtWn=0
04-24 12:45:12.753 1176 1406 I HuaweiWifiWatchdogStateMachine: PTcp RTT:0, rtt pkt=0, tcp_rx=0, tcp_tx=0, tcp_reTran=0, rtRate=0
04-24 12:45:12.753 1176 1406 D HuaweiWifiWatchdogStateMachine: mRssiBadCount =0, RSSI not bad.
04-24 12:45:12.753 1176 1406 D HuaweiWifiWatchdogStateMachine: detectNetworkAvailable:hw.wifipro.dns_fail_count = 131
04-24 12:45:12.753 1176 1406 D HuaweiWifiWatchdogStateMachine: bqeLevel = 2 rtt=0,rtt_pkts=0 speed=37 rssi=-30
04-24 12:45:12.753 1176 1406 D HuaweiWifiWatchdogStateMachine: Enter updateQoeLevel level = 2
04-24 12:45:12.753 1176 1406 D HuaweiWifiWatchdogStateMachine: updateQoeLevel current level equal to mLastDetectLevel, return
04-24 12:45:12.753 1176 1406 D HuaweiWifiWatchdogStateMachine: did not have any network action
04-24 12:45:12.762 1176 3515 I MQoS : QOS_level:0(0),wifi-link;SIM error;use level-0
04-24 12:45:13.392 1176 1338 D HwWifiStatStore: handleMessage : 200
04-24 12:45:13.727 1176 1392 D HwArpVerifier: getGateWayARPResponses: arp rtt = 13
04-24 12:45:13.728 1176 1392 E HwCHRWifiRSSIGroupSummery: updatArpSummery mRSSI:-30 HwCHRWifiRSSIGroup [rssi_index=4, rtt_tcp_packets=0, rtt_tcp_duration=0, rtt_lan_duration=7786, rtt_lan_failures=0, rtt_lan_succ=379, rtt_lan_max=939, rtt_lan_min=0,same_area_frequency=0,adjacent_area_frequency=0]
04-24 12:45:13.772 1176 1392 D HwArpVerifier: There are 1 mac address for gateway
04-24 12:45:13.773 1176 1392 D HwArpVerifier: from HEART_CHECK transmit to state:HEART_CHECK
04-24 12:45:13.773 1176 1392 D HwArpVerifier: msg what=124 arg1(token)=25 arg2(mode)=0 delay=30000
04-24 12:45:13.773 1176 1392 D HwArpVerifier: performPollAndLog:
04-24 12:45:13.777 1176 1392 D hw_netstat: total/0/0
04-24 12:45:13.822 741 741 E Thermal-daemon: [ap] temp_new :29 temp_old :30
04-24 12:45:13.824 1729 18882 I ThermalService: Receive temperature change, type: 0, temp: 29 from thermald
04-24 12:45:13.825 741 741 E Thermal-daemon: Report temperature: [ap] temp :29 report_threshold:1
04-24 12:45:15.262 777 777 E : [E/capacity_limit_control] not demo version, not set power control prop!
04-24 12:45:15.423 1176 1176 I TrafficMonitor: expired arrive. level:-1
04-24 12:45:15.424 1176 1176 I TrafficMonitor: during_ms:2007,period_ms:2000
04-24 12:45:15.424 1176 1176 I TrafficMonitor: count:695,rx_sum:0,tx_sum:0,rxBytes:0,during_ms:2007,rx_speed:0.0,tx_speed:0.0,rto:0.0
04-24 12:45:15.424 1176 1176 D HuaweiWifiWatchdogStateMachine: speed: rxpkt:0, rxSpd:0B/s, txpkt:0, txSpd:0
04-24 12:45:16.397 1176 1338 D HwWifiStatStore: handleMessage : 200
04-24 12:45:17.433 1176 1176 I TrafficMonitor: update:rxPkts:0,txPkts:0,rxBytes:0,txBytes:0
04-24 12:45:17.433 1176 1176 I TrafficMonitor: start expired. level:-1
04-24 12:45:17.433 1176 1176 I TrafficMonitor: gettimer:interval=5000
04-24 12:45:18.783 1176 1392 D HwArpVerifier: performPollAndLog:
04-24 12:45:18.788 1176 1392 D hw_netstat: total/0/0
04-24 12:45:19.404 1176 1338 D HwWifiStatStore: handleMessage : 200
04-24 12:45:19.426 1176 1589 W Watchdog: hungtask: writing kick
04-24 12:45:19.428 1176 1202 I EventHub: EventHub monitor: no key events in the past 2053s, no motion events in the past 2054s
04-24 12:45:20.272 777 777 E : [E/capacity_limit_control] not demo version, not set power control prop!
04-24 12:45:20.740 742 742 E wificond: Failed to get NL80211_RATE_INFO_NOISE
04-24 12:45:20.740 742 742 E wificond: Failed to get NL80211_RATE_INFO_SNR
04-24 12:45:20.740 742 742 E wificond: Failed to get NL80211_STA_INFO_CNAHLOAD
04-24 12:45:20.742 1176 1337 E WificondControl: Noise: 0, Snr: -1, Chload: -1
04-24 12:45:20.743 1176 1339 D HwWifiCHRStateManager: handleMessage : 1001
04-24 12:45:20.743 1176 1339 D HwWifiCHRStateManager: handleUpdateChannel:2412
04-24 12:45:20.743 1176 1339 V HwWifiServiceFactory: get AllImpl object = com.android.server.wifi.HwWifiServiceFactoryImpl@2205edc
04-24 12:45:20.747 742 742 E wificond: Failed to get NL80211_RATE_INFO_NOISE
04-24 12:45:20.748 742 742 E wificond: Failed to get NL80211_RATE_INFO_SNR
04-24 12:45:20.748 742 742 E wificond: Failed to get NL80211_STA_INFO_CNAHLOAD
04-24 12:45:20.752 1176 1406 D HuaweiWifiWatchdogStateMachine: LM mrssi=-29
04-24 12:45:20.753 1176 1406 D HuaweiWifiWatchdogStateMachine: a4:fa:**:**:eb:b0 current loss[-45]=0%, volume=1
04-24 12:45:20.753 1176 1406 D HuaweiWifiWatchdogStateMachine: a4:fa:**:**:eb:b0 history loss[-45]=0%, volume=13825567
04-24 12:45:20.753 1176 1176 D WiFi_PRO: MSG_RETURN_AP_CURRY_RSSI rssi = -29
04-24 12:45:20.754 1176 1406 I HuaweiWifiWatchdogStateMachine: spd good count:0, add sc:0.0, rate:1.0
04-24 12:45:20.754 1176 1406 I HuaweiWifiWatchdogStateMachine: current mHighDataFlowRate = 1.0
04-24 12:45:20.754 1176 1176 I QosMonitor: queryRtt: rtt_type = 3
04-24 12:45:20.754 1176 1406 I HuaweiWifiWatchdogStateMachine: POta txb txg rxg:0, 97, 0. Lr =0% Totpkt=97
04-24 12:45:20.755 1176 1176 I HwQoEJNI: send_cmd_kernel. begin
04-24 12:45:20.755 1176 1176 I HwQoEJNI: send_cmd_kernel. end
04-24 12:45:20.755 1176 1176 I QosMonitor: postEventFromNative: msg=100,arg1=4,arg2=10
04-24 12:45:20.755 1176 1176 I HwQoEJNI: send_cmd_kernel. begin
04-24 12:45:20.755 1176 1176 I HwQoEJNI: send_cmd_kernel. end
04-24 12:45:20.756 1176 1176 I QosMonitor: postEventFromNative: msg=100,arg1=0,arg2=10
04-24 12:45:20.756 1176 1176 D HuaweiWifiWatchdogStateMachine: setSampleRtt: unvalid rtt
04-24 12:45:20.756 1176 1176 I MQoS : rtt=240,tcp_tx_pkts=480934,tcp_rx_pkts=921405
04-24 12:45:20.757 1176 1406 D HuaweiWifiWatchdogStateMachine: dumpTcpResult: len=10,rtt=240,rttPkt=1,rttWn=156,cgt=0,cgtWn=0
04-24 12:45:20.757 1176 1406 I HuaweiWifiWatchdogStateMachine: PTcp RTT:0, rtt pkt=0, tcp_rx=0, tcp_tx=0, tcp_reTran=0, rtRate=0
04-24 12:45:20.757 1176 1406 D HuaweiWifiWatchdogStateMachine: mRssiBadCount =0, RSSI not bad.
04-24 12:45:20.757 1176 1406 D HuaweiWifiWatchdogStateMachine: detectNetworkAvailable:hw.wifipro.dns_fail_count = 131
04-24 12:45:20.757 1176 1406 D HuaweiWifiWatchdogStateMachine: bqeLevel = 2 rtt=0,rtt_pkts=0 speed=37 rssi=-29
04-24 12:45:20.757 1176 1406 D HuaweiWifiWatchdogStateMachine: Enter updateQoeLevel level = 2
04-24 12:45:20.757 1176 1406 D HuaweiWifiWatchdogStateMachine: updateQoeLevel current level equal to mLastDetectLevel, return
04-24 12:45:20.757 1176 1406 D HuaweiWifiWatchdogStateMachine: did not have any network action
04-24 12:45:20.767 1176 3515 I MQoS : QOS_level:0(0),wifi-link;SIM error;use level-0
04-24 12:45:22.410 1176 1338 D HwWifiStatStore: handleMessage : 200
04-24 12:45:22.436 1176 1176 I TrafficMonitor: expired arrive. level:-1
04-24 12:45:22.439 1176 1176 I TrafficMonitor: update:rxPkts:0,txPkts:0,rxBytes:0,txBytes:0
04-24 12:45:22.439 1176 1176 I TrafficMonitor: start expired. level:-1
04-24 12:45:22.439 1176 1176 I TrafficMonitor: gettimer:interval=5000
04-24 12:45:22.439 1176 1176 I TrafficMonitor: during_ms:5006,period_ms:2000
04-24 12:45:22.440 1176 1176 I TrafficMonitor: count:697,rx_sum:0,tx_sum:0,rxBytes:0,during_ms:5006,rx_speed:0.0,tx_speed:0.0,rto:0.0
04-24 12:45:22.440 1176 1176 D HuaweiWifiWatchdogStateMachine: speed: rxpkt:0, rxSpd:0B/s, txpkt:0, txSpd:0
04-24 12:45:23.794 1176 1392 D HwArpVerifier: performPollAndLog:
04-24 12:45:23.798 1176 1392 D hw_netstat: total/0/0
04-24 12:45:25.283 777 777 E : [E/capacity_limit_control] not demo version, not set power control prop!
04-24 12:45:25.303 1176 1288 D HwBatteryService: onUEvent fcpStatus = 0,scpStatus =0,ovpStatus=0
04-24 12:45:25.305 1176 1288 I UsbDeviceManager: water_intrused state= 0
04-24 12:45:25.319 1176 1176 D HwInnerWifiManagerImpl: SupplicantState = COMPLETED
04-24 12:45:25.320 1176 1176 D HwInnerWifiManagerImpl: isPhoneAP = false
04-24 12:45:25.321 1176 1176 D HwInnerWifiManagerImpl: SupplicantState = COMPLETED
04-24 12:45:25.321 1176 1176 D HwInnerWifiManagerImpl: isPhoneAP = false
04-24 12:45:25.322 1176 1176 D WifiStateMachine: mBcastReceiver: PluggedType = 2 mIsScanCtrlPluggedin = true
04-24 12:45:25.322 1176 1176 D HwWifiService: mPluggedType =2
04-24 12:45:25.323 1463 1463 D KeyguardUpdateMonitor: received broadcast android.intent.action.BATTERY_CHANGED
04-24 12:45:25.324 1463 1463 W KeyguardUpdateMonitor: ACTION_BATTERY_CHANGED AMP: 500000; Volt: 5000000
04-24 12:45:25.324 1463 1463 V KeyguardUpdateMonitor: RefreshBatteryInfo isBatteryLow: 75
04-24 12:45:25.324 1463 1463 W KeyguardUpdateMonitor: ChargingSpeed Wattage: 2500000 ST: 5000000 --> 7500000
04-24 12:45:25.324 1463 1463 I KgBattery: BatteryInfo updated: 2lPc0
04-24 12:45:25.324 1463 1463 W AppHandler: sendMessage with obj100
04-24 12:45:25.324 1463 1463 D KeyguardUpdateMonitor: handleBatteryUpdate
04-24 12:45:25.325 1463 1463 W HwLockScreenPanel: Handle message: 100
04-24 12:45:25.325 1463 1463 W HwKeyguardBottomArea: updateBatteryInfo : false true
04-24 12:45:25.325 1463 1463 W KgBattery: getCharge info with type: text
04-24 12:45:25.330 1729 1729 I MsgReceiver: intent action: android.intent.action.BATTERY_CHANGED
04-24 12:45:25.332 1176 1176 D WifiService: onReceive, action:android.intent.action.BATTERY_CHANGED
04-24 12:45:25.332 1176 1176 D WifiService: ACTION_BATTERY_CHANGED pluggedType: 2
04-24 12:45:25.332 5515 5671 E CloudAlbum[8.1.2.309]: [ReceiverManager] not log on ignore
04-24 12:45:25.332 1176 1176 D WifiService: ACTION_BATTERY_CHANGED pluggedType: 2
04-24 12:45:25.337 1463 1463 W HwLockScreenPanel: refreshBatteryInfo: null
04-24 12:45:25.416 1176 1338 D HwWifiStatStore: handleMessage : 200
04-24 12:45:27.442 1176 1176 I TrafficMonitor: expired arrive. level:-1
04-24 12:45:27.446 1176 1176 I TrafficMonitor: update:rxPkts:0,txPkts:0,rxBytes:0,txBytes:0
04-24 12:45:27.446 1176 1176 I TrafficMonitor: start expired. level:-1
04-24 12:45:27.446 1176 1176 I TrafficMonitor: gettimer:interval=5000
04-24 12:45:27.446 1176 1176 I TrafficMonitor: during_ms:5008,period_ms:2000
04-24 12:45:27.447 1176 1176 I TrafficMonitor: count:698,rx_sum:0,tx_sum:0,rxBytes:0,during_ms:5008,rx_speed:0.0,tx_speed:0.0,rto:0.0
04-24 12:45:27.447 1176 1176 D HuaweiWifiWatchdogStateMachine: speed: rxpkt:0, rxSpd:0B/s, txpkt:0, txSpd:0
04-24 12:45:28.421 1176 1338 D HwWifiStatStore: handleMessage : 200
04-24 12:45:28.741 742 742 E wificond: Failed to get NL80211_RATE_INFO_NOISE
04-24 12:45:28.741 742 742 E wificond: Failed to get NL80211_RATE_INFO_SNR
04-24 12:45:28.741 742 742 E wificond: Failed to get NL80211_STA_INFO_CNAHLOAD
04-24 12:45:28.742 1176 1337 E WificondControl: Noise: 0, Snr: -1, Chload: -1
04-24 12:45:28.743 1176 1339 D HwWifiCHRStateManager: handleMessage : 1001
04-24 12:45:28.743 1176 1339 D HwWifiCHRStateManager: handleUpdateChannel:2412
04-24 12:45:28.744 1176 1339 V HwWifiServiceFactory: get AllImpl object = com.android.server.wifi.HwWifiServiceFactoryImpl@2205edc
04-24 12:45:28.747 742 742 E wificond: Failed to get NL80211_RATE_INFO_NOISE
04-24 12:45:28.748 742 742 E wificond: Failed to get NL80211_RATE_INFO_SNR
04-24 12:45:28.748 742 742 E wificond: Failed to get NL80211_STA_INFO_CNAHLOAD
04-24 12:45:28.750 1176 1406 D HuaweiWifiWatchdogStateMachine: LM mrssi=-28
04-24 12:45:28.750 1176 1176 D WiFi_PRO: MSG_RETURN_AP_CURRY_RSSI rssi = -28
04-24 12:45:28.751 1176 1176 I QosMonitor: queryRtt: rtt_type = 3
04-24 12:45:28.751 1176 1406 I HuaweiWifiWatchdogStateMachine: spd good count:0, add sc:0.0, rate:1.0
04-24 12:45:28.752 1176 1406 D HuaweiWifiWatchdogStateMachine: high data flow: protection_counter = 0, not_detect_counter = 368
04-24 12:45:28.752 1176 1406 D HuaweiWifiWatchdogStateMachine: high data flow scenario: 0 --> 0 rx bytes =0KB
04-24 12:45:28.752 1176 1406 I HuaweiWifiWatchdogStateMachine: current mHighDataFlowRate = 1.0
04-24 12:45:28.753 1176 1406 I HuaweiWifiWatchdogStateMachine: POta txb txg rxg:0, 97, 0. Lr =0% Totpkt=97
04-24 12:45:28.753 1176 1176 I HwQoEJNI: send_cmd_kernel. begin
04-24 12:45:28.753 1176 1176 I HwQoEJNI: send_cmd_kernel. end
04-24 12:45:28.754 1176 1176 I QosMonitor: postEventFromNative: msg=100,arg1=4,arg2=10
04-24 12:45:28.754 1176 1176 I HwQoEJNI: send_cmd_kernel. begin
04-24 12:45:28.755 1176 1176 I HwQoEJNI: send_cmd_kernel. end
04-24 12:45:28.755 1176 1176 I QosMonitor: postEventFromNative: msg=100,arg1=0,arg2=10
04-24 12:45:28.755 1176 1176 D HuaweiWifiWatchdogStateMachine: setSampleRtt: unvalid rtt
04-24 12:45:28.755 1176 1176 I MQoS : rtt=240,tcp_tx_pkts=480934,tcp_rx_pkts=921405
04-24 12:45:28.755 1176 1406 D HuaweiWifiWatchdogStateMachine: dumpTcpResult: len=10,rtt=240,rttPkt=1,rttWn=164,cgt=0,cgtWn=0
04-24 12:45:28.756 1176 1406 I HuaweiWifiWatchdogStateMachine: PTcp RTT:0, rtt pkt=0, tcp_rx=0, tcp_tx=0, tcp_reTran=0, rtRate=0
04-24 12:45:28.756 1176 1406 D HuaweiWifiWatchdogStateMachine: mRssiBadCount =0, RSSI not bad.
04-24 12:45:28.756 1176 1406 D HuaweiWifiWatchdogStateMachine: detectNetworkAvailable:hw.wifipro.dns_fail_count = 131
04-24 12:45:28.756 1176 1406 D HuaweiWifiWatchdogStateMachine: bqeLevel = 2 rtt=0,rtt_pkts=0 speed=37 rssi=-28
04-24 12:45:28.756 1176 1406 D HuaweiWifiWatchdogStateMachine: Enter updateQoeLevel level = 2
04-24 12:45:28.756 1176 1406 D HuaweiWifiWatchdogStateMachine: updateQoeLevel current level equal to mLastDetectLevel, return
04-24 12:45:28.756 1176 1406 D HuaweiWifiWatchdogStateMachine: did not have any network action
04-24 12:45:28.765 1176 3515 I MQoS : QOS_level:0(0),wifi-link;SIM error;use level-0
04-24 12:45:28.766 1176 3515 I MQoS : skip-low-Level:0(0),wifi-link;SIM error;use level-0
04-24 12:45:28.801 1176 1392 D HwArpVerifier: performPollAndLog:
04-24 12:45:28.805 1176 1392 D hw_netstat: total/0/0
04-24 12:45:30.308 777 777 E : [E/capacity_limit_control] not demo version, not set power control prop!
04-24 12:45:31.428 1176 1338 D HwWifiStatStore: handleMessage : 200
04-24 12:45:32.451 1176 1176 I TrafficMonitor: expired arrive. level:-1
04-24 12:45:32.454 1176 1176 I TrafficMonitor: update:rxPkts:0,txPkts:0,rxBytes:0,txBytes:0
04-24 12:45:32.454 1176 1176 I TrafficMonitor: start expired. level:-1
04-24 12:45:32.455 1176 1176 I TrafficMonitor: gettimer:interval=5000
04-24 12:45:32.455 1176 1176 I TrafficMonitor: during_ms:5008,period_ms:2000
04-24 12:45:32.455 1176 1176 I TrafficMonitor: count:699,rx_sum:0,tx_sum:0,rxBytes:0,during_ms:5008,rx_speed:0.0,tx_speed:0.0,rto:0.0
04-24 12:45:32.455 1176 1176 D HuaweiWifiWatchdogStateMachine: speed: rxpkt:0, rxSpd:0B/s, txpkt:0, txSpd:0
04-24 12:45:33.811 1176 1392 D HwArpVerifier: performPollAndLog:
04-24 12:45:33.815 1176 1392 D hw_netstat: total/0/0
04-24 12:45:34.434 1176 1338 D HwWifiStatStore: handleMessage : 200
04-24 12:45:35.318 777 777 E : [E/capacity_limit_control] not demo version, not set power control prop!
04-24 12:45:36.749 742 742 E wificond: Failed to get NL80211_RATE_INFO_NOISE
04-24 12:45:36.749 742 742 E wificond: Failed to get NL80211_RATE_INFO_SNR
04-24 12:45:36.749 742 742 E wificond: Failed to get NL80211_STA_INFO_CNAHLOAD
04-24 12:45:36.751 1176 1337 E WificondControl: Noise: 0, Snr: -1, Chload: -1
04-24 12:45:36.752 1176 1339 D HwWifiCHRStateManager: handleMessage : 1001
04-24 12:45:36.753 1176 1339 D HwWifiCHRStateManager: handleUpdateChannel:2412
04-24 12:45:36.753 1176 1339 V HwWifiServiceFactory: get AllImpl object = com.android.server.wifi.HwWifiServiceFactoryImpl@2205edc
04-24 12:45:36.757 742 742 E wificond: Failed to get NL80211_RATE_INFO_NOISE
04-24 12:45:36.757 742 742 E wificond: Failed to get NL80211_RATE_INFO_SNR
04-24 12:45:36.757 742 742 E wificond: Failed to get NL80211_STA_INFO_CNAHLOAD
04-24 12:45:36.759 1176 1406 D HuaweiWifiWatchdogStateMachine: LM mrssi=-28
04-24 12:45:36.759 1176 1176 D WiFi_PRO: MSG_RETURN_AP_CURRY_RSSI rssi = -28
04-24 12:45:36.759 1176 1406 I HuaweiWifiWatchdogStateMachine: spd good count:0, add sc:0.0, rate:1.0
04-24 12:45:36.760 1176 1406 I HuaweiWifiWatchdogStateMachine: current mHighDataFlowRate = 1.0
04-24 12:45:36.760 1176 1176 I QosMonitor: queryRtt: rtt_type = 3
04-24 12:45:36.760 1176 1406 I HuaweiWifiWatchdogStateMachine: POta txb txg rxg:0, 97, 0. Lr =0% Totpkt=97
04-24 12:45:36.760 1176 1176 I HwQoEJNI: send_cmd_kernel. begin
04-24 12:45:36.760 1176 1176 I HwQoEJNI: send_cmd_kernel. end
04-24 12:45:36.760 1176 1176 I QosMonitor: postEventFromNative: msg=100,arg1=4,arg2=10
04-24 12:45:36.761 1176 1176 I HwQoEJNI: send_cmd_kernel. begin
04-24 12:45:36.761 1176 1176 I HwQoEJNI: send_cmd_kernel. end
04-24 12:45:36.762 1176 1176 I QosMonitor: postEventFromNative: msg=100,arg1=0,arg2=10
04-24 12:45:36.762 1176 1176 D HuaweiWifiWatchdogStateMachine: setSampleRtt: unvalid rtt
04-24 12:45:36.762 1176 1176 I MQoS : rtt=240,tcp_tx_pkts=480934,tcp_rx_pkts=921405
04-24 12:45:36.762 1176 1406 D HuaweiWifiWatchdogStateMachine: dumpTcpResult: len=10,rtt=240,rttPkt=1,rttWn=172,cgt=0,cgtWn=0
04-24 12:45:36.763 1176 1406 I HuaweiWifiWatchdogStateMachine: PTcp RTT:0, rtt pkt=0, tcp_rx=0, tcp_tx=0, tcp_reTran=0, rtRate=0
04-24 12:45:36.763 1176 1406 D HuaweiWifiWatchdogStateMachine: mRssiBadCount =0, RSSI not bad.
04-24 12:45:36.763 1176 1406 D HuaweiWifiWatchdogStateMachine: detectNetworkAvailable:hw.wifipro.dns_fail_count = 131
04-24 12:45:36.763 1176 1406 D HuaweiWifiWatchdogStateMachine: bqeLevel = 2 rtt=0,rtt_pkts=0 speed=37 rssi=-28
04-24 12:45:36.763 1176 1406 D HuaweiWifiWatchdogStateMachine: Enter updateQoeLevel level = 2
04-24 12:45:36.763 1176 1406 D HuaweiWifiWatchdogStateMachine: updateQoeLevel current level equal to mLastDetectLevel, return
04-24 12:45:36.763 1176 1406 D HuaweiWifiWatchdogStateMachine: did not have any network action
04-24 12:45:36.771 1176 3515 I MQoS : QOS_level:0(0),wifi-link;SIM error;use level-0
04-24 12:45:37.439 1176 1338 D HwWifiStatStore: handleMessage : 200
04-24 12:45:37.456 1176 1176 I TrafficMonitor: expired arrive. level:-1
04-24 12:45:37.459 1176 1176 I TrafficMonitor: update:rxPkts:0,txPkts:0,rxBytes:0,txBytes:0
04-24 12:45:37.459 1176 1176 I TrafficMonitor: start expired. level:-1
04-24 12:45:37.459 1176 1176 I TrafficMonitor: gettimer:interval=5000
04-24 12:45:37.459 1176 1176 I TrafficMonitor: during_ms:5004,period_ms:2000
04-24 12:45:37.459 1176 1176 I TrafficMonitor: count:700,rx_sum:0,tx_sum:0,rxBytes:0,during_ms:5004,rx_speed:0.0,tx_speed:0.0,rto:0.0
04-24 12:45:37.459 1176 1176 D HuaweiWifiWatchdogStateMachine: speed: rxpkt:0, rxSpd:0B/s, txpkt:0, txSpd:0
04-24 12:45:38.822 1176 1392 D HwArpVerifier: performPollAndLog:
04-24 12:45:38.826 1176 1392 D hw_netstat: total/0/0
04-24 12:45:40.328 777 777 E : [E/capacity_limit_control] not demo version, not set power control prop!
04-24 12:45:40.445 1176 1338 D HwWifiStatStore: handleMessage : 200
04-24 12:45:42.465 1176 1176 I TrafficMonitor: expired arrive. level:-1
04-24 12:45:42.469 1176 1176 I TrafficMonitor: update:rxPkts:0,txPkts:0,rxBytes:0,txBytes:0
04-24 12:45:42.470 1176 1176 I TrafficMonitor: start expired. level:-1
