04-24 12:54:26.583 1176 1338 D HwWifiStatStore: handleMessage : 200
04-24 12:54:26.720 777 777 E : [E/capacity_limit_control] not demo version, not set power control prop!
04-24 12:54:26.749 1176 1288 D HwBatteryService: onUEvent fcpStatus = 0,scpStatus =0,ovpStatus=0
04-24 12:54:26.752 1176 1288 I UsbDeviceManager: water_intrused state= 0
04-24 12:54:26.766 1176 1176 D HwInnerWifiManagerImpl: SupplicantState = COMPLETED
04-24 12:54:26.767 1176 1176 D HwInnerWifiManagerImpl: isPhoneAP = false
04-24 12:54:26.767 1463 1463 D KeyguardUpdateMonitor: received broadcast android.intent.action.BATTERY_CHANGED
04-24 12:54:26.768 1176 1176 D HwInnerWifiManagerImpl: SupplicantState = COMPLETED
04-24 12:54:26.768 1176 1176 D HwInnerWifiManagerImpl: isPhoneAP = false
04-24 12:54:26.768 1176 1176 D WifiStateMachine: mBcastReceiver: PluggedType = 2 mIsScanCtrlPluggedin = true
04-24 12:54:26.769 1176 1176 D HwWifiService: mPluggedType =2
04-24 12:54:26.769 1176 1176 D WifiService: onReceive, action:android.intent.action.BATTERY_CHANGED
04-24 12:54:26.770 1176 1176 D WifiService: ACTION_BATTERY_CHANGED pluggedType: 2
04-24 12:54:26.770 1729 1729 I MsgReceiver: intent action: android.intent.action.BATTERY_CHANGED
04-24 12:54:26.774 5515 5671 E CloudAlbum[8.1.2.309]: [ReceiverManager] not log on ignore
04-24 12:54:26.774 1463 1463 W KeyguardUpdateMonitor: ACTION_BATTERY_CHANGED AMP: 500000; Volt: 5000000
04-24 12:54:26.780 1463 1463 V KeyguardUpdateMonitor: RefreshBatteryInfo isBatteryLow: 76
04-24 12:54:26.780 1463 1463 W KeyguardUpdateMonitor: ChargingSpeed Wattage: 2500000 ST: 5000000 --> 7500000
04-24 12:54:26.780 1463 1463 I KgBattery: BatteryInfo updated: 2lPc0
04-24 12:54:26.780 1463 1463 W AppHandler: sendMessage with obj100
04-24 12:54:26.780 1463 1463 D KeyguardUpdateMonitor: handleBatteryUpdate
04-24 12:54:26.780 1463 1463 W HwLockScreenPanel: Handle message: 100
04-24 12:54:26.781 1463 1463 W HwKeyguardBottomArea: updateBatteryInfo : false true
04-24 12:54:26.781 1463 1463 W KgBattery: getCharge info with type: text
04-24 12:54:26.786 1463 1463 W HwLockScreenPanel: refreshBatteryInfo: null
04-24 12:54:27.962 1176 1392 D HwArpVerifier: performPollAndLog:
04-24 12:54:27.966 1176 1392 D hw_netstat: total/0/0
04-24 12:54:29.500 1176 1176 I TrafficMonitor: expired arrive. level:-1
04-24 12:54:29.504 1176 1176 I TrafficMonitor: update:rxPkts:0,txPkts:0,rxBytes:0,txBytes:0
04-24 12:54:29.504 1176 1176 I TrafficMonitor: start expired. level:-1
04-24 12:54:29.504 1176 1176 I TrafficMonitor: gettimer:interval=5000
04-24 12:54:29.505 1176 1176 I TrafficMonitor: during_ms:5008,period_ms:2000
04-24 12:54:29.505 1176 1176 I TrafficMonitor: count:877,rx_sum:0,tx_sum:0,rxBytes:0,during_ms:5008,rx_speed:0.0,tx_speed:0.0,rto:0.0
04-24 12:54:29.505 1176 1176 D HuaweiWifiWatchdogStateMachine: speed: rxpkt:0, rxSpd:0B/s, txpkt:0, txSpd:0
04-24 12:54:29.590 1176 1338 D HwWifiStatStore: handleMessage : 200
04-24 12:54:31.752 777 777 E : [E/capacity_limit_control] not demo version, not set power control prop!
04-24 12:54:32.597 1176 1338 D HwWifiStatStore: handleMessage : 200
04-24 12:54:32.917 1176 1392 D HwArpVerifier: check_wifi_state_mode = 0 mCheckStateToken=25 token25
04-24 12:54:32.920 1176 1392 D wifiserviceimpl: netmask =16777215
04-24 12:54:32.981 1176 1392 D HWMultiGW: setGateWay 192.168.1.1
04-24 12:54:33.229 742 742 E wificond: Failed to get NL80211_RATE_INFO_NOISE
04-24 12:54:33.230 742 742 E wificond: Failed to get NL80211_RATE_INFO_SNR
04-24 12:54:33.230 742 742 E wificond: Failed to get NL80211_STA_INFO_CNAHLOAD
04-24 12:54:33.231 1176 1337 E WificondControl: Noise: 0, Snr: -1, Chload: -1
04-24 12:54:33.232 1176 1339 D HwWifiCHRStateManager: handleMessage : 1001
04-24 12:54:33.232 1176 1339 D HwWifiCHRStateManager: handleUpdateChannel:2412
04-24 12:54:33.232 1176 1339 V HwWifiServiceFactory: get AllImpl object = com.android.server.wifi.HwWifiServiceFactoryImpl@2205edc
04-24 12:54:33.236 742 742 E wificond: Failed to get NL80211_RATE_INFO_NOISE
04-24 12:54:33.236 742 742 E wificond: Failed to get NL80211_RATE_INFO_SNR
04-24 12:54:33.237 742 742 E wificond: Failed to get NL80211_STA_INFO_CNAHLOAD
04-24 12:54:33.238 1176 1406 D HuaweiWifiWatchdogStateMachine: LM mrssi=-29
04-24 12:54:33.238 1176 1176 D WiFi_PRO: MSG_RETURN_AP_CURRY_RSSI rssi = -29
04-24 12:54:33.239 1176 1406 D HuaweiWifiWatchdogStateMachine: a4:fa:**:**:eb:b0 current loss[-45]=0%, volume=1
04-24 12:54:33.239 1176 1176 I QosMonitor: queryRtt: rtt_type = 3
04-24 12:54:33.239 1176 1406 D HuaweiWifiWatchdogStateMachine: a4:fa:**:**:eb:b0 history loss[-45]=0%, volume=13825616
04-24 12:54:33.239 1176 1176 I HwQoEJNI: send_cmd_kernel. begin
04-24 12:54:33.239 1176 1176 I HwQoEJNI: send_cmd_kernel. end
04-24 12:54:33.240 1176 1176 I QosMonitor: postEventFromNative: msg=100,arg1=4,arg2=10
04-24 12:54:33.240 1176 1406 I HuaweiWifiWatchdogStateMachine: spd good count:0, add sc:0.0, rate:1.0
04-24 12:54:33.240 1176 1176 D HuaweiWifiWatchdogStateMachine: setSampleRtt: unvalid rtt
04-24 12:54:33.242 1176 1406 D HuaweiWifiWatchdogStateMachine: high data flow: protection_counter = 0, not_detect_counter = 385
04-24 12:54:33.242 1176 1406 D HuaweiWifiWatchdogStateMachine: high data flow scenario: 0 --> 0 rx bytes =0KB
04-24 12:54:33.242 1176 1406 I HuaweiWifiWatchdogStateMachine: current mHighDataFlowRate = 1.0
04-24 12:54:33.242 1176 1406 I HuaweiWifiWatchdogStateMachine: POta txb txg rxg:0, 146, 0. Lr =0% Totpkt=146
04-24 12:54:33.243 1176 1176 I HwQoEJNI: send_cmd_kernel. begin
04-24 12:54:33.243 1176 1176 I HwQoEJNI: send_cmd_kernel. end
04-24 12:54:33.244 1176 1176 I QosMonitor: postEventFromNative: msg=100,arg1=0,arg2=10
04-24 12:54:33.244 1176 1176 I MQoS : rtt=160,tcp_tx_pkts=480944,tcp_rx_pkts=921410
04-24 12:54:33.245 1176 1406 D HuaweiWifiWatchdogStateMachine: dumpTcpResult: len=10,rtt=160,rttPkt=1,rttWn=79,cgt=0,cgtWn=0
04-24 12:54:33.245 1176 1406 I HuaweiWifiWatchdogStateMachine: PTcp RTT:0, rtt pkt=0, tcp_rx=0, tcp_tx=0, tcp_reTran=0, rtRate=0
04-24 12:54:33.246 1176 1406 D HuaweiWifiWatchdogStateMachine: mRssiBadCount =0, RSSI not bad.
04-24 12:54:33.246 1176 1406 D HuaweiWifiWatchdogStateMachine: detectNetworkAvailable:hw.wifipro.dns_fail_count = 131
04-24 12:54:33.246 1176 1406 D HuaweiWifiWatchdogStateMachine: bqeLevel = 2 rtt=0,rtt_pkts=0 speed=37 rssi=-29
04-24 12:54:33.246 1176 1406 D HuaweiWifiWatchdogStateMachine: Enter updateQoeLevel level = 2
04-24 12:54:33.246 1176 1406 D HuaweiWifiWatchdogStateMachine: updateQoeLevel current level equal to mLastDetectLevel, return
04-24 12:54:33.246 1176 1406 D HuaweiWifiWatchdogStateMachine: did not have any network action
04-24 12:54:33.255 1176 3515 I MQoS : QOS_level:0(0),wifi-link;SIM error;use level-0
04-24 12:54:33.256 1176 3515 I MQoS : skip-low-Level:0(0),wifi-link;SIM error;use level-0
04-24 12:54:33.984 1176 1392 D HwArpVerifier: getGateWayARPResponses: arp rtt = 10
04-24 12:54:33.985 1176 1392 E HwCHRWifiRSSIGroupSummery: updatArpSummery mRSSI:-29 HwCHRWifiRSSIGroup [rssi_index=4, rtt_tcp_packets=0, rtt_tcp_duration=0, rtt_lan_duration=8100, rtt_lan_failures=0, rtt_lan_succ=397, rtt_lan_max=939, rtt_lan_min=0,same_area_frequency=0,adjacent_area_frequency=0]
04-24 12:54:34.012 1176 1392 D HwArpVerifier: There are 1 mac address for gateway
04-24 12:54:34.012 1176 1392 D HwArpVerifier: from HEART_CHECK transmit to state:HEART_CHECK
04-24 12:54:34.013 1176 1392 D HwArpVerifier: msg what=124 arg1(token)=25 arg2(mode)=0 delay=30000
04-24 12:54:34.013 1176 1392 D HwArpVerifier: performPollAndLog:
04-24 12:54:34.017 1176 1392 D hw_netstat: total/0/0
04-24 12:54:34.506 1176 1176 I TrafficMonitor: expired arrive. level:-1
04-24 12:54:34.509 1176 1176 I TrafficMonitor: update:rxPkts:0,txPkts:0,rxBytes:0,txBytes:0
04-24 12:54:34.510 1176 1176 I TrafficMonitor: start expired. level:-1
04-24 12:54:34.510 1176 1176 I TrafficMonitor: gettimer:interval=5000
04-24 12:54:34.510 1176 1176 I TrafficMonitor: during_ms:5006,period_ms:2000
04-24 12:54:34.510 1176 1176 I TrafficMonitor: count:878,rx_sum:0,tx_sum:0,rxBytes:0,during_ms:5006,rx_speed:0.0,tx_speed:0.0,rto:0.0
04-24 12:54:34.510 1176 1176 D HuaweiWifiWatchdogStateMachine: speed: rxpkt:0, rxSpd:0B/s, txpkt:0, txSpd:0
04-24 12:54:35.604 1176 1338 D HwWifiStatStore: handleMessage : 200
04-24 12:54:36.761 777 777 E : [E/capacity_limit_control] not demo version, not set power control prop!
04-24 12:54:38.611 1176 1338 D HwWifiStatStore: handleMessage : 200
04-24 12:54:39.021 1176 1392 D HwArpVerifier: performPollAndLog:
04-24 12:54:39.026 1176 1392 D hw_netstat: total/0/0
04-24 12:54:39.512 1176 1176 I TrafficMonitor: expired arrive. level:-1
04-24 12:54:39.515 1176 1176 I TrafficMonitor: update:rxPkts:0,txPkts:0,rxBytes:0,txBytes:0
04-24 12:54:39.515 1176 1176 I TrafficMonitor: start expired. level:-1
04-24 12:54:39.515 1176 1176 I TrafficMonitor: gettimer:interval=5000
04-24 12:54:39.515 1176 1176 I TrafficMonitor: during_ms:5005,period_ms:2000
04-24 12:54:39.516 1176 1176 I TrafficMonitor: count:879,rx_sum:0,tx_sum:0,rxBytes:0,during_ms:5005,rx_speed:0.0,tx_speed:0.0,rto:0.0
04-24 12:54:39.516 1176 1176 D HuaweiWifiWatchdogStateMachine: speed: rxpkt:0, rxSpd:0B/s, txpkt:0, txSpd:0
04-24 12:54:41.234 742 742 E wificond: Failed to get NL80211_RATE_INFO_NOISE
04-24 12:54:41.234 742 742 E wificond: Failed to get NL80211_RATE_INFO_SNR
04-24 12:54:41.234 742 742 E wificond: Failed to get NL80211_STA_INFO_CNAHLOAD
04-24 12:54:41.235 1176 1337 E WificondControl: Noise: 0, Snr: -1, Chload: -1
04-24 12:54:41.237 1176 1339 D HwWifiCHRStateManager: handleMessage : 1001
04-24 12:54:41.237 1176 1339 D HwWifiCHRStateManager: handleUpdateChannel:2412
04-24 12:54:41.237 1176 1339 V HwWifiServiceFactory: get AllImpl object = com.android.server.wifi.HwWifiServiceFactoryImpl@2205edc
04-24 12:54:41.241 742 742 E wificond: Failed to get NL80211_RATE_INFO_NOISE
04-24 12:54:41.241 742 742 E wificond: Failed to get NL80211_RATE_INFO_SNR
04-24 12:54:41.241 742 742 E wificond: Failed to get NL80211_STA_INFO_CNAHLOAD
04-24 12:54:41.243 1176 1406 D HuaweiWifiWatchdogStateMachine: LM mrssi=-30
04-24 12:54:41.243 1176 1176 D WiFi_PRO: MSG_RETURN_AP_CURRY_RSSI rssi = -30
04-24 12:54:41.244 1176 1176 I QosMonitor: queryRtt: rtt_type = 3
04-24 12:54:41.244 1176 1406 I HuaweiWifiWatchdogStateMachine: spd good count:0, add sc:0.0, rate:1.0
04-24 12:54:41.244 1176 1176 I HwQoEJNI: send_cmd_kernel. begin
04-24 12:54:41.244 1176 1406 I HuaweiWifiWatchdogStateMachine: current mHighDataFlowRate = 1.0
04-24 12:54:41.244 1176 1176 I HwQoEJNI: send_cmd_kernel. end
04-24 12:54:41.244 1176 1406 I HuaweiWifiWatchdogStateMachine: POta txb txg rxg:0, 146, 0. Lr =0% Totpkt=146
04-24 12:54:41.244 1176 1176 I QosMonitor: postEventFromNative: msg=100,arg1=4,arg2=10
04-24 12:54:41.245 1176 1176 I HwQoEJNI: send_cmd_kernel. begin
04-24 12:54:41.245 1176 1176 I HwQoEJNI: send_cmd_kernel. end
04-24 12:54:41.245 1176 1176 I QosMonitor: postEventFromNative: msg=100,arg1=0,arg2=10
04-24 12:54:41.245 1176 1176 D HuaweiWifiWatchdogStateMachine: setSampleRtt: unvalid rtt
04-24 12:54:41.246 1176 1176 I MQoS : rtt=160,tcp_tx_pkts=480944,tcp_rx_pkts=921410
04-24 12:54:41.247 1176 1406 D HuaweiWifiWatchdogStateMachine: dumpTcpResult: len=10,rtt=160,rttPkt=1,rttWn=87,cgt=0,cgtWn=0
04-24 12:54:41.247 1176 1406 I HuaweiWifiWatchdogStateMachine: PTcp RTT:0, rtt pkt=0, tcp_rx=0, tcp_tx=0, tcp_reTran=0, rtRate=0
04-24 12:54:41.247 1176 1406 D HuaweiWifiWatchdogStateMachine: mRssiBadCount =0, RSSI not bad.
04-24 12:54:41.248 1176 1406 D HuaweiWifiWatchdogStateMachine: detectNetworkAvailable:hw.wifipro.dns_fail_count = 131
04-24 12:54:41.248 1176 1406 D HuaweiWifiWatchdogStateMachine: bqeLevel = 2 rtt=0,rtt_pkts=0 speed=37 rssi=-30
04-24 12:54:41.248 1176 1406 D HuaweiWifiWatchdogStateMachine: Enter updateQoeLevel level = 2
04-24 12:54:41.248 1176 1406 D HuaweiWifiWatchdogStateMachine: updateQoeLevel current level equal to mLastDetectLevel, return
04-24 12:54:41.248 1176 1406 D HuaweiWifiWatchdogStateMachine: did not have any network action
04-24 12:54:41.258 1176 3515 I MQoS : QOS_level:0(0),wifi-link;SIM error;use level-0
04-24 12:54:41.618 1176 1338 D HwWifiStatStore: handleMessage : 200
04-24 12:54:41.772 777 777 E : [E/capacity_limit_control] not demo version, not set power control prop!
04-24 12:54:44.031 1176 1392 D HwArpVerifier: performPollAndLog:
04-24 12:54:44.036 1176 1392 D hw_netstat: total/0/0
04-24 12:54:44.519 1176 1176 I TrafficMonitor: expired arrive. level:-1
04-24 12:54:44.522 1176 1176 I TrafficMonitor: update:rxPkts:0,txPkts:0,rxBytes:0,txBytes:0
04-24 12:54:44.522 1176 1176 I TrafficMonitor: start expired. level:-1
04-24 12:54:44.523 1176 1176 I TrafficMonitor: gettimer:interval=5000
04-24 12:54:44.523 1176 1176 I TrafficMonitor: during_ms:5008,period_ms:2000
04-24 12:54:44.523 1176 1176 I TrafficMonitor: count:880,rx_sum:0,tx_sum:0,rxBytes:0,during_ms:5008,rx_speed:0.0,tx_speed:0.0,rto:0.0
04-24 12:54:44.523 1176 1176 D HuaweiWifiWatchdogStateMachine: speed: rxpkt:0, rxSpd:0B/s, txpkt:0, txSpd:0
04-24 12:54:44.625 1176 1338 D HwWifiStatStore: handleMessage : 200
04-24 12:54:45.088 1729 1729 I MsgReceiver: intent action: android.intent.action.BATTERY_CHANGED
04-24 12:54:45.090 1463 1463 D KeyguardUpdateMonitor: received broadcast android.intent.action.BATTERY_CHANGED
04-24 12:54:45.091 1176 1176 D HwInnerWifiManagerImpl: SupplicantState = COMPLETED
04-24 12:54:45.091 1176 1176 D HwInnerWifiManagerImpl: isPhoneAP = false
04-24 12:54:45.092 5515 5671 E CloudAlbum[8.1.2.309]: [ReceiverManager] not log on ignore
04-24 12:54:45.093 1176 1176 D HwInnerWifiManagerImpl: SupplicantState = COMPLETED
04-24 12:54:45.093 1176 1176 D HwInnerWifiManagerImpl: isPhoneAP = false
04-24 12:54:45.093 1463 1463 W KeyguardUpdateMonitor: ACTION_BATTERY_CHANGED AMP: 500000; Volt: 5000000
04-24 12:54:45.093 1176 1176 D WifiStateMachine: mBcastReceiver: PluggedType = 2 mIsScanCtrlPluggedin = true
04-24 12:54:45.094 1176 1176 D HwWifiService: mPluggedType =2
04-24 12:54:45.095 1176 1176 D WifiService: onReceive, action:android.intent.action.BATTERY_CHANGED
04-24 12:54:45.096 1176 1176 D WifiService: ACTION_BATTERY_CHANGED pluggedType: 2
04-24 12:54:45.097 1463 1463 V KeyguardUpdateMonitor: RefreshBatteryInfo isBatteryLow: 76
04-24 12:54:45.097 1463 1463 W KeyguardUpdateMonitor: ChargingSpeed Wattage: 2500000 ST: 5000000 --> 7500000
04-24 12:54:45.097 1463 1463 I KgBattery: BatteryInfo updated: 2lPc0
04-24 12:54:45.098 1463 1463 W AppHandler: sendMessage with obj100
04-24 12:54:45.098 1463 1463 D KeyguardUpdateMonitor: handleBatteryUpdate
04-24 12:54:45.100 1463 1463 W HwLockScreenPanel: Handle message: 100
04-24 12:54:45.100 1463 1463 W HwKeyguardBottomArea: updateBatteryInfo : false true
04-24 12:54:45.100 1463 1463 W KgBattery: getCharge info with type: text
04-24 12:54:45.105 1463 1463 W HwLockScreenPanel: refreshBatteryInfo: null
04-24 12:54:46.781 777 777 E : [E/capacity_limit_control] not demo version, not set power control prop!
04-24 12:54:47.631 1176 1338 D HwWifiStatStore: handleMessage : 200
04-24 12:54:49.041 1176 1392 D HwArpVerifier: performPollAndLog:
04-24 12:54:49.045 1176 1392 D hw_netstat: total/0/0
04-24 12:54:49.235 742 742 E wificond: Failed to get NL80211_RATE_INFO_NOISE
04-24 12:54:49.235 742 742 E wificond: Failed to get NL80211_RATE_INFO_SNR
04-24 12:54:49.235 742 742 E wificond: Failed to get NL80211_STA_INFO_CNAHLOAD
04-24 12:54:49.236 1176 1337 E WificondControl: Noise: 0, Snr: -1, Chload: -1
04-24 12:54:49.237 1176 1339 D HwWifiCHRStateManager: handleMessage : 1001
04-24 12:54:49.237 1176 1339 D HwWifiCHRStateManager: handleUpdateChannel:2412
04-24 12:54:49.237 1176 1339 V HwWifiServiceFactory: get AllImpl object = com.android.server.wifi.HwWifiServiceFactoryImpl@2205edc
04-24 12:54:49.239 742 742 E wificond: Failed to get NL80211_RATE_INFO_NOISE
04-24 12:54:49.239 742 742 E wificond: Failed to get NL80211_RATE_INFO_SNR
04-24 12:54:49.239 742 742 E wificond: Failed to get NL80211_STA_INFO_CNAHLOAD
04-24 12:54:49.240 1176 1176 D WiFi_PRO: MSG_RETURN_AP_CURRY_RSSI rssi = -30
04-24 12:54:49.240 1176 1406 D HuaweiWifiWatchdogStateMachine: LM mrssi=-30
04-24 12:54:49.241 1176 1176 I QosMonitor: queryRtt: rtt_type = 3
04-24 12:54:49.241 1176 1406 I HuaweiWifiWatchdogStateMachine: spd good count:0, add sc:0.0, rate:1.0
04-24 12:54:49.241 1176 1406 I HuaweiWifiWatchdogStateMachine: current mHighDataFlowRate = 1.0
04-24 12:54:49.241 1176 1176 I HwQoEJNI: send_cmd_kernel. begin
04-24 12:54:49.241 1176 1406 I HuaweiWifiWatchdogStateMachine: POta txb txg rxg:0, 146, 0. Lr =0% Totpkt=146
04-24 12:54:49.241 1176 1176 I HwQoEJNI: send_cmd_kernel. end
04-24 12:54:49.242 1176 1176 I QosMonitor: postEventFromNative: msg=100,arg1=4,arg2=10
04-24 12:54:49.242 1176 1176 I HwQoEJNI: send_cmd_kernel. begin
04-24 12:54:49.242 1176 1176 I HwQoEJNI: send_cmd_kernel. end
04-24 12:54:49.242 1176 1176 I QosMonitor: postEventFromNative: msg=100,arg1=0,arg2=10
04-24 12:54:49.242 1176 1176 D HuaweiWifiWatchdogStateMachine: setSampleRtt: unvalid rtt
04-24 12:54:49.243 1176 1176 I MQoS : rtt=160,tcp_tx_pkts=480944,tcp_rx_pkts=921410
04-24 12:54:49.244 1176 1406 D HuaweiWifiWatchdogStateMachine: dumpTcpResult: len=10,rtt=160,rttPkt=1,rttWn=95,cgt=0,cgtWn=0
04-24 12:54:49.244 1176 1406 I HuaweiWifiWatchdogStateMachine: PTcp RTT:0, rtt pkt=0, tcp_rx=0, tcp_tx=0, tcp_reTran=0, rtRate=0
04-24 12:54:49.244 1176 1406 D HuaweiWifiWatchdogStateMachine: mRssiBadCount =0, RSSI not bad.
04-24 12:54:49.244 1176 1406 D HuaweiWifiWatchdogStateMachine: detectNetworkAvailable:hw.wifipro.dns_fail_count = 131
04-24 12:54:49.245 1176 1406 D HuaweiWifiWatchdogStateMachine: bqeLevel = 2 rtt=0,rtt_pkts=0 speed=37 rssi=-30
04-24 12:54:49.245 1176 1406 D HuaweiWifiWatchdogStateMachine: Enter updateQoeLevel level = 2
04-24 12:54:49.245 1176 1406 D HuaweiWifiWatchdogStateMachine: updateQoeLevel current level equal to mLastDetectLevel, return
04-24 12:54:49.245 1176 1406 D HuaweiWifiWatchdogStateMachine: did not have any network action
04-24 12:54:49.250 1176 3515 I MQoS : QOS_level:0(0),wifi-link;SIM error;use level-0
04-24 12:54:49.250 1176 3515 I MQoS : skip-low-Level:0(0),wifi-link;SIM error;use level-0
04-24 12:54:49.492 1176 1589 W Watchdog: hungtask: writing kick
04-24 12:54:49.495 1176 1202 I EventHub: EventHub monitor: no key events in the past 2623s, no motion events in the past 2624s
04-24 12:54:49.524 1176 1176 I TrafficMonitor: expired arrive. level:-1
04-24 12:54:49.527 1176 1176 I TrafficMonitor: update:rxPkts:0,txPkts:0,rxBytes:0,txBytes:0
04-24 12:54:49.527 1176 1176 I TrafficMonitor: start expired. level:-1
04-24 12:54:49.527 1176 1176 I TrafficMonitor: gettimer:interval=5000
04-24 12:54:49.527 1176 1176 I TrafficMonitor: during_ms:5004,period_ms:2000
04-24 12:54:49.527 1176 1176 I TrafficMonitor: count:881,rx_sum:0,tx_sum:0,rxBytes:0,during_ms:5004,rx_speed:0.0,tx_speed:0.0,rto:0.0
04-24 12:54:49.527 1176 1176 D HuaweiWifiWatchdogStateMachine: speed: rxpkt:0, rxSpd:0B/s, txpkt:0, txSpd:0
04-24 12:54:50.638 1176 1338 D HwWifiStatStore: handleMessage : 200
04-24 12:54:51.791 777 777 E : [E/capacity_limit_control] not demo version, not set power control prop!
04-24 12:54:51.893 487 620 W SocketListener: sending broadcast to Pid = 1176, Uid = 1000
04-24 12:54:51.899 1176 1332 D NetdConnector: RCV <- {613 IfaceClass active 1 353680048567751 10824}
04-24 12:54:51.903 1176 1332 D NetdConnector: RCV <- {613 IfaceClass active 1 353680048567751 10824}
04-24 12:54:51.907 1176 1202 D NetdConnector: RCV unsolicited event from native daemon, event = 613
04-24 12:54:53.014 1729 23345 I DownloadState: 0 transmitting data speed : 28 bytes/s scroff: true
04-24 12:54:53.645 1176 1338 D HwWifiStatStore: handleMessage : 200
04-24 12:54:54.051 1176 1392 D HwArpVerifier: performPollAndLog:
04-24 12:54:54.055 1176 1392 D hw_netstat: total/56/84,unknown:0/56/84
04-24 12:54:54.533 1176 1176 I TrafficMonitor: expired arrive. level:-1
04-24 12:54:54.536 1176 1176 I TrafficMonitor: update:rxPkts:1,txPkts:1,rxBytes:56,txBytes:84
04-24 12:54:54.536 1176 1176 I TrafficMonitor: start expired. level:-1
04-24 12:54:54.536 1176 1176 I TrafficMonitor: gettimer:interval=2000
04-24 12:54:54.536 1176 1176 I TrafficMonitor: during_ms:5009,period_ms:2000
04-24 12:54:54.537 1176 1176 I TrafficMonitor: count:882,rx_sum:1,tx_sum:1,rxBytes:56,during_ms:5009,rx_speed:11.179876222798962,tx_speed:16.769814334198443,rto:1.0
04-24 12:54:54.537 1176 1176 D HuaweiWifiWatchdogStateMachine: speed: rxpkt:1, rxSpd:11B/s, txpkt:1, txSpd:16
04-24 12:54:56.541 1176 1176 I TrafficMonitor: update:rxPkts:0,txPkts:0,rxBytes:0,txBytes:0
04-24 12:54:56.542 1176 1176 I TrafficMonitor: start expired. level:-1
04-24 12:54:56.542 1176 1176 I TrafficMonitor: gettimer:interval=2000
04-24 12:54:56.652 1176 1338 D HwWifiStatStore: handleMessage : 200
04-24 12:54:56.801 777 777 E : [E/capacity_limit_control] not demo version, not set power control prop!
04-24 12:54:56.819 1176 1288 D HwBatteryService: onUEvent fcpStatus = 0,scpStatus =0,ovpStatus=0
04-24 12:54:56.822 1176 1288 I UsbDeviceManager: water_intrused state= 0
04-24 12:54:56.837 1176 1176 D HwInnerWifiManagerImpl: SupplicantState = COMPLETED
04-24 12:54:56.838 1176 1176 D HwInnerWifiManagerImpl: isPhoneAP = false
04-24 12:54:56.839 1463 1463 D KeyguardUpdateMonitor: received broadcast android.intent.action.BATTERY_CHANGED
04-24 12:54:56.839 1176 1176 D HwInnerWifiManagerImpl: SupplicantState = COMPLETED
04-24 12:54:56.839 1463 1463 W KeyguardUpdateMonitor: ACTION_BATTERY_CHANGED AMP: 500000; Volt: 5000000
04-24 12:54:56.839 1176 1176 D HwInnerWifiManagerImpl: isPhoneAP = false
04-24 12:54:56.840 1463 1463 V KeyguardUpdateMonitor: RefreshBatteryInfo isBatteryLow: 76
04-24 12:54:56.840 1176 1176 D WifiStateMachine: mBcastReceiver: PluggedType = 2 mIsScanCtrlPluggedin = true
04-24 12:54:56.840 1463 1463 W KeyguardUpdateMonitor: ChargingSpeed Wattage: 2500000 ST: 5000000 --> 7500000
04-24 12:54:56.840 1463 1463 I KgBattery: BatteryInfo updated: 2lPc0
04-24 12:54:56.840 1463 1463 W AppHandler: sendMessage with obj100
04-24 12:54:56.840 1463 1463 D KeyguardUpdateMonitor: handleBatteryUpdate
04-24 12:54:56.840 1176 1176 D HwWifiService: mPluggedType =2
04-24 12:54:56.840 1463 1463 W HwLockScreenPanel: Handle message: 100
04-24 12:54:56.840 1463 1463 W HwKeyguardBottomArea: updateBatteryInfo : false true
04-24 12:54:56.841 1463 1463 W KgBattery: getCharge info with type: text
04-24 12:54:56.842 1729 1729 I MsgReceiver: intent action: android.intent.action.BATTERY_CHANGED
04-24 12:54:56.843 1176 1176 D WifiService: onReceive, action:android.intent.action.BATTERY_CHANGED
04-24 12:54:56.844 1176 1176 D WifiService: ACTION_BATTERY_CHANGED pluggedType: 2
04-24 12:54:56.846 5515 5671 E CloudAlbum[8.1.2.309]: [ReceiverManager] not log on ignore
04-24 12:54:56.854 1463 1463 W HwLockScreenPanel: refreshBatteryInfo: null
04-24 12:54:57.244 742 742 E wificond: Failed to get NL80211_RATE_INFO_NOISE
04-24 12:54:57.244 742 742 E wificond: Failed to get NL80211_RATE_INFO_SNR
04-24 12:54:57.244 742 742 E wificond: Failed to get NL80211_STA_INFO_CNAHLOAD
04-24 12:54:57.245 1176 1337 E WificondControl: Noise: 0, Snr: -1, Chload: -1
04-24 12:54:57.246 1176 1339 D HwWifiCHRStateManager: handleMessage : 1001
04-24 12:54:57.246 1176 1339 D HwWifiCHRStateManager: handleUpdateChannel:2412
04-24 12:54:57.247 1176 1339 V HwWifiServiceFactory: get AllImpl object = com.android.server.wifi.HwWifiServiceFactoryImpl@2205edc
04-24 12:54:57.250 742 742 E wificond: Failed to get NL80211_RATE_INFO_NOISE
04-24 12:54:57.250 742 742 E wificond: Failed to get NL80211_RATE_INFO_SNR
04-24 12:54:57.250 742 742 E wificond: Failed to get NL80211_STA_INFO_CNAHLOAD
04-24 12:54:57.252 1176 1406 D HuaweiWifiWatchdogStateMachine: LM mrssi=-28
04-24 12:54:57.252 1176 1176 D WiFi_PRO: MSG_RETURN_AP_CURRY_RSSI rssi = -28
04-24 12:54:57.253 1176 1406 D HuaweiWifiWatchdogStateMachine: a4:fa:**:**:eb:b0 current loss[-45]=0%, volume=2
04-24 12:54:57.253 1176 1176 I QosMonitor: queryRtt: rtt_type = 3
04-24 12:54:57.253 1176 1406 D HuaweiWifiWatchdogStateMachine: a4:fa:**:**:eb:b0 history loss[-45]=0%, volume=13825618
04-24 12:54:57.253 1176 1406 I HuaweiWifiWatchdogStateMachine: spd good count:0, add sc:0.0, rate:1.0
04-24 12:54:57.253 1176 1176 I HwQoEJNI: send_cmd_kernel. begin
04-24 12:54:57.253 1176 1406 I HuaweiWifiWatchdogStateMachine: current mHighDataFlowRate = 1.0
04-24 12:54:57.254 1176 1406 I HuaweiWifiWatchdogStateMachine: POta txb txg rxg:0, 148, 0. Lr =0% Totpkt=148
04-24 12:54:57.254 1176 1176 I HwQoEJNI: send_cmd_kernel. end
04-24 12:54:57.254 1176 1176 I QosMonitor: postEventFromNative: msg=100,arg1=4,arg2=10
04-24 12:54:57.254 1176 1176 I HwQoEJNI: send_cmd_kernel. begin
04-24 12:54:57.254 1176 1176 I HwQoEJNI: send_cmd_kernel. end
04-24 12:54:57.255 1176 1176 I QosMonitor: postEventFromNative: msg=100,arg1=0,arg2=10
04-24 12:54:57.255 1176 1176 D HuaweiWifiWatchdogStateMachine: setSampleRtt: unvalid rtt
04-24 12:54:57.255 1176 1176 I MQoS : rtt=160,tcp_tx_pkts=480944,tcp_rx_pkts=921410
04-24 12:54:57.256 1176 1406 D HuaweiWifiWatchdogStateMachine: dumpTcpResult: len=10,rtt=160,rttPkt=1,rttWn=103,cgt=0,cgtWn=0
04-24 12:54:57.257 1176 1406 I HuaweiWifiWatchdogStateMachine: PTcp RTT:0, rtt pkt=0, tcp_rx=0, tcp_tx=0, tcp_reTran=0, rtRate=0
04-24 12:54:57.257 1176 1406 D HuaweiWifiWatchdogStateMachine: mRssiBadCount =0, RSSI not bad.
04-24 12:54:57.257 1176 1406 D HuaweiWifiWatchdogStateMachine: detectNetworkAvailable:hw.wifipro.dns_fail_count = 131
04-24 12:54:57.257 1176 1406 D HuaweiWifiWatchdogStateMachine: bqeLevel = 2 rtt=0,rtt_pkts=0 speed=37 rssi=-28
04-24 12:54:57.257 1176 1406 D HuaweiWifiWatchdogStateMachine: Enter updateQoeLevel level = 2
04-24 12:54:57.257 1176 1406 D HuaweiWifiWatchdogStateMachine: updateQoeLevel current level equal to mLastDetectLevel, return
04-24 12:54:57.257 1176 1406 D HuaweiWifiWatchdogStateMachine: did not have any network action
04-24 12:54:57.266 1176 3515 I MQoS : QOS_level:0(0),wifi-link;SIM error;use level-0
04-24 12:54:58.547 1176 1176 I TrafficMonitor: update:rxPkts:0,txPkts:0,rxBytes:0,txBytes:0
04-24 12:54:58.548 1176 1176 I TrafficMonitor: start expired. level:-1
04-24 12:54:58.548 1176 1176 I TrafficMonitor: gettimer:interval=2000
04-24 12:54:59.061 1176 1392 D HwArpVerifier: performPollAndLog:
04-24 12:54:59.065 1176 1392 D hw_netstat: total/0/0
04-24 12:54:59.538 1176 1176 I TrafficMonitor: expired arrive. level:-1
04-24 12:54:59.539 1176 1176 I TrafficMonitor: during_ms:2006,period_ms:2000
04-24 12:54:59.539 1176 1176 I TrafficMonitor: count:884,rx_sum:0,tx_sum:0,rxBytes:0,during_ms:2006,rx_speed:0.0,tx_speed:0.0,rto:0.0
04-24 12:54:59.539 1176 1176 D HuaweiWifiWatchdogStateMachine: speed: rxpkt:0, rxSpd:0B/s, txpkt:0, txSpd:0
04-24 12:54:59.659 1176 1338 D HwWifiStatStore: handleMessage : 200
04-24 12:55:00.552 1176 1176 I TrafficMonitor: update:rxPkts:0,txPkts:0,rxBytes:0,txBytes:0
04-24 12:55:00.553 1176 1176 I TrafficMonitor: start expired. level:-1
04-24 12:55:00.553 1176 1176 I TrafficMonitor: gettimer:interval=2000
04-24 12:55:01.821 777 777 E : [E/capacity_limit_control] not demo version, not set power control prop!
04-24 12:55:02.558 1176 1176 I TrafficMonitor: update:rxPkts:0,txPkts:0,rxBytes:0,txBytes:0
04-24 12:55:02.559 1176 1176 I TrafficMonitor: start expired. level:-1
04-24 12:55:02.559 1176 1176 I TrafficMonitor: gettimer:interval=2000
04-24 12:55:02.663 1176 1338 D HwWifiStatStore: handleMessage : 200
04-24 12:55:04.018 1176 1392 D HwArpVerifier: check_wifi_state_mode = 0 mCheckStateToken=25 token25
04-24 12:55:04.021 1176 1392 D wifiserviceimpl: netmask =16777215
04-24 12:55:04.162 1176 1392 D HWMultiGW: setGateWay 192.168.1.1
04-24 12:55:04.178 1106 1119 I OAM : [check_file_size:505]/data/log/wifi/wifi_log_1 log file beyond size=10240Byte, creat new file
04-24 12:55:04.179 1106 1119 I OAM : [rename_old_file:210]rename_old_file
04-24 12:55:04.179 1106 1119 I OAM :
04-24 12:55:04.565 1176 1176 I TrafficMonitor: update:rxPkts:0,txPkts:0,rxBytes:0,txBytes:0
04-24 12:55:04.565 1176 1176 I TrafficMonitor: start expired. level:-1
04-24 12:55:04.565 1176 1176 I TrafficMonitor: gettimer:interval=2000
04-24 12:55:05.164 1176 1392 D HwArpVerifier: getGateWayARPResponses: arp rtt = 15
04-24 12:55:05.165 1176 1392 E HwCHRWifiRSSIGroupSummery: updatArpSummery mRSSI:-28 HwCHRWifiRSSIGroup [rssi_index=4, rtt_tcp_packets=0, rtt_tcp_duration=0, rtt_lan_duration=8115, rtt_lan_failures=0, rtt_lan_succ=398, rtt_lan_max=939, rtt_lan_min=0,same_area_frequency=0,adjacent_area_frequency=0]
04-24 12:55:05.243 1176 1392 D HwArpVerifier: There are 1 mac address for gateway
04-24 12:55:05.243 1176 1392 D HwArpVerifier: from HEART_CHECK transmit to state:HEART_CHECK
04-24 12:55:05.244 1176 1392 D HwArpVerifier: msg what=124 arg1(token)=25 arg2(mode)=0 delay=30000
04-24 12:55:05.244 1176 1392 D HwArpVerifier: performPollAndLog:
04-24 12:55:05.248 1176 1392 D hw_netstat: total/0/0
04-24 12:55:05.251 742 742 E wificond: Failed to get NL80211_RATE_INFO_NOISE
04-24 12:55:05.252 742 742 E wificond: Failed to get NL80211_RATE_INFO_SNR
04-24 12:55:05.252 742 742 E wificond: Failed to get NL80211_STA_INFO_CNAHLOAD
04-24 12:55:05.253 1176 1337 E WificondControl: Noise: 0, Snr: -1, Chload: -1
04-24 12:55:05.254 1176 1339 D HwWifiCHRStateManager: handleMessage : 1001
04-24 12:55:05.254 1176 1339 D HwWifiCHRStateManager: handleUpdateChannel:2412
04-24 12:55:05.254 1176 1339 V HwWifiServiceFactory: get AllImpl object = com.android.server.wifi.HwWifiServiceFactoryImpl@2205edc
04-24 12:55:05.259 742 742 E wificond: Failed to get NL80211_RATE_INFO_NOISE
04-24 12:55:05.259 742 742 E wificond: Failed to get NL80211_RATE_INFO_SNR
04-24 12:55:05.259 742 742 E wificond: Failed to get NL80211_STA_INFO_CNAHLOAD
04-24 12:55:05.261 1176 1406 D HuaweiWifiWatchdogStateMachine: LM mrssi=-29
04-24 12:55:05.261 1176 1176 D WiFi_PRO: MSG_RETURN_AP_CURRY_RSSI rssi = -29
04-24 12:55:05.262 1176 1406 D HuaweiWifiWatchdogStateMachine: a4:fa:**:**:eb:b0 current loss[-45]=0%, volume=1
04-24 12:55:05.262 1176 1406 D HuaweiWifiWatchdogStateMachine: a4:fa:**:**:eb:b0 history loss[-45]=0%, volume=13825619
04-24 12:55:05.262 1176 1176 I QosMonitor: queryRtt: rtt_type = 3
04-24 12:55:05.262 1176 1406 I HuaweiWifiWatchdogStateMachine: spd good count:0, add sc:0.0, rate:1.0
04-24 12:55:05.262 1176 1176 I HwQoEJNI: send_cmd_kernel. begin
04-24 12:55:05.262 1176 1176 I HwQoEJNI: send_cmd_kernel. end
04-24 12:55:05.263 1176 1176 I QosMonitor: postEventFromNative: msg=100,arg1=4,arg2=10
04-24 12:55:05.263 1176 1176 D HuaweiWifiWatchdogStateMachine: setSampleRtt: unvalid rtt
04-24 12:55:05.263 1176 1406 D HuaweiWifiWatchdogStateMachine: high data flow: protection_counter = 0, not_detect_counter = 386
04-24 12:55:05.263 1176 1406 D HuaweiWifiWatchdogStateMachine: high data flow scenario: 0 --> 0 rx bytes =0KB
04-24 12:55:05.263 1176 1406 I HuaweiWifiWatchdogStateMachine: current mHighDataFlowRate = 1.0
04-24 12:55:05.263 1176 1406 I HuaweiWifiWatchdogStateMachine: POta txb txg rxg:0, 149, 0. Lr =0% Totpkt=149
04-24 12:55:05.263 1176 1176 I HwQoEJNI: send_cmd_kernel. begin
04-24 12:55:05.263 1176 1176 I HwQoEJNI: send_cmd_kernel. end
04-24 12:55:05.263 1176 1176 I QosMonitor: postEventFromNative: msg=100,arg1=0,arg2=10
04-24 12:55:05.264 1176 1176 I MQoS : rtt=160,tcp_tx_pkts=480944,tcp_rx_pkts=921410
04-24 12:55:05.265 1176 1406 D HuaweiWifiWatchdogStateMachine: dumpTcpResult: len=10,rtt=160,rttPkt=1,rttWn=111,cgt=0,cgtWn=0
04-24 12:55:05.266 1176 1406 I HuaweiWifiWatchdogStateMachine: PTcp RTT:0, rtt pkt=0, tcp_rx=0, tcp_tx=0, tcp_reTran=0, rtRate=0
04-24 12:55:05.266 1176 1406 D HuaweiWifiWatchdogStateMachine: mRssiBadCount =0, RSSI not bad.
04-24 12:55:05.266 1176 1406 D HuaweiWifiWatchdogStateMachine: detectNetworkAvailable:hw.wifipro.dns_fail_count = 131
04-24 12:55:05.266 1176 1406 D HuaweiWifiWatchdogStateMachine: bqeLevel = 2 rtt=0,rtt_pkts=0 speed=37 rssi=-29
04-24 12:55:05.266 1176 1406 D HuaweiWifiWatchdogStateMachine: Enter updateQoeLevel level = 2
04-24 12:55:05.266 1176 1406 D HuaweiWifiWatchdogStateMachine: updateQoeLevel current level equal to mLastDetectLevel, return
04-24 12:55:05.266 1176 1406 D HuaweiWifiWatchdogStateMachine: did not have any network action
04-24 12:55:05.267 1176 3515 I MQoS : QOS_level:0(0),wifi-link;SIM error;use level-0
04-24 12:55:05.267 1176 3515 I MQoS : skip-low-Level:0(0),wifi-link;SIM error;use level-0
04-24 12:55:05.479 1176 1392 D HwArpVerifier: getIpRouteTable
04-24 12:55:05.553 1176 1176 I TrafficMonitor: expired arrive. level:-1
04-24 12:55:05.553 1176 1176 I TrafficMonitor: during_ms:2006,period_ms:2000
04-24 12:55:05.553 1176 1176 I TrafficMonitor: count:887,rx_sum:0,tx_sum:0,rxBytes:0,during_ms:2006,rx_speed:0.0,tx_speed:0.0,rto:0.0
04-24 12:55:05.553 1176 1176 D HuaweiWifiWatchdogStateMachine: speed: rxpkt:0, rxSpd:0B/s, txpkt:0, txSpd:0
04-24 12:55:05.559 1176 1392 D HwArpVerifier: Notify wifi default route is ok
04-24 12:55:05.670 1176 1338 D HwWifiStatStore: handleMessage : 200
04-24 12:55:06.570 1176 1176 I TrafficMonitor: update:rxPkts:0,txPkts:0,rxBytes:0,txBytes:0
04-24 12:55:06.570 1176 1176 I TrafficMonitor: start expired. level:-1
04-24 12:55:06.570 1176 1176 I TrafficMonitor: gettimer:interval=2000
04-24 12:55:06.831 777 777 E : [E/capacity_limit_control] not demo version, not set power control prop!
04-24 12:55:06.924 487 620 W SocketListener: sending broadcast to Pid = 1176, Uid = 1000
04-24 12:55:06.930 1176 1332 D NetdConnector: RCV <- {613 IfaceClass idle 1 353695078943790}
04-24 12:55:06.934 1176 1332 D NetdConnector: RCV <- {613 IfaceClass idle 1 353695078943790}
04-24 12:55:06.939 1176 1202 D NetdConnector: RCV unsolicited event from native daemon, event = 613
04-24 12:55:07.789 1729 2056 D SleepClean: run sleepClean start
04-24 12:55:08.574 1176 1176 I TrafficMonitor: update:rxPkts:0,txPkts:0,rxBytes:0,txBytes:0
04-24 12:55:08.574 1176 1176 I TrafficMonitor: start expired. level:-1
04-24 12:55:08.575 1176 1176 I TrafficMonitor: gettimer:interval=2000
04-24 12:55:08.674 1176 1338 D HwWifiStatStore: handleMessage : 200
04-24 12:55:10.256 1176 1392 D HwArpVerifier: performPollAndLog:
04-24 12:55:10.260 1176 1392 D hw_netstat: total/0/0
04-24 12:55:10.580 1176 1176 I TrafficMonitor: update:rxPkts:0,txPkts:0,rxBytes:0,txBytes:0
04-24 12:55:10.580 1176 1176 I TrafficMonitor: start expired. level:-1
04-24 12:55:10.581 1176 1176 I TrafficMonitor: gettimer:interval=2000
04-24 12:55:11.572 1176 1176 I TrafficMonitor: expired arrive. level:-1
04-24 12:55:11.572 1176 1176 I TrafficMonitor: during_ms:2007,period_ms:2000
04-24 12:55:11.572 1176 1176 I TrafficMonitor: count:890,rx_sum:0,tx_sum:0,rxBytes:0,during_ms:2007,rx_speed:0.0,tx_speed:0.0,rto:0.0
04-24 12:55:11.572 1176 1176 D HuaweiWifiWatchdogStateMachine: speed: rxpkt:0, rxSpd:0B/s, txpkt:0, txSpd:0
04-24 12:55:11.681 1176 1338 D HwWifiStatStore: handleMessage : 200
04-24 12:55:11.841 777 777 E : [E/capacity_limit_control] not demo version, not set power control prop!
04-24 12:55:12.585 1176 1176 I TrafficMonitor: update:rxPkts:0,txPkts:0,rxBytes:0,txBytes:0
04-24 12:55:12.586 1176 1176 I TrafficMonitor: start expired. level:-1
04-24 12:55:12.586 1176 1176 I TrafficMonitor: gettimer:interval=2000
04-24 12:55:13.253 742 742 E wificond: Failed to get NL80211_RATE_INFO_NOISE
04-24 12:55:13.253 742 742 E wificond: Failed to get NL80211_RATE_INFO_SNR
04-24 12:55:13.253 742 742 E wificond: Failed to get NL80211_STA_INFO_CNAHLOAD
04-24 12:55:13.255 1176 1337 E WificondControl: Noise: 0, Snr: -1, Chload: -1
04-24 12:55:13.256 1176 1339 D HwWifiCHRStateManager: handleMessage : 1001
04-24 12:55:13.256 1176 1339 D HwWifiCHRStateManager: handleUpdateChannel:2412
04-24 12:55:13.256 1176 1339 V HwWifiServiceFactory: get AllImpl object = com.android.server.wifi.HwWifiServiceFactoryImpl@2205edc
04-24 12:55:13.261 742 742 E wificond: Failed to get NL80211_RATE_INFO_NOISE
04-24 12:55:13.262 742 742 E wificond: Failed to get NL80211_RATE_INFO_SNR
04-24 12:55:13.262 742 742 E wificond: Failed to get NL80211_STA_INFO_CNAHLOAD
04-24 12:55:13.264 1176 1406 D HuaweiWifiWatchdogStateMachine: LM mrssi=-29
04-24 12:55:13.265 1176 1406 I HuaweiWifiWatchdogStateMachine: spd good count:0, add sc:0.0, rate:1.0
04-24 12:55:13.265 1176 1406 I HuaweiWifiWatchdogStateMachine: current mHighDataFlowRate = 1.0
04-24 12:55:13.265 1176 1406 I HuaweiWifiWatchdogStateMachine: POta txb txg rxg:0, 149, 0. Lr =0% Totpkt=149
04-24 12:55:13.266 1176 1176 D WiFi_PRO: MSG_RETURN_AP_CURRY_RSSI rssi = -29
04-24 12:55:13.267 1176 1176 I QosMonitor: queryRtt: rtt_type = 3
04-24 12:55:13.267 1176 1176 I HwQoEJNI: send_cmd_kernel. begin
04-24 12:55:13.267 1176 1176 I HwQoEJNI: send_cmd_kernel. end
04-24 12:55:13.267 1176 1176 I QosMonitor: postEventFromNative: msg=100,arg1=4,arg2=10
04-24 12:55:13.268 1176 1176 I HwQoEJNI: send_cmd_kernel. begin
04-24 12:55:13.268 1176 1176 I HwQoEJNI: send_cmd_kernel. end
04-24 12:55:13.268 1176 1176 I QosMonitor: postEventFromNative: msg=100,arg1=0,arg2=10
04-24 12:55:13.268 1176 1176 D HuaweiWifiWatchdogStateMachine: setSampleRtt: unvalid rtt
04-24 12:55:13.269 1176 1176 I MQoS : rtt=160,tcp_tx_pkts=480944,tcp_rx_pkts=921410
04-24 12:55:13.270 1176 1406 D HuaweiWifiWatchdogStateMachine: dumpTcpResult: len=10,rtt=160,rttPkt=1,rttWn=119,cgt=0,cgtWn=0
04-24 12:55:13.271 1176 1406 I HuaweiWifiWatchdogStateMachine: PTcp RTT:0, rtt pkt=0, tcp_rx=0, tcp_tx=0, tcp_reTran=0, rtRate=0
04-24 12:55:13.271 1176 1406 D HuaweiWifiWatchdogStateMachine: mRssiBadCount =0, RSSI not bad.
04-24 12:55:13.271 1176 1406 D HuaweiWifiWatchdogStateMachine: detectNetworkAvailable:hw.wifipro.dns_fail_count = 131
04-24 12:55:13.271 1176 1406 D HuaweiWifiWatchdogStateMachine: bqeLevel = 2 rtt=0,rtt_pkts=0 speed=37 rssi=-29
04-24 12:55:13.272 1176 1406 D HuaweiWifiWatchdogStateMachine: Enter updateQoeLevel level = 2
04-24 12:55:13.272 1176 1406 D HuaweiWifiWatchdogStateMachine: updateQoeLevel current level equal to mLastDetectLevel, return
04-24 12:55:13.272 1176 1406 D HuaweiWifiWatchdogStateMachine: did not have any network action
04-24 12:55:13.281 1176 3515 I MQoS : QOS_level:0(0),wifi-link;SIM error;use level-0
04-24 12:55:14.591 1176 1176 I TrafficMonitor: update:rxPkts:0,txPkts:0,rxBytes:0,txBytes:0
04-24 12:55:14.591 1176 1176 I TrafficMonitor: start expired. level:-1
04-24 12:55:14.591 1176 1176 I TrafficMonitor: gettimer:interval=5000
04-24 12:55:14.688 1176 1338 D HwWifiStatStore: handleMessage : 200
04-24 12:55:15.262 1176 1392 D HwArpVerifier: performPollAndLog:
04-24 12:55:15.266 1176 1392 D hw_netstat: total/0/0
04-24 12:55:16.851 777 777 E : [E/capacity_limit_control] not demo version, not set power control prop!
04-24 12:55:17.590 1176 1176 I TrafficMonitor: expired arrive. level:-1
04-24 12:55:17.591 1176 1176 I TrafficMonitor: during_ms:2005,period_ms:2000
04-24 12:55:17.591 1176 1176 I TrafficMonitor: count:892,rx_sum:0,tx_sum:0,rxBytes:0,during_ms:2005,rx_speed:0.0,tx_speed:0.0,rto:0.0
04-24 12:55:17.591 1176 1176 D HuaweiWifiWatchdogStateMachine: speed: rxpkt:0, rxSpd:0B/s, txpkt:0, txSpd:0
04-24 12:55:17.695 1176 1338 D HwWifiStatStore: handleMessage : 200
04-24 12:55:19.106 1729 2560 I LogPowerAdapter: do thermal temperature:27action:app_ctrl value:0 to PG
04-24 12:55:19.107 1729 2560 D HwPolicyDispatcher: send ctrl to PG,0
04-24 12:55:19.114 1729 2056 I TClean : TClean trigger policy = 0
04-24 12:55:19.115 1729 2056 I HardwareAdapter: file:/sys/class/hw_power/charger/direct_charger/adaptor_detect, fileExists:false, fileCanRead:false
04-24 12:55:19.115 1729 2056 I HardwareAdapter: isOnlyChargingType adaptor_detect=null
04-24 12:55:19.117 1729 2056 I HardwareAdapter: isOnlyChargingType chargerType=0
04-24 12:55:19.117 1729 2056 I ash : not only power charing.
04-24 12:55:19.495 1176 1589 W Watchdog: hungtask: writing kick
04-24 12:55:19.499 1176 1202 I EventHub: EventHub monitor: no key events in the past 2653s, no motion events in the past 2654s
04-24 12:55:19.597 1176 1176 I TrafficMonitor: update:rxPkts:0,txPkts:0,rxBytes:0,txBytes:0
04-24 12:55:19.597 1176 1176 I TrafficMonitor: start expired. level:-1
04-24 12:55:19.598 1176 1176 I TrafficMonitor: gettimer:interval=5000
04-24 12:55:20.271 1176 1392 D HwArpVerifier: performPollAndLog:
04-24 12:55:20.276 1176 1392 D hw_netstat: total/0/0
04-24 12:55:20.702 1176 1338 D HwWifiStatStore: handleMessage : 200
04-24 12:55:21.260 742 742 E wificond: Failed to get NL80211_RATE_INFO_NOISE
04-24 12:55:21.260 742 742 E wificond: Failed to get NL80211_RATE_INFO_SNR
04-24 12:55:21.260 742 742 E wificond: Failed to get NL80211_STA_INFO_CNAHLOAD
04-24 12:55:21.261 1176 1337 E WificondControl: Noise: 0, Snr: -1, Chload: -1
04-24 12:55:21.262 1176 1339 D HwWifiCHRStateManager: handleMessage : 1001
04-24 12:55:21.262 1176 1339 D HwWifiCHRStateManager: handleUpdateChannel:2412
04-24 12:55:21.263 1176 1339 V HwWifiServiceFactory: get AllImpl object = com.android.server.wifi.HwWifiServiceFactoryImpl@2205edc
04-24 12:55:21.266 742 742 E wificond: Failed to get NL80211_RATE_INFO_NOISE
04-24 12:55:21.267 742 742 E wificond: Failed to get NL80211_RATE_INFO_SNR
04-24 12:55:21.267 742 742 E wificond: Failed to get NL80211_STA_INFO_CNAHLOAD
04-24 12:55:21.269 1176 1406 D HuaweiWifiWatchdogStateMachine: LM mrssi=-29
04-24 12:55:21.269 1176 1176 D WiFi_PRO: MSG_RETURN_AP_CURRY_RSSI rssi = -29
04-24 12:55:21.270 1176 1176 I QosMonitor: queryRtt: rtt_type = 3
04-24 12:55:21.270 1176 1406 I HuaweiWifiWatchdogStateMachine: spd good count:0, add sc:0.0, rate:1.0
04-24 12:55:21.270 1176 1406 I HuaweiWifiWatchdogStateMachine: current mHighDataFlowRate = 1.0
04-24 12:55:21.270 1176 1406 I HuaweiWifiWatchdogStateMachine: POta txb txg rxg:0, 149, 0. Lr =0% Totpkt=149
04-24 12:55:21.270 1176 1176 I HwQoEJNI: send_cmd_kernel. begin
04-24 12:55:21.271 1176 1176 I HwQoEJNI: send_cmd_kernel. end
04-24 12:55:21.271 1176 1176 I QosMonitor: postEventFromNative: msg=100,arg1=4,arg2=10
04-24 12:55:21.272 1176 1176 I HwQoEJNI: send_cmd_kernel. begin
04-24 12:55:21.272 1176 1176 I HwQoEJNI: send_cmd_kernel. end
04-24 12:55:21.272 1176 1176 I QosMonitor: postEventFromNative: msg=100,arg1=0,arg2=10
04-24 12:55:21.272 1176 1176 D HuaweiWifiWatchdogStateMachine: setSampleRtt: unvalid rtt
04-24 12:55:21.273 1176 1176 I MQoS : rtt=160,tcp_tx_pkts=480944,tcp_rx_pkts=921410
04-24 12:55:21.273 1176 1406 D HuaweiWifiWatchdogStateMachine: dumpTcpResult: len=10,rtt=160,rttPkt=1,rttWn=127,cgt=0,cgtWn=0
04-24 12:55:21.273 1176 1406 I HuaweiWifiWatchdogStateMachine: PTcp RTT:0, rtt pkt=0, tcp_rx=0, tcp_tx=0, tcp_reTran=0, rtRate=0
04-24 12:55:21.274 1176 1406 D HuaweiWifiWatchdogStateMachine: mRssiBadCount =0, RSSI not bad.
04-24 12:55:21.274 1176 1406 D HuaweiWifiWatchdogStateMachine: detectNetworkAvailable:hw.wifipro.dns_fail_count = 131
04-24 12:55:21.274 1176 1406 D HuaweiWifiWatchdogStateMachine: bqeLevel = 2 rtt=0,rtt_pkts=0 speed=37 rssi=-29
04-24 12:55:21.274 1176 1406 D HuaweiWifiWatchdogStateMachine: Enter updateQoeLevel level = 2
04-24 12:55:21.274 1176 1406 D HuaweiWifiWatchdogStateMachine: updateQoeLevel current level equal to mLastDetectLevel, return
04-24 12:55:21.274 1176 1406 D HuaweiWifiWatchdogStateMachine: did not have any network action
04-24 12:55:21.284 1176 3515 I MQoS : QOS_level:0(0),wifi-link;SIM error;use level-0
04-24 12:55:21.861 777 777 E : [E/capacity_limit_control] not demo version, not set power control prop!
04-24 12:55:23.709 1176 1338 D HwWifiStatStore: handleMessage : 200
04-24 12:55:24.603 1176 1176 I TrafficMonitor: expired arrive. level:-1
04-24 12:55:24.606 1176 1176 I TrafficMonitor: update:rxPkts:0,txPkts:0,rxBytes:0,txBytes:0
04-24 12:55:24.606 1176 1176 I TrafficMonitor: start expired. level:-1
04-24 12:55:24.607 1176 1176 I TrafficMonitor: gettimer:interval=5000
04-24 12:55:24.607 1176 1176 I TrafficMonitor: during_ms:5009,period_ms:2000
04-24 12:55:24.607 1176 1176 I TrafficMonitor: count:894,rx_sum:0,tx_sum:0,rxBytes:0,during_ms:5009,rx_speed:0.0,tx_speed:0.0,rto:0.0
04-24 12:55:24.607 1176 1176 D HuaweiWifiWatchdogStateMachine: speed: rxpkt:0, rxSpd:0B/s, txpkt:0, txSpd:0
04-24 12:55:25.282 1176 1392 D HwArpVerifier: performPollAndLog:
04-24 12:55:25.286 1176 1392 D hw_netstat: total/0/0
04-24 12:55:26.715 1176 1338 D HwWifiStatStore: handleMessage : 200
04-24 12:55:26.871 777 777 E : [E/capacity_limit_control] not demo version, not set power control prop!
04-24 12:55:26.905 1176 1288 D HwBatteryService: onUEvent fcpStatus = 0,scpStatus =0,ovpStatus=0
04-24 12:55:26.907 1176 1288 I UsbDeviceManager: water_intrused state= 0
04-24 12:55:26.922 1176 1176 D HwInnerWifiManagerImpl: SupplicantState = COMPLETED
04-24 12:55:26.922 1176 1176 D HwInnerWifiManagerImpl: isPhoneAP = false
04-24 12:55:26.923 1463 1463 D KeyguardUpdateMonitor: received broadcast android.intent.action.BATTERY_CHANGED
04-24 12:55:26.923 1463 1463 W KeyguardUpdateMonitor: ACTION_BATTERY_CHANGED AMP: 500000; Volt: 5000000
04-24 12:55:26.924 1176 1176 D HwInnerWifiManagerImpl: SupplicantState = COMPLETED
04-24 12:55:26.924 1176 1176 D HwInnerWifiManagerImpl: isPhoneAP = false
04-24 12:55:26.924 1463 1463 V KeyguardUpdateMonitor: RefreshBatteryInfo isBatteryLow: 76
04-24 12:55:26.927 1729 1729 I MsgReceiver: intent action: android.intent.action.BATTERY_CHANGED
04-24 12:55:26.930 1176 1176 D WifiStateMachine: mBcastReceiver: PluggedType = 2 mIsScanCtrlPluggedin = true
04-24 12:55:26.931 1176 1176 D HwWifiService: mPluggedType =2
04-24 12:55:26.932 5515 5671 E CloudAlbum[8.1.2.309]: [ReceiverManager] not log on ignore
04-24 12:55:26.934 1463 1463 W KeyguardUpdateMonitor: ChargingSpeed Wattage: 2500000 ST: 5000000 --> 7500000
04-24 12:55:26.934 1463 1463 I KgBattery: BatteryInfo updated: 2lPc0
04-24 12:55:26.934 1176 1176 D WifiService: onReceive, action:android.intent.action.BATTERY_CHANGED
04-24 12:55:26.934 1463 1463 W AppHandler: sendMessage with obj100
04-24 12:55:26.934 1176 1176 D WifiService: ACTION_BATTERY_CHANGED pluggedType: 2
04-24 12:55:26.934 1463 1463 D KeyguardUpdateMonitor: handleBatteryUpdate
04-24 12:55:26.941 1463 1463 W HwLockScreenPanel: Handle message: 100
04-24 12:55:26.942 1463 1463 W HwKeyguardBottomArea: updateBatteryInfo : false true
04-24 12:55:26.942 1463 1463 W KgBattery: getCharge info with type: text
04-24 12:55:26.946 1463 1463 W HwLockScreenPanel: refreshBatteryInfo: null
04-24 12:55:29.262 742 742 E wificond: Failed to get NL80211_RATE_INFO_NOISE
04-24 12:55:29.262 742 742 E wificond: Failed to get NL80211_RATE_INFO_SNR
04-24 12:55:29.262 742 742 E wificond: Failed to get NL80211_STA_INFO_CNAHLOAD
04-24 12:55:29.263 1176 1337 E WificondControl: Noise: 0, Snr: -1, Chload: -1
04-24 12:55:29.263 1176 1339 D HwWifiCHRStateManager: handleMessage : 1001
04-24 12:55:29.263 1176 1339 D HwWifiCHRStateManager: handleUpdateChannel:2412
04-24 12:55:29.263 1176 1339 V HwWifiServiceFactory: get AllImpl object = com.android.server.wifi.HwWifiServiceFactoryImpl@2205edc
04-24 12:55:29.264 742 742 E wificond: Failed to get NL80211_RATE_INFO_NOISE
04-24 12:55:29.264 742 742 E wificond: Failed to get NL80211_RATE_INFO_SNR
04-24 12:55:29.264 742 742 E wificond: Failed to get NL80211_STA_INFO_CNAHLOAD
04-24 12:55:29.265 1176 1406 D HuaweiWifiWatchdogStateMachine: LM mrssi=-30
04-24 12:55:29.265 1176 1176 D WiFi_PRO: MSG_RETURN_AP_CURRY_RSSI rssi = -30
04-24 12:55:29.266 1176 1176 I QosMonitor: queryRtt: rtt_type = 3
04-24 12:55:29.266 1176 1406 I HuaweiWifiWatchdogStateMachine: spd good count:0, add sc:0.0, rate:1.0
04-24 12:55:29.266 1176 1406 I HuaweiWifiWatchdogStateMachine: current mHighDataFlowRate = 1.0
04-24 12:55:29.266 1176 1406 I HuaweiWifiWatchdogStateMachine: POta txb txg rxg:0, 149, 0. Lr =0% Totpkt=149
04-24 12:55:29.266 1176 1176 I HwQoEJNI: send_cmd_kernel. begin
04-24 12:55:29.266 1176 1176 I HwQoEJNI: send_cmd_kernel. end
04-24 12:55:29.266 1176 1176 I QosMonitor: postEventFromNative: msg=100,arg1=4,arg2=10
04-24 12:55:29.266 1176 1176 I HwQoEJNI: send_cmd_kernel. begin
04-24 12:55:29.266 1176 1176 I HwQoEJNI: send_cmd_kernel. end
04-24 12:55:29.266 1176 1176 I QosMonitor: postEventFromNative: msg=100,arg1=0,arg2=10
04-24 12:55:29.266 1176 1176 D HuaweiWifiWatchdogStateMachine: setSampleRtt: unvalid rtt
04-24 12:55:29.266 1176 1176 I MQoS : rtt=160,tcp_tx_pkts=480944,tcp_rx_pkts=921410
04-24 12:55:29.268 1176 1406 D HuaweiWifiWatchdogStateMachine: dumpTcpResult: len=10,rtt=160,rttPkt=1,rttWn=135,cgt=0,cgtWn=0
04-24 12:55:29.268 1176 1406 I HuaweiWifiWatchdogStateMachine: PTcp RTT:0, rtt pkt=0, tcp_rx=0, tcp_tx=0, tcp_reTran=0, rtRate=0
04-24 12:55:29.268 1176 1406 D HuaweiWifiWatchdogStateMachine: mRssiBadCount =0, RSSI not bad.
04-24 12:55:29.268 1176 1406 D HuaweiWifiWatchdogStateMachine: detectNetworkAvailable:hw.wifipro.dns_fail_count = 131
04-24 12:55:29.268 1176 1406 D HuaweiWifiWatchdogStateMachine: bqeLevel = 2 rtt=0,rtt_pkts=0 speed=37 rssi=-30
04-24 12:55:29.268 1176 1406 D HuaweiWifiWatchdogStateMachine: Enter updateQoeLevel level = 2
04-24 12:55:29.268 1176 1406 D HuaweiWifiWatchdogStateMachine: updateQoeLevel current level equal to mLastDetectLevel, return
04-24 12:55:29.268 1176 1406 D HuaweiWifiWatchdogStateMachine: did not have any network action
04-24 12:55:29.268 1176 3515 I MQoS : QOS_level:0(0),wifi-link;SIM error;use level-0
04-24 12:55:29.268 1176 3515 I MQoS : skip-low-Level:0(0),wifi-link;SIM error;use level-0
04-24 12:55:29.607 1176 1176 I TrafficMonitor: expired arrive. level:-1
04-24 12:55:29.610 1176 1176 I TrafficMonitor: update:rxPkts:0,txPkts:0,rxBytes:0,txBytes:0
04-24 12:55:29.611 1176 1176 I TrafficMonitor: start expired. level:-1
04-24 12:55:29.611 1176 1176 I TrafficMonitor: gettimer:interval=5000
04-24 12:55:29.611 1176 1176 I TrafficMonitor: during_ms:5004,period_ms:2000
04-24 12:55:29.611 1176 1176 I TrafficMonitor: count:895,rx_sum:0,tx_sum:0,rxBytes:0,during_ms:5004,rx_speed:0.0,tx_speed:0.0,rto:0.0
