04-24 12:52:26.457 1463 1463 W HwLockScreenPanel: Handle message: 100
04-24 12:52:26.457 1463 1463 W HwKeyguardBottomArea: updateBatteryInfo : false true
04-24 12:52:26.457 1176 1176 D HwInnerWifiManagerImpl: SupplicantState = COMPLETED
04-24 12:52:26.457 1176 1176 D HwInnerWifiManagerImpl: isPhoneAP = false
04-24 12:52:26.458 1463 1463 W KgBattery: getCharge info with type: text
04-24 12:52:26.458 1176 1176 D WifiStateMachine: mBcastReceiver: PluggedType = 2 mIsScanCtrlPluggedin = true
04-24 12:52:26.458 1176 1176 D HwWifiService: mPluggedType =2
04-24 12:52:26.459 1176 1176 D WifiService: onReceive, action:android.intent.action.BATTERY_CHANGED
04-24 12:52:26.459 1176 1176 D WifiService: ACTION_BATTERY_CHANGED pluggedType: 2
04-24 12:52:26.466 1463 1463 W HwLockScreenPanel: refreshBatteryInfo: null
04-24 12:52:28.502 1176 1392 D HwArpVerifier: check_wifi_state_mode = 0 mCheckStateToken=25 token25
04-24 12:52:28.505 1176 1392 D wifiserviceimpl: netmask =16777215
04-24 12:52:28.562 1176 1392 D HWMultiGW: setGateWay 192.168.1.1
04-24 12:52:29.329 1176 1338 D HwWifiStatStore: handleMessage : 200
04-24 12:52:29.565 1176 1392 D HwArpVerifier: getGateWayARPResponses: arp rtt = 15
04-24 12:52:29.565 1176 1392 E HwCHRWifiRSSIGroupSummery: updatArpSummery mRSSI:-30 HwCHRWifiRSSIGroup [rssi_index=4, rtt_tcp_packets=0, rtt_tcp_duration=0, rtt_lan_duration=7992, rtt_lan_failures=0, rtt_lan_succ=393, rtt_lan_max=939, rtt_lan_min=0,same_area_frequency=0,adjacent_area_frequency=0]
04-24 12:52:29.632 1176 1392 D HwArpVerifier: There are 1 mac address for gateway
04-24 12:52:29.633 1176 1392 D HwArpVerifier: from HEART_CHECK transmit to state:HEART_CHECK
04-24 12:52:29.633 1176 1392 D HwArpVerifier: msg what=124 arg1(token)=25 arg2(mode)=0 delay=30000
04-24 12:52:29.633 1176 1392 D HwArpVerifier: performPollAndLog:
04-24 12:52:29.637 1176 1392 D hw_netstat: total/0/0
04-24 12:52:31.267 1176 1176 I TrafficMonitor: expired arrive. level:-1
04-24 12:52:31.270 1176 1176 I TrafficMonitor: update:rxPkts:0,txPkts:0,rxBytes:0,txBytes:0
04-24 12:52:31.270 1176 1176 I TrafficMonitor: start expired. level:-1
04-24 12:52:31.270 1176 1176 I TrafficMonitor: gettimer:interval=5000
04-24 12:52:31.270 1176 1176 I TrafficMonitor: during_ms:5009,period_ms:2000
04-24 12:52:31.270 1176 1176 I TrafficMonitor: count:836,rx_sum:0,tx_sum:0,rxBytes:0,during_ms:5009,rx_speed:0.0,tx_speed:0.0,rto:0.0
04-24 12:52:31.271 1176 1176 D HuaweiWifiWatchdogStateMachine: speed: rxpkt:0, rxSpd:0B/s, txpkt:0, txSpd:0
04-24 12:52:31.431 777 777 E : [E/capacity_limit_control] not demo version, not set power control prop!
04-24 12:52:32.336 1176 1338 D HwWifiStatStore: handleMessage : 200
04-24 12:52:33.141 742 742 E wificond: Failed to get NL80211_RATE_INFO_NOISE
04-24 12:52:33.141 742 742 E wificond: Failed to get NL80211_RATE_INFO_SNR
04-24 12:52:33.141 742 742 E wificond: Failed to get NL80211_STA_INFO_CNAHLOAD
04-24 12:52:33.142 1176 1337 E WificondControl: Noise: 0, Snr: -1, Chload: -1
04-24 12:52:33.144 1176 1339 D HwWifiCHRStateManager: handleMessage : 1001
04-24 12:52:33.144 1176 1339 D HwWifiCHRStateManager: handleUpdateChannel:2412
04-24 12:52:33.144 1176 1339 V HwWifiServiceFactory: get AllImpl object = com.android.server.wifi.HwWifiServiceFactoryImpl@2205edc
04-24 12:52:33.149 742 742 E wificond: Failed to get NL80211_RATE_INFO_NOISE
04-24 12:52:33.149 742 742 E wificond: Failed to get NL80211_RATE_INFO_SNR
04-24 12:52:33.149 742 742 E wificond: Failed to get NL80211_STA_INFO_CNAHLOAD
04-24 12:52:33.151 1176 1406 D HuaweiWifiWatchdogStateMachine: LM mrssi=-30
04-24 12:52:33.151 1176 1176 D WiFi_PRO: MSG_RETURN_AP_CURRY_RSSI rssi = -30
04-24 12:52:33.152 1176 1406 D HuaweiWifiWatchdogStateMachine: a4:fa:**:**:eb:b0 current loss[-45]=0%, volume=1
04-24 12:52:33.152 1176 1406 D HuaweiWifiWatchdogStateMachine: a4:fa:**:**:eb:b0 history loss[-45]=0%, volume=13825606
04-24 12:52:33.152 1176 1176 I QosMonitor: queryRtt: rtt_type = 3
04-24 12:52:33.152 1176 1406 I HuaweiWifiWatchdogStateMachine: spd good count:0, add sc:0.0, rate:1.0
04-24 12:52:33.152 1176 1176 I HwQoEJNI: send_cmd_kernel. begin
04-24 12:52:33.152 1176 1406 I HuaweiWifiWatchdogStateMachine: current mHighDataFlowRate = 1.0
04-24 12:52:33.153 1176 1406 I HuaweiWifiWatchdogStateMachine: POta txb txg rxg:0, 136, 0. Lr =0% Totpkt=136
04-24 12:52:33.153 1176 1176 I HwQoEJNI: send_cmd_kernel. end
04-24 12:52:33.153 1176 1176 I QosMonitor: postEventFromNative: msg=100,arg1=4,arg2=10
04-24 12:52:33.153 1176 1176 I HwQoEJNI: send_cmd_kernel. begin
04-24 12:52:33.153 1176 1176 I HwQoEJNI: send_cmd_kernel. end
04-24 12:52:33.154 1176 1176 I QosMonitor: postEventFromNative: msg=100,arg1=0,arg2=10
04-24 12:52:33.154 1176 1176 D HuaweiWifiWatchdogStateMachine: setSampleRtt: unvalid rtt
04-24 12:52:33.154 1176 1176 I MQoS : rtt=480,tcp_tx_pkts=480942,tcp_rx_pkts=921409
04-24 12:52:33.156 1176 1406 D HuaweiWifiWatchdogStateMachine: dumpTcpResult: len=10,rtt=480,rttPkt=1,rttWn=101,cgt=0,cgtWn=0
04-24 12:52:33.156 1176 1406 I HuaweiWifiWatchdogStateMachine: PTcp RTT:0, rtt pkt=0, tcp_rx=0, tcp_tx=0, tcp_reTran=0, rtRate=0
04-24 12:52:33.156 1176 1406 D HuaweiWifiWatchdogStateMachine: mRssiBadCount =0, RSSI not bad.
04-24 12:52:33.156 1176 1406 D HuaweiWifiWatchdogStateMachine: detectNetworkAvailable:hw.wifipro.dns_fail_count = 131
04-24 12:52:33.156 1176 1406 D HuaweiWifiWatchdogStateMachine: bqeLevel = 2 rtt=0,rtt_pkts=0 speed=37 rssi=-30
04-24 12:52:33.156 1176 1406 D HuaweiWifiWatchdogStateMachine: Enter updateQoeLevel level = 2
04-24 12:52:33.156 1176 1406 D HuaweiWifiWatchdogStateMachine: updateQoeLevel current level equal to mLastDetectLevel, return
04-24 12:52:33.156 1176 1406 D HuaweiWifiWatchdogStateMachine: did not have any network action
04-24 12:52:33.167 1176 3515 I MQoS : QOS_level:0(0),wifi-link;SIM error;use level-0
04-24 12:52:34.643 1176 1392 D HwArpVerifier: performPollAndLog:
04-24 12:52:34.647 1176 1392 D hw_netstat: total/0/0
04-24 12:52:35.146 1176 1392 D HwArpVerifier: getIpRouteTable
04-24 12:52:35.230 1176 1392 D HwArpVerifier: Notify wifi default route is ok
04-24 12:52:35.343 1176 1338 D HwWifiStatStore: handleMessage : 200
04-24 12:52:36.273 1176 1176 I TrafficMonitor: expired arrive. level:-1
04-24 12:52:36.276 1176 1176 I TrafficMonitor: update:rxPkts:0,txPkts:0,rxBytes:0,txBytes:0
04-24 12:52:36.276 1176 1176 I TrafficMonitor: start expired. level:-1
04-24 12:52:36.277 1176 1176 I TrafficMonitor: gettimer:interval=5000
04-24 12:52:36.277 1176 1176 I TrafficMonitor: during_ms:5007,period_ms:2000
04-24 12:52:36.277 1176 1176 I TrafficMonitor: count:837,rx_sum:0,tx_sum:0,rxBytes:0,during_ms:5007,rx_speed:0.0,tx_speed:0.0,rto:0.0
04-24 12:52:36.277 1176 1176 D HuaweiWifiWatchdogStateMachine: speed: rxpkt:0, rxSpd:0B/s, txpkt:0, txSpd:0
04-24 12:52:36.441 777 777 E : [E/capacity_limit_control] not demo version, not set power control prop!
04-24 12:52:38.347 1176 1338 D HwWifiStatStore: handleMessage : 200
04-24 12:52:39.653 1176 1392 D HwArpVerifier: performPollAndLog:
04-24 12:52:39.657 1176 1392 D hw_netstat: total/0/0
04-24 12:52:41.149 742 742 E wificond: Failed to get NL80211_RATE_INFO_NOISE
04-24 12:52:41.150 742 742 E wificond: Failed to get NL80211_RATE_INFO_SNR
04-24 12:52:41.150 742 742 E wificond: Failed to get NL80211_STA_INFO_CNAHLOAD
04-24 12:52:41.151 1176 1337 E WificondControl: Noise: 0, Snr: -1, Chload: -1
04-24 12:52:41.152 1176 1339 D HwWifiCHRStateManager: handleMessage : 1001
04-24 12:52:41.152 1176 1339 D HwWifiCHRStateManager: handleUpdateChannel:2412
04-24 12:52:41.153 1176 1339 V HwWifiServiceFactory: get AllImpl object = com.android.server.wifi.HwWifiServiceFactoryImpl@2205edc
04-24 12:52:41.157 742 742 E wificond: Failed to get NL80211_RATE_INFO_NOISE
04-24 12:52:41.157 742 742 E wificond: Failed to get NL80211_RATE_INFO_SNR
04-24 12:52:41.157 742 742 E wificond: Failed to get NL80211_STA_INFO_CNAHLOAD
04-24 12:52:41.158 1176 1406 D HuaweiWifiWatchdogStateMachine: LM mrssi=-29
04-24 12:52:41.159 1176 1176 D WiFi_PRO: MSG_RETURN_AP_CURRY_RSSI rssi = -29
04-24 12:52:41.159 1176 1176 I QosMonitor: queryRtt: rtt_type = 3
04-24 12:52:41.159 1176 1176 I HwQoEJNI: send_cmd_kernel. begin
04-24 12:52:41.160 1176 1406 I HuaweiWifiWatchdogStateMachine: spd good count:0, add sc:0.0, rate:1.0
04-24 12:52:41.160 1176 1176 I HwQoEJNI: send_cmd_kernel. end
04-24 12:52:41.160 1176 1406 I HuaweiWifiWatchdogStateMachine: current mHighDataFlowRate = 1.0
04-24 12:52:41.160 1176 1406 I HuaweiWifiWatchdogStateMachine: POta txb txg rxg:0, 136, 0. Lr =0% Totpkt=136
04-24 12:52:41.160 1176 1176 I QosMonitor: postEventFromNative: msg=100,arg1=4,arg2=10
04-24 12:52:41.160 1176 1176 I HwQoEJNI: send_cmd_kernel. begin
04-24 12:52:41.160 1176 1176 I HwQoEJNI: send_cmd_kernel. end
04-24 12:52:41.161 1176 1176 I QosMonitor: postEventFromNative: msg=100,arg1=0,arg2=10
04-24 12:52:41.161 1176 1176 D HuaweiWifiWatchdogStateMachine: setSampleRtt: unvalid rtt
04-24 12:52:41.162 1176 1176 I MQoS : rtt=480,tcp_tx_pkts=480942,tcp_rx_pkts=921409
04-24 12:52:41.162 1176 1406 D HuaweiWifiWatchdogStateMachine: dumpTcpResult: len=10,rtt=480,rttPkt=1,rttWn=109,cgt=0,cgtWn=0
04-24 12:52:41.163 1176 1406 I HuaweiWifiWatchdogStateMachine: PTcp RTT:0, rtt pkt=0, tcp_rx=0, tcp_tx=0, tcp_reTran=0, rtRate=0
04-24 12:52:41.163 1176 1406 D HuaweiWifiWatchdogStateMachine: mRssiBadCount =0, RSSI not bad.
04-24 12:52:41.163 1176 1406 D HuaweiWifiWatchdogStateMachine: detectNetworkAvailable:hw.wifipro.dns_fail_count = 131
04-24 12:52:41.163 1176 1406 D HuaweiWifiWatchdogStateMachine: bqeLevel = 2 rtt=0,rtt_pkts=0 speed=37 rssi=-29
04-24 12:52:41.163 1176 1406 D HuaweiWifiWatchdogStateMachine: Enter updateQoeLevel level = 2
04-24 12:52:41.163 1176 1406 D HuaweiWifiWatchdogStateMachine: updateQoeLevel current level equal to mLastDetectLevel, return
04-24 12:52:41.163 1176 1406 D HuaweiWifiWatchdogStateMachine: did not have any network action
04-24 12:52:41.176 1176 3515 I MQoS : QOS_level:0(0),wifi-link;SIM error;use level-0
04-24 12:52:41.278 1176 1176 I TrafficMonitor: expired arrive. level:-1
04-24 12:52:41.281 1176 1176 I TrafficMonitor: update:rxPkts:0,txPkts:0,rxBytes:0,txBytes:0
04-24 12:52:41.281 1176 1176 I TrafficMonitor: start expired. level:-1
04-24 12:52:41.282 1176 1176 I TrafficMonitor: gettimer:interval=5000
04-24 12:52:41.282 1176 1176 I TrafficMonitor: during_ms:5005,period_ms:2000
04-24 12:52:41.282 1176 1176 I TrafficMonitor: count:838,rx_sum:0,tx_sum:0,rxBytes:0,during_ms:5005,rx_speed:0.0,tx_speed:0.0,rto:0.0
04-24 12:52:41.282 1176 1176 D HuaweiWifiWatchdogStateMachine: speed: rxpkt:0, rxSpd:0B/s, txpkt:0, txSpd:0
04-24 12:52:41.354 1176 1338 D HwWifiStatStore: handleMessage : 200
04-24 12:52:41.450 777 777 E : [E/capacity_limit_control] not demo version, not set power control prop!
04-24 12:52:44.361 1176 1338 D HwWifiStatStore: handleMessage : 200
04-24 12:52:44.663 1176 1392 D HwArpVerifier: performPollAndLog:
04-24 12:52:44.667 1176 1392 D hw_netstat: total/0/0
04-24 12:52:45.088 1176 1176 D HwInnerWifiManagerImpl: SupplicantState = COMPLETED
04-24 12:52:45.088 1176 1176 D HwInnerWifiManagerImpl: isPhoneAP = false
04-24 12:52:45.091 1729 1729 I MsgReceiver: intent action: android.intent.action.BATTERY_CHANGED
04-24 12:52:45.089 1176 1176 D HwInnerWifiManagerImpl: SupplicantState = COMPLETED
04-24 12:52:45.092 5515 5671 E CloudAlbum[8.1.2.309]: [ReceiverManager] not log on ignore
04-24 12:52:45.093 1176 1176 D HwInnerWifiManagerImpl: isPhoneAP = false
04-24 12:52:45.093 1176 1176 D WifiStateMachine: mBcastReceiver: PluggedType = 2 mIsScanCtrlPluggedin = true
04-24 12:52:45.094 1176 1176 D HwWifiService: mPluggedType =2
04-24 12:52:45.095 1176 1176 D WifiService: onReceive, action:android.intent.action.BATTERY_CHANGED
04-24 12:52:45.095 1176 1176 D WifiService: ACTION_BATTERY_CHANGED pluggedType: 2
04-24 12:52:45.097 1463 1463 D KeyguardUpdateMonitor: received broadcast android.intent.action.BATTERY_CHANGED
04-24 12:52:45.097 1463 1463 W KeyguardUpdateMonitor: ACTION_BATTERY_CHANGED AMP: 500000; Volt: 5000000
04-24 12:52:45.102 1463 1463 V KeyguardUpdateMonitor: RefreshBatteryInfo isBatteryLow: 76
04-24 12:52:45.102 1463 1463 W KeyguardUpdateMonitor: ChargingSpeed Wattage: 2500000 ST: 5000000 --> 7500000
04-24 12:52:45.102 1463 1463 I KgBattery: BatteryInfo updated: 2lPc0
04-24 12:52:45.102 1463 1463 W AppHandler: sendMessage with obj100
04-24 12:52:45.102 1463 1463 D KeyguardUpdateMonitor: handleBatteryUpdate
04-24 12:52:45.102 1463 1463 W HwLockScreenPanel: Handle message: 100
04-24 12:52:45.102 1463 1463 W HwKeyguardBottomArea: updateBatteryInfo : false true
04-24 12:52:45.102 1463 1463 W KgBattery: getCharge info with type: text
04-24 12:52:45.108 1463 1463 W HwLockScreenPanel: refreshBatteryInfo: null
04-24 12:52:46.283 1176 1176 I TrafficMonitor: expired arrive. level:-1
04-24 12:52:46.286 1176 1176 I TrafficMonitor: update:rxPkts:0,txPkts:0,rxBytes:0,txBytes:0
04-24 12:52:46.286 1176 1176 I TrafficMonitor: start expired. level:-1
04-24 12:52:46.286 1176 1176 I TrafficMonitor: gettimer:interval=5000
04-24 12:52:46.287 1176 1176 I TrafficMonitor: during_ms:5005,period_ms:2000
04-24 12:52:46.287 1176 1176 I TrafficMonitor: count:839,rx_sum:0,tx_sum:0,rxBytes:0,during_ms:5005,rx_speed:0.0,tx_speed:0.0,rto:0.0
04-24 12:52:46.287 1176 1176 D HuaweiWifiWatchdogStateMachine: speed: rxpkt:0, rxSpd:0B/s, txpkt:0, txSpd:0
04-24 12:52:46.460 777 777 E : [E/capacity_limit_control] not demo version, not set power control prop!
04-24 12:52:47.368 1176 1338 D HwWifiStatStore: handleMessage : 200
04-24 12:52:49.155 742 742 E wificond: Failed to get NL80211_RATE_INFO_NOISE
04-24 12:52:49.156 742 742 E wificond: Failed to get NL80211_RATE_INFO_SNR
04-24 12:52:49.156 742 742 E wificond: Failed to get NL80211_STA_INFO_CNAHLOAD
04-24 12:52:49.157 1176 1337 E WificondControl: Noise: 0, Snr: -1, Chload: -1
04-24 12:52:49.158 1176 1339 D HwWifiCHRStateManager: handleMessage : 1001
04-24 12:52:49.158 1176 1339 D HwWifiCHRStateManager: handleUpdateChannel:2412
04-24 12:52:49.158 1176 1339 V HwWifiServiceFactory: get AllImpl object = com.android.server.wifi.HwWifiServiceFactoryImpl@2205edc
04-24 12:52:49.162 742 742 E wificond: Failed to get NL80211_RATE_INFO_NOISE
04-24 12:52:49.163 742 742 E wificond: Failed to get NL80211_RATE_INFO_SNR
04-24 12:52:49.163 742 742 E wificond: Failed to get NL80211_STA_INFO_CNAHLOAD
04-24 12:52:49.164 1176 1406 D HuaweiWifiWatchdogStateMachine: LM mrssi=-29
04-24 12:52:49.165 1176 1176 D WiFi_PRO: MSG_RETURN_AP_CURRY_RSSI rssi = -29
04-24 12:52:49.165 1176 1176 I QosMonitor: queryRtt: rtt_type = 3
04-24 12:52:49.166 1176 1406 I HuaweiWifiWatchdogStateMachine: spd good count:0, add sc:0.0, rate:1.0
04-24 12:52:49.166 1176 1406 I HuaweiWifiWatchdogStateMachine: current mHighDataFlowRate = 1.0
04-24 12:52:49.166 1176 1176 I HwQoEJNI: send_cmd_kernel. begin
04-24 12:52:49.166 1176 1406 I HuaweiWifiWatchdogStateMachine: POta txb txg rxg:0, 136, 0. Lr =0% Totpkt=136
04-24 12:52:49.166 1176 1176 I HwQoEJNI: send_cmd_kernel. end
04-24 12:52:49.166 1176 1176 I QosMonitor: postEventFromNative: msg=100,arg1=4,arg2=10
04-24 12:52:49.167 1176 1176 I HwQoEJNI: send_cmd_kernel. begin
04-24 12:52:49.167 1176 1176 I HwQoEJNI: send_cmd_kernel. end
04-24 12:52:49.167 1176 1176 I QosMonitor: postEventFromNative: msg=100,arg1=0,arg2=10
04-24 12:52:49.167 1176 1176 D HuaweiWifiWatchdogStateMachine: setSampleRtt: unvalid rtt
04-24 12:52:49.167 1176 1176 I MQoS : rtt=480,tcp_tx_pkts=480942,tcp_rx_pkts=921409
04-24 12:52:49.170 1176 1406 D HuaweiWifiWatchdogStateMachine: dumpTcpResult: len=10,rtt=480,rttPkt=1,rttWn=117,cgt=0,cgtWn=0
04-24 12:52:49.171 1176 1406 I HuaweiWifiWatchdogStateMachine: PTcp RTT:0, rtt pkt=0, tcp_rx=0, tcp_tx=0, tcp_reTran=0, rtRate=0
04-24 12:52:49.171 1176 1406 D HuaweiWifiWatchdogStateMachine: mRssiBadCount =0, RSSI not bad.
04-24 12:52:49.171 1176 1406 D HuaweiWifiWatchdogStateMachine: detectNetworkAvailable:hw.wifipro.dns_fail_count = 131
04-24 12:52:49.171 1176 1406 D HuaweiWifiWatchdogStateMachine: bqeLevel = 2 rtt=0,rtt_pkts=0 speed=37 rssi=-29
04-24 12:52:49.171 1176 1406 D HuaweiWifiWatchdogStateMachine: Enter updateQoeLevel level = 2
04-24 12:52:49.171 1176 1406 D HuaweiWifiWatchdogStateMachine: updateQoeLevel current level equal to mLastDetectLevel, return
04-24 12:52:49.171 1176 1406 D HuaweiWifiWatchdogStateMachine: did not have any network action
04-24 12:52:49.179 1176 3515 I MQoS : QOS_level:0(0),wifi-link;SIM error;use level-0
04-24 12:52:49.479 1176 1589 W Watchdog: hungtask: writing kick
04-24 12:52:49.482 1176 1202 I EventHub: EventHub monitor: no key events in the past 2503s, no motion events in the past 2504s
04-24 12:52:49.673 1176 1392 D HwArpVerifier: performPollAndLog:
04-24 12:52:49.678 1176 1392 D hw_netstat: total/0/0
04-24 12:52:50.375 1176 1338 D HwWifiStatStore: handleMessage : 200
04-24 12:52:51.289 1176 1176 I TrafficMonitor: expired arrive. level:-1
04-24 12:52:51.293 1176 1176 I TrafficMonitor: update:rxPkts:0,txPkts:0,rxBytes:0,txBytes:0
04-24 12:52:51.293 1176 1176 I TrafficMonitor: start expired. level:-1
04-24 12:52:51.293 1176 1176 I TrafficMonitor: gettimer:interval=5000
04-24 12:52:51.294 1176 1176 I TrafficMonitor: during_ms:5006,period_ms:2000
04-24 12:52:51.294 1176 1176 I TrafficMonitor: count:840,rx_sum:0,tx_sum:0,rxBytes:0,during_ms:5006,rx_speed:0.0,tx_speed:0.0,rto:0.0
04-24 12:52:51.294 1176 1176 D HuaweiWifiWatchdogStateMachine: speed: rxpkt:0, rxSpd:0B/s, txpkt:0, txSpd:0
04-24 12:52:51.468 777 777 E : [E/capacity_limit_control] not demo version, not set power control prop!
04-24 12:52:51.883 487 620 W SocketListener: sending broadcast to Pid = 1176, Uid = 1000
04-24 12:52:51.887 1176 1332 D NetdConnector: RCV <- {613 IfaceClass active 1 353560037777665 1000}
04-24 12:52:51.892 1176 1332 D NetdConnector: RCV <- {613 IfaceClass active 1 353560037777665 1000}
04-24 12:52:51.895 1176 1202 D NetdConnector: RCV unsolicited event from native daemon, event = 613
04-24 12:52:52.897 1729 23345 I DownloadState: 0 transmitting data speed : 28 bytes/s scroff: true
04-24 12:52:53.381 1176 1338 D HwWifiStatStore: handleMessage : 200
04-24 12:52:54.684 1176 1392 D HwArpVerifier: performPollAndLog:
04-24 12:52:54.688 1176 1392 D hw_netstat: total/56/84,unknown:0/56/84
04-24 12:52:56.299 1176 1176 I TrafficMonitor: expired arrive. level:-1
04-24 12:52:56.302 1176 1176 I TrafficMonitor: update:rxPkts:1,txPkts:1,rxBytes:56,txBytes:84
04-24 12:52:56.302 1176 1176 I TrafficMonitor: start expired. level:-1
04-24 12:52:56.303 1176 1176 I TrafficMonitor: gettimer:interval=2000
04-24 12:52:56.303 1176 1176 I TrafficMonitor: during_ms:5010,period_ms:2000
04-24 12:52:56.303 1176 1176 I TrafficMonitor: count:841,rx_sum:1,tx_sum:1,rxBytes:56,during_ms:5010,rx_speed:11.177644710578843,tx_speed:16.766467065868266,rto:1.0
04-24 12:52:56.303 1176 1176 D HuaweiWifiWatchdogStateMachine: speed: rxpkt:1, rxSpd:11B/s, txpkt:1, txSpd:16
04-24 12:52:56.387 1176 1338 D HwWifiStatStore: handleMessage : 200
04-24 12:52:56.477 777 777 E : [E/capacity_limit_control] not demo version, not set power control prop!
04-24 12:52:56.504 1176 1288 D HwBatteryService: onUEvent fcpStatus = 0,scpStatus =0,ovpStatus=0
04-24 12:52:56.507 1176 1288 I UsbDeviceManager: water_intrused state= 0
04-24 12:52:56.519 1176 1176 D HwInnerWifiManagerImpl: SupplicantState = COMPLETED
04-24 12:52:56.520 1176 1176 D HwInnerWifiManagerImpl: isPhoneAP = false
04-24 12:52:56.521 1176 1176 D HwInnerWifiManagerImpl: SupplicantState = COMPLETED
04-24 12:52:56.521 1176 1176 D HwInnerWifiManagerImpl: isPhoneAP = false
04-24 12:52:56.521 1176 1176 D WifiStateMachine: mBcastReceiver: PluggedType = 2 mIsScanCtrlPluggedin = true
04-24 12:52:56.521 1176 1176 D HwWifiService: mPluggedType =2
04-24 12:52:56.522 1463 1463 D KeyguardUpdateMonitor: received broadcast android.intent.action.BATTERY_CHANGED
04-24 12:52:56.522 1176 1176 D WifiService: onReceive, action:android.intent.action.BATTERY_CHANGED
04-24 12:52:56.522 1176 1176 D WifiService: ACTION_BATTERY_CHANGED pluggedType: 2
04-24 12:52:56.522 1463 1463 W KeyguardUpdateMonitor: ACTION_BATTERY_CHANGED AMP: 500000; Volt: 5000000
04-24 12:52:56.523 1463 1463 V KeyguardUpdateMonitor: RefreshBatteryInfo isBatteryLow: 76
04-24 12:52:56.523 1463 1463 W KeyguardUpdateMonitor: ChargingSpeed Wattage: 2500000 ST: 5000000 --> 7500000
04-24 12:52:56.523 1463 1463 I KgBattery: BatteryInfo updated: 2lPc0
04-24 12:52:56.524 1463 1463 W AppHandler: sendMessage with obj100
04-24 12:52:56.524 1463 1463 D KeyguardUpdateMonitor: handleBatteryUpdate
04-24 12:52:56.525 1463 1463 W HwLockScreenPanel: Handle message: 100
04-24 12:52:56.525 1463 1463 W HwKeyguardBottomArea: updateBatteryInfo : false true
04-24 12:52:56.525 1463 1463 W KgBattery: getCharge info with type: text
04-24 12:52:56.527 1729 1729 I MsgReceiver: intent action: android.intent.action.BATTERY_CHANGED
04-24 12:52:56.530 5515 5671 E CloudAlbum[8.1.2.309]: [ReceiverManager] not log on ignore
04-24 12:52:56.531 1463 1463 W HwLockScreenPanel: refreshBatteryInfo: null
04-24 12:52:57.118 1176 1185 I zygote64: Background concurrent copying GC freed 499174(21MB) AllocSpace objects, 100(2MB) LOS objects, 42% free, 30MB/53MB, paused 1.906ms total 232.956ms
04-24 12:52:57.159 742 742 E wificond: Failed to get NL80211_RATE_INFO_NOISE
04-24 12:52:57.159 742 742 E wificond: Failed to get NL80211_RATE_INFO_SNR
04-24 12:52:57.159 742 742 E wificond: Failed to get NL80211_STA_INFO_CNAHLOAD
04-24 12:52:57.159 1176 1337 E WificondControl: Noise: 0, Snr: -1, Chload: -1
04-24 12:52:57.160 1176 1339 D HwWifiCHRStateManager: handleMessage : 1001
04-24 12:52:57.160 1176 1339 D HwWifiCHRStateManager: handleUpdateChannel:2412
04-24 12:52:57.160 1176 1339 V HwWifiServiceFactory: get AllImpl object = com.android.server.wifi.HwWifiServiceFactoryImpl@2205edc
04-24 12:52:57.161 742 742 E wificond: Failed to get NL80211_RATE_INFO_NOISE
04-24 12:52:57.161 742 742 E wificond: Failed to get NL80211_RATE_INFO_SNR
04-24 12:52:57.161 742 742 E wificond: Failed to get NL80211_STA_INFO_CNAHLOAD
04-24 12:52:57.163 1176 1176 D WiFi_PRO: MSG_RETURN_AP_CURRY_RSSI rssi = -29
04-24 12:52:57.163 1176 1406 D HuaweiWifiWatchdogStateMachine: LM mrssi=-29
04-24 12:52:57.163 1176 1406 D HuaweiWifiWatchdogStateMachine: a4:fa:**:**:eb:b0 current loss[-45]=0%, volume=2
04-24 12:52:57.163 1176 1176 I QosMonitor: queryRtt: rtt_type = 3
04-24 12:52:57.163 1176 1406 D HuaweiWifiWatchdogStateMachine: a4:fa:**:**:eb:b0 history loss[-45]=0%, volume=13825608
04-24 12:52:57.163 1176 1176 I HwQoEJNI: send_cmd_kernel. begin
04-24 12:52:57.163 1176 1176 I HwQoEJNI: send_cmd_kernel. end
04-24 12:52:57.163 1176 1176 I QosMonitor: postEventFromNative: msg=100,arg1=4,arg2=10
04-24 12:52:57.163 1176 1406 I HuaweiWifiWatchdogStateMachine: spd good count:0, add sc:0.0, rate:1.0
04-24 12:52:57.163 1176 1176 D HuaweiWifiWatchdogStateMachine: setSampleRtt: unvalid rtt
04-24 12:52:57.163 1176 1406 D HuaweiWifiWatchdogStateMachine: high data flow: protection_counter = 0, not_detect_counter = 382
04-24 12:52:57.163 1176 1406 D HuaweiWifiWatchdogStateMachine: high data flow scenario: 0 --> 0 rx bytes =0KB
04-24 12:52:57.163 1176 1406 I HuaweiWifiWatchdogStateMachine: current mHighDataFlowRate = 1.0
04-24 12:52:57.163 1176 1406 I HuaweiWifiWatchdogStateMachine: POta txb txg rxg:0, 138, 0. Lr =0% Totpkt=138
04-24 12:52:57.164 1176 1176 I HwQoEJNI: send_cmd_kernel. begin
04-24 12:52:57.164 1176 1176 I HwQoEJNI: send_cmd_kernel. end
04-24 12:52:57.164 1176 1176 I QosMonitor: postEventFromNative: msg=100,arg1=0,arg2=10
04-24 12:52:57.164 1176 1176 I MQoS : rtt=480,tcp_tx_pkts=480942,tcp_rx_pkts=921409
04-24 12:52:57.166 1176 1406 D HuaweiWifiWatchdogStateMachine: dumpTcpResult: len=10,rtt=480,rttPkt=1,rttWn=125,cgt=0,cgtWn=0
04-24 12:52:57.166 1176 1406 I HuaweiWifiWatchdogStateMachine: PTcp RTT:0, rtt pkt=0, tcp_rx=0, tcp_tx=0, tcp_reTran=0, rtRate=0
04-24 12:52:57.166 1176 1406 D HuaweiWifiWatchdogStateMachine: mRssiBadCount =0, RSSI not bad.
04-24 12:52:57.166 1176 1406 D HuaweiWifiWatchdogStateMachine: detectNetworkAvailable:hw.wifipro.dns_fail_count = 131
04-24 12:52:57.166 1176 1406 D HuaweiWifiWatchdogStateMachine: bqeLevel = 2 rtt=0,rtt_pkts=0 speed=37 rssi=-29
04-24 12:52:57.166 1176 1406 D HuaweiWifiWatchdogStateMachine: Enter updateQoeLevel level = 2
04-24 12:52:57.166 1176 1406 D HuaweiWifiWatchdogStateMachine: updateQoeLevel current level equal to mLastDetectLevel, return
04-24 12:52:57.166 1176 1406 D HuaweiWifiWatchdogStateMachine: did not have any network action
04-24 12:52:57.167 1176 3515 I MQoS : QOS_level:0(0),wifi-link;SIM error;use level-0
04-24 12:52:57.168 1176 3515 I MQoS : skip-low-Level:0(0),wifi-link;SIM error;use level-0
04-24 12:52:58.307 1176 1176 I TrafficMonitor: update:rxPkts:0,txPkts:0,rxBytes:0,txBytes:0
04-24 12:52:58.307 1176 1176 I TrafficMonitor: start expired. level:-1
04-24 12:52:58.307 1176 1176 I TrafficMonitor: gettimer:interval=2000
04-24 12:52:59.394 1176 1338 D HwWifiStatStore: handleMessage : 200
04-24 12:52:59.639 1176 1392 D HwArpVerifier: check_wifi_state_mode = 0 mCheckStateToken=25 token25
04-24 12:52:59.642 1176 1392 D wifiserviceimpl: netmask =16777215
04-24 12:52:59.696 1176 1392 D HWMultiGW: setGateWay 192.168.1.1
04-24 12:52:59.710 1106 1119 I OAM : [check_file_size:505]/data/log/wifi/wifi_log_1 log file beyond size=10240Byte, creat new file
04-24 12:52:59.710 1106 1119 I OAM : [rename_old_file:210]rename_old_file
04-24 12:52:59.710 1106 1119 I OAM :
04-24 12:53:00.313 1176 1176 I TrafficMonitor: update:rxPkts:0,txPkts:0,rxBytes:0,txBytes:0
04-24 12:53:00.313 1176 1176 I TrafficMonitor: start expired. level:-1
04-24 12:53:00.314 1176 1176 I TrafficMonitor: gettimer:interval=2000
04-24 12:53:00.699 1176 1392 D HwArpVerifier: getGateWayARPResponses: arp rtt = 12
04-24 12:53:00.699 1176 1392 E HwCHRWifiRSSIGroupSummery: updatArpSummery mRSSI:-29 HwCHRWifiRSSIGroup [rssi_index=4, rtt_tcp_packets=0, rtt_tcp_duration=0, rtt_lan_duration=8004, rtt_lan_failures=0, rtt_lan_succ=394, rtt_lan_max=939, rtt_lan_min=0,same_area_frequency=0,adjacent_area_frequency=0]
04-24 12:53:00.721 1176 1392 D HwArpVerifier: There are 1 mac address for gateway
04-24 12:53:00.722 1176 1392 D HwArpVerifier: from HEART_CHECK transmit to state:HEART_CHECK
04-24 12:53:00.722 1176 1392 D HwArpVerifier: msg what=124 arg1(token)=25 arg2(mode)=0 delay=30000
04-24 12:53:00.722 1176 1392 D HwArpVerifier: performPollAndLog:
04-24 12:53:00.726 1176 1392 D hw_netstat: total/0/0
04-24 12:53:01.304 1176 1176 I TrafficMonitor: expired arrive. level:-1
04-24 12:53:01.304 1176 1176 I TrafficMonitor: during_ms:2006,period_ms:2000
04-24 12:53:01.304 1176 1176 I TrafficMonitor: count:843,rx_sum:0,tx_sum:0,rxBytes:0,during_ms:2006,rx_speed:0.0,tx_speed:0.0,rto:0.0
04-24 12:53:01.304 1176 1176 D HuaweiWifiWatchdogStateMachine: speed: rxpkt:0, rxSpd:0B/s, txpkt:0, txSpd:0
04-24 12:53:01.511 777 777 E : [E/capacity_limit_control] not demo version, not set power control prop!
04-24 12:53:02.318 1176 1176 I TrafficMonitor: update:rxPkts:0,txPkts:0,rxBytes:0,txBytes:0
04-24 12:53:02.318 1176 1176 I TrafficMonitor: start expired. level:-1
04-24 12:53:02.318 1176 1176 I TrafficMonitor: gettimer:interval=2000
04-24 12:53:02.402 1176 1338 D HwWifiStatStore: handleMessage : 200
04-24 12:53:04.324 1176 1176 I TrafficMonitor: update:rxPkts:0,txPkts:0,rxBytes:0,txBytes:0
04-24 12:53:04.324 1176 1176 I TrafficMonitor: start expired. level:-1
04-24 12:53:04.325 1176 1176 I TrafficMonitor: gettimer:interval=2000
04-24 12:53:05.174 742 742 E wificond: Failed to get NL80211_RATE_INFO_NOISE
04-24 12:53:05.174 742 742 E wificond: Failed to get NL80211_RATE_INFO_SNR
04-24 12:53:05.174 742 742 E wificond: Failed to get NL80211_STA_INFO_CNAHLOAD
04-24 12:53:05.175 1176 1337 E WificondControl: Noise: 0, Snr: -1, Chload: -1
04-24 12:53:05.176 1176 1339 D HwWifiCHRStateManager: handleMessage : 1001
04-24 12:53:05.177 1176 1339 D HwWifiCHRStateManager: handleUpdateChannel:2412
04-24 12:53:05.177 1176 1339 V HwWifiServiceFactory: get AllImpl object = com.android.server.wifi.HwWifiServiceFactoryImpl@2205edc
04-24 12:53:05.180 742 742 E wificond: Failed to get NL80211_RATE_INFO_NOISE
04-24 12:53:05.181 742 742 E wificond: Failed to get NL80211_RATE_INFO_SNR
04-24 12:53:05.181 742 742 E wificond: Failed to get NL80211_STA_INFO_CNAHLOAD
04-24 12:53:05.183 1176 1406 D HuaweiWifiWatchdogStateMachine: LM mrssi=-29
04-24 12:53:05.183 1176 1176 D WiFi_PRO: MSG_RETURN_AP_CURRY_RSSI rssi = -29
04-24 12:53:05.183 1176 1406 D HuaweiWifiWatchdogStateMachine: a4:fa:**:**:eb:b0 current loss[-45]=0%, volume=1
04-24 12:53:05.184 1176 1176 I QosMonitor: queryRtt: rtt_type = 3
04-24 12:53:05.184 1176 1406 D HuaweiWifiWatchdogStateMachine: a4:fa:**:**:eb:b0 history loss[-45]=0%, volume=13825609
04-24 12:53:05.184 1176 1176 I HwQoEJNI: send_cmd_kernel. begin
04-24 12:53:05.184 1176 1176 I HwQoEJNI: send_cmd_kernel. end
04-24 12:53:05.184 1176 1176 I QosMonitor: postEventFromNative: msg=100,arg1=4,arg2=10
04-24 12:53:05.184 1176 1406 I HuaweiWifiWatchdogStateMachine: spd good count:0, add sc:0.0, rate:1.0
04-24 12:53:05.184 1176 1406 I HuaweiWifiWatchdogStateMachine: current mHighDataFlowRate = 1.0
04-24 12:53:05.185 1176 1406 I HuaweiWifiWatchdogStateMachine: POta txb txg rxg:0, 139, 0. Lr =0% Totpkt=139
04-24 12:53:05.185 1176 1176 D HuaweiWifiWatchdogStateMachine: setSampleRtt: unvalid rtt
04-24 12:53:05.185 1176 1176 I HwQoEJNI: send_cmd_kernel. begin
04-24 12:53:05.185 1176 1176 I HwQoEJNI: send_cmd_kernel. end
04-24 12:53:05.186 1176 1176 I QosMonitor: postEventFromNative: msg=100,arg1=0,arg2=10
04-24 12:53:05.186 1176 1176 I MQoS : rtt=480,tcp_tx_pkts=480942,tcp_rx_pkts=921409
04-24 12:53:05.187 1176 1406 D HuaweiWifiWatchdogStateMachine: dumpTcpResult: len=10,rtt=480,rttPkt=1,rttWn=133,cgt=0,cgtWn=0
04-24 12:53:05.188 1176 1406 I HuaweiWifiWatchdogStateMachine: PTcp RTT:0, rtt pkt=0, tcp_rx=0, tcp_tx=0, tcp_reTran=0, rtRate=0
04-24 12:53:05.188 1176 1406 D HuaweiWifiWatchdogStateMachine: mRssiBadCount =0, RSSI not bad.
04-24 12:53:05.188 1176 1406 D HuaweiWifiWatchdogStateMachine: detectNetworkAvailable:hw.wifipro.dns_fail_count = 131
04-24 12:53:05.188 1176 1406 D HuaweiWifiWatchdogStateMachine: bqeLevel = 2 rtt=0,rtt_pkts=0 speed=37 rssi=-29
04-24 12:53:05.188 1176 1406 D HuaweiWifiWatchdogStateMachine: Enter updateQoeLevel level = 2
04-24 12:53:05.188 1176 1406 D HuaweiWifiWatchdogStateMachine: updateQoeLevel current level equal to mLastDetectLevel, return
04-24 12:53:05.188 1176 1406 D HuaweiWifiWatchdogStateMachine: did not have any network action
04-24 12:53:05.200 1176 3515 I MQoS : QOS_level:0(0),wifi-link;SIM error;use level-0
04-24 12:53:05.408 1176 1338 D HwWifiStatStore: handleMessage : 200
04-24 12:53:05.731 1176 1392 D HwArpVerifier: performPollAndLog:
04-24 12:53:05.736 1176 1392 D hw_netstat: total/0/0
04-24 12:53:06.329 1176 1176 I TrafficMonitor: update:rxPkts:0,txPkts:0,rxBytes:0,txBytes:0
04-24 12:53:06.329 1176 1176 I TrafficMonitor: start expired. level:-1
04-24 12:53:06.329 1176 1176 I TrafficMonitor: gettimer:interval=2000
04-24 12:53:06.520 777 777 E : [E/capacity_limit_control] not demo version, not set power control prop!
04-24 12:53:06.884 487 620 W SocketListener: sending broadcast to Pid = 1176, Uid = 1000
04-24 12:53:06.890 1176 1332 D NetdConnector: RCV <- {613 IfaceClass idle 1 353575038827663}
04-24 12:53:06.895 1176 1332 D NetdConnector: RCV <- {613 IfaceClass idle 1 353575038827663}
04-24 12:53:06.899 1176 1202 D NetdConnector: RCV unsolicited event from native daemon, event = 613
04-24 12:53:07.320 1176 1176 I TrafficMonitor: expired arrive. level:-1
04-24 12:53:07.321 1176 1176 I TrafficMonitor: during_ms:2005,period_ms:2000
04-24 12:53:07.321 1176 1176 I TrafficMonitor: count:846,rx_sum:0,tx_sum:0,rxBytes:0,during_ms:2005,rx_speed:0.0,tx_speed:0.0,rto:0.0
04-24 12:53:07.321 1176 1176 D HuaweiWifiWatchdogStateMachine: speed: rxpkt:0, rxSpd:0B/s, txpkt:0, txSpd:0
04-24 12:53:07.693 1729 2056 D SleepClean: run sleepClean start
04-24 12:53:08.334 1176 1176 I TrafficMonitor: update:rxPkts:0,txPkts:0,rxBytes:0,txBytes:0
04-24 12:53:08.334 1176 1176 I TrafficMonitor: start expired. level:-1
04-24 12:53:08.335 1176 1176 I TrafficMonitor: gettimer:interval=2000
04-24 12:53:08.416 1176 1338 D HwWifiStatStore: handleMessage : 200
04-24 12:53:10.340 1176 1176 I TrafficMonitor: update:rxPkts:0,txPkts:0,rxBytes:0,txBytes:0
04-24 12:53:10.340 1176 1176 I TrafficMonitor: start expired. level:-1
04-24 12:53:10.341 1176 1176 I TrafficMonitor: gettimer:interval=2000
04-24 12:53:10.742 1176 1392 D HwArpVerifier: performPollAndLog:
04-24 12:53:10.746 1176 1392 D hw_netstat: total/0/0
04-24 12:53:11.422 1176 1338 D HwWifiStatStore: handleMessage : 200
04-24 12:53:11.530 777 777 E : [E/capacity_limit_control] not demo version, not set power control prop!
04-24 12:53:12.346 1176 1176 I TrafficMonitor: update:rxPkts:0,txPkts:0,rxBytes:0,txBytes:0
04-24 12:53:12.347 1176 1176 I TrafficMonitor: start expired. level:-1
04-24 12:53:12.347 1176 1176 I TrafficMonitor: gettimer:interval=2000
04-24 12:53:13.179 742 742 E wificond: Failed to get NL80211_RATE_INFO_NOISE
04-24 12:53:13.180 742 742 E wificond: Failed to get NL80211_RATE_INFO_SNR
04-24 12:53:13.180 742 742 E wificond: Failed to get NL80211_STA_INFO_CNAHLOAD
04-24 12:53:13.181 1176 1337 E WificondControl: Noise: 0, Snr: -1, Chload: -1
04-24 12:53:13.182 1176 1339 D HwWifiCHRStateManager: handleMessage : 1001
04-24 12:53:13.182 1176 1339 D HwWifiCHRStateManager: handleUpdateChannel:2412
04-24 12:53:13.182 1176 1339 V HwWifiServiceFactory: get AllImpl object = com.android.server.wifi.HwWifiServiceFactoryImpl@2205edc
04-24 12:53:13.186 742 742 E wificond: Failed to get NL80211_RATE_INFO_NOISE
04-24 12:53:13.186 742 742 E wificond: Failed to get NL80211_RATE_INFO_SNR
04-24 12:53:13.186 742 742 E wificond: Failed to get NL80211_STA_INFO_CNAHLOAD
04-24 12:53:13.188 1176 1406 D HuaweiWifiWatchdogStateMachine: LM mrssi=-29
04-24 12:53:13.188 1176 1176 D WiFi_PRO: MSG_RETURN_AP_CURRY_RSSI rssi = -29
04-24 12:53:13.188 1176 1406 I HuaweiWifiWatchdogStateMachine: spd good count:0, add sc:0.0, rate:1.0
04-24 12:53:13.189 1176 1406 I HuaweiWifiWatchdogStateMachine: current mHighDataFlowRate = 1.0
04-24 12:53:13.189 1176 1406 I HuaweiWifiWatchdogStateMachine: POta txb txg rxg:0, 139, 0. Lr =0% Totpkt=139
04-24 12:53:13.189 1176 1176 I QosMonitor: queryRtt: rtt_type = 3
04-24 12:53:13.189 1176 1176 I HwQoEJNI: send_cmd_kernel. begin
04-24 12:53:13.189 1176 1176 I HwQoEJNI: send_cmd_kernel. end
04-24 12:53:13.190 1176 1176 I QosMonitor: postEventFromNative: msg=100,arg1=4,arg2=10
04-24 12:53:13.190 1176 1176 I HwQoEJNI: send_cmd_kernel. begin
04-24 12:53:13.190 1176 1176 I HwQoEJNI: send_cmd_kernel. end
04-24 12:53:13.191 1176 1176 I QosMonitor: postEventFromNative: msg=100,arg1=0,arg2=10
04-24 12:53:13.191 1176 1176 D HuaweiWifiWatchdogStateMachine: setSampleRtt: unvalid rtt
04-24 12:53:13.191 1176 1406 D HuaweiWifiWatchdogStateMachine: dumpTcpResult: len=10,rtt=480,rttPkt=1,rttWn=141,cgt=0,cgtWn=0
04-24 12:53:13.192 1176 1176 I MQoS : rtt=480,tcp_tx_pkts=480942,tcp_rx_pkts=921409
04-24 12:53:13.192 1176 1406 I HuaweiWifiWatchdogStateMachine: PTcp RTT:0, rtt pkt=0, tcp_rx=0, tcp_tx=0, tcp_reTran=0, rtRate=0
04-24 12:53:13.192 1176 1406 D HuaweiWifiWatchdogStateMachine: mRssiBadCount =0, RSSI not bad.
04-24 12:53:13.192 1176 1406 D HuaweiWifiWatchdogStateMachine: detectNetworkAvailable:hw.wifipro.dns_fail_count = 131
04-24 12:53:13.192 1176 1406 D HuaweiWifiWatchdogStateMachine: bqeLevel = 2 rtt=0,rtt_pkts=0 speed=37 rssi=-29
04-24 12:53:13.192 1176 1406 D HuaweiWifiWatchdogStateMachine: Enter updateQoeLevel level = 2
04-24 12:53:13.192 1176 1406 D HuaweiWifiWatchdogStateMachine: updateQoeLevel current level equal to mLastDetectLevel, return
04-24 12:53:13.192 1176 1406 D HuaweiWifiWatchdogStateMachine: did not have any network action
04-24 12:53:13.203 1176 3515 I MQoS : QOS_level:0(0),wifi-link;SIM error;use level-0
04-24 12:53:13.336 1176 1176 I TrafficMonitor: expired arrive. level:-1
04-24 12:53:13.336 1176 1176 I TrafficMonitor: during_ms:2006,period_ms:2000
04-24 12:53:13.336 1176 1176 I TrafficMonitor: count:849,rx_sum:0,tx_sum:0,rxBytes:0,during_ms:2006,rx_speed:0.0,tx_speed:0.0,rto:0.0
04-24 12:53:13.336 1176 1176 D HuaweiWifiWatchdogStateMachine: speed: rxpkt:0, rxSpd:0B/s, txpkt:0, txSpd:0
04-24 12:53:14.074 1176 1302 W AlarmManager: mIsScreenOn is: false, WAKEUP alarm trigger action = ALARM_ACTION(27905) package name is: com.tencent.mm
04-24 12:53:14.079 27905 27971 I longlink_progress: on_heartbeat_alarm, time: 353582235, is_noop_timeout:0
04-24 12:53:14.080 1176 1176 V AlarmManager: Received TIME_TICK alarm; rescheduling
04-24 12:53:14.090 1176 1176 I HwAlarmManagerService: hwSetAlarm listenerTag: time_tick
04-24 12:53:14.102 1463 1463 E DateView: DateView,mCurrentTime: 1587703994101
04-24 12:53:14.116 1176 6416 W ProcBatteryStats: timer is running , not start, name: com.tencent.mm, uid: 10824, tag: PlatformComm
04-24 12:53:14.123 1463 1463 W HwKeyguardDragHelper: AnimationBlocked
04-24 12:53:14.125 1463 1463 I EventCenter: EventCenter Get :android.intent.action.TIME_TICK
04-24 12:53:14.127 1463 1463 W ResourceType: No known package when getting value for resource number 0xffffffff
04-24 12:53:14.127 1463 1463 E DateLunarView: mDateString is: 4月24日星期五
04-24 12:53:14.129 1463 1463 W ResourceType: No known package when getting value for resource number 0xffffffff
04-24 12:53:14.130 1463 1463 E DateLunarView: mDateString is: 4月24日星期五
04-24 12:53:14.133 1176 6416 V BroadcastQueue: Finished with ordered broadcast BroadcastRecord{1d90c15 u0 ALARM_ACTION(27905)}
04-24 12:53:14.133 1463 1463 D WeatherHelper: City info empty
04-24 12:53:14.137 1463 1463 D WeatherHelper: City info empty
04-24 12:53:14.138 1463 1463 D KeyguardUpdateMonitor: received broadcast android.intent.action.TIME_TICK
04-24 12:53:14.138 1463 1463 D KeyguardUpdateMonitor: handleTimeUpdate
04-24 12:53:14.138 1463 1782 I KeyguardStatusView: Runnable for refresh
04-24 12:53:14.139 1770 1770 I HwLauncher: Model onReceive intent=Intent { act=android.intent.action.TIME_TICK flg=0x50200014 hwFlg=0x900 (has extras) }
04-24 12:53:14.140 1770 1770 I HwLauncher: Model onReceive user=UserHandle{0}
04-24 12:53:14.141 1463 1463 D WeatherHelper: City info empty
04-24 12:53:14.142 27905 28003 I longlink_progress: on_heartbeat_set, time: 353582299, time interval:210000
04-24 12:53:14.144 487 620 W SocketListener: sending broadcast to Pid = 1176, Uid = 1000
04-24 12:53:14.145 1176 1332 D NetdConnector: RCV <- {613 IfaceClass active 1 353582300560474 10824}
04-24 12:53:14.147 1176 1332 D NetdConnector: RCV <- {613 IfaceClass active 1 353582300560474 10824}
04-24 12:53:14.148 1176 1202 D NetdConnector: RCV unsolicited event from native daemon, event = 613
04-24 12:53:14.157 3756 3806 I Step_LSC: 80001355|processHandleBroadcastAction action:android.intent.action.TIME_TICK
04-24 12:53:14.162 1176 1490 V BroadcastQueue: Finished with ordered broadcast BroadcastRecord{65db1cc u-1 android.intent.action.TIME_TICK}
04-24 12:53:14.166 27905 28003 I longlink_progress: on_heartbeat_set, time: 353582323, time interval:210000
04-24 12:53:14.226 1463 1463 D WeatherHelper: City info empty
04-24 12:53:14.226 1463 1463 D DateTimeView: Change to single clock mode!
04-24 12:53:14.228 1463 1463 D WeatherHelper: City info empty
04-24 12:53:14.229 1463 1463 D WeatherHelper: City info empty
04-24 12:53:14.229 1463 1463 D DateTimeView: Change to single clock mode!
04-24 12:53:14.231 1463 1463 D WeatherHelper: City info empty
04-24 12:53:14.348 1176 1176 I TrafficMonitor: update:rxPkts:1,txPkts:2,rxBytes:77,txBytes:117
04-24 12:53:14.348 1176 1176 I TrafficMonitor: start expired. level:-1
04-24 12:53:14.348 1176 1176 I TrafficMonitor: gettimer:interval=2000
04-24 12:53:14.428 1176 1338 D HwWifiStatStore: handleMessage : 200
04-24 12:53:15.125 1176 1490 W ProcBatteryStats: timer is not running , not stop, name: com.tencent.mm, uid: 10824, tag: PlatformComm
04-24 12:53:15.752 1176 1392 D HwArpVerifier: performPollAndLog:
04-24 12:53:15.756 1176 1392 D hw_netstat: total/77/117,com.tencent.mm/77/117
04-24 12:53:16.354 1176 1176 I TrafficMonitor: update:rxPkts:0,txPkts:0,rxBytes:0,txBytes:0
04-24 12:53:16.354 1176 1176 I TrafficMonitor: start expired. level:-1
04-24 12:53:16.354 1176 1176 I TrafficMonitor: gettimer:interval=2000
04-24 12:53:16.540 777 777 E : [E/capacity_limit_control] not demo version, not set power control prop!
04-24 12:53:17.432 1176 1338 D HwWifiStatStore: handleMessage : 200
04-24 12:53:17.922 1729 23345 I DownloadState: 10824 transmitting data speed : 38 bytes/s scroff: true
04-24 12:53:18.242 3756 3774 D LogUtil_LogConfig: obtainSavePath(): path = 1
04-24 12:53:18.245 3756 3774 D LogUtil_LogConfig: getLogFile(): logFilePath = /data/data/com.huawei.health/files/com.huawei.health/com.huawei.health_DaemonService/
04-24 12:53:18.245 3756 3774 D LogUtil_LogConfig: obtainSavePath(): path = 1
04-24 12:53:18.246 3756 3774 D LogUtil_LogConfig: acquireMaxLogFileLengthContainsOffset describe: com.huawei.health:DaemonService result:5242880
04-24 12:53:18.246 3756 3774 D LogUtil_LogConfig: obtainSavePath(): path = 1
04-24 12:53:18.247 3756 3774 D LogUtil_LogConfig: getLogFileRoot(): logFilePath = /data/data/com.huawei.health/files/com.huawei.health/com.huawei.health_DaemonService/
04-24 12:53:18.360 1176 1176 I TrafficMonitor: update:rxPkts:0,txPkts:0,rxBytes:0,txBytes:0
04-24 12:53:18.360 1176 1176 I TrafficMonitor: start expired. level:-1
04-24 12:53:18.360 1176 1176 I TrafficMonitor: gettimer:interval=2000
04-24 12:53:19.350 1176 1176 I TrafficMonitor: expired arrive. level:-1
04-24 12:53:19.351 1176 1176 I TrafficMonitor: during_ms:2006,period_ms:2000
04-24 12:53:19.351 1176 1176 I TrafficMonitor: count:852,rx_sum:0,tx_sum:0,rxBytes:0,during_ms:2006,rx_speed:0.0,tx_speed:0.0,rto:0.0
04-24 12:53:19.351 1176 1176 D HuaweiWifiWatchdogStateMachine: speed: rxpkt:0, rxSpd:0B/s, txpkt:0, txSpd:0
04-24 12:53:19.482 1176 1589 W Watchdog: hungtask: writing kick
04-24 12:53:19.485 1176 1202 I EventHub: EventHub monitor: no key events in the past 2533s, no motion events in the past 2534s
04-24 12:53:20.364 1176 1176 I TrafficMonitor: update:rxPkts:0,txPkts:0,rxBytes:0,txBytes:0
04-24 12:53:20.364 1176 1176 I TrafficMonitor: start expired. level:-1
04-24 12:53:20.364 1176 1176 I TrafficMonitor: gettimer:interval=2000
04-24 12:53:20.439 1176 1338 D HwWifiStatStore: handleMessage : 200
04-24 12:53:20.763 1176 1392 D HwArpVerifier: performPollAndLog:
04-24 12:53:20.767 1176 1392 D hw_netstat: total/0/0
04-24 12:53:21.191 742 742 E wificond: Failed to get NL80211_RATE_INFO_NOISE
04-24 12:53:21.192 742 742 E wificond: Failed to get NL80211_RATE_INFO_SNR
04-24 12:53:21.192 742 742 E wificond: Failed to get NL80211_STA_INFO_CNAHLOAD
04-24 12:53:21.193 1176 1337 E WificondControl: Noise: 0, Snr: -1, Chload: -1
04-24 12:53:21.194 1176 1339 D HwWifiCHRStateManager: handleMessage : 1001
04-24 12:53:21.194 1176 1339 D HwWifiCHRStateManager: handleUpdateChannel:2412
04-24 12:53:21.195 1176 1339 V HwWifiServiceFactory: get AllImpl object = com.android.server.wifi.HwWifiServiceFactoryImpl@2205edc
04-24 12:53:21.198 742 742 E wificond: Failed to get NL80211_RATE_INFO_NOISE
04-24 12:53:21.198 742 742 E wificond: Failed to get NL80211_RATE_INFO_SNR
04-24 12:53:21.198 742 742 E wificond: Failed to get NL80211_STA_INFO_CNAHLOAD
04-24 12:53:21.200 1176 1406 D HuaweiWifiWatchdogStateMachine: LM mrssi=-28
04-24 12:53:21.200 1176 1176 D WiFi_PRO: MSG_RETURN_AP_CURRY_RSSI rssi = -28
04-24 12:53:21.200 1176 1406 D HuaweiWifiWatchdogStateMachine: a4:fa:**:**:eb:b0 current loss[-45]=0%, volume=2
04-24 12:53:21.200 1176 1176 I QosMonitor: queryRtt: rtt_type = 3
04-24 12:53:21.200 1176 1406 D HuaweiWifiWatchdogStateMachine: a4:fa:**:**:eb:b0 history loss[-45]=0%, volume=13825611
04-24 12:53:21.201 1176 1406 I HuaweiWifiWatchdogStateMachine: spd good count:0, add sc:0.0, rate:1.0
04-24 12:53:21.201 1176 1406 I HuaweiWifiWatchdogStateMachine: current mHighDataFlowRate = 1.0
04-24 12:53:21.201 1176 1406 I HuaweiWifiWatchdogStateMachine: POta txb txg rxg:0, 141, 0. Lr =0% Totpkt=141
04-24 12:53:21.201 1176 1176 I HwQoEJNI: send_cmd_kernel. begin
04-24 12:53:21.202 1176 1176 I HwQoEJNI: send_cmd_kernel. end
04-24 12:53:21.202 1176 1176 I QosMonitor: postEventFromNative: msg=100,arg1=4,arg2=10
04-24 12:53:21.202 1176 1176 I HwQoEJNI: send_cmd_kernel. begin
04-24 12:53:21.203 1176 1176 I HwQoEJNI: send_cmd_kernel. end
04-24 12:53:21.203 1176 1176 I QosMonitor: postEventFromNative: msg=100,arg1=0,arg2=10
04-24 12:53:21.203 1176 1176 D HuaweiWifiWatchdogStateMachine: a4:fa:**:**:eb:b0 current RTT[-45]=160, volume=1
04-24 12:53:21.203 1176 1176 D HuaweiWifiWatchdogStateMachine: a4:fa:**:**:eb:b0 history RTT[-45]=510, volume=60852
04-24 12:53:21.203 1176 1176 D HuaweiWifiWatchdogStateMachine: setSampleRtt: rtt=160,rtt_pkts =1,rtt_when=7
04-24 12:53:21.204 1176 1176 I MQoS : rtt=160,tcp_tx_pkts=480944,tcp_rx_pkts=921410
04-24 12:53:21.204 1176 1176 I QosMonitor: resetRtt: rtt_type = 3
04-24 12:53:21.204 1176 1176 I HwQoEJNI: send_cmd_kernel. begin
04-24 12:53:21.204 1176 1176 I HwQoEJNI: send_cmd_kernel. end
04-24 12:53:21.204 1176 3109 D HwUidTcpMonitor: parseWlanUidTcpStatistics lastUidTcpStatInfo = [ mUid = 10824 mPacketName = com.tencent.mm mSendSegs = 205 mResendSegs = 0 mRcvSegs = 147 ]
04-24 12:53:21.205 1176 1406 D HuaweiWifiWatchdogStateMachine: dumpTcpResult: len=10,rtt=160,rttPkt=1,rttWn=7,cgt=0,cgtWn=0
04-24 12:53:21.205 1176 1406 I HuaweiWifiWatchdogStateMachine: PTcp RTT:0, rtt pkt=0, tcp_rx=1, tcp_tx=2, tcp_reTran=0, rtRate=0
04-24 12:53:21.205 1176 1406 D HuaweiWifiWatchdogStateMachine: mRssiBadCount =0, RSSI not bad.
04-24 12:53:21.206 1176 1406 D HuaweiWifiWatchdogStateMachine: detectNetworkAvailable:hw.wifipro.dns_fail_count = 131
04-24 12:53:21.206 1176 1406 D HuaweiWifiWatchdogStateMachine: detectNetworkAvailable: tcpRxPkts != 0, reset
04-24 12:53:21.206 1176 1406 D HuaweiWifiWatchdogStateMachine: bqeLevel = 2 rtt=0,rtt_pkts=0 speed=37 rssi=-28
04-24 12:53:21.206 1176 1406 D HuaweiWifiWatchdogStateMachine: Enter updateQoeLevel level = 2
04-24 12:53:21.206 1176 1406 D HuaweiWifiWatchdogStateMachine: updateQoeLevel current level equal to mLastDetectLevel, return
04-24 12:53:21.206 1176 1406 D HuaweiWifiWatchdogStateMachine: did not have any network action
04-24 12:53:21.213 1176 3515 I MQoS : QOS_level:0(0),wifi-link;SIM error;use level-0
04-24 12:53:21.549 777 777 E : [E/capacity_limit_control] not demo version, not set power control prop!
04-24 12:53:22.369 1176 1176 I TrafficMonitor: update:rxPkts:0,txPkts:0,rxBytes:0,txBytes:0
04-24 12:53:22.369 1176 1176 I TrafficMonitor: start expired. level:-1
04-24 12:53:22.369 1176 1176 I TrafficMonitor: gettimer:interval=2000
04-24 12:53:23.446 1176 1338 D HwWifiStatStore: handleMessage : 200
04-24 12:53:24.156 1176 11623 V BroadcastQueue: Finished with ordered broadcast BroadcastRecord{6978582 u0 com.tencent.mm.plugin.report.service.KVCommCrossProcessReceiver}
04-24 12:53:24.372 1176 1176 I TrafficMonitor: update:rxPkts:0,txPkts:0,rxBytes:0,txBytes:0
04-24 12:53:24.372 1176 1176 I TrafficMonitor: start expired. level:-1
04-24 12:53:24.372 1176 1176 I TrafficMonitor: gettimer:interval=2000
04-24 12:53:25.236 1176 1392 D HwArpVerifier: getIpRouteTable
04-24 12:53:25.365 1176 1176 I TrafficMonitor: expired arrive. level:-1
04-24 12:53:25.365 1176 1176 I TrafficMonitor: during_ms:2003,period_ms:2000
04-24 12:53:25.365 1176 1176 I TrafficMonitor: count:855,rx_sum:0,tx_sum:0,rxBytes:0,during_ms:2003,rx_speed:0.0,tx_speed:0.0,rto:0.0
04-24 12:53:25.365 1176 1176 D HuaweiWifiWatchdogStateMachine: speed: rxpkt:0, rxSpd:0B/s, txpkt:0, txSpd:0
04-24 12:53:25.383 1176 1392 D HwArpVerifier: Notify wifi default route is ok
04-24 12:53:25.769 1176 1392 D HwArpVerifier: performPollAndLog:
04-24 12:53:25.774 1176 1392 D hw_netstat: total/0/0
04-24 12:53:26.376 1176 1176 I TrafficMonitor: update:rxPkts:0,txPkts:0,rxBytes:0,txBytes:0
04-24 12:53:26.377 1176 1176 I TrafficMonitor: start expired. level:-1
04-24 12:53:26.377 1176 1176 I TrafficMonitor: gettimer:interval=2000
04-24 12:53:26.452 1176 1338 D HwWifiStatStore: handleMessage : 200
04-24 12:53:26.560 777 777 E : [E/capacity_limit_control] not demo version, not set power control prop!
04-24 12:53:26.583 1176 1288 D HwBatteryService: onUEvent fcpStatus = 0,scpStatus =0,ovpStatus=0
04-24 12:53:26.585 1176 1288 I UsbDeviceManager: water_intrused state= 0
04-24 12:53:26.600 1176 1176 D HwInnerWifiManagerImpl: SupplicantState = COMPLETED
04-24 12:53:26.601 1176 1176 D HwInnerWifiManagerImpl: isPhoneAP = false
04-24 12:53:26.603 1176 1176 D HwInnerWifiManagerImpl: SupplicantState = COMPLETED
04-24 12:53:26.603 1176 1176 D HwInnerWifiManagerImpl: isPhoneAP = false
04-24 12:53:26.603 1176 1176 D WifiStateMachine: mBcastReceiver: PluggedType = 2 mIsScanCtrlPluggedin = true
04-24 12:53:26.604 1176 1176 D HwWifiService: mPluggedType =2
04-24 12:53:26.604 1176 1176 D WifiService: onReceive, action:android.intent.action.BATTERY_CHANGED
04-24 12:53:26.605 1176 1176 D WifiService: ACTION_BATTERY_CHANGED pluggedType: 2
04-24 12:53:26.609 1729 1729 I MsgReceiver: intent action: android.intent.action.BATTERY_CHANGED
04-24 12:53:26.609 1463 1463 D KeyguardUpdateMonitor: received broadcast android.intent.action.BATTERY_CHANGED
04-24 12:53:26.609 1463 1463 W KeyguardUpdateMonitor: ACTION_BATTERY_CHANGED AMP: 500000; Volt: 5000000
04-24 12:53:26.613 1463 1463 V KeyguardUpdateMonitor: RefreshBatteryInfo isBatteryLow: 76
04-24 12:53:26.614 1463 1463 W KeyguardUpdateMonitor: ChargingSpeed Wattage: 2500000 ST: 5000000 --> 7500000
04-24 12:53:26.614 1463 1463 I KgBattery: BatteryInfo updated: 2lPc0
04-24 12:53:26.615 1463 1463 W AppHandler: sendMessage with obj100
