04-24 12:35:52.207 1176 1339 V HwWifiServiceFactory: get AllImpl object = com.android.server.wifi.HwWifiServiceFactoryImpl@2205edc
04-24 12:35:52.207 1176 1392 D HwArpVerifier: check_wifi_state_mode = 0 mCheckStateToken=25 token25
04-24 12:35:52.209 1176 1392 D wifiserviceimpl: netmask =16777215
04-24 12:35:52.211 742 742 E wificond: Failed to get NL80211_RATE_INFO_NOISE
04-24 12:35:52.211 1176 1392 D HWMultiGW: setGateWay 192.168.1.1
04-24 12:35:52.211 742 742 E wificond: Failed to get NL80211_RATE_INFO_SNR
04-24 12:35:52.211 742 742 E wificond: Failed to get NL80211_STA_INFO_CNAHLOAD
04-24 12:35:52.215 1176 1406 D HuaweiWifiWatchdogStateMachine: LM mrssi=-28
04-24 12:35:52.216 1176 1406 D HuaweiWifiWatchdogStateMachine: a4:fa:**:**:eb:b0 current loss[-45]=0%, volume=3
04-24 12:35:52.216 1176 1176 D WiFi_PRO: MSG_RETURN_AP_CURRY_RSSI rssi = -28
04-24 12:35:52.216 1176 1406 D HuaweiWifiWatchdogStateMachine: a4:fa:**:**:eb:b0 history loss[-45]=0%, volume=13825523
04-24 12:35:52.217 1176 1406 I HuaweiWifiWatchdogStateMachine: spd good count:0, add sc:0.0, rate:1.0
04-24 12:35:52.217 1176 1176 I QosMonitor: queryRtt: rtt_type = 3
04-24 12:35:52.218 1106 1119 I OAM : [check_file_size:505]/data/log/wifi/wifi_log_1 log file beyond size=10240Byte, creat new file
04-24 12:35:52.218 1106 1119 I OAM : [rename_old_file:210]rename_old_file
04-24 12:35:52.218 1106 1119 I OAM :
04-24 12:35:52.219 1176 1406 D HuaweiWifiWatchdogStateMachine: high data flow: protection_counter = 0, not_detect_counter = 350
04-24 12:35:52.218 1176 1176 I HwQoEJNI: send_cmd_kernel. begin
04-24 12:35:52.219 1176 1406 D HuaweiWifiWatchdogStateMachine: high data flow scenario: 0 --> 0 rx bytes =0KB
04-24 12:35:52.219 1176 1176 I HwQoEJNI: send_cmd_kernel. end
04-24 12:35:52.219 1176 1406 I HuaweiWifiWatchdogStateMachine: current mHighDataFlowRate = 1.0
04-24 12:35:52.219 1176 1176 I QosMonitor: postEventFromNative: msg=100,arg1=4,arg2=10
04-24 12:35:52.219 1176 1406 I HuaweiWifiWatchdogStateMachine: POta txb txg rxg:0, 53, 0. Lr =0% Totpkt=53
04-24 12:35:52.223 1176 1176 I HwQoEJNI: send_cmd_kernel. begin
04-24 12:35:52.223 1176 1176 I HwQoEJNI: send_cmd_kernel. end
04-24 12:35:52.223 1176 1176 I QosMonitor: postEventFromNative: msg=100,arg1=0,arg2=10
04-24 12:35:52.224 1176 1176 D HuaweiWifiWatchdogStateMachine: a4:fa:**:**:eb:b0 current RTT[-45]=1120, volume=1
04-24 12:35:52.224 1176 1176 D HuaweiWifiWatchdogStateMachine: a4:fa:**:**:eb:b0 history RTT[-45]=511, volume=60844
04-24 12:35:52.224 1176 1176 D HuaweiWifiWatchdogStateMachine: setSampleRtt: rtt=1120,rtt_pkts =1,rtt_when=0
04-24 12:35:52.224 1176 1176 I MQoS : rtt=640,tcp_tx_pkts=480928,tcp_rx_pkts=921402
04-24 12:35:52.224 1176 1176 I QosMonitor: resetRtt: rtt_type = 3
04-24 12:35:52.224 1176 1176 I HwQoEJNI: send_cmd_kernel. begin
04-24 12:35:52.224 1176 1176 I HwQoEJNI: send_cmd_kernel. end
04-24 12:35:52.225 1176 1406 D HuaweiWifiWatchdogStateMachine: dumpTcpResult: len=10,rtt=640,rttPkt=2,rttWn=0,cgt=0,cgtWn=0
04-24 12:35:52.226 1176 1406 I HuaweiWifiWatchdogStateMachine: PTcp RTT:0, rtt pkt=0, tcp_rx=1, tcp_tx=2, tcp_reTran=0, rtRate=0
04-24 12:35:52.226 1176 1406 D HuaweiWifiWatchdogStateMachine: mRssiBadCount =0, RSSI not bad.
04-24 12:35:52.226 1176 1406 D HuaweiWifiWatchdogStateMachine: detectNetworkAvailable:hw.wifipro.dns_fail_count = 131
04-24 12:35:52.226 1176 1406 D HuaweiWifiWatchdogStateMachine: detectNetworkAvailable: tcpRxPkts != 0, reset
04-24 12:35:52.226 1176 1406 D HuaweiWifiWatchdogStateMachine: bqeLevel = 2 rtt=0,rtt_pkts=0 speed=37 rssi=-28
04-24 12:35:52.226 1176 1406 D HuaweiWifiWatchdogStateMachine: Enter updateQoeLevel level = 2
04-24 12:35:52.226 1176 1406 D HuaweiWifiWatchdogStateMachine: updateQoeLevel current level equal to mLastDetectLevel, return
04-24 12:35:52.226 1176 1406 D HuaweiWifiWatchdogStateMachine: did not have any network action
04-24 12:35:52.229 1176 3515 I MQoS : QOS_level:0(0),wifi-link;SIM error;use level-0
04-24 12:35:52.385 1176 1176 I TrafficMonitor: expired arrive. level:-1
04-24 12:35:52.385 1176 1176 I TrafficMonitor: during_ms:2003,period_ms:2000
04-24 12:35:52.385 1176 1176 I TrafficMonitor: count:514,rx_sum:0,tx_sum:1,rxBytes:0,during_ms:2003,rx_speed:0.0,tx_speed:37.443834248627056,rto:0.0
04-24 12:35:52.385 1176 1176 D HuaweiWifiWatchdogStateMachine: speed: rxpkt:0, rxSpd:0B/s, txpkt:1, txSpd:37
04-24 12:35:53.213 1176 1392 D HwArpVerifier: getGateWayARPResponses: arp rtt = 0
04-24 12:35:53.214 1176 1392 E HwCHRWifiRSSIGroupSummery: updatArpSummery mRSSI:-28 HwCHRWifiRSSIGroup [rssi_index=4, rtt_tcp_packets=0, rtt_tcp_duration=0, rtt_lan_duration=7510, rtt_lan_failures=0, rtt_lan_succ=361, rtt_lan_max=939, rtt_lan_min=0,same_area_frequency=0,adjacent_area_frequency=0]
04-24 12:35:53.310 1176 1392 D HwArpVerifier: There are 1 mac address for gateway
04-24 12:35:53.310 1176 1392 D HwArpVerifier: from HEART_CHECK transmit to state:HEART_CHECK
04-24 12:35:53.311 1176 1392 D HwArpVerifier: msg what=124 arg1(token)=25 arg2(mode)=0 delay=30000
04-24 12:35:53.311 1176 1392 D HwArpVerifier: performPollAndLog:
04-24 12:35:53.315 1176 1392 D hw_netstat: total/131/199,android.uid.system:1000/75/115,unknown:0/56/84
04-24 12:35:53.316 1176 1392 D HwArpVerifier: getIpRouteTable
04-24 12:35:53.382 1176 1392 D HwArpVerifier: Notify wifi default route is ok
04-24 12:35:53.395 1176 1176 I TrafficMonitor: update:rxPkts:2,txPkts:2,rxBytes:131,txBytes:124
04-24 12:35:53.395 1176 1176 I TrafficMonitor: start expired. level:-1
04-24 12:35:53.395 1176 1176 I TrafficMonitor: gettimer:interval=2000
04-24 12:35:53.758 777 777 E : [E/capacity_limit_control] not demo version, not set power control prop!
04-24 12:35:53.790 1176 11623 V BroadcastQueue: Finished with ordered broadcast BroadcastRecord{fb14ce4 u0 com.tencent.mm.plugin.report.service.KVCommCrossProcessReceiver}
04-24 12:35:53.812 1176 1288 D HwBatteryService: onUEvent fcpStatus = 0,scpStatus =0,ovpStatus=0
04-24 12:35:53.815 1176 1288 I UsbDeviceManager: water_intrused state= 0
04-24 12:35:53.826 1176 1176 D HwInnerWifiManagerImpl: SupplicantState = COMPLETED
04-24 12:35:53.826 1176 1176 D HwInnerWifiManagerImpl: isPhoneAP = false
04-24 12:35:53.826 1176 1176 D HwInnerWifiManagerImpl: SupplicantState = COMPLETED
04-24 12:35:53.826 1176 1176 D HwInnerWifiManagerImpl: isPhoneAP = false
04-24 12:35:53.826 1176 1176 D WifiStateMachine: mBcastReceiver: PluggedType = 2 mIsScanCtrlPluggedin = true
04-24 12:35:53.827 1176 1176 D HwWifiService: mPluggedType =2
04-24 12:35:53.827 1176 1176 D WifiService: onReceive, action:android.intent.action.BATTERY_CHANGED
04-24 12:35:53.827 1176 1176 D WifiService: ACTION_BATTERY_CHANGED pluggedType: 2
04-24 12:35:53.828 1463 1463 D KeyguardUpdateMonitor: received broadcast android.intent.action.BATTERY_CHANGED
04-24 12:35:53.828 1463 1463 W KeyguardUpdateMonitor: ACTION_BATTERY_CHANGED AMP: 500000; Volt: 5000000
04-24 12:35:53.828 1463 1463 V KeyguardUpdateMonitor: RefreshBatteryInfo isBatteryLow: 73
04-24 12:35:53.828 1463 1463 W KeyguardUpdateMonitor: ChargingSpeed Wattage: 2500000 ST: 5000000 --> 7500000
04-24 12:35:53.828 1463 1463 I KgBattery: BatteryInfo updated: 2lPc0
04-24 12:35:53.828 1463 1463 W AppHandler: sendMessage with obj100
04-24 12:35:53.828 1463 1463 D KeyguardUpdateMonitor: handleBatteryUpdate
04-24 12:35:53.829 1463 1463 W HwLockScreenPanel: Handle message: 100
04-24 12:35:53.829 1463 1463 W HwKeyguardBottomArea: updateBatteryInfo : false true
04-24 12:35:53.829 1463 1463 W KgBattery: getCharge info with type: text
04-24 12:35:53.829 5515 5671 E CloudAlbum[8.1.2.309]: [ReceiverManager] not log on ignore
04-24 12:35:53.829 1729 1729 I MsgReceiver: intent action: android.intent.action.BATTERY_CHANGED
04-24 12:35:53.832 1463 1463 W HwLockScreenPanel: refreshBatteryInfo: null
04-24 12:35:54.198 1176 1338 D HwWifiStatStore: handleMessage : 200
04-24 12:35:55.400 1176 1176 I TrafficMonitor: update:rxPkts:0,txPkts:0,rxBytes:0,txBytes:0
04-24 12:35:55.401 1176 1176 I TrafficMonitor: start expired. level:-1
04-24 12:35:55.401 1176 1176 I TrafficMonitor: gettimer:interval=2000
04-24 12:35:57.205 1176 1338 D HwWifiStatStore: handleMessage : 200
04-24 12:35:57.407 1176 1176 I TrafficMonitor: update:rxPkts:0,txPkts:0,rxBytes:0,txBytes:0
04-24 12:35:57.407 1176 1176 I TrafficMonitor: start expired. level:-1
04-24 12:35:57.407 1176 1176 I TrafficMonitor: gettimer:interval=2000
04-24 12:35:58.321 1176 1392 D HwArpVerifier: performPollAndLog:
04-24 12:35:58.326 1176 1392 D hw_netstat: total/0/0
04-24 12:35:58.398 1176 1176 I TrafficMonitor: expired arrive. level:-1
04-24 12:35:58.398 1176 1176 I TrafficMonitor: during_ms:2006,period_ms:2000
04-24 12:35:58.398 1176 1176 I TrafficMonitor: count:517,rx_sum:0,tx_sum:0,rxBytes:0,during_ms:2006,rx_speed:0.0,tx_speed:0.0,rto:0.0
04-24 12:35:58.398 1176 1176 D HuaweiWifiWatchdogStateMachine: speed: rxpkt:0, rxSpd:0B/s, txpkt:0, txSpd:0
04-24 12:35:58.818 777 777 E : [E/capacity_limit_control] not demo version, not set power control prop!
04-24 12:35:59.412 1176 1176 I TrafficMonitor: update:rxPkts:0,txPkts:0,rxBytes:0,txBytes:0
04-24 12:35:59.412 1176 1176 I TrafficMonitor: start expired. level:-1
04-24 12:35:59.413 1176 1176 I TrafficMonitor: gettimer:interval=2000
04-24 12:36:00.212 742 742 E wificond: Failed to get NL80211_RATE_INFO_NOISE
04-24 12:36:00.212 742 742 E wificond: Failed to get NL80211_RATE_INFO_SNR
04-24 12:36:00.212 742 742 E wificond: Failed to get NL80211_STA_INFO_CNAHLOAD
04-24 12:36:00.213 1176 1337 E WificondControl: Noise: 0, Snr: -1, Chload: -1
04-24 12:36:00.215 1176 1339 D HwWifiCHRStateManager: handleMessage : 1001
04-24 12:36:00.215 1176 1339 D HwWifiCHRStateManager: handleUpdateChannel:2412
04-24 12:36:00.215 1176 1339 V HwWifiServiceFactory: get AllImpl object = com.android.server.wifi.HwWifiServiceFactoryImpl@2205edc
04-24 12:36:00.219 742 742 E wificond: Failed to get NL80211_RATE_INFO_NOISE
04-24 12:36:00.219 742 742 E wificond: Failed to get NL80211_RATE_INFO_SNR
04-24 12:36:00.220 742 742 E wificond: Failed to get NL80211_STA_INFO_CNAHLOAD
04-24 12:36:00.220 1176 1338 D HwWifiStatStore: handleMessage : 200
04-24 12:36:00.221 1176 1406 D HuaweiWifiWatchdogStateMachine: LM mrssi=-29
04-24 12:36:00.221 1176 1176 D WiFi_PRO: MSG_RETURN_AP_CURRY_RSSI rssi = -29
04-24 12:36:00.222 1176 1406 D HuaweiWifiWatchdogStateMachine: a4:fa:**:**:eb:b0 current loss[-45]=0%, volume=2
04-24 12:36:00.222 1176 1176 I QosMonitor: queryRtt: rtt_type = 3
04-24 12:36:00.222 1176 1406 D HuaweiWifiWatchdogStateMachine: a4:fa:**:**:eb:b0 history loss[-45]=0%, volume=13825525
04-24 12:36:00.222 1176 1176 I HwQoEJNI: send_cmd_kernel. begin
04-24 12:36:00.223 1176 1176 I HwQoEJNI: send_cmd_kernel. end
04-24 12:36:00.223 1176 1176 I QosMonitor: postEventFromNative: msg=100,arg1=4,arg2=10
04-24 12:36:00.223 1176 1406 I HuaweiWifiWatchdogStateMachine: spd good count:0, add sc:0.0, rate:1.0
04-24 12:36:00.223 1176 1406 I HuaweiWifiWatchdogStateMachine: current mHighDataFlowRate = 1.0
04-24 12:36:00.223 1176 1406 I HuaweiWifiWatchdogStateMachine: POta txb txg rxg:0, 55, 0. Lr =0% Totpkt=55
04-24 12:36:00.223 1176 1176 D HuaweiWifiWatchdogStateMachine: setSampleRtt: rtt=0,rtt_pkts =0,rtt_when=8
04-24 12:36:00.223 1176 1176 I QosMonitor: resetRtt: rtt_type = 3
04-24 12:36:00.223 1176 1176 I HwQoEJNI: send_cmd_kernel. begin
04-24 12:36:00.224 1176 1176 I HwQoEJNI: send_cmd_kernel. end
04-24 12:36:00.224 1176 1176 I HwQoEJNI: send_cmd_kernel. begin
04-24 12:36:00.224 1176 1176 I HwQoEJNI: send_cmd_kernel. end
04-24 12:36:00.224 1176 1176 I QosMonitor: postEventFromNative: msg=100,arg1=0,arg2=10
04-24 12:36:00.225 1176 1176 I MQoS : rtt=640,tcp_tx_pkts=480928,tcp_rx_pkts=921402
04-24 12:36:00.228 1176 1406 D HuaweiWifiWatchdogStateMachine: dumpTcpResult: len=10,rtt=640,rttPkt=2,rttWn=8,cgt=0,cgtWn=0
04-24 12:36:00.228 1176 1406 I HuaweiWifiWatchdogStateMachine: PTcp RTT:0, rtt pkt=0, tcp_rx=0, tcp_tx=0, tcp_reTran=0, rtRate=0
04-24 12:36:00.228 1176 1406 D HuaweiWifiWatchdogStateMachine: mRssiBadCount =0, RSSI not bad.
04-24 12:36:00.229 1176 1406 D HuaweiWifiWatchdogStateMachine: detectNetworkAvailable:hw.wifipro.dns_fail_count = 131
04-24 12:36:00.229 1176 1406 D HuaweiWifiWatchdogStateMachine: bqeLevel = 2 rtt=0,rtt_pkts=0 speed=37 rssi=-29
04-24 12:36:00.229 1176 1406 D HuaweiWifiWatchdogStateMachine: Enter updateQoeLevel level = 2
04-24 12:36:00.229 1176 1406 D HuaweiWifiWatchdogStateMachine: updateQoeLevel current level equal to mLastDetectLevel, return
04-24 12:36:00.229 1176 1406 D HuaweiWifiWatchdogStateMachine: did not have any network action
04-24 12:36:00.236 1176 3515 I MQoS : QOS_level:0(0),wifi-link;SIM error;use level-0
04-24 12:36:01.417 1176 1176 I TrafficMonitor: update:rxPkts:0,txPkts:0,rxBytes:0,txBytes:0
04-24 12:36:01.418 1176 1176 I TrafficMonitor: start expired. level:-1
04-24 12:36:01.418 1176 1176 I TrafficMonitor: gettimer:interval=2000
04-24 12:36:03.227 1176 1338 D HwWifiStatStore: handleMessage : 200
04-24 12:36:03.331 1176 1392 D HwArpVerifier: performPollAndLog:
04-24 12:36:03.336 1176 1392 D hw_netstat: total/0/0
04-24 12:36:03.423 1176 1176 I TrafficMonitor: update:rxPkts:0,txPkts:0,rxBytes:0,txBytes:0
04-24 12:36:03.423 1176 1176 I TrafficMonitor: start expired. level:-1
04-24 12:36:03.424 1176 1176 I TrafficMonitor: gettimer:interval=2000
04-24 12:36:03.828 777 777 E : [E/capacity_limit_control] not demo version, not set power control prop!
04-24 12:36:04.414 1176 1176 I TrafficMonitor: expired arrive. level:-1
04-24 12:36:04.414 1176 1176 I TrafficMonitor: during_ms:2006,period_ms:2000
04-24 12:36:04.415 1176 1176 I TrafficMonitor: count:520,rx_sum:0,tx_sum:0,rxBytes:0,during_ms:2006,rx_speed:0.0,tx_speed:0.0,rto:0.0
04-24 12:36:04.415 1176 1176 D HuaweiWifiWatchdogStateMachine: speed: rxpkt:0, rxSpd:0B/s, txpkt:0, txSpd:0
04-24 12:36:05.426 1176 1176 I TrafficMonitor: update:rxPkts:0,txPkts:0,rxBytes:0,txBytes:0
04-24 12:36:05.426 1176 1176 I TrafficMonitor: start expired. level:-1
04-24 12:36:05.426 1176 1176 I TrafficMonitor: gettimer:interval=2000
04-24 12:36:06.232 1176 1338 D HwWifiStatStore: handleMessage : 200
04-24 12:36:06.724 487 620 W SocketListener: sending broadcast to Pid = 1176, Uid = 1000
04-24 12:36:06.730 1176 1332 D NetdConnector: RCV <- {613 IfaceClass idle 1 352554878775735}
04-24 12:36:06.734 1176 1332 D NetdConnector: RCV <- {613 IfaceClass idle 1 352554878775735}
04-24 12:36:06.738 1176 1202 D NetdConnector: RCV unsolicited event from native daemon, event = 613
04-24 12:36:07.432 1176 1176 I TrafficMonitor: update:rxPkts:0,txPkts:0,rxBytes:0,txBytes:0
04-24 12:36:07.432 1176 1176 I TrafficMonitor: start expired. level:-1
04-24 12:36:07.432 1176 1176 I TrafficMonitor: gettimer:interval=2000
04-24 12:36:08.223 742 742 E wificond: Failed to get NL80211_RATE_INFO_NOISE
04-24 12:36:08.223 742 742 E wificond: Failed to get NL80211_RATE_INFO_SNR
04-24 12:36:08.223 742 742 E wificond: Failed to get NL80211_STA_INFO_CNAHLOAD
04-24 12:36:08.224 1176 1337 E WificondControl: Noise: 0, Snr: -1, Chload: -1
04-24 12:36:08.225 1176 1339 D HwWifiCHRStateManager: handleMessage : 1001
04-24 12:36:08.225 1176 1339 D HwWifiCHRStateManager: handleUpdateChannel:2412
04-24 12:36:08.225 1176 1339 V HwWifiServiceFactory: get AllImpl object = com.android.server.wifi.HwWifiServiceFactoryImpl@2205edc
04-24 12:36:08.229 742 742 E wificond: Failed to get NL80211_RATE_INFO_NOISE
04-24 12:36:08.229 742 742 E wificond: Failed to get NL80211_RATE_INFO_SNR
04-24 12:36:08.229 742 742 E wificond: Failed to get NL80211_STA_INFO_CNAHLOAD
04-24 12:36:08.231 1176 1406 D HuaweiWifiWatchdogStateMachine: LM mrssi=-29
04-24 12:36:08.231 1176 1176 D WiFi_PRO: MSG_RETURN_AP_CURRY_RSSI rssi = -29
04-24 12:36:08.231 1176 1176 I QosMonitor: queryRtt: rtt_type = 3
04-24 12:36:08.232 1176 1176 I HwQoEJNI: send_cmd_kernel. begin
04-24 12:36:08.232 1176 1406 I HuaweiWifiWatchdogStateMachine: spd good count:0, add sc:0.0, rate:1.0
04-24 12:36:08.232 1176 1406 I HuaweiWifiWatchdogStateMachine: current mHighDataFlowRate = 1.0
04-24 12:36:08.232 1176 1176 I HwQoEJNI: send_cmd_kernel. end
04-24 12:36:08.232 1176 1406 I HuaweiWifiWatchdogStateMachine: POta txb txg rxg:0, 55, 0. Lr =0% Totpkt=55
04-24 12:36:08.232 1176 1176 I QosMonitor: postEventFromNative: msg=100,arg1=4,arg2=10
04-24 12:36:08.234 1176 1176 I HwQoEJNI: send_cmd_kernel. begin
04-24 12:36:08.234 1176 1176 I HwQoEJNI: send_cmd_kernel. end
04-24 12:36:08.234 1176 1176 I QosMonitor: postEventFromNative: msg=100,arg1=0,arg2=10
04-24 12:36:08.234 1176 1176 D HuaweiWifiWatchdogStateMachine: setSampleRtt: unvalid rtt
04-24 12:36:08.235 1176 1176 I MQoS : rtt=640,tcp_tx_pkts=480928,tcp_rx_pkts=921402
04-24 12:36:08.235 1176 1406 D HuaweiWifiWatchdogStateMachine: dumpTcpResult: len=10,rtt=640,rttPkt=2,rttWn=16,cgt=0,cgtWn=0
04-24 12:36:08.236 1176 1406 I HuaweiWifiWatchdogStateMachine: PTcp RTT:0, rtt pkt=0, tcp_rx=0, tcp_tx=0, tcp_reTran=0, rtRate=0
04-24 12:36:08.236 1176 1406 D HuaweiWifiWatchdogStateMachine: mRssiBadCount =0, RSSI not bad.
04-24 12:36:08.236 1176 1406 D HuaweiWifiWatchdogStateMachine: detectNetworkAvailable:hw.wifipro.dns_fail_count = 131
04-24 12:36:08.236 1176 1406 D HuaweiWifiWatchdogStateMachine: bqeLevel = 2 rtt=0,rtt_pkts=0 speed=37 rssi=-29
04-24 12:36:08.236 1176 1406 D HuaweiWifiWatchdogStateMachine: Enter updateQoeLevel level = 2
04-24 12:36:08.236 1176 1406 D HuaweiWifiWatchdogStateMachine: updateQoeLevel current level equal to mLastDetectLevel, return
04-24 12:36:08.236 1176 1406 D HuaweiWifiWatchdogStateMachine: did not have any network action
04-24 12:36:08.245 1176 3515 I MQoS : QOS_level:0(0),wifi-link;SIM error;use level-0
04-24 12:36:08.341 1176 1392 D HwArpVerifier: performPollAndLog:
04-24 12:36:08.344 1176 1392 D hw_netstat: total/0/0
04-24 12:36:08.839 777 777 E : [E/capacity_limit_control] not demo version, not set power control prop!
04-24 12:36:09.239 1176 1338 D HwWifiStatStore: handleMessage : 200
04-24 12:36:09.436 1176 1176 I TrafficMonitor: update:rxPkts:0,txPkts:0,rxBytes:0,txBytes:0
04-24 12:36:09.437 1176 1176 I TrafficMonitor: start expired. level:-1
04-24 12:36:09.437 1176 1176 I TrafficMonitor: gettimer:interval=2000
04-24 12:36:10.427 1176 1176 I TrafficMonitor: expired arrive. level:-1
04-24 12:36:10.428 1176 1176 I TrafficMonitor: during_ms:2005,period_ms:2000
04-24 12:36:10.428 1176 1176 I TrafficMonitor: count:523,rx_sum:0,tx_sum:0,rxBytes:0,during_ms:2005,rx_speed:0.0,tx_speed:0.0,rto:0.0
04-24 12:36:10.428 1176 1176 D HuaweiWifiWatchdogStateMachine: speed: rxpkt:0, rxSpd:0B/s, txpkt:0, txSpd:0
04-24 12:36:11.442 1176 1176 I TrafficMonitor: update:rxPkts:0,txPkts:0,rxBytes:0,txBytes:0
04-24 12:36:11.442 1176 1176 I TrafficMonitor: start expired. level:-1
04-24 12:36:11.442 1176 1176 I TrafficMonitor: gettimer:interval=2000
04-24 12:36:12.245 1176 1338 D HwWifiStatStore: handleMessage : 200
04-24 12:36:13.350 1176 1392 D HwArpVerifier: performPollAndLog:
04-24 12:36:13.355 1176 1392 D hw_netstat: total/0/0
04-24 12:36:13.448 1176 1176 I TrafficMonitor: update:rxPkts:0,txPkts:0,rxBytes:0,txBytes:0
04-24 12:36:13.448 1176 1176 I TrafficMonitor: start expired. level:-1
04-24 12:36:13.449 1176 1176 I TrafficMonitor: gettimer:interval=5000
04-24 12:36:13.849 777 777 E : [E/capacity_limit_control] not demo version, not set power control prop!
04-24 12:36:15.252 1176 1338 D HwWifiStatStore: handleMessage : 200
04-24 12:36:16.232 742 742 E wificond: Failed to get NL80211_RATE_INFO_NOISE
04-24 12:36:16.232 742 742 E wificond: Failed to get NL80211_RATE_INFO_SNR
04-24 12:36:16.232 742 742 E wificond: Failed to get NL80211_STA_INFO_CNAHLOAD
04-24 12:36:16.234 1176 1337 E WificondControl: Noise: 0, Snr: -1, Chload: -1
04-24 12:36:16.236 1176 1339 D HwWifiCHRStateManager: handleMessage : 1001
04-24 12:36:16.236 1176 1339 D HwWifiCHRStateManager: handleUpdateChannel:2412
04-24 12:36:16.236 1176 1339 V HwWifiServiceFactory: get AllImpl object = com.android.server.wifi.HwWifiServiceFactoryImpl@2205edc
04-24 12:36:16.242 742 742 E wificond: Failed to get NL80211_RATE_INFO_NOISE
04-24 12:36:16.242 742 742 E wificond: Failed to get NL80211_RATE_INFO_SNR
04-24 12:36:16.242 742 742 E wificond: Failed to get NL80211_STA_INFO_CNAHLOAD
04-24 12:36:16.244 1176 1406 D HuaweiWifiWatchdogStateMachine: LM mrssi=-28
04-24 12:36:16.244 1176 1176 D WiFi_PRO: MSG_RETURN_AP_CURRY_RSSI rssi = -28
04-24 12:36:16.244 1176 1176 I QosMonitor: queryRtt: rtt_type = 3
04-24 12:36:16.245 1176 1176 I HwQoEJNI: send_cmd_kernel. begin
04-24 12:36:16.245 1176 1176 I HwQoEJNI: send_cmd_kernel. end
04-24 12:36:16.245 1176 1406 I HuaweiWifiWatchdogStateMachine: spd good count:0, add sc:0.0, rate:1.0
04-24 12:36:16.245 1176 1406 I HuaweiWifiWatchdogStateMachine: current mHighDataFlowRate = 1.0
04-24 12:36:16.245 1176 1406 I HuaweiWifiWatchdogStateMachine: POta txb txg rxg:0, 55, 0. Lr =0% Totpkt=55
04-24 12:36:16.245 1176 1176 I QosMonitor: postEventFromNative: msg=100,arg1=4,arg2=10
04-24 12:36:16.246 1176 1176 I HwQoEJNI: send_cmd_kernel. begin
04-24 12:36:16.246 1176 1176 I HwQoEJNI: send_cmd_kernel. end
04-24 12:36:16.246 1176 1176 I QosMonitor: postEventFromNative: msg=100,arg1=0,arg2=10
04-24 12:36:16.246 1176 1176 D HuaweiWifiWatchdogStateMachine: setSampleRtt: unvalid rtt
04-24 12:36:16.246 1176 1176 I MQoS : rtt=640,tcp_tx_pkts=480928,tcp_rx_pkts=921402
04-24 12:36:16.250 1176 1406 D HuaweiWifiWatchdogStateMachine: dumpTcpResult: len=10,rtt=640,rttPkt=2,rttWn=24,cgt=0,cgtWn=0
04-24 12:36:16.250 1176 1406 I HuaweiWifiWatchdogStateMachine: PTcp RTT:0, rtt pkt=0, tcp_rx=0, tcp_tx=0, tcp_reTran=0, rtRate=0
04-24 12:36:16.250 1176 1406 D HuaweiWifiWatchdogStateMachine: mRssiBadCount =0, RSSI not bad.
04-24 12:36:16.251 1176 1406 D HuaweiWifiWatchdogStateMachine: detectNetworkAvailable:hw.wifipro.dns_fail_count = 131
04-24 12:36:16.251 1176 1406 D HuaweiWifiWatchdogStateMachine: bqeLevel = 2 rtt=0,rtt_pkts=0 speed=37 rssi=-28
04-24 12:36:16.251 1176 1406 D HuaweiWifiWatchdogStateMachine: Enter updateQoeLevel level = 2
04-24 12:36:16.251 1176 1406 D HuaweiWifiWatchdogStateMachine: updateQoeLevel current level equal to mLastDetectLevel, return
04-24 12:36:16.251 1176 1406 D HuaweiWifiWatchdogStateMachine: did not have any network action
04-24 12:36:16.256 1176 3515 I MQoS : QOS_level:0(0),wifi-link;SIM error;use level-0
04-24 12:36:16.443 1176 1176 I TrafficMonitor: expired arrive. level:-1
04-24 12:36:16.443 1176 1176 I TrafficMonitor: during_ms:2007,period_ms:2000
04-24 12:36:16.443 1176 1176 I TrafficMonitor: count:525,rx_sum:0,tx_sum:0,rxBytes:0,during_ms:2007,rx_speed:0.0,tx_speed:0.0,rto:0.0
04-24 12:36:16.443 1176 1176 D HuaweiWifiWatchdogStateMachine: speed: rxpkt:0, rxSpd:0B/s, txpkt:0, txSpd:0
04-24 12:36:18.258 1176 1338 D HwWifiStatStore: handleMessage : 200
04-24 12:36:18.361 1176 1392 D HwArpVerifier: performPollAndLog:
04-24 12:36:18.366 1176 1392 D hw_netstat: total/0/0
04-24 12:36:18.455 1176 1176 I TrafficMonitor: update:rxPkts:0,txPkts:0,rxBytes:0,txBytes:0
04-24 12:36:18.455 1176 1176 I TrafficMonitor: start expired. level:-1
04-24 12:36:18.455 1176 1176 I TrafficMonitor: gettimer:interval=5000
04-24 12:36:18.859 777 777 E : [E/capacity_limit_control] not demo version, not set power control prop!
04-24 12:36:19.363 1176 1589 W Watchdog: hungtask: writing kick
04-24 12:36:19.366 1176 1202 I EventHub: EventHub monitor: no key events in the past 1513s, no motion events in the past 1513s
04-24 12:36:21.265 1176 1338 D HwWifiStatStore: handleMessage : 200
04-24 12:36:23.316 1176 1392 D HwArpVerifier: check_wifi_state_mode = 0 mCheckStateToken=25 token25
04-24 12:36:23.319 1176 1392 D wifiserviceimpl: netmask =16777215
04-24 12:36:23.387 1176 1392 D HWMultiGW: setGateWay 192.168.1.1
04-24 12:36:23.462 1176 1176 I TrafficMonitor: expired arrive. level:-1
04-24 12:36:23.465 1176 1176 I TrafficMonitor: update:rxPkts:0,txPkts:0,rxBytes:0,txBytes:0
04-24 12:36:23.465 1176 1176 I TrafficMonitor: start expired. level:-1
04-24 12:36:23.465 1176 1176 I TrafficMonitor: gettimer:interval=5000
04-24 12:36:23.465 1176 1176 I TrafficMonitor: during_ms:5010,period_ms:2000
04-24 12:36:23.465 1176 1176 I TrafficMonitor: count:527,rx_sum:0,tx_sum:0,rxBytes:0,during_ms:5010,rx_speed:0.0,tx_speed:0.0,rto:0.0
04-24 12:36:23.465 1176 1176 D HuaweiWifiWatchdogStateMachine: speed: rxpkt:0, rxSpd:0B/s, txpkt:0, txSpd:0
04-24 12:36:23.862 777 777 E : [E/capacity_limit_control] not demo version, not set power control prop!
04-24 12:36:23.865 1176 1288 D HwBatteryService: onUEvent fcpStatus = 0,scpStatus =0,ovpStatus=0
04-24 12:36:23.867 1176 1288 I UsbDeviceManager: water_intrused state= 0
04-24 12:36:23.886 1176 1176 D HwInnerWifiManagerImpl: SupplicantState = COMPLETED
04-24 12:36:23.886 1176 1176 D HwInnerWifiManagerImpl: isPhoneAP = false
04-24 12:36:23.888 1176 1176 D HwInnerWifiManagerImpl: SupplicantState = COMPLETED
04-24 12:36:23.888 1176 1176 D HwInnerWifiManagerImpl: isPhoneAP = false
04-24 12:36:23.888 1176 1176 D WifiStateMachine: mBcastReceiver: PluggedType = 2 mIsScanCtrlPluggedin = true
04-24 12:36:23.888 1176 1176 D HwWifiService: mPluggedType =2
04-24 12:36:23.891 1463 1463 D KeyguardUpdateMonitor: received broadcast android.intent.action.BATTERY_CHANGED
04-24 12:36:23.892 1463 1463 W KeyguardUpdateMonitor: ACTION_BATTERY_CHANGED AMP: 500000; Volt: 5000000
04-24 12:36:23.893 1729 1729 I MsgReceiver: intent action: android.intent.action.BATTERY_CHANGED
04-24 12:36:23.894 1463 1463 V KeyguardUpdateMonitor: RefreshBatteryInfo isBatteryLow: 73
04-24 12:36:23.894 1463 1463 W KeyguardUpdateMonitor: ChargingSpeed Wattage: 2500000 ST: 5000000 --> 7500000
04-24 12:36:23.894 1463 1463 I KgBattery: BatteryInfo updated: 2lPc0
04-24 12:36:23.894 1463 1463 W AppHandler: sendMessage with obj100
04-24 12:36:23.894 1463 1463 D KeyguardUpdateMonitor: handleBatteryUpdate
04-24 12:36:23.895 1463 1463 W HwLockScreenPanel: Handle message: 100
04-24 12:36:23.895 1463 1463 W HwKeyguardBottomArea: updateBatteryInfo : false true
04-24 12:36:23.895 1463 1463 W KgBattery: getCharge info with type: text
04-24 12:36:23.896 5515 5671 E CloudAlbum[8.1.2.309]: [ReceiverManager] not log on ignore
04-24 12:36:23.897 1176 1176 D WifiService: onReceive, action:android.intent.action.BATTERY_CHANGED
04-24 12:36:23.897 1176 1176 D WifiService: ACTION_BATTERY_CHANGED pluggedType: 2
04-24 12:36:23.905 1463 1463 W HwLockScreenPanel: refreshBatteryInfo: null
04-24 12:36:24.237 742 742 E wificond: Failed to get NL80211_RATE_INFO_NOISE
04-24 12:36:24.237 742 742 E wificond: Failed to get NL80211_RATE_INFO_SNR
04-24 12:36:24.237 742 742 E wificond: Failed to get NL80211_STA_INFO_CNAHLOAD
04-24 12:36:24.238 1176 1337 E WificondControl: Noise: 0, Snr: -1, Chload: -1
04-24 12:36:24.239 1176 1339 D HwWifiCHRStateManager: handleMessage : 1001
04-24 12:36:24.239 1176 1339 D HwWifiCHRStateManager: handleUpdateChannel:2412
04-24 12:36:24.239 1176 1339 V HwWifiServiceFactory: get AllImpl object = com.android.server.wifi.HwWifiServiceFactoryImpl@2205edc
04-24 12:36:24.242 742 742 E wificond: Failed to get NL80211_RATE_INFO_NOISE
04-24 12:36:24.242 742 742 E wificond: Failed to get NL80211_RATE_INFO_SNR
04-24 12:36:24.242 742 742 E wificond: Failed to get NL80211_STA_INFO_CNAHLOAD
04-24 12:36:24.244 1176 1406 D HuaweiWifiWatchdogStateMachine: LM mrssi=-28
04-24 12:36:24.244 1176 1406 D HuaweiWifiWatchdogStateMachine: a4:fa:**:**:eb:b0 current loss[-45]=0%, volume=1
04-24 12:36:24.244 1176 1406 D HuaweiWifiWatchdogStateMachine: a4:fa:**:**:eb:b0 history loss[-45]=0%, volume=13825526
04-24 12:36:24.245 1176 1406 I HuaweiWifiWatchdogStateMachine: spd good count:0, add sc:0.0, rate:1.0
04-24 12:36:24.245 1176 1406 D HuaweiWifiWatchdogStateMachine: high data flow: protection_counter = 0, not_detect_counter = 351
04-24 12:36:24.245 1176 1406 D HuaweiWifiWatchdogStateMachine: high data flow scenario: 0 --> 0 rx bytes =0KB
04-24 12:36:24.246 1176 1406 I HuaweiWifiWatchdogStateMachine: current mHighDataFlowRate = 1.0
04-24 12:36:24.246 1176 1406 I HuaweiWifiWatchdogStateMachine: POta txb txg rxg:0, 56, 0. Lr =0% Totpkt=56
04-24 12:36:24.246 1176 1176 D WiFi_PRO: MSG_RETURN_AP_CURRY_RSSI rssi = -28
04-24 12:36:24.246 1176 1176 I QosMonitor: queryRtt: rtt_type = 3
04-24 12:36:24.247 1176 1176 I HwQoEJNI: send_cmd_kernel. begin
04-24 12:36:24.247 1176 1176 I HwQoEJNI: send_cmd_kernel. end
04-24 12:36:24.247 1176 1176 I QosMonitor: postEventFromNative: msg=100,arg1=4,arg2=10
04-24 12:36:24.247 1176 1176 I HwQoEJNI: send_cmd_kernel. begin
04-24 12:36:24.248 1176 1176 I HwQoEJNI: send_cmd_kernel. end
04-24 12:36:24.248 1176 1176 I QosMonitor: postEventFromNative: msg=100,arg1=0,arg2=10
04-24 12:36:24.248 1176 1176 D HuaweiWifiWatchdogStateMachine: setSampleRtt: unvalid rtt
04-24 12:36:24.248 1176 1176 I MQoS : rtt=640,tcp_tx_pkts=480928,tcp_rx_pkts=921402
04-24 12:36:24.248 1176 1406 D HuaweiWifiWatchdogStateMachine: dumpTcpResult: len=10,rtt=640,rttPkt=2,rttWn=32,cgt=0,cgtWn=0
04-24 12:36:24.248 1176 1406 I HuaweiWifiWatchdogStateMachine: PTcp RTT:0, rtt pkt=0, tcp_rx=0, tcp_tx=0, tcp_reTran=0, rtRate=0
04-24 12:36:24.248 1176 1406 D HuaweiWifiWatchdogStateMachine: mRssiBadCount =0, RSSI not bad.
04-24 12:36:24.248 1176 1406 D HuaweiWifiWatchdogStateMachine: detectNetworkAvailable:hw.wifipro.dns_fail_count = 131
04-24 12:36:24.249 1176 1406 D HuaweiWifiWatchdogStateMachine: bqeLevel = 2 rtt=0,rtt_pkts=0 speed=37 rssi=-28
04-24 12:36:24.249 1176 1406 D HuaweiWifiWatchdogStateMachine: Enter updateQoeLevel level = 2
04-24 12:36:24.249 1176 1406 D HuaweiWifiWatchdogStateMachine: updateQoeLevel current level equal to mLastDetectLevel, return
04-24 12:36:24.249 1176 1406 D HuaweiWifiWatchdogStateMachine: did not have any network action
04-24 12:36:24.257 1176 3515 I MQoS : QOS_level:0(0),wifi-link;SIM error;use level-0
04-24 12:36:24.257 1176 3515 I MQoS : skip-low-Level:0(0),wifi-link;SIM error;use level-0
04-24 12:36:24.272 1176 1338 D HwWifiStatStore: handleMessage : 200
04-24 12:36:24.390 1176 1392 D HwArpVerifier: getGateWayARPResponses: arp rtt = 13
04-24 12:36:24.391 1176 1392 E HwCHRWifiRSSIGroupSummery: updatArpSummery mRSSI:-28 HwCHRWifiRSSIGroup [rssi_index=4, rtt_tcp_packets=0, rtt_tcp_duration=0, rtt_lan_duration=7523, rtt_lan_failures=0, rtt_lan_succ=362, rtt_lan_max=939, rtt_lan_min=0,same_area_frequency=0,adjacent_area_frequency=0]
04-24 12:36:24.453 1176 1392 D HwArpVerifier: There are 1 mac address for gateway
04-24 12:36:24.454 1176 1392 D HwArpVerifier: from HEART_CHECK transmit to state:HEART_CHECK
04-24 12:36:24.454 1176 1392 D HwArpVerifier: msg what=124 arg1(token)=25 arg2(mode)=0 delay=30000
04-24 12:36:24.454 1176 1392 D HwArpVerifier: performPollAndLog:
04-24 12:36:24.458 1176 1392 D hw_netstat: total/0/0
04-24 12:36:27.277 1176 1338 D HwWifiStatStore: handleMessage : 200
04-24 12:36:28.470 1176 1176 I TrafficMonitor: expired arrive. level:-1
04-24 12:36:28.473 1176 1176 I TrafficMonitor: update:rxPkts:0,txPkts:0,rxBytes:0,txBytes:0
04-24 12:36:28.474 1176 1176 I TrafficMonitor: start expired. level:-1
04-24 12:36:28.474 1176 1176 I TrafficMonitor: gettimer:interval=5000
04-24 12:36:28.474 1176 1176 I TrafficMonitor: during_ms:5009,period_ms:2000
04-24 12:36:28.474 1176 1176 I TrafficMonitor: count:528,rx_sum:0,tx_sum:0,rxBytes:0,during_ms:5009,rx_speed:0.0,tx_speed:0.0,rto:0.0
04-24 12:36:28.474 1176 1176 D HuaweiWifiWatchdogStateMachine: speed: rxpkt:0, rxSpd:0B/s, txpkt:0, txSpd:0
04-24 12:36:28.871 777 777 E : [E/capacity_limit_control] not demo version, not set power control prop!
04-24 12:36:29.464 1176 1392 D HwArpVerifier: performPollAndLog:
04-24 12:36:29.468 1176 1392 D hw_netstat: total/0/0
04-24 12:36:30.284 1176 1338 D HwWifiStatStore: handleMessage : 200
04-24 12:36:32.251 742 742 E wificond: Failed to get NL80211_RATE_INFO_NOISE
04-24 12:36:32.251 742 742 E wificond: Failed to get NL80211_RATE_INFO_SNR
04-24 12:36:32.251 742 742 E wificond: Failed to get NL80211_STA_INFO_CNAHLOAD
04-24 12:36:32.253 1176 1337 E WificondControl: Noise: 0, Snr: -1, Chload: -1
04-24 12:36:32.255 1176 1339 D HwWifiCHRStateManager: handleMessage : 1001
04-24 12:36:32.255 1176 1339 D HwWifiCHRStateManager: handleUpdateChannel:2412
04-24 12:36:32.255 1176 1339 V HwWifiServiceFactory: get AllImpl object = com.android.server.wifi.HwWifiServiceFactoryImpl@2205edc
04-24 12:36:32.260 742 742 E wificond: Failed to get NL80211_RATE_INFO_NOISE
04-24 12:36:32.260 742 742 E wificond: Failed to get NL80211_RATE_INFO_SNR
04-24 12:36:32.260 742 742 E wificond: Failed to get NL80211_STA_INFO_CNAHLOAD
04-24 12:36:32.262 1176 1406 D HuaweiWifiWatchdogStateMachine: LM mrssi=-28
04-24 12:36:32.262 1176 1176 D WiFi_PRO: MSG_RETURN_AP_CURRY_RSSI rssi = -28
04-24 12:36:32.263 1176 1176 I QosMonitor: queryRtt: rtt_type = 3
04-24 12:36:32.263 1176 1176 I HwQoEJNI: send_cmd_kernel. begin
04-24 12:36:32.263 1176 1406 I HuaweiWifiWatchdogStateMachine: spd good count:0, add sc:0.0, rate:1.0
04-24 12:36:32.263 1176 1406 I HuaweiWifiWatchdogStateMachine: current mHighDataFlowRate = 1.0
04-24 12:36:32.263 1176 1176 I HwQoEJNI: send_cmd_kernel. end
04-24 12:36:32.263 1176 1406 I HuaweiWifiWatchdogStateMachine: POta txb txg rxg:0, 56, 0. Lr =0% Totpkt=56
04-24 12:36:32.264 1176 1176 I QosMonitor: postEventFromNative: msg=100,arg1=4,arg2=10
04-24 12:36:32.264 1176 1176 I HwQoEJNI: send_cmd_kernel. begin
04-24 12:36:32.264 1176 1176 I HwQoEJNI: send_cmd_kernel. end
04-24 12:36:32.264 1176 1176 I QosMonitor: postEventFromNative: msg=100,arg1=0,arg2=10
04-24 12:36:32.264 1176 1176 D HuaweiWifiWatchdogStateMachine: setSampleRtt: unvalid rtt
04-24 12:36:32.265 1176 1176 I MQoS : rtt=640,tcp_tx_pkts=480928,tcp_rx_pkts=921402
04-24 12:36:32.267 1176 1406 D HuaweiWifiWatchdogStateMachine: dumpTcpResult: len=10,rtt=640,rttPkt=2,rttWn=40,cgt=0,cgtWn=0
04-24 12:36:32.267 1176 1406 I HuaweiWifiWatchdogStateMachine: PTcp RTT:0, rtt pkt=0, tcp_rx=0, tcp_tx=0, tcp_reTran=0, rtRate=0
04-24 12:36:32.267 1176 1406 D HuaweiWifiWatchdogStateMachine: mRssiBadCount =0, RSSI not bad.
04-24 12:36:32.267 1176 1406 D HuaweiWifiWatchdogStateMachine: detectNetworkAvailable:hw.wifipro.dns_fail_count = 131
04-24 12:36:32.268 1176 1406 D HuaweiWifiWatchdogStateMachine: bqeLevel = 2 rtt=0,rtt_pkts=0 speed=37 rssi=-28
04-24 12:36:32.268 1176 1406 D HuaweiWifiWatchdogStateMachine: Enter updateQoeLevel level = 2
04-24 12:36:32.268 1176 1406 D HuaweiWifiWatchdogStateMachine: updateQoeLevel current level equal to mLastDetectLevel, return
04-24 12:36:32.268 1176 1406 D HuaweiWifiWatchdogStateMachine: did not have any network action
04-24 12:36:32.279 1176 3515 I MQoS : QOS_level:0(0),wifi-link;SIM error;use level-0
04-24 12:36:33.291 1176 1338 D HwWifiStatStore: handleMessage : 200
04-24 12:36:33.477 1176 1176 I TrafficMonitor: expired arrive. level:-1
04-24 12:36:33.480 1176 1176 I TrafficMonitor: update:rxPkts:0,txPkts:0,rxBytes:0,txBytes:0
04-24 12:36:33.480 1176 1176 I TrafficMonitor: start expired. level:-1
04-24 12:36:33.480 1176 1176 I TrafficMonitor: gettimer:interval=5000
04-24 12:36:33.480 1176 1176 I TrafficMonitor: during_ms:5006,period_ms:2000
04-24 12:36:33.480 1176 1176 I TrafficMonitor: count:529,rx_sum:0,tx_sum:0,rxBytes:0,during_ms:5006,rx_speed:0.0,tx_speed:0.0,rto:0.0
04-24 12:36:33.480 1176 1176 D HuaweiWifiWatchdogStateMachine: speed: rxpkt:0, rxSpd:0B/s, txpkt:0, txSpd:0
04-24 12:36:33.882 777 777 E : [E/capacity_limit_control] not demo version, not set power control prop!
04-24 12:36:34.475 1176 1392 D HwArpVerifier: performPollAndLog:
04-24 12:36:34.479 1176 1392 D hw_netstat: total/0/0
04-24 12:36:36.298 1176 1338 D HwWifiStatStore: handleMessage : 200
04-24 12:36:38.482 1176 1176 I TrafficMonitor: expired arrive. level:-1
04-24 12:36:38.485 1176 1176 I TrafficMonitor: update:rxPkts:0,txPkts:0,rxBytes:0,txBytes:0
04-24 12:36:38.485 1176 1176 I TrafficMonitor: start expired. level:-1
04-24 12:36:38.485 1176 1176 I TrafficMonitor: gettimer:interval=5000
04-24 12:36:38.485 1176 1176 I TrafficMonitor: during_ms:5005,period_ms:2000
04-24 12:36:38.485 1176 1176 I TrafficMonitor: count:530,rx_sum:0,tx_sum:0,rxBytes:0,during_ms:5005,rx_speed:0.0,tx_speed:0.0,rto:0.0
04-24 12:36:38.485 1176 1176 D HuaweiWifiWatchdogStateMachine: speed: rxpkt:0, rxSpd:0B/s, txpkt:0, txSpd:0
04-24 12:36:38.889 777 777 E : [E/capacity_limit_control] not demo version, not set power control prop!
04-24 12:36:39.304 1176 1338 D HwWifiStatStore: handleMessage : 200
04-24 12:36:39.481 1176 1392 D HwArpVerifier: performPollAndLog:
04-24 12:36:39.486 1176 1392 D hw_netstat: total/0/0
04-24 12:36:40.257 1106 1119 I OAM : [check_file_size:505]/data/log/wifi/wifi_log_1 log file beyond size=10240Byte, creat new file
04-24 12:36:40.258 1106 1119 I OAM : [rename_old_file:210]rename_old_file
04-24 12:36:40.258 1106 1119 I OAM :
04-24 12:36:40.259 742 742 E wificond: Failed to get NL80211_RATE_INFO_NOISE
04-24 12:36:40.259 742 742 E wificond: Failed to get NL80211_RATE_INFO_SNR
04-24 12:36:40.259 742 742 E wificond: Failed to get NL80211_STA_INFO_CNAHLOAD
04-24 12:36:40.260 1176 1337 E WificondControl: Noise: 0, Snr: -1, Chload: -1
04-24 12:36:40.261 1176 1339 D HwWifiCHRStateManager: handleMessage : 1001
04-24 12:36:40.262 1176 1339 D HwWifiCHRStateManager: handleUpdateChannel:2412
04-24 12:36:40.262 1176 1339 V HwWifiServiceFactory: get AllImpl object = com.android.server.wifi.HwWifiServiceFactoryImpl@2205edc
04-24 12:36:40.266 742 742 E wificond: Failed to get NL80211_RATE_INFO_NOISE
04-24 12:36:40.266 742 742 E wificond: Failed to get NL80211_RATE_INFO_SNR
04-24 12:36:40.266 742 742 E wificond: Failed to get NL80211_STA_INFO_CNAHLOAD
04-24 12:36:40.268 1176 1406 D HuaweiWifiWatchdogStateMachine: LM mrssi=-28
04-24 12:36:40.269 1176 1406 I HuaweiWifiWatchdogStateMachine: spd good count:0, add sc:0.0, rate:1.0
04-24 12:36:40.269 1176 1406 I HuaweiWifiWatchdogStateMachine: current mHighDataFlowRate = 1.0
04-24 12:36:40.269 1176 1406 I HuaweiWifiWatchdogStateMachine: POta txb txg rxg:0, 56, 0. Lr =0% Totpkt=56
04-24 12:36:40.271 1176 1176 D WiFi_PRO: MSG_RETURN_AP_CURRY_RSSI rssi = -28
04-24 12:36:40.272 1176 1176 I QosMonitor: queryRtt: rtt_type = 3
04-24 12:36:40.272 1176 1176 I HwQoEJNI: send_cmd_kernel. begin
04-24 12:36:40.272 1176 1176 I HwQoEJNI: send_cmd_kernel. end
04-24 12:36:40.273 1176 1176 I QosMonitor: postEventFromNative: msg=100,arg1=4,arg2=10
04-24 12:36:40.273 1176 1176 I HwQoEJNI: send_cmd_kernel. begin
04-24 12:36:40.273 1176 1176 I HwQoEJNI: send_cmd_kernel. end
04-24 12:36:40.273 1176 1176 I QosMonitor: postEventFromNative: msg=100,arg1=0,arg2=10
04-24 12:36:40.274 1176 1176 D HuaweiWifiWatchdogStateMachine: setSampleRtt: unvalid rtt
04-24 12:36:40.274 1176 1176 I MQoS : rtt=640,tcp_tx_pkts=480928,tcp_rx_pkts=921402
04-24 12:36:40.274 1176 1406 D HuaweiWifiWatchdogStateMachine: dumpTcpResult: len=10,rtt=640,rttPkt=2,rttWn=48,cgt=0,cgtWn=0
04-24 12:36:40.275 1176 1406 I HuaweiWifiWatchdogStateMachine: PTcp RTT:0, rtt pkt=0, tcp_rx=0, tcp_tx=0, tcp_reTran=0, rtRate=0
04-24 12:36:40.275 1176 1406 D HuaweiWifiWatchdogStateMachine: mRssiBadCount =0, RSSI not bad.
04-24 12:36:40.275 1176 1406 D HuaweiWifiWatchdogStateMachine: detectNetworkAvailable:hw.wifipro.dns_fail_count = 131
04-24 12:36:40.275 1176 1406 D HuaweiWifiWatchdogStateMachine: bqeLevel = 2 rtt=0,rtt_pkts=0 speed=37 rssi=-28
04-24 12:36:40.275 1176 1406 D HuaweiWifiWatchdogStateMachine: Enter updateQoeLevel level = 2
04-24 12:36:40.275 1176 1406 D HuaweiWifiWatchdogStateMachine: updateQoeLevel current level equal to mLastDetectLevel, return
04-24 12:36:40.275 1176 1406 D HuaweiWifiWatchdogStateMachine: did not have any network action
04-24 12:36:40.285 1176 3515 I MQoS : QOS_level:0(0),wifi-link;SIM error;use level-0
04-24 12:36:42.310 1176 1338 D HwWifiStatStore: handleMessage : 200
04-24 12:36:43.387 1176 1392 D HwArpVerifier: getIpRouteTable
04-24 12:36:43.477 1176 1392 D HwArpVerifier: Notify wifi default route is ok
04-24 12:36:43.489 1176 1176 I TrafficMonitor: expired arrive. level:-1
04-24 12:36:43.489 1176 1176 I TrafficMonitor: update:rxPkts:0,txPkts:0,rxBytes:0,txBytes:0
04-24 12:36:43.489 1176 1176 I TrafficMonitor: start expired. level:-1
04-24 12:36:43.489 1176 1176 I TrafficMonitor: gettimer:interval=5000
04-24 12:36:43.489 1176 1176 I TrafficMonitor: during_ms:5005,period_ms:2000
04-24 12:36:43.490 1176 1176 I TrafficMonitor: count:531,rx_sum:0,tx_sum:0,rxBytes:0,during_ms:5005,rx_speed:0.0,tx_speed:0.0,rto:0.0
04-24 12:36:43.490 1176 1176 D HuaweiWifiWatchdogStateMachine: speed: rxpkt:0, rxSpd:0B/s, txpkt:0, txSpd:0
04-24 12:36:43.899 777 777 E : [E/capacity_limit_control] not demo version, not set power control prop!
04-24 12:36:44.487 1176 1392 D HwArpVerifier: performPollAndLog:
04-24 12:36:44.492 1176 1392 D hw_netstat: total/0/0
04-24 12:36:45.087 1176 1176 D HwInnerWifiManagerImpl: SupplicantState = COMPLETED
04-24 12:36:45.087 1176 1176 D HwInnerWifiManagerImpl: isPhoneAP = false
04-24 12:36:45.088 1176 1176 D HwInnerWifiManagerImpl: SupplicantState = COMPLETED
04-24 12:36:45.089 1176 1176 D HwInnerWifiManagerImpl: isPhoneAP = false
04-24 12:36:45.089 1176 1176 D WifiStateMachine: mBcastReceiver: PluggedType = 2 mIsScanCtrlPluggedin = true
04-24 12:36:45.089 1176 1176 D HwWifiService: mPluggedType =2
04-24 12:36:45.088 1463 1463 D KeyguardUpdateMonitor: received broadcast android.intent.action.BATTERY_CHANGED
04-24 12:36:45.090 1463 1463 W KeyguardUpdateMonitor: ACTION_BATTERY_CHANGED AMP: 500000; Volt: 5000000
04-24 12:36:45.093 1729 1729 I MsgReceiver: intent action: android.intent.action.BATTERY_CHANGED
04-24 12:36:45.095 1176 1176 D WifiService: onReceive, action:android.intent.action.BATTERY_CHANGED
04-24 12:36:45.095 1176 1176 D WifiService: ACTION_BATTERY_CHANGED pluggedType: 2
04-24 12:36:45.097 5515 5671 E CloudAlbum[8.1.2.309]: [ReceiverManager] not log on ignore
04-24 12:36:45.099 1463 1463 V KeyguardUpdateMonitor: RefreshBatteryInfo isBatteryLow: 73
04-24 12:36:45.099 1463 1463 W KeyguardUpdateMonitor: ChargingSpeed Wattage: 2500000 ST: 5000000 --> 7500000
04-24 12:36:45.099 1463 1463 I KgBattery: BatteryInfo updated: 2lPc0
04-24 12:36:45.099 1463 1463 W AppHandler: sendMessage with obj100
04-24 12:36:45.099 1463 1463 D KeyguardUpdateMonitor: handleBatteryUpdate
04-24 12:36:45.100 1463 1463 W HwLockScreenPanel: Handle message: 100
04-24 12:36:45.100 1463 1463 W HwKeyguardBottomArea: updateBatteryInfo : false true
04-24 12:36:45.100 1463 1463 W KgBattery: getCharge info with type: text
04-24 12:36:45.106 1463 1463 W HwLockScreenPanel: refreshBatteryInfo: null
04-24 12:36:45.317 1176 1338 D HwWifiStatStore: handleMessage : 200
04-24 12:36:47.072 1176 1288 D HwBatteryService: onUEvent fcpStatus = 0,scpStatus =0,ovpStatus=0
04-24 12:36:47.075 1176 1288 I UsbDeviceManager: water_intrused state= 0
04-24 12:36:47.080 761 1308 D dubaid : [HourlyRoutine.cpp] handleRequestOffset# timestamp=1587700800001, expire=1392919
04-24 12:36:47.081 761 1306 I dubaid : [PollingRoutine.cpp] notifyPolling# Polling routine start, timestamp: 1587703007078, reason: 1
04-24 12:36:47.085 679 679 E WifiHAL : enter wifi_get_link_stats
04-24 12:36:47.086 1729 1883 I APwBatteryMonitor: screen off charging battery level : 74
04-24 12:36:47.087 1176 1176 D HwInnerWifiManagerImpl: SupplicantState = COMPLETED
04-24 12:36:47.087 1176 1176 D HwInnerWifiManagerImpl: isPhoneAP = false
04-24 12:36:47.087 1176 1176 D HwInnerWifiManagerImpl: SupplicantState = COMPLETED
04-24 12:36:47.087 1176 1176 D HwInnerWifiManagerImpl: isPhoneAP = false
04-24 12:36:47.087 1176 1176 D WifiStateMachine: mBcastReceiver: PluggedType = 2 mIsScanCtrlPluggedin = true
04-24 12:36:47.088 1176 1176 D HwWifiService: mPluggedType =2
04-24 12:36:47.088 1729 1729 I MsgReceiver: intent action: android.intent.action.BATTERY_CHANGED
04-24 12:36:47.088 1176 1200 E BatteryStatsService: no controller energy info supplied
04-24 12:36:47.089 1176 1176 D WifiService: onReceive, action:android.intent.action.BATTERY_CHANGED
04-24 12:36:47.090 1176 1176 D WifiService: ACTION_BATTERY_CHANGED pluggedType: 2
04-24 12:36:47.090 1463 1463 D KeyguardUpdateMonitor: received broadcast android.intent.action.BATTERY_CHANGED
04-24 12:36:47.090 1463 1463 W KeyguardUpdateMonitor: ACTION_BATTERY_CHANGED AMP: 500000; Volt: 5000000
04-24 12:36:47.090 5515 5671 E CloudAlbum[8.1.2.309]: [ReceiverManager] not log on ignore
04-24 12:36:47.090 1729 8379 W libc : Set property "debug.aps.current_battery" to "74"
04-24 12:36:47.108 1463 1463 V KeyguardUpdateMonitor: RefreshBatteryInfo isBatteryLow: 74
04-24 12:36:47.109 1463 1463 W KeyguardUpdateMonitor: ChargingSpeed Wattage: 2500000 ST: 5000000 --> 7500000
04-24 12:36:47.109 1463 1463 I KgBattery: BatteryInfo updated: 2lPc0
04-24 12:36:47.109 1463 1463 W AppHandler: sendMessage with obj100
04-24 12:36:47.109 1463 1463 D KeyguardUpdateMonitor: handleBatteryUpdate
04-24 12:36:47.109 1463 1463 V KeyguardUpdateMonitor: RefreshBatteryInfo isBatteryLow: 74
04-24 12:36:47.110 1463 1463 W HwKeyguardBottomArea: updateBatteryInfo : false true
04-24 12:36:47.115 1176 1200 E BatteryStatsService: modem info is invalid: ModemActivityInfo{ mTimestamp=0 mSleepTimeMs=0 mIdleTimeMs=0 mTxTimeMs[]=[0, 0, 0, 0, 0] mRxTimeMs=0 mEnergyUsed=0}
04-24 12:36:47.115 1463 1463 W HwLockScreenPanel: Handle message: 100
04-24 12:36:47.115 1463 1463 W HwKeyguardBottomArea: updateBatteryInfo : false true
04-24 12:36:47.115 1463 1463 W KgBattery: getCharge info with type: text
04-24 12:36:47.118 1463 1463 W HwLockScreenPanel: refreshBatteryInfo: null
04-24 12:36:47.128 1729 1883 I APwTrigger: no high cpu load
04-24 12:36:47.129 1176 11623 W ActivityManager: Sending non-protected broadcast com.huawei.intent.action.PG_THERMAL_MSG_ACTION from system 1729:com.huawei.powergenie/1000 pkg com.huawei.powergenie
04-24 12:36:47.129 1729 1883 I BroadcastAdapter: send hight cpu load msg to thermal!
04-24 12:36:48.267 742 742 E wificond: Failed to get NL80211_RATE_INFO_NOISE
04-24 12:36:48.267 742 742 E wificond: Failed to get NL80211_RATE_INFO_SNR
04-24 12:36:48.267 742 742 E wificond: Failed to get NL80211_STA_INFO_CNAHLOAD
04-24 12:36:48.269 1176 1337 E WificondControl: Noise: 0, Snr: -1, Chload: -1
04-24 12:36:48.270 1176 1339 D HwWifiCHRStateManager: handleMessage : 1001
04-24 12:36:48.270 1176 1339 D HwWifiCHRStateManager: handleUpdateChannel:2412
04-24 12:36:48.271 1176 1339 V HwWifiServiceFactory: get AllImpl object = com.android.server.wifi.HwWifiServiceFactoryImpl@2205edc
04-24 12:36:48.275 742 742 E wificond: Failed to get NL80211_RATE_INFO_NOISE
04-24 12:36:48.275 742 742 E wificond: Failed to get NL80211_RATE_INFO_SNR
04-24 12:36:48.275 742 742 E wificond: Failed to get NL80211_STA_INFO_CNAHLOAD
04-24 12:36:48.277 1176 1406 D HuaweiWifiWatchdogStateMachine: LM mrssi=-29
04-24 12:36:48.278 1176 1406 I HuaweiWifiWatchdogStateMachine: spd good count:0, add sc:0.0, rate:1.0
04-24 12:36:48.278 1176 1406 I HuaweiWifiWatchdogStateMachine: current mHighDataFlowRate = 1.0
04-24 12:36:48.278 1176 1406 I HuaweiWifiWatchdogStateMachine: POta txb txg rxg:0, 56, 0. Lr =0% Totpkt=56
04-24 12:36:48.279 1176 1176 D WiFi_PRO: MSG_RETURN_AP_CURRY_RSSI rssi = -29
04-24 12:36:48.279 1176 1176 I QosMonitor: queryRtt: rtt_type = 3
04-24 12:36:48.280 1176 1176 I HwQoEJNI: send_cmd_kernel. begin
04-24 12:36:48.280 1176 1176 I HwQoEJNI: send_cmd_kernel. end
04-24 12:36:48.280 1176 1176 I QosMonitor: postEventFromNative: msg=100,arg1=4,arg2=10
04-24 12:36:48.280 1176 1176 I HwQoEJNI: send_cmd_kernel. begin
04-24 12:36:48.281 1176 1176 I HwQoEJNI: send_cmd_kernel. end
04-24 12:36:48.281 1176 1176 I QosMonitor: postEventFromNative: msg=100,arg1=0,arg2=10
04-24 12:36:48.282 1176 1176 D HuaweiWifiWatchdogStateMachine: setSampleRtt: unvalid rtt
04-24 12:36:48.282 1176 1176 I MQoS : rtt=640,tcp_tx_pkts=480928,tcp_rx_pkts=921402
04-24 12:36:48.285 1176 1406 D HuaweiWifiWatchdogStateMachine: dumpTcpResult: len=10,rtt=640,rttPkt=2,rttWn=56,cgt=0,cgtWn=0
04-24 12:36:48.286 1176 1406 I HuaweiWifiWatchdogStateMachine: PTcp RTT:0, rtt pkt=0, tcp_rx=0, tcp_tx=0, tcp_reTran=0, rtRate=0
04-24 12:36:48.286 1176 1406 D HuaweiWifiWatchdogStateMachine: mRssiBadCount =0, RSSI not bad.
04-24 12:36:48.286 1176 1406 D HuaweiWifiWatchdogStateMachine: detectNetworkAvailable:hw.wifipro.dns_fail_count = 131
04-24 12:36:48.286 1176 1406 D HuaweiWifiWatchdogStateMachine: bqeLevel = 2 rtt=0,rtt_pkts=0 speed=37 rssi=-29
04-24 12:36:48.286 1176 1406 D HuaweiWifiWatchdogStateMachine: Enter updateQoeLevel level = 2
04-24 12:36:48.286 1176 1406 D HuaweiWifiWatchdogStateMachine: updateQoeLevel current level equal to mLastDetectLevel, return
04-24 12:36:48.286 1176 1406 D HuaweiWifiWatchdogStateMachine: did not have any network action
04-24 12:36:48.295 1176 3515 I MQoS : QOS_level:0(0),wifi-link;SIM error;use level-0
04-24 12:36:48.321 1176 1338 D HwWifiStatStore: handleMessage : 200
04-24 12:36:48.490 1176 1176 I TrafficMonitor: expired arrive. level:-1
04-24 12:36:48.493 1176 1176 I TrafficMonitor: update:rxPkts:0,txPkts:0,rxBytes:0,txBytes:0
04-24 12:36:48.494 1176 1176 I TrafficMonitor: start expired. level:-1
04-24 12:36:48.494 1176 1176 I TrafficMonitor: gettimer:interval=5000
04-24 12:36:48.494 1176 1176 I TrafficMonitor: during_ms:5004,period_ms:2000
04-24 12:36:48.494 1176 1176 I TrafficMonitor: count:532,rx_sum:0,tx_sum:0,rxBytes:0,during_ms:5004,rx_speed:0.0,tx_speed:0.0,rto:0.0
04-24 12:36:48.494 1176 1176 D HuaweiWifiWatchdogStateMachine: speed: rxpkt:0, rxSpd:0B/s, txpkt:0, txSpd:0
04-24 12:36:48.909 777 777 E : [E/capacity_limit_control] not demo version, not set power control prop!
04-24 12:36:49.368 1176 1589 W Watchdog: hungtask: writing kick
04-24 12:36:49.373 1176 1202 I EventHub: EventHub monitor: no key events in the past 1543s, no motion events in the past 1543s
04-24 12:36:49.498 1176 1392 D HwArpVerifier: performPollAndLog:
04-24 12:36:49.502 1176 1392 D hw_netstat: total/0/0
04-24 12:36:51.326 1176 1338 D HwWifiStatStore: handleMessage : 200
