04-24 12:56:25.333 1176 1406 I HuaweiWifiWatchdogStateMachine: POta txb txg rxg:0, 7, 0. Lr =0% Totpkt=7
04-24 12:56:25.333 1176 1176 I QosMonitor: postEventFromNative: msg=100,arg1=4,arg2=10
04-24 12:56:25.334 1176 1176 I HwQoEJNI: send_cmd_kernel. begin
04-24 12:56:25.334 1176 1176 I HwQoEJNI: send_cmd_kernel. end
04-24 12:56:25.334 1176 1176 I QosMonitor: postEventFromNative: msg=100,arg1=0,arg2=10
04-24 12:56:25.334 1176 1176 D HuaweiWifiWatchdogStateMachine: a4:fa:**:**:eb:b0 current RTT[-45]=100, volume=3
04-24 12:56:25.335 1176 1176 D HuaweiWifiWatchdogStateMachine: a4:fa:**:**:eb:b0 history RTT[-45]=510, volume=60862
04-24 12:56:25.335 1176 1176 D HuaweiWifiWatchdogStateMachine: setSampleRtt: rtt=100,rtt_pkts =3,rtt_when=5
04-24 12:56:25.335 1176 1176 I MQoS : rtt=130,tcp_tx_pkts=480969,tcp_rx_pkts=921434
04-24 12:56:25.335 1176 1176 I QosMonitor: resetRtt: rtt_type = 3
04-24 12:56:25.335 1176 1176 I HwQoEJNI: send_cmd_kernel. begin
04-24 12:56:25.336 1176 1176 I HwQoEJNI: send_cmd_kernel. end
04-24 12:56:25.336 1176 1406 D HuaweiWifiWatchdogStateMachine: dumpTcpResult: len=10,rtt=130,rttPkt=9,rttWn=5,cgt=0,cgtWn=0
04-24 12:56:25.337 1176 1406 I HuaweiWifiWatchdogStateMachine: PTcp RTT:130, rtt pkt=9, tcp_rx=11, tcp_tx=11, tcp_reTran=0, rtRate=0
04-24 12:56:25.337 1176 1406 D HuaweiWifiWatchdogStateMachine: mRssiBadCount =0, RSSI not bad.
04-24 12:56:25.337 1176 1406 D HuaweiWifiWatchdogStateMachine: detectNetworkAvailable:hw.wifipro.dns_fail_count = 131
04-24 12:56:25.337 1176 1406 D HuaweiWifiWatchdogStateMachine: detectNetworkAvailable: tcpRxPkts != 0, reset
04-24 12:56:25.337 1176 1406 I HuaweiWifiWatchdogStateMachine: rs ota tcp lr rttvb bad: false, false, false, false, false; rsth:-75
04-24 12:56:25.337 1176 1406 D HuaweiWifiWatchdogStateMachine: GSC:0, GSR:1.0, RSR:1.0, RTH:-75
04-24 12:56:25.337 1176 1406 I HuaweiWifiWatchdogStateMachine: judge good link######, goodLinkLevel=3
04-24 12:56:25.338 1176 1406 I HuaweiWifiWatchdogStateMachine: sendResultMsgToQM bssid:a4:fa:**:**:eb:b0, qoslevel=3
04-24 12:56:25.338 1176 1406 I HuaweiWifiWatchdogStateMachine: link good reported, good base rssi:-34
04-24 12:56:25.338 1176 1406 D HuaweiWifiWatchdogStateMachine: goodperiod count=0, rb rttg sg =false, true, false
04-24 12:56:25.338 1176 1406 D HuaweiWifiWatchdogStateMachine: bqeLevel = 3 rtt=130,rtt_pkts=9 speed=0 rssi=-30
04-24 12:56:25.338 1176 1176 D WiFi_PRO_WifiProStateMachine: onNetworkQosChange, currentWifiLevel == 3, wifiNoInternet = false, updateUiOnly = true
04-24 12:56:25.338 1176 1406 D HuaweiWifiWatchdogStateMachine: Enter updateQoeLevel level = 3
04-24 12:56:25.338 1176 1406 D HuaweiWifiWatchdogStateMachine: Leave updateQoeLevel level = 3
04-24 12:56:25.338 1176 3109 D HwUidTcpMonitor: parseWlanUidTcpStatistics lastUidTcpStatInfo = [ mUid = 10824 mPacketName = com.tencent.mm mSendSegs = 225 mResendSegs = 0 mRcvSegs = 167 ]
04-24 12:56:25.338 1176 1406 I HuaweiWifiWatchdogStateMachine: pkt chk not bad, reset sc to 0.
04-24 12:56:25.338 1176 1406 D HuaweiWifiWatchdogStateMachine: ### mPktChkBadCnt=0
04-24 12:56:25.338 1176 1176 D WiFi_PRO_WifiProStateMachine: onWifiBqeDetectionResult = 3
04-24 12:56:25.339 1176 1401 D WiFi_PRO_WifiProStateMachine: "uwa4d/5G" TCPRTT level = 3
04-24 12:56:25.348 1176 3515 I MQoS : QOS_level:0(0),wifi-link;SIM error;use level-0
04-24 12:56:25.356 1176 1401 D WiFi_PRO_EvaluateController: "uwa4d/5G",crurrent rssi = -30, last rssi = -28,interval time = 2690s, last evaluate is NOT Valid
04-24 12:56:25.356 1176 1401 D WiFi_PRO_EvaluateController: update wiFiProScoreInfo wifiinfo ssid :"uwa4d/5G"
04-24 12:56:25.356 1176 1401 D WiFi_PRO_WifiProStateMachine: updateWifiQosLevel, mCurrentSsid: "uwa4d/5G" ,isWiFiNoInternet: false, qosLevel: 3
04-24 12:56:25.356 1176 1401 D WiFi_PRO_EvaluateController: internetAccessType not change, can not update
04-24 12:56:25.356 1176 1401 D WiFi_PRO_EvaluateController: updateEvaluate Level succeed!.new Level = 3
04-24 12:56:25.367 1176 1337 D WifiConfigStore: Writing to stores completed in 6 ms.
04-24 12:56:26.732 1176 1176 I TrafficMonitor: update:rxPkts:0,txPkts:0,rxBytes:0,txBytes:0
04-24 12:56:26.733 1176 1176 I TrafficMonitor: start expired. level:-1
04-24 12:56:26.733 1176 1176 I TrafficMonitor: gettimer:interval=2000
04-24 12:56:26.849 1176 1338 D HwWifiStatStore: handleMessage : 200
04-24 12:56:27.041 777 777 E : [E/capacity_limit_control] not demo version, not set power control prop!
04-24 12:56:27.077 1176 1288 D HwBatteryService: onUEvent fcpStatus = 0,scpStatus =0,ovpStatus=0
04-24 12:56:27.080 1176 1288 I UsbDeviceManager: water_intrused state= 0
04-24 12:56:27.094 1176 1176 D HwInnerWifiManagerImpl: SupplicantState = COMPLETED
04-24 12:56:27.094 1176 1176 D HwInnerWifiManagerImpl: isPhoneAP = false
04-24 12:56:27.095 1176 1176 D HwInnerWifiManagerImpl: SupplicantState = COMPLETED
04-24 12:56:27.095 1176 1176 D HwInnerWifiManagerImpl: isPhoneAP = false
04-24 12:56:27.095 1176 1176 D WifiStateMachine: mBcastReceiver: PluggedType = 2 mIsScanCtrlPluggedin = true
04-24 12:56:27.096 1463 1463 D KeyguardUpdateMonitor: received broadcast android.intent.action.BATTERY_CHANGED
04-24 12:56:27.096 1463 1463 W KeyguardUpdateMonitor: ACTION_BATTERY_CHANGED AMP: 500000; Volt: 5000000
04-24 12:56:27.098 1729 1729 I MsgReceiver: intent action: android.intent.action.BATTERY_CHANGED
04-24 12:56:27.098 1463 1463 V KeyguardUpdateMonitor: RefreshBatteryInfo isBatteryLow: 76
04-24 12:56:27.098 1463 1463 W KeyguardUpdateMonitor: ChargingSpeed Wattage: 2500000 ST: 5000000 --> 7500000
04-24 12:56:27.098 1463 1463 I KgBattery: BatteryInfo updated: 2lPc0
04-24 12:56:27.098 1463 1463 W AppHandler: sendMessage with obj100
04-24 12:56:27.098 1463 1463 D KeyguardUpdateMonitor: handleBatteryUpdate
04-24 12:56:27.099 1463 1463 W HwLockScreenPanel: Handle message: 100
04-24 12:56:27.099 1463 1463 W HwKeyguardBottomArea: updateBatteryInfo : false true
04-24 12:56:27.099 1463 1463 W KgBattery: getCharge info with type: text
04-24 12:56:27.100 1176 1176 D HwWifiService: mPluggedType =2
04-24 12:56:27.102 1176 1176 D WifiService: onReceive, action:android.intent.action.BATTERY_CHANGED
04-24 12:56:27.102 1176 1176 D WifiService: ACTION_BATTERY_CHANGED pluggedType: 2
04-24 12:56:27.106 5515 5671 E CloudAlbum[8.1.2.309]: [ReceiverManager] not log on ignore
04-24 12:56:27.107 1463 1463 W HwLockScreenPanel: refreshBatteryInfo: null
04-24 12:56:27.550 1176 1392 D HwArpVerifier: performPollAndLog:
04-24 12:56:27.555 1176 1392 D hw_netstat: total/0/0
04-24 12:56:28.738 1176 1176 I TrafficMonitor: update:rxPkts:0,txPkts:0,rxBytes:0,txBytes:0
04-24 12:56:28.738 1176 1176 I TrafficMonitor: start expired. level:-1
04-24 12:56:28.739 1176 1176 I TrafficMonitor: gettimer:interval=2000
04-24 12:56:29.729 1176 1176 I TrafficMonitor: expired arrive. level:-1
04-24 12:56:29.729 1176 1176 I TrafficMonitor: during_ms:2005,period_ms:2000
04-24 12:56:29.729 1176 1176 I TrafficMonitor: count:917,rx_sum:0,tx_sum:0,rxBytes:0,during_ms:2005,rx_speed:0.0,tx_speed:0.0,rto:0.0
04-24 12:56:29.729 1176 1176 D HuaweiWifiWatchdogStateMachine: speed: rxpkt:0, rxSpd:0B/s, txpkt:0, txSpd:0
04-24 12:56:29.857 1176 1338 D HwWifiStatStore: handleMessage : 200
04-24 12:56:30.743 1176 1176 I TrafficMonitor: update:rxPkts:0,txPkts:0,rxBytes:0,txBytes:0
04-24 12:56:30.743 1176 1176 I TrafficMonitor: start expired. level:-1
04-24 12:56:30.744 1176 1176 I TrafficMonitor: gettimer:interval=2000
04-24 12:56:32.079 777 777 E : [E/capacity_limit_control] not demo version, not set power control prop!
04-24 12:56:32.561 1176 1392 D HwArpVerifier: performPollAndLog:
04-24 12:56:32.566 1176 1392 D hw_netstat: total/0/0
04-24 12:56:32.750 1176 1176 I TrafficMonitor: update:rxPkts:0,txPkts:0,rxBytes:0,txBytes:0
04-24 12:56:32.750 1176 1176 I TrafficMonitor: start expired. level:-1
04-24 12:56:32.750 1176 1176 I TrafficMonitor: gettimer:interval=2000
04-24 12:56:32.863 1176 1338 D HwWifiStatStore: handleMessage : 200
04-24 12:56:33.335 742 742 E wificond: Failed to get NL80211_RATE_INFO_NOISE
04-24 12:56:33.335 742 742 E wificond: Failed to get NL80211_RATE_INFO_SNR
04-24 12:56:33.335 742 742 E wificond: Failed to get NL80211_STA_INFO_CNAHLOAD
04-24 12:56:33.336 1176 1337 E WificondControl: Noise: 0, Snr: -1, Chload: -1
04-24 12:56:33.338 1176 1339 D HwWifiCHRStateManager: handleMessage : 1001
04-24 12:56:33.338 1176 1339 D HwWifiCHRStateManager: handleUpdateChannel:2412
04-24 12:56:33.338 1176 1339 V HwWifiServiceFactory: get AllImpl object = com.android.server.wifi.HwWifiServiceFactoryImpl@2205edc
04-24 12:56:33.342 742 742 E wificond: Failed to get NL80211_RATE_INFO_NOISE
04-24 12:56:33.342 742 742 E wificond: Failed to get NL80211_RATE_INFO_SNR
04-24 12:56:33.342 742 742 E wificond: Failed to get NL80211_STA_INFO_CNAHLOAD
04-24 12:56:33.345 1176 1406 D HuaweiWifiWatchdogStateMachine: LM mrssi=-29
04-24 12:56:33.345 1176 1176 D WiFi_PRO: MSG_RETURN_AP_CURRY_RSSI rssi = -29
04-24 12:56:33.346 1176 1176 I QosMonitor: queryRtt: rtt_type = 3
04-24 12:56:33.346 1176 1406 I HuaweiWifiWatchdogStateMachine: spd good count:0, add sc:0.0, rate:1.0
04-24 12:56:33.346 1176 1406 I HuaweiWifiWatchdogStateMachine: current mHighDataFlowRate = 1.0
04-24 12:56:33.346 1176 1406 I HuaweiWifiWatchdogStateMachine: txbad/txgood is 0, no any pkt, ignore this period chk result.
04-24 12:56:33.346 1176 1176 I HwQoEJNI: send_cmd_kernel. begin
04-24 12:56:33.346 1176 1176 I HwQoEJNI: send_cmd_kernel. end
04-24 12:56:33.347 1176 1176 I QosMonitor: postEventFromNative: msg=100,arg1=4,arg2=10
04-24 12:56:33.347 1176 1176 D HuaweiWifiWatchdogStateMachine: setSampleRtt: unvalid rtt
04-24 12:56:34.753 1176 1176 I TrafficMonitor: update:rxPkts:0,txPkts:0,rxBytes:0,txBytes:0
04-24 12:56:34.754 1176 1176 I TrafficMonitor: start expired. level:-1
04-24 12:56:34.754 1176 1176 I TrafficMonitor: gettimer:interval=2000
04-24 12:56:34.884 487 620 W SocketListener: sending broadcast to Pid = 1176, Uid = 1000
04-24 12:56:34.891 1176 1332 D NetdConnector: RCV <- {613 IfaceClass idle 1 353783038787006}
04-24 12:56:34.895 1176 1332 D NetdConnector: RCV <- {613 IfaceClass idle 1 353783038787006}
04-24 12:56:34.899 1176 1202 D NetdConnector: RCV unsolicited event from native daemon, event = 613
04-24 12:56:35.746 1176 1176 I TrafficMonitor: expired arrive. level:-1
04-24 12:56:35.747 1176 1176 I TrafficMonitor: during_ms:2004,period_ms:2000
04-24 12:56:35.747 1176 1176 I TrafficMonitor: count:920,rx_sum:0,tx_sum:0,rxBytes:0,during_ms:2004,rx_speed:0.0,tx_speed:0.0,rto:0.0
04-24 12:56:35.747 1176 1176 D HuaweiWifiWatchdogStateMachine: speed: rxpkt:0, rxSpd:0B/s, txpkt:0, txSpd:0
04-24 12:56:35.869 1176 1338 D HwWifiStatStore: handleMessage : 200
04-24 12:56:36.758 1176 1176 I TrafficMonitor: update:rxPkts:0,txPkts:0,rxBytes:0,txBytes:0
04-24 12:56:36.759 1176 1176 I TrafficMonitor: start expired. level:-1
04-24 12:56:36.759 1176 1176 I TrafficMonitor: gettimer:interval=2000
04-24 12:56:37.089 777 777 E : [E/capacity_limit_control] not demo version, not set power control prop!
04-24 12:56:37.518 1176 1392 D HwArpVerifier: check_wifi_state_mode = 0 mCheckStateToken=25 token25
04-24 12:56:37.520 1176 1392 D wifiserviceimpl: netmask =16777215
04-24 12:56:37.552 1176 1392 D HWMultiGW: setGateWay 192.168.1.1
04-24 12:56:38.555 1176 1392 D HwArpVerifier: getGateWayARPResponses: arp rtt = 16
04-24 12:56:38.555 1176 1392 E HwCHRWifiRSSIGroupSummery: updatArpSummery mRSSI:-29 HwCHRWifiRSSIGroup [rssi_index=4, rtt_tcp_packets=0, rtt_tcp_duration=0, rtt_lan_duration=8218, rtt_lan_failures=0, rtt_lan_succ=401, rtt_lan_max=939, rtt_lan_min=0,same_area_frequency=0,adjacent_area_frequency=0]
04-24 12:56:38.582 1176 1392 D HwArpVerifier: There are 1 mac address for gateway
04-24 12:56:38.582 1176 1392 D HwArpVerifier: from HEART_CHECK transmit to state:HEART_CHECK
04-24 12:56:38.583 1176 1392 D HwArpVerifier: msg what=124 arg1(token)=25 arg2(mode)=0 delay=30000
04-24 12:56:38.583 1176 1392 D HwArpVerifier: performPollAndLog:
04-24 12:56:38.587 1176 1392 D hw_netstat: total/0/0
04-24 12:56:38.764 1176 1176 I TrafficMonitor: update:rxPkts:0,txPkts:0,rxBytes:0,txBytes:0
04-24 12:56:38.764 1176 1176 I TrafficMonitor: start expired. level:-1
04-24 12:56:38.764 1176 1176 I TrafficMonitor: gettimer:interval=2000
04-24 12:56:38.876 1176 1338 D HwWifiStatStore: handleMessage : 200
04-24 12:56:40.770 1176 1176 I TrafficMonitor: update:rxPkts:0,txPkts:0,rxBytes:0,txBytes:0
04-24 12:56:40.770 1176 1176 I TrafficMonitor: start expired. level:-1
04-24 12:56:40.770 1176 1176 I TrafficMonitor: gettimer:interval=5000
04-24 12:56:41.342 742 742 E wificond: Failed to get NL80211_RATE_INFO_NOISE
04-24 12:56:41.342 742 742 E wificond: Failed to get NL80211_RATE_INFO_SNR
04-24 12:56:41.342 742 742 E wificond: Failed to get NL80211_STA_INFO_CNAHLOAD
04-24 12:56:41.343 1176 1337 E WificondControl: Noise: 0, Snr: -1, Chload: -1
04-24 12:56:41.344 1176 1339 D HwWifiCHRStateManager: handleMessage : 1001
04-24 12:56:41.344 1176 1339 D HwWifiCHRStateManager: handleUpdateChannel:2412
04-24 12:56:41.344 1176 1339 V HwWifiServiceFactory: get AllImpl object = com.android.server.wifi.HwWifiServiceFactoryImpl@2205edc
04-24 12:56:41.349 742 742 E wificond: Failed to get NL80211_RATE_INFO_NOISE
04-24 12:56:41.349 742 742 E wificond: Failed to get NL80211_RATE_INFO_SNR
04-24 12:56:41.349 742 742 E wificond: Failed to get NL80211_STA_INFO_CNAHLOAD
04-24 12:56:41.351 1176 1406 D HuaweiWifiWatchdogStateMachine: LM mrssi=-31
04-24 12:56:41.351 1176 1176 D WiFi_PRO: MSG_RETURN_AP_CURRY_RSSI rssi = -31
04-24 12:56:41.351 1176 1176 I QosMonitor: queryRtt: rtt_type = 3
04-24 12:56:41.351 1176 1406 D HuaweiWifiWatchdogStateMachine: a4:fa:**:**:eb:b0 current loss[-45]=0%, volume=1
04-24 12:56:41.352 1176 1406 D HuaweiWifiWatchdogStateMachine: a4:fa:**:**:eb:b0 history loss[-45]=0%, volume=13825644
04-24 12:56:41.352 1176 1176 I HwQoEJNI: send_cmd_kernel. begin
04-24 12:56:41.352 1176 1176 I HwQoEJNI: send_cmd_kernel. end
04-24 12:56:41.352 1176 1406 I HuaweiWifiWatchdogStateMachine: spd good count:0, add sc:0.0, rate:1.0
04-24 12:56:41.352 1176 1176 I QosMonitor: postEventFromNative: msg=100,arg1=4,arg2=10
04-24 12:56:41.353 1176 1176 D HuaweiWifiWatchdogStateMachine: setSampleRtt: unvalid rtt
04-24 12:56:41.353 1176 1406 D HuaweiWifiWatchdogStateMachine: high data flow: protection_counter = 0, not_detect_counter = 389
04-24 12:56:41.353 1176 1406 D HuaweiWifiWatchdogStateMachine: high data flow scenario: 0 --> 0 rx bytes =12KB
04-24 12:56:41.354 1176 1406 I HuaweiWifiWatchdogStateMachine: current mHighDataFlowRate = 1.0
04-24 12:56:41.354 1176 1406 I HuaweiWifiWatchdogStateMachine: POta txb txg rxg:0, 1, 0. Lr =0% Totpkt=1
04-24 12:56:41.355 1176 1176 I HwQoEJNI: send_cmd_kernel. begin
04-24 12:56:41.355 1176 1176 I HwQoEJNI: send_cmd_kernel. end
04-24 12:56:41.355 1176 1176 I QosMonitor: postEventFromNative: msg=100,arg1=0,arg2=10
04-24 12:56:41.356 1176 1176 I MQoS : rtt=130,tcp_tx_pkts=480969,tcp_rx_pkts=921434
04-24 12:56:41.357 1176 1406 D HuaweiWifiWatchdogStateMachine: dumpTcpResult: len=10,rtt=130,rttPkt=9,rttWn=21,cgt=0,cgtWn=0
04-24 12:56:41.357 1176 1406 I HuaweiWifiWatchdogStateMachine: PTcp RTT:0, rtt pkt=0, tcp_rx=0, tcp_tx=0, tcp_reTran=0, rtRate=0
04-24 12:56:41.357 1176 1406 D HuaweiWifiWatchdogStateMachine: mRssiBadCount =0, RSSI not bad.
04-24 12:56:41.357 1176 1406 D HuaweiWifiWatchdogStateMachine: detectNetworkAvailable:hw.wifipro.dns_fail_count = 131
04-24 12:56:41.357 1176 1406 D HuaweiWifiWatchdogStateMachine: bqeLevel = 2 rtt=0,rtt_pkts=0 speed=0 rssi=-31
04-24 12:56:41.358 1176 1406 D HuaweiWifiWatchdogStateMachine: Enter updateQoeLevel level = 2
04-24 12:56:41.358 1176 1406 D HuaweiWifiWatchdogStateMachine: Leave updateQoeLevel level = 2
04-24 12:56:41.358 1176 1406 D HuaweiWifiWatchdogStateMachine: did not have any network action
04-24 12:56:41.358 1176 1176 D WiFi_PRO_WifiProStateMachine: onWifiBqeDetectionResult = 2
04-24 12:56:41.359 1176 1401 D WiFi_PRO_WifiProStateMachine: "uwa4d/5G" TCPRTT level = 2
04-24 12:56:41.364 1176 1401 D WiFi_PRO_EvaluateController: "uwa4d/5G",crurrent Signal = 4, last Signal = 4, isSemiAuto, last evaluate is Valid
04-24 12:56:41.364 1176 1401 D WiFi_PRO_WifiProStateMachine: updateWifiQosLevel, mCurrentSsid: "uwa4d/5G" ,isWiFiNoInternet: false, qosLevel: 2
04-24 12:56:41.364 1176 1401 D WiFi_PRO_EvaluateController: internetAccessType not change, can not update
04-24 12:56:41.364 1176 1401 D WiFi_PRO_EvaluateController: updateEvaluate Level succeed!.new Level = 2
04-24 12:56:41.367 1176 3515 I MQoS : QOS_level:0(0),wifi-link;SIM error;use level-0
04-24 12:56:41.380 1176 1337 D WifiConfigStore: Writing to stores completed in 10 ms.
04-24 12:56:41.761 1176 1176 I TrafficMonitor: expired arrive. level:-1
04-24 12:56:41.761 1176 1176 I TrafficMonitor: during_ms:2006,period_ms:2000
04-24 12:56:41.762 1176 1176 I TrafficMonitor: count:923,rx_sum:0,tx_sum:0,rxBytes:0,during_ms:2006,rx_speed:0.0,tx_speed:0.0,rto:0.0
04-24 12:56:41.762 1176 1176 D HuaweiWifiWatchdogStateMachine: speed: rxpkt:0, rxSpd:0B/s, txpkt:0, txSpd:0
04-24 12:56:41.883 1176 1338 D HwWifiStatStore: handleMessage : 200
04-24 12:56:42.099 777 777 E : [E/capacity_limit_control] not demo version, not set power control prop!
04-24 12:56:43.591 1176 1392 D HwArpVerifier: performPollAndLog:
04-24 12:56:43.595 1176 1392 D hw_netstat: total/0/0
04-24 12:56:44.151 1176 1302 W AlarmManager: mIsScreenOn is: false, WAKEUP alarm trigger action = ALARM_ACTION(27905) package name is: com.tencent.mm
04-24 12:56:44.157 27905 27971 I longlink_progress: on_heartbeat_alarm, time: 353792313, is_noop_timeout:0
04-24 12:56:44.158 1176 1176 V AlarmManager: Received TIME_TICK alarm; rescheduling
04-24 12:56:44.178 1176 1176 I HwAlarmManagerService: hwSetAlarm listenerTag: time_tick
04-24 12:56:44.185 1463 1463 E DateView: DateView,mCurrentTime: 1587704204185
04-24 12:56:44.192 1463 1463 I EventCenter: EventCenter Get :android.intent.action.TIME_TICK
04-24 12:56:44.197 1176 1631 W ProcBatteryStats: timer is running , not start, name: com.tencent.mm, uid: 10824, tag: PlatformComm
04-24 12:56:44.202 1176 11623 W ProcBatteryStats: timer is running , not start, name: com.tencent.mm, uid: 10824, tag: PlatformComm
04-24 12:56:44.206 1463 1463 W HwKeyguardDragHelper: AnimationBlocked
04-24 12:56:44.208 1463 1463 W ResourceType: No known package when getting value for resource number 0xffffffff
04-24 12:56:44.208 1463 1463 E DateLunarView: mDateString is: 4月24日星期五
04-24 12:56:44.209 1463 1463 W ResourceType: No known package when getting value for resource number 0xffffffff
04-24 12:56:44.209 1463 1463 E DateLunarView: mDateString is: 4月24日星期五
04-24 12:56:44.211 1463 1463 D WeatherHelper: City info empty
04-24 12:56:44.213 1176 11623 V BroadcastQueue: Finished with ordered broadcast BroadcastRecord{d595f3d u0 ALARM_ACTION(27905)}
04-24 12:56:44.213 1463 1463 D WeatherHelper: City info empty
04-24 12:56:44.213 1463 1463 D KeyguardUpdateMonitor: received broadcast android.intent.action.TIME_TICK
04-24 12:56:44.213 1463 1463 D KeyguardUpdateMonitor: handleTimeUpdate
04-24 12:56:44.214 1463 1782 I KeyguardStatusView: Runnable for refresh
04-24 12:56:44.217 1770 1770 I HwLauncher: Model onReceive intent=Intent { act=android.intent.action.TIME_TICK flg=0x50200014 hwFlg=0x900 (has extras) }
04-24 12:56:44.217 1770 1770 I HwLauncher: Model onReceive user=UserHandle{0}
04-24 12:56:44.218 1463 1463 D WeatherHelper: City info empty
04-24 12:56:44.219 27905 28003 I longlink_progress: on_heartbeat_set, time: 353792376, time interval:210000
04-24 12:56:44.221 487 620 W SocketListener: sending broadcast to Pid = 1176, Uid = 1000
04-24 12:56:44.223 1176 1332 D NetdConnector: RCV <- {613 IfaceClass active 1 353792378432838 10824}
04-24 12:56:44.224 1176 1332 D NetdConnector: RCV <- {613 IfaceClass active 1 353792378432838 10824}
04-24 12:56:44.225 1176 1202 D NetdConnector: RCV unsolicited event from native daemon, event = 613
04-24 12:56:44.228 3756 3806 I Step_LSC: 80001355|processHandleBroadcastAction action:android.intent.action.TIME_TICK
04-24 12:56:44.233 1176 4696 V BroadcastQueue: Finished with ordered broadcast BroadcastRecord{43c3894 u-1 android.intent.action.TIME_TICK}
04-24 12:56:44.236 27905 28003 I longlink_progress: on_heartbeat_set, time: 353792393, time interval:210000
04-24 12:56:44.292 1463 1463 D WeatherHelper: City info empty
04-24 12:56:44.293 1463 1463 D DateTimeView: Change to single clock mode!
04-24 12:56:44.295 1463 1463 D WeatherHelper: City info empty
04-24 12:56:44.295 1463 1463 D WeatherHelper: City info empty
04-24 12:56:44.295 1463 1463 D DateTimeView: Change to single clock mode!
04-24 12:56:44.297 1463 1463 D WeatherHelper: City info empty
04-24 12:56:44.890 1176 1338 D HwWifiStatStore: handleMessage : 200
04-24 12:56:45.087 1176 1176 D HwInnerWifiManagerImpl: SupplicantState = COMPLETED
04-24 12:56:45.088 1176 1176 D HwInnerWifiManagerImpl: isPhoneAP = false
04-24 12:56:45.089 1176 1176 D HwInnerWifiManagerImpl: SupplicantState = COMPLETED
04-24 12:56:45.089 1176 1176 D HwInnerWifiManagerImpl: isPhoneAP = false
04-24 12:56:45.089 1176 1176 D WifiStateMachine: mBcastReceiver: PluggedType = 2 mIsScanCtrlPluggedin = true
04-24 12:56:45.089 1463 1463 D KeyguardUpdateMonitor: received broadcast android.intent.action.BATTERY_CHANGED
04-24 12:56:45.090 1463 1463 W KeyguardUpdateMonitor: ACTION_BATTERY_CHANGED AMP: 500000; Volt: 5000000
04-24 12:56:45.090 1463 1463 V KeyguardUpdateMonitor: RefreshBatteryInfo isBatteryLow: 76
04-24 12:56:45.090 1463 1463 W KeyguardUpdateMonitor: ChargingSpeed Wattage: 2500000 ST: 5000000 --> 7500000
04-24 12:56:45.090 1463 1463 I KgBattery: BatteryInfo updated: 2lPc0
04-24 12:56:45.090 1463 1463 W AppHandler: sendMessage with obj100
04-24 12:56:45.090 1463 1463 D KeyguardUpdateMonitor: handleBatteryUpdate
04-24 12:56:45.091 1176 1176 D HwWifiService: mPluggedType =2
04-24 12:56:45.091 1463 1463 W HwLockScreenPanel: Handle message: 100
04-24 12:56:45.091 1463 1463 W HwKeyguardBottomArea: updateBatteryInfo : false true
04-24 12:56:45.092 1463 1463 W KgBattery: getCharge info with type: text
04-24 12:56:45.092 1176 1176 D WifiService: onReceive, action:android.intent.action.BATTERY_CHANGED
04-24 12:56:45.093 1176 1176 D WifiService: ACTION_BATTERY_CHANGED pluggedType: 2
04-24 12:56:45.097 1729 1729 I MsgReceiver: intent action: android.intent.action.BATTERY_CHANGED
04-24 12:56:45.100 5515 5671 E CloudAlbum[8.1.2.309]: [ReceiverManager] not log on ignore
04-24 12:56:45.104 1463 1463 W HwLockScreenPanel: refreshBatteryInfo: null
04-24 12:56:45.201 1176 4696 W ProcBatteryStats: timer is not running , not stop, name: com.tencent.mm, uid: 10824, tag: PlatformComm
04-24 12:56:45.659 1176 1392 D HwArpVerifier: getIpRouteTable
04-24 12:56:45.742 1176 1392 D HwArpVerifier: Notify wifi default route is ok
04-24 12:56:45.772 1176 1176 I TrafficMonitor: update:rxPkts:1,txPkts:2,rxBytes:77,txBytes:117
04-24 12:56:45.772 1176 1176 I TrafficMonitor: start expired. level:-1
04-24 12:56:45.772 1176 1176 I TrafficMonitor: gettimer:interval=2000
04-24 12:56:47.110 777 777 E : [E/capacity_limit_control] not demo version, not set power control prop!
04-24 12:56:47.776 1176 1176 I TrafficMonitor: update:rxPkts:0,txPkts:0,rxBytes:0,txBytes:0
04-24 12:56:47.776 1176 1176 I TrafficMonitor: start expired. level:-1
04-24 12:56:47.777 1176 1176 I TrafficMonitor: gettimer:interval=2000
04-24 12:56:47.896 1176 1338 D HwWifiStatStore: handleMessage : 200
04-24 12:56:48.129 1729 23345 I DownloadState: 10824 transmitting data speed : 38 bytes/s scroff: true
04-24 12:56:48.366 3756 3774 D LogUtil_LogConfig: obtainSavePath(): path = 1
04-24 12:56:48.370 3756 3774 D LogUtil_LogConfig: getLogFile(): logFilePath = /data/data/com.huawei.health/files/com.huawei.health/com.huawei.health_DaemonService/
04-24 12:56:48.371 3756 3774 D LogUtil_LogConfig: obtainSavePath(): path = 1
04-24 12:56:48.371 3756 3774 D LogUtil_LogConfig: acquireMaxLogFileLengthContainsOffset describe: com.huawei.health:DaemonService result:5242880
04-24 12:56:48.372 3756 3774 D LogUtil_LogConfig: obtainSavePath(): path = 1
04-24 12:56:48.373 3756 3774 D LogUtil_LogConfig: getLogFileRoot(): logFilePath = /data/data/com.huawei.health/files/com.huawei.health/com.huawei.health_DaemonService/
04-24 12:56:48.600 1176 1392 D HwArpVerifier: performPollAndLog:
04-24 12:56:48.604 1176 1392 D hw_netstat: total/77/117,com.tencent.mm/77/117
04-24 12:56:49.347 742 742 E wificond: Failed to get NL80211_RATE_INFO_NOISE
04-24 12:56:49.347 742 742 E wificond: Failed to get NL80211_RATE_INFO_SNR
04-24 12:56:49.347 742 742 E wificond: Failed to get NL80211_STA_INFO_CNAHLOAD
04-24 12:56:49.348 1176 1337 E WificondControl: Noise: 0, Snr: -1, Chload: -1
04-24 12:56:49.349 1176 1339 D HwWifiCHRStateManager: handleMessage : 1001
04-24 12:56:49.350 1176 1339 D HwWifiCHRStateManager: handleUpdateChannel:2412
04-24 12:56:49.350 1176 1339 V HwWifiServiceFactory: get AllImpl object = com.android.server.wifi.HwWifiServiceFactoryImpl@2205edc
04-24 12:56:49.354 742 742 E wificond: Failed to get NL80211_RATE_INFO_NOISE
04-24 12:56:49.354 742 742 E wificond: Failed to get NL80211_RATE_INFO_SNR
04-24 12:56:49.354 742 742 E wificond: Failed to get NL80211_STA_INFO_CNAHLOAD
04-24 12:56:49.356 1176 1406 D HuaweiWifiWatchdogStateMachine: LM mrssi=-29
04-24 12:56:49.356 1176 1176 D WiFi_PRO: MSG_RETURN_AP_CURRY_RSSI rssi = -29
04-24 12:56:49.356 1176 1406 D HuaweiWifiWatchdogStateMachine: a4:fa:**:**:eb:b0 current loss[-45]=0%, volume=2
04-24 12:56:49.356 1176 1176 I QosMonitor: queryRtt: rtt_type = 3
04-24 12:56:49.357 1176 1406 D HuaweiWifiWatchdogStateMachine: a4:fa:**:**:eb:b0 history loss[-45]=0%, volume=13825646
04-24 12:56:49.357 1176 1176 I HwQoEJNI: send_cmd_kernel. begin
04-24 12:56:49.357 1176 1176 I HwQoEJNI: send_cmd_kernel. end
04-24 12:56:49.357 1176 1406 I HuaweiWifiWatchdogStateMachine: spd good count:0, add sc:0.0, rate:1.0
04-24 12:56:49.357 1176 1176 I QosMonitor: postEventFromNative: msg=100,arg1=4,arg2=10
04-24 12:56:49.357 1176 1406 I HuaweiWifiWatchdogStateMachine: current mHighDataFlowRate = 1.0
04-24 12:56:49.358 1176 1406 I HuaweiWifiWatchdogStateMachine: POta txb txg rxg:0, 3, 0. Lr =0% Totpkt=3
04-24 12:56:49.358 1176 1176 D HuaweiWifiWatchdogStateMachine: a4:fa:**:**:eb:b0 current RTT[-45]=160, volume=1
04-24 12:56:49.358 1176 1176 D HuaweiWifiWatchdogStateMachine: a4:fa:**:**:eb:b0 history RTT[-45]=510, volume=60863
04-24 12:56:49.358 1176 1176 D HuaweiWifiWatchdogStateMachine: setSampleRtt: rtt=160,rtt_pkts =1,rtt_when=5
04-24 12:56:49.359 1176 1176 I HwQoEJNI: send_cmd_kernel. begin
04-24 12:56:49.359 1176 1176 I HwQoEJNI: send_cmd_kernel. end
04-24 12:56:49.359 1176 1176 I QosMonitor: postEventFromNative: msg=100,arg1=0,arg2=10
04-24 12:56:49.359 1176 1176 I QosMonitor: resetRtt: rtt_type = 3
04-24 12:56:49.359 1176 1176 I HwQoEJNI: send_cmd_kernel. begin
04-24 12:56:49.359 1176 1176 I HwQoEJNI: send_cmd_kernel. end
04-24 12:56:49.360 1176 1176 I MQoS : rtt=160,tcp_tx_pkts=480971,tcp_rx_pkts=921435
04-24 12:56:49.360 1176 3109 D HwUidTcpMonitor: parseWlanUidTcpStatistics lastUidTcpStatInfo = [ mUid = 10824 mPacketName = com.tencent.mm mSendSegs = 227 mResendSegs = 0 mRcvSegs = 168 ]
04-24 12:56:49.360 1176 1406 D HuaweiWifiWatchdogStateMachine: dumpTcpResult: len=10,rtt=160,rttPkt=1,rttWn=5,cgt=0,cgtWn=0
04-24 12:56:49.361 1176 1406 I HuaweiWifiWatchdogStateMachine: PTcp RTT:0, rtt pkt=0, tcp_rx=1, tcp_tx=2, tcp_reTran=0, rtRate=0
04-24 12:56:49.361 1176 1406 D HuaweiWifiWatchdogStateMachine: mRssiBadCount =0, RSSI not bad.
04-24 12:56:49.361 1176 1406 D HuaweiWifiWatchdogStateMachine: detectNetworkAvailable:hw.wifipro.dns_fail_count = 131
04-24 12:56:49.361 1176 1406 D HuaweiWifiWatchdogStateMachine: detectNetworkAvailable: tcpRxPkts != 0, reset
04-24 12:56:49.361 1176 1406 D HuaweiWifiWatchdogStateMachine: bqeLevel = 2 rtt=0,rtt_pkts=0 speed=0 rssi=-29
04-24 12:56:49.361 1176 1406 D HuaweiWifiWatchdogStateMachine: Enter updateQoeLevel level = 2
04-24 12:56:49.361 1176 1406 D HuaweiWifiWatchdogStateMachine: updateQoeLevel current level equal to mLastDetectLevel, return
04-24 12:56:49.361 1176 1406 D HuaweiWifiWatchdogStateMachine: did not have any network action
04-24 12:56:49.372 1176 3515 I MQoS : QOS_level:0(0),wifi-link;SIM error;use level-0
04-24 12:56:49.502 1176 1589 W Watchdog: hungtask: writing kick
04-24 12:56:49.503 1176 1202 I EventHub: EventHub monitor: no key events in the past 2743s, no motion events in the past 2744s
04-24 12:56:49.780 1176 1176 I TrafficMonitor: update:rxPkts:0,txPkts:0,rxBytes:0,txBytes:0
04-24 12:56:49.781 1176 1176 I TrafficMonitor: start expired. level:-1
04-24 12:56:49.781 1176 1176 I TrafficMonitor: gettimer:interval=2000
04-24 12:56:50.773 1176 1176 I TrafficMonitor: expired arrive. level:-1
04-24 12:56:50.774 1176 1176 I TrafficMonitor: during_ms:2005,period_ms:2000
04-24 12:56:50.774 1176 1176 I TrafficMonitor: count:926,rx_sum:0,tx_sum:0,rxBytes:0,during_ms:2005,rx_speed:0.0,tx_speed:0.0,rto:0.0
04-24 12:56:50.774 1176 1176 D HuaweiWifiWatchdogStateMachine: speed: rxpkt:0, rxSpd:0B/s, txpkt:0, txSpd:0
04-24 12:56:50.902 1176 1338 D HwWifiStatStore: handleMessage : 200
04-24 12:56:51.785 1176 1176 I TrafficMonitor: update:rxPkts:0,txPkts:0,rxBytes:0,txBytes:0
04-24 12:56:51.786 1176 1176 I TrafficMonitor: start expired. level:-1
04-24 12:56:51.786 1176 1176 I TrafficMonitor: gettimer:interval=2000
04-24 12:56:52.121 777 777 E : [E/capacity_limit_control] not demo version, not set power control prop!
04-24 12:56:53.134 1729 23345 I DownloadState: 0 transmitting data speed : 28 bytes/s scroff: true
04-24 12:56:53.611 1176 1392 D HwArpVerifier: performPollAndLog:
04-24 12:56:53.615 1176 1392 D hw_netstat: total/56/84,unknown:0/56/84
04-24 12:56:53.792 1176 1176 I TrafficMonitor: update:rxPkts:1,txPkts:1,rxBytes:56,txBytes:84
04-24 12:56:53.792 1176 1176 I TrafficMonitor: start expired. level:-1
04-24 12:56:53.793 1176 1176 I TrafficMonitor: gettimer:interval=2000
04-24 12:56:53.908 1176 1338 D HwWifiStatStore: handleMessage : 200
04-24 12:56:54.232 1176 1631 V BroadcastQueue: Finished with ordered broadcast BroadcastRecord{e0b168a u0 com.tencent.mm.plugin.report.service.KVCommCrossProcessReceiver}
04-24 12:56:55.797 1176 1176 I TrafficMonitor: update:rxPkts:0,txPkts:0,rxBytes:0,txBytes:0
04-24 12:56:55.797 1176 1176 I TrafficMonitor: start expired. level:-1
04-24 12:56:55.798 1176 1176 I TrafficMonitor: gettimer:interval=2000
04-24 12:56:56.788 1176 1176 I TrafficMonitor: expired arrive. level:-1
04-24 12:56:56.788 1176 1176 I TrafficMonitor: during_ms:2005,period_ms:2000
04-24 12:56:56.788 1176 1176 I TrafficMonitor: count:929,rx_sum:0,tx_sum:0,rxBytes:0,during_ms:2005,rx_speed:0.0,tx_speed:0.0,rto:0.0
04-24 12:56:56.788 1176 1176 D HuaweiWifiWatchdogStateMachine: speed: rxpkt:0, rxSpd:0B/s, txpkt:0, txSpd:0
04-24 12:56:56.916 1176 1338 D HwWifiStatStore: handleMessage : 200
04-24 12:56:57.131 777 777 E : [E/capacity_limit_control] not demo version, not set power control prop!
04-24 12:56:57.142 1176 1288 D HwBatteryService: onUEvent fcpStatus = 0,scpStatus =0,ovpStatus=0
04-24 12:56:57.145 1176 1288 I UsbDeviceManager: water_intrused state= 0
04-24 12:56:57.159 1176 1176 D HwInnerWifiManagerImpl: SupplicantState = COMPLETED
04-24 12:56:57.159 1176 1176 D HwInnerWifiManagerImpl: isPhoneAP = false
04-24 12:56:57.161 1176 1176 D HwInnerWifiManagerImpl: SupplicantState = COMPLETED
04-24 12:56:57.161 1176 1176 D HwInnerWifiManagerImpl: isPhoneAP = false
04-24 12:56:57.161 1176 1176 D WifiStateMachine: mBcastReceiver: PluggedType = 2 mIsScanCtrlPluggedin = true
04-24 12:56:57.162 1176 1176 D HwWifiService: mPluggedType =2
04-24 12:56:57.163 1176 1176 D WifiService: onReceive, action:android.intent.action.BATTERY_CHANGED
04-24 12:56:57.163 1176 1176 D WifiService: ACTION_BATTERY_CHANGED pluggedType: 2
04-24 12:56:57.163 1463 1463 D KeyguardUpdateMonitor: received broadcast android.intent.action.BATTERY_CHANGED
04-24 12:56:57.164 1463 1463 W KeyguardUpdateMonitor: ACTION_BATTERY_CHANGED AMP: 500000; Volt: 5000000
04-24 12:56:57.167 1729 1729 I MsgReceiver: intent action: android.intent.action.BATTERY_CHANGED
04-24 12:56:57.168 5515 5671 E CloudAlbum[8.1.2.309]: [ReceiverManager] not log on ignore
04-24 12:56:57.168 1463 1463 V KeyguardUpdateMonitor: RefreshBatteryInfo isBatteryLow: 76
04-24 12:56:57.168 1463 1463 W KeyguardUpdateMonitor: ChargingSpeed Wattage: 2500000 ST: 5000000 --> 7500000
04-24 12:56:57.168 1463 1463 I KgBattery: BatteryInfo updated: 2lPc0
04-24 12:56:57.169 1463 1463 W AppHandler: sendMessage with obj100
04-24 12:56:57.169 1463 1463 D KeyguardUpdateMonitor: handleBatteryUpdate
04-24 12:56:57.169 1463 1463 W HwLockScreenPanel: Handle message: 100
04-24 12:56:57.169 1463 1463 W HwKeyguardBottomArea: updateBatteryInfo : false true
04-24 12:56:57.169 1463 1463 W KgBattery: getCharge info with type: text
04-24 12:56:57.174 1463 1463 W HwLockScreenPanel: refreshBatteryInfo: null
04-24 12:56:57.361 742 742 E wificond: Failed to get NL80211_RATE_INFO_NOISE
04-24 12:56:57.361 742 742 E wificond: Failed to get NL80211_RATE_INFO_SNR
04-24 12:56:57.361 742 742 E wificond: Failed to get NL80211_STA_INFO_CNAHLOAD
04-24 12:56:57.362 1176 1337 E WificondControl: Noise: 0, Snr: -1, Chload: -1
04-24 12:56:57.363 1176 1339 D HwWifiCHRStateManager: handleMessage : 1001
04-24 12:56:57.364 1176 1339 D HwWifiCHRStateManager: handleUpdateChannel:2412
04-24 12:56:57.364 1176 1339 V HwWifiServiceFactory: get AllImpl object = com.android.server.wifi.HwWifiServiceFactoryImpl@2205edc
04-24 12:56:57.367 742 742 E wificond: Failed to get NL80211_RATE_INFO_NOISE
04-24 12:56:57.368 742 742 E wificond: Failed to get NL80211_RATE_INFO_SNR
04-24 12:56:57.368 742 742 E wificond: Failed to get NL80211_STA_INFO_CNAHLOAD
04-24 12:56:57.369 1176 1406 D HuaweiWifiWatchdogStateMachine: LM mrssi=-29
04-24 12:56:57.369 1176 1176 D WiFi_PRO: MSG_RETURN_AP_CURRY_RSSI rssi = -29
04-24 12:56:57.370 1176 1406 D HuaweiWifiWatchdogStateMachine: a4:fa:**:**:eb:b0 current loss[-45]=0%, volume=2
04-24 12:56:57.370 1176 1176 I QosMonitor: queryRtt: rtt_type = 3
04-24 12:56:57.370 1176 1406 D HuaweiWifiWatchdogStateMachine: a4:fa:**:**:eb:b0 history loss[-45]=0%, volume=13825648
04-24 12:56:57.370 1176 1176 I HwQoEJNI: send_cmd_kernel. begin
04-24 12:56:57.371 1176 1176 I HwQoEJNI: send_cmd_kernel. end
04-24 12:56:57.371 1176 1406 I HuaweiWifiWatchdogStateMachine: spd good count:0, add sc:0.0, rate:1.0
04-24 12:56:57.371 1176 1176 I QosMonitor: postEventFromNative: msg=100,arg1=4,arg2=10
04-24 12:56:57.371 1176 1406 I HuaweiWifiWatchdogStateMachine: current mHighDataFlowRate = 1.0
04-24 12:56:57.371 1176 1406 I HuaweiWifiWatchdogStateMachine: POta txb txg rxg:0, 5, 0. Lr =0% Totpkt=5
04-24 12:56:57.371 1176 1176 D HuaweiWifiWatchdogStateMachine: setSampleRtt: unvalid rtt
04-24 12:56:57.372 1176 1176 I HwQoEJNI: send_cmd_kernel. begin
04-24 12:56:57.372 1176 1176 I HwQoEJNI: send_cmd_kernel. end
04-24 12:56:57.372 1176 1176 I QosMonitor: postEventFromNative: msg=100,arg1=0,arg2=10
04-24 12:56:57.372 1176 1176 I MQoS : rtt=160,tcp_tx_pkts=480971,tcp_rx_pkts=921435
04-24 12:56:57.374 1176 1406 D HuaweiWifiWatchdogStateMachine: dumpTcpResult: len=10,rtt=160,rttPkt=1,rttWn=13,cgt=0,cgtWn=0
04-24 12:56:57.374 1176 1406 I HuaweiWifiWatchdogStateMachine: PTcp RTT:0, rtt pkt=0, tcp_rx=0, tcp_tx=0, tcp_reTran=0, rtRate=0
04-24 12:56:57.374 1176 1406 D HuaweiWifiWatchdogStateMachine: mRssiBadCount =0, RSSI not bad.
04-24 12:56:57.375 1176 1406 D HuaweiWifiWatchdogStateMachine: detectNetworkAvailable:hw.wifipro.dns_fail_count = 131
04-24 12:56:57.375 1176 1406 D HuaweiWifiWatchdogStateMachine: bqeLevel = 2 rtt=0,rtt_pkts=0 speed=0 rssi=-29
04-24 12:56:57.375 1176 1406 D HuaweiWifiWatchdogStateMachine: Enter updateQoeLevel level = 2
04-24 12:56:57.375 1176 1406 D HuaweiWifiWatchdogStateMachine: updateQoeLevel current level equal to mLastDetectLevel, return
04-24 12:56:57.375 1176 1406 D HuaweiWifiWatchdogStateMachine: did not have any network action
04-24 12:56:57.385 1176 3515 I MQoS : QOS_level:0(0),wifi-link;SIM error;use level-0
04-24 12:56:57.802 1176 1176 I TrafficMonitor: update:rxPkts:0,txPkts:0,rxBytes:0,txBytes:0
04-24 12:56:57.802 1176 1176 I TrafficMonitor: start expired. level:-1
04-24 12:56:57.802 1176 1176 I TrafficMonitor: gettimer:interval=2000
04-24 12:56:58.620 1176 1392 D HwArpVerifier: performPollAndLog:
04-24 12:56:58.624 1176 1392 D hw_netstat: total/0/0
04-24 12:56:59.807 1176 1176 I TrafficMonitor: update:rxPkts:0,txPkts:0,rxBytes:0,txBytes:0
04-24 12:56:59.808 1176 1176 I TrafficMonitor: start expired. level:-1
04-24 12:56:59.808 1176 1176 I TrafficMonitor: gettimer:interval=2000
04-24 12:56:59.920 1176 1338 D HwWifiStatStore: handleMessage : 200
04-24 12:57:01.813 1176 1176 I TrafficMonitor: update:rxPkts:0,txPkts:0,rxBytes:0,txBytes:0
04-24 12:57:01.813 1176 1176 I TrafficMonitor: start expired. level:-1
04-24 12:57:01.814 1176 1176 I TrafficMonitor: gettimer:interval=2000
04-24 12:57:02.150 777 777 E : [E/capacity_limit_control] not demo version, not set power control prop!
04-24 12:57:02.804 1176 1176 I TrafficMonitor: expired arrive. level:-1
04-24 12:57:02.804 1176 1176 I TrafficMonitor: during_ms:2006,period_ms:2000
04-24 12:57:02.805 1176 1176 I TrafficMonitor: count:932,rx_sum:0,tx_sum:0,rxBytes:0,during_ms:2006,rx_speed:0.0,tx_speed:0.0,rto:0.0
04-24 12:57:02.805 1176 1176 D HuaweiWifiWatchdogStateMachine: speed: rxpkt:0, rxSpd:0B/s, txpkt:0, txSpd:0
04-24 12:57:02.927 1176 1338 D HwWifiStatStore: handleMessage : 200
04-24 12:57:03.626 1176 1392 D HwArpVerifier: performPollAndLog:
04-24 12:57:03.630 1176 1392 D hw_netstat: total/0/0
04-24 12:57:03.818 1176 1176 I TrafficMonitor: update:rxPkts:0,txPkts:0,rxBytes:0,txBytes:0
04-24 12:57:03.818 1176 1176 I TrafficMonitor: start expired. level:-1
04-24 12:57:03.819 1176 1176 I TrafficMonitor: gettimer:interval=2000
04-24 12:57:05.370 742 742 E wificond: Failed to get NL80211_RATE_INFO_NOISE
04-24 12:57:05.371 742 742 E wificond: Failed to get NL80211_RATE_INFO_SNR
04-24 12:57:05.371 742 742 E wificond: Failed to get NL80211_STA_INFO_CNAHLOAD
04-24 12:57:05.372 1176 1337 E WificondControl: Noise: 0, Snr: -1, Chload: -1
04-24 12:57:05.373 1176 1339 D HwWifiCHRStateManager: handleMessage : 1001
04-24 12:57:05.374 1176 1339 D HwWifiCHRStateManager: handleUpdateChannel:2412
04-24 12:57:05.374 1176 1339 V HwWifiServiceFactory: get AllImpl object = com.android.server.wifi.HwWifiServiceFactoryImpl@2205edc
04-24 12:57:05.377 742 742 E wificond: Failed to get NL80211_RATE_INFO_NOISE
04-24 12:57:05.377 742 742 E wificond: Failed to get NL80211_RATE_INFO_SNR
04-24 12:57:05.377 742 742 E wificond: Failed to get NL80211_STA_INFO_CNAHLOAD
04-24 12:57:05.379 1176 1406 D HuaweiWifiWatchdogStateMachine: LM mrssi=-30
04-24 12:57:05.380 1176 1176 D WiFi_PRO: MSG_RETURN_AP_CURRY_RSSI rssi = -30
04-24 12:57:05.380 1176 1176 I QosMonitor: queryRtt: rtt_type = 3
04-24 12:57:05.380 1176 1406 I HuaweiWifiWatchdogStateMachine: spd good count:0, add sc:0.0, rate:1.0
04-24 12:57:05.380 1176 1406 I HuaweiWifiWatchdogStateMachine: current mHighDataFlowRate = 1.0
04-24 12:57:05.380 1176 1406 I HuaweiWifiWatchdogStateMachine: POta txb txg rxg:0, 5, 0. Lr =0% Totpkt=5
04-24 12:57:05.381 1176 1176 I HwQoEJNI: send_cmd_kernel. begin
04-24 12:57:05.381 1176 1176 I HwQoEJNI: send_cmd_kernel. end
04-24 12:57:05.381 1176 1176 I QosMonitor: postEventFromNative: msg=100,arg1=4,arg2=10
04-24 12:57:05.382 1176 1176 I HwQoEJNI: send_cmd_kernel. begin
04-24 12:57:05.382 1176 1176 I HwQoEJNI: send_cmd_kernel. end
04-24 12:57:05.382 1176 1176 I QosMonitor: postEventFromNative: msg=100,arg1=0,arg2=10
04-24 12:57:05.382 1176 1176 D HuaweiWifiWatchdogStateMachine: setSampleRtt: unvalid rtt
04-24 12:57:05.383 1176 1176 I MQoS : rtt=160,tcp_tx_pkts=480971,tcp_rx_pkts=921435
04-24 12:57:05.385 1176 1406 D HuaweiWifiWatchdogStateMachine: dumpTcpResult: len=10,rtt=160,rttPkt=1,rttWn=21,cgt=0,cgtWn=0
04-24 12:57:05.385 1176 1406 I HuaweiWifiWatchdogStateMachine: PTcp RTT:0, rtt pkt=0, tcp_rx=0, tcp_tx=0, tcp_reTran=0, rtRate=0
04-24 12:57:05.385 1176 1406 D HuaweiWifiWatchdogStateMachine: mRssiBadCount =0, RSSI not bad.
04-24 12:57:05.385 1176 1406 D HuaweiWifiWatchdogStateMachine: detectNetworkAvailable:hw.wifipro.dns_fail_count = 131
04-24 12:57:05.385 1176 1406 D HuaweiWifiWatchdogStateMachine: bqeLevel = 2 rtt=0,rtt_pkts=0 speed=0 rssi=-30
04-24 12:57:05.385 1176 1406 D HuaweiWifiWatchdogStateMachine: Enter updateQoeLevel level = 2
04-24 12:57:05.385 1176 1406 D HuaweiWifiWatchdogStateMachine: updateQoeLevel current level equal to mLastDetectLevel, return
04-24 12:57:05.385 1176 1406 D HuaweiWifiWatchdogStateMachine: did not have any network action
04-24 12:57:05.395 1176 3515 I MQoS : QOS_level:0(0),wifi-link;SIM error;use level-0
04-24 12:57:05.823 1176 1176 I TrafficMonitor: update:rxPkts:0,txPkts:0,rxBytes:0,txBytes:0
04-24 12:57:05.823 1176 1176 I TrafficMonitor: start expired. level:-1
04-24 12:57:05.824 1176 1176 I TrafficMonitor: gettimer:interval=2000
04-24 12:57:05.934 1176 1338 D HwWifiStatStore: handleMessage : 200
04-24 12:57:06.925 487 620 W SocketListener: sending broadcast to Pid = 1176, Uid = 1000
04-24 12:57:06.928 1176 1332 D NetdConnector: RCV <- {613 IfaceClass idle 1 353815078793251}
04-24 12:57:06.932 1176 1332 D NetdConnector: RCV <- {613 IfaceClass idle 1 353815078793251}
04-24 12:57:06.936 1176 1202 D NetdConnector: RCV unsolicited event from native daemon, event = 613
04-24 12:57:07.160 777 777 E : [E/capacity_limit_control] not demo version, not set power control prop!
04-24 12:57:07.828 1176 1176 I TrafficMonitor: update:rxPkts:0,txPkts:0,rxBytes:0,txBytes:0
04-24 12:57:07.828 1176 1176 I TrafficMonitor: start expired. level:-1
04-24 12:57:07.829 1176 1176 I TrafficMonitor: gettimer:interval=2000
04-24 12:57:07.891 1729 2056 D SleepClean: run sleepClean start
04-24 12:57:08.588 1176 1392 D HwArpVerifier: check_wifi_state_mode = 0 mCheckStateToken=25 token25
04-24 12:57:08.591 1176 1392 D wifiserviceimpl: netmask =16777215
04-24 12:57:08.659 1176 1392 D HWMultiGW: setGateWay 192.168.1.1
04-24 12:57:08.674 1106 1119 I OAM : [check_file_size:505]/data/log/wifi/wifi_log_1 log file beyond size=10240Byte, creat new file
04-24 12:57:08.674 1106 1119 I OAM : [rename_old_file:210]rename_old_file
04-24 12:57:08.674 1106 1119 I OAM :
04-24 12:57:08.822 1176 1176 I TrafficMonitor: expired arrive. level:-1
04-24 12:57:08.822 1176 1176 I TrafficMonitor: during_ms:2006,period_ms:2000
04-24 12:57:08.823 1176 1176 I TrafficMonitor: count:935,rx_sum:0,tx_sum:0,rxBytes:0,during_ms:2006,rx_speed:0.0,tx_speed:0.0,rto:0.0
04-24 12:57:08.823 1176 1176 D HuaweiWifiWatchdogStateMachine: speed: rxpkt:0, rxSpd:0B/s, txpkt:0, txSpd:0
04-24 12:57:08.941 1176 1338 D HwWifiStatStore: handleMessage : 200
04-24 12:57:09.660 1176 1392 D HwArpVerifier: getGateWayARPResponses: arp rtt = 25
04-24 12:57:09.661 1176 1392 E HwCHRWifiRSSIGroupSummery: updatArpSummery mRSSI:-30 HwCHRWifiRSSIGroup [rssi_index=4, rtt_tcp_packets=0, rtt_tcp_duration=0, rtt_lan_duration=8243, rtt_lan_failures=0, rtt_lan_succ=402, rtt_lan_max=939, rtt_lan_min=0,same_area_frequency=0,adjacent_area_frequency=0]
04-24 12:57:09.741 1176 1392 D HwArpVerifier: There are 1 mac address for gateway
04-24 12:57:09.742 1176 1392 D HwArpVerifier: from HEART_CHECK transmit to state:HEART_CHECK
04-24 12:57:09.742 1176 1392 D HwArpVerifier: msg what=124 arg1(token)=25 arg2(mode)=0 delay=30000
04-24 12:57:09.742 1176 1392 D HwArpVerifier: performPollAndLog:
04-24 12:57:09.745 1176 1392 D hw_netstat: total/0/0
04-24 12:57:09.833 1176 1176 I TrafficMonitor: update:rxPkts:0,txPkts:0,rxBytes:0,txBytes:0
04-24 12:57:09.834 1176 1176 I TrafficMonitor: start expired. level:-1
04-24 12:57:09.834 1176 1176 I TrafficMonitor: gettimer:interval=2000
04-24 12:57:11.840 1176 1176 I TrafficMonitor: update:rxPkts:0,txPkts:0,rxBytes:0,txBytes:0
04-24 12:57:11.840 1176 1176 I TrafficMonitor: start expired. level:-1
04-24 12:57:11.840 1176 1176 I TrafficMonitor: gettimer:interval=2000
04-24 12:57:11.948 1176 1338 D HwWifiStatStore: handleMessage : 200
04-24 12:57:12.170 777 777 E : [E/capacity_limit_control] not demo version, not set power control prop!
04-24 12:57:13.380 742 742 E wificond: Failed to get NL80211_RATE_INFO_NOISE
04-24 12:57:13.381 742 742 E wificond: Failed to get NL80211_RATE_INFO_SNR
04-24 12:57:13.381 742 742 E wificond: Failed to get NL80211_STA_INFO_CNAHLOAD
04-24 12:57:13.383 1176 1337 E WificondControl: Noise: 0, Snr: -1, Chload: -1
04-24 12:57:13.384 1176 1339 D HwWifiCHRStateManager: handleMessage : 1001
04-24 12:57:13.384 1176 1339 D HwWifiCHRStateManager: handleUpdateChannel:2412
04-24 12:57:13.384 1176 1339 V HwWifiServiceFactory: get AllImpl object = com.android.server.wifi.HwWifiServiceFactoryImpl@2205edc
04-24 12:57:13.388 742 742 E wificond: Failed to get NL80211_RATE_INFO_NOISE
04-24 12:57:13.388 742 742 E wificond: Failed to get NL80211_RATE_INFO_SNR
04-24 12:57:13.388 742 742 E wificond: Failed to get NL80211_STA_INFO_CNAHLOAD
04-24 12:57:13.391 1176 1406 D HuaweiWifiWatchdogStateMachine: LM mrssi=-30
04-24 12:57:13.391 1176 1176 D WiFi_PRO: MSG_RETURN_AP_CURRY_RSSI rssi = -30
04-24 12:57:13.392 1176 1406 D HuaweiWifiWatchdogStateMachine: a4:fa:**:**:eb:b0 current loss[-45]=0%, volume=1
04-24 12:57:13.392 1176 1176 I QosMonitor: queryRtt: rtt_type = 3
04-24 12:57:13.392 1176 1406 D HuaweiWifiWatchdogStateMachine: a4:fa:**:**:eb:b0 history loss[-45]=0%, volume=13825649
04-24 12:57:13.392 1176 1176 I HwQoEJNI: send_cmd_kernel. begin
04-24 12:57:13.393 1176 1176 I HwQoEJNI: send_cmd_kernel. end
04-24 12:57:13.393 1176 1406 I HuaweiWifiWatchdogStateMachine: spd good count:0, add sc:0.0, rate:1.0
04-24 12:57:13.393 1176 1176 I QosMonitor: postEventFromNative: msg=100,arg1=4,arg2=10
04-24 12:57:13.393 1176 1176 D HuaweiWifiWatchdogStateMachine: setSampleRtt: unvalid rtt
04-24 12:57:13.394 1176 1406 D HuaweiWifiWatchdogStateMachine: high data flow: protection_counter = 0, not_detect_counter = 390
04-24 12:57:13.394 1176 1406 D HuaweiWifiWatchdogStateMachine: high data flow scenario: 0 --> 0 rx bytes =0KB
04-24 12:57:13.394 1176 1406 I HuaweiWifiWatchdogStateMachine: current mHighDataFlowRate = 1.0
04-24 12:57:13.394 1176 1406 I HuaweiWifiWatchdogStateMachine: POta txb txg rxg:0, 6, 0. Lr =0% Totpkt=6
04-24 12:57:13.395 1176 1176 I HwQoEJNI: send_cmd_kernel. begin
04-24 12:57:13.395 1176 1176 I HwQoEJNI: send_cmd_kernel. end
04-24 12:57:13.396 1176 1176 I QosMonitor: postEventFromNative: msg=100,arg1=0,arg2=10
04-24 12:57:13.396 1176 1176 I MQoS : rtt=160,tcp_tx_pkts=480971,tcp_rx_pkts=921435
04-24 12:57:13.398 1176 1406 D HuaweiWifiWatchdogStateMachine: dumpTcpResult: len=10,rtt=160,rttPkt=1,rttWn=29,cgt=0,cgtWn=0
04-24 12:57:13.398 1176 1406 I HuaweiWifiWatchdogStateMachine: PTcp RTT:0, rtt pkt=0, tcp_rx=0, tcp_tx=0, tcp_reTran=0, rtRate=0
04-24 12:57:13.398 1176 1406 D HuaweiWifiWatchdogStateMachine: mRssiBadCount =0, RSSI not bad.
04-24 12:57:13.398 1176 1406 D HuaweiWifiWatchdogStateMachine: detectNetworkAvailable:hw.wifipro.dns_fail_count = 131
04-24 12:57:13.399 1176 1406 D HuaweiWifiWatchdogStateMachine: bqeLevel = 2 rtt=0,rtt_pkts=0 speed=0 rssi=-30
04-24 12:57:13.399 1176 1406 D HuaweiWifiWatchdogStateMachine: Enter updateQoeLevel level = 2
04-24 12:57:13.399 1176 1406 D HuaweiWifiWatchdogStateMachine: updateQoeLevel current level equal to mLastDetectLevel, return
04-24 12:57:13.399 1176 1406 D HuaweiWifiWatchdogStateMachine: did not have any network action
04-24 12:57:13.407 1176 3515 I MQoS : QOS_level:0(0),wifi-link;SIM error;use level-0
04-24 12:57:13.845 1176 1176 I TrafficMonitor: update:rxPkts:0,txPkts:0,rxBytes:0,txBytes:0
04-24 12:57:13.845 1176 1176 I TrafficMonitor: start expired. level:-1
04-24 12:57:13.845 1176 1176 I TrafficMonitor: gettimer:interval=5000
04-24 12:57:14.751 1176 1392 D HwArpVerifier: performPollAndLog:
04-24 12:57:14.755 1176 1392 D hw_netstat: total/0/0
04-24 12:57:14.836 1176 1176 I TrafficMonitor: expired arrive. level:-1
04-24 12:57:14.837 1176 1176 I TrafficMonitor: during_ms:2005,period_ms:2000
04-24 12:57:14.837 1176 1176 I TrafficMonitor: count:938,rx_sum:0,tx_sum:0,rxBytes:0,during_ms:2005,rx_speed:0.0,tx_speed:0.0,rto:0.0
04-24 12:57:14.837 1176 1176 D HuaweiWifiWatchdogStateMachine: speed: rxpkt:0, rxSpd:0B/s, txpkt:0, txSpd:0
04-24 12:57:14.955 1176 1338 D HwWifiStatStore: handleMessage : 200
04-24 12:57:17.181 777 777 E : [E/capacity_limit_control] not demo version, not set power control prop!
04-24 12:57:17.962 1176 1338 D HwWifiStatStore: handleMessage : 200
04-24 12:57:18.853 1176 1176 I TrafficMonitor: update:rxPkts:0,txPkts:0,rxBytes:0,txBytes:0
04-24 12:57:18.853 1176 1176 I TrafficMonitor: start expired. level:-1
04-24 12:57:18.854 1176 1176 I TrafficMonitor: gettimer:interval=5000
04-24 12:57:19.505 1176 1589 W Watchdog: hungtask: writing kick
04-24 12:57:19.507 1176 1202 I EventHub: EventHub monitor: no key events in the past 2773s, no motion events in the past 2774s
04-24 12:57:19.761 1176 1392 D HwArpVerifier: performPollAndLog:
04-24 12:57:19.766 1176 1392 D hw_netstat: total/0/0
04-24 12:57:20.969 1176 1338 D HwWifiStatStore: handleMessage : 200
04-24 12:57:21.388 742 742 E wificond: Failed to get NL80211_RATE_INFO_NOISE
04-24 12:57:21.388 742 742 E wificond: Failed to get NL80211_RATE_INFO_SNR
04-24 12:57:21.388 742 742 E wificond: Failed to get NL80211_STA_INFO_CNAHLOAD
04-24 12:57:21.389 1176 1337 E WificondControl: Noise: 0, Snr: -1, Chload: -1
04-24 12:57:21.391 1176 1339 D HwWifiCHRStateManager: handleMessage : 1001
04-24 12:57:21.391 1176 1339 D HwWifiCHRStateManager: handleUpdateChannel:2412
04-24 12:57:21.391 1176 1339 V HwWifiServiceFactory: get AllImpl object = com.android.server.wifi.HwWifiServiceFactoryImpl@2205edc
04-24 12:57:21.395 742 742 E wificond: Failed to get NL80211_RATE_INFO_NOISE
