04-24 12:38:56.394 1176 1176 I MQoS : rtt=640,tcp_tx_pkts=480928,tcp_rx_pkts=921402
04-24 12:38:56.395 1176 1406 D HuaweiWifiWatchdogStateMachine: dumpTcpResult: len=10,rtt=640,rttPkt=2,rttWn=184,cgt=0,cgtWn=0
04-24 12:38:56.395 1176 1406 I HuaweiWifiWatchdogStateMachine: PTcp RTT:0, rtt pkt=0, tcp_rx=0, tcp_tx=0, tcp_reTran=0, rtRate=0
04-24 12:38:56.395 1176 1406 D HuaweiWifiWatchdogStateMachine: mRssiBadCount =0, RSSI not bad.
04-24 12:38:56.396 1176 1406 D HuaweiWifiWatchdogStateMachine: detectNetworkAvailable:hw.wifipro.dns_fail_count = 131
04-24 12:38:56.396 1176 1406 D HuaweiWifiWatchdogStateMachine: bqeLevel = 2 rtt=0,rtt_pkts=0 speed=37 rssi=-29
04-24 12:38:56.396 1176 1406 D HuaweiWifiWatchdogStateMachine: Enter updateQoeLevel level = 2
04-24 12:38:56.396 1176 1406 D HuaweiWifiWatchdogStateMachine: updateQoeLevel current level equal to mLastDetectLevel, return
04-24 12:38:56.396 1176 1406 D HuaweiWifiWatchdogStateMachine: did not have any network action
04-24 12:38:56.405 1176 3515 I MQoS : QOS_level:0(0),wifi-link;SIM error;use level-0
04-24 12:38:56.709 1106 1119 I OAM : [check_file_size:505]/data/log/wifi/wifi_log_1 log file beyond size=10240Byte, creat new file
04-24 12:38:56.710 1106 1119 I OAM : [rename_old_file:210]rename_old_file
04-24 12:38:56.710 1106 1119 I OAM :
04-24 12:38:57.600 1176 1338 D HwWifiStatStore: handleMessage : 200
04-24 12:38:57.733 1176 1176 I TrafficMonitor: update:rxPkts:0,txPkts:0,rxBytes:0,txBytes:0
04-24 12:38:57.733 1176 1176 I TrafficMonitor: start expired. level:-1
04-24 12:38:57.734 1176 1176 I TrafficMonitor: gettimer:interval=2000
04-24 12:38:58.724 1176 1176 I TrafficMonitor: expired arrive. level:-1
04-24 12:38:58.724 1176 1176 I TrafficMonitor: during_ms:2006,period_ms:2000
04-24 12:38:58.724 1176 1176 I TrafficMonitor: count:571,rx_sum:0,tx_sum:0,rxBytes:0,during_ms:2006,rx_speed:0.0,tx_speed:0.0,rto:0.0
04-24 12:38:58.724 1176 1176 D HuaweiWifiWatchdogStateMachine: speed: rxpkt:0, rxSpd:0B/s, txpkt:0, txSpd:0
04-24 12:38:59.087 1176 1392 D HwArpVerifier: check_wifi_state_mode = 0 mCheckStateToken=25 token25
04-24 12:38:59.090 1176 1392 D wifiserviceimpl: netmask =16777215
04-24 12:38:59.143 1176 1392 D HWMultiGW: setGateWay 192.168.1.1
04-24 12:38:59.264 777 777 E : [E/capacity_limit_control] not demo version, not set power control prop!
04-24 12:38:59.738 1176 1176 I TrafficMonitor: update:rxPkts:0,txPkts:0,rxBytes:0,txBytes:0
04-24 12:38:59.738 1176 1176 I TrafficMonitor: start expired. level:-1
04-24 12:38:59.739 1176 1176 I TrafficMonitor: gettimer:interval=2000
04-24 12:39:00.145 1176 1392 D HwArpVerifier: getGateWayARPResponses: arp rtt = 13
04-24 12:39:00.146 1176 1392 E HwCHRWifiRSSIGroupSummery: updatArpSummery mRSSI:-29 HwCHRWifiRSSIGroup [rssi_index=4, rtt_tcp_packets=0, rtt_tcp_duration=0, rtt_lan_duration=7626, rtt_lan_failures=0, rtt_lan_succ=367, rtt_lan_max=939, rtt_lan_min=0,same_area_frequency=0,adjacent_area_frequency=0]
04-24 12:39:00.242 1176 1392 D HwArpVerifier: There are 1 mac address for gateway
04-24 12:39:00.242 1176 1392 D HwArpVerifier: from HEART_CHECK transmit to state:HEART_CHECK
04-24 12:39:00.243 1176 1392 D HwArpVerifier: msg what=124 arg1(token)=25 arg2(mode)=0 delay=30000
04-24 12:39:00.243 1176 1392 D HwArpVerifier: performPollAndLog:
04-24 12:39:00.247 1176 1392 D hw_netstat: total/0/0
04-24 12:39:00.607 1176 1338 D HwWifiStatStore: handleMessage : 200
04-24 12:39:01.743 1176 1176 I TrafficMonitor: update:rxPkts:0,txPkts:0,rxBytes:0,txBytes:0
04-24 12:39:01.743 1176 1176 I TrafficMonitor: start expired. level:-1
04-24 12:39:01.744 1176 1176 I TrafficMonitor: gettimer:interval=2000
04-24 12:39:03.611 1176 1338 D HwWifiStatStore: handleMessage : 200
04-24 12:39:03.749 1176 1176 I TrafficMonitor: update:rxPkts:0,txPkts:0,rxBytes:0,txBytes:0
04-24 12:39:03.750 1176 1176 I TrafficMonitor: start expired. level:-1
04-24 12:39:03.750 1176 1176 I TrafficMonitor: gettimer:interval=2000
04-24 12:39:04.274 777 777 E : [E/capacity_limit_control] not demo version, not set power control prop!
04-24 12:39:04.389 742 742 E wificond: Failed to get NL80211_RATE_INFO_NOISE
04-24 12:39:04.390 742 742 E wificond: Failed to get NL80211_RATE_INFO_SNR
04-24 12:39:04.390 742 742 E wificond: Failed to get NL80211_STA_INFO_CNAHLOAD
04-24 12:39:04.391 1176 1337 E WificondControl: Noise: 0, Snr: -1, Chload: -1
04-24 12:39:04.392 1176 1339 D HwWifiCHRStateManager: handleMessage : 1001
04-24 12:39:04.392 1176 1339 D HwWifiCHRStateManager: handleUpdateChannel:2412
04-24 12:39:04.392 1176 1339 V HwWifiServiceFactory: get AllImpl object = com.android.server.wifi.HwWifiServiceFactoryImpl@2205edc
04-24 12:39:04.396 742 742 E wificond: Failed to get NL80211_RATE_INFO_NOISE
04-24 12:39:04.396 742 742 E wificond: Failed to get NL80211_RATE_INFO_SNR
04-24 12:39:04.396 742 742 E wificond: Failed to get NL80211_STA_INFO_CNAHLOAD
04-24 12:39:04.398 1176 1406 D HuaweiWifiWatchdogStateMachine: LM mrssi=-29
04-24 12:39:04.398 1176 1176 D WiFi_PRO: MSG_RETURN_AP_CURRY_RSSI rssi = -29
04-24 12:39:04.399 1176 1406 D HuaweiWifiWatchdogStateMachine: a4:fa:**:**:eb:b0 current loss[-45]=0%, volume=2
04-24 12:39:04.399 1176 1176 I QosMonitor: queryRtt: rtt_type = 3
04-24 12:39:04.399 1176 1406 D HuaweiWifiWatchdogStateMachine: a4:fa:**:**:eb:b0 history loss[-45]=0%, volume=13825537
04-24 12:39:04.399 1176 1176 I HwQoEJNI: send_cmd_kernel. begin
04-24 12:39:04.399 1176 1176 I HwQoEJNI: send_cmd_kernel. end
04-24 12:39:04.399 1176 1406 I HuaweiWifiWatchdogStateMachine: spd good count:0, add sc:0.0, rate:1.0
04-24 12:39:04.400 1176 1176 I QosMonitor: postEventFromNative: msg=100,arg1=4,arg2=10
04-24 12:39:04.400 1176 1176 D HuaweiWifiWatchdogStateMachine: setSampleRtt: unvalid rtt
04-24 12:39:04.400 1176 1406 D HuaweiWifiWatchdogStateMachine: high data flow: protection_counter = 0, not_detect_counter = 356
04-24 12:39:04.400 1176 1406 D HuaweiWifiWatchdogStateMachine: high data flow scenario: 0 --> 0 rx bytes =0KB
04-24 12:39:04.401 1176 1406 I HuaweiWifiWatchdogStateMachine: current mHighDataFlowRate = 1.0
04-24 12:39:04.404 1176 1406 I HuaweiWifiWatchdogStateMachine: POta txb txg rxg:0, 67, 0. Lr =0% Totpkt=67
04-24 12:39:04.405 1176 1176 I HwQoEJNI: send_cmd_kernel. begin
04-24 12:39:04.405 1176 1176 I HwQoEJNI: send_cmd_kernel. end
04-24 12:39:04.405 1176 1176 I QosMonitor: postEventFromNative: msg=100,arg1=0,arg2=10
04-24 12:39:04.406 1176 1176 I MQoS : rtt=640,tcp_tx_pkts=480928,tcp_rx_pkts=921402
04-24 12:39:04.407 1176 1406 D HuaweiWifiWatchdogStateMachine: dumpTcpResult: len=10,rtt=640,rttPkt=2,rttWn=192,cgt=0,cgtWn=0
04-24 12:39:04.407 1176 1406 I HuaweiWifiWatchdogStateMachine: PTcp RTT:0, rtt pkt=0, tcp_rx=0, tcp_tx=0, tcp_reTran=0, rtRate=0
04-24 12:39:04.407 1176 1406 D HuaweiWifiWatchdogStateMachine: mRssiBadCount =0, RSSI not bad.
04-24 12:39:04.407 1176 1406 D HuaweiWifiWatchdogStateMachine: detectNetworkAvailable:hw.wifipro.dns_fail_count = 131
04-24 12:39:04.407 1176 1406 D HuaweiWifiWatchdogStateMachine: bqeLevel = 2 rtt=0,rtt_pkts=0 speed=37 rssi=-29
04-24 12:39:04.408 1176 1406 D HuaweiWifiWatchdogStateMachine: Enter updateQoeLevel level = 2
04-24 12:39:04.408 1176 1406 D HuaweiWifiWatchdogStateMachine: updateQoeLevel current level equal to mLastDetectLevel, return
04-24 12:39:04.408 1176 1406 D HuaweiWifiWatchdogStateMachine: did not have any network action
04-24 12:39:04.417 1176 3515 I MQoS : QOS_level:0(0),wifi-link;SIM error;use level-0
04-24 12:39:04.740 1176 1176 I TrafficMonitor: expired arrive. level:-1
04-24 12:39:04.740 1176 1176 I TrafficMonitor: during_ms:2006,period_ms:2000
04-24 12:39:04.740 1176 1176 I TrafficMonitor: count:574,rx_sum:0,tx_sum:0,rxBytes:0,during_ms:2006,rx_speed:0.0,tx_speed:0.0,rto:0.0
04-24 12:39:04.740 1176 1176 D HuaweiWifiWatchdogStateMachine: speed: rxpkt:0, rxSpd:0B/s, txpkt:0, txSpd:0
04-24 12:39:05.251 1176 1392 D HwArpVerifier: performPollAndLog:
04-24 12:39:05.255 1176 1392 D hw_netstat: total/0/0
04-24 12:39:05.755 1176 1176 I TrafficMonitor: update:rxPkts:0,txPkts:0,rxBytes:0,txBytes:0
04-24 12:39:05.755 1176 1176 I TrafficMonitor: start expired. level:-1
04-24 12:39:05.755 1176 1176 I TrafficMonitor: gettimer:interval=2000
04-24 12:39:06.618 1176 1338 D HwWifiStatStore: handleMessage : 200
04-24 12:39:06.723 487 620 W SocketListener: sending broadcast to Pid = 1176, Uid = 1000
04-24 12:39:06.727 1176 1332 D NetdConnector: RCV <- {613 IfaceClass idle 1 352734878825708}
04-24 12:39:06.733 1176 1332 D NetdConnector: RCV <- {613 IfaceClass idle 1 352734878825708}
04-24 12:39:06.737 1176 1202 D NetdConnector: RCV unsolicited event from native daemon, event = 613
04-24 12:39:07.317 1729 2056 D SleepClean: run sleepClean start
04-24 12:39:07.762 1176 1176 I TrafficMonitor: update:rxPkts:0,txPkts:0,rxBytes:0,txBytes:0
04-24 12:39:07.762 1176 1176 I TrafficMonitor: start expired. level:-1
04-24 12:39:07.762 1176 1176 I TrafficMonitor: gettimer:interval=2000
04-24 12:39:09.283 777 777 E : [E/capacity_limit_control] not demo version, not set power control prop!
04-24 12:39:09.623 1176 1338 D HwWifiStatStore: handleMessage : 200
04-24 12:39:09.768 1176 1176 I TrafficMonitor: update:rxPkts:0,txPkts:0,rxBytes:0,txBytes:0
04-24 12:39:09.768 1176 1176 I TrafficMonitor: start expired. level:-1
04-24 12:39:09.769 1176 1176 I TrafficMonitor: gettimer:interval=2000
04-24 12:39:10.261 1176 1392 D HwArpVerifier: performPollAndLog:
04-24 12:39:10.266 1176 1392 D hw_netstat: total/0/0
04-24 12:39:10.757 1176 1176 I TrafficMonitor: expired arrive. level:-1
04-24 12:39:10.757 1176 1176 I TrafficMonitor: during_ms:2006,period_ms:2000
04-24 12:39:10.757 1176 1176 I TrafficMonitor: count:577,rx_sum:0,tx_sum:0,rxBytes:0,during_ms:2006,rx_speed:0.0,tx_speed:0.0,rto:0.0
04-24 12:39:10.758 1176 1176 D HuaweiWifiWatchdogStateMachine: speed: rxpkt:0, rxSpd:0B/s, txpkt:0, txSpd:0
04-24 12:39:11.773 1176 1176 I TrafficMonitor: update:rxPkts:0,txPkts:0,rxBytes:0,txBytes:0
04-24 12:39:11.773 1176 1176 I TrafficMonitor: start expired. level:-1
04-24 12:39:11.774 1176 1176 I TrafficMonitor: gettimer:interval=2000
04-24 12:39:12.391 742 742 E wificond: Failed to get NL80211_RATE_INFO_NOISE
04-24 12:39:12.392 742 742 E wificond: Failed to get NL80211_RATE_INFO_SNR
04-24 12:39:12.392 742 742 E wificond: Failed to get NL80211_STA_INFO_CNAHLOAD
04-24 12:39:12.393 1176 1337 E WificondControl: Noise: 0, Snr: -1, Chload: -1
04-24 12:39:12.394 1176 1339 D HwWifiCHRStateManager: handleMessage : 1001
04-24 12:39:12.394 1176 1339 D HwWifiCHRStateManager: handleUpdateChannel:2412
04-24 12:39:12.394 1176 1339 V HwWifiServiceFactory: get AllImpl object = com.android.server.wifi.HwWifiServiceFactoryImpl@2205edc
04-24 12:39:12.398 742 742 E wificond: Failed to get NL80211_RATE_INFO_NOISE
04-24 12:39:12.398 742 742 E wificond: Failed to get NL80211_RATE_INFO_SNR
04-24 12:39:12.399 742 742 E wificond: Failed to get NL80211_STA_INFO_CNAHLOAD
04-24 12:39:12.401 1176 1406 D HuaweiWifiWatchdogStateMachine: LM mrssi=-29
04-24 12:39:12.401 1176 1176 D WiFi_PRO: MSG_RETURN_AP_CURRY_RSSI rssi = -29
04-24 12:39:12.402 1176 1406 I HuaweiWifiWatchdogStateMachine: spd good count:0, add sc:0.0, rate:1.0
04-24 12:39:12.402 1176 1176 I QosMonitor: queryRtt: rtt_type = 3
04-24 12:39:12.402 1176 1406 I HuaweiWifiWatchdogStateMachine: current mHighDataFlowRate = 1.0
04-24 12:39:12.402 1176 1406 I HuaweiWifiWatchdogStateMachine: POta txb txg rxg:0, 67, 0. Lr =0% Totpkt=67
04-24 12:39:12.403 1176 1176 I HwQoEJNI: send_cmd_kernel. begin
04-24 12:39:12.403 1176 1176 I HwQoEJNI: send_cmd_kernel. end
04-24 12:39:12.403 1176 1176 I QosMonitor: postEventFromNative: msg=100,arg1=4,arg2=10
04-24 12:39:12.403 1176 1176 I HwQoEJNI: send_cmd_kernel. begin
04-24 12:39:12.403 1176 1176 I HwQoEJNI: send_cmd_kernel. end
04-24 12:39:12.403 1176 1176 I QosMonitor: postEventFromNative: msg=100,arg1=0,arg2=10
04-24 12:39:12.403 1176 1176 D HuaweiWifiWatchdogStateMachine: setSampleRtt: unvalid rtt
04-24 12:39:12.404 1176 1176 I MQoS : rtt=640,tcp_tx_pkts=480928,tcp_rx_pkts=921402
04-24 12:39:12.407 1176 1406 D HuaweiWifiWatchdogStateMachine: dumpTcpResult: len=10,rtt=640,rttPkt=2,rttWn=200,cgt=0,cgtWn=0
04-24 12:39:12.407 1176 1406 I HuaweiWifiWatchdogStateMachine: PTcp RTT:0, rtt pkt=0, tcp_rx=0, tcp_tx=0, tcp_reTran=0, rtRate=0
04-24 12:39:12.408 1176 1406 D HuaweiWifiWatchdogStateMachine: mRssiBadCount =0, RSSI not bad.
04-24 12:39:12.408 1176 1406 D HuaweiWifiWatchdogStateMachine: detectNetworkAvailable:hw.wifipro.dns_fail_count = 131
04-24 12:39:12.408 1176 1406 D HuaweiWifiWatchdogStateMachine: bqeLevel = 2 rtt=0,rtt_pkts=0 speed=37 rssi=-29
04-24 12:39:12.408 1176 1406 D HuaweiWifiWatchdogStateMachine: Enter updateQoeLevel level = 2
04-24 12:39:12.408 1176 1406 D HuaweiWifiWatchdogStateMachine: updateQoeLevel current level equal to mLastDetectLevel, return
04-24 12:39:12.408 1176 1406 D HuaweiWifiWatchdogStateMachine: did not have any network action
04-24 12:39:12.415 1176 3515 I MQoS : QOS_level:0(0),wifi-link;SIM error;use level-0
04-24 12:39:12.415 1176 3515 I MQoS : skip-low-Level:0(0),wifi-link;SIM error;use level-0
04-24 12:39:12.630 1176 1338 D HwWifiStatStore: handleMessage : 200
04-24 12:39:13.659 1176 1392 D HwArpVerifier: getIpRouteTable
04-24 12:39:13.743 1176 1392 D HwArpVerifier: Notify wifi default route is ok
04-24 12:39:13.776 1176 1176 I TrafficMonitor: update:rxPkts:0,txPkts:0,rxBytes:0,txBytes:0
04-24 12:39:13.776 1176 1176 I TrafficMonitor: start expired. level:-1
04-24 12:39:13.776 1176 1176 I TrafficMonitor: gettimer:interval=5000
04-24 12:39:13.786 1176 1302 W AlarmManager: mIsScreenOn is: false, WAKEUP alarm trigger action = ALARM_ACTION(27905) package name is: com.tencent.mm
04-24 12:39:13.788 27905 27971 I longlink_progress: on_heartbeat_alarm, time: 352741945, is_noop_timeout:0
04-24 12:39:13.788 1176 1176 V AlarmManager: Received TIME_TICK alarm; rescheduling
04-24 12:39:13.793 1176 1176 I HwAlarmManagerService: hwSetAlarm listenerTag: time_tick
04-24 12:39:13.795 1463 1463 E DateView: DateView,mCurrentTime: 1587703153795
04-24 12:39:13.806 1176 1728 W ProcBatteryStats: timer is running , not start, name: com.tencent.mm, uid: 10824, tag: PlatformComm
04-24 12:39:13.815 1463 1463 W HwKeyguardDragHelper: AnimationBlocked
04-24 12:39:13.817 1463 1463 I EventCenter: EventCenter Get :android.intent.action.TIME_TICK
04-24 12:39:13.818 1463 1463 W ResourceType: No known package when getting value for resource number 0xffffffff
04-24 12:39:13.818 1463 1463 E DateLunarView: mDateString is: 4月24日星期五
04-24 12:39:13.819 1463 1463 W ResourceType: No known package when getting value for resource number 0xffffffff
04-24 12:39:13.819 1463 1463 E DateLunarView: mDateString is: 4月24日星期五
04-24 12:39:13.820 1176 11623 V BroadcastQueue: Finished with ordered broadcast BroadcastRecord{d73b714 u0 ALARM_ACTION(27905)}
04-24 12:39:13.823 1463 1463 D WeatherHelper: City info empty
04-24 12:39:13.824 27905 28003 I longlink_progress: on_heartbeat_set, time: 352741981, time interval:210000
04-24 12:39:13.825 1463 1463 D WeatherHelper: City info empty
04-24 12:39:13.825 1463 1463 D KeyguardUpdateMonitor: received broadcast android.intent.action.TIME_TICK
04-24 12:39:13.826 1463 1463 D KeyguardUpdateMonitor: handleTimeUpdate
04-24 12:39:13.826 487 620 W SocketListener: sending broadcast to Pid = 1176, Uid = 1000
04-24 12:39:13.827 1770 1770 I HwLauncher: Model onReceive intent=Intent { act=android.intent.action.TIME_TICK flg=0x50200014 hwFlg=0x900 (has extras) }
04-24 12:39:13.827 1770 1770 I HwLauncher: Model onReceive user=UserHandle{0}
04-24 12:39:13.827 1463 1782 I KeyguardStatusView: Runnable for refresh
04-24 12:39:13.828 1176 1332 D NetdConnector: RCV <- {613 IfaceClass active 1 352741982977790 10824}
04-24 12:39:13.829 1176 1332 D NetdConnector: RCV <- {613 IfaceClass active 1 352741982977790 10824}
04-24 12:39:13.830 1176 1202 D NetdConnector: RCV unsolicited event from native daemon, event = 613
04-24 12:39:13.835 1463 1463 D WeatherHelper: City info empty
04-24 12:39:13.838 3756 3806 I Step_LSC: 80001355|processHandleBroadcastAction action:android.intent.action.TIME_TICK
04-24 12:39:13.845 1176 1728 V BroadcastQueue: Finished with ordered broadcast BroadcastRecord{9a23d67 u-1 android.intent.action.TIME_TICK}
04-24 12:39:13.849 27905 28003 I longlink_progress: on_heartbeat_set, time: 352742006, time interval:210000
04-24 12:39:13.918 1463 1463 D WeatherHelper: City info empty
04-24 12:39:13.919 1463 1463 D DateTimeView: Change to single clock mode!
04-24 12:39:13.920 1463 1463 D WeatherHelper: City info empty
04-24 12:39:13.921 1463 1463 D WeatherHelper: City info empty
04-24 12:39:13.921 1463 1463 D DateTimeView: Change to single clock mode!
04-24 12:39:13.923 1463 1463 D WeatherHelper: City info empty
04-24 12:39:14.292 777 777 E : [E/capacity_limit_control] not demo version, not set power control prop!
04-24 12:39:14.816 1176 6416 W ProcBatteryStats: timer is not running , not stop, name: com.tencent.mm, uid: 10824, tag: PlatformComm
04-24 12:39:15.268 1176 1392 D HwArpVerifier: performPollAndLog:
04-24 12:39:15.273 1176 1392 D hw_netstat: total/77/117,com.tencent.mm/77/117
04-24 12:39:15.637 1176 1338 D HwWifiStatStore: handleMessage : 200
04-24 12:39:16.777 1176 1176 I TrafficMonitor: expired arrive. level:-1
04-24 12:39:16.777 1176 1176 I TrafficMonitor: during_ms:2004,period_ms:2000
04-24 12:39:16.778 1176 1176 I TrafficMonitor: count:579,rx_sum:0,tx_sum:0,rxBytes:0,during_ms:2004,rx_speed:0.0,tx_speed:0.0,rto:0.0
04-24 12:39:16.778 1176 1176 D HuaweiWifiWatchdogStateMachine: speed: rxpkt:0, rxSpd:0B/s, txpkt:0, txSpd:0
04-24 12:39:17.157 1729 23345 I DownloadState: 10824 transmitting data speed : 38 bytes/s scroff: true
04-24 12:39:17.491 3756 3774 D LogUtil_LogConfig: obtainSavePath(): path = 1
04-24 12:39:17.494 3756 3774 D LogUtil_LogConfig: getLogFile(): logFilePath = /data/data/com.huawei.health/files/com.huawei.health/com.huawei.health_DaemonService/
04-24 12:39:17.495 3756 3774 D LogUtil_LogConfig: obtainSavePath(): path = 1
04-24 12:39:17.495 3756 3774 D LogUtil_LogConfig: acquireMaxLogFileLengthContainsOffset describe: com.huawei.health:DaemonService result:5242880
04-24 12:39:17.495 3756 3774 D LogUtil_LogConfig: obtainSavePath(): path = 1
04-24 12:39:17.496 3756 3774 D LogUtil_LogConfig: getLogFileRoot(): logFilePath = /data/data/com.huawei.health/files/com.huawei.health/com.huawei.health_DaemonService/
04-24 12:39:18.644 1176 1338 D HwWifiStatStore: handleMessage : 200
04-24 12:39:18.781 1176 1176 I TrafficMonitor: update:rxPkts:1,txPkts:2,rxBytes:77,txBytes:117
04-24 12:39:18.782 1176 1176 I TrafficMonitor: start expired. level:-1
04-24 12:39:18.782 1176 1176 I TrafficMonitor: gettimer:interval=2000
04-24 12:39:19.302 777 777 E : [E/capacity_limit_control] not demo version, not set power control prop!
04-24 12:39:19.385 1176 1589 W Watchdog: hungtask: writing kick
04-24 12:39:19.388 1176 1202 I EventHub: EventHub monitor: no key events in the past 1693s, no motion events in the past 1694s
04-24 12:39:20.279 1176 1392 D HwArpVerifier: performPollAndLog:
04-24 12:39:20.284 1176 1392 D hw_netstat: total/0/0
04-24 12:39:20.400 742 742 E wificond: Failed to get NL80211_RATE_INFO_NOISE
04-24 12:39:20.400 742 742 E wificond: Failed to get NL80211_RATE_INFO_SNR
04-24 12:39:20.400 742 742 E wificond: Failed to get NL80211_STA_INFO_CNAHLOAD
04-24 12:39:20.401 1176 1337 E WificondControl: Noise: 0, Snr: -1, Chload: -1
04-24 12:39:20.404 1176 1339 D HwWifiCHRStateManager: handleMessage : 1001
04-24 12:39:20.405 1176 1339 D HwWifiCHRStateManager: handleUpdateChannel:2412
04-24 12:39:20.405 1176 1339 V HwWifiServiceFactory: get AllImpl object = com.android.server.wifi.HwWifiServiceFactoryImpl@2205edc
04-24 12:39:20.407 742 742 E wificond: Failed to get NL80211_RATE_INFO_NOISE
04-24 12:39:20.407 742 742 E wificond: Failed to get NL80211_RATE_INFO_SNR
04-24 12:39:20.407 742 742 E wificond: Failed to get NL80211_STA_INFO_CNAHLOAD
04-24 12:39:20.409 1176 1406 D HuaweiWifiWatchdogStateMachine: LM mrssi=-29
04-24 12:39:20.409 1176 1176 D WiFi_PRO: MSG_RETURN_AP_CURRY_RSSI rssi = -29
04-24 12:39:20.409 1176 1406 D HuaweiWifiWatchdogStateMachine: a4:fa:**:**:eb:b0 current loss[-45]=0%, volume=2
04-24 12:39:20.410 1176 1406 D HuaweiWifiWatchdogStateMachine: a4:fa:**:**:eb:b0 history loss[-45]=0%, volume=13825539
04-24 12:39:20.410 1176 1176 I QosMonitor: queryRtt: rtt_type = 3
04-24 12:39:20.410 1176 1406 I HuaweiWifiWatchdogStateMachine: spd good count:0, add sc:0.0, rate:1.0
04-24 12:39:20.410 1176 1406 I HuaweiWifiWatchdogStateMachine: current mHighDataFlowRate = 1.0
04-24 12:39:20.410 1176 1406 I HuaweiWifiWatchdogStateMachine: POta txb txg rxg:0, 69, 0. Lr =0% Totpkt=69
04-24 12:39:20.410 1176 1176 I HwQoEJNI: send_cmd_kernel. begin
04-24 12:39:20.410 1176 1176 I HwQoEJNI: send_cmd_kernel. end
04-24 12:39:20.411 1176 1176 I QosMonitor: postEventFromNative: msg=100,arg1=4,arg2=10
04-24 12:39:20.412 1176 1176 I HwQoEJNI: send_cmd_kernel. begin
04-24 12:39:20.412 1176 1176 I HwQoEJNI: send_cmd_kernel. end
04-24 12:39:20.412 1176 1176 I QosMonitor: postEventFromNative: msg=100,arg1=0,arg2=10
04-24 12:39:20.412 1176 1176 D HuaweiWifiWatchdogStateMachine: a4:fa:**:**:eb:b0 current RTT[-45]=80, volume=1
04-24 12:39:20.413 1176 1176 D HuaweiWifiWatchdogStateMachine: a4:fa:**:**:eb:b0 history RTT[-45]=511, volume=60845
04-24 12:39:20.413 1176 1176 D HuaweiWifiWatchdogStateMachine: setSampleRtt: rtt=80,rtt_pkts =1,rtt_when=6
04-24 12:39:20.413 1176 1176 I MQoS : rtt=80,tcp_tx_pkts=480930,tcp_rx_pkts=921403
04-24 12:39:20.413 1176 1176 I QosMonitor: resetRtt: rtt_type = 3
04-24 12:39:20.413 1176 1176 I HwQoEJNI: send_cmd_kernel. begin
04-24 12:39:20.414 1176 1176 I HwQoEJNI: send_cmd_kernel. end
04-24 12:39:20.414 1176 3109 D HwUidTcpMonitor: parseWlanUidTcpStatistics lastUidTcpStatInfo = [ mUid = 10824 mPacketName = com.tencent.mm mSendSegs = 197 mResendSegs = 0 mRcvSegs = 143 ]
04-24 12:39:20.415 1176 1406 D HuaweiWifiWatchdogStateMachine: dumpTcpResult: len=10,rtt=80,rttPkt=1,rttWn=6,cgt=0,cgtWn=0
04-24 12:39:20.415 1176 1406 I HuaweiWifiWatchdogStateMachine: PTcp RTT:0, rtt pkt=0, tcp_rx=1, tcp_tx=2, tcp_reTran=0, rtRate=0
04-24 12:39:20.416 1176 1406 D HuaweiWifiWatchdogStateMachine: mRssiBadCount =0, RSSI not bad.
04-24 12:39:20.416 1176 1406 D HuaweiWifiWatchdogStateMachine: detectNetworkAvailable:hw.wifipro.dns_fail_count = 131
04-24 12:39:20.416 1176 1406 D HuaweiWifiWatchdogStateMachine: detectNetworkAvailable: tcpRxPkts != 0, reset
04-24 12:39:20.416 1176 1406 D HuaweiWifiWatchdogStateMachine: bqeLevel = 2 rtt=0,rtt_pkts=0 speed=37 rssi=-29
04-24 12:39:20.416 1176 1406 D HuaweiWifiWatchdogStateMachine: Enter updateQoeLevel level = 2
04-24 12:39:20.416 1176 1406 D HuaweiWifiWatchdogStateMachine: updateQoeLevel current level equal to mLastDetectLevel, return
04-24 12:39:20.416 1176 1406 D HuaweiWifiWatchdogStateMachine: did not have any network action
04-24 12:39:20.427 1176 3515 I MQoS : QOS_level:0(0),wifi-link;SIM error;use level-0
04-24 12:39:20.786 1176 1176 I TrafficMonitor: update:rxPkts:0,txPkts:0,rxBytes:0,txBytes:0
04-24 12:39:20.786 1176 1176 I TrafficMonitor: start expired. level:-1
04-24 12:39:20.786 1176 1176 I TrafficMonitor: gettimer:interval=2000
04-24 12:39:21.651 1176 1338 D HwWifiStatStore: handleMessage : 200
04-24 12:39:22.792 1176 1176 I TrafficMonitor: update:rxPkts:0,txPkts:0,rxBytes:0,txBytes:0
04-24 12:39:22.792 1176 1176 I TrafficMonitor: start expired. level:-1
04-24 12:39:22.793 1176 1176 I TrafficMonitor: gettimer:interval=2000
04-24 12:39:23.523 741 741 E Thermal-daemon: [ap] temp_new :29 temp_old :30
04-24 12:39:23.525 1729 24941 I ThermalService: Receive temperature change, type: 0, temp: 29 from thermald
04-24 12:39:23.529 741 741 E Thermal-daemon: Report temperature: [ap] temp :29 report_threshold:1
04-24 12:39:23.784 1176 1176 I TrafficMonitor: expired arrive. level:-1
04-24 12:39:23.784 1176 1176 I TrafficMonitor: during_ms:2007,period_ms:2000
04-24 12:39:23.784 1176 1176 I TrafficMonitor: count:582,rx_sum:0,tx_sum:0,rxBytes:0,during_ms:2007,rx_speed:0.0,tx_speed:0.0,rto:0.0
04-24 12:39:23.785 1176 1176 D HuaweiWifiWatchdogStateMachine: speed: rxpkt:0, rxSpd:0B/s, txpkt:0, txSpd:0
04-24 12:39:23.849 1176 6416 V BroadcastQueue: Finished with ordered broadcast BroadcastRecord{b7d2575 u0 com.tencent.mm.plugin.report.service.KVCommCrossProcessReceiver}
04-24 12:39:24.312 777 777 E : [E/capacity_limit_control] not demo version, not set power control prop!
04-24 12:39:24.345 1176 1288 D HwBatteryService: onUEvent fcpStatus = 0,scpStatus =0,ovpStatus=0
04-24 12:39:24.347 1176 1288 I UsbDeviceManager: water_intrused state= 0
04-24 12:39:24.365 1176 1176 D HwInnerWifiManagerImpl: SupplicantState = COMPLETED
04-24 12:39:24.365 1176 1176 D HwInnerWifiManagerImpl: isPhoneAP = false
04-24 12:39:24.366 1176 1176 D HwInnerWifiManagerImpl: SupplicantState = COMPLETED
04-24 12:39:24.366 1176 1176 D HwInnerWifiManagerImpl: isPhoneAP = false
04-24 12:39:24.366 1176 1176 D WifiStateMachine: mBcastReceiver: PluggedType = 2 mIsScanCtrlPluggedin = true
04-24 12:39:24.367 1176 1176 D HwWifiService: mPluggedType =2
04-24 12:39:24.368 1729 1729 I MsgReceiver: intent action: android.intent.action.BATTERY_CHANGED
04-24 12:39:24.369 1463 1463 D KeyguardUpdateMonitor: received broadcast android.intent.action.BATTERY_CHANGED
04-24 12:39:24.369 1463 1463 W KeyguardUpdateMonitor: ACTION_BATTERY_CHANGED AMP: 500000; Volt: 5000000
04-24 12:39:24.372 5515 5671 E CloudAlbum[8.1.2.309]: [ReceiverManager] not log on ignore
04-24 12:39:24.373 1176 1176 D WifiService: onReceive, action:android.intent.action.BATTERY_CHANGED
04-24 12:39:24.374 1176 1176 D WifiService: ACTION_BATTERY_CHANGED pluggedType: 2
04-24 12:39:24.375 1463 1463 V KeyguardUpdateMonitor: RefreshBatteryInfo isBatteryLow: 74
04-24 12:39:24.375 1463 1463 W KeyguardUpdateMonitor: ChargingSpeed Wattage: 2500000 ST: 5000000 --> 7500000
04-24 12:39:24.375 1463 1463 I KgBattery: BatteryInfo updated: 2lPc0
04-24 12:39:24.375 1463 1463 W AppHandler: sendMessage with obj100
04-24 12:39:24.375 1463 1463 D KeyguardUpdateMonitor: handleBatteryUpdate
04-24 12:39:24.375 1463 1463 W HwLockScreenPanel: Handle message: 100
04-24 12:39:24.376 1463 1463 W HwKeyguardBottomArea: updateBatteryInfo : false true
04-24 12:39:24.376 1463 1463 W KgBattery: getCharge info with type: text
04-24 12:39:24.384 1463 1463 W HwLockScreenPanel: refreshBatteryInfo: null
04-24 12:39:24.658 1176 1338 D HwWifiStatStore: handleMessage : 200
04-24 12:39:24.797 1176 1176 I TrafficMonitor: update:rxPkts:0,txPkts:0,rxBytes:0,txBytes:0
04-24 12:39:24.797 1176 1176 I TrafficMonitor: start expired. level:-1
04-24 12:39:24.798 1176 1176 I TrafficMonitor: gettimer:interval=2000
04-24 12:39:25.290 1176 1392 D HwArpVerifier: performPollAndLog:
04-24 12:39:25.295 1176 1392 D hw_netstat: total/0/0
04-24 12:39:26.519 768 1103 I logserver: thread_logcontrol, socket_server = 41, changed.
04-24 12:39:26.520 768 1103 I logserver: handle_connection_event, socket client 110 connected!
04-24 12:39:26.520 768 1103 I logserver: thread_logcontrol, socket_client = 110, changed.
04-24 12:39:26.520 768 1103 I logserver: thread_logcontrol, socket_client = 110, OK.
04-24 12:39:26.520 768 1103 I logserver: handle_client_event, socket_client = 110.
04-24 12:39:26.520 768 1103 I logserver: recv 52 bytes, errno=32
04-24 12:39:26.520 768 1103 I logserver: handle_client_event, rcv [{uploadReady:uploadReadyParam=1587703176516;10000;2}]
04-24 12:39:26.520 768 1103 I logserver: handle_client_event: msg = {uploadReady:uploadReadyParam=1587703176516;10000;2}
04-24 12:39:26.520 768 1103 I logserver: handle_one_socket_command: one command = uploadReady:uploadReadyParam=1587703176516;10000;2
04-24 12:39:26.520 768 1103 I logserver: handle_one_socket_command, has :
04-24 12:39:26.520 768 1103 I logserver: handle_one_socket_command, cmd = uploadReady, content = uploadReadyParam=1587703176516;10000;2
04-24 12:39:26.520 768 1103 I logserver: handle_one_socket_command, match cmd, client_cmd_tbl = uploadReady
04-24 12:39:26.520 768 1103 I logserver: handle_client_upload_ready, into
04-24 12:39:26.521 768 1103 E logserver: deadline_time is 1587703176516
04-24 12:39:26.521 768 1103 E logserver: wait_time_len is 0
04-24 12:39:26.521 768 1103 E logserver: special_tag is 2
04-24 12:39:26.523 768 1103 I iMonitor: create: 902500004
04-24 12:39:26.524 768 1103 I iMonitor: send: 902500004
04-24 12:39:26.524 768 1103 I iMonitor: create: 902500004
04-24 12:39:26.546 768 1103 I chatty : uid=0(root) logcontrol identical 427 lines
04-24 12:39:26.556 768 1103 I iMonitor: create: 902500004
04-24 12:39:26.557 768 1103 I iMonitor: send: 902500004
04-24 12:39:26.557 768 1103 I iMonitor: create: 902500004
04-24 12:39:26.557 768 1103 I chatty : uid=0(root) logcontrol identical 2 lines
04-24 12:39:26.557 768 1103 I iMonitor: create: 902500004
04-24 12:39:26.557 768 1103 I iMonitor: send: 902500004
04-24 12:39:26.557 768 1103 I iMonitor: create: 902500004
04-24 12:39:26.557 768 1103 I iMonitor: send: 902500004
04-24 12:39:26.557 768 1103 I iMonitor: create: 902500004
04-24 12:39:26.557 768 1103 I iMonitor: send: 902500004
04-24 12:39:26.557 768 1103 I iMonitor: create: 902500004
04-24 12:39:26.557 768 1103 I iMonitor: send: 902500004
04-24 12:39:26.557 768 1103 I iMonitor: create: 902500004
04-24 12:39:26.557 768 1103 I iMonitor: send: 902500004
04-24 12:39:26.557 768 1103 I iMonitor: create: 902500004
04-24 12:39:26.558 768 1103 I iMonitor: send: 902500004
04-24 12:39:26.558 768 1103 I iMonitor: create: 902500004
04-24 12:39:26.558 768 1103 I iMonitor: send: 902500004
04-24 12:39:26.558 768 1103 I iMonitor: create: 902500004
04-24 12:39:26.558 768 1103 I iMonitor: send: 902500004
04-24 12:39:26.558 768 1103 I iMonitor: create: 902500004
04-24 12:39:26.558 768 1103 I iMonitor: send: 902500004
04-24 12:39:26.558 768 1103 I iMonitor: create: 902500004
04-24 12:39:26.558 768 1103 I iMonitor: send: 902500004
04-24 12:39:26.558 768 1103 I iMonitor: create: 902500004
04-24 12:39:26.558 768 1103 I iMonitor: send: 902500004
04-24 12:39:26.558 768 1103 I iMonitor: create: 902500004
04-24 12:39:26.558 768 1103 I iMonitor: send: 902500004
04-24 12:39:26.558 768 1103 I iMonitor: create: 902500004
04-24 12:39:26.558 768 1103 I iMonitor: send: 902500004
04-24 12:39:26.558 768 1103 I iMonitor: create: 902500004
04-24 12:39:26.558 768 1103 I iMonitor: send: 902500004
04-24 12:39:26.558 768 1103 I iMonitor: create: 902500004
04-24 12:39:26.559 768 1103 I chatty : uid=0(root) logcontrol identical 26 lines
04-24 12:39:26.559 768 1103 I iMonitor: create: 902500004
04-24 12:39:26.559 768 1103 E JankService: JankFrequencyMonitor action return :0
04-24 12:39:26.559 768 1103 I iMonitor: create: 902500008
04-24 12:39:26.559 768 1103 I iMonitor: send: 902500008
04-24 12:39:26.559 768 1103 I iMonitor: create: 902500007
04-24 12:39:26.559 768 1103 I chatty : uid=0(root) logcontrol identical 5 lines
04-24 12:39:26.559 768 1103 I iMonitor: create: 902500007
04-24 12:39:26.574 768 1103 E logserver: send_to_client, send failed, errno=32
04-24 12:39:26.574 768 1103 I logserver: thread_logcontrol, socket_client = 110, OK.
04-24 12:39:26.802 1176 1176 I TrafficMonitor: update:rxPkts:0,txPkts:0,rxBytes:0,txBytes:0
04-24 12:39:26.802 1176 1176 I TrafficMonitor: start expired. level:-1
04-24 12:39:26.802 1176 1176 I TrafficMonitor: gettimer:interval=2000
04-24 12:39:27.665 1176 1338 D HwWifiStatStore: handleMessage : 200
04-24 12:39:28.403 742 742 E wificond: Failed to get NL80211_RATE_INFO_NOISE
04-24 12:39:28.404 742 742 E wificond: Failed to get NL80211_RATE_INFO_SNR
04-24 12:39:28.404 742 742 E wificond: Failed to get NL80211_STA_INFO_CNAHLOAD
04-24 12:39:28.405 1176 1337 E WificondControl: Noise: 0, Snr: -1, Chload: -1
04-24 12:39:28.407 1176 1339 D HwWifiCHRStateManager: handleMessage : 1001
04-24 12:39:28.407 1176 1339 D HwWifiCHRStateManager: handleUpdateChannel:2412
04-24 12:39:28.407 1176 1339 V HwWifiServiceFactory: get AllImpl object = com.android.server.wifi.HwWifiServiceFactoryImpl@2205edc
04-24 12:39:28.415 742 742 E wificond: Failed to get NL80211_RATE_INFO_NOISE
04-24 12:39:28.415 742 742 E wificond: Failed to get NL80211_RATE_INFO_SNR
04-24 12:39:28.415 742 742 E wificond: Failed to get NL80211_STA_INFO_CNAHLOAD
04-24 12:39:28.417 1176 1406 D HuaweiWifiWatchdogStateMachine: LM mrssi=-29
04-24 12:39:28.418 1176 1176 D WiFi_PRO: MSG_RETURN_AP_CURRY_RSSI rssi = -29
04-24 12:39:28.418 1176 1176 I QosMonitor: queryRtt: rtt_type = 3
04-24 12:39:28.419 1176 1406 I HuaweiWifiWatchdogStateMachine: spd good count:0, add sc:0.0, rate:1.0
04-24 12:39:28.419 1176 1176 I HwQoEJNI: send_cmd_kernel. begin
04-24 12:39:28.419 1176 1406 I HuaweiWifiWatchdogStateMachine: current mHighDataFlowRate = 1.0
04-24 12:39:28.419 1176 1176 I HwQoEJNI: send_cmd_kernel. end
04-24 12:39:28.419 1176 1406 I HuaweiWifiWatchdogStateMachine: POta txb txg rxg:0, 69, 0. Lr =0% Totpkt=69
04-24 12:39:28.419 1176 1176 I QosMonitor: postEventFromNative: msg=100,arg1=4,arg2=10
04-24 12:39:28.419 1176 1176 I HwQoEJNI: send_cmd_kernel. begin
04-24 12:39:28.420 1176 1176 I HwQoEJNI: send_cmd_kernel. end
04-24 12:39:28.420 1176 1176 I QosMonitor: postEventFromNative: msg=100,arg1=0,arg2=10
04-24 12:39:28.420 1176 1176 D HuaweiWifiWatchdogStateMachine: setSampleRtt: unvalid rtt
04-24 12:39:28.420 1176 1176 I MQoS : rtt=80,tcp_tx_pkts=480930,tcp_rx_pkts=921403
04-24 12:39:28.422 1176 1406 D HuaweiWifiWatchdogStateMachine: dumpTcpResult: len=10,rtt=80,rttPkt=1,rttWn=14,cgt=0,cgtWn=0
04-24 12:39:28.422 1176 1406 I HuaweiWifiWatchdogStateMachine: PTcp RTT:0, rtt pkt=0, tcp_rx=0, tcp_tx=0, tcp_reTran=0, rtRate=0
04-24 12:39:28.422 1176 1406 D HuaweiWifiWatchdogStateMachine: mRssiBadCount =0, RSSI not bad.
04-24 12:39:28.422 1176 1406 D HuaweiWifiWatchdogStateMachine: detectNetworkAvailable:hw.wifipro.dns_fail_count = 131
04-24 12:39:28.422 1176 1406 D HuaweiWifiWatchdogStateMachine: bqeLevel = 2 rtt=0,rtt_pkts=0 speed=37 rssi=-29
04-24 12:39:28.422 1176 1406 D HuaweiWifiWatchdogStateMachine: Enter updateQoeLevel level = 2
04-24 12:39:28.422 1176 1406 D HuaweiWifiWatchdogStateMachine: updateQoeLevel current level equal to mLastDetectLevel, return
04-24 12:39:28.422 1176 1406 D HuaweiWifiWatchdogStateMachine: did not have any network action
04-24 12:39:28.433 1176 3515 I MQoS : QOS_level:0(0),wifi-link;SIM error;use level-0
04-24 12:39:28.533 741 741 E Thermal-daemon: [ap] temp_new :30 temp_old :29
04-24 12:39:28.533 1729 24941 I ThermalService: Receive temperature change, type: 0, temp: 30 from thermald
04-24 12:39:28.535 741 741 E Thermal-daemon: Report temperature: [ap] temp :30 report_threshold:1
04-24 12:39:28.806 1176 1176 I TrafficMonitor: update:rxPkts:0,txPkts:0,rxBytes:0,txBytes:0
04-24 12:39:28.806 1176 1176 I TrafficMonitor: start expired. level:-1
04-24 12:39:28.807 1176 1176 I TrafficMonitor: gettimer:interval=2000
04-24 12:39:28.854 487 620 W SocketListener: sending broadcast to Pid = 1176, Uid = 1000
04-24 12:39:28.858 1176 1332 D NetdConnector: RCV <- {613 IfaceClass idle 1 352756987721540}
04-24 12:39:28.862 1176 1332 D NetdConnector: RCV <- {613 IfaceClass idle 1 352756987721540}
04-24 12:39:28.866 1176 1202 D NetdConnector: RCV unsolicited event from native daemon, event = 613
04-24 12:39:29.349 777 777 E : [E/capacity_limit_control] not demo version, not set power control prop!
04-24 12:39:29.799 1176 1176 I TrafficMonitor: expired arrive. level:-1
04-24 12:39:29.800 1176 1176 I TrafficMonitor: during_ms:2004,period_ms:2000
04-24 12:39:29.800 1176 1176 I TrafficMonitor: count:585,rx_sum:0,tx_sum:0,rxBytes:0,during_ms:2004,rx_speed:0.0,tx_speed:0.0,rto:0.0
04-24 12:39:29.800 1176 1176 D HuaweiWifiWatchdogStateMachine: speed: rxpkt:0, rxSpd:0B/s, txpkt:0, txSpd:0
04-24 12:39:30.248 1176 1392 D HwArpVerifier: check_wifi_state_mode = 0 mCheckStateToken=25 token25
04-24 12:39:30.251 1176 1392 D wifiserviceimpl: netmask =16777215
04-24 12:39:30.309 1176 1392 D HWMultiGW: setGateWay 192.168.1.1
04-24 12:39:30.672 1176 1338 D HwWifiStatStore: handleMessage : 200
04-24 12:39:30.811 1176 1176 I TrafficMonitor: update:rxPkts:0,txPkts:0,rxBytes:0,txBytes:0
04-24 12:39:30.812 1176 1176 I TrafficMonitor: start expired. level:-1
04-24 12:39:30.812 1176 1176 I TrafficMonitor: gettimer:interval=2000
04-24 12:39:31.310 1176 1392 D HwArpVerifier: getGateWayARPResponses: arp rtt = 63
04-24 12:39:31.311 1176 1392 E HwCHRWifiRSSIGroupSummery: updatArpSummery mRSSI:-29 HwCHRWifiRSSIGroup [rssi_index=4, rtt_tcp_packets=0, rtt_tcp_duration=0, rtt_lan_duration=7689, rtt_lan_failures=0, rtt_lan_succ=368, rtt_lan_max=939, rtt_lan_min=0,same_area_frequency=0,adjacent_area_frequency=0]
04-24 12:39:31.393 1176 1392 D HwArpVerifier: There are 1 mac address for gateway
04-24 12:39:31.394 1176 1392 D HwArpVerifier: from HEART_CHECK transmit to state:HEART_CHECK
04-24 12:39:31.394 1176 1392 D HwArpVerifier: msg what=124 arg1(token)=25 arg2(mode)=0 delay=30000
04-24 12:39:31.394 1176 1392 D HwArpVerifier: performPollAndLog:
04-24 12:39:31.398 1176 1392 D hw_netstat: total/0/0
04-24 12:39:32.818 1176 1176 I TrafficMonitor: update:rxPkts:0,txPkts:0,rxBytes:0,txBytes:0
04-24 12:39:32.818 1176 1176 I TrafficMonitor: start expired. level:-1
04-24 12:39:32.818 1176 1176 I TrafficMonitor: gettimer:interval=2000
04-24 12:39:33.679 1176 1338 D HwWifiStatStore: handleMessage : 200
04-24 12:39:34.359 777 777 E : [E/capacity_limit_control] not demo version, not set power control prop!
04-24 12:39:34.824 1176 1176 I TrafficMonitor: update:rxPkts:0,txPkts:0,rxBytes:0,txBytes:0
04-24 12:39:34.824 1176 1176 I TrafficMonitor: start expired. level:-1
04-24 12:39:34.824 1176 1176 I TrafficMonitor: gettimer:interval=2000
04-24 12:39:35.814 1176 1176 I TrafficMonitor: expired arrive. level:-1
04-24 12:39:35.815 1176 1176 I TrafficMonitor: during_ms:2006,period_ms:2000
04-24 12:39:35.815 1176 1176 I TrafficMonitor: count:588,rx_sum:0,tx_sum:0,rxBytes:0,during_ms:2006,rx_speed:0.0,tx_speed:0.0,rto:0.0
04-24 12:39:35.815 1176 1176 D HuaweiWifiWatchdogStateMachine: speed: rxpkt:0, rxSpd:0B/s, txpkt:0, txSpd:0
04-24 12:39:36.400 1176 1392 D HwArpVerifier: performPollAndLog:
04-24 12:39:36.404 1176 1392 D hw_netstat: total/0/0
04-24 12:39:36.409 742 742 E wificond: Failed to get NL80211_RATE_INFO_NOISE
04-24 12:39:36.409 742 742 E wificond: Failed to get NL80211_RATE_INFO_SNR
04-24 12:39:36.409 742 742 E wificond: Failed to get NL80211_STA_INFO_CNAHLOAD
04-24 12:39:36.410 1176 1337 E WificondControl: Noise: 0, Snr: -1, Chload: -1
04-24 12:39:36.412 1176 1339 D HwWifiCHRStateManager: handleMessage : 1001
04-24 12:39:36.413 1176 1339 D HwWifiCHRStateManager: handleUpdateChannel:2412
04-24 12:39:36.413 1176 1339 V HwWifiServiceFactory: get AllImpl object = com.android.server.wifi.HwWifiServiceFactoryImpl@2205edc
04-24 12:39:36.417 742 742 E wificond: Failed to get NL80211_RATE_INFO_NOISE
04-24 12:39:36.417 742 742 E wificond: Failed to get NL80211_RATE_INFO_SNR
04-24 12:39:36.417 742 742 E wificond: Failed to get NL80211_STA_INFO_CNAHLOAD
04-24 12:39:36.419 1176 1406 D HuaweiWifiWatchdogStateMachine: LM mrssi=-29
04-24 12:39:36.420 1176 1406 D HuaweiWifiWatchdogStateMachine: a4:fa:**:**:eb:b0 current loss[-45]=0%, volume=1
04-24 12:39:36.420 1176 1406 D HuaweiWifiWatchdogStateMachine: a4:fa:**:**:eb:b0 history loss[-45]=0%, volume=13825540
04-24 12:39:36.421 1176 1406 I HuaweiWifiWatchdogStateMachine: spd good count:0, add sc:0.0, rate:1.0
04-24 12:39:36.422 1176 1406 D HuaweiWifiWatchdogStateMachine: high data flow: protection_counter = 0, not_detect_counter = 357
04-24 12:39:36.422 1176 1406 D HuaweiWifiWatchdogStateMachine: high data flow scenario: 0 --> 0 rx bytes =0KB
04-24 12:39:36.422 1176 1406 I HuaweiWifiWatchdogStateMachine: current mHighDataFlowRate = 1.0
04-24 12:39:36.423 1176 1406 I HuaweiWifiWatchdogStateMachine: POta txb txg rxg:0, 70, 0. Lr =0% Totpkt=70
04-24 12:39:36.423 1176 1176 D WiFi_PRO: MSG_RETURN_AP_CURRY_RSSI rssi = -29
04-24 12:39:36.424 1176 1176 I QosMonitor: queryRtt: rtt_type = 3
04-24 12:39:36.424 1176 1176 I HwQoEJNI: send_cmd_kernel. begin
04-24 12:39:36.424 1176 1176 I HwQoEJNI: send_cmd_kernel. end
04-24 12:39:36.425 1176 1176 I QosMonitor: postEventFromNative: msg=100,arg1=4,arg2=10
04-24 12:39:36.425 1176 1176 I HwQoEJNI: send_cmd_kernel. begin
04-24 12:39:36.425 1176 1176 I HwQoEJNI: send_cmd_kernel. end
04-24 12:39:36.425 1176 1176 I QosMonitor: postEventFromNative: msg=100,arg1=0,arg2=10
04-24 12:39:36.426 1176 1176 D HuaweiWifiWatchdogStateMachine: setSampleRtt: unvalid rtt
04-24 12:39:36.426 1176 1176 I MQoS : rtt=80,tcp_tx_pkts=480930,tcp_rx_pkts=921403
04-24 12:39:36.429 1176 1406 D HuaweiWifiWatchdogStateMachine: dumpTcpResult: len=10,rtt=80,rttPkt=1,rttWn=22,cgt=0,cgtWn=0
04-24 12:39:36.429 1176 1406 I HuaweiWifiWatchdogStateMachine: PTcp RTT:0, rtt pkt=0, tcp_rx=0, tcp_tx=0, tcp_reTran=0, rtRate=0
04-24 12:39:36.430 1176 1406 D HuaweiWifiWatchdogStateMachine: mRssiBadCount =0, RSSI not bad.
04-24 12:39:36.430 1176 1406 D HuaweiWifiWatchdogStateMachine: detectNetworkAvailable:hw.wifipro.dns_fail_count = 131
04-24 12:39:36.430 1176 1406 D HuaweiWifiWatchdogStateMachine: bqeLevel = 2 rtt=0,rtt_pkts=0 speed=37 rssi=-29
04-24 12:39:36.430 1176 1406 D HuaweiWifiWatchdogStateMachine: Enter updateQoeLevel level = 2
04-24 12:39:36.430 1176 1406 D HuaweiWifiWatchdogStateMachine: updateQoeLevel current level equal to mLastDetectLevel, return
04-24 12:39:36.430 1176 1406 D HuaweiWifiWatchdogStateMachine: did not have any network action
04-24 12:39:36.437 1176 3515 I MQoS : QOS_level:0(0),wifi-link;SIM error;use level-0
04-24 12:39:36.686 1176 1338 D HwWifiStatStore: handleMessage : 200
04-24 12:39:36.828 1176 1176 I TrafficMonitor: update:rxPkts:0,txPkts:0,rxBytes:0,txBytes:0
04-24 12:39:36.828 1176 1176 I TrafficMonitor: start expired. level:-1
04-24 12:39:36.828 1176 1176 I TrafficMonitor: gettimer:interval=2000
04-24 12:39:38.834 1176 1176 I TrafficMonitor: update:rxPkts:0,txPkts:0,rxBytes:0,txBytes:0
04-24 12:39:38.834 1176 1176 I TrafficMonitor: start expired. level:-1
04-24 12:39:38.835 1176 1176 I TrafficMonitor: gettimer:interval=5000
04-24 12:39:39.368 777 777 E : [E/capacity_limit_control] not demo version, not set power control prop!
04-24 12:39:39.692 1176 1338 D HwWifiStatStore: handleMessage : 200
04-24 12:39:41.410 1176 1392 D HwArpVerifier: performPollAndLog:
04-24 12:39:41.415 1176 1392 D hw_netstat: total/0/0
04-24 12:39:41.832 1176 1176 I TrafficMonitor: expired arrive. level:-1
04-24 12:39:41.832 1176 1176 I TrafficMonitor: during_ms:2006,period_ms:2000
04-24 12:39:41.832 1176 1176 I TrafficMonitor: count:590,rx_sum:0,tx_sum:0,rxBytes:0,during_ms:2006,rx_speed:0.0,tx_speed:0.0,rto:0.0
04-24 12:39:41.833 1176 1176 D HuaweiWifiWatchdogStateMachine: speed: rxpkt:0, rxSpd:0B/s, txpkt:0, txSpd:0
04-24 12:39:42.699 1176 1338 D HwWifiStatStore: handleMessage : 200
04-24 12:39:43.546 741 741 E Thermal-daemon: [ap] temp_new :29 temp_old :30
04-24 12:39:43.548 1729 24941 I ThermalService: Receive temperature change, type: 0, temp: 29 from thermald
04-24 12:39:43.551 741 741 E Thermal-daemon: Report temperature: [ap] temp :29 report_threshold:1
04-24 12:39:43.840 1176 1176 I TrafficMonitor: update:rxPkts:0,txPkts:0,rxBytes:0,txBytes:0
04-24 12:39:43.840 1176 1176 I TrafficMonitor: start expired. level:-1
04-24 12:39:43.841 1176 1176 I TrafficMonitor: gettimer:interval=5000
04-24 12:39:44.378 777 777 E : [E/capacity_limit_control] not demo version, not set power control prop!
04-24 12:39:44.417 1106 1119 I OAM : [check_file_size:505]/data/log/wifi/wifi_log_1 log file beyond size=10240Byte, creat new file
04-24 12:39:44.417 1106 1119 I OAM : [rename_old_file:210]rename_old_file
04-24 12:39:44.417 1106 1119 I OAM :
04-24 12:39:44.418 742 742 E wificond: Failed to get NL80211_RATE_INFO_NOISE
04-24 12:39:44.418 742 742 E wificond: Failed to get NL80211_RATE_INFO_SNR
04-24 12:39:44.418 742 742 E wificond: Failed to get NL80211_STA_INFO_CNAHLOAD
04-24 12:39:44.419 1176 1337 E WificondControl: Noise: 0, Snr: -1, Chload: -1
04-24 12:39:44.420 1176 1339 D HwWifiCHRStateManager: handleMessage : 1001
04-24 12:39:44.421 1176 1339 D HwWifiCHRStateManager: handleUpdateChannel:2412
04-24 12:39:44.421 1176 1339 V HwWifiServiceFactory: get AllImpl object = com.android.server.wifi.HwWifiServiceFactoryImpl@2205edc
04-24 12:39:44.426 742 742 E wificond: Failed to get NL80211_RATE_INFO_NOISE
04-24 12:39:44.426 742 742 E wificond: Failed to get NL80211_RATE_INFO_SNR
04-24 12:39:44.426 742 742 E wificond: Failed to get NL80211_STA_INFO_CNAHLOAD
04-24 12:39:44.428 1176 1406 D HuaweiWifiWatchdogStateMachine: LM mrssi=-28
04-24 12:39:44.428 1176 1176 D WiFi_PRO: MSG_RETURN_AP_CURRY_RSSI rssi = -28
04-24 12:39:44.428 1176 1406 I HuaweiWifiWatchdogStateMachine: spd good count:0, add sc:0.0, rate:1.0
04-24 12:39:44.428 1176 1406 I HuaweiWifiWatchdogStateMachine: current mHighDataFlowRate = 1.0
04-24 12:39:44.429 1176 1176 I QosMonitor: queryRtt: rtt_type = 3
04-24 12:39:44.429 1176 1406 I HuaweiWifiWatchdogStateMachine: POta txb txg rxg:0, 70, 0. Lr =0% Totpkt=70
04-24 12:39:44.429 1176 1176 I HwQoEJNI: send_cmd_kernel. begin
04-24 12:39:44.429 1176 1176 I HwQoEJNI: send_cmd_kernel. end
04-24 12:39:44.430 1176 1176 I QosMonitor: postEventFromNative: msg=100,arg1=4,arg2=10
04-24 12:39:44.430 1176 1176 I HwQoEJNI: send_cmd_kernel. begin
04-24 12:39:44.430 1176 1176 I HwQoEJNI: send_cmd_kernel. end
04-24 12:39:44.430 1176 1176 I QosMonitor: postEventFromNative: msg=100,arg1=0,arg2=10
04-24 12:39:44.431 1176 1176 D HuaweiWifiWatchdogStateMachine: setSampleRtt: unvalid rtt
04-24 12:39:44.431 1176 1176 I MQoS : rtt=80,tcp_tx_pkts=480930,tcp_rx_pkts=921403
04-24 12:39:44.433 1176 1406 D HuaweiWifiWatchdogStateMachine: dumpTcpResult: len=10,rtt=80,rttPkt=1,rttWn=30,cgt=0,cgtWn=0
04-24 12:39:44.433 1176 1406 I HuaweiWifiWatchdogStateMachine: PTcp RTT:0, rtt pkt=0, tcp_rx=0, tcp_tx=0, tcp_reTran=0, rtRate=0
04-24 12:39:44.433 1176 1406 D HuaweiWifiWatchdogStateMachine: mRssiBadCount =0, RSSI not bad.
04-24 12:39:44.433 1176 1406 D HuaweiWifiWatchdogStateMachine: detectNetworkAvailable:hw.wifipro.dns_fail_count = 131
04-24 12:39:44.434 1176 1406 D HuaweiWifiWatchdogStateMachine: bqeLevel = 2 rtt=0,rtt_pkts=0 speed=37 rssi=-28
04-24 12:39:44.434 1176 1406 D HuaweiWifiWatchdogStateMachine: Enter updateQoeLevel level = 2
04-24 12:39:44.434 1176 1406 D HuaweiWifiWatchdogStateMachine: updateQoeLevel current level equal to mLastDetectLevel, return
04-24 12:39:44.434 1176 1406 D HuaweiWifiWatchdogStateMachine: did not have any network action
04-24 12:39:44.439 1176 3515 I MQoS : QOS_level:0(0),wifi-link;SIM error;use level-0
04-24 12:39:45.088 1176 1176 D HwInnerWifiManagerImpl: SupplicantState = COMPLETED
04-24 12:39:45.089 1176 1176 D HwInnerWifiManagerImpl: isPhoneAP = false
04-24 12:39:45.090 1176 1176 D HwInnerWifiManagerImpl: SupplicantState = COMPLETED
04-24 12:39:45.090 1176 1176 D HwInnerWifiManagerImpl: isPhoneAP = false
04-24 12:39:45.090 1176 1176 D WifiStateMachine: mBcastReceiver: PluggedType = 2 mIsScanCtrlPluggedin = true
04-24 12:39:45.091 1463 1463 D KeyguardUpdateMonitor: received broadcast android.intent.action.BATTERY_CHANGED
04-24 12:39:45.092 1463 1463 W KeyguardUpdateMonitor: ACTION_BATTERY_CHANGED AMP: 500000; Volt: 5000000
04-24 12:39:45.092 1463 1463 V KeyguardUpdateMonitor: RefreshBatteryInfo isBatteryLow: 74
04-24 12:39:45.092 1463 1463 W KeyguardUpdateMonitor: ChargingSpeed Wattage: 2500000 ST: 5000000 --> 7500000
04-24 12:39:45.092 1463 1463 I KgBattery: BatteryInfo updated: 2lPc0
04-24 12:39:45.092 1463 1463 W AppHandler: sendMessage with obj100
04-24 12:39:45.093 1463 1463 D KeyguardUpdateMonitor: handleBatteryUpdate
04-24 12:39:45.092 1176 1176 D HwWifiService: mPluggedType =2
04-24 12:39:45.093 1463 1463 W HwLockScreenPanel: Handle message: 100
04-24 12:39:45.093 1463 1463 W HwKeyguardBottomArea: updateBatteryInfo : false true
04-24 12:39:45.093 1463 1463 W KgBattery: getCharge info with type: text
04-24 12:39:45.094 1176 1176 D WifiService: onReceive, action:android.intent.action.BATTERY_CHANGED
04-24 12:39:45.094 1176 1176 D WifiService: ACTION_BATTERY_CHANGED pluggedType: 2
04-24 12:39:45.099 1729 1729 I MsgReceiver: intent action: android.intent.action.BATTERY_CHANGED
04-24 12:39:45.099 1463 1463 W HwLockScreenPanel: refreshBatteryInfo: null
04-24 12:39:45.100 5515 5671 E CloudAlbum[8.1.2.309]: [ReceiverManager] not log on ignore
04-24 12:39:45.705 1176 1338 D HwWifiStatStore: handleMessage : 200
04-24 12:39:46.421 1176 1392 D HwArpVerifier: performPollAndLog:
04-24 12:39:46.425 1176 1392 D hw_netstat: total/0/0
04-24 12:39:48.555 741 741 E Thermal-daemon: [ap] temp_new :30 temp_old :29
04-24 12:39:48.557 1729 24941 I ThermalService: Receive temperature change, type: 0, temp: 30 from thermald
04-24 12:39:48.559 741 741 E Thermal-daemon: Report temperature: [ap] temp :30 report_threshold:1
04-24 12:39:48.713 1176 1338 D HwWifiStatStore: handleMessage : 200
04-24 12:39:48.841 1176 1176 I TrafficMonitor: expired arrive. level:-1
04-24 12:39:48.844 1176 1176 I TrafficMonitor: update:rxPkts:0,txPkts:0,rxBytes:0,txBytes:0
04-24 12:39:48.844 1176 1176 I TrafficMonitor: start expired. level:-1
04-24 12:39:48.844 1176 1176 I TrafficMonitor: gettimer:interval=5000
04-24 12:39:48.844 1176 1176 I TrafficMonitor: during_ms:5004,period_ms:2000
04-24 12:39:48.844 1176 1176 I TrafficMonitor: count:592,rx_sum:0,tx_sum:0,rxBytes:0,during_ms:5004,rx_speed:0.0,tx_speed:0.0,rto:0.0
04-24 12:39:48.844 1176 1176 D HuaweiWifiWatchdogStateMachine: speed: rxpkt:0, rxSpd:0B/s, txpkt:0, txSpd:0
04-24 12:39:49.388 777 777 E : [E/capacity_limit_control] not demo version, not set power control prop!
04-24 12:39:49.389 1176 1589 W Watchdog: hungtask: writing kick
04-24 12:39:49.391 1176 1202 I EventHub: EventHub monitor: no key events in the past 1723s, no motion events in the past 1724s
04-24 12:39:51.432 1176 1392 D HwArpVerifier: performPollAndLog:
