04-24 12:46:25.493 1463 1463 W HwKeyguardBottomArea: updateBatteryInfo : false true
04-24 12:46:25.493 1463 1463 W KgBattery: getCharge info with type: text
04-24 12:46:25.496 1463 1463 W HwLockScreenPanel: refreshBatteryInfo: null
04-24 12:46:25.545 1176 1338 D HwWifiStatStore: handleMessage : 200
04-24 12:46:25.552 1176 1176 I TrafficMonitor: update:rxPkts:0,txPkts:0,rxBytes:0,txBytes:0
04-24 12:46:25.552 1176 1176 I TrafficMonitor: start expired. level:-1
04-24 12:46:25.553 1176 1176 I TrafficMonitor: gettimer:interval=2000
04-24 12:46:26.125 1176 1392 D HwArpVerifier: performPollAndLog:
04-24 12:46:26.130 1176 1392 D hw_netstat: total/0/0
04-24 12:46:27.556 1176 1176 I TrafficMonitor: update:rxPkts:0,txPkts:0,rxBytes:0,txBytes:0
04-24 12:46:27.556 1176 1176 I TrafficMonitor: start expired. level:-1
04-24 12:46:27.556 1176 1176 I TrafficMonitor: gettimer:interval=2000
04-24 12:46:28.549 1176 1338 D HwWifiStatStore: handleMessage : 200
04-24 12:46:28.554 1176 1176 I TrafficMonitor: expired arrive. level:-1
04-24 12:46:28.554 1176 1176 I TrafficMonitor: during_ms:2003,period_ms:2000
04-24 12:46:28.554 1176 1176 I TrafficMonitor: count:719,rx_sum:0,tx_sum:0,rxBytes:0,during_ms:2003,rx_speed:0.0,tx_speed:0.0,rto:0.0
04-24 12:46:28.555 1176 1176 D HuaweiWifiWatchdogStateMachine: speed: rxpkt:0, rxSpd:0B/s, txpkt:0, txSpd:0
04-24 12:46:29.004 487 620 W SocketListener: sending broadcast to Pid = 1176, Uid = 1000
04-24 12:46:29.007 1176 1332 D NetdConnector: RCV <- {613 IfaceClass idle 1 353177158827203}
04-24 12:46:29.011 1176 1332 D NetdConnector: RCV <- {613 IfaceClass idle 1 353177158827203}
04-24 12:46:29.015 1176 1202 D NetdConnector: RCV unsolicited event from native daemon, event = 613
04-24 12:46:29.561 1176 1176 I TrafficMonitor: update:rxPkts:0,txPkts:0,rxBytes:0,txBytes:0
04-24 12:46:29.562 1176 1176 I TrafficMonitor: start expired. level:-1
04-24 12:46:29.562 1176 1176 I TrafficMonitor: gettimer:interval=2000
04-24 12:46:30.473 777 777 E : [E/capacity_limit_control] not demo version, not set power control prop!
04-24 12:46:31.136 1176 1392 D HwArpVerifier: performPollAndLog:
04-24 12:46:31.140 1176 1392 D hw_netstat: total/0/0
04-24 12:46:31.557 1176 1338 D HwWifiStatStore: handleMessage : 200
04-24 12:46:31.567 1176 1176 I TrafficMonitor: update:rxPkts:0,txPkts:0,rxBytes:0,txBytes:0
04-24 12:46:31.567 1176 1176 I TrafficMonitor: start expired. level:-1
04-24 12:46:31.568 1176 1176 I TrafficMonitor: gettimer:interval=2000
04-24 12:46:32.789 742 742 E wificond: Failed to get NL80211_RATE_INFO_NOISE
04-24 12:46:32.789 742 742 E wificond: Failed to get NL80211_RATE_INFO_SNR
04-24 12:46:32.789 742 742 E wificond: Failed to get NL80211_STA_INFO_CNAHLOAD
04-24 12:46:32.790 1176 1337 E WificondControl: Noise: 0, Snr: -1, Chload: -1
04-24 12:46:32.791 1176 1339 D HwWifiCHRStateManager: handleMessage : 1001
04-24 12:46:32.791 1176 1339 D HwWifiCHRStateManager: handleUpdateChannel:2412
04-24 12:46:32.791 1176 1339 V HwWifiServiceFactory: get AllImpl object = com.android.server.wifi.HwWifiServiceFactoryImpl@2205edc
04-24 12:46:32.795 742 742 E wificond: Failed to get NL80211_RATE_INFO_NOISE
04-24 12:46:32.796 742 742 E wificond: Failed to get NL80211_RATE_INFO_SNR
04-24 12:46:32.796 742 742 E wificond: Failed to get NL80211_STA_INFO_CNAHLOAD
04-24 12:46:32.797 1176 1406 D HuaweiWifiWatchdogStateMachine: LM mrssi=-28
04-24 12:46:32.797 1176 1176 D WiFi_PRO: MSG_RETURN_AP_CURRY_RSSI rssi = -28
04-24 12:46:32.798 1176 1176 I QosMonitor: queryRtt: rtt_type = 3
04-24 12:46:32.798 1176 1406 I HuaweiWifiWatchdogStateMachine: spd good count:0, add sc:0.0, rate:1.0
04-24 12:46:32.798 1176 1176 I HwQoEJNI: send_cmd_kernel. begin
04-24 12:46:32.798 1176 1176 I HwQoEJNI: send_cmd_kernel. end
04-24 12:46:32.799 1176 1176 I QosMonitor: postEventFromNative: msg=100,arg1=4,arg2=10
04-24 12:46:32.799 1176 1406 D HuaweiWifiWatchdogStateMachine: high data flow: protection_counter = 0, not_detect_counter = 370
04-24 12:46:32.799 1176 1406 D HuaweiWifiWatchdogStateMachine: high data flow scenario: 0 --> 0 rx bytes =0KB
04-24 12:46:32.799 1176 1406 I HuaweiWifiWatchdogStateMachine: current mHighDataFlowRate = 1.0
04-24 12:46:32.799 1176 1176 D HuaweiWifiWatchdogStateMachine: setSampleRtt: unvalid rtt
04-24 12:46:32.799 1176 1406 I HuaweiWifiWatchdogStateMachine: POta txb txg rxg:0, 105, 0. Lr =0% Totpkt=105
04-24 12:46:32.800 1176 1176 I HwQoEJNI: send_cmd_kernel. begin
04-24 12:46:32.800 1176 1176 I HwQoEJNI: send_cmd_kernel. end
04-24 12:46:32.800 1176 1176 I QosMonitor: postEventFromNative: msg=100,arg1=0,arg2=10
04-24 12:46:32.801 1176 1176 I MQoS : rtt=80,tcp_tx_pkts=480938,tcp_rx_pkts=921407
04-24 12:46:32.802 1176 1406 D HuaweiWifiWatchdogStateMachine: dumpTcpResult: len=10,rtt=80,rttPkt=1,rttWn=18,cgt=0,cgtWn=0
04-24 12:46:32.802 1176 1406 I HuaweiWifiWatchdogStateMachine: PTcp RTT:0, rtt pkt=0, tcp_rx=0, tcp_tx=0, tcp_reTran=0, rtRate=0
04-24 12:46:32.802 1176 1406 D HuaweiWifiWatchdogStateMachine: mRssiBadCount =0, RSSI not bad.
04-24 12:46:32.802 1176 1406 D HuaweiWifiWatchdogStateMachine: detectNetworkAvailable:hw.wifipro.dns_fail_count = 131
04-24 12:46:32.802 1176 1406 D HuaweiWifiWatchdogStateMachine: bqeLevel = 2 rtt=0,rtt_pkts=0 speed=37 rssi=-28
04-24 12:46:32.802 1176 1406 D HuaweiWifiWatchdogStateMachine: Enter updateQoeLevel level = 2
04-24 12:46:32.802 1176 1406 D HuaweiWifiWatchdogStateMachine: updateQoeLevel current level equal to mLastDetectLevel, return
04-24 12:46:32.802 1176 1406 D HuaweiWifiWatchdogStateMachine: did not have any network action
04-24 12:46:32.812 1176 3515 I MQoS : QOS_level:0(0),wifi-link;SIM error;use level-0
04-24 12:46:33.572 1176 1176 I TrafficMonitor: update:rxPkts:0,txPkts:0,rxBytes:0,txBytes:0
04-24 12:46:33.572 1176 1176 I TrafficMonitor: start expired. level:-1
04-24 12:46:33.573 1176 1176 I TrafficMonitor: gettimer:interval=2000
04-24 12:46:34.563 1176 1176 I TrafficMonitor: expired arrive. level:-1
04-24 12:46:34.563 1176 1338 D HwWifiStatStore: handleMessage : 200
04-24 12:46:34.564 1176 1176 I TrafficMonitor: during_ms:2005,period_ms:2000
04-24 12:46:34.564 1176 1176 I TrafficMonitor: count:722,rx_sum:0,tx_sum:0,rxBytes:0,during_ms:2005,rx_speed:0.0,tx_speed:0.0,rto:0.0
04-24 12:46:34.564 1176 1176 D HuaweiWifiWatchdogStateMachine: speed: rxpkt:0, rxSpd:0B/s, txpkt:0, txSpd:0
04-24 12:46:35.483 777 777 E : [E/capacity_limit_control] not demo version, not set power control prop!
04-24 12:46:35.576 1176 1176 I TrafficMonitor: update:rxPkts:0,txPkts:0,rxBytes:0,txBytes:0
04-24 12:46:35.576 1176 1176 I TrafficMonitor: start expired. level:-1
04-24 12:46:35.577 1176 1176 I TrafficMonitor: gettimer:interval=2000
04-24 12:46:36.147 1176 1392 D HwArpVerifier: performPollAndLog:
04-24 12:46:36.151 1176 1392 D hw_netstat: total/0/0
04-24 12:46:36.859 1176 1204 D SmartcareProc: onSignalStrengthsChanged: signalStrength is: SignalStrength: 99 -1 0 0 -59 -37 32767 -1 32767 99 0 0 0 2147483647 0 -1 true cdma , on sub: 1
04-24 12:46:36.860 1176 1176 I MQoS : onSignal: mSubId=1,currDataSubID=1
04-24 12:46:36.860 1176 1204 D SmartcareProc: SignalStrength update result, ss: SignalStrengthInfo:68043809 mGsmSignalStrength: -1 mWcdmaRscp: -1 mWcdmaEcio: -1 mLteRsrp: -1 mLteRsrq: -1 mCdmaDbm: -59 mCdmaEcio: -37 mEvdoDbm: 32767mEvdoEcio: -1mLteRssnr: -1
04-24 12:46:36.860 1176 1176 I MQoS : received cell-signal:5
04-24 12:46:37.570 1176 1338 D HwWifiStatStore: handleMessage : 200
04-24 12:46:37.580 1176 1176 I TrafficMonitor: update:rxPkts:0,txPkts:0,rxBytes:0,txBytes:0
04-24 12:46:37.581 1176 1176 I TrafficMonitor: start expired. level:-1
04-24 12:46:37.581 1176 1176 I TrafficMonitor: gettimer:interval=5000
04-24 12:46:38.893 741 741 E Thermal-daemon: [shell_temp] temp_new :27 temp_old :28
04-24 12:46:38.896 1729 18882 I ThermalService: Receive temperature change, type: 22, temp: 27 from thermald
04-24 12:46:38.897 1729 18882 I ThermalTrace_ThermalRaise: Shell:27,28,27,currentBatteryTemp:28
04-24 12:46:38.898 741 741 E Thermal-daemon: Report temperature: [shell_temp] temp :27 report_threshold:1
04-24 12:46:38.899 1729 2560 W HwThermalStateManager: warning: no config thermal type:22 temperature:27
04-24 12:46:40.493 777 777 E : [E/capacity_limit_control] not demo version, not set power control prop!
04-24 12:46:40.577 1176 1338 D HwWifiStatStore: handleMessage : 200
04-24 12:46:40.582 1176 1176 I TrafficMonitor: expired arrive. level:-1
04-24 12:46:40.582 1176 1176 I TrafficMonitor: during_ms:2004,period_ms:2000
04-24 12:46:40.582 1176 1176 I TrafficMonitor: count:724,rx_sum:0,tx_sum:0,rxBytes:0,during_ms:2004,rx_speed:0.0,tx_speed:0.0,rto:0.0
04-24 12:46:40.582 1176 1176 D HuaweiWifiWatchdogStateMachine: speed: rxpkt:0, rxSpd:0B/s, txpkt:0, txSpd:0
04-24 12:46:40.792 742 742 E wificond: Failed to get NL80211_RATE_INFO_NOISE
04-24 12:46:40.792 742 742 E wificond: Failed to get NL80211_RATE_INFO_SNR
04-24 12:46:40.792 742 742 E wificond: Failed to get NL80211_STA_INFO_CNAHLOAD
04-24 12:46:40.793 1176 1337 E WificondControl: Noise: 0, Snr: -1, Chload: -1
04-24 12:46:40.795 1176 1339 D HwWifiCHRStateManager: handleMessage : 1001
04-24 12:46:40.795 1176 1339 D HwWifiCHRStateManager: handleUpdateChannel:2412
04-24 12:46:40.795 1176 1339 V HwWifiServiceFactory: get AllImpl object = com.android.server.wifi.HwWifiServiceFactoryImpl@2205edc
04-24 12:46:40.799 742 742 E wificond: Failed to get NL80211_RATE_INFO_NOISE
04-24 12:46:40.799 742 742 E wificond: Failed to get NL80211_RATE_INFO_SNR
04-24 12:46:40.799 742 742 E wificond: Failed to get NL80211_STA_INFO_CNAHLOAD
04-24 12:46:40.800 1176 1406 D HuaweiWifiWatchdogStateMachine: LM mrssi=-28
04-24 12:46:40.801 1176 1176 D WiFi_PRO: MSG_RETURN_AP_CURRY_RSSI rssi = -28
04-24 12:46:40.802 1176 1406 I HuaweiWifiWatchdogStateMachine: spd good count:0, add sc:0.0, rate:1.0
04-24 12:46:40.802 1176 1406 I HuaweiWifiWatchdogStateMachine: current mHighDataFlowRate = 1.0
04-24 12:46:40.802 1176 1176 I QosMonitor: queryRtt: rtt_type = 3
04-24 12:46:40.802 1176 1406 I HuaweiWifiWatchdogStateMachine: POta txb txg rxg:0, 105, 0. Lr =0% Totpkt=105
04-24 12:46:40.803 1176 1176 I HwQoEJNI: send_cmd_kernel. begin
04-24 12:46:40.803 1176 1176 I HwQoEJNI: send_cmd_kernel. end
04-24 12:46:40.803 1176 1176 I QosMonitor: postEventFromNative: msg=100,arg1=4,arg2=10
04-24 12:46:40.804 1176 1176 I HwQoEJNI: send_cmd_kernel. begin
04-24 12:46:40.804 1176 1176 I HwQoEJNI: send_cmd_kernel. end
04-24 12:46:40.805 1176 1176 I QosMonitor: postEventFromNative: msg=100,arg1=0,arg2=10
04-24 12:46:40.805 1176 1176 D HuaweiWifiWatchdogStateMachine: setSampleRtt: unvalid rtt
04-24 12:46:40.806 1176 1176 I MQoS : rtt=80,tcp_tx_pkts=480938,tcp_rx_pkts=921407
04-24 12:46:40.808 1176 1406 D HuaweiWifiWatchdogStateMachine: dumpTcpResult: len=10,rtt=80,rttPkt=1,rttWn=26,cgt=0,cgtWn=0
04-24 12:46:40.808 1176 1406 I HuaweiWifiWatchdogStateMachine: PTcp RTT:0, rtt pkt=0, tcp_rx=0, tcp_tx=0, tcp_reTran=0, rtRate=0
04-24 12:46:40.808 1176 1406 D HuaweiWifiWatchdogStateMachine: mRssiBadCount =0, RSSI not bad.
04-24 12:46:40.808 1176 1406 D HuaweiWifiWatchdogStateMachine: detectNetworkAvailable:hw.wifipro.dns_fail_count = 131
04-24 12:46:40.809 1176 1406 D HuaweiWifiWatchdogStateMachine: bqeLevel = 2 rtt=0,rtt_pkts=0 speed=37 rssi=-28
04-24 12:46:40.809 1176 1406 D HuaweiWifiWatchdogStateMachine: Enter updateQoeLevel level = 2
04-24 12:46:40.809 1176 1406 D HuaweiWifiWatchdogStateMachine: updateQoeLevel current level equal to mLastDetectLevel, return
04-24 12:46:40.809 1176 1406 D HuaweiWifiWatchdogStateMachine: did not have any network action
04-24 12:46:40.814 1176 3515 I MQoS : QOS_level:0(0),wifi-link;SIM error;use level-0
04-24 12:46:41.157 1176 1392 D HwArpVerifier: performPollAndLog:
04-24 12:46:41.162 1176 1392 D hw_netstat: total/0/0
04-24 12:46:42.584 1176 1176 I TrafficMonitor: update:rxPkts:0,txPkts:0,rxBytes:0,txBytes:0
04-24 12:46:42.584 1176 1176 I TrafficMonitor: start expired. level:-1
04-24 12:46:42.584 1176 1176 I TrafficMonitor: gettimer:interval=5000
04-24 12:46:42.870 1176 1204 D SmartcareProc: onSignalStrengthsChanged: signalStrength is: SignalStrength: 99 -1 0 0 -60 -37 32767 -1 32767 99 0 0 0 2147483647 0 -1 true cdma , on sub: 1
04-24 12:46:42.870 1176 1204 D SmartcareProc: SignalStrength update result, ss: SignalStrengthInfo:68043809 mGsmSignalStrength: -1 mWcdmaRscp: -1 mWcdmaEcio: -1 mLteRsrp: -1 mLteRsrq: -1 mCdmaDbm: -60 mCdmaEcio: -37 mEvdoDbm: 32767mEvdoEcio: -1mLteRssnr: -1
04-24 12:46:42.870 1176 1176 I MQoS : onSignal: mSubId=1,currDataSubID=1
04-24 12:46:42.870 1176 1176 I MQoS : received cell-signal:5
04-24 12:46:43.584 1176 1338 D HwWifiStatStore: handleMessage : 200
04-24 12:46:44.483 1176 1392 D HwArpVerifier: getIpRouteTable
04-24 12:46:44.568 1176 1392 D HwArpVerifier: Notify wifi default route is ok
04-24 12:46:45.088 1176 1176 D HwInnerWifiManagerImpl: SupplicantState = COMPLETED
04-24 12:46:45.088 1176 1176 D HwInnerWifiManagerImpl: isPhoneAP = false
04-24 12:46:45.089 1463 1463 D KeyguardUpdateMonitor: received broadcast android.intent.action.BATTERY_CHANGED
04-24 12:46:45.090 1176 1176 D HwInnerWifiManagerImpl: SupplicantState = COMPLETED
04-24 12:46:45.090 1176 1176 D HwInnerWifiManagerImpl: isPhoneAP = false
04-24 12:46:45.090 1463 1463 W KeyguardUpdateMonitor: ACTION_BATTERY_CHANGED AMP: 500000; Volt: 5000000
04-24 12:46:45.090 1176 1176 D WifiStateMachine: mBcastReceiver: PluggedType = 2 mIsScanCtrlPluggedin = true
04-24 12:46:45.090 1463 1463 V KeyguardUpdateMonitor: RefreshBatteryInfo isBatteryLow: 75
04-24 12:46:45.090 1463 1463 W KeyguardUpdateMonitor: ChargingSpeed Wattage: 2500000 ST: 5000000 --> 7500000
04-24 12:46:45.090 1463 1463 I KgBattery: BatteryInfo updated: 2lPc0
04-24 12:46:45.090 1176 1176 D HwWifiService: mPluggedType =2
04-24 12:46:45.090 1463 1463 W AppHandler: sendMessage with obj100
04-24 12:46:45.090 1463 1463 D KeyguardUpdateMonitor: handleBatteryUpdate
04-24 12:46:45.091 1463 1463 W HwLockScreenPanel: Handle message: 100
04-24 12:46:45.091 1463 1463 W HwKeyguardBottomArea: updateBatteryInfo : false true
04-24 12:46:45.091 1463 1463 W KgBattery: getCharge info with type: text
04-24 12:46:45.094 1729 1729 I MsgReceiver: intent action: android.intent.action.BATTERY_CHANGED
04-24 12:46:45.095 5515 5671 E CloudAlbum[8.1.2.309]: [ReceiverManager] not log on ignore
04-24 12:46:45.094 1176 1176 D WifiService: onReceive, action:android.intent.action.BATTERY_CHANGED
04-24 12:46:45.096 1176 1176 D WifiService: ACTION_BATTERY_CHANGED pluggedType: 2
04-24 12:46:45.098 1463 1463 W HwLockScreenPanel: refreshBatteryInfo: null
04-24 12:46:45.503 777 777 E : [E/capacity_limit_control] not demo version, not set power control prop!
04-24 12:46:46.105 1176 1392 D HwArpVerifier: check_wifi_state_mode = 0 mCheckStateToken=25 token25
04-24 12:46:46.108 1176 1392 D wifiserviceimpl: netmask =16777215
04-24 12:46:46.198 1176 1392 D HWMultiGW: setGateWay 192.168.1.1
04-24 12:46:46.591 1176 1338 D HwWifiStatStore: handleMessage : 200
04-24 12:46:47.201 1176 1392 D HwArpVerifier: getGateWayARPResponses: arp rtt = 11
04-24 12:46:47.202 1176 1392 E HwCHRWifiRSSIGroupSummery: updatArpSummery mRSSI:-28 HwCHRWifiRSSIGroup [rssi_index=4, rtt_tcp_packets=0, rtt_tcp_duration=0, rtt_lan_duration=7817, rtt_lan_failures=0, rtt_lan_succ=382, rtt_lan_max=939, rtt_lan_min=0,same_area_frequency=0,adjacent_area_frequency=0]
04-24 12:46:47.232 1176 1392 D HwArpVerifier: There are 1 mac address for gateway
04-24 12:46:47.232 1176 1392 D HwArpVerifier: from HEART_CHECK transmit to state:HEART_CHECK
04-24 12:46:47.233 1176 1392 D HwArpVerifier: msg what=124 arg1(token)=25 arg2(mode)=0 delay=30000
04-24 12:46:47.233 1176 1392 D HwArpVerifier: performPollAndLog:
04-24 12:46:47.237 1176 1392 D hw_netstat: total/0/0
04-24 12:46:47.587 1176 1176 I TrafficMonitor: expired arrive. level:-1
04-24 12:46:47.588 1176 1176 I TrafficMonitor: update:rxPkts:0,txPkts:0,rxBytes:0,txBytes:0
04-24 12:46:47.588 1176 1176 I TrafficMonitor: start expired. level:-1
04-24 12:46:47.588 1176 1176 I TrafficMonitor: gettimer:interval=5000
04-24 12:46:47.588 1176 1176 I TrafficMonitor: during_ms:5004,period_ms:2000
04-24 12:46:47.588 1176 1176 I TrafficMonitor: count:726,rx_sum:0,tx_sum:0,rxBytes:0,during_ms:5004,rx_speed:0.0,tx_speed:0.0,rto:0.0
04-24 12:46:47.588 1176 1176 D HuaweiWifiWatchdogStateMachine: speed: rxpkt:0, rxSpd:0B/s, txpkt:0, txSpd:0
04-24 12:46:48.800 742 742 E wificond: Failed to get NL80211_RATE_INFO_NOISE
04-24 12:46:48.800 742 742 E wificond: Failed to get NL80211_RATE_INFO_SNR
04-24 12:46:48.800 742 742 E wificond: Failed to get NL80211_STA_INFO_CNAHLOAD
04-24 12:46:48.801 1176 1337 E WificondControl: Noise: 0, Snr: -1, Chload: -1
04-24 12:46:48.803 1176 1339 D HwWifiCHRStateManager: handleMessage : 1001
04-24 12:46:48.803 1176 1339 D HwWifiCHRStateManager: handleUpdateChannel:2412
04-24 12:46:48.803 1176 1339 V HwWifiServiceFactory: get AllImpl object = com.android.server.wifi.HwWifiServiceFactoryImpl@2205edc
04-24 12:46:48.808 742 742 E wificond: Failed to get NL80211_RATE_INFO_NOISE
04-24 12:46:48.808 742 742 E wificond: Failed to get NL80211_RATE_INFO_SNR
04-24 12:46:48.809 742 742 E wificond: Failed to get NL80211_STA_INFO_CNAHLOAD
04-24 12:46:48.812 1176 1176 D WiFi_PRO: MSG_RETURN_AP_CURRY_RSSI rssi = -28
04-24 12:46:48.814 1176 1406 D HuaweiWifiWatchdogStateMachine: LM mrssi=-28
04-24 12:46:48.814 1176 1176 I QosMonitor: queryRtt: rtt_type = 3
04-24 12:46:48.815 1176 1406 D HuaweiWifiWatchdogStateMachine: a4:fa:**:**:eb:b0 current loss[-45]=0%, volume=1
04-24 12:46:48.815 1176 1176 I HwQoEJNI: send_cmd_kernel. begin
04-24 12:46:48.815 1176 1406 D HuaweiWifiWatchdogStateMachine: a4:fa:**:**:eb:b0 history loss[-45]=0%, volume=13825576
04-24 12:46:48.815 1176 1176 I HwQoEJNI: send_cmd_kernel. end
04-24 12:46:48.815 1176 1176 I QosMonitor: postEventFromNative: msg=100,arg1=4,arg2=10
04-24 12:46:48.816 1176 1406 I HuaweiWifiWatchdogStateMachine: spd good count:0, add sc:0.0, rate:1.0
04-24 12:46:48.816 1176 1406 I HuaweiWifiWatchdogStateMachine: current mHighDataFlowRate = 1.0
04-24 12:46:48.816 1176 1406 I HuaweiWifiWatchdogStateMachine: POta txb txg rxg:0, 106, 0. Lr =0% Totpkt=106
04-24 12:46:48.816 1176 1176 I HwQoEJNI: send_cmd_kernel. begin
04-24 12:46:48.817 1176 1176 I HwQoEJNI: send_cmd_kernel. end
04-24 12:46:48.817 1176 1176 I QosMonitor: postEventFromNative: msg=100,arg1=0,arg2=10
04-24 12:46:48.817 1176 1176 D HuaweiWifiWatchdogStateMachine: setSampleRtt: unvalid rtt
04-24 12:46:48.818 1176 1176 I MQoS : rtt=80,tcp_tx_pkts=480938,tcp_rx_pkts=921407
04-24 12:46:48.818 1176 1406 D HuaweiWifiWatchdogStateMachine: dumpTcpResult: len=10,rtt=80,rttPkt=1,rttWn=34,cgt=0,cgtWn=0
04-24 12:46:48.819 1176 1406 I HuaweiWifiWatchdogStateMachine: PTcp RTT:0, rtt pkt=0, tcp_rx=0, tcp_tx=0, tcp_reTran=0, rtRate=0
04-24 12:46:48.819 1176 1406 D HuaweiWifiWatchdogStateMachine: mRssiBadCount =0, RSSI not bad.
04-24 12:46:48.819 1176 1406 D HuaweiWifiWatchdogStateMachine: detectNetworkAvailable:hw.wifipro.dns_fail_count = 131
04-24 12:46:48.819 1176 1406 D HuaweiWifiWatchdogStateMachine: bqeLevel = 2 rtt=0,rtt_pkts=0 speed=37 rssi=-28
04-24 12:46:48.819 1176 1406 D HuaweiWifiWatchdogStateMachine: Enter updateQoeLevel level = 2
04-24 12:46:48.819 1176 1406 D HuaweiWifiWatchdogStateMachine: updateQoeLevel current level equal to mLastDetectLevel, return
04-24 12:46:48.819 1176 1406 D HuaweiWifiWatchdogStateMachine: did not have any network action
04-24 12:46:48.830 1176 3515 I MQoS : QOS_level:0(0),wifi-link;SIM error;use level-0
04-24 12:46:48.878 1176 1204 D SmartcareProc: onSignalStrengthsChanged: signalStrength is: SignalStrength: 99 -1 0 0 -60 -37 32767 -1 32767 99 0 0 0 2147483647 0 -1 true cdma , on sub: 1
04-24 12:46:48.879 1176 1204 D SmartcareProc: SignalStrength update result, ss: SignalStrengthInfo:68043809 mGsmSignalStrength: -1 mWcdmaRscp: -1 mWcdmaEcio: -1 mLteRsrp: -1 mLteRsrq: -1 mCdmaDbm: -60 mCdmaEcio: -37 mEvdoDbm: 32767mEvdoEcio: -1mLteRssnr: -1
04-24 12:46:48.880 1176 1176 I MQoS : onSignal: mSubId=1,currDataSubID=1
04-24 12:46:48.880 1176 1176 I MQoS : received cell-signal:5
04-24 12:46:49.437 1176 1589 W Watchdog: hungtask: writing kick
04-24 12:46:49.442 1176 1202 I EventHub: EventHub monitor: no key events in the past 2143s, no motion events in the past 2144s
04-24 12:46:49.598 1176 1338 D HwWifiStatStore: handleMessage : 200
04-24 12:46:50.513 777 777 E : [E/capacity_limit_control] not demo version, not set power control prop!
04-24 12:46:51.702 487 620 W SocketListener: sending broadcast to Pid = 1176, Uid = 1000
04-24 12:46:51.709 1176 1332 D NetdConnector: RCV <- {613 IfaceClass active 1 353199857466262 10824}
04-24 12:46:51.713 1176 1332 D NetdConnector: RCV <- {613 IfaceClass active 1 353199857466262 10824}
04-24 12:46:51.717 1176 1202 D NetdConnector: RCV unsolicited event from native daemon, event = 613
04-24 12:46:52.241 1176 1392 D HwArpVerifier: performPollAndLog:
04-24 12:46:52.246 1176 1392 D hw_netstat: total/56/84,unknown:0/56/84
04-24 12:46:52.553 1729 23345 I DownloadState: 0 transmitting data speed : 28 bytes/s scroff: true
04-24 12:46:52.592 1176 1176 I TrafficMonitor: expired arrive. level:-1
04-24 12:46:52.595 1176 1176 I TrafficMonitor: update:rxPkts:1,txPkts:1,rxBytes:56,txBytes:84
04-24 12:46:52.595 1176 1176 I TrafficMonitor: start expired. level:-1
04-24 12:46:52.595 1176 1176 I TrafficMonitor: gettimer:interval=2000
04-24 12:46:52.595 1176 1176 I TrafficMonitor: during_ms:5007,period_ms:2000
04-24 12:46:52.595 1176 1176 I TrafficMonitor: count:727,rx_sum:1,tx_sum:1,rxBytes:56,during_ms:5007,rx_speed:11.184341921310166,tx_speed:16.77651288196525,rto:1.0
04-24 12:46:52.595 1176 1176 D HuaweiWifiWatchdogStateMachine: speed: rxpkt:1, rxSpd:11B/s, txpkt:1, txSpd:16
04-24 12:46:52.605 1176 1338 D HwWifiStatStore: handleMessage : 200
04-24 12:46:53.908 741 741 E Thermal-daemon: [shell_temp] temp_new :28 temp_old :27
04-24 12:46:53.910 1729 2125 I ThermalService: Receive temperature change, type: 22, temp: 28 from thermald
04-24 12:46:53.911 1729 2125 I ThermalTrace_ThermalRaise: Shell:28,27,28,currentBatteryTemp:28
04-24 12:46:53.912 741 741 E Thermal-daemon: Report temperature: [shell_temp] temp :28 report_threshold:1
04-24 12:46:53.914 1729 2560 W HwThermalStateManager: warning: no config thermal type:22 temperature:28
04-24 12:46:54.601 1176 1176 I TrafficMonitor: update:rxPkts:0,txPkts:0,rxBytes:0,txBytes:0
04-24 12:46:54.602 1176 1176 I TrafficMonitor: start expired. level:-1
04-24 12:46:54.602 1176 1176 I TrafficMonitor: gettimer:interval=2000
04-24 12:46:54.882 1176 1204 D SmartcareProc: onSignalStrengthsChanged: signalStrength is: SignalStrength: 99 -1 0 0 -61 -37 32767 -1 32767 99 0 0 0 2147483647 0 -1 true cdma , on sub: 1
04-24 12:46:54.882 1176 1204 D SmartcareProc: SignalStrength update result, ss: SignalStrengthInfo:68043809 mGsmSignalStrength: -1 mWcdmaRscp: -1 mWcdmaEcio: -1 mLteRsrp: -1 mLteRsrq: -1 mCdmaDbm: -61 mCdmaEcio: -37 mEvdoDbm: 32767mEvdoEcio: -1mLteRssnr: -1
04-24 12:46:54.885 1176 1176 I MQoS : onSignal: mSubId=1,currDataSubID=1
04-24 12:46:54.885 1176 1176 I MQoS : received cell-signal:5
04-24 12:46:55.520 777 777 E : [E/capacity_limit_control] not demo version, not set power control prop!
04-24 12:46:55.555 1176 1288 D HwBatteryService: onUEvent fcpStatus = 0,scpStatus =0,ovpStatus=0
04-24 12:46:55.557 1176 1288 I UsbDeviceManager: water_intrused state= 0
04-24 12:46:55.571 1176 1176 D HwInnerWifiManagerImpl: SupplicantState = COMPLETED
04-24 12:46:55.572 1176 1176 D HwInnerWifiManagerImpl: isPhoneAP = false
04-24 12:46:55.572 1463 1463 D KeyguardUpdateMonitor: received broadcast android.intent.action.BATTERY_CHANGED
04-24 12:46:55.573 1463 1463 W KeyguardUpdateMonitor: ACTION_BATTERY_CHANGED AMP: 500000; Volt: 5000000
04-24 12:46:55.573 1176 1176 D HwInnerWifiManagerImpl: SupplicantState = COMPLETED
04-24 12:46:55.573 1176 1176 D HwInnerWifiManagerImpl: isPhoneAP = false
04-24 12:46:55.573 1176 1176 D WifiStateMachine: mBcastReceiver: PluggedType = 2 mIsScanCtrlPluggedin = true
04-24 12:46:55.574 1176 1176 D HwWifiService: mPluggedType =2
04-24 12:46:55.574 1463 1463 V KeyguardUpdateMonitor: RefreshBatteryInfo isBatteryLow: 75
04-24 12:46:55.574 1463 1463 W KeyguardUpdateMonitor: ChargingSpeed Wattage: 2500000 ST: 5000000 --> 7500000
04-24 12:46:55.574 1463 1463 I KgBattery: BatteryInfo updated: 2lPc0
04-24 12:46:55.574 1463 1463 W AppHandler: sendMessage with obj100
04-24 12:46:55.575 1463 1463 D KeyguardUpdateMonitor: handleBatteryUpdate
04-24 12:46:55.576 1729 1729 I MsgReceiver: intent action: android.intent.action.BATTERY_CHANGED
04-24 12:46:55.578 5515 5671 E CloudAlbum[8.1.2.309]: [ReceiverManager] not log on ignore
04-24 12:46:55.579 1176 1176 D WifiService: onReceive, action:android.intent.action.BATTERY_CHANGED
04-24 12:46:55.580 1176 1176 D WifiService: ACTION_BATTERY_CHANGED pluggedType: 2
04-24 12:46:55.580 1463 1463 W HwLockScreenPanel: Handle message: 100
04-24 12:46:55.581 1463 1463 W HwKeyguardBottomArea: updateBatteryInfo : false true
04-24 12:46:55.581 1463 1463 W KgBattery: getCharge info with type: text
04-24 12:46:55.588 1463 1463 W HwLockScreenPanel: refreshBatteryInfo: null
04-24 12:46:55.612 1176 1338 D HwWifiStatStore: handleMessage : 200
04-24 12:46:56.607 1176 1176 I TrafficMonitor: update:rxPkts:0,txPkts:0,rxBytes:0,txBytes:0
04-24 12:46:56.607 1176 1176 I TrafficMonitor: start expired. level:-1
04-24 12:46:56.607 1176 1176 I TrafficMonitor: gettimer:interval=2000
04-24 12:46:56.710 1106 1119 I OAM : [check_file_size:505]/data/log/wifi/wifi_log_1 log file beyond size=10240Byte, creat new file
04-24 12:46:56.711 1106 1119 I OAM : [rename_old_file:210]rename_old_file
04-24 12:46:56.711 1106 1119 I OAM :
04-24 12:46:56.809 742 742 E wificond: Failed to get NL80211_RATE_INFO_NOISE
04-24 12:46:56.809 742 742 E wificond: Failed to get NL80211_RATE_INFO_SNR
04-24 12:46:56.809 742 742 E wificond: Failed to get NL80211_STA_INFO_CNAHLOAD
04-24 12:46:56.810 1176 1337 E WificondControl: Noise: 0, Snr: -1, Chload: -1
04-24 12:46:56.812 1176 1339 D HwWifiCHRStateManager: handleMessage : 1001
04-24 12:46:56.812 1176 1339 D HwWifiCHRStateManager: handleUpdateChannel:2412
04-24 12:46:56.812 1176 1339 V HwWifiServiceFactory: get AllImpl object = com.android.server.wifi.HwWifiServiceFactoryImpl@2205edc
04-24 12:46:56.816 742 742 E wificond: Failed to get NL80211_RATE_INFO_NOISE
04-24 12:46:56.816 742 742 E wificond: Failed to get NL80211_RATE_INFO_SNR
04-24 12:46:56.816 742 742 E wificond: Failed to get NL80211_STA_INFO_CNAHLOAD
04-24 12:46:56.818 1176 1406 D HuaweiWifiWatchdogStateMachine: LM mrssi=-29
04-24 12:46:56.818 1176 1176 D WiFi_PRO: MSG_RETURN_AP_CURRY_RSSI rssi = -29
04-24 12:46:56.819 1176 1406 D HuaweiWifiWatchdogStateMachine: a4:fa:**:**:eb:b0 current loss[-45]=0%, volume=2
04-24 12:46:56.819 1176 1176 I QosMonitor: queryRtt: rtt_type = 3
04-24 12:46:56.819 1176 1406 D HuaweiWifiWatchdogStateMachine: a4:fa:**:**:eb:b0 history loss[-45]=0%, volume=13825578
04-24 12:46:56.819 1176 1176 I HwQoEJNI: send_cmd_kernel. begin
04-24 12:46:56.819 1176 1176 I HwQoEJNI: send_cmd_kernel. end
04-24 12:46:56.820 1176 1406 I HuaweiWifiWatchdogStateMachine: spd good count:0, add sc:0.0, rate:1.0
04-24 12:46:56.820 1176 1406 I HuaweiWifiWatchdogStateMachine: current mHighDataFlowRate = 1.0
04-24 12:46:56.820 1176 1406 I HuaweiWifiWatchdogStateMachine: POta txb txg rxg:0, 108, 0. Lr =0% Totpkt=108
04-24 12:46:56.820 1176 1176 I QosMonitor: postEventFromNative: msg=100,arg1=4,arg2=10
04-24 12:46:56.821 1176 1176 I HwQoEJNI: send_cmd_kernel. begin
04-24 12:46:56.821 1176 1176 I HwQoEJNI: send_cmd_kernel. end
04-24 12:46:56.822 1176 1176 I QosMonitor: postEventFromNative: msg=100,arg1=0,arg2=10
04-24 12:46:56.822 1176 1176 D HuaweiWifiWatchdogStateMachine: setSampleRtt: unvalid rtt
04-24 12:46:56.822 1176 1176 I MQoS : rtt=80,tcp_tx_pkts=480938,tcp_rx_pkts=921407
04-24 12:46:56.824 1176 1406 D HuaweiWifiWatchdogStateMachine: dumpTcpResult: len=10,rtt=80,rttPkt=1,rttWn=42,cgt=0,cgtWn=0
04-24 12:46:56.825 1176 1406 I HuaweiWifiWatchdogStateMachine: PTcp RTT:0, rtt pkt=0, tcp_rx=0, tcp_tx=0, tcp_reTran=0, rtRate=0
04-24 12:46:56.825 1176 1406 D HuaweiWifiWatchdogStateMachine: mRssiBadCount =0, RSSI not bad.
04-24 12:46:56.825 1176 1406 D HuaweiWifiWatchdogStateMachine: detectNetworkAvailable:hw.wifipro.dns_fail_count = 131
04-24 12:46:56.825 1176 1406 D HuaweiWifiWatchdogStateMachine: bqeLevel = 2 rtt=0,rtt_pkts=0 speed=37 rssi=-29
04-24 12:46:56.825 1176 1406 D HuaweiWifiWatchdogStateMachine: Enter updateQoeLevel level = 2
04-24 12:46:56.825 1176 1406 D HuaweiWifiWatchdogStateMachine: updateQoeLevel current level equal to mLastDetectLevel, return
04-24 12:46:56.825 1176 1406 D HuaweiWifiWatchdogStateMachine: did not have any network action
04-24 12:46:56.835 1176 3515 I MQoS : QOS_level:0(0),wifi-link;SIM error;use level-0
04-24 12:46:57.251 1176 1392 D HwArpVerifier: performPollAndLog:
04-24 12:46:57.255 1176 1392 D hw_netstat: total/0/0
04-24 12:46:57.597 1176 1176 I TrafficMonitor: expired arrive. level:-1
04-24 12:46:57.598 1176 1176 I TrafficMonitor: during_ms:2006,period_ms:2000
04-24 12:46:57.598 1176 1176 I TrafficMonitor: count:729,rx_sum:0,tx_sum:0,rxBytes:0,during_ms:2006,rx_speed:0.0,tx_speed:0.0,rto:0.0
04-24 12:46:57.598 1176 1176 D HuaweiWifiWatchdogStateMachine: speed: rxpkt:0, rxSpd:0B/s, txpkt:0, txSpd:0
04-24 12:46:58.611 1176 1176 I TrafficMonitor: update:rxPkts:0,txPkts:0,rxBytes:0,txBytes:0
04-24 12:46:58.611 1176 1176 I TrafficMonitor: start expired. level:-1
04-24 12:46:58.612 1176 1176 I TrafficMonitor: gettimer:interval=2000
04-24 12:46:58.616 1176 1338 D HwWifiStatStore: handleMessage : 200
04-24 12:46:58.916 741 741 E Thermal-daemon: [shell_temp] temp_new :27 temp_old :28
04-24 12:46:58.918 1729 2125 I ThermalService: Receive temperature change, type: 22, temp: 27 from thermald
04-24 12:46:58.919 1729 2125 I ThermalTrace_ThermalRaise: Shell:27,28,27,currentBatteryTemp:28
04-24 12:46:58.920 741 741 E Thermal-daemon: Report temperature: [shell_temp] temp :27 report_threshold:1
04-24 12:46:58.923 1729 2560 W HwThermalStateManager: warning: no config thermal type:22 temperature:27
04-24 12:47:00.563 777 777 E : [E/capacity_limit_control] not demo version, not set power control prop!
04-24 12:47:00.617 1176 1176 I TrafficMonitor: update:rxPkts:0,txPkts:0,rxBytes:0,txBytes:0
04-24 12:47:00.618 1176 1176 I TrafficMonitor: start expired. level:-1
04-24 12:47:00.618 1176 1176 I TrafficMonitor: gettimer:interval=2000
04-24 12:47:01.623 1176 1338 D HwWifiStatStore: handleMessage : 200
04-24 12:47:02.261 1176 1392 D HwArpVerifier: performPollAndLog:
04-24 12:47:02.266 1176 1392 D hw_netstat: total/0/0
04-24 12:47:02.624 1176 1176 I TrafficMonitor: update:rxPkts:0,txPkts:0,rxBytes:0,txBytes:0
04-24 12:47:02.624 1176 1176 I TrafficMonitor: start expired. level:-1
04-24 12:47:02.624 1176 1176 I TrafficMonitor: gettimer:interval=2000
04-24 12:47:03.614 1176 1176 I TrafficMonitor: expired arrive. level:-1
04-24 12:47:03.615 1176 1176 I TrafficMonitor: during_ms:2006,period_ms:2000
04-24 12:47:03.615 1176 1176 I TrafficMonitor: count:732,rx_sum:0,tx_sum:0,rxBytes:0,during_ms:2006,rx_speed:0.0,tx_speed:0.0,rto:0.0
04-24 12:47:03.615 1176 1176 D HuaweiWifiWatchdogStateMachine: speed: rxpkt:0, rxSpd:0B/s, txpkt:0, txSpd:0
04-24 12:47:04.629 1176 1176 I TrafficMonitor: update:rxPkts:0,txPkts:0,rxBytes:0,txBytes:0
04-24 12:47:04.629 1176 1176 I TrafficMonitor: start expired. level:-1
04-24 12:47:04.629 1176 1176 I TrafficMonitor: gettimer:interval=2000
04-24 12:47:04.630 1176 1338 D HwWifiStatStore: handleMessage : 200
04-24 12:47:04.820 742 742 E wificond: Failed to get NL80211_RATE_INFO_NOISE
04-24 12:47:04.820 742 742 E wificond: Failed to get NL80211_RATE_INFO_SNR
04-24 12:47:04.820 742 742 E wificond: Failed to get NL80211_STA_INFO_CNAHLOAD
04-24 12:47:04.821 1176 1337 E WificondControl: Noise: 0, Snr: -1, Chload: -1
04-24 12:47:04.822 1176 1339 D HwWifiCHRStateManager: handleMessage : 1001
04-24 12:47:04.822 1176 1339 D HwWifiCHRStateManager: handleUpdateChannel:2412
04-24 12:47:04.822 1176 1339 V HwWifiServiceFactory: get AllImpl object = com.android.server.wifi.HwWifiServiceFactoryImpl@2205edc
04-24 12:47:04.826 742 742 E wificond: Failed to get NL80211_RATE_INFO_NOISE
04-24 12:47:04.826 742 742 E wificond: Failed to get NL80211_RATE_INFO_SNR
04-24 12:47:04.826 742 742 E wificond: Failed to get NL80211_STA_INFO_CNAHLOAD
04-24 12:47:04.828 1176 1406 D HuaweiWifiWatchdogStateMachine: LM mrssi=-28
04-24 12:47:04.829 1176 1176 D WiFi_PRO: MSG_RETURN_AP_CURRY_RSSI rssi = -28
04-24 12:47:04.829 1176 1176 I QosMonitor: queryRtt: rtt_type = 3
04-24 12:47:04.829 1176 1406 I HuaweiWifiWatchdogStateMachine: spd good count:0, add sc:0.0, rate:1.0
04-24 12:47:04.829 1176 1176 I HwQoEJNI: send_cmd_kernel. begin
04-24 12:47:04.830 1176 1176 I HwQoEJNI: send_cmd_kernel. end
04-24 12:47:04.830 1176 1176 I QosMonitor: postEventFromNative: msg=100,arg1=4,arg2=10
04-24 12:47:04.830 1176 1176 D HuaweiWifiWatchdogStateMachine: setSampleRtt: unvalid rtt
04-24 12:47:04.830 1176 1406 D HuaweiWifiWatchdogStateMachine: high data flow: protection_counter = 0, not_detect_counter = 371
04-24 12:47:04.830 1176 1406 D HuaweiWifiWatchdogStateMachine: high data flow scenario: 0 --> 0 rx bytes =0KB
04-24 12:47:04.830 1176 1406 I HuaweiWifiWatchdogStateMachine: current mHighDataFlowRate = 1.0
04-24 12:47:04.831 1176 1406 I HuaweiWifiWatchdogStateMachine: POta txb txg rxg:0, 108, 0. Lr =0% Totpkt=108
04-24 12:47:04.833 1176 1176 I HwQoEJNI: send_cmd_kernel. begin
04-24 12:47:04.833 1176 1176 I HwQoEJNI: send_cmd_kernel. end
04-24 12:47:04.834 1176 1176 I QosMonitor: postEventFromNative: msg=100,arg1=0,arg2=10
04-24 12:47:04.834 1176 1176 I MQoS : rtt=80,tcp_tx_pkts=480938,tcp_rx_pkts=921407
04-24 12:47:04.835 1176 1406 D HuaweiWifiWatchdogStateMachine: dumpTcpResult: len=10,rtt=80,rttPkt=1,rttWn=50,cgt=0,cgtWn=0
04-24 12:47:04.835 1176 1406 I HuaweiWifiWatchdogStateMachine: PTcp RTT:0, rtt pkt=0, tcp_rx=0, tcp_tx=0, tcp_reTran=0, rtRate=0
04-24 12:47:04.835 1176 1406 D HuaweiWifiWatchdogStateMachine: mRssiBadCount =0, RSSI not bad.
04-24 12:47:04.836 1176 1406 D HuaweiWifiWatchdogStateMachine: detectNetworkAvailable:hw.wifipro.dns_fail_count = 131
04-24 12:47:04.836 1176 1406 D HuaweiWifiWatchdogStateMachine: bqeLevel = 2 rtt=0,rtt_pkts=0 speed=37 rssi=-28
04-24 12:47:04.836 1176 1406 D HuaweiWifiWatchdogStateMachine: Enter updateQoeLevel level = 2
04-24 12:47:04.836 1176 1406 D HuaweiWifiWatchdogStateMachine: updateQoeLevel current level equal to mLastDetectLevel, return
04-24 12:47:04.836 1176 1406 D HuaweiWifiWatchdogStateMachine: did not have any network action
04-24 12:47:04.843 1176 3515 I MQoS : QOS_level:0(0),wifi-link;SIM error;use level-0
04-24 12:47:05.573 777 777 E : [E/capacity_limit_control] not demo version, not set power control prop!
04-24 12:47:06.634 1176 1176 I TrafficMonitor: update:rxPkts:0,txPkts:0,rxBytes:0,txBytes:0
04-24 12:47:06.635 1176 1176 I TrafficMonitor: start expired. level:-1
04-24 12:47:06.635 1176 1176 I TrafficMonitor: gettimer:interval=2000
04-24 12:47:06.724 487 620 W SocketListener: sending broadcast to Pid = 1176, Uid = 1000
04-24 12:47:06.730 1176 1332 D NetdConnector: RCV <- {613 IfaceClass idle 1 353214878826676}
04-24 12:47:06.734 1176 1332 D NetdConnector: RCV <- {613 IfaceClass idle 1 353214878826676}
04-24 12:47:06.738 1176 1202 D NetdConnector: RCV unsolicited event from native daemon, event = 613
04-24 12:47:07.271 1176 1392 D HwArpVerifier: performPollAndLog:
04-24 12:47:07.276 1176 1392 D hw_netstat: total/0/0
04-24 12:47:07.519 1729 2056 D SleepClean: run sleepClean start
04-24 12:47:07.635 1176 1338 D HwWifiStatStore: handleMessage : 200
04-24 12:47:08.641 1176 1176 I TrafficMonitor: update:rxPkts:0,txPkts:0,rxBytes:0,txBytes:0
04-24 12:47:08.641 1176 1176 I TrafficMonitor: start expired. level:-1
04-24 12:47:08.642 1176 1176 I TrafficMonitor: gettimer:interval=2000
04-24 12:47:09.631 1176 1176 I TrafficMonitor: expired arrive. level:-1
04-24 12:47:09.631 1176 1176 I TrafficMonitor: during_ms:2006,period_ms:2000
04-24 12:47:09.631 1176 1176 I TrafficMonitor: count:735,rx_sum:0,tx_sum:0,rxBytes:0,during_ms:2006,rx_speed:0.0,tx_speed:0.0,rto:0.0
04-24 12:47:09.631 1176 1176 D HuaweiWifiWatchdogStateMachine: speed: rxpkt:0, rxSpd:0B/s, txpkt:0, txSpd:0
04-24 12:47:10.583 777 777 E : [E/capacity_limit_control] not demo version, not set power control prop!
04-24 12:47:10.640 1176 1338 D HwWifiStatStore: handleMessage : 200
04-24 12:47:10.645 1176 1176 I TrafficMonitor: update:rxPkts:0,txPkts:0,rxBytes:0,txBytes:0
04-24 12:47:10.645 1176 1176 I TrafficMonitor: start expired. level:-1
04-24 12:47:10.646 1176 1176 I TrafficMonitor: gettimer:interval=2000
04-24 12:47:12.281 1176 1392 D HwArpVerifier: performPollAndLog:
04-24 12:47:12.286 1176 1392 D hw_netstat: total/0/0
04-24 12:47:12.651 1176 1176 I TrafficMonitor: update:rxPkts:0,txPkts:0,rxBytes:0,txBytes:0
04-24 12:47:12.652 1176 1176 I TrafficMonitor: start expired. level:-1
04-24 12:47:12.652 1176 1176 I TrafficMonitor: gettimer:interval=5000
04-24 12:47:12.824 742 742 E wificond: Failed to get NL80211_RATE_INFO_NOISE
04-24 12:47:12.824 742 742 E wificond: Failed to get NL80211_RATE_INFO_SNR
04-24 12:47:12.824 742 742 E wificond: Failed to get NL80211_STA_INFO_CNAHLOAD
04-24 12:47:12.825 1176 1337 E WificondControl: Noise: 0, Snr: -1, Chload: -1
04-24 12:47:12.827 1176 1339 D HwWifiCHRStateManager: handleMessage : 1001
04-24 12:47:12.827 1176 1339 D HwWifiCHRStateManager: handleUpdateChannel:2412
04-24 12:47:12.827 1176 1339 V HwWifiServiceFactory: get AllImpl object = com.android.server.wifi.HwWifiServiceFactoryImpl@2205edc
04-24 12:47:12.830 742 742 E wificond: Failed to get NL80211_RATE_INFO_NOISE
04-24 12:47:12.831 742 742 E wificond: Failed to get NL80211_RATE_INFO_SNR
04-24 12:47:12.831 742 742 E wificond: Failed to get NL80211_STA_INFO_CNAHLOAD
04-24 12:47:12.832 1176 1406 D HuaweiWifiWatchdogStateMachine: LM mrssi=-30
04-24 12:47:12.833 1176 1176 D WiFi_PRO: MSG_RETURN_AP_CURRY_RSSI rssi = -30
04-24 12:47:12.833 1176 1176 I QosMonitor: queryRtt: rtt_type = 3
04-24 12:47:12.834 1176 1406 I HuaweiWifiWatchdogStateMachine: spd good count:0, add sc:0.0, rate:1.0
04-24 12:47:12.834 1176 1406 I HuaweiWifiWatchdogStateMachine: current mHighDataFlowRate = 1.0
04-24 12:47:12.834 1176 1176 I HwQoEJNI: send_cmd_kernel. begin
04-24 12:47:12.834 1176 1406 I HuaweiWifiWatchdogStateMachine: POta txb txg rxg:0, 108, 0. Lr =0% Totpkt=108
04-24 12:47:12.834 1176 1176 I HwQoEJNI: send_cmd_kernel. end
04-24 12:47:12.834 1176 1176 I QosMonitor: postEventFromNative: msg=100,arg1=4,arg2=10
04-24 12:47:12.835 1176 1176 I HwQoEJNI: send_cmd_kernel. begin
04-24 12:47:12.835 1176 1176 I HwQoEJNI: send_cmd_kernel. end
04-24 12:47:12.835 1176 1176 I QosMonitor: postEventFromNative: msg=100,arg1=0,arg2=10
04-24 12:47:12.835 1176 1176 D HuaweiWifiWatchdogStateMachine: setSampleRtt: unvalid rtt
04-24 12:47:12.836 1176 1176 I MQoS : rtt=80,tcp_tx_pkts=480938,tcp_rx_pkts=921407
04-24 12:47:12.837 1176 1406 D HuaweiWifiWatchdogStateMachine: dumpTcpResult: len=10,rtt=80,rttPkt=1,rttWn=58,cgt=0,cgtWn=0
04-24 12:47:12.837 1176 1406 I HuaweiWifiWatchdogStateMachine: PTcp RTT:0, rtt pkt=0, tcp_rx=0, tcp_tx=0, tcp_reTran=0, rtRate=0
04-24 12:47:12.837 1176 1406 D HuaweiWifiWatchdogStateMachine: mRssiBadCount =0, RSSI not bad.
04-24 12:47:12.837 1176 1406 D HuaweiWifiWatchdogStateMachine: detectNetworkAvailable:hw.wifipro.dns_fail_count = 131
04-24 12:47:12.837 1176 1406 D HuaweiWifiWatchdogStateMachine: bqeLevel = 2 rtt=0,rtt_pkts=0 speed=37 rssi=-30
04-24 12:47:12.838 1176 1406 D HuaweiWifiWatchdogStateMachine: Enter updateQoeLevel level = 2
04-24 12:47:12.838 1176 1406 D HuaweiWifiWatchdogStateMachine: updateQoeLevel current level equal to mLastDetectLevel, return
04-24 12:47:12.838 1176 1406 D HuaweiWifiWatchdogStateMachine: did not have any network action
04-24 12:47:12.847 1176 3515 I MQoS : QOS_level:0(0),wifi-link;SIM error;use level-0
04-24 12:47:13.647 1176 1338 D HwWifiStatStore: handleMessage : 200
04-24 12:47:15.593 777 777 E : [E/capacity_limit_control] not demo version, not set power control prop!
04-24 12:47:15.649 1176 1176 I TrafficMonitor: expired arrive. level:-1
04-24 12:47:15.649 1176 1176 I TrafficMonitor: during_ms:2006,period_ms:2000
04-24 12:47:15.649 1176 1176 I TrafficMonitor: count:737,rx_sum:0,tx_sum:0,rxBytes:0,during_ms:2006,rx_speed:0.0,tx_speed:0.0,rto:0.0
04-24 12:47:15.649 1176 1176 D HuaweiWifiWatchdogStateMachine: speed: rxpkt:0, rxSpd:0B/s, txpkt:0, txSpd:0
04-24 12:47:16.654 1176 1338 D HwWifiStatStore: handleMessage : 200
04-24 12:47:17.233 1176 1392 D HwArpVerifier: check_wifi_state_mode = 0 mCheckStateToken=25 token25
04-24 12:47:17.235 1176 1392 D wifiserviceimpl: netmask =16777215
04-24 12:47:17.262 1176 1392 D HWMultiGW: setGateWay 192.168.1.1
04-24 12:47:17.658 1176 1176 I TrafficMonitor: update:rxPkts:0,txPkts:0,rxBytes:0,txBytes:0
04-24 12:47:17.658 1176 1176 I TrafficMonitor: start expired. level:-1
04-24 12:47:17.658 1176 1176 I TrafficMonitor: gettimer:interval=5000
04-24 12:47:18.265 1176 1392 D HwArpVerifier: getGateWayARPResponses: arp rtt = 5
04-24 12:47:18.265 1176 1392 E HwCHRWifiRSSIGroupSummery: updatArpSummery mRSSI:-30 HwCHRWifiRSSIGroup [rssi_index=4, rtt_tcp_packets=0, rtt_tcp_duration=0, rtt_lan_duration=7822, rtt_lan_failures=0, rtt_lan_succ=383, rtt_lan_max=939, rtt_lan_min=0,same_area_frequency=0,adjacent_area_frequency=0]
04-24 12:47:18.318 1176 1392 D HwArpVerifier: There are 1 mac address for gateway
04-24 12:47:18.318 1176 1392 D HwArpVerifier: from HEART_CHECK transmit to state:HEART_CHECK
04-24 12:47:18.319 1176 1392 D HwArpVerifier: msg what=124 arg1(token)=25 arg2(mode)=0 delay=30000
04-24 12:47:18.319 1176 1392 D HwArpVerifier: performPollAndLog:
04-24 12:47:18.322 1176 1392 D hw_netstat: total/0/0
04-24 12:47:19.441 1176 1589 W Watchdog: hungtask: writing kick
04-24 12:47:19.444 1176 1202 I EventHub: EventHub monitor: no key events in the past 2173s, no motion events in the past 2174s
04-24 12:47:19.661 1176 1338 D HwWifiStatStore: handleMessage : 200
04-24 12:47:20.603 777 777 E : [E/capacity_limit_control] not demo version, not set power control prop!
04-24 12:47:20.834 742 742 E wificond: Failed to get NL80211_RATE_INFO_NOISE
04-24 12:47:20.834 742 742 E wificond: Failed to get NL80211_RATE_INFO_SNR
04-24 12:47:20.834 742 742 E wificond: Failed to get NL80211_STA_INFO_CNAHLOAD
04-24 12:47:20.835 1176 1337 E WificondControl: Noise: 0, Snr: -1, Chload: -1
04-24 12:47:20.836 1176 1339 D HwWifiCHRStateManager: handleMessage : 1001
04-24 12:47:20.837 1176 1339 D HwWifiCHRStateManager: handleUpdateChannel:2412
04-24 12:47:20.837 1176 1339 V HwWifiServiceFactory: get AllImpl object = com.android.server.wifi.HwWifiServiceFactoryImpl@2205edc
04-24 12:47:20.841 742 742 E wificond: Failed to get NL80211_RATE_INFO_NOISE
04-24 12:47:20.841 742 742 E wificond: Failed to get NL80211_RATE_INFO_SNR
04-24 12:47:20.842 742 742 E wificond: Failed to get NL80211_STA_INFO_CNAHLOAD
04-24 12:47:20.844 1176 1406 D HuaweiWifiWatchdogStateMachine: LM mrssi=-28
04-24 12:47:20.844 1176 1176 D WiFi_PRO: MSG_RETURN_AP_CURRY_RSSI rssi = -28
04-24 12:47:20.844 1176 1406 D HuaweiWifiWatchdogStateMachine: a4:fa:**:**:eb:b0 current loss[-45]=0%, volume=1
04-24 12:47:20.844 1176 1406 D HuaweiWifiWatchdogStateMachine: a4:fa:**:**:eb:b0 history loss[-45]=0%, volume=13825579
04-24 12:47:20.845 1176 1176 I QosMonitor: queryRtt: rtt_type = 3
04-24 12:47:20.845 1176 1406 I HuaweiWifiWatchdogStateMachine: spd good count:0, add sc:0.0, rate:1.0
04-24 12:47:20.845 1176 1176 I HwQoEJNI: send_cmd_kernel. begin
04-24 12:47:20.845 1176 1406 I HuaweiWifiWatchdogStateMachine: current mHighDataFlowRate = 1.0
04-24 12:47:20.845 1176 1176 I HwQoEJNI: send_cmd_kernel. end
04-24 12:47:20.845 1176 1406 I HuaweiWifiWatchdogStateMachine: POta txb txg rxg:0, 109, 0. Lr =0% Totpkt=109
04-24 12:47:20.846 1176 1176 I QosMonitor: postEventFromNative: msg=100,arg1=4,arg2=10
04-24 12:47:20.846 1176 1176 I HwQoEJNI: send_cmd_kernel. begin
04-24 12:47:20.846 1176 1176 I HwQoEJNI: send_cmd_kernel. end
04-24 12:47:20.846 1176 1176 I QosMonitor: postEventFromNative: msg=100,arg1=0,arg2=10
04-24 12:47:20.846 1176 1176 D HuaweiWifiWatchdogStateMachine: setSampleRtt: unvalid rtt
04-24 12:47:20.847 1176 1176 I MQoS : rtt=80,tcp_tx_pkts=480938,tcp_rx_pkts=921407
04-24 12:47:20.848 1176 1406 D HuaweiWifiWatchdogStateMachine: dumpTcpResult: len=10,rtt=80,rttPkt=1,rttWn=66,cgt=0,cgtWn=0
04-24 12:47:20.848 1176 1406 I HuaweiWifiWatchdogStateMachine: PTcp RTT:0, rtt pkt=0, tcp_rx=0, tcp_tx=0, tcp_reTran=0, rtRate=0
04-24 12:47:20.849 1176 1406 D HuaweiWifiWatchdogStateMachine: mRssiBadCount =0, RSSI not bad.
04-24 12:47:20.849 1176 1406 D HuaweiWifiWatchdogStateMachine: detectNetworkAvailable:hw.wifipro.dns_fail_count = 131
04-24 12:47:20.849 1176 1406 D HuaweiWifiWatchdogStateMachine: bqeLevel = 2 rtt=0,rtt_pkts=0 speed=37 rssi=-28
04-24 12:47:20.849 1176 1406 D HuaweiWifiWatchdogStateMachine: Enter updateQoeLevel level = 2
04-24 12:47:20.849 1176 1406 D HuaweiWifiWatchdogStateMachine: updateQoeLevel current level equal to mLastDetectLevel, return
04-24 12:47:20.849 1176 1406 D HuaweiWifiWatchdogStateMachine: did not have any network action
04-24 12:47:20.861 1176 3515 I MQoS : QOS_level:0(0),wifi-link;SIM error;use level-0
04-24 12:47:22.661 1176 1176 I TrafficMonitor: expired arrive. level:-1
04-24 12:47:22.664 1176 1176 I TrafficMonitor: update:rxPkts:0,txPkts:0,rxBytes:0,txBytes:0
04-24 12:47:22.664 1176 1176 I TrafficMonitor: start expired. level:-1
04-24 12:47:22.664 1176 1176 I TrafficMonitor: gettimer:interval=5000
04-24 12:47:22.664 1176 1176 I TrafficMonitor: during_ms:5006,period_ms:2000
04-24 12:47:22.664 1176 1176 I TrafficMonitor: count:739,rx_sum:0,tx_sum:0,rxBytes:0,during_ms:5006,rx_speed:0.0,tx_speed:0.0,rto:0.0
04-24 12:47:22.664 1176 1176 D HuaweiWifiWatchdogStateMachine: speed: rxpkt:0, rxSpd:0B/s, txpkt:0, txSpd:0
04-24 12:47:22.668 1176 1338 D HwWifiStatStore: handleMessage : 200
04-24 12:47:23.328 1176 1392 D HwArpVerifier: performPollAndLog:
04-24 12:47:23.333 1176 1392 D hw_netstat: total/0/0
04-24 12:47:25.613 777 777 E : [E/capacity_limit_control] not demo version, not set power control prop!
04-24 12:47:25.621 1176 1288 D HwBatteryService: onUEvent fcpStatus = 0,scpStatus =0,ovpStatus=0
04-24 12:47:25.624 1176 1288 I UsbDeviceManager: water_intrused state= 0
04-24 12:47:25.637 1176 1176 D HwInnerWifiManagerImpl: SupplicantState = COMPLETED
04-24 12:47:25.637 1176 1176 D HwInnerWifiManagerImpl: isPhoneAP = false
04-24 12:47:25.638 1176 1176 D HwInnerWifiManagerImpl: SupplicantState = COMPLETED
04-24 12:47:25.638 1176 1176 D HwInnerWifiManagerImpl: isPhoneAP = false
04-24 12:47:25.638 1176 1176 D WifiStateMachine: mBcastReceiver: PluggedType = 2 mIsScanCtrlPluggedin = true
04-24 12:47:25.637 1463 1463 D KeyguardUpdateMonitor: received broadcast android.intent.action.BATTERY_CHANGED
04-24 12:47:25.638 1176 1176 D HwWifiService: mPluggedType =2
04-24 12:47:25.638 1463 1463 W KeyguardUpdateMonitor: ACTION_BATTERY_CHANGED AMP: 500000; Volt: 5000000
04-24 12:47:25.638 1176 1176 D WifiService: onReceive, action:android.intent.action.BATTERY_CHANGED
04-24 12:47:25.638 1176 1176 D WifiService: ACTION_BATTERY_CHANGED pluggedType: 2
04-24 12:47:25.638 1729 1729 I MsgReceiver: intent action: android.intent.action.BATTERY_CHANGED
04-24 12:47:25.639 1463 1463 V KeyguardUpdateMonitor: RefreshBatteryInfo isBatteryLow: 75
04-24 12:47:25.639 1463 1463 W KeyguardUpdateMonitor: ChargingSpeed Wattage: 2500000 ST: 5000000 --> 7500000
04-24 12:47:25.639 1463 1463 I KgBattery: BatteryInfo updated: 2lPc0
04-24 12:47:25.639 1463 1463 W AppHandler: sendMessage with obj100
04-24 12:47:25.640 5515 5671 E CloudAlbum[8.1.2.309]: [ReceiverManager] not log on ignore
04-24 12:47:25.640 1463 1463 W HwLockScreenPanel: Handle message: 100
04-24 12:47:25.640 1463 1463 W HwKeyguardBottomArea: updateBatteryInfo : false true
04-24 12:47:25.640 1463 1463 W KgBattery: getCharge info with type: text
04-24 12:47:25.644 1463 1463 W HwLockScreenPanel: refreshBatteryInfo: null
04-24 12:47:25.675 1176 1338 D HwWifiStatStore: handleMessage : 200
04-24 12:47:27.665 1176 1176 I TrafficMonitor: expired arrive. level:-1
04-24 12:47:27.666 1176 1176 I TrafficMonitor: update:rxPkts:0,txPkts:0,rxBytes:0,txBytes:0
04-24 12:47:27.666 1176 1176 I TrafficMonitor: start expired. level:-1
04-24 12:47:27.666 1176 1176 I TrafficMonitor: gettimer:interval=5000
04-24 12:47:27.666 1176 1176 I TrafficMonitor: during_ms:5003,period_ms:2000
04-24 12:47:27.666 1176 1176 I TrafficMonitor: count:740,rx_sum:0,tx_sum:0,rxBytes:0,during_ms:5003,rx_speed:0.0,tx_speed:0.0,rto:0.0
04-24 12:47:27.666 1176 1176 D HuaweiWifiWatchdogStateMachine: speed: rxpkt:0, rxSpd:0B/s, txpkt:0, txSpd:0
04-24 12:47:28.339 1176 1392 D HwArpVerifier: performPollAndLog:
04-24 12:47:28.344 1176 1392 D hw_netstat: total/0/0
04-24 12:47:28.680 1176 1338 D HwWifiStatStore: handleMessage : 200
04-24 12:47:28.841 742 742 E wificond: Failed to get NL80211_RATE_INFO_NOISE
04-24 12:47:28.841 742 742 E wificond: Failed to get NL80211_RATE_INFO_SNR
04-24 12:47:28.841 742 742 E wificond: Failed to get NL80211_STA_INFO_CNAHLOAD
04-24 12:47:28.842 1176 1337 E WificondControl: Noise: 0, Snr: -1, Chload: -1
04-24 12:47:28.844 1176 1339 D HwWifiCHRStateManager: handleMessage : 1001
04-24 12:47:28.844 1176 1339 D HwWifiCHRStateManager: handleUpdateChannel:2412
04-24 12:47:28.844 1176 1339 V HwWifiServiceFactory: get AllImpl object = com.android.server.wifi.HwWifiServiceFactoryImpl@2205edc
04-24 12:47:28.848 742 742 E wificond: Failed to get NL80211_RATE_INFO_NOISE
04-24 12:47:28.848 742 742 E wificond: Failed to get NL80211_RATE_INFO_SNR
04-24 12:47:28.848 742 742 E wificond: Failed to get NL80211_STA_INFO_CNAHLOAD
