04-24 12:51:26.283 1176 1176 D HwWifiService: mPluggedType =2
04-24 12:51:26.283 1463 1463 D KeyguardUpdateMonitor: received broadcast android.intent.action.BATTERY_CHANGED
04-24 12:51:26.284 1176 1176 D WifiService: onReceive, action:android.intent.action.BATTERY_CHANGED
04-24 12:51:26.284 1463 1463 W KeyguardUpdateMonitor: ACTION_BATTERY_CHANGED AMP: 500000; Volt: 5000000
04-24 12:51:26.284 1176 1176 D WifiService: ACTION_BATTERY_CHANGED pluggedType: 2
04-24 12:51:26.284 1463 1463 V KeyguardUpdateMonitor: RefreshBatteryInfo isBatteryLow: 75
04-24 12:51:26.284 1463 1463 W KeyguardUpdateMonitor: ChargingSpeed Wattage: 2500000 ST: 5000000 --> 7500000
04-24 12:51:26.284 1463 1463 I KgBattery: BatteryInfo updated: 2lPc0
04-24 12:51:26.284 1463 1463 W AppHandler: sendMessage with obj100
04-24 12:51:26.284 1463 1463 D KeyguardUpdateMonitor: handleBatteryUpdate
04-24 12:51:26.284 1463 1463 W HwLockScreenPanel: Handle message: 100
04-24 12:51:26.284 1463 1463 W HwKeyguardBottomArea: updateBatteryInfo : false true
04-24 12:51:26.284 1463 1463 W KgBattery: getCharge info with type: text
04-24 12:51:26.288 1729 1729 I MsgReceiver: intent action: android.intent.action.BATTERY_CHANGED
04-24 12:51:26.289 5515 5671 E CloudAlbum[8.1.2.309]: [ReceiverManager] not log on ignore
04-24 12:51:26.292 1463 1463 W HwLockScreenPanel: refreshBatteryInfo: null
04-24 12:51:27.265 1176 1392 D HwArpVerifier: getGateWayARPResponses: arp rtt = 9
04-24 12:51:27.266 1176 1392 E HwCHRWifiRSSIGroupSummery: updatArpSummery mRSSI:-30 HwCHRWifiRSSIGroup [rssi_index=4, rtt_tcp_packets=0, rtt_tcp_duration=0, rtt_lan_duration=7965, rtt_lan_failures=0, rtt_lan_succ=391, rtt_lan_max=939, rtt_lan_min=0,same_area_frequency=0,adjacent_area_frequency=0]
04-24 12:51:27.323 1176 1392 D HwArpVerifier: There are 1 mac address for gateway
04-24 12:51:27.323 1176 1392 D HwArpVerifier: from HEART_CHECK transmit to state:HEART_CHECK
04-24 12:51:27.324 1176 1392 D HwArpVerifier: msg what=124 arg1(token)=25 arg2(mode)=0 delay=30000
04-24 12:51:27.324 1176 1392 D HwArpVerifier: performPollAndLog:
04-24 12:51:27.327 1176 1392 D hw_netstat: total/0/0
04-24 12:51:29.082 742 742 E wificond: Failed to get NL80211_RATE_INFO_NOISE
04-24 12:51:29.083 742 742 E wificond: Failed to get NL80211_RATE_INFO_SNR
04-24 12:51:29.083 742 742 E wificond: Failed to get NL80211_STA_INFO_CNAHLOAD
04-24 12:51:29.084 1176 1337 E WificondControl: Noise: 0, Snr: -1, Chload: -1
04-24 12:51:29.085 1176 1339 D HwWifiCHRStateManager: handleMessage : 1001
04-24 12:51:29.085 1176 1339 D HwWifiCHRStateManager: handleUpdateChannel:2412
04-24 12:51:29.085 1176 1339 V HwWifiServiceFactory: get AllImpl object = com.android.server.wifi.HwWifiServiceFactoryImpl@2205edc
04-24 12:51:29.089 742 742 E wificond: Failed to get NL80211_RATE_INFO_NOISE
04-24 12:51:29.089 742 742 E wificond: Failed to get NL80211_RATE_INFO_SNR
04-24 12:51:29.089 742 742 E wificond: Failed to get NL80211_STA_INFO_CNAHLOAD
04-24 12:51:29.093 1176 1406 D HuaweiWifiWatchdogStateMachine: LM mrssi=-30
04-24 12:51:29.093 1176 1176 D WiFi_PRO: MSG_RETURN_AP_CURRY_RSSI rssi = -30
04-24 12:51:29.093 1176 1406 D HuaweiWifiWatchdogStateMachine: a4:fa:**:**:eb:b0 current loss[-45]=0%, volume=1
04-24 12:51:29.093 1176 1176 I QosMonitor: queryRtt: rtt_type = 3
04-24 12:51:29.094 1176 1176 I HwQoEJNI: send_cmd_kernel. begin
04-24 12:51:29.094 1176 1176 I HwQoEJNI: send_cmd_kernel. end
04-24 12:51:29.094 1176 1406 D HuaweiWifiWatchdogStateMachine: a4:fa:**:**:eb:b0 history loss[-45]=0%, volume=13825602
04-24 12:51:29.094 1176 1176 I QosMonitor: postEventFromNative: msg=100,arg1=4,arg2=10
04-24 12:51:29.095 1176 1176 D HuaweiWifiWatchdogStateMachine: setSampleRtt: unvalid rtt
04-24 12:51:29.095 1176 1406 I HuaweiWifiWatchdogStateMachine: spd good count:0, add sc:0.0, rate:1.0
04-24 12:51:29.095 1176 1406 I HuaweiWifiWatchdogStateMachine: current mHighDataFlowRate = 1.0
04-24 12:51:29.095 1176 1406 I HuaweiWifiWatchdogStateMachine: POta txb txg rxg:0, 132, 0. Lr =0% Totpkt=132
04-24 12:51:29.095 1176 1176 I HwQoEJNI: send_cmd_kernel. begin
04-24 12:51:29.096 1176 1176 I HwQoEJNI: send_cmd_kernel. end
04-24 12:51:29.096 1176 1176 I QosMonitor: postEventFromNative: msg=100,arg1=0,arg2=10
04-24 12:51:29.096 1176 1176 I MQoS : rtt=480,tcp_tx_pkts=480942,tcp_rx_pkts=921409
04-24 12:51:29.097 1176 1406 D HuaweiWifiWatchdogStateMachine: dumpTcpResult: len=10,rtt=480,rttPkt=1,rttWn=37,cgt=0,cgtWn=0
04-24 12:51:29.098 1176 1406 I HuaweiWifiWatchdogStateMachine: PTcp RTT:0, rtt pkt=0, tcp_rx=0, tcp_tx=0, tcp_reTran=0, rtRate=0
04-24 12:51:29.098 1176 1406 D HuaweiWifiWatchdogStateMachine: mRssiBadCount =0, RSSI not bad.
04-24 12:51:29.098 1176 1406 D HuaweiWifiWatchdogStateMachine: detectNetworkAvailable:hw.wifipro.dns_fail_count = 131
04-24 12:51:29.098 1176 1406 D HuaweiWifiWatchdogStateMachine: bqeLevel = 2 rtt=0,rtt_pkts=0 speed=37 rssi=-30
04-24 12:51:29.098 1176 1406 D HuaweiWifiWatchdogStateMachine: Enter updateQoeLevel level = 2
04-24 12:51:29.098 1176 1406 D HuaweiWifiWatchdogStateMachine: updateQoeLevel current level equal to mLastDetectLevel, return
04-24 12:51:29.098 1176 1406 D HuaweiWifiWatchdogStateMachine: did not have any network action
04-24 12:51:29.109 1176 3515 I MQoS : QOS_level:0(0),wifi-link;SIM error;use level-0
04-24 12:51:29.193 1176 1338 D HwWifiStatStore: handleMessage : 200
04-24 12:51:31.149 1176 1176 I TrafficMonitor: expired arrive. level:-1
04-24 12:51:31.153 1176 1176 I TrafficMonitor: update:rxPkts:0,txPkts:0,rxBytes:0,txBytes:0
04-24 12:51:31.153 1176 1176 I TrafficMonitor: start expired. level:-1
04-24 12:51:31.153 1176 1176 I TrafficMonitor: gettimer:interval=5000
04-24 12:51:31.154 1176 1176 I TrafficMonitor: during_ms:5007,period_ms:2000
04-24 12:51:31.154 1176 1176 I TrafficMonitor: count:818,rx_sum:0,tx_sum:0,rxBytes:0,during_ms:5007,rx_speed:0.0,tx_speed:0.0,rto:0.0
04-24 12:51:31.154 1176 1176 D HuaweiWifiWatchdogStateMachine: speed: rxpkt:0, rxSpd:0B/s, txpkt:0, txSpd:0
04-24 12:51:31.273 777 777 E : [E/capacity_limit_control] not demo version, not set power control prop!
04-24 12:51:32.198 1176 1338 D HwWifiStatStore: handleMessage : 200
04-24 12:51:32.334 1176 1392 D HwArpVerifier: performPollAndLog:
04-24 12:51:32.338 1176 1392 D hw_netstat: total/0/0
04-24 12:51:35.206 1176 1338 D HwWifiStatStore: handleMessage : 200
04-24 12:51:36.159 1176 1176 I TrafficMonitor: expired arrive. level:-1
04-24 12:51:36.162 1176 1176 I TrafficMonitor: update:rxPkts:0,txPkts:0,rxBytes:0,txBytes:0
04-24 12:51:36.162 1176 1176 I TrafficMonitor: start expired. level:-1
04-24 12:51:36.163 1176 1176 I TrafficMonitor: gettimer:interval=5000
04-24 12:51:36.163 1176 1176 I TrafficMonitor: during_ms:5010,period_ms:2000
04-24 12:51:36.163 1176 1176 I TrafficMonitor: count:819,rx_sum:0,tx_sum:0,rxBytes:0,during_ms:5010,rx_speed:0.0,tx_speed:0.0,rto:0.0
04-24 12:51:36.163 1176 1176 D HuaweiWifiWatchdogStateMachine: speed: rxpkt:0, rxSpd:0B/s, txpkt:0, txSpd:0
04-24 12:51:36.279 777 777 E : [E/capacity_limit_control] not demo version, not set power control prop!
04-24 12:51:37.093 742 742 E wificond: Failed to get NL80211_RATE_INFO_NOISE
04-24 12:51:37.093 742 742 E wificond: Failed to get NL80211_RATE_INFO_SNR
04-24 12:51:37.093 742 742 E wificond: Failed to get NL80211_STA_INFO_CNAHLOAD
04-24 12:51:37.094 1176 1337 E WificondControl: Noise: 0, Snr: -1, Chload: -1
04-24 12:51:37.095 1176 1339 D HwWifiCHRStateManager: handleMessage : 1001
04-24 12:51:37.095 1176 1339 D HwWifiCHRStateManager: handleUpdateChannel:2412
04-24 12:51:37.096 1176 1339 V HwWifiServiceFactory: get AllImpl object = com.android.server.wifi.HwWifiServiceFactoryImpl@2205edc
04-24 12:51:37.099 742 742 E wificond: Failed to get NL80211_RATE_INFO_NOISE
04-24 12:51:37.100 742 742 E wificond: Failed to get NL80211_RATE_INFO_SNR
04-24 12:51:37.100 742 742 E wificond: Failed to get NL80211_STA_INFO_CNAHLOAD
04-24 12:51:37.101 1176 1176 D WiFi_PRO: MSG_RETURN_AP_CURRY_RSSI rssi = -29
04-24 12:51:37.101 1176 1406 D HuaweiWifiWatchdogStateMachine: LM mrssi=-29
04-24 12:51:37.102 1176 1176 I QosMonitor: queryRtt: rtt_type = 3
04-24 12:51:37.102 1176 1176 I HwQoEJNI: send_cmd_kernel. begin
04-24 12:51:37.102 1176 1176 I HwQoEJNI: send_cmd_kernel. end
04-24 12:51:37.102 1176 1406 I HuaweiWifiWatchdogStateMachine: spd good count:0, add sc:0.0, rate:1.0
04-24 12:51:37.102 1176 1406 I HuaweiWifiWatchdogStateMachine: current mHighDataFlowRate = 1.0
04-24 12:51:37.102 1176 1176 I QosMonitor: postEventFromNative: msg=100,arg1=4,arg2=10
04-24 12:51:37.102 1176 1406 I HuaweiWifiWatchdogStateMachine: POta txb txg rxg:0, 132, 0. Lr =0% Totpkt=132
04-24 12:51:37.103 1176 1176 D HuaweiWifiWatchdogStateMachine: setSampleRtt: unvalid rtt
04-24 12:51:37.105 1176 1176 I HwQoEJNI: send_cmd_kernel. begin
04-24 12:51:37.105 1176 1176 I HwQoEJNI: send_cmd_kernel. end
04-24 12:51:37.106 1176 1176 I QosMonitor: postEventFromNative: msg=100,arg1=0,arg2=10
04-24 12:51:37.108 1176 1406 D HuaweiWifiWatchdogStateMachine: dumpTcpResult: len=10,rtt=480,rttPkt=1,rttWn=45,cgt=0,cgtWn=0
04-24 12:51:37.108 1176 1406 I HuaweiWifiWatchdogStateMachine: PTcp RTT:0, rtt pkt=0, tcp_rx=0, tcp_tx=0, tcp_reTran=0, rtRate=0
04-24 12:51:37.108 1176 1406 D HuaweiWifiWatchdogStateMachine: mRssiBadCount =0, RSSI not bad.
04-24 12:51:37.109 1176 1406 D HuaweiWifiWatchdogStateMachine: detectNetworkAvailable:hw.wifipro.dns_fail_count = 131
04-24 12:51:37.109 1176 1406 D HuaweiWifiWatchdogStateMachine: bqeLevel = 2 rtt=0,rtt_pkts=0 speed=37 rssi=-29
04-24 12:51:37.109 1176 1406 D HuaweiWifiWatchdogStateMachine: Enter updateQoeLevel level = 2
04-24 12:51:37.109 1176 1406 D HuaweiWifiWatchdogStateMachine: updateQoeLevel current level equal to mLastDetectLevel, return
04-24 12:51:37.109 1176 1406 D HuaweiWifiWatchdogStateMachine: did not have any network action
04-24 12:51:37.111 1176 1176 I MQoS : rtt=480,tcp_tx_pkts=480942,tcp_rx_pkts=921409
04-24 12:51:37.118 1176 3515 I MQoS : QOS_level:0(0),wifi-link;SIM error;use level-0
04-24 12:51:37.345 1176 1392 D HwArpVerifier: performPollAndLog:
04-24 12:51:37.349 1176 1392 D hw_netstat: total/0/0
04-24 12:51:38.213 1176 1338 D HwWifiStatStore: handleMessage : 200
04-24 12:51:41.167 1176 1176 I TrafficMonitor: expired arrive. level:-1
04-24 12:51:41.170 1176 1176 I TrafficMonitor: update:rxPkts:0,txPkts:0,rxBytes:0,txBytes:0
04-24 12:51:41.170 1176 1176 I TrafficMonitor: start expired. level:-1
04-24 12:51:41.170 1176 1176 I TrafficMonitor: gettimer:interval=5000
04-24 12:51:41.171 1176 1176 I TrafficMonitor: during_ms:5008,period_ms:2000
04-24 12:51:41.171 1176 1176 I TrafficMonitor: count:820,rx_sum:0,tx_sum:0,rxBytes:0,during_ms:5008,rx_speed:0.0,tx_speed:0.0,rto:0.0
04-24 12:51:41.171 1176 1176 D HuaweiWifiWatchdogStateMachine: speed: rxpkt:0, rxSpd:0B/s, txpkt:0, txSpd:0
04-24 12:51:41.220 1176 1338 D HwWifiStatStore: handleMessage : 200
04-24 12:51:41.289 777 777 E : [E/capacity_limit_control] not demo version, not set power control prop!
04-24 12:51:42.355 1176 1392 D HwArpVerifier: performPollAndLog:
04-24 12:51:42.360 1176 1392 D hw_netstat: total/0/0
04-24 12:51:44.227 1176 1338 D HwWifiStatStore: handleMessage : 200
04-24 12:51:45.048 1176 1392 D HwArpVerifier: getIpRouteTable
04-24 12:51:45.082 1176 1176 D HwInnerWifiManagerImpl: SupplicantState = COMPLETED
04-24 12:51:45.082 1463 1463 D KeyguardUpdateMonitor: received broadcast android.intent.action.BATTERY_CHANGED
04-24 12:51:45.082 1176 1176 D HwInnerWifiManagerImpl: isPhoneAP = false
04-24 12:51:45.082 1463 1463 W KeyguardUpdateMonitor: ACTION_BATTERY_CHANGED AMP: 500000; Volt: 5000000
04-24 12:51:45.082 1463 1463 V KeyguardUpdateMonitor: RefreshBatteryInfo isBatteryLow: 75
04-24 12:51:45.082 1463 1463 W KeyguardUpdateMonitor: ChargingSpeed Wattage: 2500000 ST: 5000000 --> 7500000
04-24 12:51:45.082 1463 1463 I KgBattery: BatteryInfo updated: 2lPc0
04-24 12:51:45.082 1463 1463 W AppHandler: sendMessage with obj100
04-24 12:51:45.082 1463 1463 D KeyguardUpdateMonitor: handleBatteryUpdate
04-24 12:51:45.082 1463 1463 W HwLockScreenPanel: Handle message: 100
04-24 12:51:45.082 1463 1463 W HwKeyguardBottomArea: updateBatteryInfo : false true
04-24 12:51:45.082 1176 1176 D HwInnerWifiManagerImpl: SupplicantState = COMPLETED
04-24 12:51:45.082 1463 1463 W KgBattery: getCharge info with type: text
04-24 12:51:45.082 1176 1176 D HwInnerWifiManagerImpl: isPhoneAP = false
04-24 12:51:45.082 1176 1176 D WifiStateMachine: mBcastReceiver: PluggedType = 2 mIsScanCtrlPluggedin = true
04-24 12:51:45.082 1176 1176 D HwWifiService: mPluggedType =2
04-24 12:51:45.083 1176 1176 D WifiService: onReceive, action:android.intent.action.BATTERY_CHANGED
04-24 12:51:45.083 1176 1176 D WifiService: ACTION_BATTERY_CHANGED pluggedType: 2
04-24 12:51:45.084 1729 1729 I MsgReceiver: intent action: android.intent.action.BATTERY_CHANGED
04-24 12:51:45.085 5515 5671 E CloudAlbum[8.1.2.309]: [ReceiverManager] not log on ignore
04-24 12:51:45.086 1463 1463 W HwLockScreenPanel: refreshBatteryInfo: null
04-24 12:51:45.093 742 742 E wificond: Failed to get NL80211_RATE_INFO_NOISE
04-24 12:51:45.093 742 742 E wificond: Failed to get NL80211_RATE_INFO_SNR
04-24 12:51:45.093 742 742 E wificond: Failed to get NL80211_STA_INFO_CNAHLOAD
04-24 12:51:45.094 1176 1337 E WificondControl: Noise: 0, Snr: -1, Chload: -1
04-24 12:51:45.094 1176 1339 D HwWifiCHRStateManager: handleMessage : 1001
04-24 12:51:45.094 1176 1339 D HwWifiCHRStateManager: handleUpdateChannel:2412
04-24 12:51:45.094 1176 1339 V HwWifiServiceFactory: get AllImpl object = com.android.server.wifi.HwWifiServiceFactoryImpl@2205edc
04-24 12:51:45.095 742 742 E wificond: Failed to get NL80211_RATE_INFO_NOISE
04-24 12:51:45.096 742 742 E wificond: Failed to get NL80211_RATE_INFO_SNR
04-24 12:51:45.096 742 742 E wificond: Failed to get NL80211_STA_INFO_CNAHLOAD
04-24 12:51:45.096 1176 1406 D HuaweiWifiWatchdogStateMachine: LM mrssi=-29
04-24 12:51:45.097 1176 1406 I HuaweiWifiWatchdogStateMachine: spd good count:0, add sc:0.0, rate:1.0
04-24 12:51:45.097 1176 1406 I HuaweiWifiWatchdogStateMachine: current mHighDataFlowRate = 1.0
04-24 12:51:45.097 1176 1406 I HuaweiWifiWatchdogStateMachine: POta txb txg rxg:0, 132, 0. Lr =0% Totpkt=132
04-24 12:51:45.097 1176 1176 D WiFi_PRO: MSG_RETURN_AP_CURRY_RSSI rssi = -29
04-24 12:51:45.097 1176 1176 I QosMonitor: queryRtt: rtt_type = 3
04-24 12:51:45.097 1176 1176 I HwQoEJNI: send_cmd_kernel. begin
04-24 12:51:45.097 1176 1176 I HwQoEJNI: send_cmd_kernel. end
04-24 12:51:45.098 1176 1176 I QosMonitor: postEventFromNative: msg=100,arg1=4,arg2=10
04-24 12:51:45.098 1176 1176 I HwQoEJNI: send_cmd_kernel. begin
04-24 12:51:45.098 1176 1176 I HwQoEJNI: send_cmd_kernel. end
04-24 12:51:45.098 1176 1176 I QosMonitor: postEventFromNative: msg=100,arg1=0,arg2=10
04-24 12:51:45.098 1176 1176 D HuaweiWifiWatchdogStateMachine: setSampleRtt: unvalid rtt
04-24 12:51:45.098 1176 1176 I MQoS : rtt=480,tcp_tx_pkts=480942,tcp_rx_pkts=921409
04-24 12:51:45.099 1176 1406 D HuaweiWifiWatchdogStateMachine: dumpTcpResult: len=10,rtt=480,rttPkt=1,rttWn=53,cgt=0,cgtWn=0
04-24 12:51:45.099 1176 1406 I HuaweiWifiWatchdogStateMachine: PTcp RTT:0, rtt pkt=0, tcp_rx=0, tcp_tx=0, tcp_reTran=0, rtRate=0
04-24 12:51:45.099 1176 1406 D HuaweiWifiWatchdogStateMachine: mRssiBadCount =0, RSSI not bad.
04-24 12:51:45.099 1176 1406 D HuaweiWifiWatchdogStateMachine: detectNetworkAvailable:hw.wifipro.dns_fail_count = 131
04-24 12:51:45.099 1176 1406 D HuaweiWifiWatchdogStateMachine: bqeLevel = 2 rtt=0,rtt_pkts=0 speed=37 rssi=-29
04-24 12:51:45.099 1176 1406 D HuaweiWifiWatchdogStateMachine: Enter updateQoeLevel level = 2
04-24 12:51:45.099 1176 1406 D HuaweiWifiWatchdogStateMachine: updateQoeLevel current level equal to mLastDetectLevel, return
04-24 12:51:45.099 1176 1406 D HuaweiWifiWatchdogStateMachine: did not have any network action
04-24 12:51:45.102 1176 3515 I MQoS : QOS_level:0(0),wifi-link;SIM error;use level-0
04-24 12:51:45.102 1176 3515 I MQoS : skip-low-Level:0(0),wifi-link;SIM error;use level-0
04-24 12:51:45.144 1176 1392 D HwArpVerifier: Notify wifi default route is ok
04-24 12:51:46.172 1176 1176 I TrafficMonitor: expired arrive. level:-1
04-24 12:51:46.175 1176 1176 I TrafficMonitor: update:rxPkts:0,txPkts:0,rxBytes:0,txBytes:0
04-24 12:51:46.176 1176 1176 I TrafficMonitor: start expired. level:-1
04-24 12:51:46.176 1176 1176 I TrafficMonitor: gettimer:interval=5000
04-24 12:51:46.176 1176 1176 I TrafficMonitor: during_ms:5005,period_ms:2000
04-24 12:51:46.176 1176 1176 I TrafficMonitor: count:821,rx_sum:0,tx_sum:0,rxBytes:0,during_ms:5005,rx_speed:0.0,tx_speed:0.0,rto:0.0
04-24 12:51:46.176 1176 1176 D HuaweiWifiWatchdogStateMachine: speed: rxpkt:0, rxSpd:0B/s, txpkt:0, txSpd:0
04-24 12:51:46.299 777 777 E : [E/capacity_limit_control] not demo version, not set power control prop!
04-24 12:51:47.234 1176 1338 D HwWifiStatStore: handleMessage : 200
04-24 12:51:47.363 1176 1392 D HwArpVerifier: performPollAndLog:
04-24 12:51:47.367 1176 1392 D hw_netstat: total/0/0
04-24 12:51:49.471 1176 1589 W Watchdog: hungtask: writing kick
04-24 12:51:49.474 1176 1202 I EventHub: EventHub monitor: no key events in the past 2443s, no motion events in the past 2444s
04-24 12:51:50.242 1176 1338 D HwWifiStatStore: handleMessage : 200
04-24 12:51:51.182 1176 1176 I TrafficMonitor: expired arrive. level:-1
04-24 12:51:51.186 1176 1176 I TrafficMonitor: update:rxPkts:0,txPkts:0,rxBytes:0,txBytes:0
04-24 12:51:51.186 1176 1176 I TrafficMonitor: start expired. level:-1
04-24 12:51:51.186 1176 1176 I TrafficMonitor: gettimer:interval=5000
04-24 12:51:51.186 1176 1176 I TrafficMonitor: during_ms:5010,period_ms:2000
04-24 12:51:51.186 1176 1176 I TrafficMonitor: count:822,rx_sum:0,tx_sum:0,rxBytes:0,during_ms:5010,rx_speed:0.0,tx_speed:0.0,rto:0.0
04-24 12:51:51.186 1176 1176 D HuaweiWifiWatchdogStateMachine: speed: rxpkt:0, rxSpd:0B/s, txpkt:0, txSpd:0
04-24 12:51:51.309 777 777 E : [E/capacity_limit_control] not demo version, not set power control prop!
04-24 12:51:51.793 487 620 W SocketListener: sending broadcast to Pid = 1176, Uid = 1000
04-24 12:51:51.800 1176 1332 D NetdConnector: RCV <- {613 IfaceClass active 1 353499948586007 1000}
04-24 12:51:51.805 1176 1332 D NetdConnector: RCV <- {613 IfaceClass active 1 353499948586007 1000}
04-24 12:51:51.809 1176 1202 D NetdConnector: RCV unsolicited event from native daemon, event = 613
04-24 12:51:52.373 1176 1392 D HwArpVerifier: performPollAndLog:
04-24 12:51:52.377 1176 1392 D hw_netstat: total/56/84,unknown:0/56/84
04-24 12:51:52.839 1729 23345 I DownloadState: 0 transmitting data speed : 28 bytes/s scroff: true
04-24 12:51:53.105 742 742 E wificond: Failed to get NL80211_RATE_INFO_NOISE
04-24 12:51:53.105 742 742 E wificond: Failed to get NL80211_RATE_INFO_SNR
04-24 12:51:53.105 742 742 E wificond: Failed to get NL80211_STA_INFO_CNAHLOAD
04-24 12:51:53.106 1176 1337 E WificondControl: Noise: 0, Snr: -1, Chload: -1
04-24 12:51:53.107 1176 1339 D HwWifiCHRStateManager: handleMessage : 1001
04-24 12:51:53.108 1176 1339 D HwWifiCHRStateManager: handleUpdateChannel:2412
04-24 12:51:53.108 1176 1339 V HwWifiServiceFactory: get AllImpl object = com.android.server.wifi.HwWifiServiceFactoryImpl@2205edc
04-24 12:51:53.112 742 742 E wificond: Failed to get NL80211_RATE_INFO_NOISE
04-24 12:51:53.112 742 742 E wificond: Failed to get NL80211_RATE_INFO_SNR
04-24 12:51:53.112 742 742 E wificond: Failed to get NL80211_STA_INFO_CNAHLOAD
04-24 12:51:53.114 1176 1406 D HuaweiWifiWatchdogStateMachine: LM mrssi=-29
04-24 12:51:53.114 1176 1406 D HuaweiWifiWatchdogStateMachine: a4:fa:**:**:eb:b0 current loss[-45]=0%, volume=1
04-24 12:51:53.114 1176 1406 D HuaweiWifiWatchdogStateMachine: a4:fa:**:**:eb:b0 history loss[-45]=0%, volume=13825603
04-24 12:51:53.115 1176 1406 I HuaweiWifiWatchdogStateMachine: spd good count:0, add sc:0.0, rate:1.0
04-24 12:51:53.116 1176 1406 D HuaweiWifiWatchdogStateMachine: high data flow: protection_counter = 0, not_detect_counter = 380
04-24 12:51:53.116 1176 1406 D HuaweiWifiWatchdogStateMachine: high data flow scenario: 0 --> 0 rx bytes =0KB
04-24 12:51:53.116 1176 1406 I HuaweiWifiWatchdogStateMachine: current mHighDataFlowRate = 1.0
04-24 12:51:53.116 1176 1406 I HuaweiWifiWatchdogStateMachine: POta txb txg rxg:0, 133, 0. Lr =0% Totpkt=133
04-24 12:51:53.117 1176 1176 D WiFi_PRO: MSG_RETURN_AP_CURRY_RSSI rssi = -29
04-24 12:51:53.117 1176 1176 I QosMonitor: queryRtt: rtt_type = 3
04-24 12:51:53.118 1176 1176 I HwQoEJNI: send_cmd_kernel. begin
04-24 12:51:53.118 1176 1176 I HwQoEJNI: send_cmd_kernel. end
04-24 12:51:53.118 1176 1176 I QosMonitor: postEventFromNative: msg=100,arg1=4,arg2=10
04-24 12:51:53.119 1176 1176 I HwQoEJNI: send_cmd_kernel. begin
04-24 12:51:53.119 1176 1176 I HwQoEJNI: send_cmd_kernel. end
04-24 12:51:53.119 1176 1176 I QosMonitor: postEventFromNative: msg=100,arg1=0,arg2=10
04-24 12:51:53.120 1176 1176 D HuaweiWifiWatchdogStateMachine: setSampleRtt: unvalid rtt
04-24 12:51:53.120 1176 1176 I MQoS : rtt=480,tcp_tx_pkts=480942,tcp_rx_pkts=921409
04-24 12:51:53.122 1176 1406 D HuaweiWifiWatchdogStateMachine: dumpTcpResult: len=10,rtt=480,rttPkt=1,rttWn=61,cgt=0,cgtWn=0
04-24 12:51:53.122 1176 1406 I HuaweiWifiWatchdogStateMachine: PTcp RTT:0, rtt pkt=0, tcp_rx=0, tcp_tx=0, tcp_reTran=0, rtRate=0
04-24 12:51:53.122 1176 1406 D HuaweiWifiWatchdogStateMachine: mRssiBadCount =0, RSSI not bad.
04-24 12:51:53.122 1176 1406 D HuaweiWifiWatchdogStateMachine: detectNetworkAvailable:hw.wifipro.dns_fail_count = 131
04-24 12:51:53.122 1176 1406 D HuaweiWifiWatchdogStateMachine: bqeLevel = 2 rtt=0,rtt_pkts=0 speed=37 rssi=-29
04-24 12:51:53.122 1176 1406 D HuaweiWifiWatchdogStateMachine: Enter updateQoeLevel level = 2
04-24 12:51:53.123 1176 1406 D HuaweiWifiWatchdogStateMachine: updateQoeLevel current level equal to mLastDetectLevel, return
04-24 12:51:53.123 1176 1406 D HuaweiWifiWatchdogStateMachine: did not have any network action
04-24 12:51:53.130 1176 3515 I MQoS : QOS_level:0(0),wifi-link;SIM error;use level-0
04-24 12:51:53.248 1176 1338 D HwWifiStatStore: handleMessage : 200
04-24 12:51:56.190 1176 1176 I TrafficMonitor: expired arrive. level:-1
04-24 12:51:56.193 1176 1176 I TrafficMonitor: update:rxPkts:1,txPkts:1,rxBytes:56,txBytes:84
04-24 12:51:56.194 1176 1176 I TrafficMonitor: start expired. level:-1
04-24 12:51:56.194 1176 1176 I TrafficMonitor: gettimer:interval=2000
04-24 12:51:56.194 1176 1176 I TrafficMonitor: during_ms:5008,period_ms:2000
04-24 12:51:56.194 1176 1176 I TrafficMonitor: count:823,rx_sum:1,tx_sum:1,rxBytes:56,during_ms:5008,rx_speed:11.182108626198083,tx_speed:16.773162939297123,rto:1.0
04-24 12:51:56.194 1176 1176 D HuaweiWifiWatchdogStateMachine: speed: rxpkt:1, rxSpd:11B/s, txpkt:1, txSpd:16
04-24 12:51:56.254 1176 1338 D HwWifiStatStore: handleMessage : 200
04-24 12:51:56.318 777 777 E : [E/capacity_limit_control] not demo version, not set power control prop!
04-24 12:51:56.338 1176 1288 D HwBatteryService: onUEvent fcpStatus = 0,scpStatus =0,ovpStatus=0
04-24 12:51:56.340 1176 1288 I UsbDeviceManager: water_intrused state= 0
04-24 12:51:56.357 1176 1176 D HwInnerWifiManagerImpl: SupplicantState = COMPLETED
04-24 12:51:56.357 1176 1176 D HwInnerWifiManagerImpl: isPhoneAP = false
04-24 12:51:56.359 1176 1176 D HwInnerWifiManagerImpl: SupplicantState = COMPLETED
04-24 12:51:56.359 1176 1176 D HwInnerWifiManagerImpl: isPhoneAP = false
04-24 12:51:56.359 1463 1463 D KeyguardUpdateMonitor: received broadcast android.intent.action.BATTERY_CHANGED
04-24 12:51:56.359 1176 1176 D WifiStateMachine: mBcastReceiver: PluggedType = 2 mIsScanCtrlPluggedin = true
04-24 12:51:56.360 1463 1463 W KeyguardUpdateMonitor: ACTION_BATTERY_CHANGED AMP: 500000; Volt: 5000000
04-24 12:51:56.360 1176 1176 D HwWifiService: mPluggedType =2
04-24 12:51:56.360 1463 1463 V KeyguardUpdateMonitor: RefreshBatteryInfo isBatteryLow: 75
04-24 12:51:56.360 1463 1463 W KeyguardUpdateMonitor: ChargingSpeed Wattage: 2500000 ST: 5000000 --> 7500000
04-24 12:51:56.360 1463 1463 I KgBattery: BatteryInfo updated: 2lPc0
04-24 12:51:56.360 1463 1463 W AppHandler: sendMessage with obj100
04-24 12:51:56.360 1463 1463 D KeyguardUpdateMonitor: handleBatteryUpdate
04-24 12:51:56.361 1463 1463 W HwLockScreenPanel: Handle message: 100
04-24 12:51:56.361 1463 1463 W HwKeyguardBottomArea: updateBatteryInfo : false true
04-24 12:51:56.361 1463 1463 W KgBattery: getCharge info with type: text
04-24 12:51:56.362 1729 1729 I MsgReceiver: intent action: android.intent.action.BATTERY_CHANGED
04-24 12:51:56.364 1176 1176 D WifiService: onReceive, action:android.intent.action.BATTERY_CHANGED
04-24 12:51:56.364 1176 1176 D WifiService: ACTION_BATTERY_CHANGED pluggedType: 2
04-24 12:51:56.365 5515 5671 E CloudAlbum[8.1.2.309]: [ReceiverManager] not log on ignore
04-24 12:51:56.372 1463 1463 W HwLockScreenPanel: refreshBatteryInfo: null
04-24 12:51:57.329 1176 1392 D HwArpVerifier: check_wifi_state_mode = 0 mCheckStateToken=25 token25
04-24 12:51:57.332 1176 1392 D wifiserviceimpl: netmask =16777215
04-24 12:51:57.382 1176 1392 D HWMultiGW: setGateWay 192.168.1.1
04-24 12:51:57.392 1106 1119 I OAM : [check_file_size:505]/data/log/wifi/wifi_log_1 log file beyond size=10240Byte, creat new file
04-24 12:51:57.393 1106 1119 I OAM : [rename_old_file:210]rename_old_file
04-24 12:51:57.393 1106 1119 I OAM :
04-24 12:51:58.200 1176 1176 I TrafficMonitor: update:rxPkts:0,txPkts:0,rxBytes:0,txBytes:0
04-24 12:51:58.200 1176 1176 I TrafficMonitor: start expired. level:-1
04-24 12:51:58.200 1176 1176 I TrafficMonitor: gettimer:interval=2000
04-24 12:51:58.385 1176 1392 D HwArpVerifier: getGateWayARPResponses: arp rtt = 12
04-24 12:51:58.385 1176 1392 E HwCHRWifiRSSIGroupSummery: updatArpSummery mRSSI:-29 HwCHRWifiRSSIGroup [rssi_index=4, rtt_tcp_packets=0, rtt_tcp_duration=0, rtt_lan_duration=7977, rtt_lan_failures=0, rtt_lan_succ=392, rtt_lan_max=939, rtt_lan_min=0,same_area_frequency=0,adjacent_area_frequency=0]
04-24 12:51:58.496 1176 1392 D HwArpVerifier: There are 1 mac address for gateway
04-24 12:51:58.496 1176 1392 D HwArpVerifier: from HEART_CHECK transmit to state:HEART_CHECK
04-24 12:51:58.497 1176 1392 D HwArpVerifier: msg what=124 arg1(token)=25 arg2(mode)=0 delay=30000
04-24 12:51:58.497 1176 1392 D HwArpVerifier: performPollAndLog:
04-24 12:51:58.501 1176 1392 D hw_netstat: total/0/0
04-24 12:51:59.261 1176 1338 D HwWifiStatStore: handleMessage : 200
04-24 12:52:00.204 1176 1176 I TrafficMonitor: update:rxPkts:0,txPkts:0,rxBytes:0,txBytes:0
04-24 12:52:00.204 1176 1176 I TrafficMonitor: start expired. level:-1
04-24 12:52:00.205 1176 1176 I TrafficMonitor: gettimer:interval=2000
04-24 12:52:01.115 742 742 E wificond: Failed to get NL80211_RATE_INFO_NOISE
04-24 12:52:01.115 742 742 E wificond: Failed to get NL80211_RATE_INFO_SNR
04-24 12:52:01.115 742 742 E wificond: Failed to get NL80211_STA_INFO_CNAHLOAD
04-24 12:52:01.116 1176 1337 E WificondControl: Noise: 0, Snr: -1, Chload: -1
04-24 12:52:01.117 1176 1339 D HwWifiCHRStateManager: handleMessage : 1001
04-24 12:52:01.117 1176 1339 D HwWifiCHRStateManager: handleUpdateChannel:2412
04-24 12:52:01.117 1176 1339 V HwWifiServiceFactory: get AllImpl object = com.android.server.wifi.HwWifiServiceFactoryImpl@2205edc
04-24 12:52:01.122 742 742 E wificond: Failed to get NL80211_RATE_INFO_NOISE
04-24 12:52:01.122 742 742 E wificond: Failed to get NL80211_RATE_INFO_SNR
04-24 12:52:01.122 742 742 E wificond: Failed to get NL80211_STA_INFO_CNAHLOAD
04-24 12:52:01.124 1176 1406 D HuaweiWifiWatchdogStateMachine: LM mrssi=-29
04-24 12:52:01.124 1176 1406 D HuaweiWifiWatchdogStateMachine: a4:fa:**:**:eb:b0 current loss[-45]=0%, volume=2
04-24 12:52:01.125 1176 1406 D HuaweiWifiWatchdogStateMachine: a4:fa:**:**:eb:b0 history loss[-45]=0%, volume=13825605
04-24 12:52:01.125 1176 1406 I HuaweiWifiWatchdogStateMachine: spd good count:0, add sc:0.0, rate:1.0
04-24 12:52:01.125 1176 1406 I HuaweiWifiWatchdogStateMachine: current mHighDataFlowRate = 1.0
04-24 12:52:01.126 1176 1406 I HuaweiWifiWatchdogStateMachine: POta txb txg rxg:0, 135, 0. Lr =0% Totpkt=135
04-24 12:52:01.127 1176 1176 D WiFi_PRO: MSG_RETURN_AP_CURRY_RSSI rssi = -29
04-24 12:52:01.127 1176 1176 I QosMonitor: queryRtt: rtt_type = 3
04-24 12:52:01.128 1176 1176 I HwQoEJNI: send_cmd_kernel. begin
04-24 12:52:01.128 1176 1176 I HwQoEJNI: send_cmd_kernel. end
04-24 12:52:01.128 1176 1176 I QosMonitor: postEventFromNative: msg=100,arg1=4,arg2=10
04-24 12:52:01.129 1176 1176 I HwQoEJNI: send_cmd_kernel. begin
04-24 12:52:01.129 1176 1176 I HwQoEJNI: send_cmd_kernel. end
04-24 12:52:01.129 1176 1176 I QosMonitor: postEventFromNative: msg=100,arg1=0,arg2=10
04-24 12:52:01.130 1176 1176 D HuaweiWifiWatchdogStateMachine: setSampleRtt: unvalid rtt
04-24 12:52:01.130 1176 1176 I MQoS : rtt=480,tcp_tx_pkts=480942,tcp_rx_pkts=921409
04-24 12:52:01.131 1176 1406 D HuaweiWifiWatchdogStateMachine: dumpTcpResult: len=10,rtt=480,rttPkt=1,rttWn=69,cgt=0,cgtWn=0
04-24 12:52:01.131 1176 1406 I HuaweiWifiWatchdogStateMachine: PTcp RTT:0, rtt pkt=0, tcp_rx=0, tcp_tx=0, tcp_reTran=0, rtRate=0
04-24 12:52:01.131 1176 1406 D HuaweiWifiWatchdogStateMachine: mRssiBadCount =0, RSSI not bad.
04-24 12:52:01.131 1176 1406 D HuaweiWifiWatchdogStateMachine: detectNetworkAvailable:hw.wifipro.dns_fail_count = 131
04-24 12:52:01.131 1176 1406 D HuaweiWifiWatchdogStateMachine: bqeLevel = 2 rtt=0,rtt_pkts=0 speed=37 rssi=-29
04-24 12:52:01.131 1176 1406 D HuaweiWifiWatchdogStateMachine: Enter updateQoeLevel level = 2
04-24 12:52:01.132 1176 1406 D HuaweiWifiWatchdogStateMachine: updateQoeLevel current level equal to mLastDetectLevel, return
04-24 12:52:01.132 1176 1406 D HuaweiWifiWatchdogStateMachine: did not have any network action
04-24 12:52:01.140 1176 3515 I MQoS : QOS_level:0(0),wifi-link;SIM error;use level-0
04-24 12:52:01.195 1176 1176 I TrafficMonitor: expired arrive. level:-1
04-24 12:52:01.195 1176 1176 I TrafficMonitor: during_ms:2005,period_ms:2000
04-24 12:52:01.196 1176 1176 I TrafficMonitor: count:825,rx_sum:0,tx_sum:0,rxBytes:0,during_ms:2005,rx_speed:0.0,tx_speed:0.0,rto:0.0
04-24 12:52:01.196 1176 1176 D HuaweiWifiWatchdogStateMachine: speed: rxpkt:0, rxSpd:0B/s, txpkt:0, txSpd:0
04-24 12:52:01.347 777 777 E : [E/capacity_limit_control] not demo version, not set power control prop!
04-24 12:52:02.209 1176 1176 I TrafficMonitor: update:rxPkts:0,txPkts:0,rxBytes:0,txBytes:0
04-24 12:52:02.210 1176 1176 I TrafficMonitor: start expired. level:-1
04-24 12:52:02.210 1176 1176 I TrafficMonitor: gettimer:interval=2000
04-24 12:52:02.268 1176 1338 D HwWifiStatStore: handleMessage : 200
04-24 12:52:03.507 1176 1392 D HwArpVerifier: performPollAndLog:
04-24 12:52:03.511 1176 1392 D hw_netstat: total/0/0
04-24 12:52:04.215 1176 1176 I TrafficMonitor: update:rxPkts:0,txPkts:0,rxBytes:0,txBytes:0
04-24 12:52:04.216 1176 1176 I TrafficMonitor: start expired. level:-1
04-24 12:52:04.216 1176 1176 I TrafficMonitor: gettimer:interval=2000
04-24 12:52:05.275 1176 1338 D HwWifiStatStore: handleMessage : 200
04-24 12:52:06.222 1176 1176 I TrafficMonitor: update:rxPkts:0,txPkts:0,rxBytes:0,txBytes:0
04-24 12:52:06.222 1176 1176 I TrafficMonitor: start expired. level:-1
04-24 12:52:06.223 1176 1176 I TrafficMonitor: gettimer:interval=2000
04-24 12:52:06.356 777 777 E : [E/capacity_limit_control] not demo version, not set power control prop!
04-24 12:52:06.814 487 620 W SocketListener: sending broadcast to Pid = 1176, Uid = 1000
04-24 12:52:06.820 1176 1332 D NetdConnector: RCV <- {613 IfaceClass idle 1 353514968776630}
04-24 12:52:06.824 1176 1332 D NetdConnector: RCV <- {613 IfaceClass idle 1 353514968776630}
04-24 12:52:06.828 1176 1202 D NetdConnector: RCV unsolicited event from native daemon, event = 613
04-24 12:52:07.213 1176 1176 I TrafficMonitor: expired arrive. level:-1
04-24 12:52:07.213 1176 1176 I TrafficMonitor: during_ms:2006,period_ms:2000
04-24 12:52:07.213 1176 1176 I TrafficMonitor: count:828,rx_sum:0,tx_sum:0,rxBytes:0,during_ms:2006,rx_speed:0.0,tx_speed:0.0,rto:0.0
04-24 12:52:07.213 1176 1176 D HuaweiWifiWatchdogStateMachine: speed: rxpkt:0, rxSpd:0B/s, txpkt:0, txSpd:0
04-24 12:52:08.227 1176 1176 I TrafficMonitor: update:rxPkts:0,txPkts:0,rxBytes:0,txBytes:0
04-24 12:52:08.227 1176 1176 I TrafficMonitor: start expired. level:-1
04-24 12:52:08.227 1176 1176 I TrafficMonitor: gettimer:interval=2000
04-24 12:52:08.281 1176 1338 D HwWifiStatStore: handleMessage : 200
04-24 12:52:08.516 1176 1392 D HwArpVerifier: performPollAndLog:
04-24 12:52:08.520 1176 1392 D hw_netstat: total/0/0
04-24 12:52:08.991 1176 1288 D HwBatteryService: onUEvent fcpStatus = 0,scpStatus =0,ovpStatus=0
04-24 12:52:08.994 1176 1288 I UsbDeviceManager: water_intrused state= 0
04-24 12:52:08.998 761 1308 D dubaid : [HourlyRoutine.cpp] handleRequestOffset# timestamp=1587700800001, expire=471002
04-24 12:52:08.998 761 1306 I dubaid : [PollingRoutine.cpp] notifyPolling# Polling routine start, timestamp: 1587703928996, reason: 1
04-24 12:52:09.008 1729 1883 I APwBatteryMonitor: screen off charging battery level : 76
04-24 12:52:09.009 1176 1176 D HwInnerWifiManagerImpl: SupplicantState = COMPLETED
04-24 12:52:09.009 1176 1176 D HwInnerWifiManagerImpl: isPhoneAP = false
04-24 12:52:09.010 1176 1176 D HwInnerWifiManagerImpl: SupplicantState = COMPLETED
04-24 12:52:09.010 1176 1176 D HwInnerWifiManagerImpl: isPhoneAP = false
04-24 12:52:09.011 1176 1176 D WifiStateMachine: mBcastReceiver: PluggedType = 2 mIsScanCtrlPluggedin = true
04-24 12:52:09.011 1176 1176 D HwWifiService: mPluggedType =2
04-24 12:52:09.012 1176 1176 D WifiService: onReceive, action:android.intent.action.BATTERY_CHANGED
04-24 12:52:09.013 1176 1176 D WifiService: ACTION_BATTERY_CHANGED pluggedType: 2
04-24 12:52:09.013 1729 1729 I MsgReceiver: intent action: android.intent.action.BATTERY_CHANGED
04-24 12:52:09.014 679 679 E WifiHAL : enter wifi_get_link_stats
04-24 12:52:09.017 1463 1463 D KeyguardUpdateMonitor: received broadcast android.intent.action.BATTERY_CHANGED
04-24 12:52:09.017 1463 1463 W KeyguardUpdateMonitor: ACTION_BATTERY_CHANGED AMP: 500000; Volt: 5000000
04-24 12:52:09.019 1729 8553 W libc : Set property "debug.aps.current_battery" to "76"
04-24 12:52:09.024 5515 5671 E CloudAlbum[8.1.2.309]: [ReceiverManager] not log on ignore
04-24 12:52:09.026 1176 1200 E BatteryStatsService: no controller energy info supplied
04-24 12:52:09.047 1729 1883 I APwTrigger: no high cpu load
04-24 12:52:09.049 1176 1490 W ActivityManager: Sending non-protected broadcast com.huawei.intent.action.PG_THERMAL_MSG_ACTION from system 1729:com.huawei.powergenie/1000 pkg com.huawei.powergenie
04-24 12:52:09.050 1729 1883 I BroadcastAdapter: send hight cpu load msg to thermal!
04-24 12:52:09.054 1463 1463 V KeyguardUpdateMonitor: RefreshBatteryInfo isBatteryLow: 76
04-24 12:52:09.054 1463 1463 W KeyguardUpdateMonitor: ChargingSpeed Wattage: 2500000 ST: 5000000 --> 7500000
04-24 12:52:09.054 1463 1463 I KgBattery: BatteryInfo updated: 2lPc0
04-24 12:52:09.054 1463 1463 W AppHandler: sendMessage with obj100
04-24 12:52:09.054 1463 1463 D KeyguardUpdateMonitor: handleBatteryUpdate
04-24 12:52:09.054 1463 1463 V KeyguardUpdateMonitor: RefreshBatteryInfo isBatteryLow: 76
04-24 12:52:09.055 1463 1463 W HwKeyguardBottomArea: updateBatteryInfo : false true
04-24 12:52:09.056 1463 1463 W HwLockScreenPanel: Handle message: 100
04-24 12:52:09.056 1463 1463 W HwKeyguardBottomArea: updateBatteryInfo : false true
04-24 12:52:09.056 1463 1463 W KgBattery: getCharge info with type: text
04-24 12:52:09.058 1176 1200 E BatteryStatsService: modem info is invalid: ModemActivityInfo{ mTimestamp=0 mSleepTimeMs=0 mIdleTimeMs=0 mTxTimeMs[]=[0, 0, 0, 0, 0] mRxTimeMs=0 mEnergyUsed=0}
04-24 12:52:09.059 1463 1463 W HwLockScreenPanel: refreshBatteryInfo: null
04-24 12:52:09.118 742 742 E wificond: Failed to get NL80211_RATE_INFO_NOISE
04-24 12:52:09.118 742 742 E wificond: Failed to get NL80211_RATE_INFO_SNR
04-24 12:52:09.118 742 742 E wificond: Failed to get NL80211_STA_INFO_CNAHLOAD
04-24 12:52:09.118 1176 1337 E WificondControl: Noise: 0, Snr: -1, Chload: -1
04-24 12:52:09.118 1176 1339 D HwWifiCHRStateManager: handleMessage : 1001
04-24 12:52:09.118 1176 1339 D HwWifiCHRStateManager: handleUpdateChannel:2412
04-24 12:52:09.118 1176 1339 V HwWifiServiceFactory: get AllImpl object = com.android.server.wifi.HwWifiServiceFactoryImpl@2205edc
04-24 12:52:09.119 742 742 E wificond: Failed to get NL80211_RATE_INFO_NOISE
04-24 12:52:09.119 742 742 E wificond: Failed to get NL80211_RATE_INFO_SNR
04-24 12:52:09.119 742 742 E wificond: Failed to get NL80211_STA_INFO_CNAHLOAD
04-24 12:52:09.120 1176 1406 D HuaweiWifiWatchdogStateMachine: LM mrssi=-29
04-24 12:52:09.120 1176 1176 D WiFi_PRO: MSG_RETURN_AP_CURRY_RSSI rssi = -29
04-24 12:52:09.120 1176 1406 I HuaweiWifiWatchdogStateMachine: spd good count:0, add sc:0.0, rate:1.0
04-24 12:52:09.120 1176 1406 I HuaweiWifiWatchdogStateMachine: current mHighDataFlowRate = 1.0
04-24 12:52:09.121 1176 1406 I HuaweiWifiWatchdogStateMachine: POta txb txg rxg:0, 135, 0. Lr =0% Totpkt=135
04-24 12:52:09.121 1176 1176 I QosMonitor: queryRtt: rtt_type = 3
04-24 12:52:09.121 1176 1176 I HwQoEJNI: send_cmd_kernel. begin
04-24 12:52:09.121 1176 1176 I HwQoEJNI: send_cmd_kernel. end
04-24 12:52:09.121 1176 1176 I QosMonitor: postEventFromNative: msg=100,arg1=4,arg2=10
04-24 12:52:09.122 1176 1176 I HwQoEJNI: send_cmd_kernel. begin
04-24 12:52:09.122 1176 1176 I HwQoEJNI: send_cmd_kernel. end
04-24 12:52:09.122 1176 1176 I QosMonitor: postEventFromNative: msg=100,arg1=0,arg2=10
04-24 12:52:09.122 1176 1176 D HuaweiWifiWatchdogStateMachine: setSampleRtt: unvalid rtt
04-24 12:52:09.122 1176 1176 I MQoS : rtt=480,tcp_tx_pkts=480942,tcp_rx_pkts=921409
04-24 12:52:09.123 1176 1406 D HuaweiWifiWatchdogStateMachine: dumpTcpResult: len=10,rtt=480,rttPkt=1,rttWn=77,cgt=0,cgtWn=0
04-24 12:52:09.123 1176 1406 I HuaweiWifiWatchdogStateMachine: PTcp RTT:0, rtt pkt=0, tcp_rx=0, tcp_tx=0, tcp_reTran=0, rtRate=0
04-24 12:52:09.123 1176 1406 D HuaweiWifiWatchdogStateMachine: mRssiBadCount =0, RSSI not bad.
04-24 12:52:09.123 1176 1406 D HuaweiWifiWatchdogStateMachine: detectNetworkAvailable:hw.wifipro.dns_fail_count = 131
04-24 12:52:09.123 1176 1406 D HuaweiWifiWatchdogStateMachine: bqeLevel = 2 rtt=0,rtt_pkts=0 speed=37 rssi=-29
04-24 12:52:09.123 1176 1406 D HuaweiWifiWatchdogStateMachine: Enter updateQoeLevel level = 2
04-24 12:52:09.123 1176 1406 D HuaweiWifiWatchdogStateMachine: updateQoeLevel current level equal to mLastDetectLevel, return
04-24 12:52:09.123 1176 1406 D HuaweiWifiWatchdogStateMachine: did not have any network action
04-24 12:52:09.125 1176 3515 I MQoS : QOS_level:0(0),wifi-link;SIM error;use level-0
04-24 12:52:09.125 1176 3515 I MQoS : skip-low-Level:0(0),wifi-link;SIM error;use level-0
04-24 12:52:10.231 1176 1176 I TrafficMonitor: update:rxPkts:0,txPkts:0,rxBytes:0,txBytes:0
04-24 12:52:10.232 1176 1176 I TrafficMonitor: start expired. level:-1
04-24 12:52:10.232 1176 1176 I TrafficMonitor: gettimer:interval=2000
04-24 12:52:11.287 1176 1338 D HwWifiStatStore: handleMessage : 200
04-24 12:52:11.366 777 777 E : [E/capacity_limit_control] not demo version, not set power control prop!
04-24 12:52:12.238 1176 1176 I TrafficMonitor: update:rxPkts:0,txPkts:0,rxBytes:0,txBytes:0
04-24 12:52:12.238 1176 1176 I TrafficMonitor: start expired. level:-1
04-24 12:52:12.238 1176 1176 I TrafficMonitor: gettimer:interval=2000
04-24 12:52:13.229 1176 1176 I TrafficMonitor: expired arrive. level:-1
04-24 12:52:13.230 1176 1176 I TrafficMonitor: during_ms:2006,period_ms:2000
04-24 12:52:13.230 1176 1176 I TrafficMonitor: count:831,rx_sum:0,tx_sum:0,rxBytes:0,during_ms:2006,rx_speed:0.0,tx_speed:0.0,rto:0.0
04-24 12:52:13.230 1176 1176 D HuaweiWifiWatchdogStateMachine: speed: rxpkt:0, rxSpd:0B/s, txpkt:0, txSpd:0
04-24 12:52:13.527 1176 1392 D HwArpVerifier: performPollAndLog:
04-24 12:52:13.531 1176 1392 D hw_netstat: total/0/0
04-24 12:52:14.243 1176 1176 I TrafficMonitor: update:rxPkts:0,txPkts:0,rxBytes:0,txBytes:0
04-24 12:52:14.243 1176 1176 I TrafficMonitor: start expired. level:-1
04-24 12:52:14.244 1176 1176 I TrafficMonitor: gettimer:interval=2000
04-24 12:52:14.294 1176 1338 D HwWifiStatStore: handleMessage : 200
04-24 12:52:16.249 1176 1176 I TrafficMonitor: update:rxPkts:0,txPkts:0,rxBytes:0,txBytes:0
04-24 12:52:16.250 1176 1176 I TrafficMonitor: start expired. level:-1
04-24 12:52:16.250 1176 1176 I TrafficMonitor: gettimer:interval=5000
04-24 12:52:16.376 777 777 E : [E/capacity_limit_control] not demo version, not set power control prop!
04-24 12:52:17.130 742 742 E wificond: Failed to get NL80211_RATE_INFO_NOISE
04-24 12:52:17.131 742 742 E wificond: Failed to get NL80211_RATE_INFO_SNR
04-24 12:52:17.131 742 742 E wificond: Failed to get NL80211_STA_INFO_CNAHLOAD
04-24 12:52:17.131 1176 1337 E WificondControl: Noise: 0, Snr: -1, Chload: -1
04-24 12:52:17.133 1176 1339 D HwWifiCHRStateManager: handleMessage : 1001
04-24 12:52:17.133 1176 1339 D HwWifiCHRStateManager: handleUpdateChannel:2412
04-24 12:52:17.133 1176 1339 V HwWifiServiceFactory: get AllImpl object = com.android.server.wifi.HwWifiServiceFactoryImpl@2205edc
04-24 12:52:17.137 742 742 E wificond: Failed to get NL80211_RATE_INFO_NOISE
04-24 12:52:17.138 742 742 E wificond: Failed to get NL80211_RATE_INFO_SNR
04-24 12:52:17.138 742 742 E wificond: Failed to get NL80211_STA_INFO_CNAHLOAD
04-24 12:52:17.140 1176 1406 D HuaweiWifiWatchdogStateMachine: LM mrssi=-30
04-24 12:52:17.140 1176 1176 D WiFi_PRO: MSG_RETURN_AP_CURRY_RSSI rssi = -30
04-24 12:52:17.140 1176 1176 I QosMonitor: queryRtt: rtt_type = 3
04-24 12:52:17.141 1176 1406 I HuaweiWifiWatchdogStateMachine: spd good count:0, add sc:0.0, rate:1.0
04-24 12:52:17.141 1176 1176 I HwQoEJNI: send_cmd_kernel. begin
04-24 12:52:17.141 1176 1406 I HuaweiWifiWatchdogStateMachine: current mHighDataFlowRate = 1.0
04-24 12:52:17.141 1176 1176 I HwQoEJNI: send_cmd_kernel. end
04-24 12:52:17.141 1176 1406 I HuaweiWifiWatchdogStateMachine: POta txb txg rxg:0, 135, 0. Lr =0% Totpkt=135
04-24 12:52:17.141 1176 1176 I QosMonitor: postEventFromNative: msg=100,arg1=4,arg2=10
04-24 12:52:17.142 1176 1176 I HwQoEJNI: send_cmd_kernel. begin
04-24 12:52:17.142 1176 1176 I HwQoEJNI: send_cmd_kernel. end
04-24 12:52:17.142 1176 1176 I QosMonitor: postEventFromNative: msg=100,arg1=0,arg2=10
04-24 12:52:17.142 1176 1176 D HuaweiWifiWatchdogStateMachine: setSampleRtt: unvalid rtt
04-24 12:52:17.143 1176 1176 I MQoS : rtt=480,tcp_tx_pkts=480942,tcp_rx_pkts=921409
04-24 12:52:17.144 1176 1406 D HuaweiWifiWatchdogStateMachine: dumpTcpResult: len=10,rtt=480,rttPkt=1,rttWn=85,cgt=0,cgtWn=0
04-24 12:52:17.144 1176 1406 I HuaweiWifiWatchdogStateMachine: PTcp RTT:0, rtt pkt=0, tcp_rx=0, tcp_tx=0, tcp_reTran=0, rtRate=0
04-24 12:52:17.144 1176 1406 D HuaweiWifiWatchdogStateMachine: mRssiBadCount =0, RSSI not bad.
04-24 12:52:17.145 1176 1406 D HuaweiWifiWatchdogStateMachine: detectNetworkAvailable:hw.wifipro.dns_fail_count = 131
04-24 12:52:17.145 1176 1406 D HuaweiWifiWatchdogStateMachine: bqeLevel = 2 rtt=0,rtt_pkts=0 speed=37 rssi=-30
04-24 12:52:17.145 1176 1406 D HuaweiWifiWatchdogStateMachine: Enter updateQoeLevel level = 2
04-24 12:52:17.145 1176 1406 D HuaweiWifiWatchdogStateMachine: updateQoeLevel current level equal to mLastDetectLevel, return
04-24 12:52:17.145 1176 1406 D HuaweiWifiWatchdogStateMachine: did not have any network action
04-24 12:52:17.155 1176 3515 I MQoS : QOS_level:0(0),wifi-link;SIM error;use level-0
04-24 12:52:17.301 1176 1338 D HwWifiStatStore: handleMessage : 200
04-24 12:52:18.538 1176 1392 D HwArpVerifier: performPollAndLog:
04-24 12:52:18.542 1176 1392 D hw_netstat: total/0/0
04-24 12:52:19.247 1176 1176 I TrafficMonitor: expired arrive. level:-1
04-24 12:52:19.248 1176 1176 I TrafficMonitor: during_ms:2007,period_ms:2000
04-24 12:52:19.248 1176 1176 I TrafficMonitor: count:833,rx_sum:0,tx_sum:0,rxBytes:0,during_ms:2007,rx_speed:0.0,tx_speed:0.0,rto:0.0
04-24 12:52:19.248 1176 1176 D HuaweiWifiWatchdogStateMachine: speed: rxpkt:0, rxSpd:0B/s, txpkt:0, txSpd:0
04-24 12:52:19.475 1176 1589 W Watchdog: hungtask: writing kick
04-24 12:52:19.480 1176 1202 I EventHub: EventHub monitor: no key events in the past 2473s, no motion events in the past 2474s
04-24 12:52:20.308 1176 1338 D HwWifiStatStore: handleMessage : 200
04-24 12:52:21.255 1176 1176 I TrafficMonitor: update:rxPkts:0,txPkts:0,rxBytes:0,txBytes:0
04-24 12:52:21.255 1176 1176 I TrafficMonitor: start expired. level:-1
04-24 12:52:21.256 1176 1176 I TrafficMonitor: gettimer:interval=5000
04-24 12:52:21.385 777 777 E : [E/capacity_limit_control] not demo version, not set power control prop!
04-24 12:52:23.315 1176 1338 D HwWifiStatStore: handleMessage : 200
04-24 12:52:23.545 1176 1392 D HwArpVerifier: performPollAndLog:
04-24 12:52:23.549 1176 1392 D hw_netstat: total/0/0
04-24 12:52:25.132 742 742 E wificond: Failed to get NL80211_RATE_INFO_NOISE
04-24 12:52:25.132 742 742 E wificond: Failed to get NL80211_RATE_INFO_SNR
04-24 12:52:25.132 742 742 E wificond: Failed to get NL80211_STA_INFO_CNAHLOAD
04-24 12:52:25.134 1176 1337 E WificondControl: Noise: 0, Snr: -1, Chload: -1
04-24 12:52:25.135 1176 1339 D HwWifiCHRStateManager: handleMessage : 1001
04-24 12:52:25.135 1176 1339 D HwWifiCHRStateManager: handleUpdateChannel:2412
04-24 12:52:25.136 1176 1339 V HwWifiServiceFactory: get AllImpl object = com.android.server.wifi.HwWifiServiceFactoryImpl@2205edc
04-24 12:52:25.139 742 742 E wificond: Failed to get NL80211_RATE_INFO_NOISE
04-24 12:52:25.140 742 742 E wificond: Failed to get NL80211_RATE_INFO_SNR
04-24 12:52:25.140 742 742 E wificond: Failed to get NL80211_STA_INFO_CNAHLOAD
04-24 12:52:25.142 1176 1176 D WiFi_PRO: MSG_RETURN_AP_CURRY_RSSI rssi = -30
04-24 12:52:25.142 1176 1406 D HuaweiWifiWatchdogStateMachine: LM mrssi=-30
04-24 12:52:25.142 1176 1176 I QosMonitor: queryRtt: rtt_type = 3
04-24 12:52:25.142 1176 1406 I HuaweiWifiWatchdogStateMachine: spd good count:0, add sc:0.0, rate:1.0
04-24 12:52:25.143 1176 1176 I HwQoEJNI: send_cmd_kernel. begin
04-24 12:52:25.143 1176 1176 I HwQoEJNI: send_cmd_kernel. end
04-24 12:52:25.143 1176 1176 I QosMonitor: postEventFromNative: msg=100,arg1=4,arg2=10
04-24 12:52:25.143 1176 1176 D HuaweiWifiWatchdogStateMachine: setSampleRtt: unvalid rtt
04-24 12:52:25.144 1176 1406 D HuaweiWifiWatchdogStateMachine: high data flow: protection_counter = 0, not_detect_counter = 381
04-24 12:52:25.144 1176 1406 D HuaweiWifiWatchdogStateMachine: high data flow scenario: 0 --> 0 rx bytes =0KB
04-24 12:52:25.144 1176 1406 I HuaweiWifiWatchdogStateMachine: current mHighDataFlowRate = 1.0
04-24 12:52:25.144 1176 1406 I HuaweiWifiWatchdogStateMachine: POta txb txg rxg:0, 135, 0. Lr =0% Totpkt=135
04-24 12:52:25.145 1176 1176 I HwQoEJNI: send_cmd_kernel. begin
04-24 12:52:25.145 1176 1176 I HwQoEJNI: send_cmd_kernel. end
04-24 12:52:25.145 1176 1176 I QosMonitor: postEventFromNative: msg=100,arg1=0,arg2=10
04-24 12:52:25.146 1176 1176 I MQoS : rtt=480,tcp_tx_pkts=480942,tcp_rx_pkts=921409
04-24 12:52:25.148 1176 1406 D HuaweiWifiWatchdogStateMachine: dumpTcpResult: len=10,rtt=480,rttPkt=1,rttWn=93,cgt=0,cgtWn=0
04-24 12:52:25.149 1176 1406 I HuaweiWifiWatchdogStateMachine: PTcp RTT:0, rtt pkt=0, tcp_rx=0, tcp_tx=0, tcp_reTran=0, rtRate=0
04-24 12:52:25.149 1176 1406 D HuaweiWifiWatchdogStateMachine: mRssiBadCount =0, RSSI not bad.
04-24 12:52:25.149 1176 1406 D HuaweiWifiWatchdogStateMachine: detectNetworkAvailable:hw.wifipro.dns_fail_count = 131
04-24 12:52:25.149 1176 1406 D HuaweiWifiWatchdogStateMachine: bqeLevel = 2 rtt=0,rtt_pkts=0 speed=37 rssi=-30
04-24 12:52:25.149 1176 1406 D HuaweiWifiWatchdogStateMachine: Enter updateQoeLevel level = 2
04-24 12:52:25.149 1176 1406 D HuaweiWifiWatchdogStateMachine: updateQoeLevel current level equal to mLastDetectLevel, return
04-24 12:52:25.149 1176 1406 D HuaweiWifiWatchdogStateMachine: did not have any network action
04-24 12:52:25.157 1176 3515 I MQoS : QOS_level:0(0),wifi-link;SIM error;use level-0
04-24 12:52:26.258 1176 1176 I TrafficMonitor: expired arrive. level:-1
04-24 12:52:26.261 1176 1176 I TrafficMonitor: update:rxPkts:0,txPkts:0,rxBytes:0,txBytes:0
04-24 12:52:26.261 1176 1176 I TrafficMonitor: start expired. level:-1
04-24 12:52:26.262 1176 1176 I TrafficMonitor: gettimer:interval=5000
04-24 12:52:26.262 1176 1176 I TrafficMonitor: during_ms:5005,period_ms:2000
04-24 12:52:26.262 1176 1176 I TrafficMonitor: count:835,rx_sum:0,tx_sum:0,rxBytes:0,during_ms:5005,rx_speed:0.0,tx_speed:0.0,rto:0.0
04-24 12:52:26.262 1176 1176 D HuaweiWifiWatchdogStateMachine: speed: rxpkt:0, rxSpd:0B/s, txpkt:0, txSpd:0
04-24 12:52:26.322 1176 1338 D HwWifiStatStore: handleMessage : 200
04-24 12:52:26.395 777 777 E : [E/capacity_limit_control] not demo version, not set power control prop!
04-24 12:52:26.426 1176 1288 D HwBatteryService: onUEvent fcpStatus = 0,scpStatus =0,ovpStatus=0
04-24 12:52:26.429 1176 1288 I UsbDeviceManager: water_intrused state= 0
04-24 12:52:26.447 1176 1176 D HwInnerWifiManagerImpl: SupplicantState = COMPLETED
04-24 12:52:26.447 1463 1463 D KeyguardUpdateMonitor: received broadcast android.intent.action.BATTERY_CHANGED
04-24 12:52:26.447 1176 1176 D HwInnerWifiManagerImpl: isPhoneAP = false
04-24 12:52:26.447 1463 1463 W KeyguardUpdateMonitor: ACTION_BATTERY_CHANGED AMP: 500000; Volt: 5000000
04-24 12:52:26.449 1729 1729 I MsgReceiver: intent action: android.intent.action.BATTERY_CHANGED
04-24 12:52:26.452 1463 1463 V KeyguardUpdateMonitor: RefreshBatteryInfo isBatteryLow: 76
04-24 12:52:26.453 1463 1463 W KeyguardUpdateMonitor: ChargingSpeed Wattage: 2500000 ST: 5000000 --> 7500000
04-24 12:52:26.453 5515 5671 E CloudAlbum[8.1.2.309]: [ReceiverManager] not log on ignore
04-24 12:52:26.453 1463 1463 I KgBattery: BatteryInfo updated: 2lPc0
04-24 12:52:26.453 1463 1463 W AppHandler: sendMessage with obj100
04-24 12:52:26.453 1463 1463 D KeyguardUpdateMonitor: handleBatteryUpdate
