04-24 12:53:26.615 1463 1463 D KeyguardUpdateMonitor: handleBatteryUpdate
04-24 12:53:26.615 1463 1463 W HwLockScreenPanel: Handle message: 100
04-24 12:53:26.615 1463 1463 W HwKeyguardBottomArea: updateBatteryInfo : false true
04-24 12:53:26.615 5515 5671 E CloudAlbum[8.1.2.309]: [ReceiverManager] not log on ignore
04-24 12:53:26.615 1463 1463 W KgBattery: getCharge info with type: text
04-24 12:53:26.620 1463 1463 W HwLockScreenPanel: refreshBatteryInfo: null
04-24 12:53:28.382 1176 1176 I TrafficMonitor: update:rxPkts:0,txPkts:0,rxBytes:0,txBytes:0
04-24 12:53:28.383 1176 1176 I TrafficMonitor: start expired. level:-1
04-24 12:53:28.383 1176 1176 I TrafficMonitor: gettimer:interval=2000
04-24 12:53:29.194 742 742 E wificond: Failed to get NL80211_RATE_INFO_NOISE
04-24 12:53:29.194 742 742 E wificond: Failed to get NL80211_RATE_INFO_SNR
04-24 12:53:29.195 742 742 E wificond: Failed to get NL80211_STA_INFO_CNAHLOAD
04-24 12:53:29.196 1176 1337 E WificondControl: Noise: 0, Snr: -1, Chload: -1
04-24 12:53:29.197 1176 1339 D HwWifiCHRStateManager: handleMessage : 1001
04-24 12:53:29.198 1176 1339 D HwWifiCHRStateManager: handleUpdateChannel:2412
04-24 12:53:29.198 1176 1339 V HwWifiServiceFactory: get AllImpl object = com.android.server.wifi.HwWifiServiceFactoryImpl@2205edc
04-24 12:53:29.202 742 742 E wificond: Failed to get NL80211_RATE_INFO_NOISE
04-24 12:53:29.202 742 742 E wificond: Failed to get NL80211_RATE_INFO_SNR
04-24 12:53:29.202 742 742 E wificond: Failed to get NL80211_STA_INFO_CNAHLOAD
04-24 12:53:29.204 1176 1406 D HuaweiWifiWatchdogStateMachine: LM mrssi=-30
04-24 12:53:29.204 487 620 W SocketListener: sending broadcast to Pid = 1176, Uid = 1000
04-24 12:53:29.205 1176 1406 I HuaweiWifiWatchdogStateMachine: spd good count:0, add sc:0.0, rate:1.0
04-24 12:53:29.206 1176 1406 D HuaweiWifiWatchdogStateMachine: high data flow: protection_counter = 0, not_detect_counter = 383
04-24 12:53:29.206 1176 1406 D HuaweiWifiWatchdogStateMachine: high data flow scenario: 0 --> 0 rx bytes =0KB
04-24 12:53:29.207 1176 1406 I HuaweiWifiWatchdogStateMachine: current mHighDataFlowRate = 1.0
04-24 12:53:29.207 1176 1406 I HuaweiWifiWatchdogStateMachine: POta txb txg rxg:0, 141, 0. Lr =0% Totpkt=141
04-24 12:53:29.208 1176 1176 D WiFi_PRO: MSG_RETURN_AP_CURRY_RSSI rssi = -30
04-24 12:53:29.208 1176 1176 I QosMonitor: queryRtt: rtt_type = 3
04-24 12:53:29.209 1176 1176 I HwQoEJNI: send_cmd_kernel. begin
04-24 12:53:29.209 1176 1176 I HwQoEJNI: send_cmd_kernel. end
04-24 12:53:29.209 1176 1176 I QosMonitor: postEventFromNative: msg=100,arg1=4,arg2=10
04-24 12:53:29.209 1176 1176 I HwQoEJNI: send_cmd_kernel. begin
04-24 12:53:29.210 1176 1176 I HwQoEJNI: send_cmd_kernel. end
04-24 12:53:29.210 1176 1176 I QosMonitor: postEventFromNative: msg=100,arg1=0,arg2=10
04-24 12:53:29.210 1176 1176 D HuaweiWifiWatchdogStateMachine: setSampleRtt: unvalid rtt
04-24 12:53:29.210 1176 1406 D HuaweiWifiWatchdogStateMachine: dumpTcpResult: len=10,rtt=160,rttPkt=1,rttWn=15,cgt=0,cgtWn=0
04-24 12:53:29.210 1176 1176 I MQoS : rtt=160,tcp_tx_pkts=480944,tcp_rx_pkts=921410
04-24 12:53:29.211 1176 1332 D NetdConnector: RCV <- {613 IfaceClass idle 1 353597359024013}
04-24 12:53:29.211 1176 1406 I HuaweiWifiWatchdogStateMachine: PTcp RTT:0, rtt pkt=0, tcp_rx=0, tcp_tx=0, tcp_reTran=0, rtRate=0
04-24 12:53:29.211 1176 1406 D HuaweiWifiWatchdogStateMachine: mRssiBadCount =0, RSSI not bad.
04-24 12:53:29.211 1176 1406 D HuaweiWifiWatchdogStateMachine: detectNetworkAvailable:hw.wifipro.dns_fail_count = 131
04-24 12:53:29.211 1176 1406 D HuaweiWifiWatchdogStateMachine: bqeLevel = 2 rtt=0,rtt_pkts=0 speed=37 rssi=-30
04-24 12:53:29.212 1176 1406 D HuaweiWifiWatchdogStateMachine: Enter updateQoeLevel level = 2
04-24 12:53:29.212 1176 1406 D HuaweiWifiWatchdogStateMachine: updateQoeLevel current level equal to mLastDetectLevel, return
04-24 12:53:29.212 1176 1406 D HuaweiWifiWatchdogStateMachine: did not have any network action
04-24 12:53:29.216 1176 1332 D NetdConnector: RCV <- {613 IfaceClass idle 1 353597359024013}
04-24 12:53:29.220 1176 1202 D NetdConnector: RCV unsolicited event from native daemon, event = 613
04-24 12:53:29.224 1176 3515 I MQoS : QOS_level:0(0),wifi-link;SIM error;use level-0
04-24 12:53:29.458 1176 1338 D HwWifiStatStore: handleMessage : 200
04-24 12:53:30.388 1176 1176 I TrafficMonitor: update:rxPkts:0,txPkts:0,rxBytes:0,txBytes:0
04-24 12:53:30.388 1176 1176 I TrafficMonitor: start expired. level:-1
04-24 12:53:30.389 1176 1176 I TrafficMonitor: gettimer:interval=2000
04-24 12:53:30.728 1176 1392 D HwArpVerifier: check_wifi_state_mode = 0 mCheckStateToken=25 token25
04-24 12:53:30.732 1176 1392 D wifiserviceimpl: netmask =16777215
04-24 12:53:30.772 1176 1392 D HWMultiGW: setGateWay 192.168.1.1
04-24 12:53:31.379 1176 1176 I TrafficMonitor: expired arrive. level:-1
04-24 12:53:31.379 1176 1176 I TrafficMonitor: during_ms:2005,period_ms:2000
04-24 12:53:31.379 1176 1176 I TrafficMonitor: count:858,rx_sum:0,tx_sum:0,rxBytes:0,during_ms:2005,rx_speed:0.0,tx_speed:0.0,rto:0.0
04-24 12:53:31.379 1176 1176 D HuaweiWifiWatchdogStateMachine: speed: rxpkt:0, rxSpd:0B/s, txpkt:0, txSpd:0
04-24 12:53:31.591 777 777 E : [E/capacity_limit_control] not demo version, not set power control prop!
04-24 12:53:31.774 1176 1392 D HwArpVerifier: getGateWayARPResponses: arp rtt = 67
04-24 12:53:31.775 1176 1392 E HwCHRWifiRSSIGroupSummery: updatArpSummery mRSSI:-30 HwCHRWifiRSSIGroup [rssi_index=4, rtt_tcp_packets=0, rtt_tcp_duration=0, rtt_lan_duration=8071, rtt_lan_failures=0, rtt_lan_succ=395, rtt_lan_max=939, rtt_lan_min=0,same_area_frequency=0,adjacent_area_frequency=0]
04-24 12:53:31.818 1176 1392 D HwArpVerifier: There are 1 mac address for gateway
04-24 12:53:31.818 1176 1392 D HwArpVerifier: from HEART_CHECK transmit to state:HEART_CHECK
04-24 12:53:31.818 1176 1392 D HwArpVerifier: msg what=124 arg1(token)=25 arg2(mode)=0 delay=30000
04-24 12:53:31.819 1176 1392 D HwArpVerifier: performPollAndLog:
04-24 12:53:31.823 1176 1392 D hw_netstat: total/0/0
04-24 12:53:32.393 1176 1176 I TrafficMonitor: update:rxPkts:0,txPkts:0,rxBytes:0,txBytes:0
04-24 12:53:32.393 1176 1176 I TrafficMonitor: start expired. level:-1
04-24 12:53:32.394 1176 1176 I TrafficMonitor: gettimer:interval=2000
04-24 12:53:32.463 1176 1338 D HwWifiStatStore: handleMessage : 200
04-24 12:53:34.400 1176 1176 I TrafficMonitor: update:rxPkts:0,txPkts:0,rxBytes:0,txBytes:0
04-24 12:53:34.400 1176 1176 I TrafficMonitor: start expired. level:-1
04-24 12:53:34.400 1176 1176 I TrafficMonitor: gettimer:interval=5000
04-24 12:53:35.470 1176 1338 D HwWifiStatStore: handleMessage : 200
04-24 12:53:36.601 777 777 E : [E/capacity_limit_control] not demo version, not set power control prop!
04-24 12:53:36.829 1176 1392 D HwArpVerifier: performPollAndLog:
04-24 12:53:36.833 1176 1392 D hw_netstat: total/0/0
04-24 12:53:37.202 742 742 E wificond: Failed to get NL80211_RATE_INFO_NOISE
04-24 12:53:37.202 742 742 E wificond: Failed to get NL80211_RATE_INFO_SNR
04-24 12:53:37.202 742 742 E wificond: Failed to get NL80211_STA_INFO_CNAHLOAD
04-24 12:53:37.203 1176 1337 E WificondControl: Noise: 0, Snr: -1, Chload: -1
04-24 12:53:37.204 1176 1339 D HwWifiCHRStateManager: handleMessage : 1001
04-24 12:53:37.205 1176 1339 D HwWifiCHRStateManager: handleUpdateChannel:2412
04-24 12:53:37.205 1176 1339 V HwWifiServiceFactory: get AllImpl object = com.android.server.wifi.HwWifiServiceFactoryImpl@2205edc
04-24 12:53:37.208 742 742 E wificond: Failed to get NL80211_RATE_INFO_NOISE
04-24 12:53:37.209 742 742 E wificond: Failed to get NL80211_RATE_INFO_SNR
04-24 12:53:37.209 742 742 E wificond: Failed to get NL80211_STA_INFO_CNAHLOAD
04-24 12:53:37.213 1176 1406 D HuaweiWifiWatchdogStateMachine: LM mrssi=-29
04-24 12:53:37.213 1176 1176 D WiFi_PRO: MSG_RETURN_AP_CURRY_RSSI rssi = -29
04-24 12:53:37.213 1176 1406 D HuaweiWifiWatchdogStateMachine: a4:fa:**:**:eb:b0 current loss[-45]=0%, volume=1
04-24 12:53:37.214 1176 1406 D HuaweiWifiWatchdogStateMachine: a4:fa:**:**:eb:b0 history loss[-45]=0%, volume=13825612
04-24 12:53:37.214 1176 1176 I QosMonitor: queryRtt: rtt_type = 3
04-24 12:53:37.214 1176 1176 I HwQoEJNI: send_cmd_kernel. begin
04-24 12:53:37.214 1176 1176 I HwQoEJNI: send_cmd_kernel. end
04-24 12:53:37.214 1176 1406 I HuaweiWifiWatchdogStateMachine: spd good count:0, add sc:0.0, rate:1.0
04-24 12:53:37.214 1176 1406 I HuaweiWifiWatchdogStateMachine: current mHighDataFlowRate = 1.0
04-24 12:53:37.214 1176 1176 I QosMonitor: postEventFromNative: msg=100,arg1=4,arg2=10
04-24 12:53:37.215 1176 1406 I HuaweiWifiWatchdogStateMachine: POta txb txg rxg:0, 142, 0. Lr =0% Totpkt=142
04-24 12:53:37.215 1176 1176 D HuaweiWifiWatchdogStateMachine: setSampleRtt: unvalid rtt
04-24 12:53:37.215 1176 1176 I HwQoEJNI: send_cmd_kernel. begin
04-24 12:53:37.215 1176 1176 I HwQoEJNI: send_cmd_kernel. end
04-24 12:53:37.215 1176 1176 I QosMonitor: postEventFromNative: msg=100,arg1=0,arg2=10
04-24 12:53:37.216 1176 1176 I MQoS : rtt=160,tcp_tx_pkts=480944,tcp_rx_pkts=921410
04-24 12:53:37.219 1176 1406 D HuaweiWifiWatchdogStateMachine: dumpTcpResult: len=10,rtt=160,rttPkt=1,rttWn=23,cgt=0,cgtWn=0
04-24 12:53:37.220 1176 1406 I HuaweiWifiWatchdogStateMachine: PTcp RTT:0, rtt pkt=0, tcp_rx=0, tcp_tx=0, tcp_reTran=0, rtRate=0
04-24 12:53:37.220 1176 1406 D HuaweiWifiWatchdogStateMachine: mRssiBadCount =0, RSSI not bad.
04-24 12:53:37.220 1176 1406 D HuaweiWifiWatchdogStateMachine: detectNetworkAvailable:hw.wifipro.dns_fail_count = 131
04-24 12:53:37.220 1176 1406 D HuaweiWifiWatchdogStateMachine: bqeLevel = 2 rtt=0,rtt_pkts=0 speed=37 rssi=-29
04-24 12:53:37.220 1176 1406 D HuaweiWifiWatchdogStateMachine: Enter updateQoeLevel level = 2
04-24 12:53:37.220 1176 1406 D HuaweiWifiWatchdogStateMachine: updateQoeLevel current level equal to mLastDetectLevel, return
04-24 12:53:37.220 1176 1406 D HuaweiWifiWatchdogStateMachine: did not have any network action
04-24 12:53:37.228 1176 3515 I MQoS : QOS_level:0(0),wifi-link;SIM error;use level-0
04-24 12:53:37.395 1176 1176 I TrafficMonitor: expired arrive. level:-1
04-24 12:53:37.395 1176 1176 I TrafficMonitor: during_ms:2006,period_ms:2000
04-24 12:53:37.395 1176 1176 I TrafficMonitor: count:860,rx_sum:0,tx_sum:0,rxBytes:0,during_ms:2006,rx_speed:0.0,tx_speed:0.0,rto:0.0
04-24 12:53:37.395 1176 1176 D HuaweiWifiWatchdogStateMachine: speed: rxpkt:0, rxSpd:0B/s, txpkt:0, txSpd:0
04-24 12:53:38.477 1176 1338 D HwWifiStatStore: handleMessage : 200
04-24 12:53:39.406 1176 1176 I TrafficMonitor: update:rxPkts:0,txPkts:0,rxBytes:0,txBytes:0
04-24 12:53:39.406 1176 1176 I TrafficMonitor: start expired. level:-1
04-24 12:53:39.406 1176 1176 I TrafficMonitor: gettimer:interval=5000
04-24 12:53:41.481 1176 1338 D HwWifiStatStore: handleMessage : 200
04-24 12:53:41.612 777 777 E : [E/capacity_limit_control] not demo version, not set power control prop!
04-24 12:53:41.838 1176 1392 D HwArpVerifier: performPollAndLog:
04-24 12:53:41.843 1176 1392 D hw_netstat: total/0/0
04-24 12:53:44.412 1176 1176 I TrafficMonitor: expired arrive. level:-1
04-24 12:53:44.415 1176 1176 I TrafficMonitor: update:rxPkts:0,txPkts:0,rxBytes:0,txBytes:0
04-24 12:53:44.415 1176 1176 I TrafficMonitor: start expired. level:-1
04-24 12:53:44.416 1176 1176 I TrafficMonitor: gettimer:interval=5000
04-24 12:53:44.416 1176 1176 I TrafficMonitor: during_ms:5010,period_ms:2000
04-24 12:53:44.416 1176 1176 I TrafficMonitor: count:862,rx_sum:0,tx_sum:0,rxBytes:0,during_ms:5010,rx_speed:0.0,tx_speed:0.0,rto:0.0
04-24 12:53:44.416 1176 1176 D HuaweiWifiWatchdogStateMachine: speed: rxpkt:0, rxSpd:0B/s, txpkt:0, txSpd:0
04-24 12:53:44.487 1176 1338 D HwWifiStatStore: handleMessage : 200
04-24 12:53:45.087 1176 1176 D HwInnerWifiManagerImpl: SupplicantState = COMPLETED
04-24 12:53:45.087 1176 1176 D HwInnerWifiManagerImpl: isPhoneAP = false
04-24 12:53:45.089 1463 1463 D KeyguardUpdateMonitor: received broadcast android.intent.action.BATTERY_CHANGED
04-24 12:53:45.089 1463 1463 W KeyguardUpdateMonitor: ACTION_BATTERY_CHANGED AMP: 500000; Volt: 5000000
04-24 12:53:45.089 1176 1176 D HwInnerWifiManagerImpl: SupplicantState = COMPLETED
04-24 12:53:45.089 1463 1463 V KeyguardUpdateMonitor: RefreshBatteryInfo isBatteryLow: 76
04-24 12:53:45.089 1463 1463 W KeyguardUpdateMonitor: ChargingSpeed Wattage: 2500000 ST: 5000000 --> 7500000
04-24 12:53:45.089 1176 1176 D HwInnerWifiManagerImpl: isPhoneAP = false
04-24 12:53:45.090 1463 1463 I KgBattery: BatteryInfo updated: 2lPc0
04-24 12:53:45.090 1463 1463 W AppHandler: sendMessage with obj100
04-24 12:53:45.090 1176 1176 D WifiStateMachine: mBcastReceiver: PluggedType = 2 mIsScanCtrlPluggedin = true
04-24 12:53:45.090 1463 1463 D KeyguardUpdateMonitor: handleBatteryUpdate
04-24 12:53:45.090 1463 1463 W HwLockScreenPanel: Handle message: 100
04-24 12:53:45.090 1463 1463 W HwKeyguardBottomArea: updateBatteryInfo : false true
04-24 12:53:45.090 1176 1176 D HwWifiService: mPluggedType =2
04-24 12:53:45.090 1463 1463 W KgBattery: getCharge info with type: text
04-24 12:53:45.092 1729 1729 I MsgReceiver: intent action: android.intent.action.BATTERY_CHANGED
04-24 12:53:45.094 5515 5671 E CloudAlbum[8.1.2.309]: [ReceiverManager] not log on ignore
04-24 12:53:45.095 1176 1176 D WifiService: onReceive, action:android.intent.action.BATTERY_CHANGED
04-24 12:53:45.095 1176 1176 D WifiService: ACTION_BATTERY_CHANGED pluggedType: 2
04-24 12:53:45.104 1463 1463 W HwLockScreenPanel: refreshBatteryInfo: null
04-24 12:53:45.203 742 742 E wificond: Failed to get NL80211_RATE_INFO_NOISE
04-24 12:53:45.204 742 742 E wificond: Failed to get NL80211_RATE_INFO_SNR
04-24 12:53:45.204 742 742 E wificond: Failed to get NL80211_STA_INFO_CNAHLOAD
04-24 12:53:45.205 1176 1337 E WificondControl: Noise: 0, Snr: -1, Chload: -1
04-24 12:53:45.206 1176 1339 D HwWifiCHRStateManager: handleMessage : 1001
04-24 12:53:45.206 1176 1339 D HwWifiCHRStateManager: handleUpdateChannel:2412
04-24 12:53:45.206 1176 1339 V HwWifiServiceFactory: get AllImpl object = com.android.server.wifi.HwWifiServiceFactoryImpl@2205edc
04-24 12:53:45.210 742 742 E wificond: Failed to get NL80211_RATE_INFO_NOISE
04-24 12:53:45.210 742 742 E wificond: Failed to get NL80211_RATE_INFO_SNR
04-24 12:53:45.210 742 742 E wificond: Failed to get NL80211_STA_INFO_CNAHLOAD
04-24 12:53:45.212 1176 1406 D HuaweiWifiWatchdogStateMachine: LM mrssi=-29
04-24 12:53:45.213 1176 1406 I HuaweiWifiWatchdogStateMachine: spd good count:0, add sc:0.0, rate:1.0
04-24 12:53:45.213 1176 1406 I HuaweiWifiWatchdogStateMachine: current mHighDataFlowRate = 1.0
04-24 12:53:45.214 1176 1406 I HuaweiWifiWatchdogStateMachine: POta txb txg rxg:0, 142, 0. Lr =0% Totpkt=142
04-24 12:53:45.217 1176 1176 D WiFi_PRO: MSG_RETURN_AP_CURRY_RSSI rssi = -29
04-24 12:53:45.217 1176 1176 I QosMonitor: queryRtt: rtt_type = 3
04-24 12:53:45.218 1176 1176 I HwQoEJNI: send_cmd_kernel. begin
04-24 12:53:45.218 1176 1176 I HwQoEJNI: send_cmd_kernel. end
04-24 12:53:45.218 1176 1176 I QosMonitor: postEventFromNative: msg=100,arg1=4,arg2=10
04-24 12:53:45.219 1176 1176 I HwQoEJNI: send_cmd_kernel. begin
04-24 12:53:45.219 1176 1176 I HwQoEJNI: send_cmd_kernel. end
04-24 12:53:45.219 1176 1176 I QosMonitor: postEventFromNative: msg=100,arg1=0,arg2=10
04-24 12:53:45.220 1176 1176 D HuaweiWifiWatchdogStateMachine: setSampleRtt: unvalid rtt
04-24 12:53:45.221 1176 1176 I MQoS : rtt=160,tcp_tx_pkts=480944,tcp_rx_pkts=921410
04-24 12:53:45.222 1176 1406 D HuaweiWifiWatchdogStateMachine: dumpTcpResult: len=10,rtt=160,rttPkt=1,rttWn=31,cgt=0,cgtWn=0
04-24 12:53:45.222 1176 1406 I HuaweiWifiWatchdogStateMachine: PTcp RTT:0, rtt pkt=0, tcp_rx=0, tcp_tx=0, tcp_reTran=0, rtRate=0
04-24 12:53:45.222 1176 1406 D HuaweiWifiWatchdogStateMachine: mRssiBadCount =0, RSSI not bad.
04-24 12:53:45.222 1176 1406 D HuaweiWifiWatchdogStateMachine: detectNetworkAvailable:hw.wifipro.dns_fail_count = 131
04-24 12:53:45.222 1176 1406 D HuaweiWifiWatchdogStateMachine: bqeLevel = 2 rtt=0,rtt_pkts=0 speed=37 rssi=-29
04-24 12:53:45.222 1176 1406 D HuaweiWifiWatchdogStateMachine: Enter updateQoeLevel level = 2
04-24 12:53:45.222 1176 1406 D HuaweiWifiWatchdogStateMachine: updateQoeLevel current level equal to mLastDetectLevel, return
04-24 12:53:45.222 1176 1406 D HuaweiWifiWatchdogStateMachine: did not have any network action
04-24 12:53:45.231 1176 3515 I MQoS : QOS_level:0(0),wifi-link;SIM error;use level-0
04-24 12:53:46.622 777 777 E : [E/capacity_limit_control] not demo version, not set power control prop!
04-24 12:53:46.849 1176 1392 D HwArpVerifier: performPollAndLog:
04-24 12:53:46.854 1176 1392 D hw_netstat: total/0/0
04-24 12:53:47.494 1176 1338 D HwWifiStatStore: handleMessage : 200
04-24 12:53:49.235 741 741 E Thermal-daemon: [charger_ic] temp_new :28 temp_old :29
04-24 12:53:49.238 1729 2125 I ThermalService: Receive temperature change, type: 2, temp: 28 from thermald
04-24 12:53:49.241 741 741 E Thermal-daemon: Report temperature: [charger_ic] temp :28 report_threshold:1
04-24 12:53:49.243 741 741 E Thermal-daemon: [ap] temp_new :28 temp_old :29
04-24 12:53:49.244 1729 2125 I ThermalService: Receive temperature change, type: 0, temp: 28 from thermald
04-24 12:53:49.245 741 741 E Thermal-daemon: Report temperature: [ap] temp :28 report_threshold:1
04-24 12:53:49.421 1176 1176 I TrafficMonitor: expired arrive. level:-1
04-24 12:53:49.424 1176 1176 I TrafficMonitor: update:rxPkts:0,txPkts:0,rxBytes:0,txBytes:0
04-24 12:53:49.424 1176 1176 I TrafficMonitor: start expired. level:-1
04-24 12:53:49.424 1176 1176 I TrafficMonitor: gettimer:interval=5000
04-24 12:53:49.425 1176 1176 I TrafficMonitor: during_ms:5009,period_ms:2000
04-24 12:53:49.425 1176 1176 I TrafficMonitor: count:863,rx_sum:0,tx_sum:0,rxBytes:0,during_ms:5009,rx_speed:0.0,tx_speed:0.0,rto:0.0
04-24 12:53:49.425 1176 1176 D HuaweiWifiWatchdogStateMachine: speed: rxpkt:0, rxSpd:0B/s, txpkt:0, txSpd:0
04-24 12:53:49.486 1176 1589 W Watchdog: hungtask: writing kick
04-24 12:53:49.488 1176 1202 I EventHub: EventHub monitor: no key events in the past 2563s, no motion events in the past 2564s
04-24 12:53:50.501 1176 1338 D HwWifiStatStore: handleMessage : 200
04-24 12:53:51.633 777 777 E : [E/capacity_limit_control] not demo version, not set power control prop!
04-24 12:53:51.860 1176 1392 D HwArpVerifier: performPollAndLog:
04-24 12:53:51.864 1176 1392 D hw_netstat: total/0/0
04-24 12:53:51.989 487 620 W SocketListener: sending broadcast to Pid = 1176, Uid = 1000
04-24 12:53:51.995 1176 1332 D NetdConnector: RCV <- {613 IfaceClass active 1 353620144650572 10824}
04-24 12:53:51.999 1176 1332 D NetdConnector: RCV <- {613 IfaceClass active 1 353620144650572 10824}
04-24 12:53:52.003 1176 1202 D NetdConnector: RCV unsolicited event from native daemon, event = 613
04-24 12:53:52.956 1729 23345 I DownloadState: 0 transmitting data speed : 28 bytes/s scroff: true
04-24 12:53:53.208 742 742 E wificond: Failed to get NL80211_RATE_INFO_NOISE
04-24 12:53:53.209 742 742 E wificond: Failed to get NL80211_RATE_INFO_SNR
04-24 12:53:53.209 742 742 E wificond: Failed to get NL80211_STA_INFO_CNAHLOAD
04-24 12:53:53.210 1176 1337 E WificondControl: Noise: 0, Snr: -1, Chload: -1
04-24 12:53:53.211 1176 1339 D HwWifiCHRStateManager: handleMessage : 1001
04-24 12:53:53.211 1176 1339 D HwWifiCHRStateManager: handleUpdateChannel:2412
04-24 12:53:53.211 1176 1339 V HwWifiServiceFactory: get AllImpl object = com.android.server.wifi.HwWifiServiceFactoryImpl@2205edc
04-24 12:53:53.215 742 742 E wificond: Failed to get NL80211_RATE_INFO_NOISE
04-24 12:53:53.215 742 742 E wificond: Failed to get NL80211_RATE_INFO_SNR
04-24 12:53:53.215 742 742 E wificond: Failed to get NL80211_STA_INFO_CNAHLOAD
04-24 12:53:53.217 1176 1406 D HuaweiWifiWatchdogStateMachine: LM mrssi=-29
04-24 12:53:53.217 1176 1406 D HuaweiWifiWatchdogStateMachine: a4:fa:**:**:eb:b0 current loss[-45]=0%, volume=1
04-24 12:53:53.218 1176 1406 D HuaweiWifiWatchdogStateMachine: a4:fa:**:**:eb:b0 history loss[-45]=0%, volume=13825613
04-24 12:53:53.218 1176 1406 I HuaweiWifiWatchdogStateMachine: spd good count:0, add sc:0.0, rate:1.0
04-24 12:53:53.218 1176 1406 I HuaweiWifiWatchdogStateMachine: current mHighDataFlowRate = 1.0
04-24 12:53:53.218 1176 1406 I HuaweiWifiWatchdogStateMachine: POta txb txg rxg:0, 143, 0. Lr =0% Totpkt=143
04-24 12:53:53.220 1176 1176 D WiFi_PRO: MSG_RETURN_AP_CURRY_RSSI rssi = -29
04-24 12:53:53.222 1176 1176 I QosMonitor: queryRtt: rtt_type = 3
04-24 12:53:53.222 1176 1176 I HwQoEJNI: send_cmd_kernel. begin
04-24 12:53:53.222 1176 1176 I HwQoEJNI: send_cmd_kernel. end
04-24 12:53:53.223 1176 1176 I QosMonitor: postEventFromNative: msg=100,arg1=4,arg2=10
04-24 12:53:53.223 1176 1176 I HwQoEJNI: send_cmd_kernel. begin
04-24 12:53:53.224 1176 1176 I HwQoEJNI: send_cmd_kernel. end
04-24 12:53:53.224 1176 1176 I QosMonitor: postEventFromNative: msg=100,arg1=0,arg2=10
04-24 12:53:53.224 1176 1176 D HuaweiWifiWatchdogStateMachine: setSampleRtt: unvalid rtt
04-24 12:53:53.225 1176 1176 I MQoS : rtt=160,tcp_tx_pkts=480944,tcp_rx_pkts=921410
04-24 12:53:53.225 1176 1406 D HuaweiWifiWatchdogStateMachine: dumpTcpResult: len=10,rtt=160,rttPkt=1,rttWn=39,cgt=0,cgtWn=0
04-24 12:53:53.226 1176 1406 I HuaweiWifiWatchdogStateMachine: PTcp RTT:0, rtt pkt=0, tcp_rx=0, tcp_tx=0, tcp_reTran=0, rtRate=0
04-24 12:53:53.226 1176 1406 D HuaweiWifiWatchdogStateMachine: mRssiBadCount =0, RSSI not bad.
04-24 12:53:53.226 1176 1406 D HuaweiWifiWatchdogStateMachine: detectNetworkAvailable:hw.wifipro.dns_fail_count = 131
04-24 12:53:53.226 1176 1406 D HuaweiWifiWatchdogStateMachine: bqeLevel = 2 rtt=0,rtt_pkts=0 speed=37 rssi=-29
04-24 12:53:53.226 1176 1406 D HuaweiWifiWatchdogStateMachine: Enter updateQoeLevel level = 2
04-24 12:53:53.226 1176 1406 D HuaweiWifiWatchdogStateMachine: updateQoeLevel current level equal to mLastDetectLevel, return
04-24 12:53:53.226 1176 1406 D HuaweiWifiWatchdogStateMachine: did not have any network action
04-24 12:53:53.238 1176 3515 I MQoS : QOS_level:0(0),wifi-link;SIM error;use level-0
04-24 12:53:53.506 1176 1338 D HwWifiStatStore: handleMessage : 200
04-24 12:53:54.426 1176 1176 I TrafficMonitor: expired arrive. level:-1
04-24 12:53:54.429 1176 1176 I TrafficMonitor: update:rxPkts:1,txPkts:1,rxBytes:56,txBytes:84
04-24 12:53:54.429 1176 1176 I TrafficMonitor: start expired. level:-1
04-24 12:53:54.430 1176 1176 I TrafficMonitor: gettimer:interval=2000
04-24 12:53:54.430 1176 1176 I TrafficMonitor: during_ms:5005,period_ms:2000
04-24 12:53:54.430 1176 1176 I TrafficMonitor: count:864,rx_sum:1,tx_sum:1,rxBytes:56,during_ms:5005,rx_speed:11.188811188811188,tx_speed:16.783216783216783,rto:1.0
04-24 12:53:54.430 1176 1176 D HuaweiWifiWatchdogStateMachine: speed: rxpkt:1, rxSpd:11B/s, txpkt:1, txSpd:16
04-24 12:53:56.434 1176 1176 I TrafficMonitor: update:rxPkts:0,txPkts:0,rxBytes:0,txBytes:0
04-24 12:53:56.434 1176 1176 I TrafficMonitor: start expired. level:-1
04-24 12:53:56.435 1176 1176 I TrafficMonitor: gettimer:interval=2000
04-24 12:53:56.513 1176 1338 D HwWifiStatStore: handleMessage : 200
04-24 12:53:56.641 777 777 E : [E/capacity_limit_control] not demo version, not set power control prop!
04-24 12:53:56.665 1176 1288 D HwBatteryService: onUEvent fcpStatus = 0,scpStatus =0,ovpStatus=0
04-24 12:53:56.668 1176 1288 I UsbDeviceManager: water_intrused state= 0
04-24 12:53:56.684 1176 1176 D HwInnerWifiManagerImpl: SupplicantState = COMPLETED
04-24 12:53:56.684 1176 1176 D HwInnerWifiManagerImpl: isPhoneAP = false
04-24 12:53:56.685 1176 1176 D HwInnerWifiManagerImpl: SupplicantState = COMPLETED
04-24 12:53:56.686 1176 1176 D HwInnerWifiManagerImpl: isPhoneAP = false
04-24 12:53:56.686 1176 1176 D WifiStateMachine: mBcastReceiver: PluggedType = 2 mIsScanCtrlPluggedin = true
04-24 12:53:56.686 1176 1176 D HwWifiService: mPluggedType =2
04-24 12:53:56.687 1176 1176 D WifiService: onReceive, action:android.intent.action.BATTERY_CHANGED
04-24 12:53:56.687 1463 1463 D KeyguardUpdateMonitor: received broadcast android.intent.action.BATTERY_CHANGED
04-24 12:53:56.688 1176 1176 D WifiService: ACTION_BATTERY_CHANGED pluggedType: 2
04-24 12:53:56.688 1463 1463 W KeyguardUpdateMonitor: ACTION_BATTERY_CHANGED AMP: 500000; Volt: 5000000
04-24 12:53:56.689 1463 1463 V KeyguardUpdateMonitor: RefreshBatteryInfo isBatteryLow: 76
04-24 12:53:56.689 1463 1463 W KeyguardUpdateMonitor: ChargingSpeed Wattage: 2500000 ST: 5000000 --> 7500000
04-24 12:53:56.689 1463 1463 I KgBattery: BatteryInfo updated: 2lPc0
04-24 12:53:56.689 1463 1463 W AppHandler: sendMessage with obj100
04-24 12:53:56.689 1463 1463 D KeyguardUpdateMonitor: handleBatteryUpdate
04-24 12:53:56.689 1463 1463 W HwLockScreenPanel: Handle message: 100
04-24 12:53:56.689 1463 1463 W HwKeyguardBottomArea: updateBatteryInfo : false true
04-24 12:53:56.690 1463 1463 W KgBattery: getCharge info with type: text
04-24 12:53:56.692 1729 1729 I MsgReceiver: intent action: android.intent.action.BATTERY_CHANGED
04-24 12:53:56.695 5515 5671 E CloudAlbum[8.1.2.309]: [ReceiverManager] not log on ignore
04-24 12:53:56.699 1463 1463 W HwLockScreenPanel: refreshBatteryInfo: null
04-24 12:53:56.870 1176 1392 D HwArpVerifier: performPollAndLog:
04-24 12:53:56.872 1176 1392 D hw_netstat: total/56/84,unknown:0/56/84
04-24 12:53:58.439 1176 1176 I TrafficMonitor: update:rxPkts:0,txPkts:0,rxBytes:0,txBytes:0
04-24 12:53:58.440 1176 1176 I TrafficMonitor: start expired. level:-1
04-24 12:53:58.440 1176 1176 I TrafficMonitor: gettimer:interval=2000
04-24 12:53:59.251 741 741 E Thermal-daemon: [charger_ic] temp_new :29 temp_old :28
04-24 12:53:59.253 1729 24941 I ThermalService: Receive temperature change, type: 2, temp: 29 from thermald
04-24 12:53:59.255 741 741 E Thermal-daemon: Report temperature: [charger_ic] temp :29 report_threshold:1
04-24 12:53:59.431 1176 1176 I TrafficMonitor: expired arrive. level:-1
04-24 12:53:59.432 1176 1176 I TrafficMonitor: during_ms:2005,period_ms:2000
04-24 12:53:59.432 1176 1176 I TrafficMonitor: count:866,rx_sum:0,tx_sum:0,rxBytes:0,during_ms:2005,rx_speed:0.0,tx_speed:0.0,rto:0.0
04-24 12:53:59.432 1176 1176 D HuaweiWifiWatchdogStateMachine: speed: rxpkt:0, rxSpd:0B/s, txpkt:0, txSpd:0
04-24 12:53:59.520 1176 1338 D HwWifiStatStore: handleMessage : 200
04-24 12:54:00.444 1176 1176 I TrafficMonitor: update:rxPkts:0,txPkts:0,rxBytes:0,txBytes:0
04-24 12:54:00.444 1176 1176 I TrafficMonitor: start expired. level:-1
04-24 12:54:00.445 1176 1176 I TrafficMonitor: gettimer:interval=2000
04-24 12:54:01.214 742 742 E wificond: Failed to get NL80211_RATE_INFO_NOISE
04-24 12:54:01.215 742 742 E wificond: Failed to get NL80211_RATE_INFO_SNR
04-24 12:54:01.215 742 742 E wificond: Failed to get NL80211_STA_INFO_CNAHLOAD
04-24 12:54:01.216 1176 1337 E WificondControl: Noise: 0, Snr: -1, Chload: -1
04-24 12:54:01.217 1176 1339 D HwWifiCHRStateManager: handleMessage : 1001
04-24 12:54:01.217 1176 1339 D HwWifiCHRStateManager: handleUpdateChannel:2412
04-24 12:54:01.217 1176 1339 V HwWifiServiceFactory: get AllImpl object = com.android.server.wifi.HwWifiServiceFactoryImpl@2205edc
04-24 12:54:01.221 742 742 E wificond: Failed to get NL80211_RATE_INFO_NOISE
04-24 12:54:01.222 742 742 E wificond: Failed to get NL80211_RATE_INFO_SNR
04-24 12:54:01.222 742 742 E wificond: Failed to get NL80211_STA_INFO_CNAHLOAD
04-24 12:54:01.223 1176 1406 D HuaweiWifiWatchdogStateMachine: LM mrssi=-28
04-24 12:54:01.223 1176 1176 D WiFi_PRO: MSG_RETURN_AP_CURRY_RSSI rssi = -28
04-24 12:54:01.224 1176 1406 D HuaweiWifiWatchdogStateMachine: a4:fa:**:**:eb:b0 current loss[-45]=0%, volume=1
04-24 12:54:01.224 1176 1176 I QosMonitor: queryRtt: rtt_type = 3
04-24 12:54:01.224 1176 1406 D HuaweiWifiWatchdogStateMachine: a4:fa:**:**:eb:b0 history loss[-45]=0%, volume=13825614
04-24 12:54:01.224 1176 1176 I HwQoEJNI: send_cmd_kernel. begin
04-24 12:54:01.224 1176 1406 I HuaweiWifiWatchdogStateMachine: spd good count:0, add sc:0.0, rate:1.0
04-24 12:54:01.225 1176 1176 I HwQoEJNI: send_cmd_kernel. end
04-24 12:54:01.225 1176 1176 I QosMonitor: postEventFromNative: msg=100,arg1=4,arg2=10
04-24 12:54:01.225 1176 1176 D HuaweiWifiWatchdogStateMachine: setSampleRtt: unvalid rtt
04-24 12:54:01.226 1176 1406 D HuaweiWifiWatchdogStateMachine: high data flow: protection_counter = 0, not_detect_counter = 384
04-24 12:54:01.226 1176 1406 D HuaweiWifiWatchdogStateMachine: high data flow scenario: 0 --> 0 rx bytes =0KB
04-24 12:54:01.226 1176 1406 I HuaweiWifiWatchdogStateMachine: current mHighDataFlowRate = 1.0
04-24 12:54:01.226 1176 1406 I HuaweiWifiWatchdogStateMachine: POta txb txg rxg:0, 144, 0. Lr =0% Totpkt=144
04-24 12:54:01.227 1176 1176 I HwQoEJNI: send_cmd_kernel. begin
04-24 12:54:01.227 1176 1176 I HwQoEJNI: send_cmd_kernel. end
04-24 12:54:01.227 1176 1176 I QosMonitor: postEventFromNative: msg=100,arg1=0,arg2=10
04-24 12:54:01.228 1176 1176 I MQoS : rtt=160,tcp_tx_pkts=480944,tcp_rx_pkts=921410
04-24 12:54:01.230 1176 1406 D HuaweiWifiWatchdogStateMachine: dumpTcpResult: len=10,rtt=160,rttPkt=1,rttWn=47,cgt=0,cgtWn=0
04-24 12:54:01.230 1176 1406 I HuaweiWifiWatchdogStateMachine: PTcp RTT:0, rtt pkt=0, tcp_rx=0, tcp_tx=0, tcp_reTran=0, rtRate=0
04-24 12:54:01.230 1176 1406 D HuaweiWifiWatchdogStateMachine: mRssiBadCount =0, RSSI not bad.
04-24 12:54:01.231 1176 1406 D HuaweiWifiWatchdogStateMachine: detectNetworkAvailable:hw.wifipro.dns_fail_count = 131
04-24 12:54:01.231 1176 1406 D HuaweiWifiWatchdogStateMachine: bqeLevel = 2 rtt=0,rtt_pkts=0 speed=37 rssi=-28
04-24 12:54:01.231 1176 1406 D HuaweiWifiWatchdogStateMachine: Enter updateQoeLevel level = 2
04-24 12:54:01.231 1176 1406 D HuaweiWifiWatchdogStateMachine: updateQoeLevel current level equal to mLastDetectLevel, return
04-24 12:54:01.231 1176 1406 D HuaweiWifiWatchdogStateMachine: did not have any network action
04-24 12:54:01.242 1176 3515 I MQoS : QOS_level:0(0),wifi-link;SIM error;use level-0
04-24 12:54:01.676 777 777 E : [E/capacity_limit_control] not demo version, not set power control prop!
04-24 12:54:01.824 1176 1392 D HwArpVerifier: check_wifi_state_mode = 0 mCheckStateToken=25 token25
04-24 12:54:01.826 1176 1392 D wifiserviceimpl: netmask =16777215
04-24 12:54:01.882 1176 1392 D HWMultiGW: setGateWay 192.168.1.1
04-24 12:54:01.897 1106 1119 I OAM : [check_file_size:505]/data/log/wifi/wifi_log_1 log file beyond size=10240Byte, creat new file
04-24 12:54:01.897 1106 1119 I OAM : [rename_old_file:210]rename_old_file
04-24 12:54:01.897 1106 1119 I OAM :
04-24 12:54:02.448 1176 1176 I TrafficMonitor: update:rxPkts:0,txPkts:0,rxBytes:0,txBytes:0
04-24 12:54:02.449 1176 1176 I TrafficMonitor: start expired. level:-1
04-24 12:54:02.449 1176 1176 I TrafficMonitor: gettimer:interval=2000
04-24 12:54:02.527 1176 1338 D HwWifiStatStore: handleMessage : 200
04-24 12:54:02.682 714 800 E emcomd : [EMCOMD_NET] smartcare_samping_kernel# open: No such file or directory
04-24 12:54:02.683 714 800 D emcomd : [EMCOMD_NET] smartcare_report_sample# send sampling state 0 to service
04-24 12:54:02.683 714 800 D emcomd : [EMCOMD_Socket] sendResponse#
04-24 12:54:02.683 714 800 D emcomd : [EMCOMD_Socket] sendResponse# Send Response to 30
04-24 12:54:02.683 714 800 D emcomd : [EMCOMD_NET] smartcare_samping_stop# reset timer for smartcare_samping_start 10
04-24 12:54:02.684 1176 1386 D DaemonClientReceiver: read packet 12 bytes
04-24 12:54:02.684 1176 1386 D DaemonClientThread: read processResponse type = 1
04-24 12:54:02.684 1176 1386 D DaemonClientThread: processReport commnd = 516
04-24 12:54:02.684 1176 1386 D EmcomManagerService: sampleWinOpen = false
04-24 12:54:02.688 1176 1386 W libc : Set property "sys.email.smartcare.sample.open" to "false"
04-24 12:54:02.692 1176 1386 W libc : Set property "sys.email.smartcare.sample.open" to "false"
04-24 12:54:02.697 1176 1386 W libc : Set property "sys.wechat.smartcare.sample.open" to "false"
04-24 12:54:02.701 1176 1386 W libc : Set property "sys.video.smartcare.sample.open" to "false"
04-24 12:54:02.707 1176 1385 D GrabService: receive sample window change message:false
04-24 12:54:02.707 1176 2313 D SmartcareProc: InfosHandler: msg.what = 1002
04-24 12:54:02.707 1176 1385 D WechatMonitor: update sample window of wechat
04-24 12:54:02.707 1176 1385 D GrabService: Disconnect from AccessibilityManagerService
04-24 12:54:02.707 1176 2313 D SmartcareProc: handleTriggerAllUpload, configTypes: [browser, wechat, email, video],uploadedTaskList: []
04-24 12:54:02.884 1176 1392 D HwArpVerifier: getGateWayARPResponses: arp rtt = 19
04-24 12:54:02.885 1176 1392 E HwCHRWifiRSSIGroupSummery: updatArpSummery mRSSI:-28 HwCHRWifiRSSIGroup [rssi_index=4, rtt_tcp_packets=0, rtt_tcp_duration=0, rtt_lan_duration=8090, rtt_lan_failures=0, rtt_lan_succ=396, rtt_lan_max=939, rtt_lan_min=0,same_area_frequency=0,adjacent_area_frequency=0]
04-24 12:54:02.912 1176 1392 D HwArpVerifier: There are 1 mac address for gateway
04-24 12:54:02.912 1176 1392 D HwArpVerifier: from HEART_CHECK transmit to state:HEART_CHECK
04-24 12:54:02.912 1176 1392 D HwArpVerifier: msg what=124 arg1(token)=25 arg2(mode)=0 delay=30000
04-24 12:54:02.913 1176 1392 D HwArpVerifier: performPollAndLog:
04-24 12:54:02.917 1176 1392 D hw_netstat: total/0/0
04-24 12:54:04.259 741 741 E Thermal-daemon: [charger_ic] temp_new :28 temp_old :29
04-24 12:54:04.262 1729 24941 I ThermalService: Receive temperature change, type: 2, temp: 28 from thermald
04-24 12:54:04.263 741 741 E Thermal-daemon: Report temperature: [charger_ic] temp :28 report_threshold:1
04-24 12:54:04.454 1176 1176 I TrafficMonitor: update:rxPkts:0,txPkts:0,rxBytes:0,txBytes:0
04-24 12:54:04.454 1176 1176 I TrafficMonitor: start expired. level:-1
04-24 12:54:04.455 1176 1176 I TrafficMonitor: gettimer:interval=2000
04-24 12:54:05.444 1176 1176 I TrafficMonitor: expired arrive. level:-1
04-24 12:54:05.445 1176 1176 I TrafficMonitor: during_ms:2005,period_ms:2000
04-24 12:54:05.445 1176 1176 I TrafficMonitor: count:869,rx_sum:0,tx_sum:0,rxBytes:0,during_ms:2005,rx_speed:0.0,tx_speed:0.0,rto:0.0
04-24 12:54:05.445 1176 1176 D HuaweiWifiWatchdogStateMachine: speed: rxpkt:0, rxSpd:0B/s, txpkt:0, txSpd:0
04-24 12:54:05.534 1176 1338 D HwWifiStatStore: handleMessage : 200
04-24 12:54:06.459 1176 1176 I TrafficMonitor: update:rxPkts:0,txPkts:0,rxBytes:0,txBytes:0
04-24 12:54:06.459 1176 1176 I TrafficMonitor: start expired. level:-1
04-24 12:54:06.460 1176 1176 I TrafficMonitor: gettimer:interval=2000
04-24 12:54:06.686 777 777 E : [E/capacity_limit_control] not demo version, not set power control prop!
04-24 12:54:07.005 487 620 W SocketListener: sending broadcast to Pid = 1176, Uid = 1000
04-24 12:54:07.008 1176 1332 D NetdConnector: RCV <- {613 IfaceClass idle 1 353635158825049}
04-24 12:54:07.012 1176 1332 D NetdConnector: RCV <- {613 IfaceClass idle 1 353635158825049}
04-24 12:54:07.017 1176 1202 D NetdConnector: RCV unsolicited event from native daemon, event = 613
04-24 12:54:07.921 1176 1392 D HwArpVerifier: performPollAndLog:
04-24 12:54:07.926 1176 1392 D hw_netstat: total/0/0
04-24 12:54:08.464 1176 1176 I TrafficMonitor: update:rxPkts:0,txPkts:0,rxBytes:0,txBytes:0
04-24 12:54:08.464 1176 1176 I TrafficMonitor: start expired. level:-1
04-24 12:54:08.465 1176 1176 I TrafficMonitor: gettimer:interval=2000
04-24 12:54:08.541 1176 1338 D HwWifiStatStore: handleMessage : 200
04-24 12:54:09.219 742 742 E wificond: Failed to get NL80211_RATE_INFO_NOISE
04-24 12:54:09.219 742 742 E wificond: Failed to get NL80211_RATE_INFO_SNR
04-24 12:54:09.219 742 742 E wificond: Failed to get NL80211_STA_INFO_CNAHLOAD
04-24 12:54:09.221 1176 1337 E WificondControl: Noise: 0, Snr: -1, Chload: -1
04-24 12:54:09.222 1176 1339 D HwWifiCHRStateManager: handleMessage : 1001
04-24 12:54:09.223 1176 1339 D HwWifiCHRStateManager: handleUpdateChannel:2412
04-24 12:54:09.223 1176 1339 V HwWifiServiceFactory: get AllImpl object = com.android.server.wifi.HwWifiServiceFactoryImpl@2205edc
04-24 12:54:09.229 742 742 E wificond: Failed to get NL80211_RATE_INFO_NOISE
04-24 12:54:09.229 742 742 E wificond: Failed to get NL80211_RATE_INFO_SNR
04-24 12:54:09.229 742 742 E wificond: Failed to get NL80211_STA_INFO_CNAHLOAD
04-24 12:54:09.231 1176 1406 D HuaweiWifiWatchdogStateMachine: LM mrssi=-29
04-24 12:54:09.231 1176 1176 D WiFi_PRO: MSG_RETURN_AP_CURRY_RSSI rssi = -29
04-24 12:54:09.232 1176 1176 I QosMonitor: queryRtt: rtt_type = 3
04-24 12:54:09.233 1176 1176 I HwQoEJNI: send_cmd_kernel. begin
04-24 12:54:09.233 1176 1176 I HwQoEJNI: send_cmd_kernel. end
04-24 12:54:09.233 1176 1176 I QosMonitor: postEventFromNative: msg=100,arg1=4,arg2=10
04-24 12:54:09.233 1176 1176 D HuaweiWifiWatchdogStateMachine: setSampleRtt: unvalid rtt
04-24 12:54:09.234 1176 1406 D HuaweiWifiWatchdogStateMachine: a4:fa:**:**:eb:b0 current loss[-45]=0%, volume=1
04-24 12:54:09.234 1176 1406 D HuaweiWifiWatchdogStateMachine: a4:fa:**:**:eb:b0 history loss[-45]=0%, volume=13825615
04-24 12:54:09.235 1176 1406 I HuaweiWifiWatchdogStateMachine: spd good count:0, add sc:0.0, rate:1.0
04-24 12:54:09.235 1176 1406 I HuaweiWifiWatchdogStateMachine: current mHighDataFlowRate = 1.0
04-24 12:54:09.235 1176 1406 I HuaweiWifiWatchdogStateMachine: POta txb txg rxg:0, 145, 0. Lr =0% Totpkt=145
04-24 12:54:09.236 1176 1176 I HwQoEJNI: send_cmd_kernel. begin
04-24 12:54:09.236 1176 1176 I HwQoEJNI: send_cmd_kernel. end
04-24 12:54:09.237 1176 1176 I QosMonitor: postEventFromNative: msg=100,arg1=0,arg2=10
04-24 12:54:09.238 1176 1176 I MQoS : rtt=160,tcp_tx_pkts=480944,tcp_rx_pkts=921410
04-24 12:54:09.238 1176 1406 D HuaweiWifiWatchdogStateMachine: dumpTcpResult: len=10,rtt=160,rttPkt=1,rttWn=55,cgt=0,cgtWn=0
04-24 12:54:09.239 1176 1406 I HuaweiWifiWatchdogStateMachine: PTcp RTT:0, rtt pkt=0, tcp_rx=0, tcp_tx=0, tcp_reTran=0, rtRate=0
04-24 12:54:09.239 1176 1406 D HuaweiWifiWatchdogStateMachine: mRssiBadCount =0, RSSI not bad.
04-24 12:54:09.239 1176 1406 D HuaweiWifiWatchdogStateMachine: detectNetworkAvailable:hw.wifipro.dns_fail_count = 131
04-24 12:54:09.239 1176 1406 D HuaweiWifiWatchdogStateMachine: bqeLevel = 2 rtt=0,rtt_pkts=0 speed=37 rssi=-29
04-24 12:54:09.239 1176 1406 D HuaweiWifiWatchdogStateMachine: Enter updateQoeLevel level = 2
04-24 12:54:09.239 1176 1406 D HuaweiWifiWatchdogStateMachine: updateQoeLevel current level equal to mLastDetectLevel, return
04-24 12:54:09.239 1176 1406 D HuaweiWifiWatchdogStateMachine: did not have any network action
04-24 12:54:09.245 1176 3515 I MQoS : QOS_level:0(0),wifi-link;SIM error;use level-0
04-24 12:54:09.266 741 741 E Thermal-daemon: [charger_ic] temp_new :29 temp_old :28
04-24 12:54:09.267 1729 24941 I ThermalService: Receive temperature change, type: 2, temp: 29 from thermald
04-24 12:54:09.267 741 741 E Thermal-daemon: Report temperature: [charger_ic] temp :29 report_threshold:1
04-24 12:54:10.469 1176 1176 I TrafficMonitor: update:rxPkts:0,txPkts:0,rxBytes:0,txBytes:0
04-24 12:54:10.469 1176 1176 I TrafficMonitor: start expired. level:-1
04-24 12:54:10.470 1176 1176 I TrafficMonitor: gettimer:interval=2000
04-24 12:54:11.462 1176 1176 I TrafficMonitor: expired arrive. level:-1
04-24 12:54:11.462 1176 1176 I TrafficMonitor: during_ms:2005,period_ms:2000
04-24 12:54:11.462 1176 1176 I TrafficMonitor: count:872,rx_sum:0,tx_sum:0,rxBytes:0,during_ms:2005,rx_speed:0.0,tx_speed:0.0,rto:0.0
04-24 12:54:11.462 1176 1176 D HuaweiWifiWatchdogStateMachine: speed: rxpkt:0, rxSpd:0B/s, txpkt:0, txSpd:0
04-24 12:54:11.548 1176 1338 D HwWifiStatStore: handleMessage : 200
04-24 12:54:11.695 777 777 E : [E/capacity_limit_control] not demo version, not set power control prop!
04-24 12:54:12.474 1176 1176 I TrafficMonitor: update:rxPkts:0,txPkts:0,rxBytes:0,txBytes:0
04-24 12:54:12.474 1176 1176 I TrafficMonitor: start expired. level:-1
04-24 12:54:12.475 1176 1176 I TrafficMonitor: gettimer:interval=2000
04-24 12:54:12.696 714 800 E emcomd : [EMCOMD_NET] smartcare_samping_kernel# open: No such file or directory
04-24 12:54:12.696 714 800 D emcomd : [EMCOMD_NET] smartcare_report_sample# send sampling state 1 to service
04-24 12:54:12.696 714 800 D emcomd : [EMCOMD_Socket] sendResponse#
04-24 12:54:12.696 714 800 D emcomd : [EMCOMD_Socket] sendResponse# Send Response to 30
04-24 12:54:12.697 714 800 D emcomd : [EMCOMD_NET] smartcare_samping_start# reset timer for smartcare_samping_stop 710
04-24 12:54:12.697 1176 1386 D DaemonClientReceiver: read packet 12 bytes
04-24 12:54:12.697 1176 1386 D DaemonClientThread: read processResponse type = 1
04-24 12:54:12.698 1176 1386 D DaemonClientThread: processReport commnd = 516
04-24 12:54:12.698 1176 1386 D EmcomManagerService: sampleWinOpen = true
04-24 12:54:12.698 1176 1386 W libc : Set property "sys.email.smartcare.sample.open" to "true"
04-24 12:54:12.702 1176 1386 W libc : Set property "sys.email.smartcare.sample.open" to "true"
04-24 12:54:12.707 1176 1386 W libc : Set property "sys.wechat.smartcare.sample.open" to "true"
04-24 12:54:12.710 1176 1386 W libc : Set property "sys.video.smartcare.sample.open" to "true"
04-24 12:54:12.713 1176 1385 D GrabService: receive sample window change message:true
04-24 12:54:12.714 1176 1385 D WechatMonitor: update sample window of wechat
04-24 12:54:12.714 1176 1385 D WechatMonitor: sample window is open
04-24 12:54:12.931 1176 1392 D HwArpVerifier: performPollAndLog:
04-24 12:54:12.935 1176 1392 D hw_netstat: total/0/0
04-24 12:54:14.271 741 741 E Thermal-daemon: [charger_ic] temp_new :28 temp_old :29
04-24 12:54:14.273 1729 24941 I ThermalService: Receive temperature change, type: 2, temp: 28 from thermald
04-24 12:54:14.274 741 741 E Thermal-daemon: Report temperature: [charger_ic] temp :28 report_threshold:1
04-24 12:54:14.480 1176 1176 I TrafficMonitor: update:rxPkts:0,txPkts:0,rxBytes:0,txBytes:0
04-24 12:54:14.480 1176 1176 I TrafficMonitor: start expired. level:-1
04-24 12:54:14.481 1176 1176 I TrafficMonitor: gettimer:interval=5000
04-24 12:54:14.555 1176 1338 D HwWifiStatStore: handleMessage : 200
04-24 12:54:15.386 1176 1392 D HwArpVerifier: getIpRouteTable
04-24 12:54:15.478 1176 1392 D HwArpVerifier: Notify wifi default route is ok
04-24 12:54:16.699 777 777 E : [E/capacity_limit_control] not demo version, not set power control prop!
04-24 12:54:17.225 742 742 E wificond: Failed to get NL80211_RATE_INFO_NOISE
04-24 12:54:17.225 742 742 E wificond: Failed to get NL80211_RATE_INFO_SNR
04-24 12:54:17.225 742 742 E wificond: Failed to get NL80211_STA_INFO_CNAHLOAD
04-24 12:54:17.226 1176 1337 E WificondControl: Noise: 0, Snr: -1, Chload: -1
04-24 12:54:17.227 1176 1339 D HwWifiCHRStateManager: handleMessage : 1001
04-24 12:54:17.227 1176 1339 D HwWifiCHRStateManager: handleUpdateChannel:2412
04-24 12:54:17.228 1176 1339 V HwWifiServiceFactory: get AllImpl object = com.android.server.wifi.HwWifiServiceFactoryImpl@2205edc
04-24 12:54:17.231 742 742 E wificond: Failed to get NL80211_RATE_INFO_NOISE
04-24 12:54:17.232 742 742 E wificond: Failed to get NL80211_RATE_INFO_SNR
04-24 12:54:17.232 742 742 E wificond: Failed to get NL80211_STA_INFO_CNAHLOAD
04-24 12:54:17.234 1176 1406 D HuaweiWifiWatchdogStateMachine: LM mrssi=-29
04-24 12:54:17.235 1176 1406 I HuaweiWifiWatchdogStateMachine: spd good count:0, add sc:0.0, rate:1.0
04-24 12:54:17.235 1176 1406 I HuaweiWifiWatchdogStateMachine: current mHighDataFlowRate = 1.0
04-24 12:54:17.235 1176 1406 I HuaweiWifiWatchdogStateMachine: POta txb txg rxg:0, 145, 0. Lr =0% Totpkt=145
04-24 12:54:17.236 1176 1176 D WiFi_PRO: MSG_RETURN_AP_CURRY_RSSI rssi = -29
04-24 12:54:17.236 1176 1176 I QosMonitor: queryRtt: rtt_type = 3
04-24 12:54:17.237 1176 1176 I HwQoEJNI: send_cmd_kernel. begin
04-24 12:54:17.237 1176 1176 I HwQoEJNI: send_cmd_kernel. end
04-24 12:54:17.237 1176 1176 I QosMonitor: postEventFromNative: msg=100,arg1=4,arg2=10
04-24 12:54:17.238 1176 1176 I HwQoEJNI: send_cmd_kernel. begin
04-24 12:54:17.238 1176 1176 I HwQoEJNI: send_cmd_kernel. end
04-24 12:54:17.239 1176 1176 I QosMonitor: postEventFromNative: msg=100,arg1=0,arg2=10
04-24 12:54:17.239 1176 1176 D HuaweiWifiWatchdogStateMachine: setSampleRtt: unvalid rtt
04-24 12:54:17.239 1176 1176 I MQoS : rtt=160,tcp_tx_pkts=480944,tcp_rx_pkts=921410
04-24 12:54:17.242 1176 1406 D HuaweiWifiWatchdogStateMachine: dumpTcpResult: len=10,rtt=160,rttPkt=1,rttWn=63,cgt=0,cgtWn=0
04-24 12:54:17.243 1176 1406 I HuaweiWifiWatchdogStateMachine: PTcp RTT:0, rtt pkt=0, tcp_rx=0, tcp_tx=0, tcp_reTran=0, rtRate=0
04-24 12:54:17.243 1176 1406 D HuaweiWifiWatchdogStateMachine: mRssiBadCount =0, RSSI not bad.
04-24 12:54:17.243 1176 1406 D HuaweiWifiWatchdogStateMachine: detectNetworkAvailable:hw.wifipro.dns_fail_count = 131
04-24 12:54:17.243 1176 1406 D HuaweiWifiWatchdogStateMachine: bqeLevel = 2 rtt=0,rtt_pkts=0 speed=37 rssi=-29
04-24 12:54:17.243 1176 1406 D HuaweiWifiWatchdogStateMachine: Enter updateQoeLevel level = 2
04-24 12:54:17.243 1176 1406 D HuaweiWifiWatchdogStateMachine: updateQoeLevel current level equal to mLastDetectLevel, return
04-24 12:54:17.243 1176 1406 D HuaweiWifiWatchdogStateMachine: did not have any network action
04-24 12:54:17.253 1176 3515 I MQoS : QOS_level:0(0),wifi-link;SIM error;use level-0
04-24 12:54:17.476 1176 1176 I TrafficMonitor: expired arrive. level:-1
04-24 12:54:17.476 1176 1176 I TrafficMonitor: during_ms:2006,period_ms:2000
04-24 12:54:17.476 1176 1176 I TrafficMonitor: count:874,rx_sum:0,tx_sum:0,rxBytes:0,during_ms:2006,rx_speed:0.0,tx_speed:0.0,rto:0.0
04-24 12:54:17.476 1176 1176 D HuaweiWifiWatchdogStateMachine: speed: rxpkt:0, rxSpd:0B/s, txpkt:0, txSpd:0
04-24 12:54:17.562 1176 1338 D HwWifiStatStore: handleMessage : 200
04-24 12:54:17.940 1176 1392 D HwArpVerifier: performPollAndLog:
04-24 12:54:17.945 1176 1392 D hw_netstat: total/0/0
04-24 12:54:19.486 1176 1176 I TrafficMonitor: update:rxPkts:0,txPkts:0,rxBytes:0,txBytes:0
04-24 12:54:19.487 1176 1176 I TrafficMonitor: start expired. level:-1
04-24 12:54:19.487 1176 1176 I TrafficMonitor: gettimer:interval=5000
04-24 12:54:19.489 1176 1589 W Watchdog: hungtask: writing kick
04-24 12:54:19.491 1176 1202 I EventHub: EventHub monitor: no key events in the past 2593s, no motion events in the past 2594s
04-24 12:54:20.569 1176 1338 D HwWifiStatStore: handleMessage : 200
04-24 12:54:21.710 777 777 E : [E/capacity_limit_control] not demo version, not set power control prop!
04-24 12:54:22.951 1176 1392 D HwArpVerifier: performPollAndLog:
04-24 12:54:22.955 1176 1392 D hw_netstat: total/0/0
04-24 12:54:23.576 1176 1338 D HwWifiStatStore: handleMessage : 200
04-24 12:54:24.492 1176 1176 I TrafficMonitor: expired arrive. level:-1
04-24 12:54:24.495 1176 1176 I TrafficMonitor: update:rxPkts:0,txPkts:0,rxBytes:0,txBytes:0
04-24 12:54:24.495 1176 1176 I TrafficMonitor: start expired. level:-1
04-24 12:54:24.496 1176 1176 I TrafficMonitor: gettimer:interval=5000
04-24 12:54:24.496 1176 1176 I TrafficMonitor: during_ms:5009,period_ms:2000
04-24 12:54:24.496 1176 1176 I TrafficMonitor: count:876,rx_sum:0,tx_sum:0,rxBytes:0,during_ms:5009,rx_speed:0.0,tx_speed:0.0,rto:0.0
04-24 12:54:24.496 1176 1176 D HuaweiWifiWatchdogStateMachine: speed: rxpkt:0, rxSpd:0B/s, txpkt:0, txSpd:0
04-24 12:54:25.231 742 742 E wificond: Failed to get NL80211_RATE_INFO_NOISE
04-24 12:54:25.231 742 742 E wificond: Failed to get NL80211_RATE_INFO_SNR
04-24 12:54:25.231 742 742 E wificond: Failed to get NL80211_STA_INFO_CNAHLOAD
04-24 12:54:25.232 1176 1337 E WificondControl: Noise: 0, Snr: -1, Chload: -1
04-24 12:54:25.234 1176 1339 D HwWifiCHRStateManager: handleMessage : 1001
04-24 12:54:25.234 1176 1339 D HwWifiCHRStateManager: handleUpdateChannel:2412
04-24 12:54:25.235 1176 1339 V HwWifiServiceFactory: get AllImpl object = com.android.server.wifi.HwWifiServiceFactoryImpl@2205edc
04-24 12:54:25.239 742 742 E wificond: Failed to get NL80211_RATE_INFO_NOISE
04-24 12:54:25.240 742 742 E wificond: Failed to get NL80211_RATE_INFO_SNR
04-24 12:54:25.240 742 742 E wificond: Failed to get NL80211_STA_INFO_CNAHLOAD
04-24 12:54:25.241 1176 1406 D HuaweiWifiWatchdogStateMachine: LM mrssi=-30
04-24 12:54:25.242 1176 1176 D WiFi_PRO: MSG_RETURN_AP_CURRY_RSSI rssi = -30
04-24 12:54:25.242 1176 1176 I QosMonitor: queryRtt: rtt_type = 3
04-24 12:54:25.243 1176 1406 I HuaweiWifiWatchdogStateMachine: spd good count:0, add sc:0.0, rate:1.0
04-24 12:54:25.243 1176 1406 I HuaweiWifiWatchdogStateMachine: current mHighDataFlowRate = 1.0
04-24 12:54:25.243 1176 1406 I HuaweiWifiWatchdogStateMachine: POta txb txg rxg:0, 145, 0. Lr =0% Totpkt=145
04-24 12:54:25.243 1176 1176 I HwQoEJNI: send_cmd_kernel. begin
04-24 12:54:25.243 1176 1176 I HwQoEJNI: send_cmd_kernel. end
04-24 12:54:25.243 1176 1176 I QosMonitor: postEventFromNative: msg=100,arg1=4,arg2=10
04-24 12:54:25.244 1176 1176 I HwQoEJNI: send_cmd_kernel. begin
04-24 12:54:25.244 1176 1176 I HwQoEJNI: send_cmd_kernel. end
04-24 12:54:25.244 1176 1176 I QosMonitor: postEventFromNative: msg=100,arg1=0,arg2=10
04-24 12:54:25.245 1176 1176 D HuaweiWifiWatchdogStateMachine: setSampleRtt: unvalid rtt
04-24 12:54:25.245 1176 1176 I MQoS : rtt=160,tcp_tx_pkts=480944,tcp_rx_pkts=921410
04-24 12:54:25.246 1176 1406 D HuaweiWifiWatchdogStateMachine: dumpTcpResult: len=10,rtt=160,rttPkt=1,rttWn=71,cgt=0,cgtWn=0
04-24 12:54:25.246 1176 1406 I HuaweiWifiWatchdogStateMachine: PTcp RTT:0, rtt pkt=0, tcp_rx=0, tcp_tx=0, tcp_reTran=0, rtRate=0
04-24 12:54:25.246 1176 1406 D HuaweiWifiWatchdogStateMachine: mRssiBadCount =0, RSSI not bad.
04-24 12:54:25.246 1176 1406 D HuaweiWifiWatchdogStateMachine: detectNetworkAvailable:hw.wifipro.dns_fail_count = 131
04-24 12:54:25.246 1176 1406 D HuaweiWifiWatchdogStateMachine: bqeLevel = 2 rtt=0,rtt_pkts=0 speed=37 rssi=-30
04-24 12:54:25.246 1176 1406 D HuaweiWifiWatchdogStateMachine: Enter updateQoeLevel level = 2
04-24 12:54:25.246 1176 1406 D HuaweiWifiWatchdogStateMachine: updateQoeLevel current level equal to mLastDetectLevel, return
04-24 12:54:25.247 1176 1406 D HuaweiWifiWatchdogStateMachine: did not have any network action
04-24 12:54:25.256 1176 3515 I MQoS : QOS_level:0(0),wifi-link;SIM error;use level-0
