04-24 12:48:32.935 1176 3515 I MQoS : QOS_level:0(0),wifi-link;SIM error;use level-0
04-24 12:48:34.809 1176 1338 D HwWifiStatStore: handleMessage : 200
04-24 12:48:35.591 1176 1392 D HwArpVerifier: performPollAndLog:
04-24 12:48:35.595 1176 1392 D hw_netstat: total/0/0
04-24 12:48:35.792 777 777 E : [E/capacity_limit_control] not demo version, not set power control prop!
04-24 12:48:37.794 1176 1176 I TrafficMonitor: expired arrive. level:-1
04-24 12:48:37.797 1176 1176 I TrafficMonitor: update:rxPkts:0,txPkts:0,rxBytes:0,txBytes:0
04-24 12:48:37.797 1176 1176 I TrafficMonitor: start expired. level:-1
04-24 12:48:37.797 1176 1176 I TrafficMonitor: gettimer:interval=5000
04-24 12:48:37.797 1176 1176 I TrafficMonitor: during_ms:5008,period_ms:2000
04-24 12:48:37.797 1176 1176 I TrafficMonitor: count:760,rx_sum:0,tx_sum:0,rxBytes:0,during_ms:5008,rx_speed:0.0,tx_speed:0.0,rto:0.0
04-24 12:48:37.797 1176 1176 D HuaweiWifiWatchdogStateMachine: speed: rxpkt:0, rxSpd:0B/s, txpkt:0, txSpd:0
04-24 12:48:37.816 1176 1338 D HwWifiStatStore: handleMessage : 200
04-24 12:48:40.498 487 620 W SocketListener: sending broadcast to Pid = 1176, Uid = 1000
04-24 12:48:40.502 1176 1332 D NetdConnector: RCV <- {613 IfaceClass active 1 353308651316766 10824}
04-24 12:48:40.506 1176 1332 D NetdConnector: RCV <- {613 IfaceClass active 1 353308651316766 10824}
04-24 12:48:40.508 1176 1202 D NetdConnector: RCV unsolicited event from native daemon, event = 613
04-24 12:48:40.601 1176 1392 D HwArpVerifier: performPollAndLog:
04-24 12:48:40.604 1176 1392 D hw_netstat: total/88/68,unknown:0/88/68
04-24 12:48:40.803 777 777 E : [E/capacity_limit_control] not demo version, not set power control prop!
04-24 12:48:40.821 1176 1338 D HwWifiStatStore: handleMessage : 200
04-24 12:48:40.915 742 742 E wificond: Failed to get NL80211_RATE_INFO_NOISE
04-24 12:48:40.915 742 742 E wificond: Failed to get NL80211_RATE_INFO_SNR
04-24 12:48:40.916 742 742 E wificond: Failed to get NL80211_STA_INFO_CNAHLOAD
04-24 12:48:40.916 1176 1337 E WificondControl: Noise: 0, Snr: -1, Chload: -1
04-24 12:48:40.918 1176 1339 D HwWifiCHRStateManager: handleMessage : 1001
04-24 12:48:40.918 1176 1339 D HwWifiCHRStateManager: handleUpdateChannel:2412
04-24 12:48:40.918 1176 1339 V HwWifiServiceFactory: get AllImpl object = com.android.server.wifi.HwWifiServiceFactoryImpl@2205edc
04-24 12:48:40.922 742 742 E wificond: Failed to get NL80211_RATE_INFO_NOISE
04-24 12:48:40.922 742 742 E wificond: Failed to get NL80211_RATE_INFO_SNR
04-24 12:48:40.922 742 742 E wificond: Failed to get NL80211_STA_INFO_CNAHLOAD
04-24 12:48:40.925 1176 1406 D HuaweiWifiWatchdogStateMachine: LM mrssi=-28
04-24 12:48:40.925 1176 1176 D WiFi_PRO: MSG_RETURN_AP_CURRY_RSSI rssi = -28
04-24 12:48:40.925 1176 1176 I QosMonitor: queryRtt: rtt_type = 3
04-24 12:48:40.925 1176 1406 D HuaweiWifiWatchdogStateMachine: a4:fa:**:**:eb:b0 current loss[-45]=0%, volume=3
04-24 12:48:40.925 1176 1406 D HuaweiWifiWatchdogStateMachine: a4:fa:**:**:eb:b0 history loss[-45]=0%, volume=13825586
04-24 12:48:40.925 1176 1176 I HwQoEJNI: send_cmd_kernel. begin
04-24 12:48:40.926 1176 1176 I HwQoEJNI: send_cmd_kernel. end
04-24 12:48:40.926 1176 1176 I QosMonitor: postEventFromNative: msg=100,arg1=4,arg2=10
04-24 12:48:40.926 1176 1406 I HuaweiWifiWatchdogStateMachine: spd good count:0, add sc:0.0, rate:1.0
04-24 12:48:40.926 1176 1176 D HuaweiWifiWatchdogStateMachine: setSampleRtt: unvalid rtt
04-24 12:48:40.927 1176 1406 D HuaweiWifiWatchdogStateMachine: high data flow: protection_counter = 0, not_detect_counter = 374
04-24 12:48:40.927 1176 1406 D HuaweiWifiWatchdogStateMachine: high data flow scenario: 0 --> 0 rx bytes =0KB
04-24 12:48:40.927 1176 1406 I HuaweiWifiWatchdogStateMachine: current mHighDataFlowRate = 1.0
04-24 12:48:40.927 1176 1406 I HuaweiWifiWatchdogStateMachine: POta txb txg rxg:0, 116, 0. Lr =0% Totpkt=116
04-24 12:48:40.928 1176 1176 I HwQoEJNI: send_cmd_kernel. begin
04-24 12:48:40.928 1176 1176 I HwQoEJNI: send_cmd_kernel. end
04-24 12:48:40.929 1176 1176 I QosMonitor: postEventFromNative: msg=100,arg1=0,arg2=10
04-24 12:48:40.929 1176 1176 I MQoS : rtt=80,tcp_tx_pkts=480938,tcp_rx_pkts=921407
04-24 12:48:40.930 1176 1406 D HuaweiWifiWatchdogStateMachine: dumpTcpResult: len=10,rtt=80,rttPkt=1,rttWn=146,cgt=0,cgtWn=0
04-24 12:48:40.931 1176 1406 I HuaweiWifiWatchdogStateMachine: PTcp RTT:0, rtt pkt=0, tcp_rx=0, tcp_tx=0, tcp_reTran=0, rtRate=0
04-24 12:48:40.931 1176 1406 D HuaweiWifiWatchdogStateMachine: mRssiBadCount =0, RSSI not bad.
04-24 12:48:40.931 1176 1406 D HuaweiWifiWatchdogStateMachine: detectNetworkAvailable:hw.wifipro.dns_fail_count = 131
04-24 12:48:40.931 1176 1406 D HuaweiWifiWatchdogStateMachine: bqeLevel = 2 rtt=0,rtt_pkts=0 speed=37 rssi=-28
04-24 12:48:40.932 1176 1406 D HuaweiWifiWatchdogStateMachine: Enter updateQoeLevel level = 2
04-24 12:48:40.932 1176 1406 D HuaweiWifiWatchdogStateMachine: updateQoeLevel current level equal to mLastDetectLevel, return
04-24 12:48:40.932 1176 1406 D HuaweiWifiWatchdogStateMachine: did not have any network action
04-24 12:48:40.938 1176 3515 I MQoS : QOS_level:0(0),wifi-link;SIM error;use level-0
04-24 12:48:42.409 27703 27703 W [GT]HotPool#7: type=1400 audit(0.0:40751): avc: denied { getattr } for path="socket:[4405641]" dev="sockfs" ino=4405641 scontext=u:r:untrusted_app:s0:c512,c768 tcontext=u:r:zygote:s0 tclass=unix_dgram_socket permissive=0
04-24 12:48:42.419 27703 27703 W [GT]HotPool#7: type=1400 audit(0.0:40752): avc: denied { getattr } for path="/dev/pmsg0" dev="tmpfs" ino=2386 scontext=u:r:untrusted_app:s0:c512,c768 tcontext=u:object_r:pmsg_device:s0 tclass=chr_file permissive=0
04-24 12:48:42.419 27703 27703 W [GT]HotPool#7: type=1400 audit(0.0:40753): avc: denied { getattr } for path="/sys/kernel/debug/tracing/trace_marker" dev="tracefs" ino=3087 scontext=u:r:untrusted_app:s0:c512,c768 tcontext=u:object_r:debugfs_trace_marker:s0 tclass=file permissive=0
04-24 12:48:42.429 27905 27905 W [GT]HotPool#2: type=1400 audit(0.0:40755): avc: denied { getattr } for path="socket:[4427000]" dev="sockfs" ino=4427000 scontext=u:r:untrusted_app:s0:c512,c768 tcontext=u:r:zygote:s0 tclass=unix_dgram_socket permissive=0
04-24 12:48:42.439 27905 27905 W [GT]HotPool#2: type=1400 audit(0.0:40756): avc: denied { getattr } for path="/dev/pmsg0" dev="tmpfs" ino=2386 scontext=u:r:untrusted_app:s0:c512,c768 tcontext=u:object_r:pmsg_device:s0 tclass=chr_file permissive=0
04-24 12:48:42.439 27905 27905 W [GT]HotPool#2: type=1400 audit(0.0:40757): avc: denied { getattr } for path="/sys/kernel/debug/tracing/trace_marker" dev="tracefs" ino=3087 scontext=u:r:untrusted_app:s0:c512,c768 tcontext=u:object_r:debugfs_trace_marker:s0 tclass=file permissive=0
04-24 12:48:42.439 27905 27905 W [GT]HotPool#2: type=1400 audit(0.0:40758): avc: denied { getattr } for path="socket:[4427001]" dev="sockfs" ino=4427001 scontext=u:r:untrusted_app:s0:c512,c768 tcontext=u:r:zygote:s0 tclass=unix_dgram_socket permissive=0
04-24 12:48:42.655 1729 23345 I DownloadState: 0 transmitting data speed : 31 bytes/s scroff: true
04-24 12:48:42.800 1176 1176 I TrafficMonitor: expired arrive. level:-1
04-24 12:48:42.802 1176 1176 I TrafficMonitor: update:rxPkts:2,txPkts:2,rxBytes:88,txBytes:68
04-24 12:48:42.802 1176 1176 I TrafficMonitor: start expired. level:-1
04-24 12:48:42.803 1176 1176 I TrafficMonitor: gettimer:interval=2000
04-24 12:48:42.803 1176 1176 I TrafficMonitor: during_ms:5006,period_ms:2000
04-24 12:48:42.803 1176 1176 I TrafficMonitor: count:761,rx_sum:2,tx_sum:2,rxBytes:88,during_ms:5006,rx_speed:17.57890531362365,tx_speed:13.583699560527366,rto:1.0
04-24 12:48:42.803 1176 1176 D HuaweiWifiWatchdogStateMachine: speed: rxpkt:2, rxSpd:17B/s, txpkt:2, txSpd:13
04-24 12:48:43.829 1176 1338 D HwWifiStatStore: handleMessage : 200
04-24 12:48:44.809 1176 1176 I TrafficMonitor: update:rxPkts:0,txPkts:0,rxBytes:0,txBytes:0
04-24 12:48:44.809 1176 1176 I TrafficMonitor: start expired. level:-1
04-24 12:48:44.809 1176 1176 I TrafficMonitor: gettimer:interval=2000
04-24 12:48:45.086 1176 1176 D HwInnerWifiManagerImpl: SupplicantState = COMPLETED
04-24 12:48:45.086 1176 1176 D HwInnerWifiManagerImpl: isPhoneAP = false
04-24 12:48:45.087 1176 1176 D HwInnerWifiManagerImpl: SupplicantState = COMPLETED
04-24 12:48:45.088 1176 1176 D HwInnerWifiManagerImpl: isPhoneAP = false
04-24 12:48:45.088 1176 1176 D WifiStateMachine: mBcastReceiver: PluggedType = 2 mIsScanCtrlPluggedin = true
04-24 12:48:45.088 1463 1463 D KeyguardUpdateMonitor: received broadcast android.intent.action.BATTERY_CHANGED
04-24 12:48:45.088 1176 1176 D HwWifiService: mPluggedType =2
04-24 12:48:45.088 1463 1463 W KeyguardUpdateMonitor: ACTION_BATTERY_CHANGED AMP: 500000; Volt: 5000000
04-24 12:48:45.089 1463 1463 V KeyguardUpdateMonitor: RefreshBatteryInfo isBatteryLow: 75
04-24 12:48:45.089 1463 1463 W KeyguardUpdateMonitor: ChargingSpeed Wattage: 2500000 ST: 5000000 --> 7500000
04-24 12:48:45.089 1463 1463 I KgBattery: BatteryInfo updated: 2lPc0
04-24 12:48:45.089 1463 1463 W AppHandler: sendMessage with obj100
04-24 12:48:45.089 1463 1463 D KeyguardUpdateMonitor: handleBatteryUpdate
04-24 12:48:45.089 1463 1463 W HwLockScreenPanel: Handle message: 100
04-24 12:48:45.089 1463 1463 W HwKeyguardBottomArea: updateBatteryInfo : false true
04-24 12:48:45.089 1176 1176 D WifiService: onReceive, action:android.intent.action.BATTERY_CHANGED
04-24 12:48:45.089 1176 1176 D WifiService: ACTION_BATTERY_CHANGED pluggedType: 2
04-24 12:48:45.090 1463 1463 W KgBattery: getCharge info with type: text
04-24 12:48:45.096 1729 1729 I MsgReceiver: intent action: android.intent.action.BATTERY_CHANGED
04-24 12:48:45.098 5515 5671 E CloudAlbum[8.1.2.309]: [ReceiverManager] not log on ignore
04-24 12:48:45.109 1463 1463 W HwLockScreenPanel: refreshBatteryInfo: null
04-24 12:48:45.610 1176 1392 D HwArpVerifier: performPollAndLog:
04-24 12:48:45.614 1176 1392 D hw_netstat: total/0/0
04-24 12:48:45.813 777 777 E : [E/capacity_limit_control] not demo version, not set power control prop!
04-24 12:48:46.814 1176 1176 I TrafficMonitor: update:rxPkts:0,txPkts:0,rxBytes:0,txBytes:0
04-24 12:48:46.814 1176 1176 I TrafficMonitor: start expired. level:-1
04-24 12:48:46.815 1176 1176 I TrafficMonitor: gettimer:interval=2000
04-24 12:48:46.836 1176 1338 D HwWifiStatStore: handleMessage : 200
04-24 12:48:47.804 1176 1176 I TrafficMonitor: expired arrive. level:-1
04-24 12:48:47.804 1176 1176 I TrafficMonitor: during_ms:2006,period_ms:2000
04-24 12:48:47.805 1176 1176 I TrafficMonitor: count:763,rx_sum:0,tx_sum:0,rxBytes:0,during_ms:2006,rx_speed:0.0,tx_speed:0.0,rto:0.0
04-24 12:48:47.805 1176 1176 D HuaweiWifiWatchdogStateMachine: speed: rxpkt:0, rxSpd:0B/s, txpkt:0, txSpd:0
04-24 12:48:48.819 1176 1176 I TrafficMonitor: update:rxPkts:0,txPkts:0,rxBytes:0,txBytes:0
04-24 12:48:48.819 1176 1176 I TrafficMonitor: start expired. level:-1
04-24 12:48:48.820 1176 1176 I TrafficMonitor: gettimer:interval=2000
04-24 12:48:48.920 742 742 E wificond: Failed to get NL80211_RATE_INFO_NOISE
04-24 12:48:48.920 742 742 E wificond: Failed to get NL80211_RATE_INFO_SNR
04-24 12:48:48.920 742 742 E wificond: Failed to get NL80211_STA_INFO_CNAHLOAD
04-24 12:48:48.921 1176 1337 E WificondControl: Noise: 0, Snr: -1, Chload: -1
04-24 12:48:48.922 1176 1339 D HwWifiCHRStateManager: handleMessage : 1001
04-24 12:48:48.922 1176 1339 D HwWifiCHRStateManager: handleUpdateChannel:2412
04-24 12:48:48.923 1176 1339 V HwWifiServiceFactory: get AllImpl object = com.android.server.wifi.HwWifiServiceFactoryImpl@2205edc
04-24 12:48:48.928 742 742 E wificond: Failed to get NL80211_RATE_INFO_NOISE
04-24 12:48:48.928 742 742 E wificond: Failed to get NL80211_RATE_INFO_SNR
04-24 12:48:48.928 742 742 E wificond: Failed to get NL80211_STA_INFO_CNAHLOAD
04-24 12:48:48.930 1176 1406 D HuaweiWifiWatchdogStateMachine: LM mrssi=-28
04-24 12:48:48.930 1176 1176 D WiFi_PRO: MSG_RETURN_AP_CURRY_RSSI rssi = -28
04-24 12:48:48.931 1176 1176 I QosMonitor: queryRtt: rtt_type = 3
04-24 12:48:48.931 1176 1406 I HuaweiWifiWatchdogStateMachine: spd good count:0, add sc:0.0, rate:1.0
04-24 12:48:48.931 1176 1406 I HuaweiWifiWatchdogStateMachine: current mHighDataFlowRate = 1.0
04-24 12:48:48.932 1176 1176 I HwQoEJNI: send_cmd_kernel. begin
04-24 12:48:48.932 1176 1406 I HuaweiWifiWatchdogStateMachine: POta txb txg rxg:0, 116, 0. Lr =0% Totpkt=116
04-24 12:48:48.932 1176 1176 I HwQoEJNI: send_cmd_kernel. end
04-24 12:48:48.932 1176 1176 I QosMonitor: postEventFromNative: msg=100,arg1=4,arg2=10
04-24 12:48:48.932 1176 1176 I HwQoEJNI: send_cmd_kernel. begin
04-24 12:48:48.933 1176 1176 I HwQoEJNI: send_cmd_kernel. end
04-24 12:48:48.933 1176 1176 I QosMonitor: postEventFromNative: msg=100,arg1=0,arg2=10
04-24 12:48:48.933 1176 1176 D HuaweiWifiWatchdogStateMachine: setSampleRtt: unvalid rtt
04-24 12:48:48.933 1176 1176 I MQoS : rtt=80,tcp_tx_pkts=480938,tcp_rx_pkts=921407
04-24 12:48:48.935 1176 1406 D HuaweiWifiWatchdogStateMachine: dumpTcpResult: len=10,rtt=80,rttPkt=1,rttWn=154,cgt=0,cgtWn=0
04-24 12:48:48.935 1176 1406 I HuaweiWifiWatchdogStateMachine: PTcp RTT:0, rtt pkt=0, tcp_rx=0, tcp_tx=0, tcp_reTran=0, rtRate=0
04-24 12:48:48.935 1176 1406 D HuaweiWifiWatchdogStateMachine: mRssiBadCount =0, RSSI not bad.
04-24 12:48:48.935 1176 1406 D HuaweiWifiWatchdogStateMachine: detectNetworkAvailable:hw.wifipro.dns_fail_count = 131
04-24 12:48:48.935 1176 1406 D HuaweiWifiWatchdogStateMachine: bqeLevel = 2 rtt=0,rtt_pkts=0 speed=37 rssi=-28
04-24 12:48:48.935 1176 1406 D HuaweiWifiWatchdogStateMachine: Enter updateQoeLevel level = 2
04-24 12:48:48.936 1176 1406 D HuaweiWifiWatchdogStateMachine: updateQoeLevel current level equal to mLastDetectLevel, return
04-24 12:48:48.936 1176 1406 D HuaweiWifiWatchdogStateMachine: did not have any network action
04-24 12:48:48.944 1176 3515 I MQoS : QOS_level:0(0),wifi-link;SIM error;use level-0
04-24 12:48:49.451 1176 1589 W Watchdog: hungtask: writing kick
04-24 12:48:49.454 1176 1202 I EventHub: EventHub monitor: no key events in the past 2263s, no motion events in the past 2264s
04-24 12:48:49.842 1176 1338 D HwWifiStatStore: handleMessage : 200
04-24 12:48:50.568 1176 1392 D HwArpVerifier: check_wifi_state_mode = 0 mCheckStateToken=25 token25
04-24 12:48:50.571 1176 1392 D wifiserviceimpl: netmask =16777215
04-24 12:48:50.617 1176 1392 D HWMultiGW: setGateWay 192.168.1.1
04-24 12:48:50.822 777 777 E : [E/capacity_limit_control] not demo version, not set power control prop!
04-24 12:48:50.829 1176 1176 I TrafficMonitor: update:rxPkts:0,txPkts:0,rxBytes:0,txBytes:0
04-24 12:48:50.829 1176 1176 I TrafficMonitor: start expired. level:-1
04-24 12:48:50.829 1176 1176 I TrafficMonitor: gettimer:interval=2000
04-24 12:48:51.620 1176 1392 D HwArpVerifier: getGateWayARPResponses: arp rtt = 9
04-24 12:48:51.621 1176 1392 E HwCHRWifiRSSIGroupSummery: updatArpSummery mRSSI:-28 HwCHRWifiRSSIGroup [rssi_index=4, rtt_tcp_packets=0, rtt_tcp_duration=0, rtt_lan_duration=7848, rtt_lan_failures=0, rtt_lan_succ=386, rtt_lan_max=939, rtt_lan_min=0,same_area_frequency=0,adjacent_area_frequency=0]
04-24 12:48:51.718 1176 1392 D HwArpVerifier: There are 1 mac address for gateway
04-24 12:48:51.718 1176 1392 D HwArpVerifier: from HEART_CHECK transmit to state:HEART_CHECK
04-24 12:48:51.718 1176 1392 D HwArpVerifier: msg what=124 arg1(token)=25 arg2(mode)=0 delay=30000
04-24 12:48:51.719 1176 1392 D HwArpVerifier: performPollAndLog:
04-24 12:48:51.723 1176 1392 D hw_netstat: total/0/0
04-24 12:48:52.664 1729 23345 I DownloadState: 0 transmitting data speed : 28 bytes/s scroff: true
04-24 12:48:52.835 1176 1176 I TrafficMonitor: update:rxPkts:1,txPkts:1,rxBytes:56,txBytes:84
04-24 12:48:52.836 1176 1176 I TrafficMonitor: start expired. level:-1
04-24 12:48:52.836 1176 1176 I TrafficMonitor: gettimer:interval=2000
04-24 12:48:52.849 1176 1338 D HwWifiStatStore: handleMessage : 200
04-24 12:48:53.822 1176 1176 I TrafficMonitor: expired arrive. level:-1
04-24 12:48:53.823 1176 1176 I TrafficMonitor: during_ms:2006,period_ms:2000
04-24 12:48:53.823 1176 1176 I TrafficMonitor: count:766,rx_sum:1,tx_sum:1,rxBytes:56,during_ms:2006,rx_speed:27.91625124626122,tx_speed:41.87437686939183,rto:1.0
04-24 12:48:53.823 1176 1176 D HuaweiWifiWatchdogStateMachine: speed: rxpkt:1, rxSpd:27B/s, txpkt:1, txSpd:41
04-24 12:48:54.841 1176 1176 I TrafficMonitor: update:rxPkts:0,txPkts:0,rxBytes:0,txBytes:0
04-24 12:48:54.841 1176 1176 I TrafficMonitor: start expired. level:-1
04-24 12:48:54.842 1176 1176 I TrafficMonitor: gettimer:interval=2000
04-24 12:48:55.834 777 777 E : [E/capacity_limit_control] not demo version, not set power control prop!
04-24 12:48:55.855 1176 1338 D HwWifiStatStore: handleMessage : 200
04-24 12:48:55.855 777 777 E : [E/capacity_limit_control] not demo version, not set power control prop!
04-24 12:48:55.858 1176 1288 D HwBatteryService: onUEvent fcpStatus = 0,scpStatus =0,ovpStatus=0
04-24 12:48:55.861 1176 1288 I UsbDeviceManager: water_intrused state= 0
04-24 12:48:55.879 1176 1176 D HwInnerWifiManagerImpl: SupplicantState = COMPLETED
04-24 12:48:55.879 1176 1176 D HwInnerWifiManagerImpl: isPhoneAP = false
04-24 12:48:55.883 1729 1729 I MsgReceiver: intent action: android.intent.action.BATTERY_CHANGED
04-24 12:48:55.885 5515 5671 E CloudAlbum[8.1.2.309]: [ReceiverManager] not log on ignore
04-24 12:48:55.881 1176 1176 D HwInnerWifiManagerImpl: SupplicantState = COMPLETED
04-24 12:48:55.888 1176 1176 D HwInnerWifiManagerImpl: isPhoneAP = false
04-24 12:48:55.888 1176 1176 D WifiStateMachine: mBcastReceiver: PluggedType = 2 mIsScanCtrlPluggedin = true
04-24 12:48:55.889 1463 1463 D KeyguardUpdateMonitor: received broadcast android.intent.action.BATTERY_CHANGED
04-24 12:48:55.889 1176 1176 D HwWifiService: mPluggedType =2
04-24 12:48:55.889 1463 1463 W KeyguardUpdateMonitor: ACTION_BATTERY_CHANGED AMP: 500000; Volt: 5000000
04-24 12:48:55.890 1176 1176 D WifiService: onReceive, action:android.intent.action.BATTERY_CHANGED
04-24 12:48:55.890 1176 1176 D WifiService: ACTION_BATTERY_CHANGED pluggedType: 2
04-24 12:48:55.893 1463 1463 V KeyguardUpdateMonitor: RefreshBatteryInfo isBatteryLow: 75
04-24 12:48:55.893 1463 1463 W KeyguardUpdateMonitor: ChargingSpeed Wattage: 2500000 ST: 5000000 --> 7500000
04-24 12:48:55.893 1463 1463 I KgBattery: BatteryInfo updated: 2lPc0
04-24 12:48:55.893 1463 1463 W AppHandler: sendMessage with obj100
04-24 12:48:55.893 1463 1463 D KeyguardUpdateMonitor: handleBatteryUpdate
04-24 12:48:55.894 1463 1463 W HwLockScreenPanel: Handle message: 100
04-24 12:48:55.894 1463 1463 W HwKeyguardBottomArea: updateBatteryInfo : false true
04-24 12:48:55.894 1463 1463 W KgBattery: getCharge info with type: text
04-24 12:48:55.898 1463 1463 W HwLockScreenPanel: refreshBatteryInfo: null
04-24 12:48:56.729 1176 1392 D HwArpVerifier: performPollAndLog:
04-24 12:48:56.733 1176 1392 D hw_netstat: total/56/84,unknown:0/56/84
04-24 12:48:56.846 1176 1176 I TrafficMonitor: update:rxPkts:0,txPkts:0,rxBytes:0,txBytes:0
04-24 12:48:56.846 1176 1176 I TrafficMonitor: start expired. level:-1
04-24 12:48:56.847 1176 1176 I TrafficMonitor: gettimer:interval=2000
04-24 12:48:56.928 742 742 E wificond: Failed to get NL80211_RATE_INFO_NOISE
04-24 12:48:56.928 742 742 E wificond: Failed to get NL80211_RATE_INFO_SNR
04-24 12:48:56.928 742 742 E wificond: Failed to get NL80211_STA_INFO_CNAHLOAD
04-24 12:48:56.929 1176 1337 E WificondControl: Noise: 0, Snr: -1, Chload: -1
04-24 12:48:56.930 1176 1339 D HwWifiCHRStateManager: handleMessage : 1001
04-24 12:48:56.930 1176 1339 D HwWifiCHRStateManager: handleUpdateChannel:2412
04-24 12:48:56.931 1176 1339 V HwWifiServiceFactory: get AllImpl object = com.android.server.wifi.HwWifiServiceFactoryImpl@2205edc
04-24 12:48:56.935 742 742 E wificond: Failed to get NL80211_RATE_INFO_NOISE
04-24 12:48:56.935 742 742 E wificond: Failed to get NL80211_RATE_INFO_SNR
04-24 12:48:56.935 742 742 E wificond: Failed to get NL80211_STA_INFO_CNAHLOAD
04-24 12:48:56.937 1176 1406 D HuaweiWifiWatchdogStateMachine: LM mrssi=-28
04-24 12:48:56.937 1176 1176 D WiFi_PRO: MSG_RETURN_AP_CURRY_RSSI rssi = -28
04-24 12:48:56.937 1176 1406 D HuaweiWifiWatchdogStateMachine: a4:fa:**:**:eb:b0 current loss[-45]=0%, volume=2
04-24 12:48:56.937 1176 1406 D HuaweiWifiWatchdogStateMachine: a4:fa:**:**:eb:b0 history loss[-45]=0%, volume=13825588
04-24 12:48:56.938 1176 1176 I QosMonitor: queryRtt: rtt_type = 3
04-24 12:48:56.938 1176 1406 I HuaweiWifiWatchdogStateMachine: spd good count:0, add sc:0.0, rate:1.0
04-24 12:48:56.938 1176 1406 I HuaweiWifiWatchdogStateMachine: current mHighDataFlowRate = 1.0
04-24 12:48:56.938 1176 1406 I HuaweiWifiWatchdogStateMachine: POta txb txg rxg:0, 118, 0. Lr =0% Totpkt=118
04-24 12:48:56.938 1176 1176 I HwQoEJNI: send_cmd_kernel. begin
04-24 12:48:56.938 1176 1176 I HwQoEJNI: send_cmd_kernel. end
04-24 12:48:56.939 1176 1176 I QosMonitor: postEventFromNative: msg=100,arg1=4,arg2=10
04-24 12:48:56.939 1176 1176 I HwQoEJNI: send_cmd_kernel. begin
04-24 12:48:56.939 1176 1176 I HwQoEJNI: send_cmd_kernel. end
04-24 12:48:56.940 1176 1176 I QosMonitor: postEventFromNative: msg=100,arg1=0,arg2=10
04-24 12:48:56.940 1176 1176 D HuaweiWifiWatchdogStateMachine: setSampleRtt: unvalid rtt
04-24 12:48:56.940 1176 1176 I MQoS : rtt=80,tcp_tx_pkts=480938,tcp_rx_pkts=921407
04-24 12:48:56.941 1176 1406 D HuaweiWifiWatchdogStateMachine: dumpTcpResult: len=10,rtt=80,rttPkt=1,rttWn=162,cgt=0,cgtWn=0
04-24 12:48:56.942 1176 1406 I HuaweiWifiWatchdogStateMachine: PTcp RTT:0, rtt pkt=0, tcp_rx=0, tcp_tx=0, tcp_reTran=0, rtRate=0
04-24 12:48:56.942 1176 1406 D HuaweiWifiWatchdogStateMachine: mRssiBadCount =0, RSSI not bad.
04-24 12:48:56.942 1176 1406 D HuaweiWifiWatchdogStateMachine: detectNetworkAvailable:hw.wifipro.dns_fail_count = 131
04-24 12:48:56.942 1176 1406 D HuaweiWifiWatchdogStateMachine: bqeLevel = 2 rtt=0,rtt_pkts=0 speed=37 rssi=-28
04-24 12:48:56.942 1176 1406 D HuaweiWifiWatchdogStateMachine: Enter updateQoeLevel level = 2
04-24 12:48:56.942 1176 1406 D HuaweiWifiWatchdogStateMachine: updateQoeLevel current level equal to mLastDetectLevel, return
04-24 12:48:56.942 1176 1406 D HuaweiWifiWatchdogStateMachine: did not have any network action
04-24 12:48:56.948 1176 3515 I MQoS : QOS_level:0(0),wifi-link;SIM error;use level-0
04-24 12:48:56.978 1106 1119 I OAM : [check_file_size:505]/data/log/wifi/wifi_log_1 log file beyond size=10240Byte, creat new file
04-24 12:48:56.979 1106 1119 I OAM : [rename_old_file:210]rename_old_file
04-24 12:48:56.979 1106 1119 I OAM :
04-24 12:48:58.853 1176 1176 I TrafficMonitor: update:rxPkts:0,txPkts:0,rxBytes:0,txBytes:0
04-24 12:48:58.853 1176 1176 I TrafficMonitor: start expired. level:-1
04-24 12:48:58.853 1176 1176 I TrafficMonitor: gettimer:interval=2000
04-24 12:48:58.861 1176 1338 D HwWifiStatStore: handleMessage : 200
04-24 12:48:59.843 1176 1176 I TrafficMonitor: expired arrive. level:-1
04-24 12:48:59.844 1176 1176 I TrafficMonitor: during_ms:2006,period_ms:2000
04-24 12:48:59.844 1176 1176 I TrafficMonitor: count:769,rx_sum:0,tx_sum:0,rxBytes:0,during_ms:2006,rx_speed:0.0,tx_speed:0.0,rto:0.0
04-24 12:48:59.844 1176 1176 D HuaweiWifiWatchdogStateMachine: speed: rxpkt:0, rxSpd:0B/s, txpkt:0, txSpd:0
04-24 12:49:00.857 1176 1176 I TrafficMonitor: update:rxPkts:0,txPkts:0,rxBytes:0,txBytes:0
04-24 12:49:00.857 1176 1176 I TrafficMonitor: start expired. level:-1
04-24 12:49:00.858 1176 1176 I TrafficMonitor: gettimer:interval=2000
04-24 12:49:00.866 777 777 E : [E/capacity_limit_control] not demo version, not set power control prop!
04-24 12:49:01.738 1176 1392 D HwArpVerifier: performPollAndLog:
04-24 12:49:01.743 1176 1392 D hw_netstat: total/0/0
04-24 12:49:01.868 1176 1338 D HwWifiStatStore: handleMessage : 200
04-24 12:49:02.864 1176 1176 I TrafficMonitor: update:rxPkts:0,txPkts:0,rxBytes:0,txBytes:0
04-24 12:49:02.864 1176 1176 I TrafficMonitor: start expired. level:-1
04-24 12:49:02.864 1176 1176 I TrafficMonitor: gettimer:interval=2000
04-24 12:49:04.870 1176 1176 I TrafficMonitor: update:rxPkts:0,txPkts:0,rxBytes:0,txBytes:0
04-24 12:49:04.870 1176 1176 I TrafficMonitor: start expired. level:-1
04-24 12:49:04.870 1176 1176 I TrafficMonitor: gettimer:interval=2000
04-24 12:49:04.875 1176 1338 D HwWifiStatStore: handleMessage : 200
04-24 12:49:04.942 742 742 E wificond: Failed to get NL80211_RATE_INFO_NOISE
04-24 12:49:04.942 742 742 E wificond: Failed to get NL80211_RATE_INFO_SNR
04-24 12:49:04.942 742 742 E wificond: Failed to get NL80211_STA_INFO_CNAHLOAD
04-24 12:49:04.943 1176 1337 E WificondControl: Noise: 0, Snr: -1, Chload: -1
04-24 12:49:04.944 1176 1339 D HwWifiCHRStateManager: handleMessage : 1001
04-24 12:49:04.944 1176 1339 D HwWifiCHRStateManager: handleUpdateChannel:2412
04-24 12:49:04.944 1176 1339 V HwWifiServiceFactory: get AllImpl object = com.android.server.wifi.HwWifiServiceFactoryImpl@2205edc
04-24 12:49:04.948 742 742 E wificond: Failed to get NL80211_RATE_INFO_NOISE
04-24 12:49:04.948 742 742 E wificond: Failed to get NL80211_RATE_INFO_SNR
04-24 12:49:04.949 742 742 E wificond: Failed to get NL80211_STA_INFO_CNAHLOAD
04-24 12:49:04.950 1176 1406 D HuaweiWifiWatchdogStateMachine: LM mrssi=-30
04-24 12:49:04.950 1176 1176 D WiFi_PRO: MSG_RETURN_AP_CURRY_RSSI rssi = -30
04-24 12:49:04.951 1176 1406 D HuaweiWifiWatchdogStateMachine: a4:fa:**:**:eb:b0 current loss[-45]=0%, volume=1
04-24 12:49:04.951 1176 1406 D HuaweiWifiWatchdogStateMachine: a4:fa:**:**:eb:b0 history loss[-45]=0%, volume=13825589
04-24 12:49:04.951 1176 1176 I QosMonitor: queryRtt: rtt_type = 3
04-24 12:49:04.952 1176 1176 I HwQoEJNI: send_cmd_kernel. begin
04-24 12:49:04.952 1176 1406 I HuaweiWifiWatchdogStateMachine: spd good count:0, add sc:0.0, rate:1.0
04-24 12:49:04.952 1176 1406 I HuaweiWifiWatchdogStateMachine: current mHighDataFlowRate = 1.0
04-24 12:49:04.952 1176 1406 I HuaweiWifiWatchdogStateMachine: POta txb txg rxg:0, 119, 0. Lr =0% Totpkt=119
04-24 12:49:04.952 1176 1176 I HwQoEJNI: send_cmd_kernel. end
04-24 12:49:04.953 1176 1176 I QosMonitor: postEventFromNative: msg=100,arg1=4,arg2=10
04-24 12:49:04.953 1176 1176 I HwQoEJNI: send_cmd_kernel. begin
04-24 12:49:04.953 1176 1176 I HwQoEJNI: send_cmd_kernel. end
04-24 12:49:04.953 1176 1176 I QosMonitor: postEventFromNative: msg=100,arg1=0,arg2=10
04-24 12:49:04.954 1176 1176 D HuaweiWifiWatchdogStateMachine: setSampleRtt: unvalid rtt
04-24 12:49:04.955 1176 1176 I MQoS : rtt=80,tcp_tx_pkts=480938,tcp_rx_pkts=921407
04-24 12:49:04.955 1176 1406 D HuaweiWifiWatchdogStateMachine: dumpTcpResult: len=10,rtt=80,rttPkt=1,rttWn=170,cgt=0,cgtWn=0
04-24 12:49:04.955 1176 1406 I HuaweiWifiWatchdogStateMachine: PTcp RTT:0, rtt pkt=0, tcp_rx=0, tcp_tx=0, tcp_reTran=0, rtRate=0
04-24 12:49:04.955 1176 1406 D HuaweiWifiWatchdogStateMachine: mRssiBadCount =0, RSSI not bad.
04-24 12:49:04.956 1176 1406 D HuaweiWifiWatchdogStateMachine: detectNetworkAvailable:hw.wifipro.dns_fail_count = 131
04-24 12:49:04.956 1176 1406 D HuaweiWifiWatchdogStateMachine: bqeLevel = 2 rtt=0,rtt_pkts=0 speed=37 rssi=-30
04-24 12:49:04.956 1176 1406 D HuaweiWifiWatchdogStateMachine: Enter updateQoeLevel level = 2
04-24 12:49:04.956 1176 1406 D HuaweiWifiWatchdogStateMachine: updateQoeLevel current level equal to mLastDetectLevel, return
04-24 12:49:04.956 1176 1406 D HuaweiWifiWatchdogStateMachine: did not have any network action
04-24 12:49:04.967 1176 3515 I MQoS : QOS_level:0(0),wifi-link;SIM error;use level-0
04-24 12:49:05.860 1176 1176 I TrafficMonitor: expired arrive. level:-1
04-24 12:49:05.861 1176 1176 I TrafficMonitor: during_ms:2006,period_ms:2000
04-24 12:49:05.861 1176 1176 I TrafficMonitor: count:772,rx_sum:0,tx_sum:0,rxBytes:0,during_ms:2006,rx_speed:0.0,tx_speed:0.0,rto:0.0
04-24 12:49:05.861 1176 1176 D HuaweiWifiWatchdogStateMachine: speed: rxpkt:0, rxSpd:0B/s, txpkt:0, txSpd:0
04-24 12:49:05.876 777 777 E : [E/capacity_limit_control] not demo version, not set power control prop!
04-24 12:49:06.749 1176 1392 D HwArpVerifier: performPollAndLog:
04-24 12:49:06.754 1176 1392 D hw_netstat: total/0/0
04-24 12:49:06.874 1176 1176 I TrafficMonitor: update:rxPkts:0,txPkts:0,rxBytes:0,txBytes:0
04-24 12:49:06.874 1176 1176 I TrafficMonitor: start expired. level:-1
04-24 12:49:06.874 1176 1176 I TrafficMonitor: gettimer:interval=2000
04-24 12:49:06.964 487 620 W SocketListener: sending broadcast to Pid = 1176, Uid = 1000
04-24 12:49:06.970 1176 1332 D NetdConnector: RCV <- {613 IfaceClass idle 1 353335118868324}
04-24 12:49:06.975 1176 1332 D NetdConnector: RCV <- {613 IfaceClass idle 1 353335118868324}
04-24 12:49:06.978 1176 1202 D NetdConnector: RCV unsolicited event from native daemon, event = 613
04-24 12:49:07.595 1729 2056 D SleepClean: run sleepClean start
04-24 12:49:07.881 1176 1338 D HwWifiStatStore: handleMessage : 200
04-24 12:49:08.880 1176 1176 I TrafficMonitor: update:rxPkts:0,txPkts:0,rxBytes:0,txBytes:0
04-24 12:49:08.880 1176 1176 I TrafficMonitor: start expired. level:-1
04-24 12:49:08.882 1176 1176 I TrafficMonitor: gettimer:interval=2000
04-24 12:49:10.885 777 777 E : [E/capacity_limit_control] not demo version, not set power control prop!
04-24 12:49:10.886 1176 1338 D HwWifiStatStore: handleMessage : 200
04-24 12:49:10.889 1176 1176 I TrafficMonitor: update:rxPkts:0,txPkts:0,rxBytes:0,txBytes:0
04-24 12:49:10.890 1176 1176 I TrafficMonitor: start expired. level:-1
04-24 12:49:10.890 1176 1176 I TrafficMonitor: gettimer:interval=2000
04-24 12:49:11.760 1176 1392 D HwArpVerifier: performPollAndLog:
04-24 12:49:11.764 1176 1392 D hw_netstat: total/0/0
04-24 12:49:11.876 1176 1176 I TrafficMonitor: expired arrive. level:-1
04-24 12:49:11.876 1176 1176 I TrafficMonitor: during_ms:2009,period_ms:2000
04-24 12:49:11.877 1176 1176 I TrafficMonitor: count:775,rx_sum:0,tx_sum:0,rxBytes:0,during_ms:2009,rx_speed:0.0,tx_speed:0.0,rto:0.0
04-24 12:49:11.877 1176 1176 D HuaweiWifiWatchdogStateMachine: speed: rxpkt:0, rxSpd:0B/s, txpkt:0, txSpd:0
04-24 12:49:12.895 1176 1176 I TrafficMonitor: update:rxPkts:0,txPkts:0,rxBytes:0,txBytes:0
04-24 12:49:12.895 1176 1176 I TrafficMonitor: start expired. level:-1
04-24 12:49:12.896 1176 1176 I TrafficMonitor: gettimer:interval=5000
04-24 12:49:12.952 742 742 E wificond: Failed to get NL80211_RATE_INFO_NOISE
04-24 12:49:12.952 742 742 E wificond: Failed to get NL80211_RATE_INFO_SNR
04-24 12:49:12.952 742 742 E wificond: Failed to get NL80211_STA_INFO_CNAHLOAD
04-24 12:49:12.953 1176 1337 E WificondControl: Noise: 0, Snr: -1, Chload: -1
04-24 12:49:12.954 1176 1339 D HwWifiCHRStateManager: handleMessage : 1001
04-24 12:49:12.954 1176 1339 D HwWifiCHRStateManager: handleUpdateChannel:2412
04-24 12:49:12.954 1176 1339 V HwWifiServiceFactory: get AllImpl object = com.android.server.wifi.HwWifiServiceFactoryImpl@2205edc
04-24 12:49:12.959 742 742 E wificond: Failed to get NL80211_RATE_INFO_NOISE
04-24 12:49:12.959 742 742 E wificond: Failed to get NL80211_RATE_INFO_SNR
04-24 12:49:12.959 742 742 E wificond: Failed to get NL80211_STA_INFO_CNAHLOAD
04-24 12:49:12.962 1176 1406 D HuaweiWifiWatchdogStateMachine: LM mrssi=-30
04-24 12:49:12.962 1176 1176 D WiFi_PRO: MSG_RETURN_AP_CURRY_RSSI rssi = -30
04-24 12:49:12.962 1176 1406 I HuaweiWifiWatchdogStateMachine: spd good count:0, add sc:0.0, rate:1.0
04-24 12:49:12.962 1176 1176 I QosMonitor: queryRtt: rtt_type = 3
04-24 12:49:12.963 1176 1176 I HwQoEJNI: send_cmd_kernel. begin
04-24 12:49:12.963 1176 1176 I HwQoEJNI: send_cmd_kernel. end
04-24 12:49:12.963 1176 1176 I QosMonitor: postEventFromNative: msg=100,arg1=4,arg2=10
04-24 12:49:12.963 1176 1406 D HuaweiWifiWatchdogStateMachine: high data flow: protection_counter = 0, not_detect_counter = 375
04-24 12:49:12.963 1176 1406 D HuaweiWifiWatchdogStateMachine: high data flow scenario: 0 --> 0 rx bytes =0KB
04-24 12:49:12.963 1176 1406 I HuaweiWifiWatchdogStateMachine: current mHighDataFlowRate = 1.0
04-24 12:49:12.963 1176 1176 D HuaweiWifiWatchdogStateMachine: setSampleRtt: unvalid rtt
04-24 12:49:12.964 1176 1406 I HuaweiWifiWatchdogStateMachine: POta txb txg rxg:0, 119, 0. Lr =0% Totpkt=119
04-24 12:49:12.964 1176 1176 I HwQoEJNI: send_cmd_kernel. begin
04-24 12:49:12.965 1176 1176 I HwQoEJNI: send_cmd_kernel. end
04-24 12:49:12.965 1176 1176 I QosMonitor: postEventFromNative: msg=100,arg1=0,arg2=10
04-24 12:49:12.965 1176 1176 I MQoS : rtt=80,tcp_tx_pkts=480938,tcp_rx_pkts=921407
04-24 12:49:12.968 1176 1406 D HuaweiWifiWatchdogStateMachine: dumpTcpResult: len=10,rtt=80,rttPkt=1,rttWn=178,cgt=0,cgtWn=0
04-24 12:49:12.968 1176 1406 I HuaweiWifiWatchdogStateMachine: PTcp RTT:0, rtt pkt=0, tcp_rx=0, tcp_tx=0, tcp_reTran=0, rtRate=0
04-24 12:49:12.968 1176 1406 D HuaweiWifiWatchdogStateMachine: mRssiBadCount =0, RSSI not bad.
04-24 12:49:12.969 1176 1406 D HuaweiWifiWatchdogStateMachine: detectNetworkAvailable:hw.wifipro.dns_fail_count = 131
04-24 12:49:12.969 1176 1406 D HuaweiWifiWatchdogStateMachine: bqeLevel = 2 rtt=0,rtt_pkts=0 speed=37 rssi=-30
04-24 12:49:12.969 1176 1406 D HuaweiWifiWatchdogStateMachine: Enter updateQoeLevel level = 2
04-24 12:49:12.969 1176 1406 D HuaweiWifiWatchdogStateMachine: updateQoeLevel current level equal to mLastDetectLevel, return
04-24 12:49:12.969 1176 1406 D HuaweiWifiWatchdogStateMachine: did not have any network action
04-24 12:49:12.979 1176 3515 I MQoS : QOS_level:0(0),wifi-link;SIM error;use level-0
04-24 12:49:13.891 1176 1338 D HwWifiStatStore: handleMessage : 200
04-24 12:49:14.751 1176 1392 D HwArpVerifier: getIpRouteTable
04-24 12:49:14.845 1176 1392 D HwArpVerifier: Notify wifi default route is ok
04-24 12:49:15.896 777 777 E : [E/capacity_limit_control] not demo version, not set power control prop!
04-24 12:49:16.767 1176 1392 D HwArpVerifier: performPollAndLog:
04-24 12:49:16.773 1176 1392 D hw_netstat: total/0/0
04-24 12:49:16.897 1176 1338 D HwWifiStatStore: handleMessage : 200
04-24 12:49:17.901 1176 1176 I TrafficMonitor: expired arrive. level:-1
04-24 12:49:17.905 1176 1176 I TrafficMonitor: update:rxPkts:0,txPkts:0,rxBytes:0,txBytes:0
04-24 12:49:17.905 1176 1176 I TrafficMonitor: start expired. level:-1
04-24 12:49:17.905 1176 1176 I TrafficMonitor: gettimer:interval=5000
04-24 12:49:17.905 1176 1176 I TrafficMonitor: during_ms:5010,period_ms:2000
04-24 12:49:17.905 1176 1176 I TrafficMonitor: count:777,rx_sum:0,tx_sum:0,rxBytes:0,during_ms:5010,rx_speed:0.0,tx_speed:0.0,rto:0.0
04-24 12:49:17.906 1176 1176 D HuaweiWifiWatchdogStateMachine: speed: rxpkt:0, rxSpd:0B/s, txpkt:0, txSpd:0
04-24 12:49:19.455 1176 1589 W Watchdog: hungtask: writing kick
04-24 12:49:19.458 1176 1202 I EventHub: EventHub monitor: no key events in the past 2293s, no motion events in the past 2294s
04-24 12:49:19.901 1176 1338 D HwWifiStatStore: handleMessage : 200
04-24 12:49:20.902 777 777 E : [E/capacity_limit_control] not demo version, not set power control prop!
04-24 12:49:20.958 742 742 E wificond: Failed to get NL80211_RATE_INFO_NOISE
04-24 12:49:20.959 742 742 E wificond: Failed to get NL80211_RATE_INFO_SNR
04-24 12:49:20.959 742 742 E wificond: Failed to get NL80211_STA_INFO_CNAHLOAD
04-24 12:49:20.959 1176 1337 E WificondControl: Noise: 0, Snr: -1, Chload: -1
04-24 12:49:20.960 1176 1339 D HwWifiCHRStateManager: handleMessage : 1001
04-24 12:49:20.960 1176 1339 D HwWifiCHRStateManager: handleUpdateChannel:2412
04-24 12:49:20.960 1176 1339 V HwWifiServiceFactory: get AllImpl object = com.android.server.wifi.HwWifiServiceFactoryImpl@2205edc
04-24 12:49:20.964 742 742 E wificond: Failed to get NL80211_RATE_INFO_NOISE
04-24 12:49:20.965 742 742 E wificond: Failed to get NL80211_RATE_INFO_SNR
04-24 12:49:20.965 742 742 E wificond: Failed to get NL80211_STA_INFO_CNAHLOAD
04-24 12:49:20.966 1176 1406 D HuaweiWifiWatchdogStateMachine: LM mrssi=-29
04-24 12:49:20.967 1176 1406 I HuaweiWifiWatchdogStateMachine: spd good count:0, add sc:0.0, rate:1.0
04-24 12:49:20.967 1176 1406 I HuaweiWifiWatchdogStateMachine: current mHighDataFlowRate = 1.0
04-24 12:49:20.967 1176 1406 I HuaweiWifiWatchdogStateMachine: POta txb txg rxg:0, 119, 0. Lr =0% Totpkt=119
04-24 12:49:20.967 1176 1176 D WiFi_PRO: MSG_RETURN_AP_CURRY_RSSI rssi = -29
04-24 12:49:20.968 1176 1176 I QosMonitor: queryRtt: rtt_type = 3
04-24 12:49:20.969 1176 1176 I HwQoEJNI: send_cmd_kernel. begin
04-24 12:49:20.969 1176 1176 I HwQoEJNI: send_cmd_kernel. end
04-24 12:49:20.969 1176 1176 I QosMonitor: postEventFromNative: msg=100,arg1=4,arg2=10
04-24 12:49:20.970 1176 1176 I HwQoEJNI: send_cmd_kernel. begin
04-24 12:49:20.970 1176 1176 I HwQoEJNI: send_cmd_kernel. end
04-24 12:49:20.970 1176 1176 I QosMonitor: postEventFromNative: msg=100,arg1=0,arg2=10
04-24 12:49:20.970 1176 1176 D HuaweiWifiWatchdogStateMachine: setSampleRtt: unvalid rtt
04-24 12:49:20.970 1176 1406 D HuaweiWifiWatchdogStateMachine: dumpTcpResult: len=10,rtt=80,rttPkt=1,rttWn=186,cgt=0,cgtWn=0
04-24 12:49:20.970 1176 1176 I MQoS : rtt=80,tcp_tx_pkts=480938,tcp_rx_pkts=921407
04-24 12:49:20.971 1176 1406 I HuaweiWifiWatchdogStateMachine: PTcp RTT:0, rtt pkt=0, tcp_rx=0, tcp_tx=0, tcp_reTran=0, rtRate=0
04-24 12:49:20.971 1176 1406 D HuaweiWifiWatchdogStateMachine: mRssiBadCount =0, RSSI not bad.
04-24 12:49:20.971 1176 1406 D HuaweiWifiWatchdogStateMachine: detectNetworkAvailable:hw.wifipro.dns_fail_count = 131
04-24 12:49:20.971 1176 1406 D HuaweiWifiWatchdogStateMachine: bqeLevel = 2 rtt=0,rtt_pkts=0 speed=37 rssi=-29
04-24 12:49:20.971 1176 1406 D HuaweiWifiWatchdogStateMachine: Enter updateQoeLevel level = 2
04-24 12:49:20.971 1176 1406 D HuaweiWifiWatchdogStateMachine: updateQoeLevel current level equal to mLastDetectLevel, return
04-24 12:49:20.971 1176 1406 D HuaweiWifiWatchdogStateMachine: did not have any network action
04-24 12:49:20.983 1176 3515 I MQoS : QOS_level:0(0),wifi-link;SIM error;use level-0
04-24 12:49:21.722 1176 1392 D HwArpVerifier: check_wifi_state_mode = 0 mCheckStateToken=25 token25
04-24 12:49:21.724 1176 1392 D wifiserviceimpl: netmask =16777215
04-24 12:49:21.752 1176 1392 D HWMultiGW: setGateWay 192.168.1.1
04-24 12:49:22.754 1176 1392 D HwArpVerifier: getGateWayARPResponses: arp rtt = 15
04-24 12:49:22.754 1176 1392 E HwCHRWifiRSSIGroupSummery: updatArpSummery mRSSI:-29 HwCHRWifiRSSIGroup [rssi_index=4, rtt_tcp_packets=0, rtt_tcp_duration=0, rtt_lan_duration=7863, rtt_lan_failures=0, rtt_lan_succ=387, rtt_lan_max=939, rtt_lan_min=0,same_area_frequency=0,adjacent_area_frequency=0]
04-24 12:49:22.782 1176 1392 D HwArpVerifier: There are 1 mac address for gateway
04-24 12:49:22.783 1176 1392 D HwArpVerifier: from HEART_CHECK transmit to state:HEART_CHECK
04-24 12:49:22.783 1176 1392 D HwArpVerifier: msg what=124 arg1(token)=25 arg2(mode)=0 delay=30000
04-24 12:49:22.783 1176 1392 D HwArpVerifier: performPollAndLog:
04-24 12:49:22.787 1176 1392 D hw_netstat: total/0/0
04-24 12:49:22.907 1176 1338 D HwWifiStatStore: handleMessage : 200
04-24 12:49:22.908 1176 1176 I TrafficMonitor: expired arrive. level:-1
04-24 12:49:22.910 1176 1176 I TrafficMonitor: update:rxPkts:0,txPkts:0,rxBytes:0,txBytes:0
04-24 12:49:22.910 1176 1176 I TrafficMonitor: start expired. level:-1
04-24 12:49:22.910 1176 1176 I TrafficMonitor: gettimer:interval=5000
04-24 12:49:22.910 1176 1176 I TrafficMonitor: during_ms:5006,period_ms:2000
04-24 12:49:22.910 1176 1176 I TrafficMonitor: count:778,rx_sum:0,tx_sum:0,rxBytes:0,during_ms:5006,rx_speed:0.0,tx_speed:0.0,rto:0.0
04-24 12:49:22.911 1176 1176 D HuaweiWifiWatchdogStateMachine: speed: rxpkt:0, rxSpd:0B/s, txpkt:0, txSpd:0
04-24 12:49:25.907 777 777 E : [E/capacity_limit_control] not demo version, not set power control prop!
04-24 12:49:25.911 1176 1338 D HwWifiStatStore: handleMessage : 200
04-24 12:49:25.951 777 777 E : [E/capacity_limit_control] not demo version, not set power control prop!
04-24 12:49:25.954 1176 1288 D HwBatteryService: onUEvent fcpStatus = 0,scpStatus =0,ovpStatus=0
04-24 12:49:25.957 1176 1288 I UsbDeviceManager: water_intrused state= 0
04-24 12:49:25.971 1176 1176 D HwInnerWifiManagerImpl: SupplicantState = COMPLETED
04-24 12:49:25.971 1176 1176 D HwInnerWifiManagerImpl: isPhoneAP = false
04-24 12:49:25.973 1176 1176 D HwInnerWifiManagerImpl: SupplicantState = COMPLETED
04-24 12:49:25.973 1176 1176 D HwInnerWifiManagerImpl: isPhoneAP = false
04-24 12:49:25.973 1176 1176 D WifiStateMachine: mBcastReceiver: PluggedType = 2 mIsScanCtrlPluggedin = true
04-24 12:49:25.976 1729 1729 I MsgReceiver: intent action: android.intent.action.BATTERY_CHANGED
04-24 12:49:25.978 1176 1176 D HwWifiService: mPluggedType =2
04-24 12:49:25.979 1176 1176 D WifiService: onReceive, action:android.intent.action.BATTERY_CHANGED
04-24 12:49:25.979 1176 1176 D WifiService: ACTION_BATTERY_CHANGED pluggedType: 2
04-24 12:49:25.979 1463 1463 D KeyguardUpdateMonitor: received broadcast android.intent.action.BATTERY_CHANGED
04-24 12:49:25.980 5515 5671 E CloudAlbum[8.1.2.309]: [ReceiverManager] not log on ignore
04-24 12:49:25.980 1463 1463 W KeyguardUpdateMonitor: ACTION_BATTERY_CHANGED AMP: 500000; Volt: 5000000
04-24 12:49:25.982 1463 1463 V KeyguardUpdateMonitor: RefreshBatteryInfo isBatteryLow: 75
04-24 12:49:25.983 1463 1463 W KeyguardUpdateMonitor: ChargingSpeed Wattage: 2500000 ST: 5000000 --> 7500000
04-24 12:49:25.983 1463 1463 I KgBattery: BatteryInfo updated: 2lPc0
04-24 12:49:25.983 1463 1463 W AppHandler: sendMessage with obj100
04-24 12:49:25.983 1463 1463 D KeyguardUpdateMonitor: handleBatteryUpdate
04-24 12:49:25.983 1463 1463 W HwLockScreenPanel: Handle message: 100
04-24 12:49:25.983 1463 1463 W HwKeyguardBottomArea: updateBatteryInfo : false true
04-24 12:49:25.983 1463 1463 W KgBattery: getCharge info with type: text
04-24 12:49:25.990 1463 1463 W HwLockScreenPanel: refreshBatteryInfo: null
04-24 12:49:26.623 768 1103 I logserver: thread_logcontrol, socket_server = 41, changed.
04-24 12:49:26.623 768 1103 I logserver: handle_connection_event, socket client 110 connected!
04-24 12:49:26.624 768 1103 I logserver: thread_logcontrol, socket_client = 110, changed.
04-24 12:49:26.624 768 1103 I logserver: thread_logcontrol, socket_client = 110, OK.
04-24 12:49:26.624 768 1103 I logserver: handle_client_event, socket_client = 110.
04-24 12:49:26.624 768 1103 I logserver: recv 52 bytes, errno=32
04-24 12:49:26.624 768 1103 I logserver: handle_client_event, rcv [{uploadReady:uploadReadyParam=1587703776619;10000;2}]
04-24 12:49:26.624 768 1103 I logserver: handle_client_event: msg = {uploadReady:uploadReadyParam=1587703776619;10000;2}
04-24 12:49:26.624 768 1103 I logserver: handle_one_socket_command: one command = uploadReady:uploadReadyParam=1587703776619;10000;2
04-24 12:49:26.624 768 1103 I logserver: handle_one_socket_command, has :
04-24 12:49:26.624 768 1103 I logserver: handle_one_socket_command, cmd = uploadReady, content = uploadReadyParam=1587703776619;10000;2
04-24 12:49:26.624 768 1103 I logserver: handle_one_socket_command, match cmd, client_cmd_tbl = uploadReady
04-24 12:49:26.624 768 1103 I logserver: handle_client_upload_ready, into
04-24 12:49:26.624 768 1103 E logserver: deadline_time is 1587703776619
04-24 12:49:26.624 768 1103 E logserver: wait_time_len is 0
04-24 12:49:26.624 768 1103 E logserver: special_tag is 2
04-24 12:49:26.626 768 1103 I iMonitor: create: 902500004
04-24 12:49:26.627 768 1103 I iMonitor: send: 902500004
04-24 12:49:26.627 768 1103 I iMonitor: create: 902500004
04-24 12:49:26.647 768 1103 I chatty : uid=0(root) logcontrol identical 427 lines
04-24 12:49:26.657 768 1103 I iMonitor: create: 902500004
04-24 12:49:26.657 768 1103 I iMonitor: send: 902500004
04-24 12:49:26.657 768 1103 I iMonitor: create: 902500004
04-24 12:49:26.657 768 1103 I chatty : uid=0(root) logcontrol identical 2 lines
04-24 12:49:26.657 768 1103 I iMonitor: create: 902500004
04-24 12:49:26.657 768 1103 I iMonitor: send: 902500004
04-24 12:49:26.657 768 1103 I iMonitor: create: 902500004
04-24 12:49:26.657 768 1103 I iMonitor: send: 902500004
04-24 12:49:26.657 768 1103 I iMonitor: create: 902500004
04-24 12:49:26.657 768 1103 I iMonitor: send: 902500004
04-24 12:49:26.657 768 1103 I iMonitor: create: 902500004
04-24 12:49:26.657 768 1103 I iMonitor: send: 902500004
04-24 12:49:26.657 768 1103 I iMonitor: create: 902500004
04-24 12:49:26.657 768 1103 I iMonitor: send: 902500004
04-24 12:49:26.657 768 1103 I iMonitor: create: 902500004
04-24 12:49:26.658 768 1103 I iMonitor: send: 902500004
04-24 12:49:26.658 768 1103 I iMonitor: create: 902500004
04-24 12:49:26.658 768 1103 I iMonitor: send: 902500004
04-24 12:49:26.658 768 1103 I iMonitor: create: 902500004
04-24 12:49:26.658 768 1103 I iMonitor: send: 902500004
04-24 12:49:26.658 768 1103 I iMonitor: create: 902500004
04-24 12:49:26.658 768 1103 I iMonitor: send: 902500004
04-24 12:49:26.658 768 1103 I iMonitor: create: 902500004
04-24 12:49:26.658 768 1103 I iMonitor: send: 902500004
04-24 12:49:26.658 768 1103 I iMonitor: create: 902500004
04-24 12:49:26.658 768 1103 I iMonitor: send: 902500004
04-24 12:49:26.658 768 1103 I iMonitor: create: 902500004
04-24 12:49:26.658 768 1103 I iMonitor: send: 902500004
04-24 12:49:26.658 768 1103 I iMonitor: create: 902500004
04-24 12:49:26.658 768 1103 I iMonitor: send: 902500004
04-24 12:49:26.658 768 1103 I iMonitor: create: 902500004
04-24 12:49:26.658 768 1103 I iMonitor: send: 902500004
04-24 12:49:26.658 768 1103 I iMonitor: create: 902500004
04-24 12:49:26.659 768 1103 I chatty : uid=0(root) logcontrol identical 26 lines
04-24 12:49:26.659 768 1103 I iMonitor: create: 902500004
04-24 12:49:26.659 768 1103 E JankService: JankFrequencyMonitor action return :0
04-24 12:49:26.659 768 1103 I iMonitor: create: 902500008
04-24 12:49:26.659 768 1103 I iMonitor: send: 902500008
04-24 12:49:26.659 768 1103 I iMonitor: create: 902500007
04-24 12:49:26.659 768 1103 I chatty : uid=0(root) logcontrol identical 5 lines
04-24 12:49:26.659 768 1103 I iMonitor: create: 902500007
04-24 12:49:26.666 768 1103 E logserver: send_to_client, send failed, errno=32
04-24 12:49:26.666 768 1103 I logserver: thread_logcontrol, socket_client = 110, OK.
04-24 12:49:27.791 1176 1392 D HwArpVerifier: performPollAndLog:
04-24 12:49:27.796 1176 1392 D hw_netstat: total/0/0
04-24 12:49:27.917 1176 1176 I TrafficMonitor: expired arrive. level:-1
04-24 12:49:27.920 1176 1176 I TrafficMonitor: update:rxPkts:0,txPkts:0,rxBytes:0,txBytes:0
04-24 12:49:27.920 1176 1176 I TrafficMonitor: start expired. level:-1
04-24 12:49:27.920 1176 1176 I TrafficMonitor: gettimer:interval=5000
04-24 12:49:27.920 1176 1176 I TrafficMonitor: during_ms:5009,period_ms:2000
04-24 12:49:27.920 1176 1176 I TrafficMonitor: count:779,rx_sum:0,tx_sum:0,rxBytes:0,during_ms:5009,rx_speed:0.0,tx_speed:0.0,rto:0.0
04-24 12:49:27.920 1176 1176 D HuaweiWifiWatchdogStateMachine: speed: rxpkt:0, rxSpd:0B/s, txpkt:0, txSpd:0
04-24 12:49:28.919 1176 1338 D HwWifiStatStore: handleMessage : 200
04-24 12:49:28.969 742 742 E wificond: Failed to get NL80211_RATE_INFO_NOISE
04-24 12:49:28.969 742 742 E wificond: Failed to get NL80211_RATE_INFO_SNR
04-24 12:49:28.969 742 742 E wificond: Failed to get NL80211_STA_INFO_CNAHLOAD
04-24 12:49:28.970 1176 1337 E WificondControl: Noise: 0, Snr: -1, Chload: -1
04-24 12:49:28.972 1176 1339 D HwWifiCHRStateManager: handleMessage : 1001
04-24 12:49:28.972 1176 1339 D HwWifiCHRStateManager: handleUpdateChannel:2412
04-24 12:49:28.972 1176 1339 V HwWifiServiceFactory: get AllImpl object = com.android.server.wifi.HwWifiServiceFactoryImpl@2205edc
04-24 12:49:28.976 742 742 E wificond: Failed to get NL80211_RATE_INFO_NOISE
04-24 12:49:28.977 742 742 E wificond: Failed to get NL80211_RATE_INFO_SNR
04-24 12:49:28.977 742 742 E wificond: Failed to get NL80211_STA_INFO_CNAHLOAD
04-24 12:49:28.979 1176 1406 D HuaweiWifiWatchdogStateMachine: LM mrssi=-29
04-24 12:49:28.979 1176 1176 D WiFi_PRO: MSG_RETURN_AP_CURRY_RSSI rssi = -29
04-24 12:49:28.979 1176 1406 D HuaweiWifiWatchdogStateMachine: a4:fa:**:**:eb:b0 current loss[-45]=0%, volume=1
04-24 12:49:28.979 1176 1176 I QosMonitor: queryRtt: rtt_type = 3
04-24 12:49:28.979 1176 1406 D HuaweiWifiWatchdogStateMachine: a4:fa:**:**:eb:b0 history loss[-45]=0%, volume=13825590
04-24 12:49:28.980 1176 1176 I HwQoEJNI: send_cmd_kernel. begin
04-24 12:49:28.980 1176 1176 I HwQoEJNI: send_cmd_kernel. end
04-24 12:49:28.980 1176 1176 I QosMonitor: postEventFromNative: msg=100,arg1=4,arg2=10
04-24 12:49:28.980 1176 1406 I HuaweiWifiWatchdogStateMachine: spd good count:0, add sc:0.0, rate:1.0
04-24 12:49:28.980 1176 1406 I HuaweiWifiWatchdogStateMachine: current mHighDataFlowRate = 1.0
04-24 12:49:28.981 1176 1406 I HuaweiWifiWatchdogStateMachine: POta txb txg rxg:0, 120, 0. Lr =0% Totpkt=120
04-24 12:49:28.981 1176 1176 D HuaweiWifiWatchdogStateMachine: setSampleRtt: unvalid rtt
04-24 12:49:28.981 1176 1176 I HwQoEJNI: send_cmd_kernel. begin
04-24 12:49:28.981 1176 1176 I HwQoEJNI: send_cmd_kernel. end
04-24 12:49:28.982 1176 1176 I QosMonitor: postEventFromNative: msg=100,arg1=0,arg2=10
04-24 12:49:28.982 1176 1176 I MQoS : rtt=80,tcp_tx_pkts=480938,tcp_rx_pkts=921407
04-24 12:49:28.984 1176 1406 D HuaweiWifiWatchdogStateMachine: dumpTcpResult: len=10,rtt=80,rttPkt=1,rttWn=195,cgt=0,cgtWn=0
04-24 12:49:28.984 1176 1406 I HuaweiWifiWatchdogStateMachine: PTcp RTT:0, rtt pkt=0, tcp_rx=0, tcp_tx=0, tcp_reTran=0, rtRate=0
04-24 12:49:28.984 1176 1406 D HuaweiWifiWatchdogStateMachine: mRssiBadCount =0, RSSI not bad.
04-24 12:49:28.985 1176 1406 D HuaweiWifiWatchdogStateMachine: detectNetworkAvailable:hw.wifipro.dns_fail_count = 131
04-24 12:49:28.985 1176 1406 D HuaweiWifiWatchdogStateMachine: bqeLevel = 2 rtt=0,rtt_pkts=0 speed=37 rssi=-29
04-24 12:49:28.985 1176 1406 D HuaweiWifiWatchdogStateMachine: Enter updateQoeLevel level = 2
04-24 12:49:28.985 1176 1406 D HuaweiWifiWatchdogStateMachine: updateQoeLevel current level equal to mLastDetectLevel, return
04-24 12:49:28.985 1176 1406 D HuaweiWifiWatchdogStateMachine: did not have any network action
04-24 12:49:28.994 1176 3515 I MQoS : QOS_level:0(0),wifi-link;SIM error;use level-0
