04-24 12:33:48.844 1176 1392 E HwCHRWifiRSSIGroupSummery: updatArpSummery mRSSI:-27 HwCHRWifiRSSIGroup [rssi_index=4, rtt_tcp_packets=0, rtt_tcp_duration=0, rtt_lan_duration=7494, rtt_lan_failures=0, rtt_lan_succ=357, rtt_lan_max=939, rtt_lan_min=2,same_area_frequency=0,adjacent_area_frequency=0]
04-24 12:33:48.887 1176 1392 D HwArpVerifier: There are 1 mac address for gateway
04-24 12:33:48.887 1176 1392 D HwArpVerifier: from HEART_CHECK transmit to state:HEART_CHECK
04-24 12:33:48.888 1176 1392 D HwArpVerifier: msg what=124 arg1(token)=25 arg2(mode)=0 delay=30000
04-24 12:33:48.888 1176 1392 D HwArpVerifier: performPollAndLog:
04-24 12:33:48.892 1176 1392 D hw_netstat: total/0/0
04-24 12:33:49.346 1176 1589 W Watchdog: hungtask: writing kick
04-24 12:33:49.350 1176 1202 I EventHub: EventHub monitor: no key events in the past 1363s, no motion events in the past 1363s
04-24 12:33:50.918 1176 1338 D HwWifiStatStore: handleMessage : 200
04-24 12:33:51.698 487 620 W SocketListener: sending broadcast to Pid = 1176, Uid = 1000
04-24 12:33:51.702 1176 1332 D NetdConnector: RCV <- {613 IfaceClass active 1 352419853889818 10824}
04-24 12:33:51.706 1176 1332 D NetdConnector: RCV <- {613 IfaceClass active 1 352419853889818 10824}
04-24 12:33:51.710 1176 1202 D NetdConnector: RCV unsolicited event from native daemon, event = 613
04-24 12:33:51.840 1729 23345 I DownloadState: 0 transmitting data speed : 28 bytes/s scroff: true
04-24 12:33:52.094 742 742 E wificond: Failed to get NL80211_RATE_INFO_NOISE
04-24 12:33:52.095 742 742 E wificond: Failed to get NL80211_RATE_INFO_SNR
04-24 12:33:52.095 742 742 E wificond: Failed to get NL80211_STA_INFO_CNAHLOAD
04-24 12:33:52.096 1176 1337 E WificondControl: Noise: 0, Snr: -1, Chload: -1
04-24 12:33:52.097 1176 1339 D HwWifiCHRStateManager: handleMessage : 1001
04-24 12:33:52.097 1176 1339 D HwWifiCHRStateManager: handleUpdateChannel:2412
04-24 12:33:52.097 1176 1339 V HwWifiServiceFactory: get AllImpl object = com.android.server.wifi.HwWifiServiceFactoryImpl@2205edc
04-24 12:33:52.101 742 742 E wificond: Failed to get NL80211_RATE_INFO_NOISE
04-24 12:33:52.101 742 742 E wificond: Failed to get NL80211_RATE_INFO_SNR
04-24 12:33:52.102 742 742 E wificond: Failed to get NL80211_STA_INFO_CNAHLOAD
04-24 12:33:52.103 1176 1406 D HuaweiWifiWatchdogStateMachine: LM mrssi=-26
04-24 12:33:52.103 1176 1176 D WiFi_PRO: MSG_RETURN_AP_CURRY_RSSI rssi = -26
04-24 12:33:52.103 1176 1406 D HuaweiWifiWatchdogStateMachine: a4:fa:**:**:eb:b0 current loss[-45]=0%, volume=2
04-24 12:33:52.104 1176 1176 I QosMonitor: queryRtt: rtt_type = 3
04-24 12:33:52.104 1176 1406 D HuaweiWifiWatchdogStateMachine: a4:fa:**:**:eb:b0 history loss[-45]=0%, volume=13825512
04-24 12:33:52.104 1176 1176 I HwQoEJNI: send_cmd_kernel. begin
04-24 12:33:52.104 1176 1406 I HuaweiWifiWatchdogStateMachine: spd good count:0, add sc:0.0, rate:1.0
04-24 12:33:52.104 1176 1406 I HuaweiWifiWatchdogStateMachine: current mHighDataFlowRate = 1.0
04-24 12:33:52.104 1176 1176 I HwQoEJNI: send_cmd_kernel. end
04-24 12:33:52.104 1176 1406 I HuaweiWifiWatchdogStateMachine: POta txb txg rxg:0, 42, 0. Lr =0% Totpkt=42
04-24 12:33:52.105 1176 1176 I QosMonitor: postEventFromNative: msg=100,arg1=4,arg2=10
04-24 12:33:52.105 1176 1176 I HwQoEJNI: send_cmd_kernel. begin
04-24 12:33:52.105 1176 1176 I HwQoEJNI: send_cmd_kernel. end
04-24 12:33:52.105 1176 1176 I QosMonitor: postEventFromNative: msg=100,arg1=0,arg2=10
04-24 12:33:52.106 1176 1176 D HuaweiWifiWatchdogStateMachine: setSampleRtt: unvalid rtt
04-24 12:33:52.106 1176 1176 I MQoS : rtt=320,tcp_tx_pkts=480924,tcp_rx_pkts=921400
04-24 12:33:52.107 1176 1406 D HuaweiWifiWatchdogStateMachine: dumpTcpResult: len=10,rtt=320,rttPkt=1,rttWn=98,cgt=0,cgtWn=0
04-24 12:33:52.107 1176 1406 I HuaweiWifiWatchdogStateMachine: PTcp RTT:0, rtt pkt=0, tcp_rx=0, tcp_tx=0, tcp_reTran=0, rtRate=0
04-24 12:33:52.108 1176 1406 D HuaweiWifiWatchdogStateMachine: mRssiBadCount =0, RSSI not bad.
04-24 12:33:52.108 1176 1406 D HuaweiWifiWatchdogStateMachine: detectNetworkAvailable:hw.wifipro.dns_fail_count = 131
04-24 12:33:52.108 1176 1406 D HuaweiWifiWatchdogStateMachine: bqeLevel = 2 rtt=0,rtt_pkts=0 speed=37 rssi=-26
04-24 12:33:52.108 1176 1406 D HuaweiWifiWatchdogStateMachine: Enter updateQoeLevel level = 2
04-24 12:33:52.108 1176 1406 D HuaweiWifiWatchdogStateMachine: updateQoeLevel current level equal to mLastDetectLevel, return
04-24 12:33:52.108 1176 1406 D HuaweiWifiWatchdogStateMachine: did not have any network action
04-24 12:33:52.116 1176 3515 I MQoS : QOS_level:0(0),wifi-link;SIM error;use level-0
04-24 12:33:52.189 1176 1176 I TrafficMonitor: expired arrive. level:-1
04-24 12:33:52.192 1176 1176 I TrafficMonitor: update:rxPkts:1,txPkts:1,rxBytes:56,txBytes:84
04-24 12:33:52.192 1176 1176 I TrafficMonitor: start expired. level:-1
04-24 12:33:52.192 1176 1176 I TrafficMonitor: gettimer:interval=2000
04-24 12:33:52.193 1176 1176 I TrafficMonitor: during_ms:5003,period_ms:2000
04-24 12:33:52.193 1176 1176 I TrafficMonitor: count:477,rx_sum:1,tx_sum:1,rxBytes:56,during_ms:5003,rx_speed:11.19328402958225,tx_speed:16.789926044373377,rto:1.0
04-24 12:33:52.193 1176 1176 D HuaweiWifiWatchdogStateMachine: speed: rxpkt:1, rxSpd:11B/s, txpkt:1, txSpd:16
04-24 12:33:53.432 777 777 E : [E/capacity_limit_control] not demo version, not set power control prop!
04-24 12:33:53.463 1176 1288 D HwBatteryService: onUEvent fcpStatus = 0,scpStatus =0,ovpStatus=0
04-24 12:33:53.466 1176 1288 I UsbDeviceManager: water_intrused state= 0
04-24 12:33:53.483 1176 1176 D HwInnerWifiManagerImpl: SupplicantState = COMPLETED
04-24 12:33:53.483 1176 1176 D HwInnerWifiManagerImpl: isPhoneAP = false
04-24 12:33:53.485 1176 1176 D HwInnerWifiManagerImpl: SupplicantState = COMPLETED
04-24 12:33:53.485 1176 1176 D HwInnerWifiManagerImpl: isPhoneAP = false
04-24 12:33:53.486 1463 1463 D KeyguardUpdateMonitor: received broadcast android.intent.action.BATTERY_CHANGED
04-24 12:33:53.487 1463 1463 W KeyguardUpdateMonitor: ACTION_BATTERY_CHANGED AMP: 500000; Volt: 5000000
04-24 12:33:53.489 1729 1729 I MsgReceiver: intent action: android.intent.action.BATTERY_CHANGED
04-24 12:33:53.490 1176 1176 D WifiStateMachine: mBcastReceiver: PluggedType = 2 mIsScanCtrlPluggedin = true
04-24 12:33:53.491 1176 1176 D HwWifiService: mPluggedType =2
04-24 12:33:53.492 1463 1463 V KeyguardUpdateMonitor: RefreshBatteryInfo isBatteryLow: 73
04-24 12:33:53.492 1463 1463 W KeyguardUpdateMonitor: ChargingSpeed Wattage: 2500000 ST: 5000000 --> 7500000
04-24 12:33:53.492 1463 1463 I KgBattery: BatteryInfo updated: 2lPc0
04-24 12:33:53.492 1463 1463 W AppHandler: sendMessage with obj100
04-24 12:33:53.492 1463 1463 D KeyguardUpdateMonitor: handleBatteryUpdate
04-24 12:33:53.492 1176 1176 D WifiService: onReceive, action:android.intent.action.BATTERY_CHANGED
04-24 12:33:53.493 1176 1176 D WifiService: ACTION_BATTERY_CHANGED pluggedType: 2
04-24 12:33:53.494 5515 5671 E CloudAlbum[8.1.2.309]: [ReceiverManager] not log on ignore
04-24 12:33:53.497 1463 1463 W HwLockScreenPanel: Handle message: 100
04-24 12:33:53.497 1463 1463 W HwKeyguardBottomArea: updateBatteryInfo : false true
04-24 12:33:53.498 1463 1463 W KgBattery: getCharge info with type: text
04-24 12:33:53.504 1463 1463 W HwLockScreenPanel: refreshBatteryInfo: null
04-24 12:33:53.898 1176 1392 D HwArpVerifier: performPollAndLog:
04-24 12:33:53.903 1176 1392 D hw_netstat: total/56/84,unknown:0/56/84
04-24 12:33:53.925 1176 1338 D HwWifiStatStore: handleMessage : 200
04-24 12:33:54.196 1176 1176 I TrafficMonitor: update:rxPkts:0,txPkts:0,rxBytes:0,txBytes:0
04-24 12:33:54.196 1176 1176 I TrafficMonitor: start expired. level:-1
04-24 12:33:54.197 1176 1176 I TrafficMonitor: gettimer:interval=2000
04-24 12:33:56.202 1176 1176 I TrafficMonitor: update:rxPkts:0,txPkts:0,rxBytes:0,txBytes:0
04-24 12:33:56.203 1176 1176 I TrafficMonitor: start expired. level:-1
04-24 12:33:56.203 1176 1176 I TrafficMonitor: gettimer:interval=2000
04-24 12:33:56.930 1176 1338 D HwWifiStatStore: handleMessage : 200
04-24 12:33:57.194 1176 1176 I TrafficMonitor: expired arrive. level:-1
04-24 12:33:57.194 1176 1176 I TrafficMonitor: during_ms:2006,period_ms:2000
04-24 12:33:57.195 1176 1176 I TrafficMonitor: count:479,rx_sum:0,tx_sum:0,rxBytes:0,during_ms:2006,rx_speed:0.0,tx_speed:0.0,rto:0.0
04-24 12:33:57.195 1176 1176 D HuaweiWifiWatchdogStateMachine: speed: rxpkt:0, rxSpd:0B/s, txpkt:0, txSpd:0
04-24 12:33:58.207 1176 1176 I TrafficMonitor: update:rxPkts:0,txPkts:0,rxBytes:0,txBytes:0
04-24 12:33:58.207 1176 1176 I TrafficMonitor: start expired. level:-1
04-24 12:33:58.207 1176 1176 I TrafficMonitor: gettimer:interval=2000
04-24 12:33:58.471 777 777 E : [E/capacity_limit_control] not demo version, not set power control prop!
04-24 12:33:58.909 1176 1392 D HwArpVerifier: performPollAndLog:
04-24 12:33:58.914 1176 1392 D hw_netstat: total/0/0
04-24 12:33:59.937 1176 1338 D HwWifiStatStore: handleMessage : 200
04-24 12:34:00.101 742 742 E wificond: Failed to get NL80211_RATE_INFO_NOISE
04-24 12:34:00.101 742 742 E wificond: Failed to get NL80211_RATE_INFO_SNR
04-24 12:34:00.101 742 742 E wificond: Failed to get NL80211_STA_INFO_CNAHLOAD
04-24 12:34:00.102 1176 1337 E WificondControl: Noise: 0, Snr: -1, Chload: -1
04-24 12:34:00.104 1176 1339 D HwWifiCHRStateManager: handleMessage : 1001
04-24 12:34:00.104 1176 1339 D HwWifiCHRStateManager: handleUpdateChannel:2412
04-24 12:34:00.104 1176 1339 V HwWifiServiceFactory: get AllImpl object = com.android.server.wifi.HwWifiServiceFactoryImpl@2205edc
04-24 12:34:00.108 742 742 E wificond: Failed to get NL80211_RATE_INFO_NOISE
04-24 12:34:00.108 742 742 E wificond: Failed to get NL80211_RATE_INFO_SNR
04-24 12:34:00.108 742 742 E wificond: Failed to get NL80211_STA_INFO_CNAHLOAD
04-24 12:34:00.112 1176 1406 D HuaweiWifiWatchdogStateMachine: LM mrssi=-28
04-24 12:34:00.112 1176 1176 D WiFi_PRO: MSG_RETURN_AP_CURRY_RSSI rssi = -28
04-24 12:34:00.112 1176 1406 D HuaweiWifiWatchdogStateMachine: a4:fa:**:**:eb:b0 current loss[-45]=0%, volume=1
04-24 12:34:00.112 1176 1176 I QosMonitor: queryRtt: rtt_type = 3
04-24 12:34:00.112 1176 1406 D HuaweiWifiWatchdogStateMachine: a4:fa:**:**:eb:b0 history loss[-45]=0%, volume=13825513
04-24 12:34:00.113 1176 1176 I HwQoEJNI: send_cmd_kernel. begin
04-24 12:34:00.113 1176 1176 I HwQoEJNI: send_cmd_kernel. end
04-24 12:34:00.113 1176 1406 I HuaweiWifiWatchdogStateMachine: spd good count:0, add sc:0.0, rate:1.0
04-24 12:34:00.113 1176 1406 I HuaweiWifiWatchdogStateMachine: current mHighDataFlowRate = 1.0
04-24 12:34:00.113 1176 1176 I QosMonitor: postEventFromNative: msg=100,arg1=4,arg2=10
04-24 12:34:00.113 1176 1406 I HuaweiWifiWatchdogStateMachine: POta txb txg rxg:0, 43, 0. Lr =0% Totpkt=43
04-24 12:34:00.114 1176 1176 D HuaweiWifiWatchdogStateMachine: setSampleRtt: unvalid rtt
04-24 12:34:00.114 1176 1176 I HwQoEJNI: send_cmd_kernel. begin
04-24 12:34:00.115 1176 1176 I HwQoEJNI: send_cmd_kernel. end
04-24 12:34:00.115 1176 1176 I QosMonitor: postEventFromNative: msg=100,arg1=0,arg2=10
04-24 12:34:00.116 1176 1176 I MQoS : rtt=320,tcp_tx_pkts=480924,tcp_rx_pkts=921400
04-24 12:34:00.119 1176 1406 D HuaweiWifiWatchdogStateMachine: dumpTcpResult: len=10,rtt=320,rttPkt=1,rttWn=106,cgt=0,cgtWn=0
04-24 12:34:00.119 1176 1406 I HuaweiWifiWatchdogStateMachine: PTcp RTT:0, rtt pkt=0, tcp_rx=0, tcp_tx=0, tcp_reTran=0, rtRate=0
04-24 12:34:00.119 1176 1406 D HuaweiWifiWatchdogStateMachine: mRssiBadCount =0, RSSI not bad.
04-24 12:34:00.119 1176 1406 D HuaweiWifiWatchdogStateMachine: detectNetworkAvailable:hw.wifipro.dns_fail_count = 131
04-24 12:34:00.120 1176 1406 D HuaweiWifiWatchdogStateMachine: bqeLevel = 2 rtt=0,rtt_pkts=0 speed=37 rssi=-28
04-24 12:34:00.120 1176 1406 D HuaweiWifiWatchdogStateMachine: Enter updateQoeLevel level = 2
04-24 12:34:00.120 1176 1406 D HuaweiWifiWatchdogStateMachine: updateQoeLevel current level equal to mLastDetectLevel, return
04-24 12:34:00.120 1176 1406 D HuaweiWifiWatchdogStateMachine: did not have any network action
04-24 12:34:00.130 1176 3515 I MQoS : QOS_level:0(0),wifi-link;SIM error;use level-0
04-24 12:34:00.211 1176 1176 I TrafficMonitor: update:rxPkts:0,txPkts:0,rxBytes:0,txBytes:0
04-24 12:34:00.211 1176 1176 I TrafficMonitor: start expired. level:-1
04-24 12:34:00.211 1176 1176 I TrafficMonitor: gettimer:interval=2000
04-24 12:34:02.217 1176 1176 I TrafficMonitor: update:rxPkts:0,txPkts:0,rxBytes:0,txBytes:0
04-24 12:34:02.217 1176 1176 I TrafficMonitor: start expired. level:-1
04-24 12:34:02.217 1176 1176 I TrafficMonitor: gettimer:interval=2000
04-24 12:34:02.944 1176 1338 D HwWifiStatStore: handleMessage : 200
04-24 12:34:03.209 1176 1176 I TrafficMonitor: expired arrive. level:-1
04-24 12:34:03.210 1176 1176 I TrafficMonitor: during_ms:2006,period_ms:2000
04-24 12:34:03.210 1176 1176 I TrafficMonitor: count:482,rx_sum:0,tx_sum:0,rxBytes:0,during_ms:2006,rx_speed:0.0,tx_speed:0.0,rto:0.0
04-24 12:34:03.210 1176 1176 D HuaweiWifiWatchdogStateMachine: speed: rxpkt:0, rxSpd:0B/s, txpkt:0, txSpd:0
04-24 12:34:03.480 777 777 E : [E/capacity_limit_control] not demo version, not set power control prop!
04-24 12:34:03.920 1176 1392 D HwArpVerifier: performPollAndLog:
04-24 12:34:03.924 1176 1392 D hw_netstat: total/0/0
04-24 12:34:04.222 1176 1176 I TrafficMonitor: update:rxPkts:0,txPkts:0,rxBytes:0,txBytes:0
04-24 12:34:04.222 1176 1176 I TrafficMonitor: start expired. level:-1
04-24 12:34:04.222 1176 1176 I TrafficMonitor: gettimer:interval=2000
04-24 12:34:05.951 1176 1338 D HwWifiStatStore: handleMessage : 200
04-24 12:34:06.228 1176 1176 I TrafficMonitor: update:rxPkts:0,txPkts:0,rxBytes:0,txBytes:0
04-24 12:34:06.228 1176 1176 I TrafficMonitor: start expired. level:-1
04-24 12:34:06.228 1176 1176 I TrafficMonitor: gettimer:interval=2000
04-24 12:34:06.724 487 620 W SocketListener: sending broadcast to Pid = 1176, Uid = 1000
04-24 12:34:06.730 1176 1332 D NetdConnector: RCV <- {613 IfaceClass idle 1 352434878807524}
04-24 12:34:06.734 1176 1332 D NetdConnector: RCV <- {613 IfaceClass idle 1 352434878807524}
04-24 12:34:06.738 1176 1202 D NetdConnector: RCV unsolicited event from native daemon, event = 613
04-24 12:34:08.110 1106 1119 I OAM : [check_file_size:505]/data/log/wifi/wifi_log_1 log file beyond size=10240Byte, creat new file
04-24 12:34:08.111 1106 1119 I OAM : [rename_old_file:210]rename_old_file
04-24 12:34:08.111 1106 1119 I OAM :
04-24 12:34:08.112 742 742 E wificond: Failed to get NL80211_RATE_INFO_NOISE
04-24 12:34:08.112 742 742 E wificond: Failed to get NL80211_RATE_INFO_SNR
04-24 12:34:08.112 742 742 E wificond: Failed to get NL80211_STA_INFO_CNAHLOAD
04-24 12:34:08.114 1176 1337 E WificondControl: Noise: 0, Snr: -1, Chload: -1
04-24 12:34:08.115 1176 1339 D HwWifiCHRStateManager: handleMessage : 1001
04-24 12:34:08.115 1176 1339 D HwWifiCHRStateManager: handleUpdateChannel:2412
04-24 12:34:08.115 1176 1339 V HwWifiServiceFactory: get AllImpl object = com.android.server.wifi.HwWifiServiceFactoryImpl@2205edc
04-24 12:34:08.119 742 742 E wificond: Failed to get NL80211_RATE_INFO_NOISE
04-24 12:34:08.119 742 742 E wificond: Failed to get NL80211_RATE_INFO_SNR
04-24 12:34:08.119 742 742 E wificond: Failed to get NL80211_STA_INFO_CNAHLOAD
04-24 12:34:08.121 1176 1406 D HuaweiWifiWatchdogStateMachine: LM mrssi=-28
04-24 12:34:08.121 1176 1176 D WiFi_PRO: MSG_RETURN_AP_CURRY_RSSI rssi = -28
04-24 12:34:08.122 1176 1176 I QosMonitor: queryRtt: rtt_type = 3
04-24 12:34:08.122 1176 1176 I HwQoEJNI: send_cmd_kernel. begin
04-24 12:34:08.122 1176 1176 I HwQoEJNI: send_cmd_kernel. end
04-24 12:34:08.122 1176 1406 I HuaweiWifiWatchdogStateMachine: spd good count:0, add sc:0.0, rate:1.0
04-24 12:34:08.123 1176 1406 I HuaweiWifiWatchdogStateMachine: current mHighDataFlowRate = 1.0
04-24 12:34:08.123 1176 1176 I QosMonitor: postEventFromNative: msg=100,arg1=4,arg2=10
04-24 12:34:08.123 1176 1406 I HuaweiWifiWatchdogStateMachine: POta txb txg rxg:0, 43, 0. Lr =0% Totpkt=43
04-24 12:34:08.124 1176 1176 I HwQoEJNI: send_cmd_kernel. begin
04-24 12:34:08.125 1176 1176 I HwQoEJNI: send_cmd_kernel. end
04-24 12:34:08.125 1176 1176 I QosMonitor: postEventFromNative: msg=100,arg1=0,arg2=10
04-24 12:34:08.125 1176 1176 D HuaweiWifiWatchdogStateMachine: setSampleRtt: unvalid rtt
04-24 12:34:08.125 1176 1406 D HuaweiWifiWatchdogStateMachine: dumpTcpResult: len=10,rtt=320,rttPkt=1,rttWn=114,cgt=0,cgtWn=0
04-24 12:34:08.126 1176 1176 I MQoS : rtt=320,tcp_tx_pkts=480924,tcp_rx_pkts=921400
04-24 12:34:08.126 1176 1406 I HuaweiWifiWatchdogStateMachine: PTcp RTT:0, rtt pkt=0, tcp_rx=0, tcp_tx=0, tcp_reTran=0, rtRate=0
04-24 12:34:08.126 1176 1406 D HuaweiWifiWatchdogStateMachine: mRssiBadCount =0, RSSI not bad.
04-24 12:34:08.126 1176 1406 D HuaweiWifiWatchdogStateMachine: detectNetworkAvailable:hw.wifipro.dns_fail_count = 131
04-24 12:34:08.126 1176 1406 D HuaweiWifiWatchdogStateMachine: bqeLevel = 2 rtt=0,rtt_pkts=0 speed=37 rssi=-28
04-24 12:34:08.126 1176 1406 D HuaweiWifiWatchdogStateMachine: Enter updateQoeLevel level = 2
04-24 12:34:08.126 1176 1406 D HuaweiWifiWatchdogStateMachine: updateQoeLevel current level equal to mLastDetectLevel, return
04-24 12:34:08.126 1176 1406 D HuaweiWifiWatchdogStateMachine: did not have any network action
04-24 12:34:08.137 1176 3515 I MQoS : QOS_level:0(0),wifi-link;SIM error;use level-0
04-24 12:34:08.230 1176 1176 I TrafficMonitor: update:rxPkts:0,txPkts:0,rxBytes:0,txBytes:0
04-24 12:34:08.230 1176 1176 I TrafficMonitor: start expired. level:-1
04-24 12:34:08.230 1176 1176 I TrafficMonitor: gettimer:interval=2000
04-24 12:34:08.489 777 777 E : [E/capacity_limit_control] not demo version, not set power control prop!
04-24 12:34:08.931 1176 1392 D HwArpVerifier: performPollAndLog:
04-24 12:34:08.935 1176 1392 D hw_netstat: total/0/0
04-24 12:34:08.958 1176 1338 D HwWifiStatStore: handleMessage : 200
04-24 12:34:09.224 1176 1176 I TrafficMonitor: expired arrive. level:-1
04-24 12:34:09.225 1176 1176 I TrafficMonitor: during_ms:2003,period_ms:2000
04-24 12:34:09.225 1176 1176 I TrafficMonitor: count:485,rx_sum:0,tx_sum:0,rxBytes:0,during_ms:2003,rx_speed:0.0,tx_speed:0.0,rto:0.0
04-24 12:34:09.225 1176 1176 D HuaweiWifiWatchdogStateMachine: speed: rxpkt:0, rxSpd:0B/s, txpkt:0, txSpd:0
04-24 12:34:10.234 1176 1176 I TrafficMonitor: update:rxPkts:0,txPkts:0,rxBytes:0,txBytes:0
04-24 12:34:10.234 1176 1176 I TrafficMonitor: start expired. level:-1
04-24 12:34:10.235 1176 1176 I TrafficMonitor: gettimer:interval=2000
04-24 12:34:11.965 1176 1338 D HwWifiStatStore: handleMessage : 200
04-24 12:34:12.240 1176 1176 I TrafficMonitor: update:rxPkts:0,txPkts:0,rxBytes:0,txBytes:0
04-24 12:34:12.240 1176 1176 I TrafficMonitor: start expired. level:-1
04-24 12:34:12.240 1176 1176 I TrafficMonitor: gettimer:interval=5000
04-24 12:34:12.426 1176 1392 D HwArpVerifier: getIpRouteTable
04-24 12:34:12.513 1176 1392 D HwArpVerifier: Notify wifi default route is ok
04-24 12:34:13.499 777 777 E : [E/capacity_limit_control] not demo version, not set power control prop!
04-24 12:34:13.938 1176 1392 D HwArpVerifier: performPollAndLog:
04-24 12:34:13.942 1176 1392 D hw_netstat: total/0/0
04-24 12:34:14.972 1176 1338 D HwWifiStatStore: handleMessage : 200
04-24 12:34:15.240 1176 1176 I TrafficMonitor: expired arrive. level:-1
04-24 12:34:15.240 1176 1176 I TrafficMonitor: during_ms:2005,period_ms:2000
04-24 12:34:15.241 1176 1176 I TrafficMonitor: count:487,rx_sum:0,tx_sum:0,rxBytes:0,during_ms:2005,rx_speed:0.0,tx_speed:0.0,rto:0.0
04-24 12:34:15.241 1176 1176 D HuaweiWifiWatchdogStateMachine: speed: rxpkt:0, rxSpd:0B/s, txpkt:0, txSpd:0
04-24 12:34:16.120 742 742 E wificond: Failed to get NL80211_RATE_INFO_NOISE
04-24 12:34:16.120 742 742 E wificond: Failed to get NL80211_RATE_INFO_SNR
04-24 12:34:16.120 742 742 E wificond: Failed to get NL80211_STA_INFO_CNAHLOAD
04-24 12:34:16.121 1176 1337 E WificondControl: Noise: 0, Snr: -1, Chload: -1
04-24 12:34:16.123 1176 1339 D HwWifiCHRStateManager: handleMessage : 1001
04-24 12:34:16.123 1176 1339 D HwWifiCHRStateManager: handleUpdateChannel:2412
04-24 12:34:16.123 1176 1339 V HwWifiServiceFactory: get AllImpl object = com.android.server.wifi.HwWifiServiceFactoryImpl@2205edc
04-24 12:34:16.127 742 742 E wificond: Failed to get NL80211_RATE_INFO_NOISE
04-24 12:34:16.128 742 742 E wificond: Failed to get NL80211_RATE_INFO_SNR
04-24 12:34:16.128 742 742 E wificond: Failed to get NL80211_STA_INFO_CNAHLOAD
04-24 12:34:16.130 1176 1406 D HuaweiWifiWatchdogStateMachine: LM mrssi=-27
04-24 12:34:16.130 1176 1176 D WiFi_PRO: MSG_RETURN_AP_CURRY_RSSI rssi = -27
04-24 12:34:16.130 1176 1176 I QosMonitor: queryRtt: rtt_type = 3
04-24 12:34:16.131 1176 1176 I HwQoEJNI: send_cmd_kernel. begin
04-24 12:34:16.131 1176 1406 I HuaweiWifiWatchdogStateMachine: spd good count:0, add sc:0.0, rate:1.0
04-24 12:34:16.131 1176 1176 I HwQoEJNI: send_cmd_kernel. end
04-24 12:34:16.131 1176 1176 I QosMonitor: postEventFromNative: msg=100,arg1=4,arg2=10
04-24 12:34:16.132 1176 1176 D HuaweiWifiWatchdogStateMachine: setSampleRtt: unvalid rtt
04-24 12:34:16.132 1176 1406 D HuaweiWifiWatchdogStateMachine: high data flow: protection_counter = 0, not_detect_counter = 347
04-24 12:34:16.132 1176 1406 D HuaweiWifiWatchdogStateMachine: high data flow scenario: 0 --> 0 rx bytes =0KB
04-24 12:34:16.132 1176 1406 I HuaweiWifiWatchdogStateMachine: current mHighDataFlowRate = 1.0
04-24 12:34:16.133 1176 1406 I HuaweiWifiWatchdogStateMachine: POta txb txg rxg:0, 43, 0. Lr =0% Totpkt=43
04-24 12:34:16.134 1176 1176 I HwQoEJNI: send_cmd_kernel. begin
04-24 12:34:16.134 1176 1176 I HwQoEJNI: send_cmd_kernel. end
04-24 12:34:16.134 1176 1176 I QosMonitor: postEventFromNative: msg=100,arg1=0,arg2=10
04-24 12:34:16.135 1176 1176 I MQoS : rtt=320,tcp_tx_pkts=480924,tcp_rx_pkts=921400
04-24 12:34:16.136 1176 1406 D HuaweiWifiWatchdogStateMachine: dumpTcpResult: len=10,rtt=320,rttPkt=1,rttWn=122,cgt=0,cgtWn=0
04-24 12:34:16.136 1176 1406 I HuaweiWifiWatchdogStateMachine: PTcp RTT:0, rtt pkt=0, tcp_rx=0, tcp_tx=0, tcp_reTran=0, rtRate=0
04-24 12:34:16.136 1176 1406 D HuaweiWifiWatchdogStateMachine: mRssiBadCount =0, RSSI not bad.
04-24 12:34:16.136 1176 1406 D HuaweiWifiWatchdogStateMachine: detectNetworkAvailable:hw.wifipro.dns_fail_count = 131
04-24 12:34:16.136 1176 1406 D HuaweiWifiWatchdogStateMachine: bqeLevel = 2 rtt=0,rtt_pkts=0 speed=37 rssi=-27
04-24 12:34:16.137 1176 1406 D HuaweiWifiWatchdogStateMachine: Enter updateQoeLevel level = 2
04-24 12:34:16.137 1176 1406 D HuaweiWifiWatchdogStateMachine: updateQoeLevel current level equal to mLastDetectLevel, return
04-24 12:34:16.137 1176 1406 D HuaweiWifiWatchdogStateMachine: did not have any network action
04-24 12:34:16.146 1176 3515 I MQoS : QOS_level:0(0),wifi-link;SIM error;use level-0
04-24 12:34:17.245 1176 1176 I TrafficMonitor: update:rxPkts:0,txPkts:0,rxBytes:0,txBytes:0
04-24 12:34:17.245 1176 1176 I TrafficMonitor: start expired. level:-1
04-24 12:34:17.246 1176 1176 I TrafficMonitor: gettimer:interval=5000
04-24 12:34:17.979 1176 1338 D HwWifiStatStore: handleMessage : 200
04-24 12:34:18.509 777 777 E : [E/capacity_limit_control] not demo version, not set power control prop!
04-24 12:34:18.893 1176 1392 D HwArpVerifier: check_wifi_state_mode = 0 mCheckStateToken=25 token25
04-24 12:34:18.896 1176 1392 D wifiserviceimpl: netmask =16777215
04-24 12:34:18.921 1176 1392 D HWMultiGW: setGateWay 192.168.1.1
04-24 12:34:19.349 1176 1589 W Watchdog: hungtask: writing kick
04-24 12:34:19.355 1176 1202 I EventHub: EventHub monitor: no key events in the past 1393s, no motion events in the past 1393s
04-24 12:34:19.923 1176 1392 D HwArpVerifier: getGateWayARPResponses: arp rtt = 6
04-24 12:34:19.924 1176 1392 E HwCHRWifiRSSIGroupSummery: updatArpSummery mRSSI:-27 HwCHRWifiRSSIGroup [rssi_index=4, rtt_tcp_packets=0, rtt_tcp_duration=0, rtt_lan_duration=7500, rtt_lan_failures=0, rtt_lan_succ=358, rtt_lan_max=939, rtt_lan_min=2,same_area_frequency=0,adjacent_area_frequency=0]
04-24 12:34:19.981 1176 1392 D HwArpVerifier: There are 1 mac address for gateway
04-24 12:34:19.982 1176 1392 D HwArpVerifier: from HEART_CHECK transmit to state:HEART_CHECK
04-24 12:34:19.982 1176 1392 D HwArpVerifier: msg what=124 arg1(token)=25 arg2(mode)=0 delay=30000
04-24 12:34:19.982 1176 1392 D HwArpVerifier: performPollAndLog:
04-24 12:34:19.986 1176 1392 D hw_netstat: total/0/0
04-24 12:34:20.986 1176 1338 D HwWifiStatStore: handleMessage : 200
04-24 12:34:22.251 1176 1176 I TrafficMonitor: expired arrive. level:-1
04-24 12:34:22.254 1176 1176 I TrafficMonitor: update:rxPkts:0,txPkts:0,rxBytes:0,txBytes:0
04-24 12:34:22.254 1176 1176 I TrafficMonitor: start expired. level:-1
04-24 12:34:22.255 1176 1176 I TrafficMonitor: gettimer:interval=5000
04-24 12:34:22.255 1176 1176 I TrafficMonitor: during_ms:5010,period_ms:2000
04-24 12:34:22.255 1176 1176 I TrafficMonitor: count:489,rx_sum:0,tx_sum:0,rxBytes:0,during_ms:5010,rx_speed:0.0,tx_speed:0.0,rto:0.0
04-24 12:34:22.255 1176 1176 D HuaweiWifiWatchdogStateMachine: speed: rxpkt:0, rxSpd:0B/s, txpkt:0, txSpd:0
04-24 12:34:23.519 777 777 E : [E/capacity_limit_control] not demo version, not set power control prop!
04-24 12:34:23.549 1176 1288 D HwBatteryService: onUEvent fcpStatus = 0,scpStatus =0,ovpStatus=0
04-24 12:34:23.551 1176 1288 I UsbDeviceManager: water_intrused state= 0
04-24 12:34:23.566 1176 1176 D HwInnerWifiManagerImpl: SupplicantState = COMPLETED
04-24 12:34:23.566 1176 1176 D HwInnerWifiManagerImpl: isPhoneAP = false
04-24 12:34:23.568 1176 1176 D HwInnerWifiManagerImpl: SupplicantState = COMPLETED
04-24 12:34:23.568 1176 1176 D HwInnerWifiManagerImpl: isPhoneAP = false
04-24 12:34:23.568 1176 1176 D WifiStateMachine: mBcastReceiver: PluggedType = 2 mIsScanCtrlPluggedin = true
04-24 12:34:23.569 1176 1176 D HwWifiService: mPluggedType =2
04-24 12:34:23.569 1729 1729 I MsgReceiver: intent action: android.intent.action.BATTERY_CHANGED
04-24 12:34:23.569 1463 1463 D KeyguardUpdateMonitor: received broadcast android.intent.action.BATTERY_CHANGED
04-24 12:34:23.569 1463 1463 W KeyguardUpdateMonitor: ACTION_BATTERY_CHANGED AMP: 500000; Volt: 5000000
04-24 12:34:23.572 5515 5671 E CloudAlbum[8.1.2.309]: [ReceiverManager] not log on ignore
04-24 12:34:23.574 1176 1176 D WifiService: onReceive, action:android.intent.action.BATTERY_CHANGED
04-24 12:34:23.574 1176 1176 D WifiService: ACTION_BATTERY_CHANGED pluggedType: 2
04-24 12:34:23.578 1463 1463 V KeyguardUpdateMonitor: RefreshBatteryInfo isBatteryLow: 73
04-24 12:34:23.579 1463 1463 W KeyguardUpdateMonitor: ChargingSpeed Wattage: 2500000 ST: 5000000 --> 7500000
04-24 12:34:23.579 1463 1463 I KgBattery: BatteryInfo updated: 2lPc0
04-24 12:34:23.580 1463 1463 W AppHandler: sendMessage with obj100
04-24 12:34:23.580 1463 1463 D KeyguardUpdateMonitor: handleBatteryUpdate
04-24 12:34:23.580 1463 1463 W HwLockScreenPanel: Handle message: 100
04-24 12:34:23.580 1463 1463 W HwKeyguardBottomArea: updateBatteryInfo : false true
04-24 12:34:23.581 1463 1463 W KgBattery: getCharge info with type: text
04-24 12:34:23.586 1463 1463 W HwLockScreenPanel: refreshBatteryInfo: null
04-24 12:34:23.992 1176 1338 D HwWifiStatStore: handleMessage : 200
04-24 12:34:24.129 742 742 E wificond: Failed to get NL80211_RATE_INFO_NOISE
04-24 12:34:24.130 742 742 E wificond: Failed to get NL80211_RATE_INFO_SNR
04-24 12:34:24.130 742 742 E wificond: Failed to get NL80211_STA_INFO_CNAHLOAD
04-24 12:34:24.131 1176 1337 E WificondControl: Noise: 0, Snr: -1, Chload: -1
04-24 12:34:24.132 1176 1339 D HwWifiCHRStateManager: handleMessage : 1001
04-24 12:34:24.132 1176 1339 D HwWifiCHRStateManager: handleUpdateChannel:2412
04-24 12:34:24.133 1176 1339 V HwWifiServiceFactory: get AllImpl object = com.android.server.wifi.HwWifiServiceFactoryImpl@2205edc
04-24 12:34:24.136 742 742 E wificond: Failed to get NL80211_RATE_INFO_NOISE
04-24 12:34:24.137 742 742 E wificond: Failed to get NL80211_RATE_INFO_SNR
04-24 12:34:24.137 742 742 E wificond: Failed to get NL80211_STA_INFO_CNAHLOAD
04-24 12:34:24.138 1176 1406 D HuaweiWifiWatchdogStateMachine: LM mrssi=-28
04-24 12:34:24.138 1176 1176 D WiFi_PRO: MSG_RETURN_AP_CURRY_RSSI rssi = -28
04-24 12:34:24.139 1176 1406 D HuaweiWifiWatchdogStateMachine: a4:fa:**:**:eb:b0 current loss[-45]=0%, volume=1
04-24 12:34:24.139 1176 1176 I QosMonitor: queryRtt: rtt_type = 3
04-24 12:34:24.139 1176 1406 D HuaweiWifiWatchdogStateMachine: a4:fa:**:**:eb:b0 history loss[-45]=0%, volume=13825514
04-24 12:34:24.139 1176 1176 I HwQoEJNI: send_cmd_kernel. begin
04-24 12:34:24.139 1176 1176 I HwQoEJNI: send_cmd_kernel. end
04-24 12:34:24.140 1176 1406 I HuaweiWifiWatchdogStateMachine: spd good count:0, add sc:0.0, rate:1.0
04-24 12:34:24.140 1176 1406 I HuaweiWifiWatchdogStateMachine: current mHighDataFlowRate = 1.0
04-24 12:34:24.140 1176 1176 I QosMonitor: postEventFromNative: msg=100,arg1=4,arg2=10
04-24 12:34:24.140 1176 1406 I HuaweiWifiWatchdogStateMachine: POta txb txg rxg:0, 44, 0. Lr =0% Totpkt=44
04-24 12:34:24.140 1176 1176 D HuaweiWifiWatchdogStateMachine: setSampleRtt: unvalid rtt
04-24 12:34:24.140 1176 1176 I HwQoEJNI: send_cmd_kernel. begin
04-24 12:34:24.141 1176 1176 I HwQoEJNI: send_cmd_kernel. end
04-24 12:34:24.142 1176 1176 I QosMonitor: postEventFromNative: msg=100,arg1=0,arg2=10
04-24 12:34:24.142 1176 1176 I MQoS : rtt=320,tcp_tx_pkts=480924,tcp_rx_pkts=921400
04-24 12:34:24.143 1176 1406 D HuaweiWifiWatchdogStateMachine: dumpTcpResult: len=10,rtt=320,rttPkt=1,rttWn=130,cgt=0,cgtWn=0
04-24 12:34:24.143 1176 1406 I HuaweiWifiWatchdogStateMachine: PTcp RTT:0, rtt pkt=0, tcp_rx=0, tcp_tx=0, tcp_reTran=0, rtRate=0
04-24 12:34:24.143 1176 1406 D HuaweiWifiWatchdogStateMachine: mRssiBadCount =0, RSSI not bad.
04-24 12:34:24.143 1176 1406 D HuaweiWifiWatchdogStateMachine: detectNetworkAvailable:hw.wifipro.dns_fail_count = 131
04-24 12:34:24.143 1176 1406 D HuaweiWifiWatchdogStateMachine: bqeLevel = 2 rtt=0,rtt_pkts=0 speed=37 rssi=-28
04-24 12:34:24.143 1176 1406 D HuaweiWifiWatchdogStateMachine: Enter updateQoeLevel level = 2
04-24 12:34:24.143 1176 1406 D HuaweiWifiWatchdogStateMachine: updateQoeLevel current level equal to mLastDetectLevel, return
04-24 12:34:24.143 1176 1406 D HuaweiWifiWatchdogStateMachine: did not have any network action
04-24 12:34:24.150 1176 3515 I MQoS : QOS_level:0(0),wifi-link;SIM error;use level-0
04-24 12:34:24.992 1176 1392 D HwArpVerifier: performPollAndLog:
04-24 12:34:24.996 1176 1392 D hw_netstat: total/0/0
04-24 12:34:26.999 1176 1338 D HwWifiStatStore: handleMessage : 200
04-24 12:34:27.259 1176 1176 I TrafficMonitor: expired arrive. level:-1
04-24 12:34:27.262 1176 1176 I TrafficMonitor: update:rxPkts:0,txPkts:0,rxBytes:0,txBytes:0
04-24 12:34:27.262 1176 1176 I TrafficMonitor: start expired. level:-1
04-24 12:34:27.263 1176 1176 I TrafficMonitor: gettimer:interval=5000
04-24 12:34:27.263 1176 1176 I TrafficMonitor: during_ms:5008,period_ms:2000
04-24 12:34:27.263 1176 1176 I TrafficMonitor: count:490,rx_sum:0,tx_sum:0,rxBytes:0,during_ms:5008,rx_speed:0.0,tx_speed:0.0,rto:0.0
04-24 12:34:27.263 1176 1176 D HuaweiWifiWatchdogStateMachine: speed: rxpkt:0, rxSpd:0B/s, txpkt:0, txSpd:0
04-24 12:34:28.551 777 777 E : [E/capacity_limit_control] not demo version, not set power control prop!
04-24 12:34:30.003 1176 1392 D HwArpVerifier: performPollAndLog:
04-24 12:34:30.006 1176 1338 D HwWifiStatStore: handleMessage : 200
04-24 12:34:30.007 1176 1392 D hw_netstat: total/0/0
04-24 12:34:32.138 742 742 E wificond: Failed to get NL80211_RATE_INFO_NOISE
04-24 12:34:32.139 742 742 E wificond: Failed to get NL80211_RATE_INFO_SNR
04-24 12:34:32.139 742 742 E wificond: Failed to get NL80211_STA_INFO_CNAHLOAD
04-24 12:34:32.140 1176 1337 E WificondControl: Noise: 0, Snr: -1, Chload: -1
04-24 12:34:32.141 1176 1339 D HwWifiCHRStateManager: handleMessage : 1001
04-24 12:34:32.141 1176 1339 D HwWifiCHRStateManager: handleUpdateChannel:2412
04-24 12:34:32.141 1176 1339 V HwWifiServiceFactory: get AllImpl object = com.android.server.wifi.HwWifiServiceFactoryImpl@2205edc
04-24 12:34:32.148 742 742 E wificond: Failed to get NL80211_RATE_INFO_NOISE
04-24 12:34:32.148 742 742 E wificond: Failed to get NL80211_RATE_INFO_SNR
04-24 12:34:32.148 742 742 E wificond: Failed to get NL80211_STA_INFO_CNAHLOAD
04-24 12:34:32.149 1176 1406 D HuaweiWifiWatchdogStateMachine: LM mrssi=-28
04-24 12:34:32.149 1176 1176 D WiFi_PRO: MSG_RETURN_AP_CURRY_RSSI rssi = -28
04-24 12:34:32.150 1176 1176 I QosMonitor: queryRtt: rtt_type = 3
04-24 12:34:32.150 1176 1406 I HuaweiWifiWatchdogStateMachine: spd good count:0, add sc:0.0, rate:1.0
04-24 12:34:32.150 1176 1406 I HuaweiWifiWatchdogStateMachine: current mHighDataFlowRate = 1.0
04-24 12:34:32.150 1176 1406 I HuaweiWifiWatchdogStateMachine: POta txb txg rxg:0, 44, 0. Lr =0% Totpkt=44
04-24 12:34:32.150 1176 1176 I HwQoEJNI: send_cmd_kernel. begin
04-24 12:34:32.151 1176 1176 I HwQoEJNI: send_cmd_kernel. end
04-24 12:34:32.152 1176 1176 I QosMonitor: postEventFromNative: msg=100,arg1=4,arg2=10
04-24 12:34:32.152 1176 1176 I HwQoEJNI: send_cmd_kernel. begin
04-24 12:34:32.153 1176 1176 I HwQoEJNI: send_cmd_kernel. end
04-24 12:34:32.153 1176 1176 I QosMonitor: postEventFromNative: msg=100,arg1=0,arg2=10
04-24 12:34:32.154 1176 1176 D HuaweiWifiWatchdogStateMachine: setSampleRtt: unvalid rtt
04-24 12:34:32.154 1176 1406 D HuaweiWifiWatchdogStateMachine: dumpTcpResult: len=10,rtt=320,rttPkt=1,rttWn=138,cgt=0,cgtWn=0
04-24 12:34:32.154 1176 1176 I MQoS : rtt=320,tcp_tx_pkts=480924,tcp_rx_pkts=921400
04-24 12:34:32.154 1176 1406 I HuaweiWifiWatchdogStateMachine: PTcp RTT:0, rtt pkt=0, tcp_rx=0, tcp_tx=0, tcp_reTran=0, rtRate=0
04-24 12:34:32.154 1176 1406 D HuaweiWifiWatchdogStateMachine: mRssiBadCount =0, RSSI not bad.
04-24 12:34:32.154 1176 1406 D HuaweiWifiWatchdogStateMachine: detectNetworkAvailable:hw.wifipro.dns_fail_count = 131
04-24 12:34:32.155 1176 1406 D HuaweiWifiWatchdogStateMachine: bqeLevel = 2 rtt=0,rtt_pkts=0 speed=37 rssi=-28
04-24 12:34:32.155 1176 1406 D HuaweiWifiWatchdogStateMachine: Enter updateQoeLevel level = 2
04-24 12:34:32.155 1176 1406 D HuaweiWifiWatchdogStateMachine: updateQoeLevel current level equal to mLastDetectLevel, return
04-24 12:34:32.155 1176 1406 D HuaweiWifiWatchdogStateMachine: did not have any network action
04-24 12:34:32.165 1176 3515 I MQoS : QOS_level:0(0),wifi-link;SIM error;use level-0
04-24 12:34:32.262 1176 1176 I TrafficMonitor: expired arrive. level:-1
04-24 12:34:32.263 1176 1176 I TrafficMonitor: update:rxPkts:0,txPkts:0,rxBytes:0,txBytes:0
04-24 12:34:32.264 1176 1176 I TrafficMonitor: start expired. level:-1
04-24 12:34:32.264 1176 1176 I TrafficMonitor: gettimer:interval=5000
04-24 12:34:32.264 1176 1176 I TrafficMonitor: during_ms:5001,period_ms:2000
04-24 12:34:32.264 1176 1176 I TrafficMonitor: count:491,rx_sum:0,tx_sum:0,rxBytes:0,during_ms:5001,rx_speed:0.0,tx_speed:0.0,rto:0.0
04-24 12:34:32.264 1176 1176 D HuaweiWifiWatchdogStateMachine: speed: rxpkt:0, rxSpd:0B/s, txpkt:0, txSpd:0
04-24 12:34:33.012 1176 1338 D HwWifiStatStore: handleMessage : 200
04-24 12:34:33.561 777 777 E : [E/capacity_limit_control] not demo version, not set power control prop!
04-24 12:34:35.012 1176 1392 D HwArpVerifier: performPollAndLog:
04-24 12:34:35.017 1176 1392 D hw_netstat: total/0/0
04-24 12:34:36.019 1176 1338 D HwWifiStatStore: handleMessage : 200
04-24 12:34:37.269 1176 1176 I TrafficMonitor: expired arrive. level:-1
04-24 12:34:37.272 1176 1176 I TrafficMonitor: update:rxPkts:0,txPkts:0,rxBytes:0,txBytes:0
04-24 12:34:37.273 1176 1176 I TrafficMonitor: start expired. level:-1
04-24 12:34:37.273 1176 1176 I TrafficMonitor: gettimer:interval=5000
04-24 12:34:37.273 1176 1176 I TrafficMonitor: during_ms:5009,period_ms:2000
04-24 12:34:37.273 1176 1176 I TrafficMonitor: count:492,rx_sum:0,tx_sum:0,rxBytes:0,during_ms:5009,rx_speed:0.0,tx_speed:0.0,rto:0.0
04-24 12:34:37.273 1176 1176 D HuaweiWifiWatchdogStateMachine: speed: rxpkt:0, rxSpd:0B/s, txpkt:0, txSpd:0
04-24 12:34:38.109 1729 2560 I LogPowerAdapter: do thermal temperature:28action:app_ctrl value:0 to PG
04-24 12:34:38.110 1729 2560 D HwPolicyDispatcher: send ctrl to PG,0
04-24 12:34:38.116 1729 2056 I TClean : TClean trigger policy = 0
04-24 12:34:38.117 1729 2056 I HardwareAdapter: file:/sys/class/hw_power/charger/direct_charger/adaptor_detect, fileExists:false, fileCanRead:false
04-24 12:34:38.117 1729 2056 I HardwareAdapter: isOnlyChargingType adaptor_detect=null
04-24 12:34:38.120 1729 2056 I HardwareAdapter: isOnlyChargingType chargerType=0
04-24 12:34:38.120 1729 2056 I ash : not only power charing.
04-24 12:34:38.567 777 777 E : [E/capacity_limit_control] not demo version, not set power control prop!
04-24 12:34:39.026 1176 1338 D HwWifiStatStore: handleMessage : 200
04-24 12:34:40.023 1176 1392 D HwArpVerifier: performPollAndLog:
04-24 12:34:40.027 1176 1392 D hw_netstat: total/0/0
04-24 12:34:40.144 742 742 E wificond: Failed to get NL80211_RATE_INFO_NOISE
04-24 12:34:40.144 742 742 E wificond: Failed to get NL80211_RATE_INFO_SNR
04-24 12:34:40.144 742 742 E wificond: Failed to get NL80211_STA_INFO_CNAHLOAD
04-24 12:34:40.145 1176 1337 E WificondControl: Noise: 0, Snr: -1, Chload: -1
04-24 12:34:40.146 1176 1339 D HwWifiCHRStateManager: handleMessage : 1001
04-24 12:34:40.146 1176 1339 D HwWifiCHRStateManager: handleUpdateChannel:2412
04-24 12:34:40.147 1176 1339 V HwWifiServiceFactory: get AllImpl object = com.android.server.wifi.HwWifiServiceFactoryImpl@2205edc
04-24 12:34:40.151 742 742 E wificond: Failed to get NL80211_RATE_INFO_NOISE
04-24 12:34:40.152 742 742 E wificond: Failed to get NL80211_RATE_INFO_SNR
04-24 12:34:40.152 742 742 E wificond: Failed to get NL80211_STA_INFO_CNAHLOAD
04-24 12:34:40.156 1176 1406 D HuaweiWifiWatchdogStateMachine: LM mrssi=-29
04-24 12:34:40.157 1176 1406 I HuaweiWifiWatchdogStateMachine: spd good count:0, add sc:0.0, rate:1.0
04-24 12:34:40.157 1176 1406 I HuaweiWifiWatchdogStateMachine: current mHighDataFlowRate = 1.0
04-24 12:34:40.157 1176 1406 I HuaweiWifiWatchdogStateMachine: POta txb txg rxg:0, 44, 0. Lr =0% Totpkt=44
04-24 12:34:40.160 1176 1176 D WiFi_PRO: MSG_RETURN_AP_CURRY_RSSI rssi = -29
04-24 12:34:40.160 1176 1176 I QosMonitor: queryRtt: rtt_type = 3
04-24 12:34:40.163 1176 1176 I HwQoEJNI: send_cmd_kernel. begin
04-24 12:34:40.163 1176 1176 I HwQoEJNI: send_cmd_kernel. end
04-24 12:34:40.164 1176 1176 I QosMonitor: postEventFromNative: msg=100,arg1=4,arg2=10
04-24 12:34:40.165 1176 1176 I HwQoEJNI: send_cmd_kernel. begin
04-24 12:34:40.165 1176 1176 I HwQoEJNI: send_cmd_kernel. end
04-24 12:34:40.165 1176 1176 I QosMonitor: postEventFromNative: msg=100,arg1=0,arg2=10
04-24 12:34:40.165 1176 1176 D HuaweiWifiWatchdogStateMachine: setSampleRtt: unvalid rtt
04-24 12:34:40.165 1176 1176 I MQoS : rtt=320,tcp_tx_pkts=480924,tcp_rx_pkts=921400
04-24 12:34:40.166 1176 1406 D HuaweiWifiWatchdogStateMachine: dumpTcpResult: len=10,rtt=320,rttPkt=1,rttWn=146,cgt=0,cgtWn=0
04-24 12:34:40.167 1176 1406 I HuaweiWifiWatchdogStateMachine: PTcp RTT:0, rtt pkt=0, tcp_rx=0, tcp_tx=0, tcp_reTran=0, rtRate=0
04-24 12:34:40.167 1176 1406 D HuaweiWifiWatchdogStateMachine: mRssiBadCount =0, RSSI not bad.
04-24 12:34:40.167 1176 1406 D HuaweiWifiWatchdogStateMachine: detectNetworkAvailable:hw.wifipro.dns_fail_count = 131
04-24 12:34:40.167 1176 1406 D HuaweiWifiWatchdogStateMachine: bqeLevel = 2 rtt=0,rtt_pkts=0 speed=37 rssi=-29
04-24 12:34:40.167 1176 1406 D HuaweiWifiWatchdogStateMachine: Enter updateQoeLevel level = 2
04-24 12:34:40.167 1176 1406 D HuaweiWifiWatchdogStateMachine: updateQoeLevel current level equal to mLastDetectLevel, return
04-24 12:34:40.167 1176 1406 D HuaweiWifiWatchdogStateMachine: did not have any network action
04-24 12:34:40.169 1176 3515 I MQoS : QOS_level:0(0),wifi-link;SIM error;use level-0
04-24 12:34:42.033 1176 1338 D HwWifiStatStore: handleMessage : 200
04-24 12:34:42.276 1176 1176 I TrafficMonitor: expired arrive. level:-1
04-24 12:34:42.279 1176 1176 I TrafficMonitor: update:rxPkts:0,txPkts:0,rxBytes:0,txBytes:0
04-24 12:34:42.279 1176 1176 I TrafficMonitor: start expired. level:-1
04-24 12:34:42.280 1176 1176 I TrafficMonitor: gettimer:interval=5000
04-24 12:34:42.280 1176 1176 I TrafficMonitor: during_ms:5007,period_ms:2000
04-24 12:34:42.280 1176 1176 I TrafficMonitor: count:493,rx_sum:0,tx_sum:0,rxBytes:0,during_ms:5007,rx_speed:0.0,tx_speed:0.0,rto:0.0
04-24 12:34:42.280 1176 1176 D HuaweiWifiWatchdogStateMachine: speed: rxpkt:0, rxSpd:0B/s, txpkt:0, txSpd:0
04-24 12:34:43.577 777 777 E : [E/capacity_limit_control] not demo version, not set power control prop!
04-24 12:34:45.033 1176 1392 D HwArpVerifier: performPollAndLog:
04-24 12:34:45.038 1176 1392 D hw_netstat: total/0/0
04-24 12:34:45.040 1176 1338 D HwWifiStatStore: handleMessage : 200
04-24 12:34:45.087 1463 1463 D KeyguardUpdateMonitor: received broadcast android.intent.action.BATTERY_CHANGED
04-24 12:34:45.088 1463 1463 W KeyguardUpdateMonitor: ACTION_BATTERY_CHANGED AMP: 500000; Volt: 5000000
04-24 12:34:45.090 1463 1463 V KeyguardUpdateMonitor: RefreshBatteryInfo isBatteryLow: 73
04-24 12:34:45.090 1463 1463 W KeyguardUpdateMonitor: ChargingSpeed Wattage: 2500000 ST: 5000000 --> 7500000
04-24 12:34:45.090 1463 1463 I KgBattery: BatteryInfo updated: 2lPc0
04-24 12:34:45.090 1463 1463 W AppHandler: sendMessage with obj100
04-24 12:34:45.090 1463 1463 D KeyguardUpdateMonitor: handleBatteryUpdate
04-24 12:34:45.090 1463 1463 W HwLockScreenPanel: Handle message: 100
04-24 12:34:45.090 1463 1463 W HwKeyguardBottomArea: updateBatteryInfo : false true
04-24 12:34:45.090 1463 1463 W KgBattery: getCharge info with type: text
04-24 12:34:45.092 1176 1176 D HwInnerWifiManagerImpl: SupplicantState = COMPLETED
04-24 12:34:45.092 1176 1176 D HwInnerWifiManagerImpl: isPhoneAP = false
04-24 12:34:45.092 5515 5671 E CloudAlbum[8.1.2.309]: [ReceiverManager] not log on ignore
04-24 12:34:45.093 1176 1176 D HwInnerWifiManagerImpl: SupplicantState = COMPLETED
04-24 12:34:45.094 1176 1176 D HwInnerWifiManagerImpl: isPhoneAP = false
04-24 12:34:45.094 1176 1176 D WifiStateMachine: mBcastReceiver: PluggedType = 2 mIsScanCtrlPluggedin = true
04-24 12:34:45.094 1729 1729 I MsgReceiver: intent action: android.intent.action.BATTERY_CHANGED
04-24 12:34:45.095 1176 1176 D HwWifiService: mPluggedType =2
04-24 12:34:45.096 1176 1176 D WifiService: onReceive, action:android.intent.action.BATTERY_CHANGED
04-24 12:34:45.096 1176 1176 D WifiService: ACTION_BATTERY_CHANGED pluggedType: 2
04-24 12:34:45.102 1463 1463 W HwLockScreenPanel: refreshBatteryInfo: null
04-24 12:34:47.282 1176 1176 I TrafficMonitor: expired arrive. level:-1
04-24 12:34:47.285 1176 1176 I TrafficMonitor: update:rxPkts:0,txPkts:0,rxBytes:0,txBytes:0
04-24 12:34:47.285 1176 1176 I TrafficMonitor: start expired. level:-1
04-24 12:34:47.285 1176 1176 I TrafficMonitor: gettimer:interval=5000
04-24 12:34:47.285 1176 1176 I TrafficMonitor: during_ms:5005,period_ms:2000
04-24 12:34:47.285 1176 1176 I TrafficMonitor: count:494,rx_sum:0,tx_sum:0,rxBytes:0,during_ms:5005,rx_speed:0.0,tx_speed:0.0,rto:0.0
04-24 12:34:47.285 1176 1176 D HuaweiWifiWatchdogStateMachine: speed: rxpkt:0, rxSpd:0B/s, txpkt:0, txSpd:0
04-24 12:34:48.047 1176 1338 D HwWifiStatStore: handleMessage : 200
04-24 12:34:48.142 742 742 E wificond: Failed to get NL80211_RATE_INFO_NOISE
04-24 12:34:48.142 742 742 E wificond: Failed to get NL80211_RATE_INFO_SNR
04-24 12:34:48.142 742 742 E wificond: Failed to get NL80211_STA_INFO_CNAHLOAD
04-24 12:34:48.143 1176 1337 E WificondControl: Noise: 0, Snr: -1, Chload: -1
04-24 12:34:48.144 1176 1339 D HwWifiCHRStateManager: handleMessage : 1001
04-24 12:34:48.144 1176 1339 D HwWifiCHRStateManager: handleUpdateChannel:2412
04-24 12:34:48.144 1176 1339 V HwWifiServiceFactory: get AllImpl object = com.android.server.wifi.HwWifiServiceFactoryImpl@2205edc
04-24 12:34:48.148 742 742 E wificond: Failed to get NL80211_RATE_INFO_NOISE
04-24 12:34:48.148 742 742 E wificond: Failed to get NL80211_RATE_INFO_SNR
04-24 12:34:48.148 742 742 E wificond: Failed to get NL80211_STA_INFO_CNAHLOAD
04-24 12:34:48.150 1176 1406 D HuaweiWifiWatchdogStateMachine: LM mrssi=-28
04-24 12:34:48.150 1176 1406 I HuaweiWifiWatchdogStateMachine: spd good count:0, add sc:0.0, rate:1.0
04-24 12:34:48.151 1176 1176 D WiFi_PRO: MSG_RETURN_AP_CURRY_RSSI rssi = -28
04-24 12:34:48.152 1176 1406 D HuaweiWifiWatchdogStateMachine: high data flow: protection_counter = 0, not_detect_counter = 348
04-24 12:34:48.152 1176 1406 D HuaweiWifiWatchdogStateMachine: high data flow scenario: 0 --> 0 rx bytes =0KB
04-24 12:34:48.152 1176 1176 I QosMonitor: queryRtt: rtt_type = 3
04-24 12:34:48.152 1176 1406 I HuaweiWifiWatchdogStateMachine: current mHighDataFlowRate = 1.0
04-24 12:34:48.152 1176 1406 I HuaweiWifiWatchdogStateMachine: POta txb txg rxg:0, 44, 0. Lr =0% Totpkt=44
04-24 12:34:48.153 1176 1176 I HwQoEJNI: send_cmd_kernel. begin
04-24 12:34:48.153 1176 1176 I HwQoEJNI: send_cmd_kernel. end
04-24 12:34:48.153 1176 1176 I QosMonitor: postEventFromNative: msg=100,arg1=4,arg2=10
04-24 12:34:48.153 1176 1176 I HwQoEJNI: send_cmd_kernel. begin
04-24 12:34:48.153 1176 1176 I HwQoEJNI: send_cmd_kernel. end
04-24 12:34:48.154 1176 1176 I QosMonitor: postEventFromNative: msg=100,arg1=0,arg2=10
04-24 12:34:48.154 1176 1176 D HuaweiWifiWatchdogStateMachine: setSampleRtt: unvalid rtt
04-24 12:34:48.154 1176 1176 I MQoS : rtt=320,tcp_tx_pkts=480924,tcp_rx_pkts=921400
04-24 12:34:48.155 1176 1406 D HuaweiWifiWatchdogStateMachine: dumpTcpResult: len=10,rtt=320,rttPkt=1,rttWn=154,cgt=0,cgtWn=0
04-24 12:34:48.155 1176 1406 I HuaweiWifiWatchdogStateMachine: PTcp RTT:0, rtt pkt=0, tcp_rx=0, tcp_tx=0, tcp_reTran=0, rtRate=0
04-24 12:34:48.155 1176 1406 D HuaweiWifiWatchdogStateMachine: mRssiBadCount =0, RSSI not bad.
04-24 12:34:48.156 1176 1406 D HuaweiWifiWatchdogStateMachine: detectNetworkAvailable:hw.wifipro.dns_fail_count = 131
04-24 12:34:48.156 1176 1406 D HuaweiWifiWatchdogStateMachine: bqeLevel = 2 rtt=0,rtt_pkts=0 speed=37 rssi=-28
04-24 12:34:48.156 1176 1406 D HuaweiWifiWatchdogStateMachine: Enter updateQoeLevel level = 2
04-24 12:34:48.156 1176 1406 D HuaweiWifiWatchdogStateMachine: updateQoeLevel current level equal to mLastDetectLevel, return
04-24 12:34:48.156 1176 1406 D HuaweiWifiWatchdogStateMachine: did not have any network action
04-24 12:34:48.166 1176 3515 I MQoS : QOS_level:0(0),wifi-link;SIM error;use level-0
04-24 12:34:48.166 1176 3515 I MQoS : skip-low-Level:0(0),wifi-link;SIM error;use level-0
04-24 12:34:48.587 777 777 E : [E/capacity_limit_control] not demo version, not set power control prop!
04-24 12:34:49.354 1176 1589 W Watchdog: hungtask: writing kick
04-24 12:34:49.356 1176 1202 I EventHub: EventHub monitor: no key events in the past 1423s, no motion events in the past 1423s
04-24 12:34:49.988 1176 1392 D HwArpVerifier: check_wifi_state_mode = 0 mCheckStateToken=25 token25
04-24 12:34:49.991 1176 1392 D wifiserviceimpl: netmask =16777215
04-24 12:34:50.045 1176 1392 D HWMultiGW: setGateWay 192.168.1.1
04-24 12:34:50.054 1106 1119 I OAM : [check_file_size:505]/data/log/wifi/wifi_log_1 log file beyond size=10240Byte, creat new file
04-24 12:34:50.054 1106 1119 I OAM : [rename_old_file:210]rename_old_file
04-24 12:34:50.054 1106 1119 I OAM :
04-24 12:34:51.048 1176 1392 D HwArpVerifier: getGateWayARPResponses: arp rtt = 6
04-24 12:34:51.049 1176 1392 E HwCHRWifiRSSIGroupSummery: updatArpSummery mRSSI:-28 HwCHRWifiRSSIGroup [rssi_index=4, rtt_tcp_packets=0, rtt_tcp_duration=0, rtt_lan_duration=7506, rtt_lan_failures=0, rtt_lan_succ=359, rtt_lan_max=939, rtt_lan_min=2,same_area_frequency=0,adjacent_area_frequency=0]
04-24 12:34:51.054 1176 1338 D HwWifiStatStore: handleMessage : 200
04-24 12:34:51.094 1176 1392 D HwArpVerifier: There are 1 mac address for gateway
04-24 12:34:51.095 1176 1392 D HwArpVerifier: from HEART_CHECK transmit to state:HEART_CHECK
04-24 12:34:51.095 1176 1392 D HwArpVerifier: msg what=124 arg1(token)=25 arg2(mode)=0 delay=30000
04-24 12:34:51.095 1176 1392 D HwArpVerifier: performPollAndLog:
04-24 12:34:51.099 1176 1392 D hw_netstat: total/0/0
04-24 12:34:51.699 487 620 W SocketListener: sending broadcast to Pid = 1176, Uid = 1000
04-24 12:34:51.703 1176 1332 D NetdConnector: RCV <- {613 IfaceClass active 1 352479854524705 10824}
04-24 12:34:51.707 1176 1332 D NetdConnector: RCV <- {613 IfaceClass active 1 352479854524705 10824}
04-24 12:34:51.711 1176 1202 D NetdConnector: RCV unsolicited event from native daemon, event = 613
04-24 12:34:51.898 1729 23345 I DownloadState: 0 transmitting data speed : 28 bytes/s scroff: true
04-24 12:34:52.287 1176 1176 I TrafficMonitor: expired arrive. level:-1
04-24 12:34:52.290 1176 1176 I TrafficMonitor: update:rxPkts:1,txPkts:1,rxBytes:56,txBytes:84
04-24 12:34:52.290 1176 1176 I TrafficMonitor: start expired. level:-1
04-24 12:34:52.291 1176 1176 I TrafficMonitor: gettimer:interval=2000
04-24 12:34:52.291 1176 1176 I TrafficMonitor: during_ms:5006,period_ms:2000
04-24 12:34:52.291 1176 1176 I TrafficMonitor: count:495,rx_sum:1,tx_sum:1,rxBytes:56,during_ms:5006,rx_speed:11.186576108669597,tx_speed:16.779864163004394,rto:1.0
04-24 12:34:52.291 1176 1176 D HuaweiWifiWatchdogStateMachine: speed: rxpkt:1, rxSpd:11B/s, txpkt:1, txSpd:16
04-24 12:34:53.597 777 777 E : [E/capacity_limit_control] not demo version, not set power control prop!
04-24 12:34:53.628 1176 1288 D HwBatteryService: onUEvent fcpStatus = 0,scpStatus =0,ovpStatus=0
04-24 12:34:53.630 1176 1288 I UsbDeviceManager: water_intrused state= 0
04-24 12:34:53.647 1176 1176 D HwInnerWifiManagerImpl: SupplicantState = COMPLETED
04-24 12:34:53.648 1176 1176 D HwInnerWifiManagerImpl: isPhoneAP = false
04-24 12:34:53.649 1176 1176 D HwInnerWifiManagerImpl: SupplicantState = COMPLETED
04-24 12:34:53.649 1176 1176 D HwInnerWifiManagerImpl: isPhoneAP = false
04-24 12:34:53.649 1176 1176 D WifiStateMachine: mBcastReceiver: PluggedType = 2 mIsScanCtrlPluggedin = true
