04-24 12:50:25.046 1176 1406 D HuaweiWifiWatchdogStateMachine: mRssiBadCount =0, RSSI not bad.
04-24 12:50:25.047 1176 1406 D HuaweiWifiWatchdogStateMachine: detectNetworkAvailable:hw.wifipro.dns_fail_count = 131
04-24 12:50:25.047 1176 1406 D HuaweiWifiWatchdogStateMachine: bqeLevel = 2 rtt=0,rtt_pkts=0 speed=37 rssi=-30
04-24 12:50:25.047 1176 1406 D HuaweiWifiWatchdogStateMachine: Enter updateQoeLevel level = 2
04-24 12:50:25.047 1176 1406 D HuaweiWifiWatchdogStateMachine: updateQoeLevel current level equal to mLastDetectLevel, return
04-24 12:50:25.047 1176 1406 D HuaweiWifiWatchdogStateMachine: did not have any network action
04-24 12:50:25.057 1176 3515 I MQoS : QOS_level:0(0),wifi-link;SIM error;use level-0
04-24 12:50:26.039 1176 1176 I TrafficMonitor: expired arrive. level:-1
04-24 12:50:26.042 1176 1176 I TrafficMonitor: update:rxPkts:0,txPkts:0,rxBytes:0,txBytes:0
04-24 12:50:26.043 1176 1176 I TrafficMonitor: start expired. level:-1
04-24 12:50:26.043 1176 1176 I TrafficMonitor: gettimer:interval=5000
04-24 12:50:26.043 1176 1176 I TrafficMonitor: during_ms:5006,period_ms:2000
04-24 12:50:26.043 1176 1176 I TrafficMonitor: count:799,rx_sum:0,tx_sum:0,rxBytes:0,during_ms:5006,rx_speed:0.0,tx_speed:0.0,rto:0.0
04-24 12:50:26.043 1176 1176 D HuaweiWifiWatchdogStateMachine: speed: rxpkt:0, rxSpd:0B/s, txpkt:0, txSpd:0
04-24 12:50:26.060 1176 1338 D HwWifiStatStore: handleMessage : 200
04-24 12:50:26.081 777 777 E : [E/capacity_limit_control] not demo version, not set power control prop!
04-24 12:50:26.105 1176 1288 D HwBatteryService: onUEvent fcpStatus = 0,scpStatus =0,ovpStatus=0
04-24 12:50:26.108 1176 1288 I UsbDeviceManager: water_intrused state= 0
04-24 12:50:26.121 1176 1176 D HwInnerWifiManagerImpl: SupplicantState = COMPLETED
04-24 12:50:26.122 1176 1176 D HwInnerWifiManagerImpl: isPhoneAP = false
04-24 12:50:26.122 1463 1463 D KeyguardUpdateMonitor: received broadcast android.intent.action.BATTERY_CHANGED
04-24 12:50:26.123 1463 1463 W KeyguardUpdateMonitor: ACTION_BATTERY_CHANGED AMP: 500000; Volt: 5000000
04-24 12:50:26.123 1176 1176 D HwInnerWifiManagerImpl: SupplicantState = COMPLETED
04-24 12:50:26.123 1176 1176 D HwInnerWifiManagerImpl: isPhoneAP = false
04-24 12:50:26.123 1463 1463 V KeyguardUpdateMonitor: RefreshBatteryInfo isBatteryLow: 75
04-24 12:50:26.123 1463 1463 W KeyguardUpdateMonitor: ChargingSpeed Wattage: 2500000 ST: 5000000 --> 7500000
04-24 12:50:26.123 1176 1176 D WifiStateMachine: mBcastReceiver: PluggedType = 2 mIsScanCtrlPluggedin = true
04-24 12:50:26.123 1463 1463 I KgBattery: BatteryInfo updated: 2lPc0
04-24 12:50:26.123 1463 1463 W AppHandler: sendMessage with obj100
04-24 12:50:26.123 1463 1463 D KeyguardUpdateMonitor: handleBatteryUpdate
04-24 12:50:26.123 1176 1176 D HwWifiService: mPluggedType =2
04-24 12:50:26.123 1463 1463 W HwLockScreenPanel: Handle message: 100
04-24 12:50:26.124 1463 1463 W HwKeyguardBottomArea: updateBatteryInfo : false true
04-24 12:50:26.124 1463 1463 W KgBattery: getCharge info with type: text
04-24 12:50:26.124 1176 1176 D WifiService: onReceive, action:android.intent.action.BATTERY_CHANGED
04-24 12:50:26.124 1176 1176 D WifiService: ACTION_BATTERY_CHANGED pluggedType: 2
04-24 12:50:26.129 5515 5671 E CloudAlbum[8.1.2.309]: [ReceiverManager] not log on ignore
04-24 12:50:26.130 1463 1463 W HwLockScreenPanel: refreshBatteryInfo: null
04-24 12:50:26.130 1729 1729 I MsgReceiver: intent action: android.intent.action.BATTERY_CHANGED
04-24 12:50:26.633 1637 1925 W DoneDirFilePackUtil: collectAllFilesInDoneDir NumberFormatException
04-24 12:50:26.634 1637 1925 W DoneDirFilePackUtil: collectAllFilesInDoneDir NumberFormatException
04-24 12:50:26.634 1637 1925 E LogFilePackager: filterLogListWithThreshold loglist is null
04-24 12:50:29.066 1176 1338 D HwWifiStatStore: handleMessage : 200
04-24 12:50:29.890 1176 1176 W JobServiceContext: Time-out while trying to bind b89f38b #u0a386/1 com.tencent.mobileqq/.msf.service.MSFAliveJobService, dropping.
04-24 12:50:29.891 1176 1176 E BatteryStatsImpl: Unable to find object for com.tencent.mobileqq/.msf.service.MSFAliveJobService in uid 10386 mapsize=0 activeoverflow=null curoverflow=null
04-24 12:50:29.894 1176 1176 W ActivityManager: Unbind failed: could not find connection for android.app.LoadedApk$ServiceDispatcher$InnerConnection@8d61946
04-24 12:50:29.897 1176 1176 W HwAlarmManagerService: isContainsAppUidInWorksource-->happend NameNotFoundException
04-24 12:50:29.903 1176 1176 I HwAlarmManagerService: hwSetAlarm listenerTag: *job.deadline*
04-24 12:50:29.905 1176 1176 I JobScheduler.Time: mNextJobExpiredElapsedMillis: 374426397
04-24 12:50:29.911 1176 1176 W HwAlarmManagerService: isContainsAppUidInWorksource-->happend NameNotFoundException
04-24 12:50:29.918 1176 1176 I HwAlarmManagerService: hwSetAlarm listenerTag: *job.delay*
04-24 12:50:29.919 1176 1176 I JobScheduler.Time: mNextDelayExpiredElapsedMillis: 354233363
04-24 12:50:29.920 1176 1176 W HwAlarmManagerService: isContainsAppUidInWorksource-->happend NameNotFoundException
04-24 12:50:29.922 1176 1176 I HwAlarmManagerService: hwSetAlarm listenerTag: *job.deadline*
04-24 12:50:29.922 1176 1176 I JobScheduler.Time: mNextJobExpiredElapsedMillis: 355133363
04-24 12:50:29.991 1176 1392 D HwArpVerifier: performPollAndLog:
04-24 12:50:29.993 1176 1392 D hw_netstat: total/0/0
04-24 12:50:31.045 1176 1176 I TrafficMonitor: expired arrive. level:-1
04-24 12:50:31.048 1176 1176 I TrafficMonitor: update:rxPkts:0,txPkts:0,rxBytes:0,txBytes:0
04-24 12:50:31.048 1176 1176 I TrafficMonitor: start expired. level:-1
04-24 12:50:31.048 1176 1176 I TrafficMonitor: gettimer:interval=5000
04-24 12:50:31.048 1176 1176 I TrafficMonitor: during_ms:5005,period_ms:2000
04-24 12:50:31.048 1176 1176 I TrafficMonitor: count:800,rx_sum:0,tx_sum:0,rxBytes:0,during_ms:5005,rx_speed:0.0,tx_speed:0.0,rto:0.0
04-24 12:50:31.048 1176 1176 D HuaweiWifiWatchdogStateMachine: speed: rxpkt:0, rxSpd:0B/s, txpkt:0, txSpd:0
04-24 12:50:31.111 777 777 E : [E/capacity_limit_control] not demo version, not set power control prop!
04-24 12:50:32.074 1176 1338 D HwWifiStatStore: handleMessage : 200
04-24 12:50:33.034 742 742 E wificond: Failed to get NL80211_RATE_INFO_NOISE
04-24 12:50:33.034 742 742 E wificond: Failed to get NL80211_RATE_INFO_SNR
04-24 12:50:33.034 742 742 E wificond: Failed to get NL80211_STA_INFO_CNAHLOAD
04-24 12:50:33.035 1176 1337 E WificondControl: Noise: 0, Snr: -1, Chload: -1
04-24 12:50:33.036 1176 1339 D HwWifiCHRStateManager: handleMessage : 1001
04-24 12:50:33.036 1176 1339 D HwWifiCHRStateManager: handleUpdateChannel:2412
04-24 12:50:33.037 1176 1339 V HwWifiServiceFactory: get AllImpl object = com.android.server.wifi.HwWifiServiceFactoryImpl@2205edc
04-24 12:50:33.041 742 742 E wificond: Failed to get NL80211_RATE_INFO_NOISE
04-24 12:50:33.041 742 742 E wificond: Failed to get NL80211_RATE_INFO_SNR
04-24 12:50:33.041 742 742 E wificond: Failed to get NL80211_STA_INFO_CNAHLOAD
04-24 12:50:33.043 1176 1406 D HuaweiWifiWatchdogStateMachine: LM mrssi=-29
04-24 12:50:33.044 1176 1406 I HuaweiWifiWatchdogStateMachine: spd good count:0, add sc:0.0, rate:1.0
04-24 12:50:33.044 1176 1406 I HuaweiWifiWatchdogStateMachine: current mHighDataFlowRate = 1.0
04-24 12:50:33.044 1176 1406 I HuaweiWifiWatchdogStateMachine: POta txb txg rxg:0, 126, 0. Lr =0% Totpkt=126
04-24 12:50:33.045 1176 1176 D WiFi_PRO: MSG_RETURN_AP_CURRY_RSSI rssi = -29
04-24 12:50:33.045 1176 1176 I QosMonitor: queryRtt: rtt_type = 3
04-24 12:50:33.046 1176 1176 I HwQoEJNI: send_cmd_kernel. begin
04-24 12:50:33.046 1176 1176 I HwQoEJNI: send_cmd_kernel. end
04-24 12:50:33.046 1176 1176 I QosMonitor: postEventFromNative: msg=100,arg1=4,arg2=10
04-24 12:50:33.047 1176 1176 I HwQoEJNI: send_cmd_kernel. begin
04-24 12:50:33.047 1176 1176 I HwQoEJNI: send_cmd_kernel. end
04-24 12:50:33.047 1176 1176 I QosMonitor: postEventFromNative: msg=100,arg1=0,arg2=10
04-24 12:50:33.047 1176 1176 D HuaweiWifiWatchdogStateMachine: setSampleRtt: unvalid rtt
04-24 12:50:33.048 1176 1176 I MQoS : rtt=160,tcp_tx_pkts=480940,tcp_rx_pkts=921408
04-24 12:50:33.050 1176 1406 D HuaweiWifiWatchdogStateMachine: dumpTcpResult: len=10,rtt=160,rttPkt=1,rttWn=48,cgt=0,cgtWn=0
04-24 12:50:33.050 1176 1406 I HuaweiWifiWatchdogStateMachine: PTcp RTT:0, rtt pkt=0, tcp_rx=0, tcp_tx=0, tcp_reTran=0, rtRate=0
04-24 12:50:33.050 1176 1406 D HuaweiWifiWatchdogStateMachine: mRssiBadCount =0, RSSI not bad.
04-24 12:50:33.051 1176 1406 D HuaweiWifiWatchdogStateMachine: detectNetworkAvailable:hw.wifipro.dns_fail_count = 131
04-24 12:50:33.051 1176 1406 D HuaweiWifiWatchdogStateMachine: bqeLevel = 2 rtt=0,rtt_pkts=0 speed=37 rssi=-29
04-24 12:50:33.052 1176 1406 D HuaweiWifiWatchdogStateMachine: Enter updateQoeLevel level = 2
04-24 12:50:33.052 1176 1406 D HuaweiWifiWatchdogStateMachine: updateQoeLevel current level equal to mLastDetectLevel, return
04-24 12:50:33.052 1176 1406 D HuaweiWifiWatchdogStateMachine: did not have any network action
04-24 12:50:33.060 1176 3515 I MQoS : QOS_level:0(0),wifi-link;SIM error;use level-0
04-24 12:50:34.997 1176 1392 D HwArpVerifier: performPollAndLog:
04-24 12:50:35.002 1176 1392 D hw_netstat: total/0/0
04-24 12:50:35.080 1176 1338 D HwWifiStatStore: handleMessage : 200
04-24 12:50:36.052 1176 1176 I TrafficMonitor: expired arrive. level:-1
04-24 12:50:36.055 1176 1176 I TrafficMonitor: update:rxPkts:0,txPkts:0,rxBytes:0,txBytes:0
04-24 12:50:36.055 1176 1176 I TrafficMonitor: start expired. level:-1
04-24 12:50:36.055 1176 1176 I TrafficMonitor: gettimer:interval=5000
04-24 12:50:36.056 1176 1176 I TrafficMonitor: during_ms:5008,period_ms:2000
04-24 12:50:36.056 1176 1176 I TrafficMonitor: count:801,rx_sum:0,tx_sum:0,rxBytes:0,during_ms:5008,rx_speed:0.0,tx_speed:0.0,rto:0.0
04-24 12:50:36.056 1176 1176 D HuaweiWifiWatchdogStateMachine: speed: rxpkt:0, rxSpd:0B/s, txpkt:0, txSpd:0
04-24 12:50:36.116 777 777 E : [E/capacity_limit_control] not demo version, not set power control prop!
04-24 12:50:38.087 1176 1338 D HwWifiStatStore: handleMessage : 200
04-24 12:50:40.008 1176 1392 D HwArpVerifier: performPollAndLog:
04-24 12:50:40.013 1176 1392 D hw_netstat: total/0/0
04-24 12:50:41.045 742 742 E wificond: Failed to get NL80211_RATE_INFO_NOISE
04-24 12:50:41.045 742 742 E wificond: Failed to get NL80211_RATE_INFO_SNR
04-24 12:50:41.045 742 742 E wificond: Failed to get NL80211_STA_INFO_CNAHLOAD
04-24 12:50:41.046 1176 1337 E WificondControl: Noise: 0, Snr: -1, Chload: -1
04-24 12:50:41.047 1176 1339 D HwWifiCHRStateManager: handleMessage : 1001
04-24 12:50:41.048 1176 1339 D HwWifiCHRStateManager: handleUpdateChannel:2412
04-24 12:50:41.048 1176 1339 V HwWifiServiceFactory: get AllImpl object = com.android.server.wifi.HwWifiServiceFactoryImpl@2205edc
04-24 12:50:41.052 742 742 E wificond: Failed to get NL80211_RATE_INFO_NOISE
04-24 12:50:41.052 742 742 E wificond: Failed to get NL80211_RATE_INFO_SNR
04-24 12:50:41.052 742 742 E wificond: Failed to get NL80211_STA_INFO_CNAHLOAD
04-24 12:50:41.054 1176 1406 D HuaweiWifiWatchdogStateMachine: LM mrssi=-29
04-24 12:50:41.054 1176 1176 D WiFi_PRO: MSG_RETURN_AP_CURRY_RSSI rssi = -29
04-24 12:50:41.054 1176 1176 I QosMonitor: queryRtt: rtt_type = 3
04-24 12:50:41.055 1176 1176 I HwQoEJNI: send_cmd_kernel. begin
04-24 12:50:41.055 1176 1406 I HuaweiWifiWatchdogStateMachine: spd good count:0, add sc:0.0, rate:1.0
04-24 12:50:41.055 1176 1176 I HwQoEJNI: send_cmd_kernel. end
04-24 12:50:41.055 1176 1406 I HuaweiWifiWatchdogStateMachine: current mHighDataFlowRate = 1.0
04-24 12:50:41.055 1176 1406 I HuaweiWifiWatchdogStateMachine: POta txb txg rxg:0, 126, 0. Lr =0% Totpkt=126
04-24 12:50:41.055 1176 1176 I QosMonitor: postEventFromNative: msg=100,arg1=4,arg2=10
04-24 12:50:41.056 1176 1176 I TrafficMonitor: expired arrive. level:-1
04-24 12:50:41.058 1176 1176 I TrafficMonitor: update:rxPkts:0,txPkts:0,rxBytes:0,txBytes:0
04-24 12:50:41.058 1176 1176 I TrafficMonitor: start expired. level:-1
04-24 12:50:41.058 1176 1176 I TrafficMonitor: gettimer:interval=5000
04-24 12:50:41.059 1176 1176 I HwQoEJNI: send_cmd_kernel. begin
04-24 12:50:41.059 1176 1176 I HwQoEJNI: send_cmd_kernel. end
04-24 12:50:41.059 1176 1176 I QosMonitor: postEventFromNative: msg=100,arg1=0,arg2=10
04-24 12:50:41.059 1176 1176 D HuaweiWifiWatchdogStateMachine: setSampleRtt: unvalid rtt
04-24 12:50:41.059 1176 1176 I TrafficMonitor: during_ms:5002,period_ms:2000
04-24 12:50:41.060 1176 1176 I TrafficMonitor: count:802,rx_sum:0,tx_sum:0,rxBytes:0,during_ms:5002,rx_speed:0.0,tx_speed:0.0,rto:0.0
04-24 12:50:41.060 1176 1176 D HuaweiWifiWatchdogStateMachine: speed: rxpkt:0, rxSpd:0B/s, txpkt:0, txSpd:0
04-24 12:50:41.060 1176 1176 I MQoS : rtt=160,tcp_tx_pkts=480940,tcp_rx_pkts=921408
04-24 12:50:41.061 1176 1406 D HuaweiWifiWatchdogStateMachine: dumpTcpResult: len=10,rtt=160,rttPkt=1,rttWn=56,cgt=0,cgtWn=0
04-24 12:50:41.061 1176 1406 I HuaweiWifiWatchdogStateMachine: PTcp RTT:0, rtt pkt=0, tcp_rx=0, tcp_tx=0, tcp_reTran=0, rtRate=0
04-24 12:50:41.062 1176 1406 D HuaweiWifiWatchdogStateMachine: mRssiBadCount =0, RSSI not bad.
04-24 12:50:41.062 1176 1406 D HuaweiWifiWatchdogStateMachine: detectNetworkAvailable:hw.wifipro.dns_fail_count = 131
04-24 12:50:41.062 1176 1406 D HuaweiWifiWatchdogStateMachine: bqeLevel = 2 rtt=0,rtt_pkts=0 speed=37 rssi=-29
04-24 12:50:41.062 1176 1406 D HuaweiWifiWatchdogStateMachine: Enter updateQoeLevel level = 2
04-24 12:50:41.062 1176 1406 D HuaweiWifiWatchdogStateMachine: updateQoeLevel current level equal to mLastDetectLevel, return
04-24 12:50:41.062 1176 1406 D HuaweiWifiWatchdogStateMachine: did not have any network action
04-24 12:50:41.071 1176 3515 I MQoS : QOS_level:0(0),wifi-link;SIM error;use level-0
04-24 12:50:41.091 1176 1338 D HwWifiStatStore: handleMessage : 200
04-24 12:50:41.121 777 777 E : [E/capacity_limit_control] not demo version, not set power control prop!
04-24 12:50:44.098 1176 1338 D HwWifiStatStore: handleMessage : 200
04-24 12:50:45.015 1176 1392 D HwArpVerifier: performPollAndLog:
04-24 12:50:45.020 1176 1392 D hw_netstat: total/0/0
04-24 12:50:45.087 1176 1176 D HwInnerWifiManagerImpl: SupplicantState = COMPLETED
04-24 12:50:45.087 1176 1176 D HwInnerWifiManagerImpl: isPhoneAP = false
04-24 12:50:45.088 1176 1176 D HwInnerWifiManagerImpl: SupplicantState = COMPLETED
04-24 12:50:45.089 1176 1176 D HwInnerWifiManagerImpl: isPhoneAP = false
04-24 12:50:45.089 1176 1176 D WifiStateMachine: mBcastReceiver: PluggedType = 2 mIsScanCtrlPluggedin = true
04-24 12:50:45.091 1729 1729 I MsgReceiver: intent action: android.intent.action.BATTERY_CHANGED
04-24 12:50:45.092 5515 5671 E CloudAlbum[8.1.2.309]: [ReceiverManager] not log on ignore
04-24 12:50:45.093 1463 1463 D KeyguardUpdateMonitor: received broadcast android.intent.action.BATTERY_CHANGED
04-24 12:50:45.093 1463 1463 W KeyguardUpdateMonitor: ACTION_BATTERY_CHANGED AMP: 500000; Volt: 5000000
04-24 12:50:45.095 1176 1176 D HwWifiService: mPluggedType =2
04-24 12:50:45.095 1463 1463 V KeyguardUpdateMonitor: RefreshBatteryInfo isBatteryLow: 75
04-24 12:50:45.095 1463 1463 W KeyguardUpdateMonitor: ChargingSpeed Wattage: 2500000 ST: 5000000 --> 7500000
04-24 12:50:45.095 1463 1463 I KgBattery: BatteryInfo updated: 2lPc0
04-24 12:50:45.095 1463 1463 W AppHandler: sendMessage with obj100
04-24 12:50:45.095 1463 1463 D KeyguardUpdateMonitor: handleBatteryUpdate
04-24 12:50:45.096 1176 1176 D WifiService: onReceive, action:android.intent.action.BATTERY_CHANGED
04-24 12:50:45.096 1176 1176 D WifiService: ACTION_BATTERY_CHANGED pluggedType: 2
04-24 12:50:45.097 1463 1463 W HwKeyguardBottomArea: updateBatteryInfo : false true
04-24 12:50:45.098 1463 1463 W KgBattery: getCharge info with type: text
04-24 12:50:45.102 1463 1463 W HwLockScreenPanel: refreshBatteryInfo: null
04-24 12:50:46.060 1176 1176 I TrafficMonitor: expired arrive. level:-1
04-24 12:50:46.063 1176 1176 I TrafficMonitor: update:rxPkts:0,txPkts:0,rxBytes:0,txBytes:0
04-24 12:50:46.064 1176 1176 I TrafficMonitor: start expired. level:-1
04-24 12:50:46.064 1176 1176 I TrafficMonitor: gettimer:interval=5000
04-24 12:50:46.064 1176 1176 I TrafficMonitor: during_ms:5006,period_ms:2000
04-24 12:50:46.064 1176 1176 I TrafficMonitor: count:803,rx_sum:0,tx_sum:0,rxBytes:0,during_ms:5006,rx_speed:0.0,tx_speed:0.0,rto:0.0
04-24 12:50:46.064 1176 1176 D HuaweiWifiWatchdogStateMachine: speed: rxpkt:0, rxSpd:0B/s, txpkt:0, txSpd:0
04-24 12:50:46.130 777 777 E : [E/capacity_limit_control] not demo version, not set power control prop!
04-24 12:50:47.104 1176 1338 D HwWifiStatStore: handleMessage : 200
04-24 12:50:49.052 742 742 E wificond: Failed to get NL80211_RATE_INFO_NOISE
04-24 12:50:49.053 742 742 E wificond: Failed to get NL80211_RATE_INFO_SNR
04-24 12:50:49.053 742 742 E wificond: Failed to get NL80211_STA_INFO_CNAHLOAD
04-24 12:50:49.054 1176 1337 E WificondControl: Noise: 0, Snr: -1, Chload: -1
04-24 12:50:49.055 1176 1339 D HwWifiCHRStateManager: handleMessage : 1001
04-24 12:50:49.056 1176 1339 D HwWifiCHRStateManager: handleUpdateChannel:2412
04-24 12:50:49.056 1176 1339 V HwWifiServiceFactory: get AllImpl object = com.android.server.wifi.HwWifiServiceFactoryImpl@2205edc
04-24 12:50:49.060 742 742 E wificond: Failed to get NL80211_RATE_INFO_NOISE
04-24 12:50:49.060 742 742 E wificond: Failed to get NL80211_RATE_INFO_SNR
04-24 12:50:49.060 742 742 E wificond: Failed to get NL80211_STA_INFO_CNAHLOAD
04-24 12:50:49.062 1176 1176 D WiFi_PRO: MSG_RETURN_AP_CURRY_RSSI rssi = -29
04-24 12:50:49.062 1176 1406 D HuaweiWifiWatchdogStateMachine: LM mrssi=-29
04-24 12:50:49.062 1176 1176 I QosMonitor: queryRtt: rtt_type = 3
04-24 12:50:49.062 1176 1176 I HwQoEJNI: send_cmd_kernel. begin
04-24 12:50:49.062 1176 1406 I HuaweiWifiWatchdogStateMachine: spd good count:0, add sc:0.0, rate:1.0
04-24 12:50:49.063 1176 1176 I HwQoEJNI: send_cmd_kernel. end
04-24 12:50:49.063 1176 1176 I QosMonitor: postEventFromNative: msg=100,arg1=4,arg2=10
04-24 12:50:49.063 1176 1176 D HuaweiWifiWatchdogStateMachine: setSampleRtt: unvalid rtt
04-24 12:50:49.063 1176 1406 D HuaweiWifiWatchdogStateMachine: high data flow: protection_counter = 0, not_detect_counter = 378
04-24 12:50:49.064 1176 1406 D HuaweiWifiWatchdogStateMachine: high data flow scenario: 0 --> 0 rx bytes =0KB
04-24 12:50:49.064 1176 1406 I HuaweiWifiWatchdogStateMachine: current mHighDataFlowRate = 1.0
04-24 12:50:49.064 1176 1406 I HuaweiWifiWatchdogStateMachine: POta txb txg rxg:0, 126, 0. Lr =0% Totpkt=126
04-24 12:50:49.065 1176 1176 I HwQoEJNI: send_cmd_kernel. begin
04-24 12:50:49.065 1176 1176 I HwQoEJNI: send_cmd_kernel. end
04-24 12:50:49.065 1176 1176 I QosMonitor: postEventFromNative: msg=100,arg1=0,arg2=10
04-24 12:50:49.065 1176 1176 I MQoS : rtt=160,tcp_tx_pkts=480940,tcp_rx_pkts=921408
04-24 12:50:49.068 1176 1406 D HuaweiWifiWatchdogStateMachine: dumpTcpResult: len=10,rtt=160,rttPkt=1,rttWn=64,cgt=0,cgtWn=0
04-24 12:50:49.068 1176 1406 I HuaweiWifiWatchdogStateMachine: PTcp RTT:0, rtt pkt=0, tcp_rx=0, tcp_tx=0, tcp_reTran=0, rtRate=0
04-24 12:50:49.068 1176 1406 D HuaweiWifiWatchdogStateMachine: mRssiBadCount =0, RSSI not bad.
04-24 12:50:49.069 1176 1406 D HuaweiWifiWatchdogStateMachine: detectNetworkAvailable:hw.wifipro.dns_fail_count = 131
04-24 12:50:49.069 1176 1406 D HuaweiWifiWatchdogStateMachine: bqeLevel = 2 rtt=0,rtt_pkts=0 speed=37 rssi=-29
04-24 12:50:49.069 1176 1406 D HuaweiWifiWatchdogStateMachine: Enter updateQoeLevel level = 2
04-24 12:50:49.069 1176 1406 D HuaweiWifiWatchdogStateMachine: updateQoeLevel current level equal to mLastDetectLevel, return
04-24 12:50:49.069 1176 1406 D HuaweiWifiWatchdogStateMachine: did not have any network action
04-24 12:50:49.073 1176 3515 I MQoS : QOS_level:0(0),wifi-link;SIM error;use level-0
04-24 12:50:49.465 1176 1589 W Watchdog: hungtask: writing kick
04-24 12:50:49.468 1176 1202 I EventHub: EventHub monitor: no key events in the past 2383s, no motion events in the past 2384s
04-24 12:50:50.021 1176 1392 D HwArpVerifier: performPollAndLog:
04-24 12:50:50.026 1176 1392 D hw_netstat: total/0/0
04-24 12:50:50.110 1176 1338 D HwWifiStatStore: handleMessage : 200
04-24 12:50:51.067 1176 1176 I TrafficMonitor: expired arrive. level:-1
04-24 12:50:51.070 1176 1176 I TrafficMonitor: update:rxPkts:0,txPkts:0,rxBytes:0,txBytes:0
04-24 12:50:51.070 1176 1176 I TrafficMonitor: start expired. level:-1
04-24 12:50:51.071 1176 1176 I TrafficMonitor: gettimer:interval=5000
04-24 12:50:51.071 1176 1176 I TrafficMonitor: during_ms:5007,period_ms:2000
04-24 12:50:51.071 1176 1176 I TrafficMonitor: count:804,rx_sum:0,tx_sum:0,rxBytes:0,during_ms:5007,rx_speed:0.0,tx_speed:0.0,rto:0.0
04-24 12:50:51.071 1176 1176 D HuaweiWifiWatchdogStateMachine: speed: rxpkt:0, rxSpd:0B/s, txpkt:0, txSpd:0
04-24 12:50:51.140 777 777 E : [E/capacity_limit_control] not demo version, not set power control prop!
04-24 12:50:51.661 1176 1302 W AlarmManager: mIsScreenOn is: false, WAKEUP alarm trigger action = com.huawei.push.alarm.HEARTBEAT package name is: android
04-24 12:50:51.686 4414 4414 I PushLog2955: [main-1]action is com.huawei.push.alarm.HEARTBEAT(android/:307)
04-24 12:50:51.692 4414 4414 I PushLog2955: [main-1]dispatchIntent over(android/:210)
04-24 12:50:51.693 4414 4431 I PushLog2955: [ReceiverDispatcher-277]com.huawei.push.alarm.HEARTBEAT alarm trigger, expectTriggerTime:0, current trigger time:1587703851693(android/:78)
04-24 12:50:51.693 4414 4431 I PushLog2955: [ReceiverDispatcher-277]heartbeatArrive(android/:140)
04-24 12:50:51.700 4414 4431 I PushLog2955: [ReceiverDispatcher-277]heartbeatArrive, send heart beat(android/:147)
04-24 12:50:51.706 4414 4431 I PushLog2955: [ReceiverDispatcher-277]not support bastet in wifi(android/:101)
04-24 12:50:51.716 4414 4431 I PushLog2955: [ReceiverDispatcher-277]init push bastet failed!(android/:81)
04-24 12:50:51.720 4414 4431 I PushLog2955: [ReceiverDispatcher-277] get charing (android/:840)
04-24 12:50:51.721 4414 4431 I PushLog2955: [ReceiverDispatcher-277] get charing true(android/:842)
04-24 12:50:51.721 1176 6416 V BroadcastQueue: Finished with ordered broadcast BroadcastRecord{8216e5d u0 com.huawei.push.alarm.HEARTBEAT}
04-24 12:50:51.721 4414 4431 I PushLog2955: [ReceiverDispatcher-277]set HEARTBEAT_RSP_TIMEOUT Alarm(android/:364)
04-24 12:50:51.722 4414 4431 I PushLog2955: [ReceiverDispatcher-277]enter AlarmTools:setExactAlarm(intent:Intent { act=com.huawei.android.push.intent.HEARTBEAT_RSP_TIMEOUT pkg=android } interval:10000ms(android/:24)
04-24 12:50:51.722 4414 4431 I PushLog2955: [ReceiverDispatcher-277]setExactAlarm expectTriggerTime:1587703861722(android/:27)
04-24 12:50:51.723 1176 1192 I ProcessStatsService: Pruning old procstats: /data/system/procstats/state-2020-04-21-12-54-00.bin
04-24 12:50:51.727 4414 4431 I PushLog2955: [ReceiverDispatcher-277]next Heartbeat timeout for push server is:5.0(android/:374)
04-24 12:50:51.727 4414 4431 I PushLog2955: [ReceiverDispatcher-277]process cmdid to send to pushSrv:DA, subCmdId:FF(android/:106)
04-24 12:50:51.728 487 620 W SocketListener: sending broadcast to Pid = 1176, Uid = 1000
04-24 12:50:51.729 4414 4431 I PushLog2955: [ReceiverDispatcher-277]send msg to remote srv success(android/:110)
04-24 12:50:51.729 1176 1332 D NetdConnector: RCV <- {613 IfaceClass active 1 353439885475079 1000}
04-24 12:50:51.730 1176 1332 D NetdConnector: RCV <- {613 IfaceClass active 1 353439885475079 1000}
04-24 12:50:51.732 1176 1202 D NetdConnector: RCV unsolicited event from native daemon, event = 613
04-24 12:50:51.783 4414 23368 I PushLog2955: [SocketRead_07:00:12-666]process cmdid to receive from pushSrv:DB, subCmdId:FF(android/:269)
04-24 12:50:51.786 4414 23368 I PushLog2955: [SocketRead_07:00:12-666]enter adjustHeartBeat:(findHeartBeat:true,isHearBeatTimeReq:true,RspTimeOut:false,beatInterval:300000,bestHBSuccessCount:0,range:[180000,300000])(android/:120)
04-24 12:50:51.786 4414 23368 I PushLog2955: [SocketRead_07:00:12-666]judgeFindBestHB and isBestHBTimeOut: falseisOffset: false(android/:170)
04-24 12:50:51.787 4414 23368 I PushLog2955: [SocketRead_07:00:12-666]after delayHeartBeatReq, nextHeartBeatTime, will be [300000,300000] ms later(android/:501)
04-24 12:50:51.790 4414 23368 I PushLog2955: [SocketRead_07:00:12-666]dispatchIntent over(android/:210)
04-24 12:50:51.791 4414 4431 I PushLog2955: [ReceiverDispatcher-277]com.huawei.android.push.intent.MSG_RECEIVED alarm trigger, expectTriggerTime:0, current trigger time:1587703851791(android/:78)
04-24 12:50:52.781 1729 23345 I DownloadState: 0 transmitting data speed : 28 bytes/s scroff: true
04-24 12:50:52.782 1729 23345 I DownloadState: 1000 transmitting data speed : 38 bytes/s scroff: true
04-24 12:50:53.117 1176 1338 D HwWifiStatStore: handleMessage : 200
04-24 12:50:54.950 1176 1392 D HwArpVerifier: getIpRouteTable
04-24 12:50:55.044 1176 1392 D HwArpVerifier: Notify wifi default route is ok
04-24 12:50:55.044 1176 1392 D HwArpVerifier: check_wifi_state_mode = 0 mCheckStateToken=25 token25
04-24 12:50:55.044 1176 1392 D wifiserviceimpl: netmask =16777215
04-24 12:50:55.071 1176 1392 D HWMultiGW: setGateWay 192.168.1.1
04-24 12:50:56.073 1176 1392 D HwArpVerifier: getGateWayARPResponses: arp rtt = 12
04-24 12:50:56.074 1176 1392 E HwCHRWifiRSSIGroupSummery: updatArpSummery mRSSI:-29 HwCHRWifiRSSIGroup [rssi_index=4, rtt_tcp_packets=0, rtt_tcp_duration=0, rtt_lan_duration=7956, rtt_lan_failures=0, rtt_lan_succ=390, rtt_lan_max=939, rtt_lan_min=0,same_area_frequency=0,adjacent_area_frequency=0]
04-24 12:50:56.076 1176 1176 I TrafficMonitor: expired arrive. level:-1
04-24 12:50:56.079 1176 1176 I TrafficMonitor: update:rxPkts:2,txPkts:3,rxBytes:131,txBytes:199
04-24 12:50:56.079 1176 1176 I TrafficMonitor: start expired. level:-1
04-24 12:50:56.079 1176 1176 I TrafficMonitor: gettimer:interval=2000
04-24 12:50:56.079 1176 1176 I TrafficMonitor: during_ms:5008,period_ms:2000
04-24 12:50:56.080 1176 1176 I TrafficMonitor: count:805,rx_sum:2,tx_sum:3,rxBytes:131,during_ms:5008,rx_speed:26.15814696485623,tx_speed:39.736421725239616,rto:0.6666666666666666
04-24 12:50:56.080 1176 1176 D HuaweiWifiWatchdogStateMachine: speed: rxpkt:2, rxSpd:26B/s, txpkt:3, txSpd:39
04-24 12:50:56.122 1176 1338 D HwWifiStatStore: handleMessage : 200
04-24 12:50:56.150 777 777 E : [E/capacity_limit_control] not demo version, not set power control prop!
04-24 12:50:56.184 1176 1392 D HwArpVerifier: There are 1 mac address for gateway
04-24 12:50:56.185 1176 1392 D HwArpVerifier: from HEART_CHECK transmit to state:HEART_CHECK
04-24 12:50:56.185 1176 1392 D HwArpVerifier: msg what=124 arg1(token)=25 arg2(mode)=0 delay=30000
04-24 12:50:56.185 1176 1392 D HwArpVerifier: performPollAndLog:
04-24 12:50:56.189 1176 1392 D hw_netstat: total/131/199,android.uid.system:1000/75/115,unknown:0/56/84
04-24 12:50:56.190 777 777 E : [E/capacity_limit_control] not demo version, not set power control prop!
04-24 12:50:56.194 1176 1288 D HwBatteryService: onUEvent fcpStatus = 0,scpStatus =0,ovpStatus=0
04-24 12:50:56.196 1176 1288 I UsbDeviceManager: water_intrused state= 0
04-24 12:50:56.208 1176 1176 D HwInnerWifiManagerImpl: SupplicantState = COMPLETED
04-24 12:50:56.208 1176 1176 D HwInnerWifiManagerImpl: isPhoneAP = false
04-24 12:50:56.208 1463 1463 D KeyguardUpdateMonitor: received broadcast android.intent.action.BATTERY_CHANGED
04-24 12:50:56.209 1463 1463 W KeyguardUpdateMonitor: ACTION_BATTERY_CHANGED AMP: 500000; Volt: 5000000
04-24 12:50:56.209 1463 1463 V KeyguardUpdateMonitor: RefreshBatteryInfo isBatteryLow: 75
04-24 12:50:56.209 1463 1463 W KeyguardUpdateMonitor: ChargingSpeed Wattage: 2500000 ST: 5000000 --> 7500000
04-24 12:50:56.209 1463 1463 I KgBattery: BatteryInfo updated: 2lPc0
04-24 12:50:56.209 1176 1176 D HwInnerWifiManagerImpl: SupplicantState = COMPLETED
04-24 12:50:56.209 1463 1463 W AppHandler: sendMessage with obj100
04-24 12:50:56.209 1176 1176 D HwInnerWifiManagerImpl: isPhoneAP = false
04-24 12:50:56.209 1463 1463 D KeyguardUpdateMonitor: handleBatteryUpdate
04-24 12:50:56.209 1176 1176 D WifiStateMachine: mBcastReceiver: PluggedType = 2 mIsScanCtrlPluggedin = true
04-24 12:50:56.210 1463 1463 W HwLockScreenPanel: Handle message: 100
04-24 12:50:56.210 1463 1463 W HwKeyguardBottomArea: updateBatteryInfo : false true
04-24 12:50:56.210 1176 1176 D HwWifiService: mPluggedType =2
04-24 12:50:56.210 1463 1463 W KgBattery: getCharge info with type: text
04-24 12:50:56.212 1176 1176 D WifiService: onReceive, action:android.intent.action.BATTERY_CHANGED
04-24 12:50:56.213 1176 1176 D WifiService: ACTION_BATTERY_CHANGED pluggedType: 2
04-24 12:50:56.216 1729 1729 I MsgReceiver: intent action: android.intent.action.BATTERY_CHANGED
04-24 12:50:56.216 5515 5671 E CloudAlbum[8.1.2.309]: [ReceiverManager] not log on ignore
04-24 12:50:56.219 1463 1463 W HwLockScreenPanel: refreshBatteryInfo: null
04-24 12:50:56.764 1106 1119 I OAM : [check_file_size:505]/data/log/wifi/wifi_log_1 log file beyond size=10240Byte, creat new file
04-24 12:50:56.764 1106 1119 I OAM : [rename_old_file:210]rename_old_file
04-24 12:50:56.764 1106 1119 I OAM :
04-24 12:50:57.050 742 742 E wificond: Failed to get NL80211_RATE_INFO_NOISE
04-24 12:50:57.050 742 742 E wificond: Failed to get NL80211_RATE_INFO_SNR
04-24 12:50:57.050 742 742 E wificond: Failed to get NL80211_STA_INFO_CNAHLOAD
04-24 12:50:57.051 1176 1337 E WificondControl: Noise: 0, Snr: -1, Chload: -1
04-24 12:50:57.052 1176 1339 D HwWifiCHRStateManager: handleMessage : 1001
04-24 12:50:57.052 1176 1339 D HwWifiCHRStateManager: handleUpdateChannel:2412
04-24 12:50:57.052 1176 1339 V HwWifiServiceFactory: get AllImpl object = com.android.server.wifi.HwWifiServiceFactoryImpl@2205edc
04-24 12:50:57.057 742 742 E wificond: Failed to get NL80211_RATE_INFO_NOISE
04-24 12:50:57.057 742 742 E wificond: Failed to get NL80211_RATE_INFO_SNR
04-24 12:50:57.057 742 742 E wificond: Failed to get NL80211_STA_INFO_CNAHLOAD
04-24 12:50:57.059 1176 1406 D HuaweiWifiWatchdogStateMachine: LM mrssi=-28
04-24 12:50:57.060 1176 1176 D WiFi_PRO: MSG_RETURN_AP_CURRY_RSSI rssi = -28
04-24 12:50:57.060 1176 1406 D HuaweiWifiWatchdogStateMachine: a4:fa:**:**:eb:b0 current loss[-45]=0%, volume=5
04-24 12:50:57.060 1176 1406 D HuaweiWifiWatchdogStateMachine: a4:fa:**:**:eb:b0 history loss[-45]=0%, volume=13825601
04-24 12:50:57.060 1176 1176 I QosMonitor: queryRtt: rtt_type = 3
04-24 12:50:57.060 1176 1406 I HuaweiWifiWatchdogStateMachine: spd good count:0, add sc:0.0, rate:1.0
04-24 12:50:57.061 1176 1406 I HuaweiWifiWatchdogStateMachine: current mHighDataFlowRate = 1.0
04-24 12:50:57.061 1176 1176 I HwQoEJNI: send_cmd_kernel. begin
04-24 12:50:57.061 1176 1176 I HwQoEJNI: send_cmd_kernel. end
04-24 12:50:57.062 1176 1176 I QosMonitor: postEventFromNative: msg=100,arg1=4,arg2=10
04-24 12:50:57.062 1176 1176 D HuaweiWifiWatchdogStateMachine: a4:fa:**:**:eb:b0 current RTT[-45]=480, volume=1
04-24 12:50:57.062 1176 1176 D HuaweiWifiWatchdogStateMachine: a4:fa:**:**:eb:b0 history RTT[-45]=510, volume=60851
04-24 12:50:57.062 1176 1176 D HuaweiWifiWatchdogStateMachine: setSampleRtt: rtt=480,rtt_pkts =1,rtt_when=5
04-24 12:50:57.062 1176 1176 I QosMonitor: resetRtt: rtt_type = 3
04-24 12:50:57.063 1176 1176 I HwQoEJNI: send_cmd_kernel. begin
04-24 12:50:57.063 1176 1176 I HwQoEJNI: send_cmd_kernel. end
04-24 12:50:57.063 1176 1406 I HuaweiWifiWatchdogStateMachine: POta txb txg rxg:0, 131, 0. Lr =0% Totpkt=131
04-24 12:50:57.064 1176 1176 I HwQoEJNI: send_cmd_kernel. begin
04-24 12:50:57.064 1176 1176 I HwQoEJNI: send_cmd_kernel. end
04-24 12:50:57.064 1176 1176 I QosMonitor: postEventFromNative: msg=100,arg1=0,arg2=10
04-24 12:50:57.065 1176 1176 I MQoS : rtt=480,tcp_tx_pkts=480942,tcp_rx_pkts=921409
04-24 12:50:57.066 1176 1406 D HuaweiWifiWatchdogStateMachine: dumpTcpResult: len=10,rtt=480,rttPkt=1,rttWn=5,cgt=0,cgtWn=0
04-24 12:50:57.066 1176 1406 I HuaweiWifiWatchdogStateMachine: PTcp RTT:0, rtt pkt=0, tcp_rx=1, tcp_tx=2, tcp_reTran=0, rtRate=0
04-24 12:50:57.066 1176 1406 D HuaweiWifiWatchdogStateMachine: mRssiBadCount =0, RSSI not bad.
04-24 12:50:57.067 1176 1406 D HuaweiWifiWatchdogStateMachine: detectNetworkAvailable:hw.wifipro.dns_fail_count = 131
04-24 12:50:57.067 1176 1406 D HuaweiWifiWatchdogStateMachine: detectNetworkAvailable: tcpRxPkts != 0, reset
04-24 12:50:57.067 1176 1406 D HuaweiWifiWatchdogStateMachine: bqeLevel = 2 rtt=0,rtt_pkts=0 speed=37 rssi=-28
04-24 12:50:57.067 1176 1406 D HuaweiWifiWatchdogStateMachine: Enter updateQoeLevel level = 2
04-24 12:50:57.067 1176 1406 D HuaweiWifiWatchdogStateMachine: updateQoeLevel current level equal to mLastDetectLevel, return
04-24 12:50:57.067 1176 1406 D HuaweiWifiWatchdogStateMachine: did not have any network action
04-24 12:50:57.077 1176 3515 I MQoS : QOS_level:0(0),wifi-link;SIM error;use level-0
04-24 12:50:58.083 1176 1176 I TrafficMonitor: update:rxPkts:0,txPkts:0,rxBytes:0,txBytes:0
04-24 12:50:58.083 1176 1176 I TrafficMonitor: start expired. level:-1
04-24 12:50:58.084 1176 1176 I TrafficMonitor: gettimer:interval=2000
04-24 12:50:59.129 1176 1338 D HwWifiStatStore: handleMessage : 200
04-24 12:51:00.089 1176 1176 I TrafficMonitor: update:rxPkts:0,txPkts:0,rxBytes:0,txBytes:0
04-24 12:51:00.090 1176 1176 I TrafficMonitor: start expired. level:-1
04-24 12:51:00.090 1176 1176 I TrafficMonitor: gettimer:interval=2000
04-24 12:51:01.081 1176 1176 I TrafficMonitor: expired arrive. level:-1
04-24 12:51:01.082 1176 1176 I TrafficMonitor: during_ms:2006,period_ms:2000
04-24 12:51:01.082 1176 1176 I TrafficMonitor: count:807,rx_sum:0,tx_sum:0,rxBytes:0,during_ms:2006,rx_speed:0.0,tx_speed:0.0,rto:0.0
04-24 12:51:01.082 1176 1176 D HuaweiWifiWatchdogStateMachine: speed: rxpkt:0, rxSpd:0B/s, txpkt:0, txSpd:0
04-24 12:51:01.196 1176 1392 D HwArpVerifier: performPollAndLog:
04-24 12:51:01.200 1176 1392 D hw_netstat: total/0/0
04-24 12:51:01.202 777 777 E : [E/capacity_limit_control] not demo version, not set power control prop!
04-24 12:51:02.094 1176 1176 I TrafficMonitor: update:rxPkts:0,txPkts:0,rxBytes:0,txBytes:0
04-24 12:51:02.095 1176 1176 I TrafficMonitor: start expired. level:-1
04-24 12:51:02.095 1176 1176 I TrafficMonitor: gettimer:interval=2000
04-24 12:51:02.136 1176 1338 D HwWifiStatStore: handleMessage : 200
04-24 12:51:04.100 1176 1176 I TrafficMonitor: update:rxPkts:0,txPkts:0,rxBytes:0,txBytes:0
04-24 12:51:04.101 1176 1176 I TrafficMonitor: start expired. level:-1
04-24 12:51:04.101 1176 1176 I TrafficMonitor: gettimer:interval=2000
04-24 12:51:05.057 742 742 E wificond: Failed to get NL80211_RATE_INFO_NOISE
04-24 12:51:05.058 742 742 E wificond: Failed to get NL80211_RATE_INFO_SNR
04-24 12:51:05.058 742 742 E wificond: Failed to get NL80211_STA_INFO_CNAHLOAD
04-24 12:51:05.059 1176 1337 E WificondControl: Noise: 0, Snr: -1, Chload: -1
04-24 12:51:05.060 1176 1339 D HwWifiCHRStateManager: handleMessage : 1001
04-24 12:51:05.060 1176 1339 D HwWifiCHRStateManager: handleUpdateChannel:2412
04-24 12:51:05.060 1176 1339 V HwWifiServiceFactory: get AllImpl object = com.android.server.wifi.HwWifiServiceFactoryImpl@2205edc
04-24 12:51:05.064 742 742 E wificond: Failed to get NL80211_RATE_INFO_NOISE
04-24 12:51:05.065 742 742 E wificond: Failed to get NL80211_RATE_INFO_SNR
04-24 12:51:05.065 742 742 E wificond: Failed to get NL80211_STA_INFO_CNAHLOAD
04-24 12:51:05.067 1176 1176 D WiFi_PRO: MSG_RETURN_AP_CURRY_RSSI rssi = -29
04-24 12:51:05.067 1176 1406 D HuaweiWifiWatchdogStateMachine: LM mrssi=-29
04-24 12:51:05.068 1176 1176 I QosMonitor: queryRtt: rtt_type = 3
04-24 12:51:05.068 1176 1176 I HwQoEJNI: send_cmd_kernel. begin
04-24 12:51:05.068 1176 1406 I HuaweiWifiWatchdogStateMachine: spd good count:0, add sc:0.0, rate:1.0
04-24 12:51:05.068 1176 1406 I HuaweiWifiWatchdogStateMachine: current mHighDataFlowRate = 1.0
04-24 12:51:05.068 1176 1176 I HwQoEJNI: send_cmd_kernel. end
04-24 12:51:05.068 1176 1406 I HuaweiWifiWatchdogStateMachine: POta txb txg rxg:0, 131, 0. Lr =0% Totpkt=131
04-24 12:51:05.069 1176 1176 I QosMonitor: postEventFromNative: msg=100,arg1=4,arg2=10
04-24 12:51:05.069 1176 1176 I HwQoEJNI: send_cmd_kernel. begin
04-24 12:51:05.069 1176 1176 I HwQoEJNI: send_cmd_kernel. end
04-24 12:51:05.069 1176 1176 I QosMonitor: postEventFromNative: msg=100,arg1=0,arg2=10
04-24 12:51:05.069 1176 1176 D HuaweiWifiWatchdogStateMachine: setSampleRtt: unvalid rtt
04-24 12:51:05.070 1176 1176 I MQoS : rtt=480,tcp_tx_pkts=480942,tcp_rx_pkts=921409
04-24 12:51:05.073 1176 1406 D HuaweiWifiWatchdogStateMachine: dumpTcpResult: len=10,rtt=480,rttPkt=1,rttWn=13,cgt=0,cgtWn=0
04-24 12:51:05.074 1176 1406 I HuaweiWifiWatchdogStateMachine: PTcp RTT:0, rtt pkt=0, tcp_rx=0, tcp_tx=0, tcp_reTran=0, rtRate=0
04-24 12:51:05.074 1176 1406 D HuaweiWifiWatchdogStateMachine: mRssiBadCount =0, RSSI not bad.
04-24 12:51:05.074 1176 1406 D HuaweiWifiWatchdogStateMachine: detectNetworkAvailable:hw.wifipro.dns_fail_count = 131
04-24 12:51:05.074 1176 1406 D HuaweiWifiWatchdogStateMachine: bqeLevel = 2 rtt=0,rtt_pkts=0 speed=37 rssi=-29
04-24 12:51:05.074 1176 1406 D HuaweiWifiWatchdogStateMachine: Enter updateQoeLevel level = 2
04-24 12:51:05.074 1176 1406 D HuaweiWifiWatchdogStateMachine: updateQoeLevel current level equal to mLastDetectLevel, return
04-24 12:51:05.075 1176 1406 D HuaweiWifiWatchdogStateMachine: did not have any network action
04-24 12:51:05.079 1176 3515 I MQoS : QOS_level:0(0),wifi-link;SIM error;use level-0
04-24 12:51:05.141 1176 1338 D HwWifiStatStore: handleMessage : 200
04-24 12:51:06.105 1176 1176 I TrafficMonitor: update:rxPkts:0,txPkts:0,rxBytes:0,txBytes:0
04-24 12:51:06.106 1176 1176 I TrafficMonitor: start expired. level:-1
04-24 12:51:06.106 1176 1176 I TrafficMonitor: gettimer:interval=2000
04-24 12:51:06.206 1176 1392 D HwArpVerifier: performPollAndLog:
04-24 12:51:06.210 1176 1392 D hw_netstat: total/0/0
04-24 12:51:06.211 777 777 E : [E/capacity_limit_control] not demo version, not set power control prop!
04-24 12:51:06.804 487 620 W SocketListener: sending broadcast to Pid = 1176, Uid = 1000
04-24 12:51:06.808 1176 1332 D NetdConnector: RCV <- {613 IfaceClass idle 1 353454958906848}
04-24 12:51:06.812 1176 1332 D NetdConnector: RCV <- {613 IfaceClass idle 1 353454958906848}
04-24 12:51:06.816 1176 1202 D NetdConnector: RCV unsolicited event from native daemon, event = 613
04-24 12:51:07.097 1176 1176 I TrafficMonitor: expired arrive. level:-1
04-24 12:51:07.097 1176 1176 I TrafficMonitor: during_ms:2005,period_ms:2000
04-24 12:51:07.098 1176 1176 I TrafficMonitor: count:810,rx_sum:0,tx_sum:0,rxBytes:0,during_ms:2005,rx_speed:0.0,tx_speed:0.0,rto:0.0
04-24 12:51:07.098 1176 1176 D HuaweiWifiWatchdogStateMachine: speed: rxpkt:0, rxSpd:0B/s, txpkt:0, txSpd:0
04-24 12:51:07.623 1729 2056 D SleepClean: run sleepClean start
04-24 12:51:08.110 1176 1176 I TrafficMonitor: update:rxPkts:0,txPkts:0,rxBytes:0,txBytes:0
04-24 12:51:08.111 1176 1176 I TrafficMonitor: start expired. level:-1
04-24 12:51:08.111 1176 1176 I TrafficMonitor: gettimer:interval=2000
04-24 12:51:08.146 1176 1338 D HwWifiStatStore: handleMessage : 200
04-24 12:51:10.117 1176 1176 I TrafficMonitor: update:rxPkts:0,txPkts:0,rxBytes:0,txBytes:0
04-24 12:51:10.117 1176 1176 I TrafficMonitor: start expired. level:-1
04-24 12:51:10.117 1176 1176 I TrafficMonitor: gettimer:interval=2000
04-24 12:51:11.152 1176 1338 D HwWifiStatStore: handleMessage : 200
04-24 12:51:11.216 1176 1392 D HwArpVerifier: performPollAndLog:
04-24 12:51:11.220 1176 1392 D hw_netstat: total/0/0
04-24 12:51:11.222 777 777 E : [E/capacity_limit_control] not demo version, not set power control prop!
04-24 12:51:12.123 1176 1176 I TrafficMonitor: update:rxPkts:0,txPkts:0,rxBytes:0,txBytes:0
04-24 12:51:12.123 1176 1176 I TrafficMonitor: start expired. level:-1
04-24 12:51:12.124 1176 1176 I TrafficMonitor: gettimer:interval=2000
04-24 12:51:13.066 742 742 E wificond: Failed to get NL80211_RATE_INFO_NOISE
04-24 12:51:13.066 742 742 E wificond: Failed to get NL80211_RATE_INFO_SNR
04-24 12:51:13.066 742 742 E wificond: Failed to get NL80211_STA_INFO_CNAHLOAD
04-24 12:51:13.067 1176 1337 E WificondControl: Noise: 0, Snr: -1, Chload: -1
04-24 12:51:13.069 1176 1339 D HwWifiCHRStateManager: handleMessage : 1001
04-24 12:51:13.069 1176 1339 D HwWifiCHRStateManager: handleUpdateChannel:2412
04-24 12:51:13.069 1176 1339 V HwWifiServiceFactory: get AllImpl object = com.android.server.wifi.HwWifiServiceFactoryImpl@2205edc
04-24 12:51:13.073 742 742 E wificond: Failed to get NL80211_RATE_INFO_NOISE
04-24 12:51:13.073 742 742 E wificond: Failed to get NL80211_RATE_INFO_SNR
04-24 12:51:13.073 742 742 E wificond: Failed to get NL80211_STA_INFO_CNAHLOAD
04-24 12:51:13.075 1176 1406 D HuaweiWifiWatchdogStateMachine: LM mrssi=-29
04-24 12:51:13.076 1176 1406 I HuaweiWifiWatchdogStateMachine: spd good count:0, add sc:0.0, rate:1.0
04-24 12:51:13.076 1176 1406 I HuaweiWifiWatchdogStateMachine: current mHighDataFlowRate = 1.0
04-24 12:51:13.076 1176 1406 I HuaweiWifiWatchdogStateMachine: POta txb txg rxg:0, 131, 0. Lr =0% Totpkt=131
04-24 12:51:13.076 1176 1176 D WiFi_PRO: MSG_RETURN_AP_CURRY_RSSI rssi = -29
04-24 12:51:13.077 1176 1176 I QosMonitor: queryRtt: rtt_type = 3
04-24 12:51:13.077 1176 1176 I HwQoEJNI: send_cmd_kernel. begin
04-24 12:51:13.078 1176 1176 I HwQoEJNI: send_cmd_kernel. end
04-24 12:51:13.078 1176 1176 I QosMonitor: postEventFromNative: msg=100,arg1=4,arg2=10
04-24 12:51:13.078 1176 1176 I HwQoEJNI: send_cmd_kernel. begin
04-24 12:51:13.079 1176 1176 I HwQoEJNI: send_cmd_kernel. end
04-24 12:51:13.079 1176 1176 I QosMonitor: postEventFromNative: msg=100,arg1=0,arg2=10
04-24 12:51:13.079 1176 1176 D HuaweiWifiWatchdogStateMachine: setSampleRtt: unvalid rtt
04-24 12:51:13.079 1176 1176 I MQoS : rtt=480,tcp_tx_pkts=480942,tcp_rx_pkts=921409
04-24 12:51:13.080 1176 1406 D HuaweiWifiWatchdogStateMachine: dumpTcpResult: len=10,rtt=480,rttPkt=1,rttWn=21,cgt=0,cgtWn=0
04-24 12:51:13.080 1176 1406 I HuaweiWifiWatchdogStateMachine: PTcp RTT:0, rtt pkt=0, tcp_rx=0, tcp_tx=0, tcp_reTran=0, rtRate=0
04-24 12:51:13.080 1176 1406 D HuaweiWifiWatchdogStateMachine: mRssiBadCount =0, RSSI not bad.
04-24 12:51:13.080 1176 1406 D HuaweiWifiWatchdogStateMachine: detectNetworkAvailable:hw.wifipro.dns_fail_count = 131
04-24 12:51:13.080 1176 1406 D HuaweiWifiWatchdogStateMachine: bqeLevel = 2 rtt=0,rtt_pkts=0 speed=37 rssi=-29
04-24 12:51:13.080 1176 1406 D HuaweiWifiWatchdogStateMachine: Enter updateQoeLevel level = 2
04-24 12:51:13.080 1176 1406 D HuaweiWifiWatchdogStateMachine: updateQoeLevel current level equal to mLastDetectLevel, return
04-24 12:51:13.081 1176 1406 D HuaweiWifiWatchdogStateMachine: did not have any network action
04-24 12:51:13.092 1176 3515 I MQoS : QOS_level:0(0),wifi-link;SIM error;use level-0
04-24 12:51:13.112 1176 1176 I TrafficMonitor: expired arrive. level:-1
04-24 12:51:13.112 1176 1176 I TrafficMonitor: during_ms:2006,period_ms:2000
04-24 12:51:13.112 1176 1176 I TrafficMonitor: count:813,rx_sum:0,tx_sum:0,rxBytes:0,during_ms:2006,rx_speed:0.0,tx_speed:0.0,rto:0.0
04-24 12:51:13.112 1176 1176 D HuaweiWifiWatchdogStateMachine: speed: rxpkt:0, rxSpd:0B/s, txpkt:0, txSpd:0
04-24 12:51:14.128 1176 1176 I TrafficMonitor: update:rxPkts:0,txPkts:0,rxBytes:0,txBytes:0
04-24 12:51:14.129 1176 1176 I TrafficMonitor: start expired. level:-1
04-24 12:51:14.129 1176 1176 I TrafficMonitor: gettimer:interval=2000
04-24 12:51:14.159 1176 1338 D HwWifiStatStore: handleMessage : 200
04-24 12:51:16.135 1176 1176 I TrafficMonitor: update:rxPkts:0,txPkts:0,rxBytes:0,txBytes:0
04-24 12:51:16.135 1176 1176 I TrafficMonitor: start expired. level:-1
04-24 12:51:16.135 1176 1176 I TrafficMonitor: gettimer:interval=5000
04-24 12:51:16.226 1176 1392 D HwArpVerifier: performPollAndLog:
04-24 12:51:16.230 1176 1392 D hw_netstat: total/0/0
04-24 12:51:16.232 777 777 E : [E/capacity_limit_control] not demo version, not set power control prop!
04-24 12:51:17.166 1176 1338 D HwWifiStatStore: handleMessage : 200
04-24 12:51:19.133 1176 1176 I TrafficMonitor: expired arrive. level:-1
04-24 12:51:19.134 1176 1176 I TrafficMonitor: during_ms:2006,period_ms:2000
04-24 12:51:19.134 1176 1176 I TrafficMonitor: count:815,rx_sum:0,tx_sum:0,rxBytes:0,during_ms:2006,rx_speed:0.0,tx_speed:0.0,rto:0.0
04-24 12:51:19.134 1176 1176 D HuaweiWifiWatchdogStateMachine: speed: rxpkt:0, rxSpd:0B/s, txpkt:0, txSpd:0
04-24 12:51:19.468 1176 1589 W Watchdog: hungtask: writing kick
04-24 12:51:19.471 1176 1202 I EventHub: EventHub monitor: no key events in the past 2413s, no motion events in the past 2414s
04-24 12:51:20.172 1176 1338 D HwWifiStatStore: handleMessage : 200
04-24 12:51:21.076 742 742 E wificond: Failed to get NL80211_RATE_INFO_NOISE
04-24 12:51:21.076 742 742 E wificond: Failed to get NL80211_RATE_INFO_SNR
04-24 12:51:21.076 742 742 E wificond: Failed to get NL80211_STA_INFO_CNAHLOAD
04-24 12:51:21.077 1176 1337 E WificondControl: Noise: 0, Snr: -1, Chload: -1
04-24 12:51:21.078 1176 1339 D HwWifiCHRStateManager: handleMessage : 1001
04-24 12:51:21.078 1176 1339 D HwWifiCHRStateManager: handleUpdateChannel:2412
04-24 12:51:21.078 1176 1339 V HwWifiServiceFactory: get AllImpl object = com.android.server.wifi.HwWifiServiceFactoryImpl@2205edc
04-24 12:51:21.083 742 742 E wificond: Failed to get NL80211_RATE_INFO_NOISE
04-24 12:51:21.083 742 742 E wificond: Failed to get NL80211_RATE_INFO_SNR
04-24 12:51:21.083 742 742 E wificond: Failed to get NL80211_STA_INFO_CNAHLOAD
04-24 12:51:21.085 1176 1406 D HuaweiWifiWatchdogStateMachine: LM mrssi=-30
04-24 12:51:21.086 1176 1406 I HuaweiWifiWatchdogStateMachine: spd good count:0, add sc:0.0, rate:1.0
04-24 12:51:21.087 1176 1406 D HuaweiWifiWatchdogStateMachine: high data flow: protection_counter = 0, not_detect_counter = 379
04-24 12:51:21.087 1176 1406 D HuaweiWifiWatchdogStateMachine: high data flow scenario: 0 --> 0 rx bytes =0KB
04-24 12:51:21.087 1176 1406 I HuaweiWifiWatchdogStateMachine: current mHighDataFlowRate = 1.0
04-24 12:51:21.087 1176 1406 I HuaweiWifiWatchdogStateMachine: POta txb txg rxg:0, 131, 0. Lr =0% Totpkt=131
04-24 12:51:21.088 1176 1176 D WiFi_PRO: MSG_RETURN_AP_CURRY_RSSI rssi = -30
04-24 12:51:21.089 1176 1176 I QosMonitor: queryRtt: rtt_type = 3
04-24 12:51:21.089 1176 1176 I HwQoEJNI: send_cmd_kernel. begin
04-24 12:51:21.089 1176 1176 I HwQoEJNI: send_cmd_kernel. end
04-24 12:51:21.090 1176 1176 I QosMonitor: postEventFromNative: msg=100,arg1=4,arg2=10
04-24 12:51:21.090 1176 1176 I HwQoEJNI: send_cmd_kernel. begin
04-24 12:51:21.090 1176 1176 I HwQoEJNI: send_cmd_kernel. end
04-24 12:51:21.091 1176 1176 I QosMonitor: postEventFromNative: msg=100,arg1=0,arg2=10
04-24 12:51:21.092 1176 1176 D HuaweiWifiWatchdogStateMachine: setSampleRtt: unvalid rtt
04-24 12:51:21.092 1176 1176 I MQoS : rtt=480,tcp_tx_pkts=480942,tcp_rx_pkts=921409
04-24 12:51:21.093 1176 1406 D HuaweiWifiWatchdogStateMachine: dumpTcpResult: len=10,rtt=480,rttPkt=1,rttWn=29,cgt=0,cgtWn=0
04-24 12:51:21.093 1176 1406 I HuaweiWifiWatchdogStateMachine: PTcp RTT:0, rtt pkt=0, tcp_rx=0, tcp_tx=0, tcp_reTran=0, rtRate=0
04-24 12:51:21.094 1176 1406 D HuaweiWifiWatchdogStateMachine: mRssiBadCount =0, RSSI not bad.
04-24 12:51:21.094 1176 1406 D HuaweiWifiWatchdogStateMachine: detectNetworkAvailable:hw.wifipro.dns_fail_count = 131
04-24 12:51:21.094 1176 1406 D HuaweiWifiWatchdogStateMachine: bqeLevel = 2 rtt=0,rtt_pkts=0 speed=37 rssi=-30
04-24 12:51:21.094 1176 1406 D HuaweiWifiWatchdogStateMachine: Enter updateQoeLevel level = 2
04-24 12:51:21.094 1176 1406 D HuaweiWifiWatchdogStateMachine: updateQoeLevel current level equal to mLastDetectLevel, return
04-24 12:51:21.094 1176 1406 D HuaweiWifiWatchdogStateMachine: did not have any network action
04-24 12:51:21.100 1176 3515 I MQoS : QOS_level:0(0),wifi-link;SIM error;use level-0
04-24 12:51:21.136 1176 1176 I TrafficMonitor: update:rxPkts:0,txPkts:0,rxBytes:0,txBytes:0
04-24 12:51:21.136 1176 1176 I TrafficMonitor: start expired. level:-1
04-24 12:51:21.137 1176 1176 I TrafficMonitor: gettimer:interval=5000
04-24 12:51:21.236 1176 1392 D HwArpVerifier: performPollAndLog:
04-24 12:51:21.239 777 777 E : [E/capacity_limit_control] not demo version, not set power control prop!
04-24 12:51:21.239 1176 1392 D hw_netstat: total/0/0
04-24 12:51:23.178 1176 1338 D HwWifiStatStore: handleMessage : 200
04-24 12:51:26.143 1176 1176 I TrafficMonitor: expired arrive. level:-1
04-24 12:51:26.146 1176 1176 I TrafficMonitor: update:rxPkts:0,txPkts:0,rxBytes:0,txBytes:0
04-24 12:51:26.146 1176 1176 I TrafficMonitor: start expired. level:-1
04-24 12:51:26.146 1176 1176 I TrafficMonitor: gettimer:interval=5000
04-24 12:51:26.146 1176 1176 I TrafficMonitor: during_ms:5009,period_ms:2000
04-24 12:51:26.146 1176 1176 I TrafficMonitor: count:817,rx_sum:0,tx_sum:0,rxBytes:0,during_ms:5009,rx_speed:0.0,tx_speed:0.0,rto:0.0
04-24 12:51:26.146 1176 1176 D HuaweiWifiWatchdogStateMachine: speed: rxpkt:0, rxSpd:0B/s, txpkt:0, txSpd:0
04-24 12:51:26.186 1176 1338 D HwWifiStatStore: handleMessage : 200
04-24 12:51:26.191 1176 1392 D HwArpVerifier: check_wifi_state_mode = 0 mCheckStateToken=25 token25
04-24 12:51:26.193 1176 1392 D wifiserviceimpl: netmask =16777215
04-24 12:51:26.247 777 777 E : [E/capacity_limit_control] not demo version, not set power control prop!
04-24 12:51:26.261 777 777 E : [E/capacity_limit_control] not demo version, not set power control prop!
04-24 12:51:26.262 1176 1392 D HWMultiGW: setGateWay 192.168.1.1
04-24 12:51:26.264 1176 1288 D HwBatteryService: onUEvent fcpStatus = 0,scpStatus =0,ovpStatus=0
04-24 12:51:26.266 1176 1288 I UsbDeviceManager: water_intrused state= 0
04-24 12:51:26.282 1176 1176 D HwInnerWifiManagerImpl: SupplicantState = COMPLETED
04-24 12:51:26.282 1176 1176 D HwInnerWifiManagerImpl: isPhoneAP = false
04-24 12:51:26.283 1176 1176 D HwInnerWifiManagerImpl: SupplicantState = COMPLETED
04-24 12:51:26.283 1176 1176 D HwInnerWifiManagerImpl: isPhoneAP = false
04-24 12:51:26.283 1176 1176 D WifiStateMachine: mBcastReceiver: PluggedType = 2 mIsScanCtrlPluggedin = true
