04-24 12:40:51.496 1463 1463 E DateLunarView: mDateString is: 4月24日星期五
04-24 12:40:51.496 1176 1332 D NetdConnector: RCV <- {613 IfaceClass active 1 352839649968400 1000}
04-24 12:40:51.496 1463 1463 W ResourceType: No known package when getting value for resource number 0xffffffff
04-24 12:40:51.497 1463 1463 E DateLunarView: mDateString is: 4月24日星期五
04-24 12:40:51.498 1176 1332 D NetdConnector: RCV <- {613 IfaceClass active 1 352839649968400 1000}
04-24 12:40:51.499 1176 1202 D NetdConnector: RCV unsolicited event from native daemon, event = 613
04-24 12:40:51.499 1463 1463 D WeatherHelper: City info empty
04-24 12:40:51.502 1463 1463 D WeatherHelper: City info empty
04-24 12:40:51.502 1463 1463 D KeyguardUpdateMonitor: received broadcast android.intent.action.TIME_TICK
04-24 12:40:51.503 1463 1463 D KeyguardUpdateMonitor: handleTimeUpdate
04-24 12:40:51.504 1463 1782 I KeyguardStatusView: Runnable for refresh
04-24 12:40:51.504 1770 1770 I HwLauncher: Model onReceive intent=Intent { act=android.intent.action.TIME_TICK flg=0x50200014 hwFlg=0x900 (has extras) }
04-24 12:40:51.504 1770 1770 I HwLauncher: Model onReceive user=UserHandle{0}
04-24 12:40:51.507 1463 1463 D WeatherHelper: City info empty
04-24 12:40:51.515 3756 3806 I Step_LSC: 80001355|processHandleBroadcastAction action:android.intent.action.TIME_TICK
04-24 12:40:51.520 1176 6416 V BroadcastQueue: Finished with ordered broadcast BroadcastRecord{607a3f1 u-1 android.intent.action.TIME_TICK}
04-24 12:40:51.529 4414 23368 I PushLog2955: [SocketRead_07:00:12-666]process cmdid to receive from pushSrv:DB, subCmdId:FF(android/:269)
04-24 12:40:51.532 4414 23368 I PushLog2955: [SocketRead_07:00:12-666]enter adjustHeartBeat:(findHeartBeat:true,isHearBeatTimeReq:true,RspTimeOut:false,beatInterval:300000,bestHBSuccessCount:0,range:[180000,300000])(android/:120)
04-24 12:40:51.532 4414 23368 I PushLog2955: [SocketRead_07:00:12-666]judgeFindBestHB and isBestHBTimeOut: falseisOffset: false(android/:170)
04-24 12:40:51.533 4414 23368 I PushLog2955: [SocketRead_07:00:12-666]after delayHeartBeatReq, nextHeartBeatTime, will be [300000,300000] ms later(android/:501)
04-24 12:40:51.535 4414 23368 I PushLog2955: [SocketRead_07:00:12-666]dispatchIntent over(android/:210)
04-24 12:40:51.536 4414 4431 I PushLog2955: [ReceiverDispatcher-277]com.huawei.android.push.intent.MSG_RECEIVED alarm trigger, expectTriggerTime:0, current trigger time:1587703251536(android/:78)
04-24 12:40:51.595 1463 1463 D WeatherHelper: City info empty
04-24 12:40:51.595 1463 1463 D DateTimeView: Change to single clock mode!
04-24 12:40:51.597 1463 1463 D WeatherHelper: City info empty
04-24 12:40:51.597 1463 1463 D WeatherHelper: City info empty
04-24 12:40:51.598 1463 1463 D DateTimeView: Change to single clock mode!
04-24 12:40:51.599 1463 1463 D WeatherHelper: City info empty
04-24 12:40:51.863 1176 1338 D HwWifiStatStore: handleMessage : 200
04-24 12:40:52.252 1729 23345 I DownloadState: 0 transmitting data speed : 28 bytes/s scroff: true
04-24 12:40:52.252 1729 23345 I DownloadState: 1000 transmitting data speed : 38 bytes/s scroff: true
04-24 12:40:53.718 1176 1392 D HwArpVerifier: performPollAndLog:
04-24 12:40:53.723 1176 1392 D hw_netstat: total/131/199,android.uid.system:1000/75/115,unknown:0/56/84
04-24 12:40:53.827 1176 1392 D HwArpVerifier: getIpRouteTable
04-24 12:40:53.913 1176 1392 D HwArpVerifier: Notify wifi default route is ok
04-24 12:40:53.962 1176 1176 I TrafficMonitor: expired arrive. level:-1
04-24 12:40:53.962 1176 1176 I TrafficMonitor: update:rxPkts:2,txPkts:3,rxBytes:131,txBytes:199
04-24 12:40:53.962 1176 1176 I TrafficMonitor: start expired. level:-1
04-24 12:40:53.962 1176 1176 I TrafficMonitor: gettimer:interval=2000
04-24 12:40:53.962 1176 1176 I TrafficMonitor: during_ms:5005,period_ms:2000
04-24 12:40:53.962 1176 1176 I TrafficMonitor: count:611,rx_sum:2,tx_sum:3,rxBytes:131,during_ms:5005,rx_speed:26.173826173826175,tx_speed:39.76023976023976,rto:0.6666666666666666
04-24 12:40:53.963 1176 1176 D HuaweiWifiWatchdogStateMachine: speed: rxpkt:2, rxSpd:26B/s, txpkt:3, txSpd:39
04-24 12:40:54.561 777 777 E : [E/capacity_limit_control] not demo version, not set power control prop!
04-24 12:40:54.582 1176 1288 D HwBatteryService: onUEvent fcpStatus = 0,scpStatus =0,ovpStatus=0
04-24 12:40:54.585 1176 1288 I UsbDeviceManager: water_intrused state= 0
04-24 12:40:54.602 1176 1176 D HwInnerWifiManagerImpl: SupplicantState = COMPLETED
04-24 12:40:54.602 1176 1176 D HwInnerWifiManagerImpl: isPhoneAP = false
04-24 12:40:54.606 1729 1729 I MsgReceiver: intent action: android.intent.action.BATTERY_CHANGED
04-24 12:40:54.607 5515 5671 E CloudAlbum[8.1.2.309]: [ReceiverManager] not log on ignore
04-24 12:40:54.608 1463 1463 D KeyguardUpdateMonitor: received broadcast android.intent.action.BATTERY_CHANGED
04-24 12:40:54.608 1176 1176 D HwInnerWifiManagerImpl: SupplicantState = COMPLETED
04-24 12:40:54.608 1176 1176 D HwInnerWifiManagerImpl: isPhoneAP = false
04-24 12:40:54.608 1463 1463 W KeyguardUpdateMonitor: ACTION_BATTERY_CHANGED AMP: 500000; Volt: 5000000
04-24 12:40:54.608 1176 1176 D WifiStateMachine: mBcastReceiver: PluggedType = 2 mIsScanCtrlPluggedin = true
04-24 12:40:54.608 1176 1176 D HwWifiService: mPluggedType =2
04-24 12:40:54.610 1463 1463 V KeyguardUpdateMonitor: RefreshBatteryInfo isBatteryLow: 74
04-24 12:40:54.610 1176 1176 D WifiService: onReceive, action:android.intent.action.BATTERY_CHANGED
04-24 12:40:54.610 1176 1176 D WifiService: ACTION_BATTERY_CHANGED pluggedType: 2
04-24 12:40:54.610 1463 1463 W KeyguardUpdateMonitor: ChargingSpeed Wattage: 2500000 ST: 5000000 --> 7500000
04-24 12:40:54.610 1463 1463 I KgBattery: BatteryInfo updated: 2lPc0
04-24 12:40:54.610 1463 1463 W AppHandler: sendMessage with obj100
04-24 12:40:54.610 1463 1463 D KeyguardUpdateMonitor: handleBatteryUpdate
04-24 12:40:54.610 1463 1463 W HwLockScreenPanel: Handle message: 100
04-24 12:40:54.610 1463 1463 W HwKeyguardBottomArea: updateBatteryInfo : false true
04-24 12:40:54.610 1463 1463 W KgBattery: getCharge info with type: text
04-24 12:40:54.615 1463 1463 W HwLockScreenPanel: refreshBatteryInfo: null
04-24 12:40:54.869 1176 1338 D HwWifiStatStore: handleMessage : 200
04-24 12:40:55.967 1176 1176 I TrafficMonitor: update:rxPkts:0,txPkts:0,rxBytes:0,txBytes:0
04-24 12:40:55.967 1176 1176 I TrafficMonitor: start expired. level:-1
04-24 12:40:55.967 1176 1176 I TrafficMonitor: gettimer:interval=2000
04-24 12:40:56.482 742 742 E wificond: Failed to get NL80211_RATE_INFO_NOISE
04-24 12:40:56.483 742 742 E wificond: Failed to get NL80211_RATE_INFO_SNR
04-24 12:40:56.483 742 742 E wificond: Failed to get NL80211_STA_INFO_CNAHLOAD
04-24 12:40:56.484 1176 1337 E WificondControl: Noise: 0, Snr: -1, Chload: -1
04-24 12:40:56.486 1176 1339 D HwWifiCHRStateManager: handleMessage : 1001
04-24 12:40:56.486 1176 1339 D HwWifiCHRStateManager: handleUpdateChannel:2412
04-24 12:40:56.486 1176 1339 V HwWifiServiceFactory: get AllImpl object = com.android.server.wifi.HwWifiServiceFactoryImpl@2205edc
04-24 12:40:56.491 742 742 E wificond: Failed to get NL80211_RATE_INFO_NOISE
04-24 12:40:56.492 742 742 E wificond: Failed to get NL80211_RATE_INFO_SNR
04-24 12:40:56.492 742 742 E wificond: Failed to get NL80211_STA_INFO_CNAHLOAD
04-24 12:40:56.494 1176 1406 D HuaweiWifiWatchdogStateMachine: LM mrssi=-30
04-24 12:40:56.494 1176 1176 D WiFi_PRO: MSG_RETURN_AP_CURRY_RSSI rssi = -30
04-24 12:40:56.494 1176 1406 D HuaweiWifiWatchdogStateMachine: a4:fa:**:**:eb:b0 current loss[-45]=0%, volume=3
04-24 12:40:56.494 1176 1176 I QosMonitor: queryRtt: rtt_type = 3
04-24 12:40:56.494 1176 1406 D HuaweiWifiWatchdogStateMachine: a4:fa:**:**:eb:b0 history loss[-45]=0%, volume=13825547
04-24 12:40:56.495 1176 1176 I HwQoEJNI: send_cmd_kernel. begin
04-24 12:40:56.495 1176 1176 I HwQoEJNI: send_cmd_kernel. end
04-24 12:40:56.495 1176 1406 I HuaweiWifiWatchdogStateMachine: spd good count:0, add sc:0.0, rate:1.0
04-24 12:40:56.495 1176 1176 I QosMonitor: postEventFromNative: msg=100,arg1=4,arg2=10
04-24 12:40:56.495 1176 1406 I HuaweiWifiWatchdogStateMachine: current mHighDataFlowRate = 1.0
04-24 12:40:56.495 1176 1406 I HuaweiWifiWatchdogStateMachine: POta txb txg rxg:0, 77, 0. Lr =0% Totpkt=77
04-24 12:40:56.496 1176 1176 D HuaweiWifiWatchdogStateMachine: a4:fa:**:**:eb:b0 current RTT[-45]=320, volume=1
04-24 12:40:56.496 1176 1176 D HuaweiWifiWatchdogStateMachine: a4:fa:**:**:eb:b0 history RTT[-45]=510, volume=60846
04-24 12:40:56.496 1176 1176 D HuaweiWifiWatchdogStateMachine: setSampleRtt: rtt=320,rtt_pkts =1,rtt_when=4
04-24 12:40:56.496 1176 1176 I HwQoEJNI: send_cmd_kernel. begin
04-24 12:40:56.497 1176 1176 I HwQoEJNI: send_cmd_kernel. end
04-24 12:40:56.497 1176 1176 I QosMonitor: postEventFromNative: msg=100,arg1=0,arg2=10
04-24 12:40:56.497 1176 1176 I QosMonitor: resetRtt: rtt_type = 3
04-24 12:40:56.497 1176 1176 I HwQoEJNI: send_cmd_kernel. begin
04-24 12:40:56.498 1176 1176 I HwQoEJNI: send_cmd_kernel. end
04-24 12:40:56.498 1176 1176 I MQoS : rtt=320,tcp_tx_pkts=480932,tcp_rx_pkts=921404
04-24 12:40:56.498 1176 1406 D HuaweiWifiWatchdogStateMachine: dumpTcpResult: len=10,rtt=320,rttPkt=1,rttWn=4,cgt=0,cgtWn=0
04-24 12:40:56.499 1176 1406 I HuaweiWifiWatchdogStateMachine: PTcp RTT:0, rtt pkt=0, tcp_rx=1, tcp_tx=2, tcp_reTran=0, rtRate=0
04-24 12:40:56.499 1176 1406 D HuaweiWifiWatchdogStateMachine: mRssiBadCount =0, RSSI not bad.
04-24 12:40:56.499 1176 1406 D HuaweiWifiWatchdogStateMachine: detectNetworkAvailable:hw.wifipro.dns_fail_count = 131
04-24 12:40:56.499 1176 1406 D HuaweiWifiWatchdogStateMachine: detectNetworkAvailable: tcpRxPkts != 0, reset
04-24 12:40:56.499 1176 1406 D HuaweiWifiWatchdogStateMachine: bqeLevel = 2 rtt=0,rtt_pkts=0 speed=37 rssi=-30
04-24 12:40:56.499 1176 1406 D HuaweiWifiWatchdogStateMachine: Enter updateQoeLevel level = 2
04-24 12:40:56.499 1176 1406 D HuaweiWifiWatchdogStateMachine: updateQoeLevel current level equal to mLastDetectLevel, return
04-24 12:40:56.499 1176 1406 D HuaweiWifiWatchdogStateMachine: did not have any network action
04-24 12:40:56.510 1176 3515 I MQoS : QOS_level:0(0),wifi-link;SIM error;use level-0
04-24 12:40:56.709 1106 1119 I OAM : [check_file_size:505]/data/log/wifi/wifi_log_1 log file beyond size=10240Byte, creat new file
04-24 12:40:56.709 1106 1119 I OAM : [rename_old_file:210]rename_old_file
04-24 12:40:56.709 1106 1119 I OAM :
04-24 12:40:57.875 1176 1338 D HwWifiStatStore: handleMessage : 200
04-24 12:40:57.972 1176 1176 I TrafficMonitor: update:rxPkts:0,txPkts:0,rxBytes:0,txBytes:0
04-24 12:40:57.973 1176 1176 I TrafficMonitor: start expired. level:-1
04-24 12:40:57.973 1176 1176 I TrafficMonitor: gettimer:interval=2000
04-24 12:40:58.613 741 741 E Thermal-daemon: [ap] temp_new :30 temp_old :29
04-24 12:40:58.616 1729 24941 I ThermalService: Receive temperature change, type: 0, temp: 30 from thermald
04-24 12:40:58.617 741 741 E Thermal-daemon: Report temperature: [ap] temp :30 report_threshold:1
04-24 12:40:58.729 1176 1392 D HwArpVerifier: performPollAndLog:
04-24 12:40:58.733 1176 1392 D hw_netstat: total/0/0
04-24 12:40:58.964 1176 1176 I TrafficMonitor: expired arrive. level:-1
04-24 12:40:58.965 1176 1176 I TrafficMonitor: during_ms:2006,period_ms:2000
04-24 12:40:58.965 1176 1176 I TrafficMonitor: count:613,rx_sum:0,tx_sum:0,rxBytes:0,during_ms:2006,rx_speed:0.0,tx_speed:0.0,rto:0.0
04-24 12:40:58.965 1176 1176 D HuaweiWifiWatchdogStateMachine: speed: rxpkt:0, rxSpd:0B/s, txpkt:0, txSpd:0
04-24 12:40:59.588 777 777 E : [E/capacity_limit_control] not demo version, not set power control prop!
04-24 12:40:59.977 1176 1176 I TrafficMonitor: update:rxPkts:0,txPkts:0,rxBytes:0,txBytes:0
04-24 12:40:59.978 1176 1176 I TrafficMonitor: start expired. level:-1
04-24 12:40:59.978 1176 1176 I TrafficMonitor: gettimer:interval=2000
04-24 12:41:00.882 1176 1338 D HwWifiStatStore: handleMessage : 200
04-24 12:41:01.983 1176 1176 I TrafficMonitor: update:rxPkts:0,txPkts:0,rxBytes:0,txBytes:0
04-24 12:41:01.984 1176 1176 I TrafficMonitor: start expired. level:-1
04-24 12:41:01.984 1176 1176 I TrafficMonitor: gettimer:interval=2000
04-24 12:41:03.621 741 741 E Thermal-daemon: [ap] temp_new :29 temp_old :30
04-24 12:41:03.624 1729 24941 I ThermalService: Receive temperature change, type: 0, temp: 29 from thermald
04-24 12:41:03.626 741 741 E Thermal-daemon: Report temperature: [ap] temp :29 report_threshold:1
04-24 12:41:03.688 1176 1392 D HwArpVerifier: check_wifi_state_mode = 0 mCheckStateToken=25 token25
04-24 12:41:03.691 1176 1392 D wifiserviceimpl: netmask =16777215
04-24 12:41:03.732 1176 1392 D HWMultiGW: setGateWay 192.168.1.1
04-24 12:41:03.889 1176 1338 D HwWifiStatStore: handleMessage : 200
04-24 12:41:03.990 1176 1176 I TrafficMonitor: update:rxPkts:0,txPkts:0,rxBytes:0,txBytes:0
04-24 12:41:03.990 1176 1176 I TrafficMonitor: start expired. level:-1
04-24 12:41:03.990 1176 1176 I TrafficMonitor: gettimer:interval=2000
04-24 12:41:04.492 742 742 E wificond: Failed to get NL80211_RATE_INFO_NOISE
04-24 12:41:04.492 742 742 E wificond: Failed to get NL80211_RATE_INFO_SNR
04-24 12:41:04.492 742 742 E wificond: Failed to get NL80211_STA_INFO_CNAHLOAD
04-24 12:41:04.493 1176 1337 E WificondControl: Noise: 0, Snr: -1, Chload: -1
04-24 12:41:04.495 1176 1339 D HwWifiCHRStateManager: handleMessage : 1001
04-24 12:41:04.495 1176 1339 D HwWifiCHRStateManager: handleUpdateChannel:2412
04-24 12:41:04.496 1176 1339 V HwWifiServiceFactory: get AllImpl object = com.android.server.wifi.HwWifiServiceFactoryImpl@2205edc
04-24 12:41:04.500 742 742 E wificond: Failed to get NL80211_RATE_INFO_NOISE
04-24 12:41:04.500 742 742 E wificond: Failed to get NL80211_RATE_INFO_SNR
04-24 12:41:04.501 742 742 E wificond: Failed to get NL80211_STA_INFO_CNAHLOAD
04-24 12:41:04.502 1176 1176 D WiFi_PRO: MSG_RETURN_AP_CURRY_RSSI rssi = -29
04-24 12:41:04.502 1176 1406 D HuaweiWifiWatchdogStateMachine: LM mrssi=-29
04-24 12:41:04.503 1176 1406 D HuaweiWifiWatchdogStateMachine: a4:fa:**:**:eb:b0 current loss[-45]=0%, volume=2
04-24 12:41:04.503 1176 1176 I QosMonitor: queryRtt: rtt_type = 3
04-24 12:41:04.503 1176 1406 D HuaweiWifiWatchdogStateMachine: a4:fa:**:**:eb:b0 history loss[-45]=0%, volume=13825549
04-24 12:41:04.503 1176 1176 I HwQoEJNI: send_cmd_kernel. begin
04-24 12:41:04.504 1176 1176 I HwQoEJNI: send_cmd_kernel. end
04-24 12:41:04.504 1176 1406 I HuaweiWifiWatchdogStateMachine: spd good count:0, add sc:0.0, rate:1.0
04-24 12:41:04.504 1176 1176 I QosMonitor: postEventFromNative: msg=100,arg1=4,arg2=10
04-24 12:41:04.504 1176 1406 I HuaweiWifiWatchdogStateMachine: current mHighDataFlowRate = 1.0
04-24 12:41:04.504 1176 1406 I HuaweiWifiWatchdogStateMachine: POta txb txg rxg:0, 79, 0. Lr =0% Totpkt=79
04-24 12:41:04.504 1176 1176 D HuaweiWifiWatchdogStateMachine: setSampleRtt: unvalid rtt
04-24 12:41:04.504 1176 1176 I HwQoEJNI: send_cmd_kernel. begin
04-24 12:41:04.504 1176 1176 I HwQoEJNI: send_cmd_kernel. end
04-24 12:41:04.505 1176 1176 I QosMonitor: postEventFromNative: msg=100,arg1=0,arg2=10
04-24 12:41:04.505 1176 1176 I MQoS : rtt=320,tcp_tx_pkts=480932,tcp_rx_pkts=921404
04-24 12:41:04.507 1176 1406 D HuaweiWifiWatchdogStateMachine: dumpTcpResult: len=10,rtt=320,rttPkt=1,rttWn=12,cgt=0,cgtWn=0
04-24 12:41:04.507 1176 1406 I HuaweiWifiWatchdogStateMachine: PTcp RTT:0, rtt pkt=0, tcp_rx=0, tcp_tx=0, tcp_reTran=0, rtRate=0
04-24 12:41:04.507 1176 1406 D HuaweiWifiWatchdogStateMachine: mRssiBadCount =0, RSSI not bad.
04-24 12:41:04.507 1176 1406 D HuaweiWifiWatchdogStateMachine: detectNetworkAvailable:hw.wifipro.dns_fail_count = 131
04-24 12:41:04.507 1176 1406 D HuaweiWifiWatchdogStateMachine: bqeLevel = 2 rtt=0,rtt_pkts=0 speed=37 rssi=-29
04-24 12:41:04.507 1176 1406 D HuaweiWifiWatchdogStateMachine: Enter updateQoeLevel level = 2
04-24 12:41:04.507 1176 1406 D HuaweiWifiWatchdogStateMachine: updateQoeLevel current level equal to mLastDetectLevel, return
04-24 12:41:04.507 1176 1406 D HuaweiWifiWatchdogStateMachine: did not have any network action
04-24 12:41:04.517 1176 3515 I MQoS : QOS_level:0(0),wifi-link;SIM error;use level-0
04-24 12:41:04.599 777 777 E : [E/capacity_limit_control] not demo version, not set power control prop!
04-24 12:41:04.734 1176 1392 D HwArpVerifier: getGateWayARPResponses: arp rtt = 7
04-24 12:41:04.735 1176 1392 E HwCHRWifiRSSIGroupSummery: updatArpSummery mRSSI:-29 HwCHRWifiRSSIGroup [rssi_index=4, rtt_tcp_packets=0, rtt_tcp_duration=0, rtt_lan_duration=7709, rtt_lan_failures=0, rtt_lan_succ=371, rtt_lan_max=939, rtt_lan_min=0,same_area_frequency=0,adjacent_area_frequency=0]
04-24 12:41:04.802 1176 1392 D HwArpVerifier: There are 1 mac address for gateway
04-24 12:41:04.802 1176 1392 D HwArpVerifier: from HEART_CHECK transmit to state:HEART_CHECK
04-24 12:41:04.803 1176 1392 D HwArpVerifier: msg what=124 arg1(token)=25 arg2(mode)=0 delay=30000
04-24 12:41:04.803 1176 1392 D HwArpVerifier: performPollAndLog:
04-24 12:41:04.807 1176 1392 D hw_netstat: total/0/0
04-24 12:41:04.980 1176 1176 I TrafficMonitor: expired arrive. level:-1
04-24 12:41:04.980 1176 1176 I TrafficMonitor: during_ms:2006,period_ms:2000
04-24 12:41:04.980 1176 1176 I TrafficMonitor: count:616,rx_sum:0,tx_sum:0,rxBytes:0,during_ms:2006,rx_speed:0.0,tx_speed:0.0,rto:0.0
04-24 12:41:04.980 1176 1176 D HuaweiWifiWatchdogStateMachine: speed: rxpkt:0, rxSpd:0B/s, txpkt:0, txSpd:0
04-24 12:41:05.995 1176 1176 I TrafficMonitor: update:rxPkts:0,txPkts:0,rxBytes:0,txBytes:0
04-24 12:41:05.995 1176 1176 I TrafficMonitor: start expired. level:-1
04-24 12:41:05.995 1176 1176 I TrafficMonitor: gettimer:interval=2000
04-24 12:41:06.494 1176 1302 W AlarmManager: mIsScreenOn is: false, WAKEUP alarm talarm.operation == null,package name is: android listenerTag is: *job.delay* creator uid is: 1000
04-24 12:41:06.501 1176 1176 V AlarmManager: Received TIME_TICK alarm; rescheduling
04-24 12:41:06.505 1176 1333 D NetdConnector: SND -> {3854 bandwidth gettetherstats}
04-24 12:41:06.508 1176 1332 D NetdConnector: RCV <- {200 3854 Tethering stats list completed}
04-24 12:41:06.511 1176 1332 D NetdConnector: RCV <- {200 3854 Tethering stats list completed}
04-24 12:41:06.513 1176 1176 I HwAlarmManagerService: hwSetAlarm listenerTag: time_tick
04-24 12:41:06.516 1463 1463 E DateView: DateView,mCurrentTime: 1587703266516
04-24 12:41:06.520 1176 1176 W HwAlarmManagerService: isContainsAppUidInWorksource-->happend NameNotFoundException
04-24 12:41:06.521 1176 1176 I HwAlarmManagerService: hwSetAlarm listenerTag: *job.delay*
04-24 12:41:06.521 1176 1176 I JobScheduler.Time: mNextDelayExpiredElapsedMillis: 353333363
04-24 12:41:06.522 1176 1176 D JobServiceContext: Scheduling time out for 'com.android.server.FstrimServiceIdler' jId: 909, in 18 s
04-24 12:41:06.524 1176 1333 W NetworkStatsFactory: mStatsXtProcUid: /proc/net/comm/stats does not exist!
04-24 12:41:06.524 1176 1333 D HwNetworkStatsService: hwRecordUidAndProcSnapshotLocked currentTime = 1587703266483
04-24 12:41:06.530 1176 11623 V BroadcastQueue: Finished with ordered broadcast BroadcastRecord{e355e5 u0 com.tencent.mm.TrafficStatsReceiver}
04-24 12:41:06.535 1176 1176 D JobServiceContext: handleServiceBound for 6087f9f #1000/909 android/com.android.server.FstrimServiceIdler
04-24 12:41:06.535 1176 1176 D JobServiceContext: Scheduling time out for 'com.android.server.FstrimServiceIdler' jId: 909, in 8 s
04-24 12:41:06.535 1176 1176 I FstrimServiceIdler: Scheduled Job 909
04-24 12:41:06.535 1176 1325 I StorageManagerService: Running fstrim idle maintenance
04-24 12:41:06.535 1176 1176 D JobServiceContext: doCallback of : JobStatus{6087f9f #1000/909 android/com.android.server.FstrimServiceIdler u=0 s=1000 TIME=-44ms:none CHARGING READY} v:VERB_STARTING
04-24 12:41:06.535 1176 1176 D JobServiceContext: Scheduling time out for 'com.android.server.FstrimServiceIdler' jId: 909, in 600 s
04-24 12:41:06.538 1463 1463 W HwKeyguardDragHelper: AnimationBlocked
04-24 12:41:06.538 1176 1325 D VoldConnector: SND -> {140 fstrim dotrim 0}
04-24 12:41:06.538 1176 1333 I NetworkStatsFactory: javaReadNetworkStatsUidAndProcDetail. cost time = 13
04-24 12:41:06.539 1176 1325 D VoldConnector: SND -> {140 fstrim dotrim 0}
04-24 12:41:06.539 1463 1463 I EventCenter: EventCenter Get :android.intent.action.TIME_TICK
04-24 12:41:06.542 1176 1333 D HwNetworkStatsService: hwMaybeUidAndProcPersistLocked currentTime = 1587703266483
04-24 12:41:06.542 1463 1463 W ResourceType: No known package when getting value for resource number 0xffffffff
04-24 12:41:06.543 1463 1463 E DateLunarView: mDateString is: 4月24日星期五
04-24 12:41:06.545 431 459 I vold : TrimTask running tasks: 0
04-24 12:41:06.546 1176 1333 D NetdConnector: SND -> {3855 bandwidth setglobalalert 2097152}
04-24 12:41:06.546 1463 1463 W ResourceType: No known package when getting value for resource number 0xffffffff
04-24 12:41:06.547 1463 1463 E DateLunarView: mDateString is: 4月24日星期五
04-24 12:41:06.549 1176 1332 D NetdConnector: RCV <- {200 3855 Bandwidth command succeeeded}
04-24 12:41:06.549 1463 1463 D WeatherHelper: City info empty
04-24 12:41:06.550 1176 1332 D NetdConnector: RCV <- {200 3855 Bandwidth command succeeeded}
04-24 12:41:06.551 1176 1333 V BroadcastQueue: Finished with ordered broadcast BroadcastRecord{1f5e029 u0 com.android.server.action.NETWORK_STATS_POLL}
04-24 12:41:06.552 1463 1463 D WeatherHelper: City info empty
04-24 12:41:06.552 1463 1463 D KeyguardUpdateMonitor: received broadcast android.intent.action.TIME_TICK
04-24 12:41:06.553 1463 1463 D KeyguardUpdateMonitor: handleTimeUpdate
04-24 12:41:06.553 1463 1782 I KeyguardStatusView: Runnable for refresh
04-24 12:41:06.554 1619 1989 E HSM : NatTrafficNotifyService:imsi is null, so return
04-24 12:41:06.555 1770 1770 I HwLauncher: Model onReceive intent=Intent { act=android.intent.action.TIME_TICK flg=0x50200014 hwFlg=0x900 (has extras) }
04-24 12:41:06.556 1770 1770 I HwLauncher: Model onReceive user=UserHandle{0}
04-24 12:41:06.556 1463 1463 D WeatherHelper: City info empty
04-24 12:41:06.559 431 8429 E vold : fragmentRun Starting trim of /data
04-24 12:41:06.560 1176 1328 D VoldConnector: RCV <- {200 140 Command succeeded}
04-24 12:41:06.560 1176 1728 V BroadcastQueue: Finished with ordered broadcast BroadcastRecord{7b0136b u0 com.huawei.hwsystemmanager.power.SCHEDULE_RECORD_REMAING_TIME_SCENE}
04-24 12:41:06.561 1176 1325 I FstrimServiceIdler: Got fstrim service completion callback
04-24 12:41:06.562 1176 1176 D JobServiceContext: doCallback of : JobStatus{6087f9f #1000/909 android/com.android.server.FstrimServiceIdler u=0 s=1000 TIME=-70ms:none CHARGING READY} v:VERB_EXECUTING
04-24 12:41:06.565 431 8429 E vold : midSpace:28482461696 tryStart:0 len:1610612736
04-24 12:41:06.567 431 8429 E vold : Trimmed 0 bytes on /data in 1ms
04-24 12:41:06.574 3756 3806 I Step_LSC: 80001355|processHandleBroadcastAction action:android.intent.action.TIME_TICK
04-24 12:41:06.578 1176 11623 V BroadcastQueue: Finished with ordered broadcast BroadcastRecord{67fb14f u-1 android.intent.action.TIME_TICK}
04-24 12:41:06.639 1463 1463 D WeatherHelper: City info empty
04-24 12:41:06.640 1463 1463 D DateTimeView: Change to single clock mode!
04-24 12:41:06.642 1463 1463 D WeatherHelper: City info empty
04-24 12:41:06.642 1463 1463 D WeatherHelper: City info empty
04-24 12:41:06.643 1463 1463 D DateTimeView: Change to single clock mode!
04-24 12:41:06.644 1463 1463 D WeatherHelper: City info empty
04-24 12:41:06.721 487 620 W SocketListener: sending broadcast to Pid = 1176, Uid = 1000
04-24 12:41:06.723 1176 1332 D NetdConnector: RCV <- {613 IfaceClass idle 1 352854878497564}
04-24 12:41:06.724 1176 1332 D NetdConnector: RCV <- {613 IfaceClass idle 1 352854878497564}
04-24 12:41:06.725 1176 1202 D NetdConnector: RCV unsolicited event from native daemon, event = 613
04-24 12:41:06.895 1176 1338 D HwWifiStatStore: handleMessage : 200
04-24 12:41:07.321 1729 2056 D SleepClean: run sleepClean start
04-24 12:41:07.568 431 8429 E vold : midSpace:28482461696 tryStart:1610612736 len:1610612736
04-24 12:41:07.585 431 8429 E vold : Trimmed 704512 bytes on /data in 14ms
04-24 12:41:07.998 1176 1176 I TrafficMonitor: update:rxPkts:0,txPkts:0,rxBytes:0,txBytes:0
04-24 12:41:07.998 1176 1176 I TrafficMonitor: start expired. level:-1
04-24 12:41:07.998 1176 1176 I TrafficMonitor: gettimer:interval=2000
04-24 12:41:08.586 431 8429 E vold : midSpace:28482461696 tryStart:3221225472 len:1610612736
04-24 12:41:08.591 431 8429 E vold : Trimmed 6262784 bytes on /data in 2ms
04-24 12:41:08.630 741 741 E Thermal-daemon: [ap] temp_new :30 temp_old :29
04-24 12:41:08.632 1729 24941 I ThermalService: Receive temperature change, type: 0, temp: 30 from thermald
04-24 12:41:08.634 741 741 E Thermal-daemon: Report temperature: [ap] temp :30 report_threshold:1
04-24 12:41:09.592 431 8429 E vold : midSpace:28482461696 tryStart:4831838208 len:1610612736
04-24 12:41:09.597 431 8429 E vold : Trimmed 2732032 bytes on /data in 3ms
04-24 12:41:09.609 777 777 E : [E/capacity_limit_control] not demo version, not set power control prop!
04-24 12:41:09.813 1176 1392 D HwArpVerifier: performPollAndLog:
04-24 12:41:09.817 1176 1392 D hw_netstat: total/0/0
04-24 12:41:09.900 1176 1338 D HwWifiStatStore: handleMessage : 200
04-24 12:41:10.003 1176 1176 I TrafficMonitor: update:rxPkts:0,txPkts:0,rxBytes:0,txBytes:0
04-24 12:41:10.003 1176 1176 I TrafficMonitor: start expired. level:-1
04-24 12:41:10.004 1176 1176 I TrafficMonitor: gettimer:interval=2000
04-24 12:41:10.598 431 8429 E vold : midSpace:28482461696 tryStart:6442450944 len:1610612736
04-24 12:41:10.600 431 8429 E vold : Trimmed 1662976 bytes on /data in 1ms
04-24 12:41:10.996 1176 1176 I TrafficMonitor: expired arrive. level:-1
04-24 12:41:10.996 1176 1176 I TrafficMonitor: during_ms:2004,period_ms:2000
04-24 12:41:10.996 1176 1176 I TrafficMonitor: count:619,rx_sum:0,tx_sum:0,rxBytes:0,during_ms:2004,rx_speed:0.0,tx_speed:0.0,rto:0.0
04-24 12:41:10.996 1176 1176 D HuaweiWifiWatchdogStateMachine: speed: rxpkt:0, rxSpd:0B/s, txpkt:0, txSpd:0
04-24 12:41:11.601 431 8429 E vold : midSpace:28482461696 tryStart:8053063680 len:1610612736
04-24 12:41:11.606 431 8429 E vold : Trimmed 892928 bytes on /data in 2ms
04-24 12:41:12.009 1176 1176 I TrafficMonitor: update:rxPkts:0,txPkts:0,rxBytes:0,txBytes:0
04-24 12:41:12.009 1176 1176 I TrafficMonitor: start expired. level:-1
04-24 12:41:12.009 1176 1176 I TrafficMonitor: gettimer:interval=2000
04-24 12:41:12.502 742 742 E wificond: Failed to get NL80211_RATE_INFO_NOISE
04-24 12:41:12.502 742 742 E wificond: Failed to get NL80211_RATE_INFO_SNR
04-24 12:41:12.502 742 742 E wificond: Failed to get NL80211_STA_INFO_CNAHLOAD
04-24 12:41:12.503 1176 1337 E WificondControl: Noise: 0, Snr: -1, Chload: -1
04-24 12:41:12.504 1176 1339 D HwWifiCHRStateManager: handleMessage : 1001
04-24 12:41:12.504 1176 1339 D HwWifiCHRStateManager: handleUpdateChannel:2412
04-24 12:41:12.505 1176 1339 V HwWifiServiceFactory: get AllImpl object = com.android.server.wifi.HwWifiServiceFactoryImpl@2205edc
04-24 12:41:12.508 742 742 E wificond: Failed to get NL80211_RATE_INFO_NOISE
04-24 12:41:12.508 742 742 E wificond: Failed to get NL80211_RATE_INFO_SNR
04-24 12:41:12.508 742 742 E wificond: Failed to get NL80211_STA_INFO_CNAHLOAD
04-24 12:41:12.510 1176 1406 D HuaweiWifiWatchdogStateMachine: LM mrssi=-28
04-24 12:41:12.510 1176 1406 I HuaweiWifiWatchdogStateMachine: spd good count:0, add sc:0.0, rate:1.0
04-24 12:41:12.511 1176 1176 D WiFi_PRO: MSG_RETURN_AP_CURRY_RSSI rssi = -28
04-24 12:41:12.512 1176 1176 I QosMonitor: queryRtt: rtt_type = 3
04-24 12:41:12.514 1176 1176 I HwQoEJNI: send_cmd_kernel. begin
04-24 12:41:12.514 1176 1176 I HwQoEJNI: send_cmd_kernel. end
04-24 12:41:12.515 1176 1406 D HuaweiWifiWatchdogStateMachine: high data flow: protection_counter = 0, not_detect_counter = 360
04-24 12:41:12.515 1176 1176 I QosMonitor: postEventFromNative: msg=100,arg1=4,arg2=10
04-24 12:41:12.515 1176 1406 D HuaweiWifiWatchdogStateMachine: high data flow scenario: 0 --> 0 rx bytes =0KB
04-24 12:41:12.515 1176 1406 I HuaweiWifiWatchdogStateMachine: current mHighDataFlowRate = 1.0
04-24 12:41:12.515 1176 1176 D HuaweiWifiWatchdogStateMachine: setSampleRtt: unvalid rtt
04-24 12:41:12.515 1176 1406 I HuaweiWifiWatchdogStateMachine: POta txb txg rxg:0, 79, 0. Lr =0% Totpkt=79
04-24 12:41:12.515 1176 1176 I HwQoEJNI: send_cmd_kernel. begin
04-24 12:41:12.516 1176 1176 I HwQoEJNI: send_cmd_kernel. end
04-24 12:41:12.516 1176 1176 I QosMonitor: postEventFromNative: msg=100,arg1=0,arg2=10
04-24 12:41:12.516 1176 1176 I MQoS : rtt=320,tcp_tx_pkts=480932,tcp_rx_pkts=921404
04-24 12:41:12.518 1176 1406 D HuaweiWifiWatchdogStateMachine: dumpTcpResult: len=10,rtt=320,rttPkt=1,rttWn=20,cgt=0,cgtWn=0
04-24 12:41:12.518 1176 1406 I HuaweiWifiWatchdogStateMachine: PTcp RTT:0, rtt pkt=0, tcp_rx=0, tcp_tx=0, tcp_reTran=0, rtRate=0
04-24 12:41:12.518 1176 1406 D HuaweiWifiWatchdogStateMachine: mRssiBadCount =0, RSSI not bad.
04-24 12:41:12.519 1176 1406 D HuaweiWifiWatchdogStateMachine: detectNetworkAvailable:hw.wifipro.dns_fail_count = 131
04-24 12:41:12.519 1176 1406 D HuaweiWifiWatchdogStateMachine: bqeLevel = 2 rtt=0,rtt_pkts=0 speed=37 rssi=-28
04-24 12:41:12.519 1176 1406 D HuaweiWifiWatchdogStateMachine: Enter updateQoeLevel level = 2
04-24 12:41:12.519 1176 1406 D HuaweiWifiWatchdogStateMachine: updateQoeLevel current level equal to mLastDetectLevel, return
04-24 12:41:12.519 1176 1406 D HuaweiWifiWatchdogStateMachine: did not have any network action
04-24 12:41:12.528 1176 3515 I MQoS : QOS_level:0(0),wifi-link;SIM error;use level-0
04-24 12:41:12.606 431 8429 E vold : midSpace:28482461696 tryStart:9663676416 len:1610612736
04-24 12:41:12.616 431 8429 E vold : Trimmed 3334144 bytes on /data in 9ms
04-24 12:41:12.906 1176 1338 D HwWifiStatStore: handleMessage : 200
04-24 12:41:13.616 431 8429 E vold : midSpace:28482461696 tryStart:11274289152 len:1610612736
04-24 12:41:13.619 431 8429 E vold : Trimmed 1376256 bytes on /data in 1ms
04-24 12:41:14.012 1176 1176 I TrafficMonitor: update:rxPkts:0,txPkts:0,rxBytes:0,txBytes:0
04-24 12:41:14.012 1176 1176 I TrafficMonitor: start expired. level:-1
04-24 12:41:14.012 1176 1176 I TrafficMonitor: gettimer:interval=5000
04-24 12:41:14.619 777 777 E : [E/capacity_limit_control] not demo version, not set power control prop!
04-24 12:41:14.620 431 8429 E vold : midSpace:28482461696 tryStart:12884901888 len:1610612736
04-24 12:41:14.629 431 8429 E vold : Trimmed 1617920 bytes on /data in 7ms
04-24 12:41:14.822 1176 1392 D HwArpVerifier: performPollAndLog:
04-24 12:41:14.826 1176 1392 D hw_netstat: total/0/0
04-24 12:41:15.629 431 8429 E vold : midSpace:28482461696 tryStart:14495514624 len:1610612736
04-24 12:41:15.636 431 8429 E vold : Trimmed 2056192 bytes on /data in 3ms
04-24 12:41:15.911 1176 1338 D HwWifiStatStore: handleMessage : 200
04-24 12:41:16.636 431 8429 E vold : midSpace:28482461696 tryStart:16106127360 len:1610612736
04-24 12:41:16.642 431 8429 E vold : Trimmed 3362816 bytes on /data in 3ms
04-24 12:41:17.013 1176 1176 I TrafficMonitor: expired arrive. level:-1
04-24 12:41:17.013 1176 1176 I TrafficMonitor: during_ms:2003,period_ms:2000
04-24 12:41:17.013 1176 1176 I TrafficMonitor: count:621,rx_sum:0,tx_sum:0,rxBytes:0,during_ms:2003,rx_speed:0.0,tx_speed:0.0,rto:0.0
04-24 12:41:17.013 1176 1176 D HuaweiWifiWatchdogStateMachine: speed: rxpkt:0, rxSpd:0B/s, txpkt:0, txSpd:0
04-24 12:41:17.611 3756 3774 D LogUtil_LogConfig: obtainSavePath(): path = 1
04-24 12:41:17.612 3756 3774 D LogUtil_LogConfig: getLogFile(): logFilePath = /data/data/com.huawei.health/files/com.huawei.health/com.huawei.health_DaemonService/
04-24 12:41:17.613 3756 3774 D LogUtil_LogConfig: obtainSavePath(): path = 1
04-24 12:41:17.613 3756 3774 D LogUtil_LogConfig: acquireMaxLogFileLengthContainsOffset describe: com.huawei.health:DaemonService result:5242880
04-24 12:41:17.613 3756 3774 D LogUtil_LogConfig: obtainSavePath(): path = 1
04-24 12:41:17.614 3756 3774 D LogUtil_LogConfig: getLogFileRoot(): logFilePath = /data/data/com.huawei.health/files/com.huawei.health/com.huawei.health_DaemonService/
04-24 12:41:17.643 431 8429 E vold : midSpace:28482461696 tryStart:17716740096 len:1610612736
04-24 12:41:17.655 431 8429 E vold : Trimmed 2785280 bytes on /data in 10ms
04-24 12:41:18.655 431 8429 E vold : midSpace:28482461696 tryStart:19327352832 len:1610612736
04-24 12:41:18.662 431 8429 E vold : Trimmed 1388544 bytes on /data in 2ms
04-24 12:41:18.918 1176 1338 D HwWifiStatStore: handleMessage : 200
04-24 12:41:19.017 1176 1176 I TrafficMonitor: update:rxPkts:0,txPkts:0,rxBytes:0,txBytes:0
04-24 12:41:19.018 1176 1176 I TrafficMonitor: start expired. level:-1
04-24 12:41:19.018 1176 1176 I TrafficMonitor: gettimer:interval=5000
04-24 12:41:19.399 1176 1589 W Watchdog: hungtask: writing kick
04-24 12:41:19.404 1176 1202 I EventHub: EventHub monitor: no key events in the past 1813s, no motion events in the past 1814s
04-24 12:41:19.629 777 777 E : [E/capacity_limit_control] not demo version, not set power control prop!
04-24 12:41:19.663 431 8429 E vold : midSpace:28482461696 tryStart:20937965568 len:1610612736
04-24 12:41:19.669 431 8429 E vold : Trimmed 18345984 bytes on /data in 4ms
04-24 12:41:19.832 1176 1392 D HwArpVerifier: performPollAndLog:
04-24 12:41:19.835 1176 1392 D hw_netstat: total/0/0
04-24 12:41:20.507 742 742 E wificond: Failed to get NL80211_RATE_INFO_NOISE
04-24 12:41:20.507 742 742 E wificond: Failed to get NL80211_RATE_INFO_SNR
04-24 12:41:20.507 742 742 E wificond: Failed to get NL80211_STA_INFO_CNAHLOAD
04-24 12:41:20.508 1176 1337 E WificondControl: Noise: 0, Snr: -1, Chload: -1
04-24 12:41:20.509 1176 1339 D HwWifiCHRStateManager: handleMessage : 1001
04-24 12:41:20.509 1176 1339 D HwWifiCHRStateManager: handleUpdateChannel:2412
04-24 12:41:20.509 1176 1339 V HwWifiServiceFactory: get AllImpl object = com.android.server.wifi.HwWifiServiceFactoryImpl@2205edc
04-24 12:41:20.515 742 742 E wificond: Failed to get NL80211_RATE_INFO_NOISE
04-24 12:41:20.515 742 742 E wificond: Failed to get NL80211_RATE_INFO_SNR
04-24 12:41:20.515 742 742 E wificond: Failed to get NL80211_STA_INFO_CNAHLOAD
04-24 12:41:20.517 1176 1406 D HuaweiWifiWatchdogStateMachine: LM mrssi=-28
04-24 12:41:20.518 1176 1176 D WiFi_PRO: MSG_RETURN_AP_CURRY_RSSI rssi = -28
04-24 12:41:20.518 1176 1406 I HuaweiWifiWatchdogStateMachine: spd good count:0, add sc:0.0, rate:1.0
04-24 12:41:20.518 1176 1406 I HuaweiWifiWatchdogStateMachine: current mHighDataFlowRate = 1.0
04-24 12:41:20.518 1176 1406 I HuaweiWifiWatchdogStateMachine: POta txb txg rxg:0, 79, 0. Lr =0% Totpkt=79
04-24 12:41:20.518 1176 1176 I QosMonitor: queryRtt: rtt_type = 3
04-24 12:41:20.519 1176 1176 I HwQoEJNI: send_cmd_kernel. begin
04-24 12:41:20.519 1176 1176 I HwQoEJNI: send_cmd_kernel. end
04-24 12:41:20.519 1176 1176 I QosMonitor: postEventFromNative: msg=100,arg1=4,arg2=10
04-24 12:41:20.520 1176 1176 I HwQoEJNI: send_cmd_kernel. begin
04-24 12:41:20.520 1176 1176 I HwQoEJNI: send_cmd_kernel. end
04-24 12:41:20.520 1176 1176 I QosMonitor: postEventFromNative: msg=100,arg1=0,arg2=10
04-24 12:41:20.520 1176 1176 D HuaweiWifiWatchdogStateMachine: setSampleRtt: unvalid rtt
04-24 12:41:20.521 1176 1406 D HuaweiWifiWatchdogStateMachine: dumpTcpResult: len=10,rtt=320,rttPkt=1,rttWn=28,cgt=0,cgtWn=0
04-24 12:41:20.521 1176 1176 I MQoS : rtt=320,tcp_tx_pkts=480932,tcp_rx_pkts=921404
04-24 12:41:20.521 1176 1406 I HuaweiWifiWatchdogStateMachine: PTcp RTT:0, rtt pkt=0, tcp_rx=0, tcp_tx=0, tcp_reTran=0, rtRate=0
04-24 12:41:20.521 1176 1406 D HuaweiWifiWatchdogStateMachine: mRssiBadCount =0, RSSI not bad.
04-24 12:41:20.521 1176 1406 D HuaweiWifiWatchdogStateMachine: detectNetworkAvailable:hw.wifipro.dns_fail_count = 131
04-24 12:41:20.521 1176 1406 D HuaweiWifiWatchdogStateMachine: bqeLevel = 2 rtt=0,rtt_pkts=0 speed=37 rssi=-28
04-24 12:41:20.521 1176 1406 D HuaweiWifiWatchdogStateMachine: Enter updateQoeLevel level = 2
04-24 12:41:20.521 1176 1406 D HuaweiWifiWatchdogStateMachine: updateQoeLevel current level equal to mLastDetectLevel, return
04-24 12:41:20.521 1176 1406 D HuaweiWifiWatchdogStateMachine: did not have any network action
04-24 12:41:20.531 1176 3515 I MQoS : QOS_level:0(0),wifi-link;SIM error;use level-0
04-24 12:41:20.670 431 8429 E vold : midSpace:28482461696 tryStart:22548578304 len:1610612736
04-24 12:41:20.682 431 8429 E vold : Trimmed 655360 bytes on /data in 9ms
04-24 12:41:21.683 431 8429 E vold : midSpace:28482461696 tryStart:24159191040 len:1610612736
04-24 12:41:21.688 431 8429 E vold : Trimmed 2265088 bytes on /data in 2ms
04-24 12:41:21.921 1176 1338 D HwWifiStatStore: handleMessage : 200
04-24 12:41:21.965 1176 1204 D SmartcareProc: onSignalStrengthsChanged: signalStrength is: SignalStrength: 99 -1 0 0 -59 -35 32767 -1 32767 99 0 0 0 2147483647 0 -1 true cdma , on sub: 1
04-24 12:41:21.965 1176 1176 I MQoS : onSignal: mSubId=1,currDataSubID=1
04-24 12:41:21.965 1176 1204 D SmartcareProc: SignalStrength update result, ss: SignalStrengthInfo:68043809 mGsmSignalStrength: -1 mWcdmaRscp: -1 mWcdmaEcio: -1 mLteRsrp: -1 mLteRsrq: -1 mCdmaDbm: -59 mCdmaEcio: -35 mEvdoDbm: 32767mEvdoEcio: -1mLteRssnr: -1
04-24 12:41:21.965 1176 1176 I MQoS : received cell-signal:5
04-24 12:41:22.688 431 8429 E vold : midSpace:28482461696 tryStart:25769803776 len:1610612736
04-24 12:41:22.699 431 8429 E vold : Trimmed 2461696 bytes on /data in 9ms
04-24 12:41:23.700 431 8429 E vold : midSpace:28482461696 tryStart:27380416512 len:1102045184
04-24 12:41:23.708 431 8429 E vold : Trimmed 16891904 bytes on /data in 3ms
04-24 12:41:24.021 1176 1176 I TrafficMonitor: expired arrive. level:-1
04-24 12:41:24.022 1176 1176 I TrafficMonitor: update:rxPkts:0,txPkts:0,rxBytes:0,txBytes:0
04-24 12:41:24.022 1176 1176 I TrafficMonitor: start expired. level:-1
04-24 12:41:24.022 1176 1176 I TrafficMonitor: gettimer:interval=5000
04-24 12:41:24.022 1176 1176 I TrafficMonitor: during_ms:5005,period_ms:2000
04-24 12:41:24.022 1176 1176 I TrafficMonitor: count:623,rx_sum:0,tx_sum:0,rxBytes:0,during_ms:5005,rx_speed:0.0,tx_speed:0.0,rto:0.0
04-24 12:41:24.022 1176 1176 D HuaweiWifiWatchdogStateMachine: speed: rxpkt:0, rxSpd:0B/s, txpkt:0, txSpd:0
04-24 12:41:24.639 777 777 E : [E/capacity_limit_control] not demo version, not set power control prop!
04-24 12:41:24.655 1176 1288 D HwBatteryService: onUEvent fcpStatus = 0,scpStatus =0,ovpStatus=0
04-24 12:41:24.658 1176 1288 I UsbDeviceManager: water_intrused state= 0
04-24 12:41:24.674 1176 1176 D HwInnerWifiManagerImpl: SupplicantState = COMPLETED
04-24 12:41:24.675 1176 1176 D HwInnerWifiManagerImpl: isPhoneAP = false
04-24 12:41:24.676 1176 1176 D HwInnerWifiManagerImpl: SupplicantState = COMPLETED
04-24 12:41:24.676 1176 1176 D HwInnerWifiManagerImpl: isPhoneAP = false
04-24 12:41:24.676 1176 1176 D WifiStateMachine: mBcastReceiver: PluggedType = 2 mIsScanCtrlPluggedin = true
04-24 12:41:24.678 1463 1463 D KeyguardUpdateMonitor: received broadcast android.intent.action.BATTERY_CHANGED
04-24 12:41:24.679 1463 1463 W KeyguardUpdateMonitor: ACTION_BATTERY_CHANGED AMP: 500000; Volt: 5000000
04-24 12:41:24.680 5515 5671 E CloudAlbum[8.1.2.309]: [ReceiverManager] not log on ignore
04-24 12:41:24.682 1463 1463 V KeyguardUpdateMonitor: RefreshBatteryInfo isBatteryLow: 74
04-24 12:41:24.683 1463 1463 W KeyguardUpdateMonitor: ChargingSpeed Wattage: 2500000 ST: 5000000 --> 7500000
04-24 12:41:24.683 1463 1463 I KgBattery: BatteryInfo updated: 2lPc0
04-24 12:41:24.683 1463 1463 W AppHandler: sendMessage with obj100
04-24 12:41:24.684 1463 1463 D KeyguardUpdateMonitor: handleBatteryUpdate
04-24 12:41:24.684 1176 1176 D HwWifiService: mPluggedType =2
04-24 12:41:24.686 1176 1176 D WifiService: onReceive, action:android.intent.action.BATTERY_CHANGED
04-24 12:41:24.686 1176 1176 D WifiService: ACTION_BATTERY_CHANGED pluggedType: 2
04-24 12:41:24.686 1729 1729 I MsgReceiver: intent action: android.intent.action.BATTERY_CHANGED
04-24 12:41:24.687 1463 1463 W HwLockScreenPanel: Handle message: 100
04-24 12:41:24.687 1463 1463 W HwKeyguardBottomArea: updateBatteryInfo : false true
04-24 12:41:24.687 1463 1463 W KgBattery: getCharge info with type: text
04-24 12:41:24.693 1463 1463 W HwLockScreenPanel: refreshBatteryInfo: null
04-24 12:41:24.708 431 8429 E vold : totalSpace:56964923392 tryStart:28482461696 len:1073741824
04-24 12:41:24.709 431 8429 E vold : Trimmed 0 bytes on /data in 0ms
04-24 12:41:24.837 1176 1392 D HwArpVerifier: performPollAndLog:
04-24 12:41:24.838 1176 1392 D hw_netstat: total/0/0
04-24 12:41:24.925 1176 1338 D HwWifiStatStore: handleMessage : 200
04-24 12:41:25.710 431 8429 E vold : totalSpace:56964923392 tryStart:29556203520 len:1073741824
04-24 12:41:25.720 431 8429 E vold : Trimmed 5763072 bytes on /data in 7ms
04-24 12:41:26.720 431 8429 E vold : totalSpace:56964923392 tryStart:30629945344 len:1073741824
04-24 12:41:26.722 431 8429 E vold : Trimmed 671744 bytes on /data in 0ms
04-24 12:41:27.723 431 8429 E vold : totalSpace:56964923392 tryStart:31703687168 len:1073741824
04-24 12:41:27.723 431 8429 E vold : Trimmed 0 bytes on /data in 0ms
04-24 12:41:28.518 742 742 E wificond: Failed to get NL80211_RATE_INFO_NOISE
04-24 12:41:28.519 742 742 E wificond: Failed to get NL80211_RATE_INFO_SNR
04-24 12:41:28.519 742 742 E wificond: Failed to get NL80211_STA_INFO_CNAHLOAD
04-24 12:41:28.520 1176 1337 E WificondControl: Noise: 0, Snr: -1, Chload: -1
04-24 12:41:28.521 1176 1339 D HwWifiCHRStateManager: handleMessage : 1001
04-24 12:41:28.522 1176 1339 D HwWifiCHRStateManager: handleUpdateChannel:2412
04-24 12:41:28.522 1176 1339 V HwWifiServiceFactory: get AllImpl object = com.android.server.wifi.HwWifiServiceFactoryImpl@2205edc
04-24 12:41:28.526 742 742 E wificond: Failed to get NL80211_RATE_INFO_NOISE
04-24 12:41:28.526 742 742 E wificond: Failed to get NL80211_RATE_INFO_SNR
04-24 12:41:28.526 742 742 E wificond: Failed to get NL80211_STA_INFO_CNAHLOAD
04-24 12:41:28.528 1176 1406 D HuaweiWifiWatchdogStateMachine: LM mrssi=-29
04-24 12:41:28.528 1176 1176 D WiFi_PRO: MSG_RETURN_AP_CURRY_RSSI rssi = -29
04-24 12:41:28.528 1176 1406 I HuaweiWifiWatchdogStateMachine: spd good count:0, add sc:0.0, rate:1.0
04-24 12:41:28.528 1176 1406 I HuaweiWifiWatchdogStateMachine: current mHighDataFlowRate = 1.0
04-24 12:41:28.528 1176 1176 I QosMonitor: queryRtt: rtt_type = 3
04-24 12:41:28.528 1176 1406 I HuaweiWifiWatchdogStateMachine: POta txb txg rxg:0, 79, 0. Lr =0% Totpkt=79
04-24 12:41:28.529 1176 1176 I HwQoEJNI: send_cmd_kernel. begin
04-24 12:41:28.529 1176 1176 I HwQoEJNI: send_cmd_kernel. end
04-24 12:41:28.529 1176 1176 I QosMonitor: postEventFromNative: msg=100,arg1=4,arg2=10
04-24 12:41:28.529 1176 1176 I HwQoEJNI: send_cmd_kernel. begin
04-24 12:41:28.530 1176 1176 I HwQoEJNI: send_cmd_kernel. end
04-24 12:41:28.530 1176 1176 I QosMonitor: postEventFromNative: msg=100,arg1=0,arg2=10
04-24 12:41:28.530 1176 1176 D HuaweiWifiWatchdogStateMachine: setSampleRtt: unvalid rtt
04-24 12:41:28.530 1176 1176 I MQoS : rtt=320,tcp_tx_pkts=480932,tcp_rx_pkts=921404
04-24 12:41:28.534 1176 1406 D HuaweiWifiWatchdogStateMachine: dumpTcpResult: len=10,rtt=320,rttPkt=1,rttWn=37,cgt=0,cgtWn=0
04-24 12:41:28.534 1176 1406 I HuaweiWifiWatchdogStateMachine: PTcp RTT:0, rtt pkt=0, tcp_rx=0, tcp_tx=0, tcp_reTran=0, rtRate=0
04-24 12:41:28.534 1176 1406 D HuaweiWifiWatchdogStateMachine: mRssiBadCount =0, RSSI not bad.
04-24 12:41:28.534 1176 1406 D HuaweiWifiWatchdogStateMachine: detectNetworkAvailable:hw.wifipro.dns_fail_count = 131
04-24 12:41:28.534 1176 1406 D HuaweiWifiWatchdogStateMachine: bqeLevel = 2 rtt=0,rtt_pkts=0 speed=37 rssi=-29
04-24 12:41:28.534 1176 1406 D HuaweiWifiWatchdogStateMachine: Enter updateQoeLevel level = 2
04-24 12:41:28.534 1176 1406 D HuaweiWifiWatchdogStateMachine: updateQoeLevel current level equal to mLastDetectLevel, return
04-24 12:41:28.534 1176 1406 D HuaweiWifiWatchdogStateMachine: did not have any network action
04-24 12:41:28.535 1176 3515 I MQoS : QOS_level:0(0),wifi-link;SIM error;use level-0
04-24 12:41:28.724 431 8429 E vold : totalSpace:56964923392 tryStart:32777428992 len:1073741824
04-24 12:41:28.732 431 8429 E vold : Trimmed 7184384 bytes on /data in 7ms
04-24 12:41:29.023 1176 1176 I TrafficMonitor: expired arrive. level:-1
04-24 12:41:29.024 1176 1176 I TrafficMonitor: update:rxPkts:0,txPkts:0,rxBytes:0,txBytes:0
04-24 12:41:29.024 1176 1176 I TrafficMonitor: start expired. level:-1
04-24 12:41:29.024 1176 1176 I TrafficMonitor: gettimer:interval=5000
04-24 12:41:29.024 1176 1176 I TrafficMonitor: during_ms:5002,period_ms:2000
04-24 12:41:29.024 1176 1176 I TrafficMonitor: count:624,rx_sum:0,tx_sum:0,rxBytes:0,during_ms:5002,rx_speed:0.0,tx_speed:0.0,rto:0.0
04-24 12:41:29.024 1176 1176 D HuaweiWifiWatchdogStateMachine: speed: rxpkt:0, rxSpd:0B/s, txpkt:0, txSpd:0
04-24 12:41:29.661 777 777 E : [E/capacity_limit_control] not demo version, not set power control prop!
04-24 12:41:29.733 431 8429 E vold : totalSpace:56964923392 tryStart:33851170816 len:1073741824
04-24 12:41:29.735 431 8429 E vold : Trimmed 4096 bytes on /data in 1ms
04-24 12:41:29.844 1176 1392 D HwArpVerifier: performPollAndLog:
04-24 12:41:29.847 1176 1392 D hw_netstat: total/0/0
04-24 12:41:30.736 431 8429 E vold : totalSpace:56964923392 tryStart:34924912640 len:1073741824
04-24 12:41:30.740 431 8429 E vold : Trimmed 0 bytes on /data in 0ms
04-24 12:41:30.934 1176 1338 D HwWifiStatStore: handleMessage : 200
04-24 12:41:31.741 431 8429 E vold : totalSpace:56964923392 tryStart:35998654464 len:1073741824
04-24 12:41:31.745 431 8429 E vold : Trimmed 540672 bytes on /data in 1ms
04-24 12:41:32.746 431 8429 E vold : totalSpace:56964923392 tryStart:37072396288 len:1073741824
04-24 12:41:32.750 431 8429 E vold : Trimmed 0 bytes on /data in 1ms
04-24 12:41:33.751 431 8429 E vold : totalSpace:56964923392 tryStart:38146138112 len:1073741824
04-24 12:41:33.768 431 8429 E vold : Trimmed 3641344 bytes on /data in 14ms
04-24 12:41:33.940 1176 1338 D HwWifiStatStore: handleMessage : 200
04-24 12:41:34.025 1176 1176 I TrafficMonitor: expired arrive. level:-1
04-24 12:41:34.028 1176 1176 I TrafficMonitor: update:rxPkts:0,txPkts:0,rxBytes:0,txBytes:0
04-24 12:41:34.028 1176 1176 I TrafficMonitor: start expired. level:-1
04-24 12:41:34.028 1176 1176 I TrafficMonitor: gettimer:interval=5000
04-24 12:41:34.028 1176 1176 I TrafficMonitor: during_ms:5003,period_ms:2000
04-24 12:41:34.028 1176 1176 I TrafficMonitor: count:625,rx_sum:0,tx_sum:0,rxBytes:0,during_ms:5003,rx_speed:0.0,tx_speed:0.0,rto:0.0
04-24 12:41:34.028 1176 1176 D HuaweiWifiWatchdogStateMachine: speed: rxpkt:0, rxSpd:0B/s, txpkt:0, txSpd:0
04-24 12:41:34.670 777 777 E : [E/capacity_limit_control] not demo version, not set power control prop!
04-24 12:41:34.769 431 8429 E vold : totalSpace:56964923392 tryStart:39219879936 len:1073741824
04-24 12:41:34.772 431 8429 E vold : Trimmed 0 bytes on /data in 1ms
04-24 12:41:34.807 1176 1392 D HwArpVerifier: check_wifi_state_mode = 0 mCheckStateToken=25 token25
04-24 12:41:34.810 1176 1392 D wifiserviceimpl: netmask =16777215
04-24 12:41:34.852 1176 1392 D HWMultiGW: setGateWay 192.168.1.1
04-24 12:41:35.773 431 8429 E vold : totalSpace:56964923392 tryStart:40293621760 len:1073741824
04-24 12:41:35.782 431 8429 E vold : Trimmed 864256 bytes on /data in 6ms
04-24 12:41:35.854 1176 1392 D HwArpVerifier: getGateWayARPResponses: arp rtt = 3
04-24 12:41:35.855 1176 1392 E HwCHRWifiRSSIGroupSummery: updatArpSummery mRSSI:-29 HwCHRWifiRSSIGroup [rssi_index=4, rtt_tcp_packets=0, rtt_tcp_duration=0, rtt_lan_duration=7712, rtt_lan_failures=0, rtt_lan_succ=372, rtt_lan_max=939, rtt_lan_min=0,same_area_frequency=0,adjacent_area_frequency=0]
04-24 12:41:35.892 1176 1392 D HwArpVerifier: There are 1 mac address for gateway
04-24 12:41:35.892 1176 1392 D HwArpVerifier: from HEART_CHECK transmit to state:HEART_CHECK
04-24 12:41:35.893 1176 1392 D HwArpVerifier: msg what=124 arg1(token)=25 arg2(mode)=0 delay=30000
04-24 12:41:35.893 1176 1392 D HwArpVerifier: performPollAndLog:
04-24 12:41:35.897 1176 1392 D hw_netstat: total/0/0
04-24 12:41:36.523 742 742 E wificond: Failed to get NL80211_RATE_INFO_NOISE
04-24 12:41:36.523 742 742 E wificond: Failed to get NL80211_RATE_INFO_SNR
04-24 12:41:36.523 742 742 E wificond: Failed to get NL80211_STA_INFO_CNAHLOAD
04-24 12:41:36.524 1176 1337 E WificondControl: Noise: 0, Snr: -1, Chload: -1
04-24 12:41:36.524 1176 1339 D HwWifiCHRStateManager: handleMessage : 1001
04-24 12:41:36.524 1176 1339 D HwWifiCHRStateManager: handleUpdateChannel:2412
04-24 12:41:36.524 1176 1339 V HwWifiServiceFactory: get AllImpl object = com.android.server.wifi.HwWifiServiceFactoryImpl@2205edc
04-24 12:41:36.526 742 742 E wificond: Failed to get NL80211_RATE_INFO_NOISE
04-24 12:41:36.526 742 742 E wificond: Failed to get NL80211_RATE_INFO_SNR
04-24 12:41:36.526 742 742 E wificond: Failed to get NL80211_STA_INFO_CNAHLOAD
04-24 12:41:36.527 1176 1406 D HuaweiWifiWatchdogStateMachine: LM mrssi=-28
04-24 12:41:36.527 1176 1176 D WiFi_PRO: MSG_RETURN_AP_CURRY_RSSI rssi = -28
04-24 12:41:36.528 1176 1406 D HuaweiWifiWatchdogStateMachine: a4:fa:**:**:eb:b0 current loss[-45]=0%, volume=1
04-24 12:41:36.528 1176 1176 I QosMonitor: queryRtt: rtt_type = 3
04-24 12:41:36.528 1176 1406 D HuaweiWifiWatchdogStateMachine: a4:fa:**:**:eb:b0 history loss[-45]=0%, volume=13825550
04-24 12:41:36.528 1176 1176 I HwQoEJNI: send_cmd_kernel. begin
04-24 12:41:36.528 1176 1176 I HwQoEJNI: send_cmd_kernel. end
04-24 12:41:36.528 1176 1406 I HuaweiWifiWatchdogStateMachine: spd good count:0, add sc:0.0, rate:1.0
04-24 12:41:36.528 1176 1176 I QosMonitor: postEventFromNative: msg=100,arg1=4,arg2=10
04-24 12:41:36.528 1176 1406 I HuaweiWifiWatchdogStateMachine: current mHighDataFlowRate = 1.0
04-24 12:41:36.528 1176 1406 I HuaweiWifiWatchdogStateMachine: POta txb txg rxg:0, 80, 0. Lr =0% Totpkt=80
04-24 12:41:36.528 1176 1176 D HuaweiWifiWatchdogStateMachine: setSampleRtt: unvalid rtt
