04-24 12:37:52.337 1176 1406 I HuaweiWifiWatchdogStateMachine: POta txb txg rxg:0, 61, 0. Lr =0% Totpkt=61
04-24 12:37:52.337 1176 1176 D HuaweiWifiWatchdogStateMachine: setSampleRtt: unvalid rtt
04-24 12:37:52.338 1176 1176 I HwQoEJNI: send_cmd_kernel. begin
04-24 12:37:52.338 1176 1176 I HwQoEJNI: send_cmd_kernel. end
04-24 12:37:52.338 1176 1176 I QosMonitor: postEventFromNative: msg=100,arg1=0,arg2=10
04-24 12:37:52.338 1176 1176 I MQoS : rtt=640,tcp_tx_pkts=480928,tcp_rx_pkts=921402
04-24 12:37:52.340 1176 1406 D HuaweiWifiWatchdogStateMachine: dumpTcpResult: len=10,rtt=640,rttPkt=2,rttWn=120,cgt=0,cgtWn=0
04-24 12:37:52.340 1176 1406 I HuaweiWifiWatchdogStateMachine: PTcp RTT:0, rtt pkt=0, tcp_rx=0, tcp_tx=0, tcp_reTran=0, rtRate=0
04-24 12:37:52.340 1176 1406 D HuaweiWifiWatchdogStateMachine: mRssiBadCount =0, RSSI not bad.
04-24 12:37:52.340 1176 1406 D HuaweiWifiWatchdogStateMachine: detectNetworkAvailable:hw.wifipro.dns_fail_count = 131
04-24 12:37:52.340 1176 1406 D HuaweiWifiWatchdogStateMachine: bqeLevel = 2 rtt=0,rtt_pkts=0 speed=37 rssi=-29
04-24 12:37:52.340 1176 1406 D HuaweiWifiWatchdogStateMachine: Enter updateQoeLevel level = 2
04-24 12:37:52.340 1176 1406 D HuaweiWifiWatchdogStateMachine: updateQoeLevel current level equal to mLastDetectLevel, return
04-24 12:37:52.340 1176 1406 D HuaweiWifiWatchdogStateMachine: did not have any network action
04-24 12:37:52.344 1176 3515 I MQoS : QOS_level:0(0),wifi-link;SIM error;use level-0
04-24 12:37:52.344 1176 3515 I MQoS : skip-low-Level:0(0),wifi-link;SIM error;use level-0
04-24 12:37:53.604 1176 1176 I TrafficMonitor: expired arrive. level:-1
04-24 12:37:53.607 1176 1176 I TrafficMonitor: update:rxPkts:1,txPkts:1,rxBytes:56,txBytes:84
04-24 12:37:53.607 1176 1176 I TrafficMonitor: start expired. level:-1
04-24 12:37:53.607 1176 1176 I TrafficMonitor: gettimer:interval=2000
04-24 12:37:53.608 1176 1176 I TrafficMonitor: during_ms:5005,period_ms:2000
04-24 12:37:53.608 1176 1176 I TrafficMonitor: count:551,rx_sum:1,tx_sum:1,rxBytes:56,during_ms:5005,rx_speed:11.188811188811188,tx_speed:16.783216783216783,rto:1.0
04-24 12:37:53.608 1176 1176 D HuaweiWifiWatchdogStateMachine: speed: rxpkt:1, rxSpd:11B/s, txpkt:1, txSpd:16
04-24 12:37:54.072 777 777 E : [E/capacity_limit_control] not demo version, not set power control prop!
04-24 12:37:54.103 1176 1288 D HwBatteryService: onUEvent fcpStatus = 0,scpStatus =0,ovpStatus=0
04-24 12:37:54.106 1176 1288 I UsbDeviceManager: water_intrused state= 0
04-24 12:37:54.124 1176 1176 D HwInnerWifiManagerImpl: SupplicantState = COMPLETED
04-24 12:37:54.124 1176 1176 D HwInnerWifiManagerImpl: isPhoneAP = false
04-24 12:37:54.125 1463 1463 D KeyguardUpdateMonitor: received broadcast android.intent.action.BATTERY_CHANGED
04-24 12:37:54.125 1463 1463 W KeyguardUpdateMonitor: ACTION_BATTERY_CHANGED AMP: 500000; Volt: 5000000
04-24 12:37:54.125 1176 1176 D HwInnerWifiManagerImpl: SupplicantState = COMPLETED
04-24 12:37:54.125 1176 1176 D HwInnerWifiManagerImpl: isPhoneAP = false
04-24 12:37:54.125 1463 1463 V KeyguardUpdateMonitor: RefreshBatteryInfo isBatteryLow: 74
04-24 12:37:54.125 1463 1463 W KeyguardUpdateMonitor: ChargingSpeed Wattage: 2500000 ST: 5000000 --> 7500000
04-24 12:37:54.125 1176 1176 D WifiStateMachine: mBcastReceiver: PluggedType = 2 mIsScanCtrlPluggedin = true
04-24 12:37:54.125 1463 1463 I KgBattery: BatteryInfo updated: 2lPc0
04-24 12:37:54.126 1463 1463 W AppHandler: sendMessage with obj100
04-24 12:37:54.126 1463 1463 D KeyguardUpdateMonitor: handleBatteryUpdate
04-24 12:37:54.126 1176 1176 D HwWifiService: mPluggedType =2
04-24 12:37:54.126 1463 1463 W HwLockScreenPanel: Handle message: 100
04-24 12:37:54.126 1463 1463 W HwKeyguardBottomArea: updateBatteryInfo : false true
04-24 12:37:54.126 1463 1463 W KgBattery: getCharge info with type: text
04-24 12:37:54.128 1176 1176 D WifiService: onReceive, action:android.intent.action.BATTERY_CHANGED
04-24 12:37:54.128 1176 1176 D WifiService: ACTION_BATTERY_CHANGED pluggedType: 2
04-24 12:37:54.132 5515 5671 E CloudAlbum[8.1.2.309]: [ReceiverManager] not log on ignore
04-24 12:37:54.134 1729 1729 I MsgReceiver: intent action: android.intent.action.BATTERY_CHANGED
04-24 12:37:54.140 1463 1463 W HwLockScreenPanel: refreshBatteryInfo: null
04-24 12:37:54.460 1176 1338 D HwWifiStatStore: handleMessage : 200
04-24 12:37:55.612 1176 1176 I TrafficMonitor: update:rxPkts:0,txPkts:0,rxBytes:0,txBytes:0
04-24 12:37:55.612 1176 1176 I TrafficMonitor: start expired. level:-1
04-24 12:37:55.613 1176 1176 I TrafficMonitor: gettimer:interval=2000
04-24 12:37:56.710 1106 1119 I OAM : [check_file_size:505]/data/log/wifi/wifi_log_1 log file beyond size=10240Byte, creat new file
04-24 12:37:56.710 1106 1119 I OAM : [rename_old_file:210]rename_old_file
04-24 12:37:56.710 1106 1119 I OAM :
04-24 12:37:56.728 1176 1392 D HwArpVerifier: check_wifi_state_mode = 0 mCheckStateToken=25 token25
04-24 12:37:56.731 1176 1392 D wifiserviceimpl: netmask =16777215
04-24 12:37:56.766 1176 1392 D HWMultiGW: setGateWay 192.168.1.1
04-24 12:37:57.467 1176 1338 D HwWifiStatStore: handleMessage : 200
04-24 12:37:57.618 1176 1176 I TrafficMonitor: update:rxPkts:0,txPkts:0,rxBytes:0,txBytes:0
04-24 12:37:57.619 1176 1176 I TrafficMonitor: start expired. level:-1
04-24 12:37:57.619 1176 1176 I TrafficMonitor: gettimer:interval=2000
04-24 12:37:57.769 1176 1392 D HwArpVerifier: getGateWayARPResponses: arp rtt = 60
04-24 12:37:57.770 1176 1392 E HwCHRWifiRSSIGroupSummery: updatArpSummery mRSSI:-29 HwCHRWifiRSSIGroup [rssi_index=4, rtt_tcp_packets=0, rtt_tcp_duration=0, rtt_lan_duration=7603, rtt_lan_failures=0, rtt_lan_succ=365, rtt_lan_max=939, rtt_lan_min=0,same_area_frequency=0,adjacent_area_frequency=0]
04-24 12:37:57.842 1176 1392 D HwArpVerifier: There are 1 mac address for gateway
04-24 12:37:57.842 1176 1392 D HwArpVerifier: from HEART_CHECK transmit to state:HEART_CHECK
04-24 12:37:57.843 1176 1392 D HwArpVerifier: msg what=124 arg1(token)=25 arg2(mode)=0 delay=30000
04-24 12:37:57.843 1176 1392 D HwArpVerifier: performPollAndLog:
04-24 12:37:57.847 1176 1392 D hw_netstat: total/0/0
04-24 12:37:58.609 1176 1176 I TrafficMonitor: expired arrive. level:-1
04-24 12:37:58.610 1176 1176 I TrafficMonitor: during_ms:2006,period_ms:2000
04-24 12:37:58.610 1176 1176 I TrafficMonitor: count:553,rx_sum:0,tx_sum:0,rxBytes:0,during_ms:2006,rx_speed:0.0,tx_speed:0.0,rto:0.0
04-24 12:37:58.610 1176 1176 D HuaweiWifiWatchdogStateMachine: speed: rxpkt:0, rxSpd:0B/s, txpkt:0, txSpd:0
04-24 12:37:59.110 777 777 E : [E/capacity_limit_control] not demo version, not set power control prop!
04-24 12:37:59.624 1176 1176 I TrafficMonitor: update:rxPkts:0,txPkts:0,rxBytes:0,txBytes:0
04-24 12:37:59.624 1176 1176 I TrafficMonitor: start expired. level:-1
04-24 12:37:59.624 1176 1176 I TrafficMonitor: gettimer:interval=2000
04-24 12:38:00.342 742 742 E wificond: Failed to get NL80211_RATE_INFO_NOISE
04-24 12:38:00.342 742 742 E wificond: Failed to get NL80211_RATE_INFO_SNR
04-24 12:38:00.342 742 742 E wificond: Failed to get NL80211_STA_INFO_CNAHLOAD
04-24 12:38:00.343 1176 1337 E WificondControl: Noise: 0, Snr: -1, Chload: -1
04-24 12:38:00.344 1176 1339 D HwWifiCHRStateManager: handleMessage : 1001
04-24 12:38:00.344 1176 1339 D HwWifiCHRStateManager: handleUpdateChannel:2412
04-24 12:38:00.344 1176 1339 V HwWifiServiceFactory: get AllImpl object = com.android.server.wifi.HwWifiServiceFactoryImpl@2205edc
04-24 12:38:00.348 742 742 E wificond: Failed to get NL80211_RATE_INFO_NOISE
04-24 12:38:00.349 742 742 E wificond: Failed to get NL80211_RATE_INFO_SNR
04-24 12:38:00.349 742 742 E wificond: Failed to get NL80211_STA_INFO_CNAHLOAD
04-24 12:38:00.350 1176 1406 D HuaweiWifiWatchdogStateMachine: LM mrssi=-29
04-24 12:38:00.350 1176 1176 D WiFi_PRO: MSG_RETURN_AP_CURRY_RSSI rssi = -29
04-24 12:38:00.351 1176 1406 D HuaweiWifiWatchdogStateMachine: a4:fa:**:**:eb:b0 current loss[-45]=0%, volume=2
04-24 12:38:00.351 1176 1176 I QosMonitor: queryRtt: rtt_type = 3
04-24 12:38:00.351 1176 1406 D HuaweiWifiWatchdogStateMachine: a4:fa:**:**:eb:b0 history loss[-45]=0%, volume=13825533
04-24 12:38:00.352 1176 1176 I HwQoEJNI: send_cmd_kernel. begin
04-24 12:38:00.352 1176 1176 I HwQoEJNI: send_cmd_kernel. end
04-24 12:38:00.352 1176 1176 I QosMonitor: postEventFromNative: msg=100,arg1=4,arg2=10
04-24 12:38:00.352 1176 1176 D HuaweiWifiWatchdogStateMachine: setSampleRtt: unvalid rtt
04-24 12:38:00.352 1176 1406 I HuaweiWifiWatchdogStateMachine: spd good count:0, add sc:0.0, rate:1.0
04-24 12:38:00.353 1176 1406 D HuaweiWifiWatchdogStateMachine: high data flow: protection_counter = 0, not_detect_counter = 354
04-24 12:38:00.353 1176 1406 D HuaweiWifiWatchdogStateMachine: high data flow scenario: 0 --> 0 rx bytes =0KB
04-24 12:38:00.354 1176 1406 I HuaweiWifiWatchdogStateMachine: current mHighDataFlowRate = 1.0
04-24 12:38:00.354 1176 1406 I HuaweiWifiWatchdogStateMachine: POta txb txg rxg:0, 63, 0. Lr =0% Totpkt=63
04-24 12:38:00.355 1176 1176 I HwQoEJNI: send_cmd_kernel. begin
04-24 12:38:00.355 1176 1176 I HwQoEJNI: send_cmd_kernel. end
04-24 12:38:00.356 1176 1176 I QosMonitor: postEventFromNative: msg=100,arg1=0,arg2=10
04-24 12:38:00.356 1176 1176 I MQoS : rtt=640,tcp_tx_pkts=480928,tcp_rx_pkts=921402
04-24 12:38:00.356 1176 1406 D HuaweiWifiWatchdogStateMachine: dumpTcpResult: len=10,rtt=640,rttPkt=2,rttWn=128,cgt=0,cgtWn=0
04-24 12:38:00.357 1176 1406 I HuaweiWifiWatchdogStateMachine: PTcp RTT:0, rtt pkt=0, tcp_rx=0, tcp_tx=0, tcp_reTran=0, rtRate=0
04-24 12:38:00.357 1176 1406 D HuaweiWifiWatchdogStateMachine: mRssiBadCount =0, RSSI not bad.
04-24 12:38:00.357 1176 1406 D HuaweiWifiWatchdogStateMachine: detectNetworkAvailable:hw.wifipro.dns_fail_count = 131
04-24 12:38:00.357 1176 1406 D HuaweiWifiWatchdogStateMachine: bqeLevel = 2 rtt=0,rtt_pkts=0 speed=37 rssi=-29
04-24 12:38:00.357 1176 1406 D HuaweiWifiWatchdogStateMachine: Enter updateQoeLevel level = 2
04-24 12:38:00.357 1176 1406 D HuaweiWifiWatchdogStateMachine: updateQoeLevel current level equal to mLastDetectLevel, return
04-24 12:38:00.357 1176 1406 D HuaweiWifiWatchdogStateMachine: did not have any network action
04-24 12:38:00.366 1176 3515 I MQoS : QOS_level:0(0),wifi-link;SIM error;use level-0
04-24 12:38:00.474 1176 1338 D HwWifiStatStore: handleMessage : 200
04-24 12:38:01.629 1176 1176 I TrafficMonitor: update:rxPkts:0,txPkts:0,rxBytes:0,txBytes:0
04-24 12:38:01.629 1176 1176 I TrafficMonitor: start expired. level:-1
04-24 12:38:01.630 1176 1176 I TrafficMonitor: gettimer:interval=2000
04-24 12:38:02.851 1176 1392 D HwArpVerifier: performPollAndLog:
04-24 12:38:02.856 1176 1392 D hw_netstat: total/0/0
04-24 12:38:03.480 1176 1338 D HwWifiStatStore: handleMessage : 200
04-24 12:38:03.635 1176 1176 I TrafficMonitor: update:rxPkts:0,txPkts:0,rxBytes:0,txBytes:0
04-24 12:38:03.635 1176 1176 I TrafficMonitor: start expired. level:-1
04-24 12:38:03.635 1176 1176 I TrafficMonitor: gettimer:interval=2000
04-24 12:38:04.120 777 777 E : [E/capacity_limit_control] not demo version, not set power control prop!
04-24 12:38:04.626 1176 1176 I TrafficMonitor: expired arrive. level:-1
04-24 12:38:04.627 1176 1176 I TrafficMonitor: during_ms:2006,period_ms:2000
04-24 12:38:04.627 1176 1176 I TrafficMonitor: count:556,rx_sum:0,tx_sum:0,rxBytes:0,during_ms:2006,rx_speed:0.0,tx_speed:0.0,rto:0.0
04-24 12:38:04.627 1176 1176 D HuaweiWifiWatchdogStateMachine: speed: rxpkt:0, rxSpd:0B/s, txpkt:0, txSpd:0
04-24 12:38:05.640 1176 1176 I TrafficMonitor: update:rxPkts:0,txPkts:0,rxBytes:0,txBytes:0
04-24 12:38:05.640 1176 1176 I TrafficMonitor: start expired. level:-1
04-24 12:38:05.640 1176 1176 I TrafficMonitor: gettimer:interval=2000
04-24 12:38:06.487 1176 1338 D HwWifiStatStore: handleMessage : 200
04-24 12:38:06.724 487 620 W SocketListener: sending broadcast to Pid = 1176, Uid = 1000
04-24 12:38:06.727 1176 1332 D NetdConnector: RCV <- {613 IfaceClass idle 1 352674878839779}
04-24 12:38:06.732 1176 1332 D NetdConnector: RCV <- {613 IfaceClass idle 1 352674878839779}
04-24 12:38:06.736 1176 1202 D NetdConnector: RCV unsolicited event from native daemon, event = 613
04-24 12:38:07.645 1176 1176 I TrafficMonitor: update:rxPkts:0,txPkts:0,rxBytes:0,txBytes:0
04-24 12:38:07.646 1176 1176 I TrafficMonitor: start expired. level:-1
04-24 12:38:07.646 1176 1176 I TrafficMonitor: gettimer:interval=2000
04-24 12:38:07.862 1176 1392 D HwArpVerifier: performPollAndLog:
04-24 12:38:07.867 1176 1392 D hw_netstat: total/0/0
04-24 12:38:08.351 742 742 E wificond: Failed to get NL80211_RATE_INFO_NOISE
04-24 12:38:08.352 742 742 E wificond: Failed to get NL80211_RATE_INFO_SNR
04-24 12:38:08.352 742 742 E wificond: Failed to get NL80211_STA_INFO_CNAHLOAD
04-24 12:38:08.353 1176 1337 E WificondControl: Noise: 0, Snr: -1, Chload: -1
04-24 12:38:08.354 1176 1339 D HwWifiCHRStateManager: handleMessage : 1001
04-24 12:38:08.354 1176 1339 D HwWifiCHRStateManager: handleUpdateChannel:2412
04-24 12:38:08.354 1176 1339 V HwWifiServiceFactory: get AllImpl object = com.android.server.wifi.HwWifiServiceFactoryImpl@2205edc
04-24 12:38:08.358 742 742 E wificond: Failed to get NL80211_RATE_INFO_NOISE
04-24 12:38:08.358 742 742 E wificond: Failed to get NL80211_RATE_INFO_SNR
04-24 12:38:08.359 742 742 E wificond: Failed to get NL80211_STA_INFO_CNAHLOAD
04-24 12:38:08.360 1176 1406 D HuaweiWifiWatchdogStateMachine: LM mrssi=-29
04-24 12:38:08.360 1176 1176 D WiFi_PRO: MSG_RETURN_AP_CURRY_RSSI rssi = -29
04-24 12:38:08.361 1176 1176 I QosMonitor: queryRtt: rtt_type = 3
04-24 12:38:08.362 1176 1176 I HwQoEJNI: send_cmd_kernel. begin
04-24 12:38:08.362 1176 1176 I HwQoEJNI: send_cmd_kernel. end
04-24 12:38:08.362 1176 1406 I HuaweiWifiWatchdogStateMachine: spd good count:0, add sc:0.0, rate:1.0
04-24 12:38:08.362 1176 1406 I HuaweiWifiWatchdogStateMachine: current mHighDataFlowRate = 1.0
04-24 12:38:08.362 1176 1176 I QosMonitor: postEventFromNative: msg=100,arg1=4,arg2=10
04-24 12:38:08.362 1176 1406 I HuaweiWifiWatchdogStateMachine: POta txb txg rxg:0, 63, 0. Lr =0% Totpkt=63
04-24 12:38:08.363 1176 1176 I HwQoEJNI: send_cmd_kernel. begin
04-24 12:38:08.363 1176 1176 I HwQoEJNI: send_cmd_kernel. end
04-24 12:38:08.363 1176 1176 I QosMonitor: postEventFromNative: msg=100,arg1=0,arg2=10
04-24 12:38:08.363 1176 1176 D HuaweiWifiWatchdogStateMachine: setSampleRtt: unvalid rtt
04-24 12:38:08.364 1176 1176 I MQoS : rtt=640,tcp_tx_pkts=480928,tcp_rx_pkts=921402
04-24 12:38:08.365 1176 1406 D HuaweiWifiWatchdogStateMachine: dumpTcpResult: len=10,rtt=640,rttPkt=2,rttWn=136,cgt=0,cgtWn=0
04-24 12:38:08.365 1176 1406 I HuaweiWifiWatchdogStateMachine: PTcp RTT:0, rtt pkt=0, tcp_rx=0, tcp_tx=0, tcp_reTran=0, rtRate=0
04-24 12:38:08.365 1176 1406 D HuaweiWifiWatchdogStateMachine: mRssiBadCount =0, RSSI not bad.
04-24 12:38:08.365 1176 1406 D HuaweiWifiWatchdogStateMachine: detectNetworkAvailable:hw.wifipro.dns_fail_count = 131
04-24 12:38:08.365 1176 1406 D HuaweiWifiWatchdogStateMachine: bqeLevel = 2 rtt=0,rtt_pkts=0 speed=37 rssi=-29
04-24 12:38:08.365 1176 1406 D HuaweiWifiWatchdogStateMachine: Enter updateQoeLevel level = 2
04-24 12:38:08.366 1176 1406 D HuaweiWifiWatchdogStateMachine: updateQoeLevel current level equal to mLastDetectLevel, return
04-24 12:38:08.366 1176 1406 D HuaweiWifiWatchdogStateMachine: did not have any network action
04-24 12:38:08.376 1176 3515 I MQoS : QOS_level:0(0),wifi-link;SIM error;use level-0
04-24 12:38:09.130 777 777 E : [E/capacity_limit_control] not demo version, not set power control prop!
04-24 12:38:09.495 1176 1338 D HwWifiStatStore: handleMessage : 200
04-24 12:38:09.651 1176 1176 I TrafficMonitor: update:rxPkts:0,txPkts:0,rxBytes:0,txBytes:0
04-24 12:38:09.652 1176 1176 I TrafficMonitor: start expired. level:-1
04-24 12:38:09.652 1176 1176 I TrafficMonitor: gettimer:interval=2000
04-24 12:38:10.642 1176 1176 I TrafficMonitor: expired arrive. level:-1
04-24 12:38:10.643 1176 1176 I TrafficMonitor: during_ms:2006,period_ms:2000
04-24 12:38:10.643 1176 1176 I TrafficMonitor: count:559,rx_sum:0,tx_sum:0,rxBytes:0,during_ms:2006,rx_speed:0.0,tx_speed:0.0,rto:0.0
04-24 12:38:10.643 1176 1176 D HuaweiWifiWatchdogStateMachine: speed: rxpkt:0, rxSpd:0B/s, txpkt:0, txSpd:0
04-24 12:38:11.657 1176 1176 I TrafficMonitor: update:rxPkts:0,txPkts:0,rxBytes:0,txBytes:0
04-24 12:38:11.657 1176 1176 I TrafficMonitor: start expired. level:-1
04-24 12:38:11.657 1176 1176 I TrafficMonitor: gettimer:interval=2000
04-24 12:38:12.500 1176 1338 D HwWifiStatStore: handleMessage : 200
04-24 12:38:12.873 1176 1392 D HwArpVerifier: performPollAndLog:
04-24 12:38:12.877 1176 1392 D hw_netstat: total/0/0
04-24 12:38:13.663 1176 1176 I TrafficMonitor: update:rxPkts:0,txPkts:0,rxBytes:0,txBytes:0
04-24 12:38:13.663 1176 1176 I TrafficMonitor: start expired. level:-1
04-24 12:38:13.664 1176 1176 I TrafficMonitor: gettimer:interval=5000
04-24 12:38:14.140 777 777 E : [E/capacity_limit_control] not demo version, not set power control prop!
04-24 12:38:15.507 1176 1338 D HwWifiStatStore: handleMessage : 200
04-24 12:38:16.358 742 742 E wificond: Failed to get NL80211_RATE_INFO_NOISE
04-24 12:38:16.359 742 742 E wificond: Failed to get NL80211_RATE_INFO_SNR
04-24 12:38:16.359 742 742 E wificond: Failed to get NL80211_STA_INFO_CNAHLOAD
04-24 12:38:16.360 1176 1337 E WificondControl: Noise: 0, Snr: -1, Chload: -1
04-24 12:38:16.360 1176 1339 D HwWifiCHRStateManager: handleMessage : 1001
04-24 12:38:16.361 1176 1339 D HwWifiCHRStateManager: handleUpdateChannel:2412
04-24 12:38:16.361 1176 1339 V HwWifiServiceFactory: get AllImpl object = com.android.server.wifi.HwWifiServiceFactoryImpl@2205edc
04-24 12:38:16.365 742 742 E wificond: Failed to get NL80211_RATE_INFO_NOISE
04-24 12:38:16.365 742 742 E wificond: Failed to get NL80211_RATE_INFO_SNR
04-24 12:38:16.366 742 742 E wificond: Failed to get NL80211_STA_INFO_CNAHLOAD
04-24 12:38:16.367 1176 1406 D HuaweiWifiWatchdogStateMachine: LM mrssi=-28
04-24 12:38:16.367 1176 1176 D WiFi_PRO: MSG_RETURN_AP_CURRY_RSSI rssi = -28
04-24 12:38:16.367 1176 1176 I QosMonitor: queryRtt: rtt_type = 3
04-24 12:38:16.368 1176 1176 I HwQoEJNI: send_cmd_kernel. begin
04-24 12:38:16.368 1176 1406 I HuaweiWifiWatchdogStateMachine: spd good count:0, add sc:0.0, rate:1.0
04-24 12:38:16.368 1176 1176 I HwQoEJNI: send_cmd_kernel. end
04-24 12:38:16.368 1176 1406 I HuaweiWifiWatchdogStateMachine: current mHighDataFlowRate = 1.0
04-24 12:38:16.368 1176 1406 I HuaweiWifiWatchdogStateMachine: POta txb txg rxg:0, 63, 0. Lr =0% Totpkt=63
04-24 12:38:16.368 1176 1176 I QosMonitor: postEventFromNative: msg=100,arg1=4,arg2=10
04-24 12:38:16.368 1176 1176 D HuaweiWifiWatchdogStateMachine: setSampleRtt: unvalid rtt
04-24 12:38:16.369 1176 1176 I HwQoEJNI: send_cmd_kernel. begin
04-24 12:38:16.369 1176 1176 I HwQoEJNI: send_cmd_kernel. end
04-24 12:38:16.369 1176 1176 I QosMonitor: postEventFromNative: msg=100,arg1=0,arg2=10
04-24 12:38:16.370 1176 1176 I MQoS : rtt=640,tcp_tx_pkts=480928,tcp_rx_pkts=921402
04-24 12:38:16.371 1176 1406 D HuaweiWifiWatchdogStateMachine: dumpTcpResult: len=10,rtt=640,rttPkt=2,rttWn=144,cgt=0,cgtWn=0
04-24 12:38:16.371 1176 1406 I HuaweiWifiWatchdogStateMachine: PTcp RTT:0, rtt pkt=0, tcp_rx=0, tcp_tx=0, tcp_reTran=0, rtRate=0
04-24 12:38:16.371 1176 1406 D HuaweiWifiWatchdogStateMachine: mRssiBadCount =0, RSSI not bad.
04-24 12:38:16.372 1176 1406 D HuaweiWifiWatchdogStateMachine: detectNetworkAvailable:hw.wifipro.dns_fail_count = 131
04-24 12:38:16.372 1176 1406 D HuaweiWifiWatchdogStateMachine: bqeLevel = 2 rtt=0,rtt_pkts=0 speed=37 rssi=-28
04-24 12:38:16.372 1176 1406 D HuaweiWifiWatchdogStateMachine: Enter updateQoeLevel level = 2
04-24 12:38:16.372 1176 1406 D HuaweiWifiWatchdogStateMachine: updateQoeLevel current level equal to mLastDetectLevel, return
04-24 12:38:16.372 1176 1406 D HuaweiWifiWatchdogStateMachine: did not have any network action
04-24 12:38:16.382 1176 3515 I MQoS : QOS_level:0(0),wifi-link;SIM error;use level-0
04-24 12:38:16.659 1176 1176 I TrafficMonitor: expired arrive. level:-1
04-24 12:38:16.659 1176 1176 I TrafficMonitor: during_ms:2007,period_ms:2000
04-24 12:38:16.660 1176 1176 I TrafficMonitor: count:561,rx_sum:0,tx_sum:0,rxBytes:0,during_ms:2007,rx_speed:0.0,tx_speed:0.0,rto:0.0
04-24 12:38:16.660 1176 1176 D HuaweiWifiWatchdogStateMachine: speed: rxpkt:0, rxSpd:0B/s, txpkt:0, txSpd:0
04-24 12:38:17.883 1176 1392 D HwArpVerifier: performPollAndLog:
04-24 12:38:17.888 1176 1392 D hw_netstat: total/0/0
04-24 12:38:18.512 1176 1338 D HwWifiStatStore: handleMessage : 200
04-24 12:38:18.669 1176 1176 I TrafficMonitor: update:rxPkts:0,txPkts:0,rxBytes:0,txBytes:0
04-24 12:38:18.669 1176 1176 I TrafficMonitor: start expired. level:-1
04-24 12:38:18.670 1176 1176 I TrafficMonitor: gettimer:interval=5000
04-24 12:38:19.149 777 777 E : [E/capacity_limit_control] not demo version, not set power control prop!
04-24 12:38:19.378 1176 1589 W Watchdog: hungtask: writing kick
04-24 12:38:19.381 1176 1202 I EventHub: EventHub monitor: no key events in the past 1633s, no motion events in the past 1634s
04-24 12:38:21.519 1176 1338 D HwWifiStatStore: handleMessage : 200
04-24 12:38:22.894 1176 1392 D HwArpVerifier: performPollAndLog:
04-24 12:38:22.898 1176 1392 D hw_netstat: total/0/0
04-24 12:38:23.563 1176 1392 D HwArpVerifier: getIpRouteTable
04-24 12:38:23.656 1176 1392 D HwArpVerifier: Notify wifi default route is ok
04-24 12:38:23.675 1176 1176 I TrafficMonitor: expired arrive. level:-1
04-24 12:38:23.676 1176 1176 I TrafficMonitor: update:rxPkts:0,txPkts:0,rxBytes:0,txBytes:0
04-24 12:38:23.676 1176 1176 I TrafficMonitor: start expired. level:-1
04-24 12:38:23.676 1176 1176 I TrafficMonitor: gettimer:interval=5000
04-24 12:38:23.676 1176 1176 I TrafficMonitor: during_ms:5007,period_ms:2000
04-24 12:38:23.676 1176 1176 I TrafficMonitor: count:563,rx_sum:0,tx_sum:0,rxBytes:0,during_ms:5007,rx_speed:0.0,tx_speed:0.0,rto:0.0
04-24 12:38:23.676 1176 1176 D HuaweiWifiWatchdogStateMachine: speed: rxpkt:0, rxSpd:0B/s, txpkt:0, txSpd:0
04-24 12:38:24.074 1176 11623 V BroadcastQueue: Finished with ordered broadcast BroadcastRecord{a733c68 u0 com.tencent.mm.plugin.report.service.KVCommCrossProcessReceiver}
04-24 12:38:24.158 777 777 E : [E/capacity_limit_control] not demo version, not set power control prop!
04-24 12:38:24.171 1176 1288 D HwBatteryService: onUEvent fcpStatus = 0,scpStatus =0,ovpStatus=0
04-24 12:38:24.172 1176 1288 I UsbDeviceManager: water_intrused state= 0
04-24 12:38:24.177 1176 1176 D HwInnerWifiManagerImpl: SupplicantState = COMPLETED
04-24 12:38:24.177 1176 1176 D HwInnerWifiManagerImpl: isPhoneAP = false
04-24 12:38:24.177 1463 1463 D KeyguardUpdateMonitor: received broadcast android.intent.action.BATTERY_CHANGED
04-24 12:38:24.177 1463 1463 W KeyguardUpdateMonitor: ACTION_BATTERY_CHANGED AMP: 500000; Volt: 5000000
04-24 12:38:24.177 1463 1463 V KeyguardUpdateMonitor: RefreshBatteryInfo isBatteryLow: 74
04-24 12:38:24.177 1176 1176 D HwInnerWifiManagerImpl: SupplicantState = COMPLETED
04-24 12:38:24.177 1463 1463 W KeyguardUpdateMonitor: ChargingSpeed Wattage: 2500000 ST: 5000000 --> 7500000
04-24 12:38:24.177 1176 1176 D HwInnerWifiManagerImpl: isPhoneAP = false
04-24 12:38:24.177 1463 1463 I KgBattery: BatteryInfo updated: 2lPc0
04-24 12:38:24.177 1463 1463 W AppHandler: sendMessage with obj100
04-24 12:38:24.177 1176 1176 D WifiStateMachine: mBcastReceiver: PluggedType = 2 mIsScanCtrlPluggedin = true
04-24 12:38:24.177 1463 1463 D KeyguardUpdateMonitor: handleBatteryUpdate
04-24 12:38:24.178 1463 1463 W HwLockScreenPanel: Handle message: 100
04-24 12:38:24.178 1176 1176 D HwWifiService: mPluggedType =2
04-24 12:38:24.178 1463 1463 W HwKeyguardBottomArea: updateBatteryInfo : false true
04-24 12:38:24.178 1463 1463 W KgBattery: getCharge info with type: text
04-24 12:38:24.178 1176 1176 D WifiService: onReceive, action:android.intent.action.BATTERY_CHANGED
04-24 12:38:24.178 1176 1176 D WifiService: ACTION_BATTERY_CHANGED pluggedType: 2
04-24 12:38:24.179 1729 1729 I MsgReceiver: intent action: android.intent.action.BATTERY_CHANGED
04-24 12:38:24.180 5515 5671 E CloudAlbum[8.1.2.309]: [ReceiverManager] not log on ignore
04-24 12:38:24.181 1463 1463 W HwLockScreenPanel: refreshBatteryInfo: null
04-24 12:38:24.366 742 742 E wificond: Failed to get NL80211_RATE_INFO_NOISE
04-24 12:38:24.366 742 742 E wificond: Failed to get NL80211_RATE_INFO_SNR
04-24 12:38:24.366 742 742 E wificond: Failed to get NL80211_STA_INFO_CNAHLOAD
04-24 12:38:24.367 1176 1337 E WificondControl: Noise: 0, Snr: -1, Chload: -1
04-24 12:38:24.368 1176 1339 D HwWifiCHRStateManager: handleMessage : 1001
04-24 12:38:24.368 1176 1339 D HwWifiCHRStateManager: handleUpdateChannel:2412
04-24 12:38:24.369 1176 1339 V HwWifiServiceFactory: get AllImpl object = com.android.server.wifi.HwWifiServiceFactoryImpl@2205edc
04-24 12:38:24.373 742 742 E wificond: Failed to get NL80211_RATE_INFO_NOISE
04-24 12:38:24.373 742 742 E wificond: Failed to get NL80211_RATE_INFO_SNR
04-24 12:38:24.373 742 742 E wificond: Failed to get NL80211_STA_INFO_CNAHLOAD
04-24 12:38:24.375 1176 1406 D HuaweiWifiWatchdogStateMachine: LM mrssi=-28
04-24 12:38:24.376 1176 1176 D WiFi_PRO: MSG_RETURN_AP_CURRY_RSSI rssi = -28
04-24 12:38:24.376 1176 1406 I HuaweiWifiWatchdogStateMachine: spd good count:0, add sc:0.0, rate:1.0
04-24 12:38:24.376 1176 1406 I HuaweiWifiWatchdogStateMachine: current mHighDataFlowRate = 1.0
04-24 12:38:24.376 1176 1406 I HuaweiWifiWatchdogStateMachine: POta txb txg rxg:0, 63, 0. Lr =0% Totpkt=63
04-24 12:38:24.376 1176 1176 I QosMonitor: queryRtt: rtt_type = 3
04-24 12:38:24.376 1176 1176 I HwQoEJNI: send_cmd_kernel. begin
04-24 12:38:24.377 1176 1176 I HwQoEJNI: send_cmd_kernel. end
04-24 12:38:24.377 1176 1176 I QosMonitor: postEventFromNative: msg=100,arg1=4,arg2=10
04-24 12:38:24.377 1176 1176 I HwQoEJNI: send_cmd_kernel. begin
04-24 12:38:24.378 1176 1176 I HwQoEJNI: send_cmd_kernel. end
04-24 12:38:24.378 1176 1176 I QosMonitor: postEventFromNative: msg=100,arg1=0,arg2=10
04-24 12:38:24.378 1176 1176 D HuaweiWifiWatchdogStateMachine: setSampleRtt: unvalid rtt
04-24 12:38:24.379 1176 1176 I MQoS : rtt=640,tcp_tx_pkts=480928,tcp_rx_pkts=921402
04-24 12:38:24.379 1176 1406 D HuaweiWifiWatchdogStateMachine: dumpTcpResult: len=10,rtt=640,rttPkt=2,rttWn=152,cgt=0,cgtWn=0
04-24 12:38:24.379 1176 1406 I HuaweiWifiWatchdogStateMachine: PTcp RTT:0, rtt pkt=0, tcp_rx=0, tcp_tx=0, tcp_reTran=0, rtRate=0
04-24 12:38:24.380 1176 1406 D HuaweiWifiWatchdogStateMachine: mRssiBadCount =0, RSSI not bad.
04-24 12:38:24.380 1176 1406 D HuaweiWifiWatchdogStateMachine: detectNetworkAvailable:hw.wifipro.dns_fail_count = 131
04-24 12:38:24.380 1176 1406 D HuaweiWifiWatchdogStateMachine: bqeLevel = 2 rtt=0,rtt_pkts=0 speed=37 rssi=-28
04-24 12:38:24.380 1176 1406 D HuaweiWifiWatchdogStateMachine: Enter updateQoeLevel level = 2
04-24 12:38:24.380 1176 1406 D HuaweiWifiWatchdogStateMachine: updateQoeLevel current level equal to mLastDetectLevel, return
04-24 12:38:24.380 1176 1406 D HuaweiWifiWatchdogStateMachine: did not have any network action
04-24 12:38:24.389 1176 3515 I MQoS : QOS_level:0(0),wifi-link;SIM error;use level-0
04-24 12:38:24.525 1176 1338 D HwWifiStatStore: handleMessage : 200
04-24 12:38:27.531 1176 1338 D HwWifiStatStore: handleMessage : 200
04-24 12:38:27.847 1176 1392 D HwArpVerifier: check_wifi_state_mode = 0 mCheckStateToken=25 token25
04-24 12:38:27.850 1176 1392 D wifiserviceimpl: netmask =16777215
04-24 12:38:27.952 1176 1392 D HWMultiGW: setGateWay 192.168.1.1
04-24 12:38:28.681 1176 1176 I TrafficMonitor: expired arrive. level:-1
04-24 12:38:28.684 1176 1176 I TrafficMonitor: update:rxPkts:0,txPkts:0,rxBytes:0,txBytes:0
04-24 12:38:28.684 1176 1176 I TrafficMonitor: start expired. level:-1
04-24 12:38:28.684 1176 1176 I TrafficMonitor: gettimer:interval=5000
04-24 12:38:28.685 1176 1176 I TrafficMonitor: during_ms:5008,period_ms:2000
04-24 12:38:28.685 1176 1176 I TrafficMonitor: count:564,rx_sum:0,tx_sum:0,rxBytes:0,during_ms:5008,rx_speed:0.0,tx_speed:0.0,rto:0.0
04-24 12:38:28.685 1176 1176 D HuaweiWifiWatchdogStateMachine: speed: rxpkt:0, rxSpd:0B/s, txpkt:0, txSpd:0
04-24 12:38:28.954 1176 1392 D HwArpVerifier: getGateWayARPResponses: arp rtt = 10
04-24 12:38:28.955 1176 1392 E HwCHRWifiRSSIGroupSummery: updatArpSummery mRSSI:-28 HwCHRWifiRSSIGroup [rssi_index=4, rtt_tcp_packets=0, rtt_tcp_duration=0, rtt_lan_duration=7613, rtt_lan_failures=0, rtt_lan_succ=366, rtt_lan_max=939, rtt_lan_min=0,same_area_frequency=0,adjacent_area_frequency=0]
04-24 12:38:29.082 1176 1392 D HwArpVerifier: There are 1 mac address for gateway
04-24 12:38:29.082 1176 1392 D HwArpVerifier: from HEART_CHECK transmit to state:HEART_CHECK
04-24 12:38:29.083 1176 1392 D HwArpVerifier: msg what=124 arg1(token)=25 arg2(mode)=0 delay=30000
04-24 12:38:29.083 1176 1392 D HwArpVerifier: performPollAndLog:
04-24 12:38:29.087 1176 1392 D hw_netstat: total/0/0
04-24 12:38:29.178 777 777 E : [E/capacity_limit_control] not demo version, not set power control prop!
04-24 12:38:30.538 1176 1338 D HwWifiStatStore: handleMessage : 200
04-24 12:38:32.368 742 742 E wificond: Failed to get NL80211_RATE_INFO_NOISE
04-24 12:38:32.369 742 742 E wificond: Failed to get NL80211_RATE_INFO_SNR
04-24 12:38:32.369 742 742 E wificond: Failed to get NL80211_STA_INFO_CNAHLOAD
04-24 12:38:32.370 1176 1337 E WificondControl: Noise: 0, Snr: -1, Chload: -1
04-24 12:38:32.371 1176 1339 D HwWifiCHRStateManager: handleMessage : 1001
04-24 12:38:32.372 1176 1339 D HwWifiCHRStateManager: handleUpdateChannel:2412
04-24 12:38:32.372 1176 1339 V HwWifiServiceFactory: get AllImpl object = com.android.server.wifi.HwWifiServiceFactoryImpl@2205edc
04-24 12:38:32.376 742 742 E wificond: Failed to get NL80211_RATE_INFO_NOISE
04-24 12:38:32.376 742 742 E wificond: Failed to get NL80211_RATE_INFO_SNR
04-24 12:38:32.376 742 742 E wificond: Failed to get NL80211_STA_INFO_CNAHLOAD
04-24 12:38:32.378 1176 1406 D HuaweiWifiWatchdogStateMachine: LM mrssi=-29
04-24 12:38:32.378 1176 1176 D WiFi_PRO: MSG_RETURN_AP_CURRY_RSSI rssi = -29
04-24 12:38:32.379 1176 1406 D HuaweiWifiWatchdogStateMachine: a4:fa:**:**:eb:b0 current loss[-45]=0%, volume=1
04-24 12:38:32.379 1176 1176 I QosMonitor: queryRtt: rtt_type = 3
04-24 12:38:32.379 1176 1406 D HuaweiWifiWatchdogStateMachine: a4:fa:**:**:eb:b0 history loss[-45]=0%, volume=13825534
04-24 12:38:32.379 1176 1406 I HuaweiWifiWatchdogStateMachine: spd good count:0, add sc:0.0, rate:1.0
04-24 12:38:32.379 1176 1176 I HwQoEJNI: send_cmd_kernel. begin
04-24 12:38:32.380 1176 1176 I HwQoEJNI: send_cmd_kernel. end
04-24 12:38:32.380 1176 1176 I QosMonitor: postEventFromNative: msg=100,arg1=4,arg2=10
04-24 12:38:32.380 1176 1176 D HuaweiWifiWatchdogStateMachine: setSampleRtt: unvalid rtt
04-24 12:38:32.380 1176 1406 D HuaweiWifiWatchdogStateMachine: high data flow: protection_counter = 0, not_detect_counter = 355
04-24 12:38:32.380 1176 1406 D HuaweiWifiWatchdogStateMachine: high data flow scenario: 0 --> 0 rx bytes =0KB
04-24 12:38:32.381 1176 1406 I HuaweiWifiWatchdogStateMachine: current mHighDataFlowRate = 1.0
04-24 12:38:32.382 1176 1406 I HuaweiWifiWatchdogStateMachine: POta txb txg rxg:0, 64, 0. Lr =0% Totpkt=64
04-24 12:38:32.383 1176 1176 I HwQoEJNI: send_cmd_kernel. begin
04-24 12:38:32.383 1176 1176 I HwQoEJNI: send_cmd_kernel. end
04-24 12:38:32.384 1176 1176 I QosMonitor: postEventFromNative: msg=100,arg1=0,arg2=10
04-24 12:38:32.384 1176 1176 I MQoS : rtt=640,tcp_tx_pkts=480928,tcp_rx_pkts=921402
04-24 12:38:32.385 1176 1406 D HuaweiWifiWatchdogStateMachine: dumpTcpResult: len=10,rtt=640,rttPkt=2,rttWn=160,cgt=0,cgtWn=0
04-24 12:38:32.385 1176 1406 I HuaweiWifiWatchdogStateMachine: PTcp RTT:0, rtt pkt=0, tcp_rx=0, tcp_tx=0, tcp_reTran=0, rtRate=0
04-24 12:38:32.385 1176 1406 D HuaweiWifiWatchdogStateMachine: mRssiBadCount =0, RSSI not bad.
04-24 12:38:32.385 1176 1406 D HuaweiWifiWatchdogStateMachine: detectNetworkAvailable:hw.wifipro.dns_fail_count = 131
04-24 12:38:32.385 1176 1406 D HuaweiWifiWatchdogStateMachine: bqeLevel = 2 rtt=0,rtt_pkts=0 speed=37 rssi=-29
04-24 12:38:32.385 1176 1406 D HuaweiWifiWatchdogStateMachine: Enter updateQoeLevel level = 2
04-24 12:38:32.386 1176 1406 D HuaweiWifiWatchdogStateMachine: updateQoeLevel current level equal to mLastDetectLevel, return
04-24 12:38:32.386 1176 1406 D HuaweiWifiWatchdogStateMachine: did not have any network action
04-24 12:38:32.397 1176 3515 I MQoS : QOS_level:0(0),wifi-link;SIM error;use level-0
04-24 12:38:33.545 1176 1338 D HwWifiStatStore: handleMessage : 200
04-24 12:38:33.687 1176 1176 I TrafficMonitor: expired arrive. level:-1
04-24 12:38:33.690 1176 1176 I TrafficMonitor: update:rxPkts:0,txPkts:0,rxBytes:0,txBytes:0
04-24 12:38:33.690 1176 1176 I TrafficMonitor: start expired. level:-1
04-24 12:38:33.690 1176 1176 I TrafficMonitor: gettimer:interval=5000
04-24 12:38:33.690 1176 1176 I TrafficMonitor: during_ms:5005,period_ms:2000
04-24 12:38:33.691 1176 1176 I TrafficMonitor: count:565,rx_sum:0,tx_sum:0,rxBytes:0,during_ms:5005,rx_speed:0.0,tx_speed:0.0,rto:0.0
04-24 12:38:33.691 1176 1176 D HuaweiWifiWatchdogStateMachine: speed: rxpkt:0, rxSpd:0B/s, txpkt:0, txSpd:0
04-24 12:38:34.092 1176 1392 D HwArpVerifier: performPollAndLog:
04-24 12:38:34.097 1176 1392 D hw_netstat: total/0/0
04-24 12:38:34.187 777 777 E : [E/capacity_limit_control] not demo version, not set power control prop!
04-24 12:38:36.552 1176 1338 D HwWifiStatStore: handleMessage : 200
04-24 12:38:38.697 1176 1176 I TrafficMonitor: expired arrive. level:-1
04-24 12:38:38.700 1176 1176 I TrafficMonitor: update:rxPkts:0,txPkts:0,rxBytes:0,txBytes:0
04-24 12:38:38.700 1176 1176 I TrafficMonitor: start expired. level:-1
04-24 12:38:38.701 1176 1176 I TrafficMonitor: gettimer:interval=5000
04-24 12:38:38.701 1176 1176 I TrafficMonitor: during_ms:5011,period_ms:2000
04-24 12:38:38.701 1176 1176 I TrafficMonitor: count:566,rx_sum:0,tx_sum:0,rxBytes:0,during_ms:5011,rx_speed:0.0,tx_speed:0.0,rto:0.0
04-24 12:38:38.701 1176 1176 D HuaweiWifiWatchdogStateMachine: speed: rxpkt:0, rxSpd:0B/s, txpkt:0, txSpd:0
04-24 12:38:39.103 1176 1392 D HwArpVerifier: performPollAndLog:
04-24 12:38:39.107 1176 1392 D hw_netstat: total/0/0
04-24 12:38:39.197 777 777 E : [E/capacity_limit_control] not demo version, not set power control prop!
04-24 12:38:39.559 1176 1338 D HwWifiStatStore: handleMessage : 200
04-24 12:38:40.369 742 742 E wificond: Failed to get NL80211_RATE_INFO_NOISE
04-24 12:38:40.369 742 742 E wificond: Failed to get NL80211_RATE_INFO_SNR
04-24 12:38:40.369 742 742 E wificond: Failed to get NL80211_STA_INFO_CNAHLOAD
04-24 12:38:40.370 1176 1337 E WificondControl: Noise: 0, Snr: -1, Chload: -1
04-24 12:38:40.371 1176 1339 D HwWifiCHRStateManager: handleMessage : 1001
04-24 12:38:40.371 1176 1339 D HwWifiCHRStateManager: handleUpdateChannel:2412
04-24 12:38:40.372 1176 1339 V HwWifiServiceFactory: get AllImpl object = com.android.server.wifi.HwWifiServiceFactoryImpl@2205edc
04-24 12:38:40.376 742 742 E wificond: Failed to get NL80211_RATE_INFO_NOISE
04-24 12:38:40.376 742 742 E wificond: Failed to get NL80211_RATE_INFO_SNR
04-24 12:38:40.376 742 742 E wificond: Failed to get NL80211_STA_INFO_CNAHLOAD
04-24 12:38:40.378 1176 1406 D HuaweiWifiWatchdogStateMachine: LM mrssi=-29
04-24 12:38:40.378 1176 1176 D WiFi_PRO: MSG_RETURN_AP_CURRY_RSSI rssi = -29
04-24 12:38:40.379 1176 1406 I HuaweiWifiWatchdogStateMachine: spd good count:0, add sc:0.0, rate:1.0
04-24 12:38:40.379 1176 1176 I QosMonitor: queryRtt: rtt_type = 3
04-24 12:38:40.379 1176 1406 I HuaweiWifiWatchdogStateMachine: current mHighDataFlowRate = 1.0
04-24 12:38:40.379 1176 1406 I HuaweiWifiWatchdogStateMachine: POta txb txg rxg:0, 64, 0. Lr =0% Totpkt=64
04-24 12:38:40.379 1176 1176 I HwQoEJNI: send_cmd_kernel. begin
04-24 12:38:40.379 1176 1176 I HwQoEJNI: send_cmd_kernel. end
04-24 12:38:40.380 1176 1176 I QosMonitor: postEventFromNative: msg=100,arg1=4,arg2=10
04-24 12:38:40.380 1176 1176 I HwQoEJNI: send_cmd_kernel. begin
04-24 12:38:40.380 1176 1176 I HwQoEJNI: send_cmd_kernel. end
04-24 12:38:40.381 1176 1176 I QosMonitor: postEventFromNative: msg=100,arg1=0,arg2=10
04-24 12:38:40.381 1176 1176 D HuaweiWifiWatchdogStateMachine: setSampleRtt: unvalid rtt
04-24 12:38:40.382 1176 1406 D HuaweiWifiWatchdogStateMachine: dumpTcpResult: len=10,rtt=640,rttPkt=2,rttWn=168,cgt=0,cgtWn=0
04-24 12:38:40.382 1176 1176 I MQoS : rtt=640,tcp_tx_pkts=480928,tcp_rx_pkts=921402
04-24 12:38:40.382 1176 1406 I HuaweiWifiWatchdogStateMachine: PTcp RTT:0, rtt pkt=0, tcp_rx=0, tcp_tx=0, tcp_reTran=0, rtRate=0
04-24 12:38:40.382 1176 1406 D HuaweiWifiWatchdogStateMachine: mRssiBadCount =0, RSSI not bad.
04-24 12:38:40.382 1176 1406 D HuaweiWifiWatchdogStateMachine: detectNetworkAvailable:hw.wifipro.dns_fail_count = 131
04-24 12:38:40.382 1176 1406 D HuaweiWifiWatchdogStateMachine: bqeLevel = 2 rtt=0,rtt_pkts=0 speed=37 rssi=-29
04-24 12:38:40.382 1176 1406 D HuaweiWifiWatchdogStateMachine: Enter updateQoeLevel level = 2
04-24 12:38:40.382 1176 1406 D HuaweiWifiWatchdogStateMachine: updateQoeLevel current level equal to mLastDetectLevel, return
04-24 12:38:40.382 1176 1406 D HuaweiWifiWatchdogStateMachine: did not have any network action
04-24 12:38:40.393 1176 3515 I MQoS : QOS_level:0(0),wifi-link;SIM error;use level-0
04-24 12:38:40.393 1176 3515 I MQoS : skip-low-Level:0(0),wifi-link;SIM error;use level-0
04-24 12:38:42.567 1176 1338 D HwWifiStatStore: handleMessage : 200
04-24 12:38:43.704 1176 1176 I TrafficMonitor: expired arrive. level:-1
04-24 12:38:43.707 1176 1176 I TrafficMonitor: update:rxPkts:0,txPkts:0,rxBytes:0,txBytes:0
04-24 12:38:43.707 1176 1176 I TrafficMonitor: start expired. level:-1
04-24 12:38:43.708 1176 1176 I TrafficMonitor: gettimer:interval=5000
04-24 12:38:43.708 1176 1176 I TrafficMonitor: during_ms:5007,period_ms:2000
04-24 12:38:43.708 1176 1176 I TrafficMonitor: count:567,rx_sum:0,tx_sum:0,rxBytes:0,during_ms:5007,rx_speed:0.0,tx_speed:0.0,rto:0.0
04-24 12:38:43.708 1176 1176 D HuaweiWifiWatchdogStateMachine: speed: rxpkt:0, rxSpd:0B/s, txpkt:0, txSpd:0
04-24 12:38:44.112 1176 1392 D HwArpVerifier: performPollAndLog:
04-24 12:38:44.117 1176 1392 D hw_netstat: total/0/0
04-24 12:38:44.207 777 777 E : [E/capacity_limit_control] not demo version, not set power control prop!
04-24 12:38:45.086 1176 1176 D HwInnerWifiManagerImpl: SupplicantState = COMPLETED
04-24 12:38:45.086 1176 1176 D HwInnerWifiManagerImpl: isPhoneAP = false
04-24 12:38:45.087 1463 1463 D KeyguardUpdateMonitor: received broadcast android.intent.action.BATTERY_CHANGED
04-24 12:38:45.088 1176 1176 D HwInnerWifiManagerImpl: SupplicantState = COMPLETED
04-24 12:38:45.088 1176 1176 D HwInnerWifiManagerImpl: isPhoneAP = false
04-24 12:38:45.088 1463 1463 W KeyguardUpdateMonitor: ACTION_BATTERY_CHANGED AMP: 500000; Volt: 5000000
04-24 12:38:45.088 1176 1176 D WifiStateMachine: mBcastReceiver: PluggedType = 2 mIsScanCtrlPluggedin = true
04-24 12:38:45.088 1463 1463 V KeyguardUpdateMonitor: RefreshBatteryInfo isBatteryLow: 74
04-24 12:38:45.088 1463 1463 W KeyguardUpdateMonitor: ChargingSpeed Wattage: 2500000 ST: 5000000 --> 7500000
04-24 12:38:45.088 1463 1463 I KgBattery: BatteryInfo updated: 2lPc0
04-24 12:38:45.088 1463 1463 W AppHandler: sendMessage with obj100
04-24 12:38:45.088 1176 1176 D HwWifiService: mPluggedType =2
04-24 12:38:45.088 1463 1463 D KeyguardUpdateMonitor: handleBatteryUpdate
04-24 12:38:45.089 1463 1463 W HwLockScreenPanel: Handle message: 100
04-24 12:38:45.089 1463 1463 W HwKeyguardBottomArea: updateBatteryInfo : false true
04-24 12:38:45.089 1463 1463 W KgBattery: getCharge info with type: text
04-24 12:38:45.090 1176 1176 D WifiService: onReceive, action:android.intent.action.BATTERY_CHANGED
04-24 12:38:45.090 1176 1176 D WifiService: ACTION_BATTERY_CHANGED pluggedType: 2
04-24 12:38:45.092 1729 1729 I MsgReceiver: intent action: android.intent.action.BATTERY_CHANGED
04-24 12:38:45.099 5515 5671 E CloudAlbum[8.1.2.309]: [ReceiverManager] not log on ignore
04-24 12:38:45.104 1463 1463 W HwLockScreenPanel: refreshBatteryInfo: null
04-24 12:38:45.573 1176 1338 D HwWifiStatStore: handleMessage : 200
04-24 12:38:48.378 742 742 E wificond: Failed to get NL80211_RATE_INFO_NOISE
04-24 12:38:48.379 742 742 E wificond: Failed to get NL80211_RATE_INFO_SNR
04-24 12:38:48.379 742 742 E wificond: Failed to get NL80211_STA_INFO_CNAHLOAD
04-24 12:38:48.380 1176 1337 E WificondControl: Noise: 0, Snr: -1, Chload: -1
04-24 12:38:48.381 1176 1339 D HwWifiCHRStateManager: handleMessage : 1001
04-24 12:38:48.381 1176 1339 D HwWifiCHRStateManager: handleUpdateChannel:2412
04-24 12:38:48.382 1176 1339 V HwWifiServiceFactory: get AllImpl object = com.android.server.wifi.HwWifiServiceFactoryImpl@2205edc
04-24 12:38:48.386 742 742 E wificond: Failed to get NL80211_RATE_INFO_NOISE
04-24 12:38:48.386 742 742 E wificond: Failed to get NL80211_RATE_INFO_SNR
04-24 12:38:48.386 742 742 E wificond: Failed to get NL80211_STA_INFO_CNAHLOAD
04-24 12:38:48.387 1176 1406 D HuaweiWifiWatchdogStateMachine: LM mrssi=-29
04-24 12:38:48.388 1176 1176 D WiFi_PRO: MSG_RETURN_AP_CURRY_RSSI rssi = -29
04-24 12:38:48.388 1176 1406 I HuaweiWifiWatchdogStateMachine: spd good count:0, add sc:0.0, rate:1.0
04-24 12:38:48.388 1176 1406 I HuaweiWifiWatchdogStateMachine: current mHighDataFlowRate = 1.0
04-24 12:38:48.388 1176 1176 I QosMonitor: queryRtt: rtt_type = 3
04-24 12:38:48.388 1176 1406 I HuaweiWifiWatchdogStateMachine: POta txb txg rxg:0, 64, 0. Lr =0% Totpkt=64
04-24 12:38:48.389 1176 1176 I HwQoEJNI: send_cmd_kernel. begin
04-24 12:38:48.389 1176 1176 I HwQoEJNI: send_cmd_kernel. end
04-24 12:38:48.389 1176 1176 I QosMonitor: postEventFromNative: msg=100,arg1=4,arg2=10
04-24 12:38:48.390 1176 1176 I HwQoEJNI: send_cmd_kernel. begin
04-24 12:38:48.390 1176 1176 I HwQoEJNI: send_cmd_kernel. end
04-24 12:38:48.390 1176 1176 I QosMonitor: postEventFromNative: msg=100,arg1=0,arg2=10
04-24 12:38:48.390 1176 1176 D HuaweiWifiWatchdogStateMachine: setSampleRtt: unvalid rtt
04-24 12:38:48.391 1176 1176 I MQoS : rtt=640,tcp_tx_pkts=480928,tcp_rx_pkts=921402
04-24 12:38:48.391 1176 1406 D HuaweiWifiWatchdogStateMachine: dumpTcpResult: len=10,rtt=640,rttPkt=2,rttWn=176,cgt=0,cgtWn=0
04-24 12:38:48.392 1176 1406 I HuaweiWifiWatchdogStateMachine: PTcp RTT:0, rtt pkt=0, tcp_rx=0, tcp_tx=0, tcp_reTran=0, rtRate=0
04-24 12:38:48.392 1176 1406 D HuaweiWifiWatchdogStateMachine: mRssiBadCount =0, RSSI not bad.
04-24 12:38:48.392 1176 1406 D HuaweiWifiWatchdogStateMachine: detectNetworkAvailable:hw.wifipro.dns_fail_count = 131
04-24 12:38:48.392 1176 1406 D HuaweiWifiWatchdogStateMachine: bqeLevel = 2 rtt=0,rtt_pkts=0 speed=37 rssi=-29
04-24 12:38:48.392 1176 1406 D HuaweiWifiWatchdogStateMachine: Enter updateQoeLevel level = 2
04-24 12:38:48.392 1176 1406 D HuaweiWifiWatchdogStateMachine: updateQoeLevel current level equal to mLastDetectLevel, return
04-24 12:38:48.392 1176 1406 D HuaweiWifiWatchdogStateMachine: did not have any network action
04-24 12:38:48.400 1176 3515 I MQoS : QOS_level:0(0),wifi-link;SIM error;use level-0
04-24 12:38:48.580 1176 1338 D HwWifiStatStore: handleMessage : 200
04-24 12:38:48.709 1176 1176 I TrafficMonitor: expired arrive. level:-1
04-24 12:38:48.712 1176 1176 I TrafficMonitor: update:rxPkts:0,txPkts:0,rxBytes:0,txBytes:0
04-24 12:38:48.712 1176 1176 I TrafficMonitor: start expired. level:-1
04-24 12:38:48.713 1176 1176 I TrafficMonitor: gettimer:interval=5000
04-24 12:38:48.713 1176 1176 I TrafficMonitor: during_ms:5005,period_ms:2000
04-24 12:38:48.713 1176 1176 I TrafficMonitor: count:568,rx_sum:0,tx_sum:0,rxBytes:0,during_ms:5005,rx_speed:0.0,tx_speed:0.0,rto:0.0
04-24 12:38:48.713 1176 1176 D HuaweiWifiWatchdogStateMachine: speed: rxpkt:0, rxSpd:0B/s, txpkt:0, txSpd:0
04-24 12:38:49.122 1176 1392 D HwArpVerifier: performPollAndLog:
04-24 12:38:49.127 1176 1392 D hw_netstat: total/0/0
04-24 12:38:49.217 777 777 E : [E/capacity_limit_control] not demo version, not set power control prop!
04-24 12:38:49.382 1176 1589 W Watchdog: hungtask: writing kick
04-24 12:38:49.385 1176 1202 I EventHub: EventHub monitor: no key events in the past 1663s, no motion events in the past 1664s
04-24 12:38:51.587 1176 1338 D HwWifiStatStore: handleMessage : 200
04-24 12:38:51.701 487 620 W SocketListener: sending broadcast to Pid = 1176, Uid = 1000
04-24 12:38:51.705 1176 1332 D NetdConnector: RCV <- {613 IfaceClass active 1 352719857633001 10824}
04-24 12:38:51.709 1176 1332 D NetdConnector: RCV <- {613 IfaceClass active 1 352719857633001 10824}
04-24 12:38:51.712 1176 1202 D NetdConnector: RCV unsolicited event from native daemon, event = 613
04-24 12:38:52.132 1729 23345 I DownloadState: 0 transmitting data speed : 28 bytes/s scroff: true
04-24 12:38:53.718 1176 1176 I TrafficMonitor: expired arrive. level:-1
04-24 12:38:53.722 1176 1176 I TrafficMonitor: update:rxPkts:1,txPkts:1,rxBytes:56,txBytes:84
04-24 12:38:53.722 1176 1176 I TrafficMonitor: start expired. level:-1
04-24 12:38:53.722 1176 1176 I TrafficMonitor: gettimer:interval=2000
04-24 12:38:53.722 1176 1176 I TrafficMonitor: during_ms:5009,period_ms:2000
04-24 12:38:53.723 1176 1176 I TrafficMonitor: count:569,rx_sum:1,tx_sum:1,rxBytes:56,during_ms:5009,rx_speed:11.179876222798962,tx_speed:16.769814334198443,rto:1.0
04-24 12:38:53.723 1176 1176 D HuaweiWifiWatchdogStateMachine: speed: rxpkt:1, rxSpd:11B/s, txpkt:1, txSpd:16
04-24 12:38:54.133 1176 1392 D HwArpVerifier: performPollAndLog:
04-24 12:38:54.137 1176 1392 D hw_netstat: total/56/84,unknown:0/56/84
04-24 12:38:54.227 777 777 E : [E/capacity_limit_control] not demo version, not set power control prop!
04-24 12:38:54.255 1176 1288 D HwBatteryService: onUEvent fcpStatus = 0,scpStatus =0,ovpStatus=0
04-24 12:38:54.257 1176 1288 I UsbDeviceManager: water_intrused state= 0
04-24 12:38:54.272 1176 1176 D HwInnerWifiManagerImpl: SupplicantState = COMPLETED
04-24 12:38:54.273 1176 1176 D HwInnerWifiManagerImpl: isPhoneAP = false
04-24 12:38:54.273 1463 1463 D KeyguardUpdateMonitor: received broadcast android.intent.action.BATTERY_CHANGED
04-24 12:38:54.274 1176 1176 D HwInnerWifiManagerImpl: SupplicantState = COMPLETED
04-24 12:38:54.274 1463 1463 W KeyguardUpdateMonitor: ACTION_BATTERY_CHANGED AMP: 500000; Volt: 5000000
04-24 12:38:54.274 1176 1176 D HwInnerWifiManagerImpl: isPhoneAP = false
04-24 12:38:54.274 1463 1463 V KeyguardUpdateMonitor: RefreshBatteryInfo isBatteryLow: 74
04-24 12:38:54.274 1176 1176 D WifiStateMachine: mBcastReceiver: PluggedType = 2 mIsScanCtrlPluggedin = true
04-24 12:38:54.274 1463 1463 W KeyguardUpdateMonitor: ChargingSpeed Wattage: 2500000 ST: 5000000 --> 7500000
04-24 12:38:54.274 1463 1463 I KgBattery: BatteryInfo updated: 2lPc0
04-24 12:38:54.274 1463 1463 W AppHandler: sendMessage with obj100
04-24 12:38:54.274 1463 1463 D KeyguardUpdateMonitor: handleBatteryUpdate
04-24 12:38:54.274 1176 1176 D HwWifiService: mPluggedType =2
04-24 12:38:54.275 1463 1463 W HwLockScreenPanel: Handle message: 100
04-24 12:38:54.275 1463 1463 W HwKeyguardBottomArea: updateBatteryInfo : false true
04-24 12:38:54.275 1463 1463 W KgBattery: getCharge info with type: text
04-24 12:38:54.275 1176 1176 D WifiService: onReceive, action:android.intent.action.BATTERY_CHANGED
04-24 12:38:54.276 1176 1176 D WifiService: ACTION_BATTERY_CHANGED pluggedType: 2
04-24 12:38:54.277 1729 1729 I MsgReceiver: intent action: android.intent.action.BATTERY_CHANGED
04-24 12:38:54.279 5515 5671 E CloudAlbum[8.1.2.309]: [ReceiverManager] not log on ignore
04-24 12:38:54.289 1463 1463 W HwLockScreenPanel: refreshBatteryInfo: null
04-24 12:38:54.595 1176 1338 D HwWifiStatStore: handleMessage : 200
04-24 12:38:55.727 1176 1176 I TrafficMonitor: update:rxPkts:0,txPkts:0,rxBytes:0,txBytes:0
04-24 12:38:55.727 1176 1176 I TrafficMonitor: start expired. level:-1
04-24 12:38:55.728 1176 1176 I TrafficMonitor: gettimer:interval=2000
04-24 12:38:56.381 742 742 E wificond: Failed to get NL80211_RATE_INFO_NOISE
04-24 12:38:56.381 742 742 E wificond: Failed to get NL80211_RATE_INFO_SNR
04-24 12:38:56.381 742 742 E wificond: Failed to get NL80211_STA_INFO_CNAHLOAD
04-24 12:38:56.383 1176 1337 E WificondControl: Noise: 0, Snr: -1, Chload: -1
04-24 12:38:56.384 1176 1339 D HwWifiCHRStateManager: handleMessage : 1001
04-24 12:38:56.384 1176 1339 D HwWifiCHRStateManager: handleUpdateChannel:2412
04-24 12:38:56.384 1176 1339 V HwWifiServiceFactory: get AllImpl object = com.android.server.wifi.HwWifiServiceFactoryImpl@2205edc
04-24 12:38:56.388 742 742 E wificond: Failed to get NL80211_RATE_INFO_NOISE
04-24 12:38:56.388 742 742 E wificond: Failed to get NL80211_RATE_INFO_SNR
04-24 12:38:56.388 742 742 E wificond: Failed to get NL80211_STA_INFO_CNAHLOAD
04-24 12:38:56.390 1176 1406 D HuaweiWifiWatchdogStateMachine: LM mrssi=-29
04-24 12:38:56.391 1176 1176 D WiFi_PRO: MSG_RETURN_AP_CURRY_RSSI rssi = -29
04-24 12:38:56.391 1176 1406 D HuaweiWifiWatchdogStateMachine: a4:fa:**:**:eb:b0 current loss[-45]=0%, volume=1
04-24 12:38:56.391 1176 1176 I QosMonitor: queryRtt: rtt_type = 3
04-24 12:38:56.392 1176 1406 D HuaweiWifiWatchdogStateMachine: a4:fa:**:**:eb:b0 history loss[-45]=0%, volume=13825535
04-24 12:38:56.392 1176 1176 I HwQoEJNI: send_cmd_kernel. begin
04-24 12:38:56.392 1176 1406 I HuaweiWifiWatchdogStateMachine: spd good count:0, add sc:0.0, rate:1.0
04-24 12:38:56.392 1176 1406 I HuaweiWifiWatchdogStateMachine: current mHighDataFlowRate = 1.0
04-24 12:38:56.392 1176 1406 I HuaweiWifiWatchdogStateMachine: POta txb txg rxg:0, 65, 0. Lr =0% Totpkt=65
04-24 12:38:56.392 1176 1176 I HwQoEJNI: send_cmd_kernel. end
04-24 12:38:56.392 1176 1176 I QosMonitor: postEventFromNative: msg=100,arg1=4,arg2=10
04-24 12:38:56.393 1176 1176 I HwQoEJNI: send_cmd_kernel. begin
04-24 12:38:56.393 1176 1176 I HwQoEJNI: send_cmd_kernel. end
04-24 12:38:56.393 1176 1176 I QosMonitor: postEventFromNative: msg=100,arg1=0,arg2=10
04-24 12:38:56.393 1176 1176 D HuaweiWifiWatchdogStateMachine: setSampleRtt: unvalid rtt
