04-24 12:55:29.611 1176 1176 D HuaweiWifiWatchdogStateMachine: speed: rxpkt:0, rxSpd:0B/s, txpkt:0, txSpd:0
04-24 12:55:29.721 1176 1338 D HwWifiStatStore: handleMessage : 200
04-24 12:55:30.293 1176 1392 D HwArpVerifier: performPollAndLog:
04-24 12:55:30.297 1176 1392 D hw_netstat: total/0/0
04-24 12:55:31.911 777 777 E : [E/capacity_limit_control] not demo version, not set power control prop!
04-24 12:55:32.727 1176 1338 D HwWifiStatStore: handleMessage : 200
04-24 12:55:34.618 1176 1176 I TrafficMonitor: expired arrive. level:-1
04-24 12:55:34.620 1176 1176 I TrafficMonitor: update:rxPkts:0,txPkts:0,rxBytes:0,txBytes:0
04-24 12:55:34.621 1176 1176 I TrafficMonitor: start expired. level:-1
04-24 12:55:34.621 1176 1176 I TrafficMonitor: gettimer:interval=5000
04-24 12:55:34.621 1176 1176 I TrafficMonitor: during_ms:5010,period_ms:2000
04-24 12:55:34.621 1176 1176 I TrafficMonitor: count:896,rx_sum:0,tx_sum:0,rxBytes:0,during_ms:5010,rx_speed:0.0,tx_speed:0.0,rto:0.0
04-24 12:55:34.621 1176 1176 D HuaweiWifiWatchdogStateMachine: speed: rxpkt:0, rxSpd:0B/s, txpkt:0, txSpd:0
04-24 12:55:35.249 1176 1392 D HwArpVerifier: check_wifi_state_mode = 0 mCheckStateToken=25 token25
04-24 12:55:35.252 1176 1392 D wifiserviceimpl: netmask =16777215
04-24 12:55:35.362 1176 1392 D HWMultiGW: setGateWay 192.168.1.1
04-24 12:55:35.734 1176 1338 D HwWifiStatStore: handleMessage : 200
04-24 12:55:36.364 1176 1392 D HwArpVerifier: getGateWayARPResponses: arp rtt = 17
04-24 12:55:36.364 1176 1392 E HwCHRWifiRSSIGroupSummery: updatArpSummery mRSSI:-30 HwCHRWifiRSSIGroup [rssi_index=4, rtt_tcp_packets=0, rtt_tcp_duration=0, rtt_lan_duration=8132, rtt_lan_failures=0, rtt_lan_succ=399, rtt_lan_max=939, rtt_lan_min=0,same_area_frequency=0,adjacent_area_frequency=0]
04-24 12:55:36.392 1176 1392 D HwArpVerifier: There are 1 mac address for gateway
04-24 12:55:36.392 1176 1392 D HwArpVerifier: from HEART_CHECK transmit to state:HEART_CHECK
04-24 12:55:36.392 1176 1392 D HwArpVerifier: msg what=124 arg1(token)=25 arg2(mode)=0 delay=30000
04-24 12:55:36.393 1176 1392 D HwArpVerifier: performPollAndLog:
04-24 12:55:36.397 1176 1392 D hw_netstat: total/0/0
04-24 12:55:36.921 777 777 E : [E/capacity_limit_control] not demo version, not set power control prop!
04-24 12:55:37.275 742 742 E wificond: Failed to get NL80211_RATE_INFO_NOISE
04-24 12:55:37.275 742 742 E wificond: Failed to get NL80211_RATE_INFO_SNR
04-24 12:55:37.275 742 742 E wificond: Failed to get NL80211_STA_INFO_CNAHLOAD
04-24 12:55:37.276 1176 1337 E WificondControl: Noise: 0, Snr: -1, Chload: -1
04-24 12:55:37.277 1176 1339 D HwWifiCHRStateManager: handleMessage : 1001
04-24 12:55:37.278 1176 1339 D HwWifiCHRStateManager: handleUpdateChannel:2412
04-24 12:55:37.278 1176 1339 V HwWifiServiceFactory: get AllImpl object = com.android.server.wifi.HwWifiServiceFactoryImpl@2205edc
04-24 12:55:37.282 742 742 E wificond: Failed to get NL80211_RATE_INFO_NOISE
04-24 12:55:37.282 742 742 E wificond: Failed to get NL80211_RATE_INFO_SNR
04-24 12:55:37.282 742 742 E wificond: Failed to get NL80211_STA_INFO_CNAHLOAD
04-24 12:55:37.284 1176 1406 D HuaweiWifiWatchdogStateMachine: LM mrssi=-30
04-24 12:55:37.284 1176 1406 D HuaweiWifiWatchdogStateMachine: a4:fa:**:**:eb:b0 current loss[-45]=0%, volume=1
04-24 12:55:37.285 1176 1406 D HuaweiWifiWatchdogStateMachine: a4:fa:**:**:eb:b0 history loss[-45]=0%, volume=13825620
04-24 12:55:37.285 1176 1406 I HuaweiWifiWatchdogStateMachine: spd good count:0, add sc:0.0, rate:1.0
04-24 12:55:37.286 1176 1406 D HuaweiWifiWatchdogStateMachine: high data flow: protection_counter = 0, not_detect_counter = 387
04-24 12:55:37.286 1176 1406 D HuaweiWifiWatchdogStateMachine: high data flow scenario: 0 --> 0 rx bytes =0KB
04-24 12:55:37.286 1176 1406 I HuaweiWifiWatchdogStateMachine: current mHighDataFlowRate = 1.0
04-24 12:55:37.287 1176 1406 I HuaweiWifiWatchdogStateMachine: POta txb txg rxg:0, 150, 0. Lr =0% Totpkt=150
04-24 12:55:37.287 1176 1176 D WiFi_PRO: MSG_RETURN_AP_CURRY_RSSI rssi = -30
04-24 12:55:37.288 1176 1176 I QosMonitor: queryRtt: rtt_type = 3
04-24 12:55:37.288 1176 1176 I HwQoEJNI: send_cmd_kernel. begin
04-24 12:55:37.289 1176 1176 I HwQoEJNI: send_cmd_kernel. end
04-24 12:55:37.289 1176 1176 I QosMonitor: postEventFromNative: msg=100,arg1=4,arg2=10
04-24 12:55:37.289 1176 1176 I HwQoEJNI: send_cmd_kernel. begin
04-24 12:55:37.289 1176 1176 I HwQoEJNI: send_cmd_kernel. end
04-24 12:55:37.290 1176 1176 I QosMonitor: postEventFromNative: msg=100,arg1=0,arg2=10
04-24 12:55:37.290 1176 1176 D HuaweiWifiWatchdogStateMachine: setSampleRtt: unvalid rtt
04-24 12:55:37.290 1176 1176 I MQoS : rtt=160,tcp_tx_pkts=480944,tcp_rx_pkts=921410
04-24 12:55:37.292 1176 1406 D HuaweiWifiWatchdogStateMachine: dumpTcpResult: len=10,rtt=160,rttPkt=1,rttWn=143,cgt=0,cgtWn=0
04-24 12:55:37.292 1176 1406 I HuaweiWifiWatchdogStateMachine: PTcp RTT:0, rtt pkt=0, tcp_rx=0, tcp_tx=0, tcp_reTran=0, rtRate=0
04-24 12:55:37.292 1176 1406 D HuaweiWifiWatchdogStateMachine: mRssiBadCount =0, RSSI not bad.
04-24 12:55:37.293 1176 1406 D HuaweiWifiWatchdogStateMachine: detectNetworkAvailable:hw.wifipro.dns_fail_count = 131
04-24 12:55:37.293 1176 1406 D HuaweiWifiWatchdogStateMachine: bqeLevel = 2 rtt=0,rtt_pkts=0 speed=37 rssi=-30
04-24 12:55:37.293 1176 1406 D HuaweiWifiWatchdogStateMachine: Enter updateQoeLevel level = 2
04-24 12:55:37.293 1176 1406 D HuaweiWifiWatchdogStateMachine: updateQoeLevel current level equal to mLastDetectLevel, return
04-24 12:55:37.293 1176 1406 D HuaweiWifiWatchdogStateMachine: did not have any network action
04-24 12:55:37.306 1176 3515 I MQoS : QOS_level:0(0),wifi-link;SIM error;use level-0
04-24 12:55:38.741 1176 1338 D HwWifiStatStore: handleMessage : 200
04-24 12:55:39.624 1176 1176 I TrafficMonitor: expired arrive. level:-1
04-24 12:55:39.628 1176 1176 I TrafficMonitor: update:rxPkts:0,txPkts:0,rxBytes:0,txBytes:0
04-24 12:55:39.628 1176 1176 I TrafficMonitor: start expired. level:-1
04-24 12:55:39.628 1176 1176 I TrafficMonitor: gettimer:interval=5000
04-24 12:55:39.628 1176 1176 I TrafficMonitor: during_ms:5007,period_ms:2000
04-24 12:55:39.628 1176 1176 I TrafficMonitor: count:897,rx_sum:0,tx_sum:0,rxBytes:0,during_ms:5007,rx_speed:0.0,tx_speed:0.0,rto:0.0
04-24 12:55:39.628 1176 1176 D HuaweiWifiWatchdogStateMachine: speed: rxpkt:0, rxSpd:0B/s, txpkt:0, txSpd:0
04-24 12:55:41.401 1176 1392 D HwArpVerifier: performPollAndLog:
04-24 12:55:41.406 1176 1392 D hw_netstat: total/0/0
04-24 12:55:41.748 1176 1338 D HwWifiStatStore: handleMessage : 200
04-24 12:55:41.931 777 777 E : [E/capacity_limit_control] not demo version, not set power control prop!
04-24 12:55:44.634 1176 1176 I TrafficMonitor: expired arrive. level:-1
04-24 12:55:44.638 1176 1176 I TrafficMonitor: update:rxPkts:0,txPkts:0,rxBytes:0,txBytes:0
04-24 12:55:44.638 1176 1176 I TrafficMonitor: start expired. level:-1
04-24 12:55:44.638 1176 1176 I TrafficMonitor: gettimer:interval=5000
04-24 12:55:44.638 1176 1176 I TrafficMonitor: during_ms:5010,period_ms:2000
04-24 12:55:44.638 1176 1176 I TrafficMonitor: count:898,rx_sum:0,tx_sum:0,rxBytes:0,during_ms:5010,rx_speed:0.0,tx_speed:0.0,rto:0.0
04-24 12:55:44.639 1176 1176 D HuaweiWifiWatchdogStateMachine: speed: rxpkt:0, rxSpd:0B/s, txpkt:0, txSpd:0
04-24 12:55:44.755 1176 1338 D HwWifiStatStore: handleMessage : 200
04-24 12:55:45.088 1463 1463 D KeyguardUpdateMonitor: received broadcast android.intent.action.BATTERY_CHANGED
04-24 12:55:45.089 1463 1463 W KeyguardUpdateMonitor: ACTION_BATTERY_CHANGED AMP: 500000; Volt: 5000000
04-24 12:55:45.091 1463 1463 V KeyguardUpdateMonitor: RefreshBatteryInfo isBatteryLow: 76
04-24 12:55:45.092 1463 1463 W KeyguardUpdateMonitor: ChargingSpeed Wattage: 2500000 ST: 5000000 --> 7500000
04-24 12:55:45.092 1463 1463 I KgBattery: BatteryInfo updated: 2lPc0
04-24 12:55:45.093 1463 1463 W AppHandler: sendMessage with obj100
04-24 12:55:45.093 1729 1729 I MsgReceiver: intent action: android.intent.action.BATTERY_CHANGED
04-24 12:55:45.093 1463 1463 D KeyguardUpdateMonitor: handleBatteryUpdate
04-24 12:55:45.096 1176 1176 D HwInnerWifiManagerImpl: SupplicantState = COMPLETED
04-24 12:55:45.096 1176 1176 D HwInnerWifiManagerImpl: isPhoneAP = false
04-24 12:55:45.098 1176 1176 D HwInnerWifiManagerImpl: SupplicantState = COMPLETED
04-24 12:55:45.098 1463 1463 W HwLockScreenPanel: Handle message: 100
04-24 12:55:45.099 1176 1176 D HwInnerWifiManagerImpl: isPhoneAP = false
04-24 12:55:45.099 1463 1463 W HwKeyguardBottomArea: updateBatteryInfo : false true
04-24 12:55:45.099 1176 1176 D WifiStateMachine: mBcastReceiver: PluggedType = 2 mIsScanCtrlPluggedin = true
04-24 12:55:45.099 1463 1463 W KgBattery: getCharge info with type: text
04-24 12:55:45.099 5515 5671 E CloudAlbum[8.1.2.309]: [ReceiverManager] not log on ignore
04-24 12:55:45.099 1176 1176 D HwWifiService: mPluggedType =2
04-24 12:55:45.102 1176 1176 D WifiService: onReceive, action:android.intent.action.BATTERY_CHANGED
04-24 12:55:45.102 1176 1176 D WifiService: ACTION_BATTERY_CHANGED pluggedType: 2
04-24 12:55:45.104 1463 1463 W HwLockScreenPanel: refreshBatteryInfo: null
04-24 12:55:45.278 742 742 E wificond: Failed to get NL80211_RATE_INFO_NOISE
04-24 12:55:45.278 742 742 E wificond: Failed to get NL80211_RATE_INFO_SNR
04-24 12:55:45.278 742 742 E wificond: Failed to get NL80211_STA_INFO_CNAHLOAD
04-24 12:55:45.278 1176 1337 E WificondControl: Noise: 0, Snr: -1, Chload: -1
04-24 12:55:45.278 1176 1339 D HwWifiCHRStateManager: handleMessage : 1001
04-24 12:55:45.279 1176 1339 D HwWifiCHRStateManager: handleUpdateChannel:2412
04-24 12:55:45.279 1176 1339 V HwWifiServiceFactory: get AllImpl object = com.android.server.wifi.HwWifiServiceFactoryImpl@2205edc
04-24 12:55:45.280 742 742 E wificond: Failed to get NL80211_RATE_INFO_NOISE
04-24 12:55:45.280 742 742 E wificond: Failed to get NL80211_RATE_INFO_SNR
04-24 12:55:45.280 742 742 E wificond: Failed to get NL80211_STA_INFO_CNAHLOAD
04-24 12:55:45.280 1176 1406 D HuaweiWifiWatchdogStateMachine: LM mrssi=-30
04-24 12:55:45.280 1176 1176 D WiFi_PRO: MSG_RETURN_AP_CURRY_RSSI rssi = -30
04-24 12:55:45.281 1176 1406 I HuaweiWifiWatchdogStateMachine: spd good count:0, add sc:0.0, rate:1.0
04-24 12:55:45.281 1176 1406 I HuaweiWifiWatchdogStateMachine: current mHighDataFlowRate = 1.0
04-24 12:55:45.281 1176 1176 I QosMonitor: queryRtt: rtt_type = 3
04-24 12:55:45.281 1176 1406 I HuaweiWifiWatchdogStateMachine: POta txb txg rxg:0, 150, 0. Lr =0% Totpkt=150
04-24 12:55:45.281 1176 1176 I HwQoEJNI: send_cmd_kernel. begin
04-24 12:55:45.281 1176 1176 I HwQoEJNI: send_cmd_kernel. end
04-24 12:55:45.281 1176 1176 I QosMonitor: postEventFromNative: msg=100,arg1=4,arg2=10
04-24 12:55:45.281 1176 1176 I HwQoEJNI: send_cmd_kernel. begin
04-24 12:55:45.281 1176 1176 I HwQoEJNI: send_cmd_kernel. end
04-24 12:55:45.281 1176 1176 I QosMonitor: postEventFromNative: msg=100,arg1=0,arg2=10
04-24 12:55:45.281 1176 1176 D HuaweiWifiWatchdogStateMachine: setSampleRtt: unvalid rtt
04-24 12:55:45.281 1176 1176 I MQoS : rtt=160,tcp_tx_pkts=480944,tcp_rx_pkts=921410
04-24 12:55:45.283 1176 1406 D HuaweiWifiWatchdogStateMachine: dumpTcpResult: len=10,rtt=160,rttPkt=1,rttWn=151,cgt=0,cgtWn=0
04-24 12:55:45.283 1176 1406 I HuaweiWifiWatchdogStateMachine: PTcp RTT:0, rtt pkt=0, tcp_rx=0, tcp_tx=0, tcp_reTran=0, rtRate=0
04-24 12:55:45.283 1176 1406 D HuaweiWifiWatchdogStateMachine: mRssiBadCount =0, RSSI not bad.
04-24 12:55:45.283 1176 1406 D HuaweiWifiWatchdogStateMachine: detectNetworkAvailable:hw.wifipro.dns_fail_count = 131
04-24 12:55:45.283 1176 1406 D HuaweiWifiWatchdogStateMachine: bqeLevel = 2 rtt=0,rtt_pkts=0 speed=37 rssi=-30
04-24 12:55:45.283 1176 1406 D HuaweiWifiWatchdogStateMachine: Enter updateQoeLevel level = 2
04-24 12:55:45.283 1176 1406 D HuaweiWifiWatchdogStateMachine: updateQoeLevel current level equal to mLastDetectLevel, return
04-24 12:55:45.283 1176 1406 D HuaweiWifiWatchdogStateMachine: did not have any network action
04-24 12:55:45.285 1176 3515 I MQoS : QOS_level:0(0),wifi-link;SIM error;use level-0
04-24 12:55:45.285 1176 3515 I MQoS : skip-low-Level:0(0),wifi-link;SIM error;use level-0
04-24 12:55:46.411 1176 1392 D HwArpVerifier: performPollAndLog:
04-24 12:55:46.415 1176 1392 D hw_netstat: total/0/0
04-24 12:55:46.941 777 777 E : [E/capacity_limit_control] not demo version, not set power control prop!
04-24 12:55:47.762 1176 1338 D HwWifiStatStore: handleMessage : 200
04-24 12:55:49.497 1176 1589 W Watchdog: hungtask: writing kick
04-24 12:55:49.500 1176 1202 I EventHub: EventHub monitor: no key events in the past 2683s, no motion events in the past 2684s
04-24 12:55:49.639 1176 1176 I TrafficMonitor: expired arrive. level:-1
04-24 12:55:49.643 1176 1176 I TrafficMonitor: update:rxPkts:0,txPkts:0,rxBytes:0,txBytes:0
04-24 12:55:49.643 1176 1176 I TrafficMonitor: start expired. level:-1
04-24 12:55:49.643 1176 1176 I TrafficMonitor: gettimer:interval=5000
04-24 12:55:49.644 1176 1176 I TrafficMonitor: during_ms:5005,period_ms:2000
04-24 12:55:49.644 1176 1176 I TrafficMonitor: count:899,rx_sum:0,tx_sum:0,rxBytes:0,during_ms:5005,rx_speed:0.0,tx_speed:0.0,rto:0.0
04-24 12:55:49.644 1176 1176 D HuaweiWifiWatchdogStateMachine: speed: rxpkt:0, rxSpd:0B/s, txpkt:0, txSpd:0
04-24 12:55:50.769 1176 1338 D HwWifiStatStore: handleMessage : 200
04-24 12:55:51.420 1176 1392 D HwArpVerifier: performPollAndLog:
04-24 12:55:51.425 1176 1392 D hw_netstat: total/0/0
04-24 12:55:51.787 1176 1302 W AlarmManager: mIsScreenOn is: false, WAKEUP alarm trigger action = com.huawei.push.alarm.HEARTBEAT package name is: android
04-24 12:55:51.795 1176 1176 V AlarmManager: Received TIME_TICK alarm; rescheduling
04-24 12:55:51.808 4414 4414 I PushLog2955: [main-1]action is com.huawei.push.alarm.HEARTBEAT(android/:307)
04-24 12:55:51.814 4414 4414 I PushLog2955: [main-1]dispatchIntent over(android/:210)
04-24 12:55:51.814 1176 1176 I HwAlarmManagerService: hwSetAlarm listenerTag: time_tick
04-24 12:55:51.814 4414 4431 I PushLog2955: [ReceiverDispatcher-277]com.huawei.push.alarm.HEARTBEAT alarm trigger, expectTriggerTime:0, current trigger time:1587704151814(android/:78)
04-24 12:55:51.814 4414 4431 I PushLog2955: [ReceiverDispatcher-277]heartbeatArrive(android/:140)
04-24 12:55:51.814 1176 1490 V BroadcastQueue: Finished with ordered broadcast BroadcastRecord{ebc77ce u0 com.huawei.push.alarm.HEARTBEAT}
04-24 12:55:51.817 487 620 W SocketListener: sending broadcast to Pid = 1176, Uid = 1000
04-24 12:55:51.819 4414 4431 I PushLog2955: [ReceiverDispatcher-277]heartbeatArrive, send heart beat(android/:147)
04-24 12:55:51.820 1176 1332 D NetdConnector: RCV <- {613 IfaceClass active 1 353739973968262 10824}
04-24 12:55:51.821 1176 1332 D NetdConnector: RCV <- {613 IfaceClass active 1 353739973968262 10824}
04-24 12:55:51.824 1176 1202 D NetdConnector: RCV unsolicited event from native daemon, event = 613
04-24 12:55:51.826 4414 4431 I PushLog2955: [ReceiverDispatcher-277]not support bastet in wifi(android/:101)
04-24 12:55:51.826 1463 1463 E DateView: DateView,mCurrentTime: 1587704151826
04-24 12:55:51.827 4414 4431 I PushLog2955: [ReceiverDispatcher-277]init push bastet failed!(android/:81)
04-24 12:55:51.831 4414 4431 I PushLog2955: [ReceiverDispatcher-277] get charing (android/:840)
04-24 12:55:51.832 4414 4431 I PushLog2955: [ReceiverDispatcher-277] get charing true(android/:842)
04-24 12:55:51.832 4414 4431 I PushLog2955: [ReceiverDispatcher-277]set HEARTBEAT_RSP_TIMEOUT Alarm(android/:364)
04-24 12:55:51.832 4414 4431 I PushLog2955: [ReceiverDispatcher-277]enter AlarmTools:setExactAlarm(intent:Intent { act=com.huawei.android.push.intent.HEARTBEAT_RSP_TIMEOUT pkg=android } interval:10000ms(android/:24)
04-24 12:55:51.832 4414 4431 I PushLog2955: [ReceiverDispatcher-277]setExactAlarm expectTriggerTime:1587704161832(android/:27)
04-24 12:55:51.834 1176 6416 V BroadcastQueue: Finished with ordered broadcast BroadcastRecord{b9725fc u0 com.tencent.mm.TrafficStatsReceiver}
04-24 12:55:51.838 4414 4431 I PushLog2955: [ReceiverDispatcher-277]next Heartbeat timeout for push server is:5.0(android/:374)
04-24 12:55:51.838 4414 4431 I PushLog2955: [ReceiverDispatcher-277]process cmdid to send to pushSrv:DA, subCmdId:FF(android/:106)
04-24 12:55:51.839 4414 4431 I PushLog2955: [ReceiverDispatcher-277]send msg to remote srv success(android/:110)
04-24 12:55:51.846 1463 1463 W HwKeyguardDragHelper: AnimationBlocked
04-24 12:55:51.847 1463 1463 I EventCenter: EventCenter Get :android.intent.action.TIME_TICK
04-24 12:55:51.848 1463 1463 W ResourceType: No known package when getting value for resource number 0xffffffff
04-24 12:55:51.848 1463 1463 E DateLunarView: mDateString is: 4月24日星期五
04-24 12:55:51.848 1463 1463 W ResourceType: No known package when getting value for resource number 0xffffffff
04-24 12:55:51.849 1463 1463 E DateLunarView: mDateString is: 4月24日星期五
04-24 12:55:51.850 1463 1463 D WeatherHelper: City info empty
04-24 12:55:51.853 1463 1463 D WeatherHelper: City info empty
04-24 12:55:51.853 1463 1463 D KeyguardUpdateMonitor: received broadcast android.intent.action.TIME_TICK
04-24 12:55:51.853 1463 1463 D KeyguardUpdateMonitor: handleTimeUpdate
04-24 12:55:51.853 1463 1782 I KeyguardStatusView: Runnable for refresh
04-24 12:55:51.854 1770 1770 I HwLauncher: Model onReceive intent=Intent { act=android.intent.action.TIME_TICK flg=0x50200014 hwFlg=0x900 (has extras) }
04-24 12:55:51.854 1770 1770 I HwLauncher: Model onReceive user=UserHandle{0}
04-24 12:55:51.856 1463 1463 D WeatherHelper: City info empty
04-24 12:55:51.864 3756 3806 I Step_LSC: 80001355|processHandleBroadcastAction action:android.intent.action.TIME_TICK
04-24 12:55:51.869 1176 1490 V BroadcastQueue: Finished with ordered broadcast BroadcastRecord{6ab04c9 u-1 android.intent.action.TIME_TICK}
04-24 12:55:51.880 4414 23368 I PushLog2955: [SocketRead_07:00:12-666]process cmdid to receive from pushSrv:DB, subCmdId:FF(android/:269)
04-24 12:55:51.883 4414 23368 I PushLog2955: [SocketRead_07:00:12-666]enter adjustHeartBeat:(findHeartBeat:true,isHearBeatTimeReq:true,RspTimeOut:false,beatInterval:300000,bestHBSuccessCount:0,range:[180000,300000])(android/:120)
04-24 12:55:51.883 4414 23368 I PushLog2955: [SocketRead_07:00:12-666]judgeFindBestHB and isBestHBTimeOut: falseisOffset: false(android/:170)
04-24 12:55:51.884 4414 23368 I PushLog2955: [SocketRead_07:00:12-666]after delayHeartBeatReq, nextHeartBeatTime, will be [300000,300000] ms later(android/:501)
04-24 12:55:51.886 4414 23368 I PushLog2955: [SocketRead_07:00:12-666]dispatchIntent over(android/:210)
04-24 12:55:51.887 4414 4431 I PushLog2955: [ReceiverDispatcher-277]com.huawei.android.push.intent.MSG_RECEIVED alarm trigger, expectTriggerTime:0, current trigger time:1587704151887(android/:78)
04-24 12:55:51.948 1463 1463 D WeatherHelper: City info empty
04-24 12:55:51.948 1463 1463 D DateTimeView: Change to single clock mode!
04-24 12:55:51.950 1463 1463 D WeatherHelper: City info empty
04-24 12:55:51.950 1463 1463 D WeatherHelper: City info empty
04-24 12:55:51.951 1463 1463 D DateTimeView: Change to single clock mode!
04-24 12:55:51.951 777 777 E : [E/capacity_limit_control] not demo version, not set power control prop!
04-24 12:55:51.953 1463 1463 D WeatherHelper: City info empty
04-24 12:55:53.071 1729 23345 I DownloadState: 0 transmitting data speed : 28 bytes/s scroff: true
04-24 12:55:53.072 1729 23345 I DownloadState: 1000 transmitting data speed : 38 bytes/s scroff: true
04-24 12:55:53.291 742 742 E wificond: Failed to get NL80211_RATE_INFO_NOISE
04-24 12:55:53.291 742 742 E wificond: Failed to get NL80211_RATE_INFO_SNR
04-24 12:55:53.291 742 742 E wificond: Failed to get NL80211_STA_INFO_CNAHLOAD
04-24 12:55:53.292 1176 1337 E WificondControl: Noise: 0, Snr: -1, Chload: -1
04-24 12:55:53.294 1176 1339 D HwWifiCHRStateManager: handleMessage : 1001
04-24 12:55:53.294 1176 1339 D HwWifiCHRStateManager: handleUpdateChannel:2412
04-24 12:55:53.294 1176 1339 V HwWifiServiceFactory: get AllImpl object = com.android.server.wifi.HwWifiServiceFactoryImpl@2205edc
04-24 12:55:53.298 742 742 E wificond: Failed to get NL80211_RATE_INFO_NOISE
04-24 12:55:53.298 742 742 E wificond: Failed to get NL80211_RATE_INFO_SNR
04-24 12:55:53.298 742 742 E wificond: Failed to get NL80211_STA_INFO_CNAHLOAD
04-24 12:55:53.300 1176 1406 D HuaweiWifiWatchdogStateMachine: LM mrssi=-29
04-24 12:55:53.300 1176 1176 D WiFi_PRO: MSG_RETURN_AP_CURRY_RSSI rssi = -29
04-24 12:55:53.301 1176 1406 D HuaweiWifiWatchdogStateMachine: a4:fa:**:**:eb:b0 current loss[-45]=0%, volume=3
04-24 12:55:53.301 1176 1176 I QosMonitor: queryRtt: rtt_type = 3
04-24 12:55:53.301 1176 1406 D HuaweiWifiWatchdogStateMachine: a4:fa:**:**:eb:b0 history loss[-45]=0%, volume=13825623
04-24 12:55:53.302 1176 1176 I HwQoEJNI: send_cmd_kernel. begin
04-24 12:55:53.302 1176 1406 I HuaweiWifiWatchdogStateMachine: spd good count:0, add sc:0.0, rate:1.0
04-24 12:55:53.302 1176 1406 I HuaweiWifiWatchdogStateMachine: current mHighDataFlowRate = 1.0
04-24 12:55:53.302 1176 1176 I HwQoEJNI: send_cmd_kernel. end
04-24 12:55:53.302 1176 1406 I HuaweiWifiWatchdogStateMachine: POta txb txg rxg:0, 153, 0. Lr =0% Totpkt=153
04-24 12:55:53.302 1176 1176 I QosMonitor: postEventFromNative: msg=100,arg1=4,arg2=10
04-24 12:55:53.303 1176 1176 I HwQoEJNI: send_cmd_kernel. begin
04-24 12:55:53.303 1176 1176 I HwQoEJNI: send_cmd_kernel. end
04-24 12:55:53.303 1176 1176 I QosMonitor: postEventFromNative: msg=100,arg1=0,arg2=10
04-24 12:55:53.304 1176 1176 D HuaweiWifiWatchdogStateMachine: a4:fa:**:**:eb:b0 current RTT[-45]=320, volume=1
04-24 12:55:53.304 1176 1176 D HuaweiWifiWatchdogStateMachine: a4:fa:**:**:eb:b0 history RTT[-45]=510, volume=60853
04-24 12:55:53.304 1176 1176 D HuaweiWifiWatchdogStateMachine: setSampleRtt: rtt=320,rtt_pkts =1,rtt_when=1
04-24 12:55:53.305 1176 1176 I MQoS : rtt=320,tcp_tx_pkts=480946,tcp_rx_pkts=921411
04-24 12:55:53.305 1176 1176 I QosMonitor: resetRtt: rtt_type = 3
04-24 12:55:53.305 1176 1406 D HuaweiWifiWatchdogStateMachine: dumpTcpResult: len=10,rtt=320,rttPkt=1,rttWn=1,cgt=0,cgtWn=0
04-24 12:55:53.305 1176 1176 I HwQoEJNI: send_cmd_kernel. begin
04-24 12:55:53.305 1176 1406 I HuaweiWifiWatchdogStateMachine: PTcp RTT:0, rtt pkt=0, tcp_rx=1, tcp_tx=2, tcp_reTran=0, rtRate=0
04-24 12:55:53.305 1176 1406 D HuaweiWifiWatchdogStateMachine: mRssiBadCount =0, RSSI not bad.
04-24 12:55:53.306 1176 1406 D HuaweiWifiWatchdogStateMachine: detectNetworkAvailable:hw.wifipro.dns_fail_count = 131
04-24 12:55:53.305 1176 1176 I HwQoEJNI: send_cmd_kernel. end
04-24 12:55:53.306 1176 1406 D HuaweiWifiWatchdogStateMachine: detectNetworkAvailable: tcpRxPkts != 0, reset
04-24 12:55:53.306 1176 1406 D HuaweiWifiWatchdogStateMachine: bqeLevel = 2 rtt=0,rtt_pkts=0 speed=37 rssi=-29
04-24 12:55:53.306 1176 1406 D HuaweiWifiWatchdogStateMachine: Enter updateQoeLevel level = 2
04-24 12:55:53.306 1176 1406 D HuaweiWifiWatchdogStateMachine: updateQoeLevel current level equal to mLastDetectLevel, return
04-24 12:55:53.306 1176 1406 D HuaweiWifiWatchdogStateMachine: did not have any network action
04-24 12:55:53.318 1176 3515 I MQoS : QOS_level:0(0),wifi-link;SIM error;use level-0
04-24 12:55:53.776 1176 1338 D HwWifiStatStore: handleMessage : 200
04-24 12:55:54.645 1176 1176 I TrafficMonitor: expired arrive. level:-1
04-24 12:55:54.648 1176 1176 I TrafficMonitor: update:rxPkts:2,txPkts:3,rxBytes:131,txBytes:199
04-24 12:55:54.648 1176 1176 I TrafficMonitor: start expired. level:-1
04-24 12:55:54.648 1176 1176 I TrafficMonitor: gettimer:interval=2000
04-24 12:55:54.648 1176 1176 I TrafficMonitor: during_ms:5005,period_ms:2000
04-24 12:55:54.649 1176 1176 I TrafficMonitor: count:900,rx_sum:2,tx_sum:3,rxBytes:131,during_ms:5005,rx_speed:26.173826173826175,tx_speed:39.76023976023976,rto:0.6666666666666666
04-24 12:55:54.649 1176 1176 D HuaweiWifiWatchdogStateMachine: speed: rxpkt:2, rxSpd:26B/s, txpkt:3, txSpd:39
04-24 12:55:55.561 1176 1392 D HwArpVerifier: getIpRouteTable
04-24 12:55:55.656 1176 1392 D HwArpVerifier: Notify wifi default route is ok
04-24 12:55:56.426 1176 1392 D HwArpVerifier: performPollAndLog:
04-24 12:55:56.431 1176 1392 D hw_netstat: total/131/199,android.uid.system:1000/75/115,unknown:0/56/84
04-24 12:55:56.653 1176 1176 I TrafficMonitor: update:rxPkts:0,txPkts:0,rxBytes:0,txBytes:0
04-24 12:55:56.653 1176 1176 I TrafficMonitor: start expired. level:-1
04-24 12:55:56.654 1176 1176 I TrafficMonitor: gettimer:interval=2000
04-24 12:55:56.783 1176 1338 D HwWifiStatStore: handleMessage : 200
04-24 12:55:56.957 777 777 E : [E/capacity_limit_control] not demo version, not set power control prop!
04-24 12:55:56.984 1176 1288 D HwBatteryService: onUEvent fcpStatus = 0,scpStatus =0,ovpStatus=0
04-24 12:55:56.986 1176 1288 I UsbDeviceManager: water_intrused state= 0
04-24 12:55:57.004 1176 1176 D HwInnerWifiManagerImpl: SupplicantState = COMPLETED
04-24 12:55:57.005 1176 1176 D HwInnerWifiManagerImpl: isPhoneAP = false
04-24 12:55:57.006 1176 1176 D HwInnerWifiManagerImpl: SupplicantState = COMPLETED
04-24 12:55:57.006 1176 1176 D HwInnerWifiManagerImpl: isPhoneAP = false
04-24 12:55:57.006 1176 1176 D WifiStateMachine: mBcastReceiver: PluggedType = 2 mIsScanCtrlPluggedin = true
04-24 12:55:57.007 1176 1176 D HwWifiService: mPluggedType =2
04-24 12:55:57.008 1176 1176 D WifiService: onReceive, action:android.intent.action.BATTERY_CHANGED
04-24 12:55:57.008 1176 1176 D WifiService: ACTION_BATTERY_CHANGED pluggedType: 2
04-24 12:55:57.010 1729 1729 I MsgReceiver: intent action: android.intent.action.BATTERY_CHANGED
04-24 12:55:57.010 1463 1463 D KeyguardUpdateMonitor: received broadcast android.intent.action.BATTERY_CHANGED
04-24 12:55:57.010 1463 1463 W KeyguardUpdateMonitor: ACTION_BATTERY_CHANGED AMP: 500000; Volt: 5000000
04-24 12:55:57.013 1463 1463 V KeyguardUpdateMonitor: RefreshBatteryInfo isBatteryLow: 76
04-24 12:55:57.013 1463 1463 W KeyguardUpdateMonitor: ChargingSpeed Wattage: 2500000 ST: 5000000 --> 7500000
04-24 12:55:57.013 1463 1463 I KgBattery: BatteryInfo updated: 2lPc0
04-24 12:55:57.014 1463 1463 W AppHandler: sendMessage with obj100
04-24 12:55:57.014 1463 1463 D KeyguardUpdateMonitor: handleBatteryUpdate
04-24 12:55:57.014 1463 1463 W HwLockScreenPanel: Handle message: 100
04-24 12:55:57.014 1463 1463 W HwKeyguardBottomArea: updateBatteryInfo : false true
04-24 12:55:57.014 1463 1463 W KgBattery: getCharge info with type: text
04-24 12:55:57.018 5515 5671 E CloudAlbum[8.1.2.309]: [ReceiverManager] not log on ignore
04-24 12:55:57.023 1463 1463 W HwLockScreenPanel: refreshBatteryInfo: null
04-24 12:55:58.659 1176 1176 I TrafficMonitor: update:rxPkts:0,txPkts:0,rxBytes:0,txBytes:0
04-24 12:55:58.659 1176 1176 I TrafficMonitor: start expired. level:-1
04-24 12:55:58.660 1176 1176 I TrafficMonitor: gettimer:interval=2000
04-24 12:55:59.650 1176 1176 I TrafficMonitor: expired arrive. level:-1
04-24 12:55:59.650 1176 1176 I TrafficMonitor: during_ms:2006,period_ms:2000
04-24 12:55:59.650 1176 1176 I TrafficMonitor: count:902,rx_sum:0,tx_sum:0,rxBytes:0,during_ms:2006,rx_speed:0.0,tx_speed:0.0,rto:0.0
04-24 12:55:59.651 1176 1176 D HuaweiWifiWatchdogStateMachine: speed: rxpkt:0, rxSpd:0B/s, txpkt:0, txSpd:0
04-24 12:55:59.790 1176 1338 D HwWifiStatStore: handleMessage : 200
04-24 12:56:00.664 1176 1176 I TrafficMonitor: update:rxPkts:0,txPkts:0,rxBytes:0,txBytes:0
04-24 12:56:00.664 1176 1176 I TrafficMonitor: start expired. level:-1
04-24 12:56:00.665 1176 1176 I TrafficMonitor: gettimer:interval=2000
04-24 12:56:01.300 742 742 E wificond: Failed to get NL80211_RATE_INFO_NOISE
04-24 12:56:01.300 742 742 E wificond: Failed to get NL80211_RATE_INFO_SNR
04-24 12:56:01.300 742 742 E wificond: Failed to get NL80211_STA_INFO_CNAHLOAD
04-24 12:56:01.301 1176 1337 E WificondControl: Noise: 0, Snr: -1, Chload: -1
04-24 12:56:01.302 1176 1339 D HwWifiCHRStateManager: handleMessage : 1001
04-24 12:56:01.302 1176 1339 D HwWifiCHRStateManager: handleUpdateChannel:2412
04-24 12:56:01.303 1176 1339 V HwWifiServiceFactory: get AllImpl object = com.android.server.wifi.HwWifiServiceFactoryImpl@2205edc
04-24 12:56:01.307 742 742 E wificond: Failed to get NL80211_RATE_INFO_NOISE
04-24 12:56:01.307 742 742 E wificond: Failed to get NL80211_RATE_INFO_SNR
04-24 12:56:01.307 742 742 E wificond: Failed to get NL80211_STA_INFO_CNAHLOAD
04-24 12:56:01.310 1176 1406 D HuaweiWifiWatchdogStateMachine: LM mrssi=-29
04-24 12:56:01.310 1176 1176 D WiFi_PRO: MSG_RETURN_AP_CURRY_RSSI rssi = -29
04-24 12:56:01.310 1176 1406 D HuaweiWifiWatchdogStateMachine: a4:fa:**:**:eb:b0 current loss[-45]=0%, volume=1
04-24 12:56:01.310 1176 1176 I QosMonitor: queryRtt: rtt_type = 3
04-24 12:56:01.310 1176 1406 D HuaweiWifiWatchdogStateMachine: a4:fa:**:**:eb:b0 history loss[-45]=0%, volume=13825624
04-24 12:56:01.311 1176 1406 I HuaweiWifiWatchdogStateMachine: spd good count:0, add sc:0.0, rate:1.0
04-24 12:56:01.311 1176 1406 I HuaweiWifiWatchdogStateMachine: current mHighDataFlowRate = 1.0
04-24 12:56:01.312 1176 1406 I HuaweiWifiWatchdogStateMachine: POta txb txg rxg:0, 154, 0. Lr =0% Totpkt=154
04-24 12:56:01.313 1176 1176 I HwQoEJNI: send_cmd_kernel. begin
04-24 12:56:01.314 1176 1176 I HwQoEJNI: send_cmd_kernel. end
04-24 12:56:01.314 1176 1176 I QosMonitor: postEventFromNative: msg=100,arg1=4,arg2=10
04-24 12:56:01.315 1176 1176 I HwQoEJNI: send_cmd_kernel. begin
04-24 12:56:01.315 1176 1176 I HwQoEJNI: send_cmd_kernel. end
04-24 12:56:01.315 1176 1176 I QosMonitor: postEventFromNative: msg=100,arg1=0,arg2=10
04-24 12:56:01.316 1176 1176 D HuaweiWifiWatchdogStateMachine: setSampleRtt: rtt=0,rtt_pkts =0,rtt_when=9
04-24 12:56:01.316 1176 1176 I MQoS : rtt=320,tcp_tx_pkts=480946,tcp_rx_pkts=921411
04-24 12:56:01.316 1176 1176 I QosMonitor: resetRtt: rtt_type = 3
04-24 12:56:01.317 1176 1176 I HwQoEJNI: send_cmd_kernel. begin
04-24 12:56:01.317 1176 1406 D HuaweiWifiWatchdogStateMachine: dumpTcpResult: len=10,rtt=320,rttPkt=1,rttWn=9,cgt=0,cgtWn=0
04-24 12:56:01.317 1176 1176 I HwQoEJNI: send_cmd_kernel. end
04-24 12:56:01.317 1176 1406 I HuaweiWifiWatchdogStateMachine: PTcp RTT:0, rtt pkt=0, tcp_rx=0, tcp_tx=0, tcp_reTran=0, rtRate=0
04-24 12:56:01.317 1176 1406 D HuaweiWifiWatchdogStateMachine: mRssiBadCount =0, RSSI not bad.
04-24 12:56:01.317 1176 1406 D HuaweiWifiWatchdogStateMachine: detectNetworkAvailable:hw.wifipro.dns_fail_count = 131
04-24 12:56:01.317 1176 1406 D HuaweiWifiWatchdogStateMachine: bqeLevel = 2 rtt=0,rtt_pkts=0 speed=37 rssi=-29
04-24 12:56:01.318 1176 1406 D HuaweiWifiWatchdogStateMachine: Enter updateQoeLevel level = 2
04-24 12:56:01.318 1176 1406 D HuaweiWifiWatchdogStateMachine: updateQoeLevel current level equal to mLastDetectLevel, return
04-24 12:56:01.318 1176 1406 D HuaweiWifiWatchdogStateMachine: did not have any network action
04-24 12:56:01.325 1176 3515 I MQoS : QOS_level:0(0),wifi-link;SIM error;use level-0
04-24 12:56:01.437 1176 1392 D HwArpVerifier: performPollAndLog:
04-24 12:56:01.438 1176 1392 D hw_netstat: total/0/0
04-24 12:56:01.991 777 777 E : [E/capacity_limit_control] not demo version, not set power control prop!
04-24 12:56:02.670 1176 1176 I TrafficMonitor: update:rxPkts:0,txPkts:0,rxBytes:0,txBytes:0
04-24 12:56:02.670 1176 1176 I TrafficMonitor: start expired. level:-1
04-24 12:56:02.670 1176 1176 I TrafficMonitor: gettimer:interval=2000
04-24 12:56:02.797 1176 1338 D HwWifiStatStore: handleMessage : 200
04-24 12:56:04.674 1176 1176 I TrafficMonitor: update:rxPkts:0,txPkts:0,rxBytes:0,txBytes:0
04-24 12:56:04.674 1176 1176 I TrafficMonitor: start expired. level:-1
04-24 12:56:04.675 1176 1176 I TrafficMonitor: gettimer:interval=2000
04-24 12:56:05.666 1176 1176 I TrafficMonitor: expired arrive. level:-1
04-24 12:56:05.666 1176 1176 I TrafficMonitor: during_ms:2004,period_ms:2000
04-24 12:56:05.666 1176 1176 I TrafficMonitor: count:905,rx_sum:0,tx_sum:0,rxBytes:0,during_ms:2004,rx_speed:0.0,tx_speed:0.0,rto:0.0
04-24 12:56:05.666 1176 1176 D HuaweiWifiWatchdogStateMachine: speed: rxpkt:0, rxSpd:0B/s, txpkt:0, txSpd:0
04-24 12:56:05.804 1176 1338 D HwWifiStatStore: handleMessage : 200
04-24 12:56:06.398 1176 1392 D HwArpVerifier: check_wifi_state_mode = 0 mCheckStateToken=25 token25
04-24 12:56:06.401 1176 1392 D wifiserviceimpl: netmask =16777215
04-24 12:56:06.479 1176 1392 D HWMultiGW: setGateWay 192.168.1.1
04-24 12:56:06.491 1106 1119 I OAM : [check_file_size:505]/data/log/wifi/wifi_log_1 log file beyond size=10240Byte, creat new file
04-24 12:56:06.491 1106 1119 I OAM : [rename_old_file:210]rename_old_file
04-24 12:56:06.491 1106 1119 I OAM :
04-24 12:56:06.680 1176 1176 I TrafficMonitor: update:rxPkts:0,txPkts:0,rxBytes:0,txBytes:0
04-24 12:56:06.680 1176 1176 I TrafficMonitor: start expired. level:-1
04-24 12:56:06.681 1176 1176 I TrafficMonitor: gettimer:interval=2000
04-24 12:56:06.885 487 620 W SocketListener: sending broadcast to Pid = 1176, Uid = 1000
04-24 12:56:06.892 1176 1332 D NetdConnector: RCV <- {613 IfaceClass idle 1 353755038862010}
04-24 12:56:06.896 1176 1332 D NetdConnector: RCV <- {613 IfaceClass idle 1 353755038862010}
04-24 12:56:06.900 1176 1202 D NetdConnector: RCV unsolicited event from native daemon, event = 613
04-24 12:56:07.001 777 777 E : [E/capacity_limit_control] not demo version, not set power control prop!
04-24 12:56:07.482 1176 1392 D HwArpVerifier: getGateWayARPResponses: arp rtt = 70
04-24 12:56:07.482 1176 1392 E HwCHRWifiRSSIGroupSummery: updatArpSummery mRSSI:-29 HwCHRWifiRSSIGroup [rssi_index=4, rtt_tcp_packets=0, rtt_tcp_duration=0, rtt_lan_duration=8202, rtt_lan_failures=0, rtt_lan_succ=400, rtt_lan_max=939, rtt_lan_min=0,same_area_frequency=0,adjacent_area_frequency=0]
04-24 12:56:07.512 1176 1392 D HwArpVerifier: There are 1 mac address for gateway
04-24 12:56:07.512 1176 1392 D HwArpVerifier: from HEART_CHECK transmit to state:HEART_CHECK
04-24 12:56:07.513 1176 1392 D HwArpVerifier: msg what=124 arg1(token)=25 arg2(mode)=0 delay=30000
04-24 12:56:07.513 1176 1392 D HwArpVerifier: performPollAndLog:
04-24 12:56:07.516 1176 1392 D hw_netstat: total/0/0
04-24 12:56:08.687 1176 1176 I TrafficMonitor: update:rxPkts:0,txPkts:0,rxBytes:0,txBytes:0
04-24 12:56:08.687 1176 1176 I TrafficMonitor: start expired. level:-1
04-24 12:56:08.687 1176 1176 I TrafficMonitor: gettimer:interval=2000
04-24 12:56:08.811 1176 1338 D HwWifiStatStore: handleMessage : 200
04-24 12:56:09.307 742 742 E wificond: Failed to get NL80211_RATE_INFO_NOISE
04-24 12:56:09.307 742 742 E wificond: Failed to get NL80211_RATE_INFO_SNR
04-24 12:56:09.307 742 742 E wificond: Failed to get NL80211_STA_INFO_CNAHLOAD
04-24 12:56:09.308 1176 1337 E WificondControl: Noise: 0, Snr: -1, Chload: -1
04-24 12:56:09.310 1176 1339 D HwWifiCHRStateManager: handleMessage : 1001
04-24 12:56:09.310 1176 1339 D HwWifiCHRStateManager: handleUpdateChannel:2412
04-24 12:56:09.310 1176 1339 V HwWifiServiceFactory: get AllImpl object = com.android.server.wifi.HwWifiServiceFactoryImpl@2205edc
04-24 12:56:09.314 742 742 E wificond: Failed to get NL80211_RATE_INFO_NOISE
04-24 12:56:09.314 742 742 E wificond: Failed to get NL80211_RATE_INFO_SNR
04-24 12:56:09.314 742 742 E wificond: Failed to get NL80211_STA_INFO_CNAHLOAD
04-24 12:56:09.318 1176 1406 D HuaweiWifiWatchdogStateMachine: LM mrssi=-29
04-24 12:56:09.319 1176 1406 D HuaweiWifiWatchdogStateMachine: a4:fa:**:**:eb:b0 current loss[-45]=0%, volume=1
04-24 12:56:09.319 1176 1406 D HuaweiWifiWatchdogStateMachine: a4:fa:**:**:eb:b0 history loss[-45]=0%, volume=13825625
04-24 12:56:09.320 1176 1406 I HuaweiWifiWatchdogStateMachine: spd good count:0, add sc:0.0, rate:1.0
04-24 12:56:09.321 1176 1176 D WiFi_PRO: MSG_RETURN_AP_CURRY_RSSI rssi = -29
04-24 12:56:09.322 1176 1176 I QosMonitor: queryRtt: rtt_type = 3
04-24 12:56:09.322 1176 1176 I HwQoEJNI: send_cmd_kernel. begin
04-24 12:56:09.323 1176 1176 I HwQoEJNI: send_cmd_kernel. end
04-24 12:56:09.323 1176 1176 I QosMonitor: postEventFromNative: msg=100,arg1=4,arg2=10
04-24 12:56:09.321 1176 1406 D HuaweiWifiWatchdogStateMachine: high data flow: protection_counter = 0, not_detect_counter = 388
04-24 12:56:09.323 1176 1406 D HuaweiWifiWatchdogStateMachine: high data flow scenario: 0 --> 0 rx bytes =0KB
04-24 12:56:09.323 1176 1406 I HuaweiWifiWatchdogStateMachine: current mHighDataFlowRate = 1.0
04-24 12:56:09.323 1176 1176 D HuaweiWifiWatchdogStateMachine: setSampleRtt: unvalid rtt
04-24 12:56:09.324 1176 1406 I HuaweiWifiWatchdogStateMachine: POta txb txg rxg:0, 155, 0. Lr =0% Totpkt=155
04-24 12:56:09.325 1176 1176 I HwQoEJNI: send_cmd_kernel. begin
04-24 12:56:09.325 1176 1176 I HwQoEJNI: send_cmd_kernel. end
04-24 12:56:09.325 1176 1176 I QosMonitor: postEventFromNative: msg=100,arg1=0,arg2=10
04-24 12:56:09.325 1176 1176 I MQoS : rtt=320,tcp_tx_pkts=480946,tcp_rx_pkts=921411
04-24 12:56:09.326 1176 1406 D HuaweiWifiWatchdogStateMachine: dumpTcpResult: len=10,rtt=320,rttPkt=1,rttWn=17,cgt=0,cgtWn=0
04-24 12:56:09.326 1176 1406 I HuaweiWifiWatchdogStateMachine: PTcp RTT:0, rtt pkt=0, tcp_rx=0, tcp_tx=0, tcp_reTran=0, rtRate=0
04-24 12:56:09.326 1176 1406 D HuaweiWifiWatchdogStateMachine: mRssiBadCount =0, RSSI not bad.
04-24 12:56:09.326 1176 1406 D HuaweiWifiWatchdogStateMachine: detectNetworkAvailable:hw.wifipro.dns_fail_count = 131
04-24 12:56:09.326 1176 1406 D HuaweiWifiWatchdogStateMachine: bqeLevel = 2 rtt=0,rtt_pkts=0 speed=37 rssi=-29
04-24 12:56:09.326 1176 1406 D HuaweiWifiWatchdogStateMachine: Enter updateQoeLevel level = 2
04-24 12:56:09.326 1176 1406 D HuaweiWifiWatchdogStateMachine: updateQoeLevel current level equal to mLastDetectLevel, return
04-24 12:56:09.326 1176 1406 D HuaweiWifiWatchdogStateMachine: did not have any network action
04-24 12:56:09.329 1176 3515 I MQoS : QOS_level:0(0),wifi-link;SIM error;use level-0
04-24 12:56:10.692 1176 1176 I TrafficMonitor: update:rxPkts:0,txPkts:0,rxBytes:0,txBytes:0
04-24 12:56:10.693 1176 1176 I TrafficMonitor: start expired. level:-1
04-24 12:56:10.693 1176 1176 I TrafficMonitor: gettimer:interval=2000
04-24 12:56:11.683 1176 1176 I TrafficMonitor: expired arrive. level:-1
04-24 12:56:11.684 1176 1176 I TrafficMonitor: during_ms:2006,period_ms:2000
04-24 12:56:11.684 1176 1176 I TrafficMonitor: count:908,rx_sum:0,tx_sum:0,rxBytes:0,during_ms:2006,rx_speed:0.0,tx_speed:0.0,rto:0.0
04-24 12:56:11.684 1176 1176 D HuaweiWifiWatchdogStateMachine: speed: rxpkt:0, rxSpd:0B/s, txpkt:0, txSpd:0
04-24 12:56:11.818 1176 1338 D HwWifiStatStore: handleMessage : 200
04-24 12:56:12.009 777 777 E : [E/capacity_limit_control] not demo version, not set power control prop!
04-24 12:56:12.521 1176 1392 D HwArpVerifier: performPollAndLog:
04-24 12:56:12.522 1176 1392 D hw_netstat: total/0/0
04-24 12:56:12.585 487 620 W SocketListener: sending broadcast to Pid = 1176, Uid = 1000
04-24 12:56:12.586 1176 1332 D NetdConnector: RCV <- {613 IfaceClass active 1 353760742253155 10824}
04-24 12:56:12.588 1176 1332 D NetdConnector: RCV <- {613 IfaceClass active 1 353760742253155 10824}
04-24 12:56:12.589 1176 1202 D NetdConnector: RCV unsolicited event from native daemon, event = 613
04-24 12:56:12.695 1176 1176 I TrafficMonitor: update:rxPkts:5,txPkts:5,rxBytes:695,txBytes:1441
04-24 12:56:12.695 1176 1176 I TrafficMonitor: start expired. level:-1
04-24 12:56:12.695 1176 1176 I TrafficMonitor: gettimer:interval=2000
04-24 12:56:13.092 1729 23345 I DownloadState: 0 transmitting data speed : 8 bytes/s scroff: true
04-24 12:56:13.092 1729 23345 I DownloadState: 10824 transmitting data speed : 419 bytes/s scroff: true
04-24 12:56:14.698 1176 1176 I TrafficMonitor: update:rxPkts:7,txPkts:7,rxBytes:3369,txBytes:991
04-24 12:56:14.698 1176 1176 I TrafficMonitor: start expired. level:-1
04-24 12:56:14.698 1176 1176 I TrafficMonitor: gettimer:interval=2000
04-24 12:56:14.825 1176 1338 D HwWifiStatStore: handleMessage : 200
04-24 12:56:16.703 1176 1176 I TrafficMonitor: update:rxPkts:0,txPkts:0,rxBytes:0,txBytes:0
04-24 12:56:16.704 1176 1176 I TrafficMonitor: start expired. level:-1
04-24 12:56:16.704 1176 1176 I TrafficMonitor: gettimer:interval=2000
04-24 12:56:17.020 777 777 E : [E/capacity_limit_control] not demo version, not set power control prop!
04-24 12:56:17.319 742 742 E wificond: Failed to get NL80211_RATE_INFO_NOISE
04-24 12:56:17.319 742 742 E wificond: Failed to get NL80211_RATE_INFO_SNR
04-24 12:56:17.319 742 742 E wificond: Failed to get NL80211_STA_INFO_CNAHLOAD
04-24 12:56:17.320 1176 1337 E WificondControl: Noise: 0, Snr: -1, Chload: -1
04-24 12:56:17.322 1176 1339 D HwWifiCHRStateManager: handleMessage : 1001
04-24 12:56:17.322 1176 1339 D HwWifiCHRStateManager: handleUpdateChannel:2412
04-24 12:56:17.322 1176 1339 V HwWifiServiceFactory: get AllImpl object = com.android.server.wifi.HwWifiServiceFactoryImpl@2205edc
04-24 12:56:17.326 742 742 E wificond: Failed to get NL80211_RATE_INFO_NOISE
04-24 12:56:17.326 742 742 E wificond: Failed to get NL80211_RATE_INFO_SNR
04-24 12:56:17.326 742 742 E wificond: Failed to get NL80211_STA_INFO_CNAHLOAD
04-24 12:56:17.328 1176 1406 D HuaweiWifiWatchdogStateMachine: LM mrssi=-29
04-24 12:56:17.328 1176 1176 D WiFi_PRO: MSG_RETURN_AP_CURRY_RSSI rssi = -29
04-24 12:56:17.328 1176 1406 D HuaweiWifiWatchdogStateMachine: a4:fa:**:**:eb:b0 current loss[-45]=0%, volume=11
04-24 12:56:17.328 1176 1176 I QosMonitor: queryRtt: rtt_type = 3
04-24 12:56:17.329 1176 1406 D HuaweiWifiWatchdogStateMachine: a4:fa:**:**:eb:b0 history loss[-45]=0%, volume=13825636
04-24 12:56:17.329 1176 1176 I HwQoEJNI: send_cmd_kernel. begin
04-24 12:56:17.329 1176 1406 I HuaweiWifiWatchdogStateMachine: spd good count:0, add sc:0.0, rate:1.0
04-24 12:56:17.329 1176 1176 I HwQoEJNI: send_cmd_kernel. end
04-24 12:56:17.329 1176 1406 I HuaweiWifiWatchdogStateMachine: current mHighDataFlowRate = 1.0
04-24 12:56:17.329 1176 1406 I HuaweiWifiWatchdogStateMachine: POta txb txg rxg:0, 166, 0. Lr =0% Totpkt=166
04-24 12:56:17.329 1176 1176 I QosMonitor: postEventFromNative: msg=100,arg1=4,arg2=10
04-24 12:56:17.330 1176 1176 I HwQoEJNI: send_cmd_kernel. begin
04-24 12:56:17.330 1176 1176 I HwQoEJNI: send_cmd_kernel. end
04-24 12:56:17.330 1176 1176 I QosMonitor: postEventFromNative: msg=100,arg1=0,arg2=10
04-24 12:56:17.330 1176 1176 D HuaweiWifiWatchdogStateMachine: a4:fa:**:**:eb:b0 current RTT[-45]=140, volume=6
04-24 12:56:17.330 1176 1176 D HuaweiWifiWatchdogStateMachine: a4:fa:**:**:eb:b0 history RTT[-45]=510, volume=60859
04-24 12:56:17.330 1176 1176 D HuaweiWifiWatchdogStateMachine: setSampleRtt: rtt=140,rtt_pkts =6,rtt_when=2
04-24 12:56:17.332 1176 1176 I MQoS : rtt=140,tcp_tx_pkts=480958,tcp_rx_pkts=921423
04-24 12:56:17.332 1176 1176 I QosMonitor: resetRtt: rtt_type = 3
04-24 12:56:17.332 1176 1406 D HuaweiWifiWatchdogStateMachine: dumpTcpResult: len=10,rtt=140,rttPkt=6,rttWn=2,cgt=0,cgtWn=0
04-24 12:56:17.332 1176 1176 I HwQoEJNI: send_cmd_kernel. begin
04-24 12:56:17.332 1176 1406 I HuaweiWifiWatchdogStateMachine: PTcp RTT:140, rtt pkt=6, tcp_rx=12, tcp_tx=12, tcp_reTran=0, rtRate=0
04-24 12:56:17.332 1176 1406 D HuaweiWifiWatchdogStateMachine: isRttGood is good, AvgRtt = 140, TotPkt = 6
04-24 12:56:17.333 1176 1176 I HwQoEJNI: send_cmd_kernel. end
04-24 12:56:17.333 1176 1406 D HuaweiWifiWatchdogStateMachine: mRssiBadCount =0, RSSI not bad.
04-24 12:56:17.333 1176 1406 D HuaweiWifiWatchdogStateMachine: detectNetworkAvailable:hw.wifipro.dns_fail_count = 131
04-24 12:56:17.333 1176 1406 D HuaweiWifiWatchdogStateMachine: detectNetworkAvailable: tcpRxPkts != 0, reset
04-24 12:56:17.333 1176 1406 I HuaweiWifiWatchdogStateMachine: rs ota tcp lr rttvb bad: false, false, false, false, false; rsth:-75
04-24 12:56:17.333 1176 1406 D HuaweiWifiWatchdogStateMachine: GSC:0, GSR:1.0, RSR:1.0, RTH:-75
04-24 12:56:17.333 1176 1406 D HuaweiWifiWatchdogStateMachine: goodperiod count=1, rb rttg sg =false, true, false
04-24 12:56:17.333 1176 1406 D HuaweiWifiWatchdogStateMachine: bqeLevel = 3 rtt=140,rtt_pkts=6 speed=37 rssi=-29
04-24 12:56:17.333 1176 1406 D HuaweiWifiWatchdogStateMachine: Enter updateQoeLevel level = 3
04-24 12:56:17.333 1176 1406 D HuaweiWifiWatchdogStateMachine: updateQoeLevel need two more periods, return
04-24 12:56:17.333 1176 1406 I HuaweiWifiWatchdogStateMachine: pkt chk not bad, reset sc to 0.
04-24 12:56:17.333 1176 1406 D HuaweiWifiWatchdogStateMachine: ### mPktChkBadCnt=0
04-24 12:56:17.335 1176 3109 D HwUidTcpMonitor: parseWlanUidTcpStatistics lastUidTcpStatInfo = [ mUid = 10824 mPacketName = com.tencent.mm mSendSegs = 215 mResendSegs = 0 mRcvSegs = 157 ]
04-24 12:56:17.346 1176 3515 I MQoS : QOS_level:0(0),wifi-link;SIM error;use level-0
04-24 12:56:17.528 1176 1392 D HwArpVerifier: performPollAndLog:
04-24 12:56:17.533 1176 1392 D hw_netstat: total/4064/2432,com.tencent.mm/3984/2432,unknown:0/80/0
04-24 12:56:17.696 1176 1176 I TrafficMonitor: expired arrive. level:-1
04-24 12:56:17.697 1176 1176 I TrafficMonitor: during_ms:2005,period_ms:2000
04-24 12:56:17.697 1176 1176 I TrafficMonitor: count:911,rx_sum:0,tx_sum:0,rxBytes:0,during_ms:2005,rx_speed:0.0,tx_speed:0.0,rto:0.0
04-24 12:56:17.697 1176 1176 D HuaweiWifiWatchdogStateMachine: speed: rxpkt:0, rxSpd:0B/s, txpkt:0, txSpd:0
04-24 12:56:17.828 1176 1338 D HwWifiStatStore: handleMessage : 200
04-24 12:56:18.098 1729 23345 I DownloadState: 0 transmitting data speed : 8 bytes/s scroff: true
04-24 12:56:18.099 1729 23345 I DownloadState: 10824 transmitting data speed : 864 bytes/s scroff: true
04-24 12:56:18.358 3756 3774 D LogUtil_LogConfig: obtainSavePath(): path = 1
04-24 12:56:18.362 3756 3774 D LogUtil_LogConfig: getLogFile(): logFilePath = /data/data/com.huawei.health/files/com.huawei.health/com.huawei.health_DaemonService/
04-24 12:56:18.363 3756 3774 D LogUtil_LogConfig: obtainSavePath(): path = 1
04-24 12:56:18.363 3756 3774 D LogUtil_LogConfig: acquireMaxLogFileLengthContainsOffset describe: com.huawei.health:DaemonService result:5242880
04-24 12:56:18.363 3756 3774 D LogUtil_LogConfig: obtainSavePath(): path = 1
04-24 12:56:18.366 3756 3774 D LogUtil_LogConfig: getLogFileRoot(): logFilePath = /data/data/com.huawei.health/files/com.huawei.health/com.huawei.health_DaemonService/
04-24 12:56:18.708 1176 1176 I TrafficMonitor: update:rxPkts:0,txPkts:0,rxBytes:0,txBytes:0
04-24 12:56:18.709 1176 1176 I TrafficMonitor: start expired. level:-1
04-24 12:56:18.709 1176 1176 I TrafficMonitor: gettimer:interval=2000
04-24 12:56:19.500 1176 1589 W Watchdog: hungtask: writing kick
04-24 12:56:19.505 1176 1202 I EventHub: EventHub monitor: no key events in the past 2713s, no motion events in the past 2714s
04-24 12:56:20.715 1176 1176 I TrafficMonitor: update:rxPkts:11,txPkts:11,rxBytes:9235,txBytes:1360
04-24 12:56:20.715 1176 1176 I TrafficMonitor: start expired. level:-1
04-24 12:56:20.716 1176 1176 I TrafficMonitor: gettimer:interval=2000
04-24 12:56:20.836 1176 1338 D HwWifiStatStore: handleMessage : 200
04-24 12:56:22.031 777 777 E : [E/capacity_limit_control] not demo version, not set power control prop!
04-24 12:56:22.539 1176 1392 D HwArpVerifier: performPollAndLog:
04-24 12:56:22.544 1176 1392 D hw_netstat: total/9235/1360,com.tencent.mm/9195/1360,unknown:0/40/0
04-24 12:56:22.714 1176 1490 V BroadcastQueue: Finished with ordered broadcast BroadcastRecord{ad98401 u0 com.tencent.mm.plugin.report.service.KVCommCrossProcessReceiver}
04-24 12:56:22.722 1176 1176 I TrafficMonitor: update:rxPkts:0,txPkts:0,rxBytes:0,txBytes:0
04-24 12:56:22.722 1176 1176 I TrafficMonitor: start expired. level:-1
04-24 12:56:22.722 1176 1176 I TrafficMonitor: gettimer:interval=2000
04-24 12:56:23.103 1729 23345 I DownloadState: 0 transmitting data speed : 8 bytes/s scroff: true
04-24 12:56:23.104 1729 23345 I DownloadState: 10824 transmitting data speed : 2111 bytes/s scroff: true
04-24 12:56:23.711 1176 1176 I TrafficMonitor: expired arrive. level:-1
04-24 12:56:23.712 1176 1176 I TrafficMonitor: during_ms:2007,period_ms:2000
04-24 12:56:23.712 1176 1176 I TrafficMonitor: count:914,rx_sum:0,tx_sum:0,rxBytes:0,during_ms:2007,rx_speed:0.0,tx_speed:0.0,rto:0.0
04-24 12:56:23.712 1176 1176 D HuaweiWifiWatchdogStateMachine: speed: rxpkt:0, rxSpd:0B/s, txpkt:0, txSpd:0
04-24 12:56:23.842 1176 1338 D HwWifiStatStore: handleMessage : 200
04-24 12:56:24.726 1176 1176 I TrafficMonitor: update:rxPkts:0,txPkts:0,rxBytes:0,txBytes:0
04-24 12:56:24.727 1176 1176 I TrafficMonitor: start expired. level:-1
04-24 12:56:24.727 1176 1176 I TrafficMonitor: gettimer:interval=2000
04-24 12:56:25.324 742 742 E wificond: Failed to get NL80211_RATE_INFO_NOISE
04-24 12:56:25.324 742 742 E wificond: Failed to get NL80211_RATE_INFO_SNR
04-24 12:56:25.324 742 742 E wificond: Failed to get NL80211_STA_INFO_CNAHLOAD
04-24 12:56:25.325 1176 1337 E WificondControl: Noise: 0, Snr: -1, Chload: -1
04-24 12:56:25.326 1176 1339 D HwWifiCHRStateManager: handleMessage : 1001
04-24 12:56:25.326 1176 1339 D HwWifiCHRStateManager: handleUpdateChannel:2412
04-24 12:56:25.326 1176 1339 V HwWifiServiceFactory: get AllImpl object = com.android.server.wifi.HwWifiServiceFactoryImpl@2205edc
04-24 12:56:25.330 742 742 E wificond: Failed to get NL80211_RATE_INFO_NOISE
04-24 12:56:25.330 742 742 E wificond: Failed to get NL80211_RATE_INFO_SNR
04-24 12:56:25.331 742 742 E wificond: Failed to get NL80211_STA_INFO_CNAHLOAD
04-24 12:56:25.332 1176 1406 D HuaweiWifiWatchdogStateMachine: LM mrssi=-30
04-24 12:56:25.332 1176 1176 D WiFi_PRO: MSG_RETURN_AP_CURRY_RSSI rssi = -30
04-24 12:56:25.333 1176 1176 I QosMonitor: queryRtt: rtt_type = 3
04-24 12:56:25.333 1176 1406 D HuaweiWifiWatchdogStateMachine: a4:fa:**:**:eb:b0 current loss[-45]=0%, volume=7
04-24 12:56:25.333 1176 1406 D HuaweiWifiWatchdogStateMachine: a4:fa:**:**:eb:b0 history loss[-45]=0%, volume=13825643
04-24 12:56:25.333 1176 1176 I HwQoEJNI: send_cmd_kernel. begin
04-24 12:56:25.333 1176 1406 I HuaweiWifiWatchdogStateMachine: spd good count:0, add sc:0.0, rate:1.0
04-24 12:56:25.333 1176 1176 I HwQoEJNI: send_cmd_kernel. end
04-24 12:56:25.333 1176 1406 I HuaweiWifiWatchdogStateMachine: current mHighDataFlowRate = 1.0
