04-24 12:45:42.470 1176 1176 I TrafficMonitor: gettimer:interval=5000
04-24 12:45:42.470 1176 1176 I TrafficMonitor: during_ms:5011,period_ms:2000
04-24 12:45:42.470 1176 1176 I TrafficMonitor: count:701,rx_sum:0,tx_sum:0,rxBytes:0,during_ms:5011,rx_speed:0.0,tx_speed:0.0,rto:0.0
04-24 12:45:42.470 1176 1176 D HuaweiWifiWatchdogStateMachine: speed: rxpkt:0, rxSpd:0B/s, txpkt:0, txSpd:0
04-24 12:45:43.452 1176 1338 D HwWifiStatStore: handleMessage : 200
04-24 12:45:43.779 1176 1392 D HwArpVerifier: check_wifi_state_mode = 0 mCheckStateToken=25 token25
04-24 12:45:43.782 1176 1392 D wifiserviceimpl: netmask =16777215
04-24 12:45:43.842 1176 1392 D HWMultiGW: setGateWay 192.168.1.1
04-24 12:45:44.749 742 742 E wificond: Failed to get NL80211_RATE_INFO_NOISE
04-24 12:45:44.749 742 742 E wificond: Failed to get NL80211_RATE_INFO_SNR
04-24 12:45:44.749 742 742 E wificond: Failed to get NL80211_STA_INFO_CNAHLOAD
04-24 12:45:44.750 1176 1337 E WificondControl: Noise: 0, Snr: -1, Chload: -1
04-24 12:45:44.751 1176 1339 D HwWifiCHRStateManager: handleMessage : 1001
04-24 12:45:44.751 1176 1339 D HwWifiCHRStateManager: handleUpdateChannel:2412
04-24 12:45:44.752 1176 1339 V HwWifiServiceFactory: get AllImpl object = com.android.server.wifi.HwWifiServiceFactoryImpl@2205edc
04-24 12:45:44.756 742 742 E wificond: Failed to get NL80211_RATE_INFO_NOISE
04-24 12:45:44.756 742 742 E wificond: Failed to get NL80211_RATE_INFO_SNR
04-24 12:45:44.756 742 742 E wificond: Failed to get NL80211_STA_INFO_CNAHLOAD
04-24 12:45:44.760 1176 1406 D HuaweiWifiWatchdogStateMachine: LM mrssi=-29
04-24 12:45:44.760 1176 1176 D WiFi_PRO: MSG_RETURN_AP_CURRY_RSSI rssi = -29
04-24 12:45:44.760 1176 1406 D HuaweiWifiWatchdogStateMachine: a4:fa:**:**:eb:b0 current loss[-45]=0%, volume=1
04-24 12:45:44.760 1176 1176 I QosMonitor: queryRtt: rtt_type = 3
04-24 12:45:44.761 1176 1406 D HuaweiWifiWatchdogStateMachine: a4:fa:**:**:eb:b0 history loss[-45]=0%, volume=13825568
04-24 12:45:44.761 1176 1176 I HwQoEJNI: send_cmd_kernel. begin
04-24 12:45:44.761 1176 1176 I HwQoEJNI: send_cmd_kernel. end
04-24 12:45:44.761 1176 1176 I QosMonitor: postEventFromNative: msg=100,arg1=4,arg2=10
04-24 12:45:44.762 1176 1176 D HuaweiWifiWatchdogStateMachine: setSampleRtt: unvalid rtt
04-24 12:45:44.762 1176 1406 I HuaweiWifiWatchdogStateMachine: spd good count:0, add sc:0.0, rate:1.0
04-24 12:45:44.762 1176 1406 I HuaweiWifiWatchdogStateMachine: current mHighDataFlowRate = 1.0
04-24 12:45:44.762 1176 1406 I HuaweiWifiWatchdogStateMachine: POta txb txg rxg:0, 98, 0. Lr =0% Totpkt=98
04-24 12:45:44.763 1176 1176 I HwQoEJNI: send_cmd_kernel. begin
04-24 12:45:44.764 1176 1176 I HwQoEJNI: send_cmd_kernel. end
04-24 12:45:44.764 1176 1176 I QosMonitor: postEventFromNative: msg=100,arg1=0,arg2=10
04-24 12:45:44.765 1176 1176 I MQoS : rtt=240,tcp_tx_pkts=480934,tcp_rx_pkts=921405
04-24 12:45:44.765 1176 1406 D HuaweiWifiWatchdogStateMachine: dumpTcpResult: len=10,rtt=240,rttPkt=1,rttWn=180,cgt=0,cgtWn=0
04-24 12:45:44.766 1176 1406 I HuaweiWifiWatchdogStateMachine: PTcp RTT:0, rtt pkt=0, tcp_rx=0, tcp_tx=0, tcp_reTran=0, rtRate=0
04-24 12:45:44.766 1176 1406 D HuaweiWifiWatchdogStateMachine: mRssiBadCount =0, RSSI not bad.
04-24 12:45:44.766 1176 1406 D HuaweiWifiWatchdogStateMachine: detectNetworkAvailable:hw.wifipro.dns_fail_count = 131
04-24 12:45:44.766 1176 1406 D HuaweiWifiWatchdogStateMachine: bqeLevel = 2 rtt=0,rtt_pkts=0 speed=37 rssi=-29
04-24 12:45:44.766 1176 1406 D HuaweiWifiWatchdogStateMachine: Enter updateQoeLevel level = 2
04-24 12:45:44.767 1176 1406 D HuaweiWifiWatchdogStateMachine: updateQoeLevel current level equal to mLastDetectLevel, return
04-24 12:45:44.767 1176 1406 D HuaweiWifiWatchdogStateMachine: did not have any network action
04-24 12:45:44.777 1176 3515 I MQoS : QOS_level:0(0),wifi-link;SIM error;use level-0
04-24 12:45:44.845 1176 1392 D HwArpVerifier: getGateWayARPResponses: arp rtt = 11
04-24 12:45:44.845 1176 1392 E HwCHRWifiRSSIGroupSummery: updatArpSummery mRSSI:-29 HwCHRWifiRSSIGroup [rssi_index=4, rtt_tcp_packets=0, rtt_tcp_duration=0, rtt_lan_duration=7797, rtt_lan_failures=0, rtt_lan_succ=380, rtt_lan_max=939, rtt_lan_min=0,same_area_frequency=0,adjacent_area_frequency=0]
04-24 12:45:44.962 1176 1392 D HwArpVerifier: There are 1 mac address for gateway
04-24 12:45:44.962 1176 1392 D HwArpVerifier: from HEART_CHECK transmit to state:HEART_CHECK
04-24 12:45:44.963 1176 1392 D HwArpVerifier: msg what=124 arg1(token)=25 arg2(mode)=0 delay=30000
04-24 12:45:44.963 1176 1392 D HwArpVerifier: performPollAndLog:
04-24 12:45:44.967 1176 1392 D hw_netstat: total/0/0
04-24 12:45:45.087 1176 1176 D HwInnerWifiManagerImpl: SupplicantState = COMPLETED
04-24 12:45:45.087 1176 1176 D HwInnerWifiManagerImpl: isPhoneAP = false
04-24 12:45:45.088 1463 1463 D KeyguardUpdateMonitor: received broadcast android.intent.action.BATTERY_CHANGED
04-24 12:45:45.089 1463 1463 W KeyguardUpdateMonitor: ACTION_BATTERY_CHANGED AMP: 500000; Volt: 5000000
04-24 12:45:45.089 1176 1176 D HwInnerWifiManagerImpl: SupplicantState = COMPLETED
04-24 12:45:45.089 1176 1176 D HwInnerWifiManagerImpl: isPhoneAP = false
04-24 12:45:45.089 1463 1463 V KeyguardUpdateMonitor: RefreshBatteryInfo isBatteryLow: 75
04-24 12:45:45.089 1176 1176 D WifiStateMachine: mBcastReceiver: PluggedType = 2 mIsScanCtrlPluggedin = true
04-24 12:45:45.089 1463 1463 W KeyguardUpdateMonitor: ChargingSpeed Wattage: 2500000 ST: 5000000 --> 7500000
04-24 12:45:45.089 1463 1463 I KgBattery: BatteryInfo updated: 2lPc0
04-24 12:45:45.089 1463 1463 W AppHandler: sendMessage with obj100
04-24 12:45:45.089 1463 1463 D KeyguardUpdateMonitor: handleBatteryUpdate
04-24 12:45:45.089 1176 1176 D HwWifiService: mPluggedType =2
04-24 12:45:45.089 1463 1463 W HwLockScreenPanel: Handle message: 100
04-24 12:45:45.089 1463 1463 W HwKeyguardBottomArea: updateBatteryInfo : false true
04-24 12:45:45.090 1463 1463 W KgBattery: getCharge info with type: text
04-24 12:45:45.093 1176 1176 D WifiService: onReceive, action:android.intent.action.BATTERY_CHANGED
04-24 12:45:45.093 1176 1176 D WifiService: ACTION_BATTERY_CHANGED pluggedType: 2
04-24 12:45:45.094 5515 5671 E CloudAlbum[8.1.2.309]: [ReceiverManager] not log on ignore
04-24 12:45:45.099 1729 1729 I MsgReceiver: intent action: android.intent.action.BATTERY_CHANGED
04-24 12:45:45.100 1463 1463 W HwLockScreenPanel: refreshBatteryInfo: null
04-24 12:45:45.337 777 777 E : [E/capacity_limit_control] not demo version, not set power control prop!
04-24 12:45:46.459 1176 1338 D HwWifiStatStore: handleMessage : 200
04-24 12:45:47.472 1176 1176 I TrafficMonitor: expired arrive. level:-1
04-24 12:45:47.474 1176 1176 I TrafficMonitor: update:rxPkts:0,txPkts:0,rxBytes:0,txBytes:0
04-24 12:45:47.474 1176 1176 I TrafficMonitor: start expired. level:-1
04-24 12:45:47.474 1176 1176 I TrafficMonitor: gettimer:interval=5000
04-24 12:45:47.475 1176 1176 I TrafficMonitor: during_ms:5005,period_ms:2000
04-24 12:45:47.475 1176 1176 I TrafficMonitor: count:702,rx_sum:0,tx_sum:0,rxBytes:0,during_ms:5005,rx_speed:0.0,tx_speed:0.0,rto:0.0
04-24 12:45:47.475 1176 1176 D HuaweiWifiWatchdogStateMachine: speed: rxpkt:0, rxSpd:0B/s, txpkt:0, txSpd:0
04-24 12:45:49.429 1176 1589 W Watchdog: hungtask: writing kick
04-24 12:45:49.434 1176 1202 I EventHub: EventHub monitor: no key events in the past 2083s, no motion events in the past 2084s
04-24 12:45:49.467 1176 1338 D HwWifiStatStore: handleMessage : 200
04-24 12:45:49.973 1176 1392 D HwArpVerifier: performPollAndLog:
04-24 12:45:49.978 1176 1392 D hw_netstat: total/0/0
04-24 12:45:50.347 777 777 E : [E/capacity_limit_control] not demo version, not set power control prop!
04-24 12:45:51.534 1176 1302 W AlarmManager: mIsScreenOn is: false, WAKEUP alarm trigger action = com.huawei.push.alarm.HEARTBEAT package name is: android
04-24 12:45:51.540 1176 1176 V AlarmManager: Received TIME_TICK alarm; rescheduling
04-24 12:45:51.570 4414 4414 I PushLog2955: [main-1]action is com.huawei.push.alarm.HEARTBEAT(android/:307)
04-24 12:45:51.579 4414 4414 I PushLog2955: [main-1]dispatchIntent over(android/:210)
04-24 12:45:51.582 4414 4431 I PushLog2955: [ReceiverDispatcher-277]com.huawei.push.alarm.HEARTBEAT alarm trigger, expectTriggerTime:0, current trigger time:1587703551581(android/:78)
04-24 12:45:51.582 4414 4431 I PushLog2955: [ReceiverDispatcher-277]heartbeatArrive(android/:140)
04-24 12:45:51.584 1176 1176 I HwAlarmManagerService: hwSetAlarm listenerTag: time_tick
04-24 12:45:51.589 4414 4431 I PushLog2955: [ReceiverDispatcher-277]heartbeatArrive, send heart beat(android/:147)
04-24 12:45:51.592 1463 1463 E DateView: DateView,mCurrentTime: 1587703551592
04-24 12:45:51.592 1176 1728 V BroadcastQueue: Finished with ordered broadcast BroadcastRecord{8e56cd3 u0 com.huawei.push.alarm.HEARTBEAT}
04-24 12:45:51.597 4414 4431 I PushLog2955: [ReceiverDispatcher-277]not support bastet in wifi(android/:101)
04-24 12:45:51.598 4414 4431 I PushLog2955: [ReceiverDispatcher-277]init push bastet failed!(android/:81)
04-24 12:45:51.604 4414 4431 I PushLog2955: [ReceiverDispatcher-277] get charing (android/:840)
04-24 12:45:51.605 4414 4431 I PushLog2955: [ReceiverDispatcher-277] get charing true(android/:842)
04-24 12:45:51.606 4414 4431 I PushLog2955: [ReceiverDispatcher-277]set HEARTBEAT_RSP_TIMEOUT Alarm(android/:364)
04-24 12:45:51.606 4414 4431 I PushLog2955: [ReceiverDispatcher-277]enter AlarmTools:setExactAlarm(intent:Intent { act=com.huawei.android.push.intent.HEARTBEAT_RSP_TIMEOUT pkg=android } interval:10000ms(android/:24)
04-24 12:45:51.606 4414 4431 I PushLog2955: [ReceiverDispatcher-277]setExactAlarm expectTriggerTime:1587703561606(android/:27)
04-24 12:45:51.608 1176 1728 V BroadcastQueue: Finished with ordered broadcast BroadcastRecord{f2a709 u0 com.tencent.mm.TrafficStatsReceiver}
04-24 12:45:51.612 4414 4431 I PushLog2955: [ReceiverDispatcher-277]next Heartbeat timeout for push server is:5.0(android/:374)
04-24 12:45:51.613 4414 4431 I PushLog2955: [ReceiverDispatcher-277]process cmdid to send to pushSrv:DA, subCmdId:FF(android/:106)
04-24 12:45:51.613 1463 1463 W HwKeyguardDragHelper: AnimationBlocked
04-24 12:45:51.615 487 620 W SocketListener: sending broadcast to Pid = 1176, Uid = 1000
04-24 12:45:51.615 1463 1463 I EventCenter: EventCenter Get :android.intent.action.TIME_TICK
04-24 12:45:51.616 1463 1463 W ResourceType: No known package when getting value for resource number 0xffffffff
04-24 12:45:51.617 1463 1463 E DateLunarView: mDateString is: 4月24日星期五
04-24 12:45:51.617 1176 1332 D NetdConnector: RCV <- {613 IfaceClass active 1 353139771262625 1000}
04-24 12:45:51.617 1463 1463 W ResourceType: No known package when getting value for resource number 0xffffffff
04-24 12:45:51.617 1463 1463 E DateLunarView: mDateString is: 4月24日星期五
04-24 12:45:51.619 4414 4431 I PushLog2955: [ReceiverDispatcher-277]send msg to remote srv success(android/:110)
04-24 12:45:51.618 1176 1332 D NetdConnector: RCV <- {613 IfaceClass active 1 353139771262625 1000}
04-24 12:45:51.619 1176 1202 D NetdConnector: RCV unsolicited event from native daemon, event = 613
04-24 12:45:51.620 1106 1119 I OAM : [check_file_size:505]/data/log/wifi/wifi_log_1 log file beyond size=10240Byte, creat new file
04-24 12:45:51.620 1106 1119 I OAM : [rename_old_file:210]rename_old_file
04-24 12:45:51.620 1106 1119 I OAM :
04-24 12:45:51.623 1463 1463 D WeatherHelper: City info empty
04-24 12:45:51.626 1463 1463 D WeatherHelper: City info empty
04-24 12:45:51.626 1463 1463 D KeyguardUpdateMonitor: received broadcast android.intent.action.TIME_TICK
04-24 12:45:51.627 1463 1463 D KeyguardUpdateMonitor: handleTimeUpdate
04-24 12:45:51.627 1463 1782 I KeyguardStatusView: Runnable for refresh
04-24 12:45:51.628 1770 1770 I HwLauncher: Model onReceive intent=Intent { act=android.intent.action.TIME_TICK flg=0x50200014 hwFlg=0x900 (has extras) }
04-24 12:45:51.629 1770 1770 I HwLauncher: Model onReceive user=UserHandle{0}
04-24 12:45:51.630 1463 1463 D WeatherHelper: City info empty
04-24 12:45:51.643 3756 3806 I Step_LSC: 80001355|processHandleBroadcastAction action:android.intent.action.TIME_TICK
04-24 12:45:51.649 1176 1728 V BroadcastQueue: Finished with ordered broadcast BroadcastRecord{85c46c2 u-1 android.intent.action.TIME_TICK}
04-24 12:45:51.656 4414 23368 I PushLog2955: [SocketRead_07:00:12-666]process cmdid to receive from pushSrv:DB, subCmdId:FF(android/:269)
04-24 12:45:51.658 4414 23368 I PushLog2955: [SocketRead_07:00:12-666]enter adjustHeartBeat:(findHeartBeat:true,isHearBeatTimeReq:true,RspTimeOut:false,beatInterval:300000,bestHBSuccessCount:0,range:[180000,300000])(android/:120)
04-24 12:45:51.659 4414 23368 I PushLog2955: [SocketRead_07:00:12-666]judgeFindBestHB and isBestHBTimeOut: falseisOffset: false(android/:170)
04-24 12:45:51.659 4414 23368 I PushLog2955: [SocketRead_07:00:12-666]after delayHeartBeatReq, nextHeartBeatTime, will be [300000,300000] ms later(android/:501)
04-24 12:45:51.662 4414 23368 I PushLog2955: [SocketRead_07:00:12-666]dispatchIntent over(android/:210)
04-24 12:45:51.663 4414 4431 I PushLog2955: [ReceiverDispatcher-277]com.huawei.android.push.intent.MSG_RECEIVED alarm trigger, expectTriggerTime:0, current trigger time:1587703551663(android/:78)
04-24 12:45:51.716 1463 1463 D WeatherHelper: City info empty
04-24 12:45:51.716 1463 1463 D DateTimeView: Change to single clock mode!
04-24 12:45:51.718 1463 1463 D WeatherHelper: City info empty
04-24 12:45:51.718 1463 1463 D WeatherHelper: City info empty
04-24 12:45:51.719 1463 1463 D DateTimeView: Change to single clock mode!
04-24 12:45:51.720 1463 1463 D WeatherHelper: City info empty
04-24 12:45:52.472 1176 1338 D HwWifiStatStore: handleMessage : 200
04-24 12:45:52.476 1176 1176 I TrafficMonitor: expired arrive. level:-1
04-24 12:45:52.478 1176 1176 I TrafficMonitor: update:rxPkts:2,txPkts:3,rxBytes:131,txBytes:199
04-24 12:45:52.478 1176 1176 I TrafficMonitor: start expired. level:-1
04-24 12:45:52.478 1176 1176 I TrafficMonitor: gettimer:interval=2000
04-24 12:45:52.479 1176 1176 I TrafficMonitor: during_ms:5003,period_ms:2000
04-24 12:45:52.479 1176 1176 I TrafficMonitor: count:703,rx_sum:2,tx_sum:3,rxBytes:131,during_ms:5003,rx_speed:26.184289426344193,tx_speed:39.77613431940836,rto:0.6666666666666666
04-24 12:45:52.479 1176 1176 D HuaweiWifiWatchdogStateMachine: speed: rxpkt:2, rxSpd:26B/s, txpkt:3, txSpd:39
04-24 12:45:52.503 1729 23345 I DownloadState: 0 transmitting data speed : 28 bytes/s scroff: true
04-24 12:45:52.504 1729 23345 I DownloadState: 1000 transmitting data speed : 38 bytes/s scroff: true
04-24 12:45:52.749 742 742 E wificond: Failed to get NL80211_RATE_INFO_NOISE
04-24 12:45:52.749 742 742 E wificond: Failed to get NL80211_RATE_INFO_SNR
04-24 12:45:52.749 742 742 E wificond: Failed to get NL80211_STA_INFO_CNAHLOAD
04-24 12:45:52.750 1176 1337 E WificondControl: Noise: 0, Snr: -1, Chload: -1
04-24 12:45:52.752 1176 1339 D HwWifiCHRStateManager: handleMessage : 1001
04-24 12:45:52.752 1176 1339 D HwWifiCHRStateManager: handleUpdateChannel:2412
04-24 12:45:52.752 1176 1339 V HwWifiServiceFactory: get AllImpl object = com.android.server.wifi.HwWifiServiceFactoryImpl@2205edc
04-24 12:45:52.756 742 742 E wificond: Failed to get NL80211_RATE_INFO_NOISE
04-24 12:45:52.756 742 742 E wificond: Failed to get NL80211_RATE_INFO_SNR
04-24 12:45:52.756 742 742 E wificond: Failed to get NL80211_STA_INFO_CNAHLOAD
04-24 12:45:52.758 1176 1406 D HuaweiWifiWatchdogStateMachine: LM mrssi=-28
04-24 12:45:52.758 1176 1406 D HuaweiWifiWatchdogStateMachine: a4:fa:**:**:eb:b0 current loss[-45]=0%, volume=3
04-24 12:45:52.758 1176 1406 D HuaweiWifiWatchdogStateMachine: a4:fa:**:**:eb:b0 history loss[-45]=0%, volume=13825571
04-24 12:45:52.759 1176 1406 I HuaweiWifiWatchdogStateMachine: spd good count:0, add sc:0.0, rate:1.0
04-24 12:45:52.759 1176 1406 I HuaweiWifiWatchdogStateMachine: current mHighDataFlowRate = 1.0
04-24 12:45:52.759 1176 1406 I HuaweiWifiWatchdogStateMachine: POta txb txg rxg:0, 101, 0. Lr =0% Totpkt=101
04-24 12:45:52.760 1176 1176 D WiFi_PRO: MSG_RETURN_AP_CURRY_RSSI rssi = -28
04-24 12:45:52.760 1176 1176 I QosMonitor: queryRtt: rtt_type = 3
04-24 12:45:52.761 1176 1176 I HwQoEJNI: send_cmd_kernel. begin
04-24 12:45:52.761 1176 1176 I HwQoEJNI: send_cmd_kernel. end
04-24 12:45:52.762 1176 1176 I QosMonitor: postEventFromNative: msg=100,arg1=4,arg2=10
04-24 12:45:52.762 1176 1176 I HwQoEJNI: send_cmd_kernel. begin
04-24 12:45:52.763 1176 1176 I HwQoEJNI: send_cmd_kernel. end
04-24 12:45:52.763 1176 1176 I QosMonitor: postEventFromNative: msg=100,arg1=0,arg2=10
04-24 12:45:52.764 1176 1176 D HuaweiWifiWatchdogStateMachine: a4:fa:**:**:eb:b0 current RTT[-45]=320, volume=1
04-24 12:45:52.764 1176 1176 D HuaweiWifiWatchdogStateMachine: a4:fa:**:**:eb:b0 history RTT[-45]=510, volume=60848
04-24 12:45:52.764 1176 1176 D HuaweiWifiWatchdogStateMachine: setSampleRtt: rtt=320,rtt_pkts =1,rtt_when=1
04-24 12:45:52.764 1176 1176 I MQoS : rtt=320,tcp_tx_pkts=480936,tcp_rx_pkts=921406
04-24 12:45:52.764 1176 1406 D HuaweiWifiWatchdogStateMachine: dumpTcpResult: len=10,rtt=320,rttPkt=1,rttWn=1,cgt=0,cgtWn=0
04-24 12:45:52.765 1176 1176 I QosMonitor: resetRtt: rtt_type = 3
04-24 12:45:52.765 1176 1406 I HuaweiWifiWatchdogStateMachine: PTcp RTT:0, rtt pkt=0, tcp_rx=1, tcp_tx=2, tcp_reTran=0, rtRate=0
04-24 12:45:52.765 1176 1406 D HuaweiWifiWatchdogStateMachine: mRssiBadCount =0, RSSI not bad.
04-24 12:45:52.765 1176 1176 I HwQoEJNI: send_cmd_kernel. begin
04-24 12:45:52.765 1176 1406 D HuaweiWifiWatchdogStateMachine: detectNetworkAvailable:hw.wifipro.dns_fail_count = 131
04-24 12:45:52.765 1176 1176 I HwQoEJNI: send_cmd_kernel. end
04-24 12:45:52.765 1176 1406 D HuaweiWifiWatchdogStateMachine: detectNetworkAvailable: tcpRxPkts != 0, reset
04-24 12:45:52.765 1176 1406 D HuaweiWifiWatchdogStateMachine: bqeLevel = 2 rtt=0,rtt_pkts=0 speed=37 rssi=-28
04-24 12:45:52.765 1176 1406 D HuaweiWifiWatchdogStateMachine: Enter updateQoeLevel level = 2
04-24 12:45:52.765 1176 1406 D HuaweiWifiWatchdogStateMachine: updateQoeLevel current level equal to mLastDetectLevel, return
04-24 12:45:52.765 1176 1406 D HuaweiWifiWatchdogStateMachine: did not have any network action
04-24 12:45:52.777 1176 3515 I MQoS : QOS_level:0(0),wifi-link;SIM error;use level-0
04-24 12:45:53.852 741 741 E Thermal-daemon: [shell_temp] temp_new :27 temp_old :28
04-24 12:45:53.854 1729 2125 I ThermalService: Receive temperature change, type: 22, temp: 27 from thermald
04-24 12:45:53.855 1729 2125 I ThermalTrace_ThermalRaise: Shell:29,28,27,currentBatteryTemp:28
04-24 12:45:53.858 1729 2560 W HwThermalStateManager: warning: no config thermal type:22 temperature:27
04-24 12:45:53.859 741 741 E Thermal-daemon: Report temperature: [shell_temp] temp :27 report_threshold:1
04-24 12:45:54.381 1176 1392 D HwArpVerifier: getIpRouteTable
04-24 12:45:54.479 1176 1392 D HwArpVerifier: Notify wifi default route is ok
04-24 12:45:54.481 1176 1176 I TrafficMonitor: update:rxPkts:0,txPkts:0,rxBytes:0,txBytes:0
04-24 12:45:54.481 1176 1176 I TrafficMonitor: start expired. level:-1
04-24 12:45:54.481 1176 1176 I TrafficMonitor: gettimer:interval=2000
04-24 12:45:54.979 1176 1392 D HwArpVerifier: performPollAndLog:
04-24 12:45:54.984 1176 1392 D hw_netstat: total/131/199,android.uid.system:1000/75/115,unknown:0/56/84
04-24 12:45:55.357 777 777 E : [E/capacity_limit_control] not demo version, not set power control prop!
04-24 12:45:55.382 1176 1288 D HwBatteryService: onUEvent fcpStatus = 0,scpStatus =0,ovpStatus=0
04-24 12:45:55.384 1176 1288 I UsbDeviceManager: water_intrused state= 0
04-24 12:45:55.400 1176 1176 D HwInnerWifiManagerImpl: SupplicantState = COMPLETED
04-24 12:45:55.400 1176 1176 D HwInnerWifiManagerImpl: isPhoneAP = false
04-24 12:45:55.401 1463 1463 D KeyguardUpdateMonitor: received broadcast android.intent.action.BATTERY_CHANGED
04-24 12:45:55.402 1176 1176 D HwInnerWifiManagerImpl: SupplicantState = COMPLETED
04-24 12:45:55.402 1463 1463 W KeyguardUpdateMonitor: ACTION_BATTERY_CHANGED AMP: 500000; Volt: 5000000
04-24 12:45:55.402 1176 1176 D HwInnerWifiManagerImpl: isPhoneAP = false
04-24 12:45:55.402 1176 1176 D WifiStateMachine: mBcastReceiver: PluggedType = 2 mIsScanCtrlPluggedin = true
04-24 12:45:55.402 1463 1463 V KeyguardUpdateMonitor: RefreshBatteryInfo isBatteryLow: 75
04-24 12:45:55.402 1463 1463 W KeyguardUpdateMonitor: ChargingSpeed Wattage: 2500000 ST: 5000000 --> 7500000
04-24 12:45:55.402 1463 1463 I KgBattery: BatteryInfo updated: 2lPc0
04-24 12:45:55.402 1463 1463 W AppHandler: sendMessage with obj100
04-24 12:45:55.402 1463 1463 D KeyguardUpdateMonitor: handleBatteryUpdate
04-24 12:45:55.402 1176 1176 D HwWifiService: mPluggedType =2
04-24 12:45:55.402 1463 1463 W HwLockScreenPanel: Handle message: 100
04-24 12:45:55.402 1463 1463 W HwKeyguardBottomArea: updateBatteryInfo : false true
04-24 12:45:55.403 1463 1463 W KgBattery: getCharge info with type: text
04-24 12:45:55.404 1176 1176 D WifiService: onReceive, action:android.intent.action.BATTERY_CHANGED
04-24 12:45:55.404 1176 1176 D WifiService: ACTION_BATTERY_CHANGED pluggedType: 2
04-24 12:45:55.409 1729 1729 I MsgReceiver: intent action: android.intent.action.BATTERY_CHANGED
04-24 12:45:55.409 5515 5671 E CloudAlbum[8.1.2.309]: [ReceiverManager] not log on ignore
04-24 12:45:55.410 1463 1463 W HwLockScreenPanel: refreshBatteryInfo: null
04-24 12:45:55.478 1176 1338 D HwWifiStatStore: handleMessage : 200
04-24 12:45:56.486 1176 1176 I TrafficMonitor: update:rxPkts:0,txPkts:0,rxBytes:0,txBytes:0
04-24 12:45:56.486 1176 1176 I TrafficMonitor: start expired. level:-1
04-24 12:45:56.486 1176 1176 I TrafficMonitor: gettimer:interval=2000
04-24 12:45:57.480 1176 1176 I TrafficMonitor: expired arrive. level:-1
04-24 12:45:57.480 1176 1176 I TrafficMonitor: during_ms:2004,period_ms:2000
04-24 12:45:57.480 1176 1176 I TrafficMonitor: count:705,rx_sum:0,tx_sum:0,rxBytes:0,during_ms:2004,rx_speed:0.0,tx_speed:0.0,rto:0.0
04-24 12:45:57.481 1176 1176 D HuaweiWifiWatchdogStateMachine: speed: rxpkt:0, rxSpd:0B/s, txpkt:0, txSpd:0
04-24 12:45:58.485 1176 1338 D HwWifiStatStore: handleMessage : 200
04-24 12:45:58.490 1176 1176 I TrafficMonitor: update:rxPkts:0,txPkts:0,rxBytes:0,txBytes:0
04-24 12:45:58.490 1176 1176 I TrafficMonitor: start expired. level:-1
04-24 12:45:58.491 1176 1176 I TrafficMonitor: gettimer:interval=2000
04-24 12:45:59.991 1176 1392 D HwArpVerifier: performPollAndLog:
04-24 12:45:59.995 1176 1392 D hw_netstat: total/0/0
04-24 12:46:00.388 777 777 E : [E/capacity_limit_control] not demo version, not set power control prop!
04-24 12:46:00.496 1176 1176 I TrafficMonitor: update:rxPkts:0,txPkts:0,rxBytes:0,txBytes:0
04-24 12:46:00.497 1176 1176 I TrafficMonitor: start expired. level:-1
04-24 12:46:00.497 1176 1176 I TrafficMonitor: gettimer:interval=2000
04-24 12:46:00.758 742 742 E wificond: Failed to get NL80211_RATE_INFO_NOISE
04-24 12:46:00.759 742 742 E wificond: Failed to get NL80211_RATE_INFO_SNR
04-24 12:46:00.759 742 742 E wificond: Failed to get NL80211_STA_INFO_CNAHLOAD
04-24 12:46:00.760 1176 1337 E WificondControl: Noise: 0, Snr: -1, Chload: -1
04-24 12:46:00.761 1176 1339 D HwWifiCHRStateManager: handleMessage : 1001
04-24 12:46:00.761 1176 1339 D HwWifiCHRStateManager: handleUpdateChannel:2412
04-24 12:46:00.761 1176 1339 V HwWifiServiceFactory: get AllImpl object = com.android.server.wifi.HwWifiServiceFactoryImpl@2205edc
04-24 12:46:00.765 742 742 E wificond: Failed to get NL80211_RATE_INFO_NOISE
04-24 12:46:00.765 742 742 E wificond: Failed to get NL80211_RATE_INFO_SNR
04-24 12:46:00.765 742 742 E wificond: Failed to get NL80211_STA_INFO_CNAHLOAD
04-24 12:46:00.767 1176 1406 D HuaweiWifiWatchdogStateMachine: LM mrssi=-29
04-24 12:46:00.768 1176 1406 D HuaweiWifiWatchdogStateMachine: a4:fa:**:**:eb:b0 current loss[-45]=0%, volume=1
04-24 12:46:00.768 1176 1406 D HuaweiWifiWatchdogStateMachine: a4:fa:**:**:eb:b0 history loss[-45]=0%, volume=13825572
04-24 12:46:00.768 1176 1406 I HuaweiWifiWatchdogStateMachine: spd good count:0, add sc:0.0, rate:1.0
04-24 12:46:00.769 1176 1406 D HuaweiWifiWatchdogStateMachine: high data flow: protection_counter = 0, not_detect_counter = 369
04-24 12:46:00.769 1176 1406 D HuaweiWifiWatchdogStateMachine: high data flow scenario: 0 --> 0 rx bytes =0KB
04-24 12:46:00.769 1176 1406 I HuaweiWifiWatchdogStateMachine: current mHighDataFlowRate = 1.0
04-24 12:46:00.769 1176 1406 I HuaweiWifiWatchdogStateMachine: POta txb txg rxg:0, 102, 0. Lr =0% Totpkt=102
04-24 12:46:00.770 1176 1176 D WiFi_PRO: MSG_RETURN_AP_CURRY_RSSI rssi = -29
04-24 12:46:00.771 1176 1176 I QosMonitor: queryRtt: rtt_type = 3
04-24 12:46:00.771 1176 1176 I HwQoEJNI: send_cmd_kernel. begin
04-24 12:46:00.771 1176 1176 I HwQoEJNI: send_cmd_kernel. end
04-24 12:46:00.772 1176 1176 I QosMonitor: postEventFromNative: msg=100,arg1=4,arg2=10
04-24 12:46:00.772 1176 1176 I HwQoEJNI: send_cmd_kernel. begin
04-24 12:46:00.772 1176 1176 I HwQoEJNI: send_cmd_kernel. end
04-24 12:46:00.773 1176 1176 I QosMonitor: postEventFromNative: msg=100,arg1=0,arg2=10
04-24 12:46:00.773 1176 1176 D HuaweiWifiWatchdogStateMachine: setSampleRtt: rtt=0,rtt_pkts =0,rtt_when=9
04-24 12:46:00.773 1176 1176 I MQoS : rtt=320,tcp_tx_pkts=480936,tcp_rx_pkts=921406
04-24 12:46:00.773 1176 1176 I QosMonitor: resetRtt: rtt_type = 3
04-24 12:46:00.774 1176 1176 I HwQoEJNI: send_cmd_kernel. begin
04-24 12:46:00.774 1176 1176 I HwQoEJNI: send_cmd_kernel. end
04-24 12:46:00.774 1176 1406 D HuaweiWifiWatchdogStateMachine: dumpTcpResult: len=10,rtt=320,rttPkt=1,rttWn=9,cgt=0,cgtWn=0
04-24 12:46:00.775 1176 1406 I HuaweiWifiWatchdogStateMachine: PTcp RTT:0, rtt pkt=0, tcp_rx=0, tcp_tx=0, tcp_reTran=0, rtRate=0
04-24 12:46:00.775 1176 1406 D HuaweiWifiWatchdogStateMachine: mRssiBadCount =0, RSSI not bad.
04-24 12:46:00.775 1176 1406 D HuaweiWifiWatchdogStateMachine: detectNetworkAvailable:hw.wifipro.dns_fail_count = 131
04-24 12:46:00.775 1176 1406 D HuaweiWifiWatchdogStateMachine: bqeLevel = 2 rtt=0,rtt_pkts=0 speed=37 rssi=-29
04-24 12:46:00.775 1176 1406 D HuaweiWifiWatchdogStateMachine: Enter updateQoeLevel level = 2
04-24 12:46:00.775 1176 1406 D HuaweiWifiWatchdogStateMachine: updateQoeLevel current level equal to mLastDetectLevel, return
04-24 12:46:00.776 1176 1406 D HuaweiWifiWatchdogStateMachine: did not have any network action
04-24 12:46:00.787 1176 3515 I MQoS : QOS_level:0(0),wifi-link;SIM error;use level-0
04-24 12:46:01.492 1176 1338 D HwWifiStatStore: handleMessage : 200
04-24 12:46:02.502 1176 1176 I TrafficMonitor: update:rxPkts:0,txPkts:0,rxBytes:0,txBytes:0
04-24 12:46:02.502 1176 1176 I TrafficMonitor: start expired. level:-1
04-24 12:46:02.503 1176 1176 I TrafficMonitor: gettimer:interval=2000
04-24 12:46:03.491 1176 1176 I TrafficMonitor: expired arrive. level:-1
04-24 12:46:03.491 1176 1176 I TrafficMonitor: during_ms:2005,period_ms:2000
04-24 12:46:03.492 1176 1176 I TrafficMonitor: count:708,rx_sum:0,tx_sum:0,rxBytes:0,during_ms:2005,rx_speed:0.0,tx_speed:0.0,rto:0.0
04-24 12:46:03.492 1176 1176 D HuaweiWifiWatchdogStateMachine: speed: rxpkt:0, rxSpd:0B/s, txpkt:0, txSpd:0
04-24 12:46:04.499 1176 1338 D HwWifiStatStore: handleMessage : 200
04-24 12:46:04.507 1176 1176 I TrafficMonitor: update:rxPkts:0,txPkts:0,rxBytes:0,txBytes:0
04-24 12:46:04.507 1176 1176 I TrafficMonitor: start expired. level:-1
04-24 12:46:04.507 1176 1176 I TrafficMonitor: gettimer:interval=2000
04-24 12:46:05.001 1176 1392 D HwArpVerifier: performPollAndLog:
04-24 12:46:05.006 1176 1392 D hw_netstat: total/0/0
04-24 12:46:05.399 777 777 E : [E/capacity_limit_control] not demo version, not set power control prop!
04-24 12:46:06.513 1176 1176 I TrafficMonitor: update:rxPkts:0,txPkts:0,rxBytes:0,txBytes:0
04-24 12:46:06.513 1176 1176 I TrafficMonitor: start expired. level:-1
04-24 12:46:06.514 1176 1176 I TrafficMonitor: gettimer:interval=2000
04-24 12:46:06.724 487 620 W SocketListener: sending broadcast to Pid = 1176, Uid = 1000
04-24 12:46:06.730 1176 1332 D NetdConnector: RCV <- {613 IfaceClass idle 1 353154878863664}
04-24 12:46:06.735 1176 1332 D NetdConnector: RCV <- {613 IfaceClass idle 1 353154878863664}
04-24 12:46:06.739 1176 1202 D NetdConnector: RCV unsolicited event from native daemon, event = 613
04-24 12:46:07.506 1176 1338 D HwWifiStatStore: handleMessage : 200
04-24 12:46:08.519 1176 1176 I TrafficMonitor: update:rxPkts:0,txPkts:0,rxBytes:0,txBytes:0
04-24 12:46:08.519 1176 1176 I TrafficMonitor: start expired. level:-1
04-24 12:46:08.520 1176 1176 I TrafficMonitor: gettimer:interval=2000
04-24 12:46:08.768 742 742 E wificond: Failed to get NL80211_RATE_INFO_NOISE
04-24 12:46:08.768 742 742 E wificond: Failed to get NL80211_RATE_INFO_SNR
04-24 12:46:08.768 742 742 E wificond: Failed to get NL80211_STA_INFO_CNAHLOAD
04-24 12:46:08.769 1176 1337 E WificondControl: Noise: 0, Snr: -1, Chload: -1
04-24 12:46:08.771 1176 1339 D HwWifiCHRStateManager: handleMessage : 1001
04-24 12:46:08.771 1176 1339 D HwWifiCHRStateManager: handleUpdateChannel:2412
04-24 12:46:08.771 1176 1339 V HwWifiServiceFactory: get AllImpl object = com.android.server.wifi.HwWifiServiceFactoryImpl@2205edc
04-24 12:46:08.774 742 742 E wificond: Failed to get NL80211_RATE_INFO_NOISE
04-24 12:46:08.775 742 742 E wificond: Failed to get NL80211_RATE_INFO_SNR
04-24 12:46:08.775 742 742 E wificond: Failed to get NL80211_STA_INFO_CNAHLOAD
04-24 12:46:08.777 1176 1406 D HuaweiWifiWatchdogStateMachine: LM mrssi=-29
04-24 12:46:08.777 1176 1176 D WiFi_PRO: MSG_RETURN_AP_CURRY_RSSI rssi = -29
04-24 12:46:08.777 1176 1176 I QosMonitor: queryRtt: rtt_type = 3
04-24 12:46:08.778 1176 1176 I HwQoEJNI: send_cmd_kernel. begin
04-24 12:46:08.778 1176 1176 I HwQoEJNI: send_cmd_kernel. end
04-24 12:46:08.778 1176 1176 I QosMonitor: postEventFromNative: msg=100,arg1=4,arg2=10
04-24 12:46:08.779 1176 1176 D HuaweiWifiWatchdogStateMachine: setSampleRtt: unvalid rtt
04-24 12:46:08.782 1176 1406 I HuaweiWifiWatchdogStateMachine: spd good count:0, add sc:0.0, rate:1.0
04-24 12:46:08.782 1176 1406 I HuaweiWifiWatchdogStateMachine: current mHighDataFlowRate = 1.0
04-24 12:46:08.783 1176 1406 I HuaweiWifiWatchdogStateMachine: POta txb txg rxg:0, 102, 0. Lr =0% Totpkt=102
04-24 12:46:08.784 1176 1176 I HwQoEJNI: send_cmd_kernel. begin
04-24 12:46:08.784 1176 1176 I HwQoEJNI: send_cmd_kernel. end
04-24 12:46:08.784 1176 1176 I QosMonitor: postEventFromNative: msg=100,arg1=0,arg2=10
04-24 12:46:08.785 1176 1176 I MQoS : rtt=320,tcp_tx_pkts=480936,tcp_rx_pkts=921406
04-24 12:46:08.785 1176 1406 D HuaweiWifiWatchdogStateMachine: dumpTcpResult: len=10,rtt=320,rttPkt=1,rttWn=17,cgt=0,cgtWn=0
04-24 12:46:08.786 1176 1406 I HuaweiWifiWatchdogStateMachine: PTcp RTT:0, rtt pkt=0, tcp_rx=0, tcp_tx=0, tcp_reTran=0, rtRate=0
04-24 12:46:08.786 1176 1406 D HuaweiWifiWatchdogStateMachine: mRssiBadCount =0, RSSI not bad.
04-24 12:46:08.786 1176 1406 D HuaweiWifiWatchdogStateMachine: detectNetworkAvailable:hw.wifipro.dns_fail_count = 131
04-24 12:46:08.786 1176 1406 D HuaweiWifiWatchdogStateMachine: bqeLevel = 2 rtt=0,rtt_pkts=0 speed=37 rssi=-29
04-24 12:46:08.786 1176 1406 D HuaweiWifiWatchdogStateMachine: Enter updateQoeLevel level = 2
04-24 12:46:08.786 1176 1406 D HuaweiWifiWatchdogStateMachine: updateQoeLevel current level equal to mLastDetectLevel, return
04-24 12:46:08.786 1176 1406 D HuaweiWifiWatchdogStateMachine: did not have any network action
04-24 12:46:08.796 1176 3515 I MQoS : QOS_level:0(0),wifi-link;SIM error;use level-0
04-24 12:46:08.870 741 741 E Thermal-daemon: [shell_temp] temp_new :28 temp_old :27
04-24 12:46:08.870 1729 2125 I ThermalService: Receive temperature change, type: 22, temp: 28 from thermald
04-24 12:46:08.871 1729 2125 I ThermalTrace_ThermalRaise: Shell:28,27,28,currentBatteryTemp:28
04-24 12:46:08.871 741 741 E Thermal-daemon: Report temperature: [shell_temp] temp :28 report_threshold:1
04-24 12:46:08.872 1729 2560 W HwThermalStateManager: warning: no config thermal type:22 temperature:28
04-24 12:46:09.509 1176 1176 I TrafficMonitor: expired arrive. level:-1
04-24 12:46:09.509 1176 1176 I TrafficMonitor: during_ms:2007,period_ms:2000
04-24 12:46:09.510 1176 1176 I TrafficMonitor: count:711,rx_sum:0,tx_sum:0,rxBytes:0,during_ms:2007,rx_speed:0.0,tx_speed:0.0,rto:0.0
04-24 12:46:09.510 1176 1176 D HuaweiWifiWatchdogStateMachine: speed: rxpkt:0, rxSpd:0B/s, txpkt:0, txSpd:0
04-24 12:46:10.008 1176 1392 D HwArpVerifier: performPollAndLog:
04-24 12:46:10.013 1176 1392 D hw_netstat: total/0/0
04-24 12:46:10.410 777 777 E : [E/capacity_limit_control] not demo version, not set power control prop!
04-24 12:46:10.511 1176 1338 D HwWifiStatStore: handleMessage : 200
04-24 12:46:10.524 1176 1176 I TrafficMonitor: update:rxPkts:0,txPkts:0,rxBytes:0,txBytes:0
04-24 12:46:10.524 1176 1176 I TrafficMonitor: start expired. level:-1
04-24 12:46:10.524 1176 1176 I TrafficMonitor: gettimer:interval=2000
04-24 12:46:12.529 1176 1176 I TrafficMonitor: update:rxPkts:0,txPkts:0,rxBytes:0,txBytes:0
04-24 12:46:12.529 1176 1176 I TrafficMonitor: start expired. level:-1
04-24 12:46:12.530 1176 1176 I TrafficMonitor: gettimer:interval=5000
04-24 12:46:13.518 1176 1338 D HwWifiStatStore: handleMessage : 200
04-24 12:46:13.901 1176 1302 W AlarmManager: mIsScreenOn is: false, WAKEUP alarm trigger action = ALARM_ACTION(27905) package name is: com.tencent.mm
04-24 12:46:13.904 27905 27971 I longlink_progress: on_heartbeat_alarm, time: 353162061, is_noop_timeout:0
04-24 12:46:13.909 1176 1176 V AlarmManager: Received TIME_TICK alarm; rescheduling
04-24 12:46:13.930 1176 1176 I HwAlarmManagerService: hwSetAlarm listenerTag: time_tick
04-24 12:46:13.932 1463 1463 E DateView: DateView,mCurrentTime: 1587703573932
04-24 12:46:13.935 1463 1463 I EventCenter: EventCenter Get :android.intent.action.TIME_TICK
04-24 12:46:13.947 1176 6416 W ProcBatteryStats: timer is running , not start, name: com.tencent.mm, uid: 10824, tag: PlatformComm
04-24 12:46:13.952 1463 1463 W HwKeyguardDragHelper: AnimationBlocked
04-24 12:46:13.955 1463 1463 W ResourceType: No known package when getting value for resource number 0xffffffff
04-24 12:46:13.955 1463 1463 E DateLunarView: mDateString is: 4月24日星期五
04-24 12:46:13.956 1463 1463 W ResourceType: No known package when getting value for resource number 0xffffffff
04-24 12:46:13.956 1463 1463 E DateLunarView: mDateString is: 4月24日星期五
04-24 12:46:13.959 1463 1463 D WeatherHelper: City info empty
04-24 12:46:13.962 1463 1463 D WeatherHelper: City info empty
04-24 12:46:13.963 1463 1463 D KeyguardUpdateMonitor: received broadcast android.intent.action.TIME_TICK
04-24 12:46:13.963 1463 1463 D KeyguardUpdateMonitor: handleTimeUpdate
04-24 12:46:13.963 1463 1782 I KeyguardStatusView: Runnable for refresh
04-24 12:46:13.966 1770 1770 I HwLauncher: Model onReceive intent=Intent { act=android.intent.action.TIME_TICK flg=0x50200014 hwFlg=0x900 (has extras) }
04-24 12:46:13.966 1770 1770 I HwLauncher: Model onReceive user=UserHandle{0}
04-24 12:46:13.968 1176 1728 V BroadcastQueue: Finished with ordered broadcast BroadcastRecord{5ab2e41 u0 ALARM_ACTION(27905)}
04-24 12:46:13.968 1463 1463 D WeatherHelper: City info empty
04-24 12:46:13.972 27905 28003 I longlink_progress: on_heartbeat_set, time: 353162129, time interval:210000
04-24 12:46:13.975 487 620 W SocketListener: sending broadcast to Pid = 1176, Uid = 1000
04-24 12:46:13.976 1176 1332 D NetdConnector: RCV <- {613 IfaceClass active 1 353162131183455 10824}
04-24 12:46:13.977 1176 1332 D NetdConnector: RCV <- {613 IfaceClass active 1 353162131183455 10824}
04-24 12:46:13.978 1176 1202 D NetdConnector: RCV unsolicited event from native daemon, event = 613
04-24 12:46:13.983 3756 3806 I Step_LSC: 80001355|processHandleBroadcastAction action:android.intent.action.TIME_TICK
04-24 12:46:13.985 27905 28003 I longlink_progress: on_heartbeat_set, time: 353162143, time interval:210000
04-24 12:46:13.991 1176 1490 V BroadcastQueue: Finished with ordered broadcast BroadcastRecord{76f9128 u-1 android.intent.action.TIME_TICK}
04-24 12:46:14.036 1463 1463 D WeatherHelper: City info empty
04-24 12:46:14.036 1463 1463 D DateTimeView: Change to single clock mode!
04-24 12:46:14.038 1463 1463 D WeatherHelper: City info empty
04-24 12:46:14.038 1463 1463 D WeatherHelper: City info empty
04-24 12:46:14.039 1463 1463 D DateTimeView: Change to single clock mode!
04-24 12:46:14.040 1463 1463 D WeatherHelper: City info empty
04-24 12:46:14.957 1176 11623 W ProcBatteryStats: timer is not running , not stop, name: com.tencent.mm, uid: 10824, tag: PlatformComm
04-24 12:46:14.968 1176 1392 D HwArpVerifier: check_wifi_state_mode = 0 mCheckStateToken=25 token25
04-24 12:46:14.971 1176 1392 D wifiserviceimpl: netmask =16777215
04-24 12:46:15.041 1176 1392 D HWMultiGW: setGateWay 192.168.1.1
04-24 12:46:15.420 777 777 E : [E/capacity_limit_control] not demo version, not set power control prop!
04-24 12:46:15.526 1176 1176 I TrafficMonitor: expired arrive. level:-1
04-24 12:46:15.527 1176 1176 I TrafficMonitor: during_ms:2006,period_ms:2000
04-24 12:46:15.527 1176 1176 I TrafficMonitor: count:713,rx_sum:0,tx_sum:0,rxBytes:0,during_ms:2006,rx_speed:0.0,tx_speed:0.0,rto:0.0
04-24 12:46:15.527 1176 1176 D HuaweiWifiWatchdogStateMachine: speed: rxpkt:0, rxSpd:0B/s, txpkt:0, txSpd:0
04-24 12:46:16.043 1176 1392 D HwArpVerifier: getGateWayARPResponses: arp rtt = 9
04-24 12:46:16.044 1176 1392 E HwCHRWifiRSSIGroupSummery: updatArpSummery mRSSI:-29 HwCHRWifiRSSIGroup [rssi_index=4, rtt_tcp_packets=0, rtt_tcp_duration=0, rtt_lan_duration=7806, rtt_lan_failures=0, rtt_lan_succ=381, rtt_lan_max=939, rtt_lan_min=0,same_area_frequency=0,adjacent_area_frequency=0]
04-24 12:46:16.102 1176 1392 D HwArpVerifier: There are 1 mac address for gateway
04-24 12:46:16.103 1176 1392 D HwArpVerifier: from HEART_CHECK transmit to state:HEART_CHECK
04-24 12:46:16.103 1176 1392 D HwArpVerifier: msg what=124 arg1(token)=25 arg2(mode)=0 delay=30000
04-24 12:46:16.103 1176 1392 D HwArpVerifier: performPollAndLog:
04-24 12:46:16.107 1176 1392 D hw_netstat: total/77/117,com.tencent.mm/77/117
04-24 12:46:16.524 1176 1338 D HwWifiStatStore: handleMessage : 200
04-24 12:46:16.770 742 742 E wificond: Failed to get NL80211_RATE_INFO_NOISE
04-24 12:46:16.770 742 742 E wificond: Failed to get NL80211_RATE_INFO_SNR
04-24 12:46:16.770 742 742 E wificond: Failed to get NL80211_STA_INFO_CNAHLOAD
04-24 12:46:16.771 1176 1337 E WificondControl: Noise: 0, Snr: -1, Chload: -1
04-24 12:46:16.772 1176 1339 D HwWifiCHRStateManager: handleMessage : 1001
04-24 12:46:16.772 1176 1339 D HwWifiCHRStateManager: handleUpdateChannel:2412
04-24 12:46:16.773 1176 1339 V HwWifiServiceFactory: get AllImpl object = com.android.server.wifi.HwWifiServiceFactoryImpl@2205edc
04-24 12:46:16.777 742 742 E wificond: Failed to get NL80211_RATE_INFO_NOISE
04-24 12:46:16.777 742 742 E wificond: Failed to get NL80211_RATE_INFO_SNR
04-24 12:46:16.777 742 742 E wificond: Failed to get NL80211_STA_INFO_CNAHLOAD
04-24 12:46:16.777 1106 1119 I OAM : [check_file_size:505]/data/log/wifi/wifi_log_1 log file beyond size=10240Byte, creat new file
04-24 12:46:16.777 1106 1119 I OAM : [rename_old_file:210]rename_old_file
04-24 12:46:16.777 1106 1119 I OAM :
04-24 12:46:16.779 1176 1176 D WiFi_PRO: MSG_RETURN_AP_CURRY_RSSI rssi = -29
04-24 12:46:16.779 1176 1406 D HuaweiWifiWatchdogStateMachine: LM mrssi=-29
04-24 12:46:16.779 1176 1406 D HuaweiWifiWatchdogStateMachine: a4:fa:**:**:eb:b0 current loss[-45]=0%, volume=3
04-24 12:46:16.779 1176 1176 I QosMonitor: queryRtt: rtt_type = 3
04-24 12:46:16.780 1176 1406 D HuaweiWifiWatchdogStateMachine: a4:fa:**:**:eb:b0 history loss[-45]=0%, volume=13825575
04-24 12:46:16.780 1176 1176 I HwQoEJNI: send_cmd_kernel. begin
04-24 12:46:16.780 1176 1176 I HwQoEJNI: send_cmd_kernel. end
04-24 12:46:16.780 1176 1176 I QosMonitor: postEventFromNative: msg=100,arg1=4,arg2=10
04-24 12:46:16.780 1176 1406 I HuaweiWifiWatchdogStateMachine: spd good count:0, add sc:0.0, rate:1.0
04-24 12:46:16.780 1176 1406 I HuaweiWifiWatchdogStateMachine: current mHighDataFlowRate = 1.0
04-24 12:46:16.780 1176 1406 I HuaweiWifiWatchdogStateMachine: POta txb txg rxg:0, 105, 0. Lr =0% Totpkt=105
04-24 12:46:16.781 1176 1176 D HuaweiWifiWatchdogStateMachine: a4:fa:**:**:eb:b0 current RTT[-45]=80, volume=1
04-24 12:46:16.781 1176 1176 D HuaweiWifiWatchdogStateMachine: a4:fa:**:**:eb:b0 history RTT[-45]=510, volume=60849
04-24 12:46:16.781 1176 1176 D HuaweiWifiWatchdogStateMachine: setSampleRtt: rtt=80,rtt_pkts =1,rtt_when=2
04-24 12:46:16.782 1176 1176 I HwQoEJNI: send_cmd_kernel. begin
04-24 12:46:16.782 1176 1176 I HwQoEJNI: send_cmd_kernel. end
04-24 12:46:16.782 1176 1176 I QosMonitor: postEventFromNative: msg=100,arg1=0,arg2=10
04-24 12:46:16.782 1176 1176 I QosMonitor: resetRtt: rtt_type = 3
04-24 12:46:16.783 1176 1176 I HwQoEJNI: send_cmd_kernel. begin
04-24 12:46:16.783 1176 1176 I HwQoEJNI: send_cmd_kernel. end
04-24 12:46:16.783 1176 1176 I MQoS : rtt=80,tcp_tx_pkts=480938,tcp_rx_pkts=921407
04-24 12:46:16.785 1176 1406 D HuaweiWifiWatchdogStateMachine: dumpTcpResult: len=10,rtt=80,rttPkt=1,rttWn=2,cgt=0,cgtWn=0
04-24 12:46:16.785 1176 1406 I HuaweiWifiWatchdogStateMachine: PTcp RTT:0, rtt pkt=0, tcp_rx=1, tcp_tx=2, tcp_reTran=0, rtRate=0
04-24 12:46:16.785 1176 1406 D HuaweiWifiWatchdogStateMachine: mRssiBadCount =0, RSSI not bad.
04-24 12:46:16.785 1176 3109 D HwUidTcpMonitor: parseWlanUidTcpStatistics lastUidTcpStatInfo = [ mUid = 10824 mPacketName = com.tencent.mm mSendSegs = 201 mResendSegs = 0 mRcvSegs = 145 ]
04-24 12:46:16.785 1176 1406 D HuaweiWifiWatchdogStateMachine: detectNetworkAvailable:hw.wifipro.dns_fail_count = 131
04-24 12:46:16.785 1176 1406 D HuaweiWifiWatchdogStateMachine: detectNetworkAvailable: tcpRxPkts != 0, reset
04-24 12:46:16.785 1176 1406 D HuaweiWifiWatchdogStateMachine: bqeLevel = 2 rtt=0,rtt_pkts=0 speed=37 rssi=-29
04-24 12:46:16.785 1176 1406 D HuaweiWifiWatchdogStateMachine: Enter updateQoeLevel level = 2
04-24 12:46:16.785 1176 1406 D HuaweiWifiWatchdogStateMachine: updateQoeLevel current level equal to mLastDetectLevel, return
04-24 12:46:16.785 1176 1406 D HuaweiWifiWatchdogStateMachine: did not have any network action
04-24 12:46:16.792 1176 3515 I MQoS : QOS_level:0(0),wifi-link;SIM error;use level-0
04-24 12:46:16.793 1176 3515 I MQoS : skip-low-Level:0(0),wifi-link;SIM error;use level-0
04-24 12:46:17.526 1729 23345 I DownloadState: 10824 transmitting data speed : 38 bytes/s scroff: true
04-24 12:46:17.535 1176 1176 I TrafficMonitor: update:rxPkts:1,txPkts:2,rxBytes:77,txBytes:117
04-24 12:46:17.535 1176 1176 I TrafficMonitor: start expired. level:-1
04-24 12:46:17.535 1176 1176 I TrafficMonitor: gettimer:interval=2000
04-24 12:46:17.902 3756 3774 D LogUtil_LogConfig: obtainSavePath(): path = 1
04-24 12:46:17.906 3756 3774 D LogUtil_LogConfig: getLogFile(): logFilePath = /data/data/com.huawei.health/files/com.huawei.health/com.huawei.health_DaemonService/
04-24 12:46:17.907 3756 3774 D LogUtil_LogConfig: obtainSavePath(): path = 1
04-24 12:46:17.907 3756 3774 D LogUtil_LogConfig: acquireMaxLogFileLengthContainsOffset describe: com.huawei.health:DaemonService result:5242880
04-24 12:46:17.908 3756 3774 D LogUtil_LogConfig: obtainSavePath(): path = 1
04-24 12:46:17.910 3756 3774 D LogUtil_LogConfig: getLogFileRoot(): logFilePath = /data/data/com.huawei.health/files/com.huawei.health/com.huawei.health_DaemonService/
04-24 12:46:19.433 1176 1589 W Watchdog: hungtask: writing kick
04-24 12:46:19.436 1176 1202 I EventHub: EventHub monitor: no key events in the past 2113s, no motion events in the past 2114s
04-24 12:46:19.532 1176 1338 D HwWifiStatStore: handleMessage : 200
04-24 12:46:19.540 1176 1176 I TrafficMonitor: update:rxPkts:0,txPkts:0,rxBytes:0,txBytes:0
04-24 12:46:19.540 1176 1176 I TrafficMonitor: start expired. level:-1
04-24 12:46:19.541 1176 1176 I TrafficMonitor: gettimer:interval=2000
04-24 12:46:20.430 777 777 E : [E/capacity_limit_control] not demo version, not set power control prop!
04-24 12:46:21.115 1176 1392 D HwArpVerifier: performPollAndLog:
04-24 12:46:21.119 1176 1392 D hw_netstat: total/0/0
04-24 12:46:21.545 1176 1176 I TrafficMonitor: update:rxPkts:0,txPkts:0,rxBytes:0,txBytes:0
04-24 12:46:21.546 1176 1176 I TrafficMonitor: start expired. level:-1
04-24 12:46:21.546 1176 1176 I TrafficMonitor: gettimer:interval=2000
04-24 12:46:22.538 1176 1176 I TrafficMonitor: expired arrive. level:-1
04-24 12:46:22.538 1176 1176 I TrafficMonitor: during_ms:2006,period_ms:2000
04-24 12:46:22.538 1176 1176 I TrafficMonitor: count:716,rx_sum:0,tx_sum:0,rxBytes:0,during_ms:2006,rx_speed:0.0,tx_speed:0.0,rto:0.0
04-24 12:46:22.538 1176 1176 D HuaweiWifiWatchdogStateMachine: speed: rxpkt:0, rxSpd:0B/s, txpkt:0, txSpd:0
04-24 12:46:22.538 1176 1338 D HwWifiStatStore: handleMessage : 200
04-24 12:46:23.551 1176 1176 I TrafficMonitor: update:rxPkts:0,txPkts:0,rxBytes:0,txBytes:0
04-24 12:46:23.551 1176 1176 I TrafficMonitor: start expired. level:-1
04-24 12:46:23.552 1176 1176 I TrafficMonitor: gettimer:interval=2000
04-24 12:46:23.983 1176 1490 V BroadcastQueue: Finished with ordered broadcast BroadcastRecord{b3bd5be u0 com.tencent.mm.plugin.report.service.KVCommCrossProcessReceiver}
04-24 12:46:24.778 742 742 E wificond: Failed to get NL80211_RATE_INFO_NOISE
04-24 12:46:24.779 742 742 E wificond: Failed to get NL80211_RATE_INFO_SNR
04-24 12:46:24.779 742 742 E wificond: Failed to get NL80211_STA_INFO_CNAHLOAD
04-24 12:46:24.780 1176 1337 E WificondControl: Noise: 0, Snr: -1, Chload: -1
04-24 12:46:24.781 1176 1339 D HwWifiCHRStateManager: handleMessage : 1001
04-24 12:46:24.781 1176 1339 D HwWifiCHRStateManager: handleUpdateChannel:2412
04-24 12:46:24.781 1176 1339 V HwWifiServiceFactory: get AllImpl object = com.android.server.wifi.HwWifiServiceFactoryImpl@2205edc
04-24 12:46:24.786 742 742 E wificond: Failed to get NL80211_RATE_INFO_NOISE
04-24 12:46:24.786 742 742 E wificond: Failed to get NL80211_RATE_INFO_SNR
04-24 12:46:24.786 742 742 E wificond: Failed to get NL80211_STA_INFO_CNAHLOAD
04-24 12:46:24.788 1176 1176 D WiFi_PRO: MSG_RETURN_AP_CURRY_RSSI rssi = -28
04-24 12:46:24.788 1176 1406 D HuaweiWifiWatchdogStateMachine: LM mrssi=-28
04-24 12:46:24.788 1176 1176 I QosMonitor: queryRtt: rtt_type = 3
04-24 12:46:24.789 1176 1406 I HuaweiWifiWatchdogStateMachine: spd good count:0, add sc:0.0, rate:1.0
04-24 12:46:24.789 1176 1176 I HwQoEJNI: send_cmd_kernel. begin
04-24 12:46:24.789 1176 1406 I HuaweiWifiWatchdogStateMachine: current mHighDataFlowRate = 1.0
04-24 12:46:24.789 1176 1176 I HwQoEJNI: send_cmd_kernel. end
04-24 12:46:24.789 1176 1406 I HuaweiWifiWatchdogStateMachine: POta txb txg rxg:0, 105, 0. Lr =0% Totpkt=105
04-24 12:46:24.789 1176 1176 I QosMonitor: postEventFromNative: msg=100,arg1=4,arg2=10
04-24 12:46:24.790 1176 1176 I HwQoEJNI: send_cmd_kernel. begin
04-24 12:46:24.790 1176 1176 I HwQoEJNI: send_cmd_kernel. end
04-24 12:46:24.790 1176 1176 I QosMonitor: postEventFromNative: msg=100,arg1=0,arg2=10
04-24 12:46:24.790 1176 1176 D HuaweiWifiWatchdogStateMachine: setSampleRtt: unvalid rtt
04-24 12:46:24.791 1176 1176 I MQoS : rtt=80,tcp_tx_pkts=480938,tcp_rx_pkts=921407
04-24 12:46:24.792 1176 1406 D HuaweiWifiWatchdogStateMachine: dumpTcpResult: len=10,rtt=80,rttPkt=1,rttWn=10,cgt=0,cgtWn=0
04-24 12:46:24.793 1176 1406 I HuaweiWifiWatchdogStateMachine: PTcp RTT:0, rtt pkt=0, tcp_rx=0, tcp_tx=0, tcp_reTran=0, rtRate=0
04-24 12:46:24.793 1176 1406 D HuaweiWifiWatchdogStateMachine: mRssiBadCount =0, RSSI not bad.
04-24 12:46:24.793 1176 1406 D HuaweiWifiWatchdogStateMachine: detectNetworkAvailable:hw.wifipro.dns_fail_count = 131
04-24 12:46:24.793 1176 1406 D HuaweiWifiWatchdogStateMachine: bqeLevel = 2 rtt=0,rtt_pkts=0 speed=37 rssi=-28
04-24 12:46:24.793 1176 1406 D HuaweiWifiWatchdogStateMachine: Enter updateQoeLevel level = 2
04-24 12:46:24.793 1176 1406 D HuaweiWifiWatchdogStateMachine: updateQoeLevel current level equal to mLastDetectLevel, return
04-24 12:46:24.793 1176 1406 D HuaweiWifiWatchdogStateMachine: did not have any network action
04-24 12:46:24.803 1176 3515 I MQoS : QOS_level:0(0),wifi-link;SIM error;use level-0
04-24 12:46:25.440 777 777 E : [E/capacity_limit_control] not demo version, not set power control prop!
04-24 12:46:25.465 1176 1288 D HwBatteryService: onUEvent fcpStatus = 0,scpStatus =0,ovpStatus=0
04-24 12:46:25.468 1176 1288 I UsbDeviceManager: water_intrused state= 0
04-24 12:46:25.484 1176 1176 D HwInnerWifiManagerImpl: SupplicantState = COMPLETED
04-24 12:46:25.484 1176 1176 D HwInnerWifiManagerImpl: isPhoneAP = false
04-24 12:46:25.485 1176 1176 D HwInnerWifiManagerImpl: SupplicantState = COMPLETED
04-24 12:46:25.485 1176 1176 D HwInnerWifiManagerImpl: isPhoneAP = false
04-24 12:46:25.485 1176 1176 D WifiStateMachine: mBcastReceiver: PluggedType = 2 mIsScanCtrlPluggedin = true
04-24 12:46:25.485 1176 1176 D HwWifiService: mPluggedType =2
04-24 12:46:25.486 1176 1176 D WifiService: onReceive, action:android.intent.action.BATTERY_CHANGED
04-24 12:46:25.486 1176 1176 D WifiService: ACTION_BATTERY_CHANGED pluggedType: 2
04-24 12:46:25.487 1729 1729 I MsgReceiver: intent action: android.intent.action.BATTERY_CHANGED
04-24 12:46:25.488 1463 1463 D KeyguardUpdateMonitor: received broadcast android.intent.action.BATTERY_CHANGED
04-24 12:46:25.488 1463 1463 W KeyguardUpdateMonitor: ACTION_BATTERY_CHANGED AMP: 500000; Volt: 5000000
04-24 12:46:25.490 1463 1463 V KeyguardUpdateMonitor: RefreshBatteryInfo isBatteryLow: 75
04-24 12:46:25.490 1463 1463 W KeyguardUpdateMonitor: ChargingSpeed Wattage: 2500000 ST: 5000000 --> 7500000
04-24 12:46:25.490 1463 1463 I KgBattery: BatteryInfo updated: 2lPc0
04-24 12:46:25.490 1463 1463 W AppHandler: sendMessage with obj100
04-24 12:46:25.491 1463 1463 D KeyguardUpdateMonitor: handleBatteryUpdate
04-24 12:46:25.492 5515 5671 E CloudAlbum[8.1.2.309]: [ReceiverManager] not log on ignore
04-24 12:46:25.492 1463 1463 W HwLockScreenPanel: Handle message: 100
