04-24 12:30:47.942 1176 1176 D HuaweiWifiWatchdogStateMachine: setSampleRtt: unvalid rtt
04-24 12:30:47.942 1176 1176 I HwQoEJNI: send_cmd_kernel. begin
04-24 12:30:47.942 1176 1176 I HwQoEJNI: send_cmd_kernel. end
04-24 12:30:47.943 1176 1176 I QosMonitor: postEventFromNative: msg=100,arg1=0,arg2=10
04-24 12:30:47.943 1176 1176 I MQoS : rtt=160,tcp_tx_pkts=480920,tcp_rx_pkts=921398
04-24 12:30:47.944 1176 1406 D HuaweiWifiWatchdogStateMachine: dumpTcpResult: len=10,rtt=160,rttPkt=1,rttWn=124,cgt=0,cgtWn=0
04-24 12:30:47.945 1176 1406 I HuaweiWifiWatchdogStateMachine: PTcp RTT:0, rtt pkt=0, tcp_rx=0, tcp_tx=0, tcp_reTran=0, rtRate=0
04-24 12:30:47.945 1176 1406 D HuaweiWifiWatchdogStateMachine: mRssiBadCount =0, RSSI not bad.
04-24 12:30:47.945 1176 1406 D HuaweiWifiWatchdogStateMachine: detectNetworkAvailable:hw.wifipro.dns_fail_count = 131
04-24 12:30:47.945 1176 1406 D HuaweiWifiWatchdogStateMachine: bqeLevel = 2 rtt=0,rtt_pkts=0 speed=37 rssi=-29
04-24 12:30:47.945 777 777 E : [E/capacity_limit_control] not demo version, not set power control prop!
04-24 12:30:47.945 1176 1406 D HuaweiWifiWatchdogStateMachine: Enter updateQoeLevel level = 2
04-24 12:30:47.945 1176 1406 D HuaweiWifiWatchdogStateMachine: updateQoeLevel current level equal to mLastDetectLevel, return
04-24 12:30:47.945 1176 1406 D HuaweiWifiWatchdogStateMachine: did not have any network action
04-24 12:30:47.956 1176 3515 I MQoS : QOS_level:0(0),wifi-link;SIM error;use level-0
04-24 12:30:49.326 1176 1589 W Watchdog: hungtask: writing kick
04-24 12:30:49.328 1176 1202 I EventHub: EventHub monitor: no key events in the past 1183s, no motion events in the past 1183s
04-24 12:30:50.520 1176 1338 D HwWifiStatStore: handleMessage : 200
04-24 12:30:50.936 1176 1302 W AlarmManager: mIsScreenOn is: false, WAKEUP alarm trigger action = com.huawei.push.alarm.HEARTBEAT package name is: android
04-24 12:30:50.942 1176 1176 V AlarmManager: Received TIME_TICK alarm; rescheduling
04-24 12:30:50.962 4414 4414 I PushLog2955: [main-1]action is com.huawei.push.alarm.HEARTBEAT(android/:307)
04-24 12:30:50.963 1176 1302 W ActivityManager: Sending non-protected broadcast com.huawei.bd.action.heartbeat_hour from system uid 1000 pkg com.huawei.bd
04-24 12:30:50.966 4414 4414 I PushLog2955: [main-1]dispatchIntent over(android/:210)
04-24 12:30:50.967 4414 4431 I PushLog2955: [ReceiverDispatcher-277]com.huawei.push.alarm.HEARTBEAT alarm trigger, expectTriggerTime:0, current trigger time:1587702650966(android/:78)
04-24 12:30:50.967 4414 4431 I PushLog2955: [ReceiverDispatcher-277]heartbeatArrive(android/:140)
04-24 12:30:50.973 1176 1490 V BroadcastQueue: Finished with ordered broadcast BroadcastRecord{4dfc3c0 u0 com.huawei.push.alarm.HEARTBEAT}
04-24 12:30:50.974 4414 4431 I PushLog2955: [ReceiverDispatcher-277]heartbeatArrive, send heart beat(android/:147)
04-24 12:30:50.978 1637 8312 I BDLog : BD.Scheduler:Hour task coming
04-24 12:30:50.981 1176 1490 V BroadcastQueue: Finished with ordered broadcast BroadcastRecord{ee4e03e u0 com.huawei.bd.action.heartbeat_hour}
04-24 12:30:50.982 4414 4431 I PushLog2955: [ReceiverDispatcher-277]not support bastet in wifi(android/:101)
04-24 12:30:50.983 4414 4431 I PushLog2955: [ReceiverDispatcher-277]init push bastet failed!(android/:81)
04-24 12:30:50.985 1176 1176 I HwAlarmManagerService: hwSetAlarm listenerTag: time_tick
04-24 12:30:50.987 1463 1463 E DateView: DateView,mCurrentTime: 1587702650987
04-24 12:30:50.989 4414 4431 I PushLog2955: [ReceiverDispatcher-277] get charing (android/:840)
04-24 12:30:50.990 4414 4431 I PushLog2955: [ReceiverDispatcher-277] get charing true(android/:842)
04-24 12:30:50.990 4414 4431 I PushLog2955: [ReceiverDispatcher-277]set HEARTBEAT_RSP_TIMEOUT Alarm(android/:364)
04-24 12:30:50.990 4414 4431 I PushLog2955: [ReceiverDispatcher-277]enter AlarmTools:setExactAlarm(intent:Intent { act=com.huawei.android.push.intent.HEARTBEAT_RSP_TIMEOUT pkg=android } interval:10000ms(android/:24)
04-24 12:30:50.991 4414 4431 I PushLog2955: [ReceiverDispatcher-277]setExactAlarm expectTriggerTime:1587702660990(android/:27)
04-24 12:30:50.995 4414 4431 I PushLog2955: [ReceiverDispatcher-277]next Heartbeat timeout for push server is:5.0(android/:374)
04-24 12:30:50.995 4414 4431 I PushLog2955: [ReceiverDispatcher-277]process cmdid to send to pushSrv:DA, subCmdId:FF(android/:106)
04-24 12:30:50.995 1176 11623 V BroadcastQueue: Finished with ordered broadcast BroadcastRecord{1dd5bec u0 com.tencent.mm.TrafficStatsReceiver}
04-24 12:30:50.997 487 620 W SocketListener: sending broadcast to Pid = 1176, Uid = 1000
04-24 12:30:50.999 1176 1332 D NetdConnector: RCV <- {613 IfaceClass active 1 352239153732554 1000}
04-24 12:30:50.999 4414 4431 I PushLog2955: [ReceiverDispatcher-277]send msg to remote srv success(android/:110)
04-24 12:30:51.000 1176 1332 D NetdConnector: RCV <- {613 IfaceClass active 1 352239153732554 1000}
04-24 12:30:51.002 1176 1202 D NetdConnector: RCV unsolicited event from native daemon, event = 613
04-24 12:30:51.005 1176 11623 V BroadcastQueue: Finished with ordered broadcast BroadcastRecord{44ac24a u0 com.huawei.hwsystemmanager.power.SCHEDULE_RECORD_REMAING_TIME_SCENE}
04-24 12:30:51.012 1463 1463 W HwKeyguardDragHelper: AnimationBlocked
04-24 12:30:51.014 1463 1463 I EventCenter: EventCenter Get :android.intent.action.TIME_TICK
04-24 12:30:51.015 1463 1463 W ResourceType: No known package when getting value for resource number 0xffffffff
04-24 12:30:51.015 1463 1463 E DateLunarView: mDateString is: 4月24日星期五
04-24 12:30:51.016 1463 1463 W ResourceType: No known package when getting value for resource number 0xffffffff
04-24 12:30:51.016 1463 1463 E DateLunarView: mDateString is: 4月24日星期五
04-24 12:30:51.019 1463 1463 D WeatherHelper: City info empty
04-24 12:30:51.021 1463 1463 D WeatherHelper: City info empty
04-24 12:30:51.021 1463 1463 D KeyguardUpdateMonitor: received broadcast android.intent.action.TIME_TICK
04-24 12:30:51.022 1463 1463 D KeyguardUpdateMonitor: handleTimeUpdate
04-24 12:30:51.022 1463 1782 I KeyguardStatusView: Runnable for refresh
04-24 12:30:51.024 1770 1770 I HwLauncher: Model onReceive intent=Intent { act=android.intent.action.TIME_TICK flg=0x50200014 hwFlg=0x900 (has extras) }
04-24 12:30:51.024 1770 1770 I HwLauncher: Model onReceive user=UserHandle{0}
04-24 12:30:51.025 1463 1463 D WeatherHelper: City info empty
04-24 12:30:51.036 3756 3806 I Step_LSC: 80001355|processHandleBroadcastAction action:android.intent.action.TIME_TICK
04-24 12:30:51.042 1176 1490 V BroadcastQueue: Finished with ordered broadcast BroadcastRecord{7312143 u-1 android.intent.action.TIME_TICK}
04-24 12:30:51.115 1463 1463 D WeatherHelper: City info empty
04-24 12:30:51.116 1463 1463 D DateTimeView: Change to single clock mode!
04-24 12:30:51.117 1463 1463 D WeatherHelper: City info empty
04-24 12:30:51.118 1463 1463 D WeatherHelper: City info empty
04-24 12:30:51.119 1463 1463 D DateTimeView: Change to single clock mode!
04-24 12:30:51.121 1463 1463 D WeatherHelper: City info empty
04-24 12:30:51.215 4414 23368 I PushLog2955: [SocketRead_07:00:12-666]process cmdid to receive from pushSrv:DB, subCmdId:FF(android/:269)
04-24 12:30:51.218 4414 23368 I PushLog2955: [SocketRead_07:00:12-666]enter adjustHeartBeat:(findHeartBeat:true,isHearBeatTimeReq:true,RspTimeOut:false,beatInterval:300000,bestHBSuccessCount:0,range:[180000,300000])(android/:120)
04-24 12:30:51.218 4414 23368 I PushLog2955: [SocketRead_07:00:12-666]judgeFindBestHB and isBestHBTimeOut: falseisOffset: false(android/:170)
04-24 12:30:51.219 4414 23368 I PushLog2955: [SocketRead_07:00:12-666]after delayHeartBeatReq, nextHeartBeatTime, will be [300000,300000] ms later(android/:501)
04-24 12:30:51.222 4414 23368 I PushLog2955: [SocketRead_07:00:12-666]dispatchIntent over(android/:210)
04-24 12:30:51.223 4414 4431 I PushLog2955: [ReceiverDispatcher-277]com.huawei.android.push.intent.MSG_RECEIVED alarm trigger, expectTriggerTime:0, current trigger time:1587702651223(android/:78)
04-24 12:30:51.233 1176 1185 I zygote64: Background concurrent copying GC freed 487775(21MB) AllocSpace objects, 105(2MB) LOS objects, 42% free, 30MB/53MB, paused 704us total 230.292ms
04-24 12:30:51.664 1729 23345 I DownloadState: 1000 transmitting data speed : 38 bytes/s scroff: true
04-24 12:30:52.031 1176 1392 D HwArpVerifier: getIpRouteTable
04-24 12:30:52.124 1176 1392 D HwArpVerifier: Notify wifi default route is ok
04-24 12:30:52.196 1176 1392 D HwArpVerifier: performPollAndLog:
04-24 12:30:52.198 1176 1392 D hw_netstat: total/131/199,android.uid.system:1000/75/115,unknown:0/56/84
04-24 12:30:52.824 1176 1176 I TrafficMonitor: expired arrive. level:-1
04-24 12:30:52.828 1176 1176 I TrafficMonitor: update:rxPkts:2,txPkts:3,rxBytes:131,txBytes:199
04-24 12:30:52.828 1176 1176 I TrafficMonitor: start expired. level:-1
04-24 12:30:52.829 1176 1176 I TrafficMonitor: gettimer:interval=2000
04-24 12:30:52.829 1176 1176 I TrafficMonitor: during_ms:5006,period_ms:2000
04-24 12:30:52.829 1176 1176 I TrafficMonitor: count:416,rx_sum:2,tx_sum:3,rxBytes:131,during_ms:5006,rx_speed:26.16859768278066,tx_speed:39.75229724330803,rto:0.6666666666666666
04-24 12:30:52.829 1176 1176 D HuaweiWifiWatchdogStateMachine: speed: rxpkt:2, rxSpd:26B/s, txpkt:3, txSpd:39
04-24 12:30:52.951 777 777 E : [E/capacity_limit_control] not demo version, not set power control prop!
04-24 12:30:52.986 1176 1288 D HwBatteryService: onUEvent fcpStatus = 0,scpStatus =0,ovpStatus=0
04-24 12:30:52.988 1176 1288 I UsbDeviceManager: water_intrused state= 0
04-24 12:30:53.010 1176 1176 D HwInnerWifiManagerImpl: SupplicantState = COMPLETED
04-24 12:30:53.010 1176 1176 D HwInnerWifiManagerImpl: isPhoneAP = false
04-24 12:30:53.012 1176 1176 D HwInnerWifiManagerImpl: SupplicantState = COMPLETED
04-24 12:30:53.012 1176 1176 D HwInnerWifiManagerImpl: isPhoneAP = false
04-24 12:30:53.013 1176 1176 D WifiStateMachine: mBcastReceiver: PluggedType = 2 mIsScanCtrlPluggedin = true
04-24 12:30:53.013 1463 1463 D KeyguardUpdateMonitor: received broadcast android.intent.action.BATTERY_CHANGED
04-24 12:30:53.013 1176 1176 D HwWifiService: mPluggedType =2
04-24 12:30:53.013 1463 1463 W KeyguardUpdateMonitor: ACTION_BATTERY_CHANGED AMP: 500000; Volt: 5000000
04-24 12:30:53.013 1729 1729 I MsgReceiver: intent action: android.intent.action.BATTERY_CHANGED
04-24 12:30:53.015 1463 1463 V KeyguardUpdateMonitor: RefreshBatteryInfo isBatteryLow: 73
04-24 12:30:53.015 1463 1463 W KeyguardUpdateMonitor: ChargingSpeed Wattage: 2500000 ST: 5000000 --> 7500000
04-24 12:30:53.015 5515 5671 E CloudAlbum[8.1.2.309]: [ReceiverManager] not log on ignore
04-24 12:30:53.015 1463 1463 I KgBattery: BatteryInfo updated: 2lPc0
04-24 12:30:53.015 1463 1463 W AppHandler: sendMessage with obj100
04-24 12:30:53.015 1463 1463 D KeyguardUpdateMonitor: handleBatteryUpdate
04-24 12:30:53.015 1463 1463 W HwLockScreenPanel: Handle message: 100
04-24 12:30:53.015 1463 1463 W HwKeyguardBottomArea: updateBatteryInfo : false true
04-24 12:30:53.015 1463 1463 W KgBattery: getCharge info with type: text
04-24 12:30:53.018 1176 1176 D WifiService: onReceive, action:android.intent.action.BATTERY_CHANGED
04-24 12:30:53.018 1176 1176 D WifiService: ACTION_BATTERY_CHANGED pluggedType: 2
04-24 12:30:53.020 1463 1463 W HwLockScreenPanel: refreshBatteryInfo: null
04-24 12:30:53.527 1176 1338 D HwWifiStatStore: handleMessage : 200
04-24 12:30:54.835 1176 1176 I TrafficMonitor: update:rxPkts:0,txPkts:0,rxBytes:0,txBytes:0
04-24 12:30:54.835 1176 1176 I TrafficMonitor: start expired. level:-1
04-24 12:30:54.835 1176 1176 I TrafficMonitor: gettimer:interval=2000
04-24 12:30:55.936 742 742 E wificond: Failed to get NL80211_RATE_INFO_NOISE
04-24 12:30:55.937 742 742 E wificond: Failed to get NL80211_RATE_INFO_SNR
04-24 12:30:55.937 742 742 E wificond: Failed to get NL80211_STA_INFO_CNAHLOAD
04-24 12:30:55.938 1176 1337 E WificondControl: Noise: 0, Snr: -1, Chload: -1
04-24 12:30:55.939 1176 1339 D HwWifiCHRStateManager: handleMessage : 1001
04-24 12:30:55.939 1176 1339 D HwWifiCHRStateManager: handleUpdateChannel:2412
04-24 12:30:55.939 1176 1339 V HwWifiServiceFactory: get AllImpl object = com.android.server.wifi.HwWifiServiceFactoryImpl@2205edc
04-24 12:30:55.943 742 742 E wificond: Failed to get NL80211_RATE_INFO_NOISE
04-24 12:30:55.943 742 742 E wificond: Failed to get NL80211_RATE_INFO_SNR
04-24 12:30:55.943 742 742 E wificond: Failed to get NL80211_STA_INFO_CNAHLOAD
04-24 12:30:55.945 1176 1406 D HuaweiWifiWatchdogStateMachine: LM mrssi=-29
04-24 12:30:55.946 1176 1406 D HuaweiWifiWatchdogStateMachine: a4:fa:**:**:eb:b0 current loss[-45]=0%, volume=3
04-24 12:30:55.946 1176 1406 D HuaweiWifiWatchdogStateMachine: a4:fa:**:**:eb:b0 history loss[-45]=0%, volume=13825496
04-24 12:30:55.947 1176 1406 I HuaweiWifiWatchdogStateMachine: spd good count:0, add sc:0.0, rate:1.0
04-24 12:30:55.947 1176 1406 I HuaweiWifiWatchdogStateMachine: current mHighDataFlowRate = 1.0
04-24 12:30:55.947 1176 1406 I HuaweiWifiWatchdogStateMachine: POta txb txg rxg:0, 26, 0. Lr =0% Totpkt=26
04-24 12:30:55.948 1176 1176 D WiFi_PRO: MSG_RETURN_AP_CURRY_RSSI rssi = -29
04-24 12:30:55.948 1176 1176 I QosMonitor: queryRtt: rtt_type = 3
04-24 12:30:55.949 1176 1176 I HwQoEJNI: send_cmd_kernel. begin
04-24 12:30:55.949 1176 1176 I HwQoEJNI: send_cmd_kernel. end
04-24 12:30:55.949 1176 1176 I QosMonitor: postEventFromNative: msg=100,arg1=4,arg2=10
04-24 12:30:55.950 1176 1176 I HwQoEJNI: send_cmd_kernel. begin
04-24 12:30:55.950 1176 1176 I HwQoEJNI: send_cmd_kernel. end
04-24 12:30:55.951 1176 1176 I QosMonitor: postEventFromNative: msg=100,arg1=0,arg2=10
04-24 12:30:55.951 1176 1176 D HuaweiWifiWatchdogStateMachine: a4:fa:**:**:eb:b0 current RTT[-45]=1760, volume=1
04-24 12:30:55.951 1176 1176 D HuaweiWifiWatchdogStateMachine: a4:fa:**:**:eb:b0 history RTT[-45]=511, volume=60841
04-24 12:30:55.952 1176 1176 D HuaweiWifiWatchdogStateMachine: setSampleRtt: rtt=1760,rtt_pkts =1,rtt_when=4
04-24 12:30:55.952 1176 1176 I MQoS : rtt=1760,tcp_tx_pkts=480922,tcp_rx_pkts=921399
04-24 12:30:55.952 1176 1176 I QosMonitor: resetRtt: rtt_type = 3
04-24 12:30:55.952 1176 1406 D HuaweiWifiWatchdogStateMachine: dumpTcpResult: len=10,rtt=1760,rttPkt=1,rttWn=4,cgt=0,cgtWn=0
04-24 12:30:55.952 1176 1176 I HwQoEJNI: send_cmd_kernel. begin
04-24 12:30:55.953 1176 1176 I HwQoEJNI: send_cmd_kernel. end
04-24 12:30:55.953 1176 1406 I HuaweiWifiWatchdogStateMachine: PTcp RTT:0, rtt pkt=0, tcp_rx=1, tcp_tx=2, tcp_reTran=0, rtRate=0
04-24 12:30:55.953 1176 1406 D HuaweiWifiWatchdogStateMachine: mRssiBadCount =0, RSSI not bad.
04-24 12:30:55.953 1176 1406 D HuaweiWifiWatchdogStateMachine: detectNetworkAvailable:hw.wifipro.dns_fail_count = 131
04-24 12:30:55.953 1176 1406 D HuaweiWifiWatchdogStateMachine: detectNetworkAvailable: tcpRxPkts != 0, reset
04-24 12:30:55.953 1176 1406 D HuaweiWifiWatchdogStateMachine: bqeLevel = 2 rtt=0,rtt_pkts=0 speed=37 rssi=-29
04-24 12:30:55.953 1176 1406 D HuaweiWifiWatchdogStateMachine: Enter updateQoeLevel level = 2
04-24 12:30:55.953 1176 1406 D HuaweiWifiWatchdogStateMachine: updateQoeLevel current level equal to mLastDetectLevel, return
04-24 12:30:55.953 1176 1406 D HuaweiWifiWatchdogStateMachine: did not have any network action
04-24 12:30:55.965 1176 3515 I MQoS : QOS_level:0(0),wifi-link;SIM error;use level-0
04-24 12:30:56.534 1176 1338 D HwWifiStatStore: handleMessage : 200
04-24 12:30:56.669 1729 23345 I DownloadState: 0 transmitting data speed : 28 bytes/s scroff: true
04-24 12:30:56.710 1106 1119 I OAM : [check_file_size:505]/data/log/wifi/wifi_log_1 log file beyond size=10240Byte, creat new file
04-24 12:30:56.710 1106 1119 I OAM : [rename_old_file:210]rename_old_file
04-24 12:30:56.710 1106 1119 I OAM :
04-24 12:30:56.839 1176 1176 I TrafficMonitor: update:rxPkts:0,txPkts:0,rxBytes:0,txBytes:0
04-24 12:30:56.839 1176 1176 I TrafficMonitor: start expired. level:-1
04-24 12:30:56.840 1176 1176 I TrafficMonitor: gettimer:interval=2000
04-24 12:30:57.204 1176 1392 D HwArpVerifier: performPollAndLog:
04-24 12:30:57.208 1176 1392 D hw_netstat: total/0/0
04-24 12:30:57.830 1176 1176 I TrafficMonitor: expired arrive. level:-1
04-24 12:30:57.830 1176 1176 I TrafficMonitor: during_ms:2004,period_ms:2000
04-24 12:30:57.831 1176 1176 I TrafficMonitor: count:418,rx_sum:0,tx_sum:0,rxBytes:0,during_ms:2004,rx_speed:0.0,tx_speed:0.0,rto:0.0
04-24 12:30:57.831 1176 1176 D HuaweiWifiWatchdogStateMachine: speed: rxpkt:0, rxSpd:0B/s, txpkt:0, txSpd:0
04-24 12:30:57.991 777 777 E : [E/capacity_limit_control] not demo version, not set power control prop!
04-24 12:30:58.845 1176 1176 I TrafficMonitor: update:rxPkts:0,txPkts:0,rxBytes:0,txBytes:0
04-24 12:30:58.845 1176 1176 I TrafficMonitor: start expired. level:-1
04-24 12:30:58.846 1176 1176 I TrafficMonitor: gettimer:interval=2000
04-24 12:30:59.541 1176 1338 D HwWifiStatStore: handleMessage : 200
04-24 12:30:59.883 1176 1204 D SmartcareProc: onSignalStrengthsChanged: signalStrength is: SignalStrength: 99 -1 0 0 -62 -53 32767 -1 32767 99 0 0 0 2147483647 0 -1 true cdma , on sub: 1
04-24 12:30:59.884 1176 1204 D SmartcareProc: SignalStrength update result, ss: SignalStrengthInfo:68043809 mGsmSignalStrength: -1 mWcdmaRscp: -1 mWcdmaEcio: -1 mLteRsrp: -1 mLteRsrq: -1 mCdmaDbm: -62 mCdmaEcio: -53 mEvdoDbm: 32767mEvdoEcio: -1mLteRssnr: -1
04-24 12:30:59.885 1176 1176 I MQoS : onSignal: mSubId=1,currDataSubID=1
04-24 12:30:59.885 1176 1176 I MQoS : received cell-signal:5
04-24 12:31:00.850 1176 1176 I TrafficMonitor: update:rxPkts:0,txPkts:0,rxBytes:0,txBytes:0
04-24 12:31:00.851 1176 1176 I TrafficMonitor: start expired. level:-1
04-24 12:31:00.851 1176 1176 I TrafficMonitor: gettimer:interval=2000
04-24 12:31:02.213 1176 1392 D HwArpVerifier: performPollAndLog:
04-24 12:31:02.217 1176 1392 D hw_netstat: total/0/0
04-24 12:31:02.548 1176 1338 D HwWifiStatStore: handleMessage : 200
04-24 12:31:02.857 1176 1176 I TrafficMonitor: update:rxPkts:0,txPkts:0,rxBytes:0,txBytes:0
04-24 12:31:02.857 1176 1176 I TrafficMonitor: start expired. level:-1
04-24 12:31:02.857 1176 1176 I TrafficMonitor: gettimer:interval=2000
04-24 12:31:03.001 777 777 E : [E/capacity_limit_control] not demo version, not set power control prop!
04-24 12:31:03.848 1176 1176 I TrafficMonitor: expired arrive. level:-1
04-24 12:31:03.849 1176 1176 I TrafficMonitor: during_ms:2006,period_ms:2000
04-24 12:31:03.849 1176 1176 I TrafficMonitor: count:421,rx_sum:0,tx_sum:0,rxBytes:0,during_ms:2006,rx_speed:0.0,tx_speed:0.0,rto:0.0
04-24 12:31:03.849 1176 1176 D HuaweiWifiWatchdogStateMachine: speed: rxpkt:0, rxSpd:0B/s, txpkt:0, txSpd:0
04-24 12:31:03.948 742 742 E wificond: Failed to get NL80211_RATE_INFO_NOISE
04-24 12:31:03.949 742 742 E wificond: Failed to get NL80211_RATE_INFO_SNR
04-24 12:31:03.949 742 742 E wificond: Failed to get NL80211_STA_INFO_CNAHLOAD
04-24 12:31:03.950 1176 1337 E WificondControl: Noise: 0, Snr: -1, Chload: -1
04-24 12:31:03.951 1176 1339 D HwWifiCHRStateManager: handleMessage : 1001
04-24 12:31:03.952 1176 1339 D HwWifiCHRStateManager: handleUpdateChannel:2412
04-24 12:31:03.952 1176 1339 V HwWifiServiceFactory: get AllImpl object = com.android.server.wifi.HwWifiServiceFactoryImpl@2205edc
04-24 12:31:03.956 742 742 E wificond: Failed to get NL80211_RATE_INFO_NOISE
04-24 12:31:03.956 742 742 E wificond: Failed to get NL80211_RATE_INFO_SNR
04-24 12:31:03.956 742 742 E wificond: Failed to get NL80211_STA_INFO_CNAHLOAD
04-24 12:31:03.958 1176 1406 D HuaweiWifiWatchdogStateMachine: LM mrssi=-29
04-24 12:31:03.958 1176 1176 D WiFi_PRO: MSG_RETURN_AP_CURRY_RSSI rssi = -29
04-24 12:31:03.958 1176 1406 D HuaweiWifiWatchdogStateMachine: a4:fa:**:**:eb:b0 current loss[-45]=0%, volume=1
04-24 12:31:03.959 1176 1176 I QosMonitor: queryRtt: rtt_type = 3
04-24 12:31:03.959 1176 1406 D HuaweiWifiWatchdogStateMachine: a4:fa:**:**:eb:b0 history loss[-45]=0%, volume=13825497
04-24 12:31:03.959 1176 1176 I HwQoEJNI: send_cmd_kernel. begin
04-24 12:31:03.959 1176 1176 I HwQoEJNI: send_cmd_kernel. end
04-24 12:31:03.959 1176 1406 I HuaweiWifiWatchdogStateMachine: spd good count:0, add sc:0.0, rate:1.0
04-24 12:31:03.959 1176 1176 I QosMonitor: postEventFromNative: msg=100,arg1=4,arg2=10
04-24 12:31:03.960 1176 1176 D HuaweiWifiWatchdogStateMachine: setSampleRtt: unvalid rtt
04-24 12:31:03.960 1176 1406 D HuaweiWifiWatchdogStateMachine: high data flow: protection_counter = 0, not_detect_counter = 341
04-24 12:31:03.961 1176 1406 D HuaweiWifiWatchdogStateMachine: high data flow scenario: 0 --> 0 rx bytes =0KB
04-24 12:31:03.961 1176 1406 I HuaweiWifiWatchdogStateMachine: current mHighDataFlowRate = 1.0
04-24 12:31:03.961 1176 1406 I HuaweiWifiWatchdogStateMachine: POta txb txg rxg:0, 27, 0. Lr =0% Totpkt=27
04-24 12:31:03.962 1176 1176 I HwQoEJNI: send_cmd_kernel. begin
04-24 12:31:03.962 1176 1176 I HwQoEJNI: send_cmd_kernel. end
04-24 12:31:03.963 1176 1176 I QosMonitor: postEventFromNative: msg=100,arg1=0,arg2=10
04-24 12:31:03.963 1176 1176 I MQoS : rtt=1760,tcp_tx_pkts=480922,tcp_rx_pkts=921399
04-24 12:31:03.964 1176 1406 D HuaweiWifiWatchdogStateMachine: dumpTcpResult: len=10,rtt=1760,rttPkt=1,rttWn=12,cgt=0,cgtWn=0
04-24 12:31:03.964 1176 1406 I HuaweiWifiWatchdogStateMachine: PTcp RTT:0, rtt pkt=0, tcp_rx=0, tcp_tx=0, tcp_reTran=0, rtRate=0
04-24 12:31:03.965 1176 1406 D HuaweiWifiWatchdogStateMachine: mRssiBadCount =0, RSSI not bad.
04-24 12:31:03.965 1176 1406 D HuaweiWifiWatchdogStateMachine: detectNetworkAvailable:hw.wifipro.dns_fail_count = 131
04-24 12:31:03.965 1176 1406 D HuaweiWifiWatchdogStateMachine: bqeLevel = 2 rtt=0,rtt_pkts=0 speed=37 rssi=-29
04-24 12:31:03.965 1176 1406 D HuaweiWifiWatchdogStateMachine: Enter updateQoeLevel level = 2
04-24 12:31:03.965 1176 1406 D HuaweiWifiWatchdogStateMachine: updateQoeLevel current level equal to mLastDetectLevel, return
04-24 12:31:03.965 1176 1406 D HuaweiWifiWatchdogStateMachine: did not have any network action
04-24 12:31:03.977 1176 3515 I MQoS : QOS_level:0(0),wifi-link;SIM error;use level-0
04-24 12:31:04.862 1176 1176 I TrafficMonitor: update:rxPkts:0,txPkts:0,rxBytes:0,txBytes:0
04-24 12:31:04.862 1176 1176 I TrafficMonitor: start expired. level:-1
04-24 12:31:04.863 1176 1176 I TrafficMonitor: gettimer:interval=2000
04-24 12:31:05.555 1176 1338 D HwWifiStatStore: handleMessage : 200
04-24 12:31:05.890 1176 1204 D SmartcareProc: onSignalStrengthsChanged: signalStrength is: SignalStrength: 99 -1 0 0 -63 -53 32767 -1 32767 99 0 0 0 2147483647 0 -1 true cdma , on sub: 1
04-24 12:31:05.890 1176 1204 D SmartcareProc: SignalStrength update result, ss: SignalStrengthInfo:68043809 mGsmSignalStrength: -1 mWcdmaRscp: -1 mWcdmaEcio: -1 mLteRsrp: -1 mLteRsrq: -1 mCdmaDbm: -63 mCdmaEcio: -53 mEvdoDbm: 32767mEvdoEcio: -1mLteRssnr: -1
04-24 12:31:05.891 1176 1176 I MQoS : onSignal: mSubId=1,currDataSubID=1
04-24 12:31:05.892 1176 1176 I MQoS : received cell-signal:5
04-24 12:31:06.734 487 620 W SocketListener: sending broadcast to Pid = 1176, Uid = 1000
04-24 12:31:06.739 1176 1332 D NetdConnector: RCV <- {613 IfaceClass idle 1 352254888746614}
04-24 12:31:06.743 1176 1332 D NetdConnector: RCV <- {613 IfaceClass idle 1 352254888746614}
04-24 12:31:06.747 1176 1202 D NetdConnector: RCV unsolicited event from native daemon, event = 613
04-24 12:31:06.867 1176 1176 I TrafficMonitor: update:rxPkts:0,txPkts:0,rxBytes:0,txBytes:0
04-24 12:31:06.867 1176 1176 I TrafficMonitor: start expired. level:-1
04-24 12:31:06.868 1176 1176 I TrafficMonitor: gettimer:interval=2000
04-24 12:31:07.091 1729 2056 D SleepClean: run sleepClean start
04-24 12:31:07.223 1176 1392 D HwArpVerifier: performPollAndLog:
04-24 12:31:07.227 1176 1392 D hw_netstat: total/0/0
04-24 12:31:08.010 777 777 E : [E/capacity_limit_control] not demo version, not set power control prop!
04-24 12:31:08.562 1176 1338 D HwWifiStatStore: handleMessage : 200
04-24 12:31:08.873 1176 1176 I TrafficMonitor: update:rxPkts:0,txPkts:0,rxBytes:0,txBytes:0
04-24 12:31:08.874 1176 1176 I TrafficMonitor: start expired. level:-1
04-24 12:31:08.874 1176 1176 I TrafficMonitor: gettimer:interval=2000
04-24 12:31:09.864 1176 1176 I TrafficMonitor: expired arrive. level:-1
04-24 12:31:09.865 1176 1176 I TrafficMonitor: during_ms:2007,period_ms:2000
04-24 12:31:09.865 1176 1176 I TrafficMonitor: count:424,rx_sum:0,tx_sum:0,rxBytes:0,during_ms:2007,rx_speed:0.0,tx_speed:0.0,rto:0.0
04-24 12:31:09.865 1176 1176 D HuaweiWifiWatchdogStateMachine: speed: rxpkt:0, rxSpd:0B/s, txpkt:0, txSpd:0
04-24 12:31:10.878 1176 1176 I TrafficMonitor: update:rxPkts:0,txPkts:0,rxBytes:0,txBytes:0
04-24 12:31:10.879 1176 1176 I TrafficMonitor: start expired. level:-1
04-24 12:31:10.879 1176 1176 I TrafficMonitor: gettimer:interval=2000
04-24 12:31:11.569 1176 1338 D HwWifiStatStore: handleMessage : 200
04-24 12:31:11.898 1176 1204 D SmartcareProc: onSignalStrengthsChanged: signalStrength is: SignalStrength: 99 -1 0 0 -64 -53 32767 -1 32767 99 0 0 0 2147483647 0 -1 true cdma , on sub: 1
04-24 12:31:11.898 1176 1204 D SmartcareProc: SignalStrength update result, ss: SignalStrengthInfo:68043809 mGsmSignalStrength: -1 mWcdmaRscp: -1 mWcdmaEcio: -1 mLteRsrp: -1 mLteRsrq: -1 mCdmaDbm: -64 mCdmaEcio: -53 mEvdoDbm: 32767mEvdoEcio: -1mLteRssnr: -1
04-24 12:31:11.899 1176 1176 I MQoS : onSignal: mSubId=1,currDataSubID=1
04-24 12:31:11.900 1176 1176 I MQoS : received cell-signal:5
04-24 12:31:11.954 742 742 E wificond: Failed to get NL80211_RATE_INFO_NOISE
04-24 12:31:11.954 742 742 E wificond: Failed to get NL80211_RATE_INFO_SNR
04-24 12:31:11.955 742 742 E wificond: Failed to get NL80211_STA_INFO_CNAHLOAD
04-24 12:31:11.955 1176 1337 E WificondControl: Noise: 0, Snr: -1, Chload: -1
04-24 12:31:11.957 1176 1339 D HwWifiCHRStateManager: handleMessage : 1001
04-24 12:31:11.957 1176 1339 D HwWifiCHRStateManager: handleUpdateChannel:2412
04-24 12:31:11.957 1176 1339 V HwWifiServiceFactory: get AllImpl object = com.android.server.wifi.HwWifiServiceFactoryImpl@2205edc
04-24 12:31:11.960 742 742 E wificond: Failed to get NL80211_RATE_INFO_NOISE
04-24 12:31:11.961 742 742 E wificond: Failed to get NL80211_RATE_INFO_SNR
04-24 12:31:11.961 742 742 E wificond: Failed to get NL80211_STA_INFO_CNAHLOAD
04-24 12:31:11.963 1176 1406 D HuaweiWifiWatchdogStateMachine: LM mrssi=-29
04-24 12:31:11.963 1176 1176 D WiFi_PRO: MSG_RETURN_AP_CURRY_RSSI rssi = -29
04-24 12:31:11.963 1176 1176 I QosMonitor: queryRtt: rtt_type = 3
04-24 12:31:11.963 1176 1406 I HuaweiWifiWatchdogStateMachine: spd good count:0, add sc:0.0, rate:1.0
04-24 12:31:11.964 1176 1406 I HuaweiWifiWatchdogStateMachine: current mHighDataFlowRate = 1.0
04-24 12:31:11.964 1176 1406 I HuaweiWifiWatchdogStateMachine: POta txb txg rxg:0, 27, 0. Lr =0% Totpkt=27
04-24 12:31:11.964 1176 1176 I HwQoEJNI: send_cmd_kernel. begin
04-24 12:31:11.964 1176 1176 I HwQoEJNI: send_cmd_kernel. end
04-24 12:31:11.964 1176 1176 I QosMonitor: postEventFromNative: msg=100,arg1=4,arg2=10
04-24 12:31:11.965 1176 1176 I HwQoEJNI: send_cmd_kernel. begin
04-24 12:31:11.965 1176 1176 I HwQoEJNI: send_cmd_kernel. end
04-24 12:31:11.965 1176 1176 I QosMonitor: postEventFromNative: msg=100,arg1=0,arg2=10
04-24 12:31:11.966 1176 1176 D HuaweiWifiWatchdogStateMachine: setSampleRtt: unvalid rtt
04-24 12:31:11.966 1176 1176 I MQoS : rtt=1760,tcp_tx_pkts=480922,tcp_rx_pkts=921399
04-24 12:31:11.966 1176 1406 D HuaweiWifiWatchdogStateMachine: dumpTcpResult: len=10,rtt=1760,rttPkt=1,rttWn=20,cgt=0,cgtWn=0
04-24 12:31:11.967 1176 1406 I HuaweiWifiWatchdogStateMachine: PTcp RTT:0, rtt pkt=0, tcp_rx=0, tcp_tx=0, tcp_reTran=0, rtRate=0
04-24 12:31:11.967 1176 1406 D HuaweiWifiWatchdogStateMachine: mRssiBadCount =0, RSSI not bad.
04-24 12:31:11.967 1176 1406 D HuaweiWifiWatchdogStateMachine: detectNetworkAvailable:hw.wifipro.dns_fail_count = 131
04-24 12:31:11.967 1176 1406 D HuaweiWifiWatchdogStateMachine: bqeLevel = 2 rtt=0,rtt_pkts=0 speed=37 rssi=-29
04-24 12:31:11.967 1176 1406 D HuaweiWifiWatchdogStateMachine: Enter updateQoeLevel level = 2
04-24 12:31:11.967 1176 1406 D HuaweiWifiWatchdogStateMachine: updateQoeLevel current level equal to mLastDetectLevel, return
04-24 12:31:11.967 1176 1406 D HuaweiWifiWatchdogStateMachine: did not have any network action
04-24 12:31:11.976 1176 3515 I MQoS : QOS_level:0(0),wifi-link;SIM error;use level-0
04-24 12:31:11.977 1176 3515 I MQoS : skip-low-Level:0(0),wifi-link;SIM error;use level-0
04-24 12:31:12.189 1176 1392 D HwArpVerifier: check_wifi_state_mode = 0 mCheckStateToken=25 token25
04-24 12:31:12.192 1176 1392 D wifiserviceimpl: netmask =16777215
04-24 12:31:12.282 1176 1392 D HWMultiGW: setGateWay 192.168.1.1
04-24 12:31:12.883 1176 1176 I TrafficMonitor: update:rxPkts:0,txPkts:0,rxBytes:0,txBytes:0
04-24 12:31:12.884 1176 1176 I TrafficMonitor: start expired. level:-1
04-24 12:31:12.884 1176 1176 I TrafficMonitor: gettimer:interval=5000
04-24 12:31:13.020 777 777 E : [E/capacity_limit_control] not demo version, not set power control prop!
04-24 12:31:13.283 1176 1392 D HwArpVerifier: getGateWayARPResponses: arp rtt = 12
04-24 12:31:13.284 1176 1392 E HwCHRWifiRSSIGroupSummery: updatArpSummery mRSSI:-29 HwCHRWifiRSSIGroup [rssi_index=4, rtt_tcp_packets=0, rtt_tcp_duration=0, rtt_lan_duration=7434, rtt_lan_failures=0, rtt_lan_succ=352, rtt_lan_max=939, rtt_lan_min=2,same_area_frequency=0,adjacent_area_frequency=0]
04-24 12:31:13.312 1176 1392 D HwArpVerifier: There are 1 mac address for gateway
04-24 12:31:13.312 1176 1392 D HwArpVerifier: from HEART_CHECK transmit to state:HEART_CHECK
04-24 12:31:13.313 1176 1392 D HwArpVerifier: msg what=124 arg1(token)=25 arg2(mode)=0 delay=30000
04-24 12:31:13.313 1176 1392 D HwArpVerifier: performPollAndLog:
04-24 12:31:13.316 1176 1392 D hw_netstat: total/0/0
04-24 12:31:14.576 1176 1338 D HwWifiStatStore: handleMessage : 200
04-24 12:31:15.883 1176 1176 I TrafficMonitor: expired arrive. level:-1
04-24 12:31:15.884 1176 1176 I TrafficMonitor: during_ms:2005,period_ms:2000
04-24 12:31:15.884 1176 1176 I TrafficMonitor: count:426,rx_sum:0,tx_sum:0,rxBytes:0,during_ms:2005,rx_speed:0.0,tx_speed:0.0,rto:0.0
04-24 12:31:15.884 1176 1176 D HuaweiWifiWatchdogStateMachine: speed: rxpkt:0, rxSpd:0B/s, txpkt:0, txSpd:0
04-24 12:31:17.084 3756 3774 D LogUtil_LogConfig: obtainSavePath(): path = 1
04-24 12:31:17.086 3756 3774 D LogUtil_LogConfig: getLogFile(): logFilePath = /data/data/com.huawei.health/files/com.huawei.health/com.huawei.health_DaemonService/
04-24 12:31:17.087 3756 3774 D LogUtil_LogConfig: obtainSavePath(): path = 1
04-24 12:31:17.087 3756 3774 D LogUtil_LogConfig: acquireMaxLogFileLengthContainsOffset describe: com.huawei.health:DaemonService result:5242880
04-24 12:31:17.087 3756 3774 D LogUtil_LogConfig: obtainSavePath(): path = 1
04-24 12:31:17.088 3756 3774 D LogUtil_LogConfig: getLogFileRoot(): logFilePath = /data/data/com.huawei.health/files/com.huawei.health/com.huawei.health_DaemonService/
04-24 12:31:17.583 1176 1338 D HwWifiStatStore: handleMessage : 200
04-24 12:31:17.889 1176 1176 I TrafficMonitor: update:rxPkts:0,txPkts:0,rxBytes:0,txBytes:0
04-24 12:31:17.890 1176 1176 I TrafficMonitor: start expired. level:-1
04-24 12:31:17.890 1176 1176 I TrafficMonitor: gettimer:interval=5000
04-24 12:31:17.903 1176 1204 D SmartcareProc: onSignalStrengthsChanged: signalStrength is: SignalStrength: 99 -1 0 0 -62 -53 32767 -1 32767 99 0 0 0 2147483647 0 -1 true cdma , on sub: 1
04-24 12:31:17.903 1176 1204 D SmartcareProc: SignalStrength update result, ss: SignalStrengthInfo:68043809 mGsmSignalStrength: -1 mWcdmaRscp: -1 mWcdmaEcio: -1 mLteRsrp: -1 mLteRsrq: -1 mCdmaDbm: -62 mCdmaEcio: -53 mEvdoDbm: 32767mEvdoEcio: -1mLteRssnr: -1
04-24 12:31:17.904 1176 1176 I MQoS : onSignal: mSubId=1,currDataSubID=1
04-24 12:31:17.904 1176 1176 I MQoS : received cell-signal:5
04-24 12:31:18.031 777 777 E : [E/capacity_limit_control] not demo version, not set power control prop!
04-24 12:31:18.321 1176 1392 D HwArpVerifier: performPollAndLog:
04-24 12:31:18.326 1176 1392 D hw_netstat: total/0/0
04-24 12:31:19.329 1176 1589 W Watchdog: hungtask: writing kick
04-24 12:31:19.332 1176 1202 I EventHub: EventHub monitor: no key events in the past 1213s, no motion events in the past 1213s
04-24 12:31:19.960 742 742 E wificond: Failed to get NL80211_RATE_INFO_NOISE
04-24 12:31:19.961 742 742 E wificond: Failed to get NL80211_RATE_INFO_SNR
04-24 12:31:19.961 742 742 E wificond: Failed to get NL80211_STA_INFO_CNAHLOAD
04-24 12:31:19.961 1176 1337 E WificondControl: Noise: 0, Snr: -1, Chload: -1
04-24 12:31:19.963 1176 1339 D HwWifiCHRStateManager: handleMessage : 1001
04-24 12:31:19.963 1176 1339 D HwWifiCHRStateManager: handleUpdateChannel:2412
04-24 12:31:19.963 1176 1339 V HwWifiServiceFactory: get AllImpl object = com.android.server.wifi.HwWifiServiceFactoryImpl@2205edc
04-24 12:31:19.967 742 742 E wificond: Failed to get NL80211_RATE_INFO_NOISE
04-24 12:31:19.967 742 742 E wificond: Failed to get NL80211_RATE_INFO_SNR
04-24 12:31:19.967 742 742 E wificond: Failed to get NL80211_STA_INFO_CNAHLOAD
04-24 12:31:19.970 1176 1406 D HuaweiWifiWatchdogStateMachine: LM mrssi=-28
04-24 12:31:19.970 1176 1176 D WiFi_PRO: MSG_RETURN_AP_CURRY_RSSI rssi = -28
04-24 12:31:19.970 1176 1406 D HuaweiWifiWatchdogStateMachine: a4:fa:**:**:eb:b0 current loss[-45]=0%, volume=1
04-24 12:31:19.971 1176 1176 I QosMonitor: queryRtt: rtt_type = 3
04-24 12:31:19.971 1176 1406 D HuaweiWifiWatchdogStateMachine: a4:fa:**:**:eb:b0 history loss[-45]=0%, volume=13825498
04-24 12:31:19.971 1176 1176 I HwQoEJNI: send_cmd_kernel. begin
04-24 12:31:19.971 1176 1176 I HwQoEJNI: send_cmd_kernel. end
04-24 12:31:19.972 1176 1176 I QosMonitor: postEventFromNative: msg=100,arg1=4,arg2=10
04-24 12:31:19.972 1176 1406 I HuaweiWifiWatchdogStateMachine: spd good count:0, add sc:0.0, rate:1.0
04-24 12:31:19.972 1176 1406 I HuaweiWifiWatchdogStateMachine: current mHighDataFlowRate = 1.0
04-24 12:31:19.972 1176 1176 D HuaweiWifiWatchdogStateMachine: setSampleRtt: unvalid rtt
04-24 12:31:19.972 1176 1406 I HuaweiWifiWatchdogStateMachine: POta txb txg rxg:0, 28, 0. Lr =0% Totpkt=28
04-24 12:31:19.973 1176 1176 I HwQoEJNI: send_cmd_kernel. begin
04-24 12:31:19.974 1176 1176 I HwQoEJNI: send_cmd_kernel. end
04-24 12:31:19.974 1176 1176 I QosMonitor: postEventFromNative: msg=100,arg1=0,arg2=10
04-24 12:31:19.975 1176 1176 I MQoS : rtt=1760,tcp_tx_pkts=480922,tcp_rx_pkts=921399
04-24 12:31:19.975 1176 1406 D HuaweiWifiWatchdogStateMachine: dumpTcpResult: len=10,rtt=1760,rttPkt=1,rttWn=28,cgt=0,cgtWn=0
04-24 12:31:19.975 1176 1406 I HuaweiWifiWatchdogStateMachine: PTcp RTT:0, rtt pkt=0, tcp_rx=0, tcp_tx=0, tcp_reTran=0, rtRate=0
04-24 12:31:19.975 1176 1406 D HuaweiWifiWatchdogStateMachine: mRssiBadCount =0, RSSI not bad.
04-24 12:31:19.975 1176 1406 D HuaweiWifiWatchdogStateMachine: detectNetworkAvailable:hw.wifipro.dns_fail_count = 131
04-24 12:31:19.975 1176 1406 D HuaweiWifiWatchdogStateMachine: bqeLevel = 2 rtt=0,rtt_pkts=0 speed=37 rssi=-28
04-24 12:31:19.975 1176 1406 D HuaweiWifiWatchdogStateMachine: Enter updateQoeLevel level = 2
04-24 12:31:19.975 1176 1406 D HuaweiWifiWatchdogStateMachine: updateQoeLevel current level equal to mLastDetectLevel, return
04-24 12:31:19.975 1176 1406 D HuaweiWifiWatchdogStateMachine: did not have any network action
04-24 12:31:19.985 1176 3515 I MQoS : QOS_level:0(0),wifi-link;SIM error;use level-0
04-24 12:31:20.590 1176 1338 D HwWifiStatStore: handleMessage : 200
04-24 12:31:22.895 1176 1176 I TrafficMonitor: expired arrive. level:-1
04-24 12:31:22.898 1176 1176 I TrafficMonitor: update:rxPkts:0,txPkts:0,rxBytes:0,txBytes:0
04-24 12:31:22.898 1176 1176 I TrafficMonitor: start expired. level:-1
04-24 12:31:22.898 1176 1176 I TrafficMonitor: gettimer:interval=5000
04-24 12:31:22.898 1176 1176 I TrafficMonitor: during_ms:5008,period_ms:2000
04-24 12:31:22.898 1176 1176 I TrafficMonitor: count:428,rx_sum:0,tx_sum:0,rxBytes:0,during_ms:5008,rx_speed:0.0,tx_speed:0.0,rto:0.0
04-24 12:31:22.898 1176 1176 D HuaweiWifiWatchdogStateMachine: speed: rxpkt:0, rxSpd:0B/s, txpkt:0, txSpd:0
04-24 12:31:23.040 777 777 E : [E/capacity_limit_control] not demo version, not set power control prop!
04-24 12:31:23.060 1176 1288 D HwBatteryService: onUEvent fcpStatus = 0,scpStatus =0,ovpStatus=0
04-24 12:31:23.063 1176 1288 I UsbDeviceManager: water_intrused state= 0
04-24 12:31:23.078 1176 1176 D HwInnerWifiManagerImpl: SupplicantState = COMPLETED
04-24 12:31:23.078 1176 1176 D HwInnerWifiManagerImpl: isPhoneAP = false
04-24 12:31:23.079 1463 1463 D KeyguardUpdateMonitor: received broadcast android.intent.action.BATTERY_CHANGED
04-24 12:31:23.079 1463 1463 W KeyguardUpdateMonitor: ACTION_BATTERY_CHANGED AMP: 500000; Volt: 5000000
04-24 12:31:23.080 1463 1463 V KeyguardUpdateMonitor: RefreshBatteryInfo isBatteryLow: 73
04-24 12:31:23.080 1176 1176 D HwInnerWifiManagerImpl: SupplicantState = COMPLETED
04-24 12:31:23.080 1463 1463 W KeyguardUpdateMonitor: ChargingSpeed Wattage: 2500000 ST: 5000000 --> 7500000
04-24 12:31:23.080 1176 1176 D HwInnerWifiManagerImpl: isPhoneAP = false
04-24 12:31:23.080 1463 1463 I KgBattery: BatteryInfo updated: 2lPc0
04-24 12:31:23.080 1463 1463 W AppHandler: sendMessage with obj100
04-24 12:31:23.080 1176 1176 D WifiStateMachine: mBcastReceiver: PluggedType = 2 mIsScanCtrlPluggedin = true
04-24 12:31:23.080 1463 1463 D KeyguardUpdateMonitor: handleBatteryUpdate
04-24 12:31:23.080 1463 1463 W HwLockScreenPanel: Handle message: 100
04-24 12:31:23.080 1463 1463 W HwKeyguardBottomArea: updateBatteryInfo : false true
04-24 12:31:23.080 1176 1176 D HwWifiService: mPluggedType =2
04-24 12:31:23.080 1463 1463 W KgBattery: getCharge info with type: text
04-24 12:31:23.083 1176 1176 D WifiService: onReceive, action:android.intent.action.BATTERY_CHANGED
04-24 12:31:23.083 1176 1176 D WifiService: ACTION_BATTERY_CHANGED pluggedType: 2
04-24 12:31:23.083 1729 1729 I MsgReceiver: intent action: android.intent.action.BATTERY_CHANGED
04-24 12:31:23.088 5515 5671 E CloudAlbum[8.1.2.309]: [ReceiverManager] not log on ignore
04-24 12:31:23.094 1463 1463 W HwLockScreenPanel: refreshBatteryInfo: null
04-24 12:31:23.331 1176 1392 D HwArpVerifier: performPollAndLog:
04-24 12:31:23.334 1176 1392 D hw_netstat: total/0/0
04-24 12:31:23.597 1176 1338 D HwWifiStatStore: handleMessage : 200
04-24 12:31:26.604 1176 1338 D HwWifiStatStore: handleMessage : 200
04-24 12:31:27.904 1176 1176 I TrafficMonitor: expired arrive. level:-1
04-24 12:31:27.907 1176 1176 I TrafficMonitor: update:rxPkts:0,txPkts:0,rxBytes:0,txBytes:0
04-24 12:31:27.907 1176 1176 I TrafficMonitor: start expired. level:-1
04-24 12:31:27.907 1176 1176 I TrafficMonitor: gettimer:interval=5000
04-24 12:31:27.908 1176 1176 I TrafficMonitor: during_ms:5010,period_ms:2000
04-24 12:31:27.908 1176 1176 I TrafficMonitor: count:429,rx_sum:0,tx_sum:0,rxBytes:0,during_ms:5010,rx_speed:0.0,tx_speed:0.0,rto:0.0
04-24 12:31:27.908 1176 1176 D HuaweiWifiWatchdogStateMachine: speed: rxpkt:0, rxSpd:0B/s, txpkt:0, txSpd:0
04-24 12:31:27.962 742 742 E wificond: Failed to get NL80211_RATE_INFO_NOISE
04-24 12:31:27.962 742 742 E wificond: Failed to get NL80211_RATE_INFO_SNR
04-24 12:31:27.962 742 742 E wificond: Failed to get NL80211_STA_INFO_CNAHLOAD
04-24 12:31:27.963 1176 1337 E WificondControl: Noise: 0, Snr: -1, Chload: -1
04-24 12:31:27.966 1176 1339 D HwWifiCHRStateManager: handleMessage : 1001
04-24 12:31:27.966 1176 1339 D HwWifiCHRStateManager: handleUpdateChannel:2412
04-24 12:31:27.966 1176 1339 V HwWifiServiceFactory: get AllImpl object = com.android.server.wifi.HwWifiServiceFactoryImpl@2205edc
04-24 12:31:27.968 742 742 E wificond: Failed to get NL80211_RATE_INFO_NOISE
04-24 12:31:27.968 742 742 E wificond: Failed to get NL80211_RATE_INFO_SNR
04-24 12:31:27.969 742 742 E wificond: Failed to get NL80211_STA_INFO_CNAHLOAD
04-24 12:31:27.970 1176 1406 D HuaweiWifiWatchdogStateMachine: LM mrssi=-29
04-24 12:31:27.970 1176 1176 D WiFi_PRO: MSG_RETURN_AP_CURRY_RSSI rssi = -29
04-24 12:31:27.971 1176 1176 I QosMonitor: queryRtt: rtt_type = 3
04-24 12:31:27.971 1176 1406 I HuaweiWifiWatchdogStateMachine: spd good count:0, add sc:0.0, rate:1.0
04-24 12:31:27.971 1176 1406 I HuaweiWifiWatchdogStateMachine: current mHighDataFlowRate = 1.0
04-24 12:31:27.972 1176 1406 I HuaweiWifiWatchdogStateMachine: POta txb txg rxg:0, 28, 0. Lr =0% Totpkt=28
04-24 12:31:27.972 1176 1176 I HwQoEJNI: send_cmd_kernel. begin
04-24 12:31:27.972 1176 1176 I HwQoEJNI: send_cmd_kernel. end
04-24 12:31:27.972 1176 1176 I QosMonitor: postEventFromNative: msg=100,arg1=4,arg2=10
04-24 12:31:27.973 1176 1176 I HwQoEJNI: send_cmd_kernel. begin
04-24 12:31:27.973 1176 1176 I HwQoEJNI: send_cmd_kernel. end
04-24 12:31:27.973 1176 1176 I QosMonitor: postEventFromNative: msg=100,arg1=0,arg2=10
04-24 12:31:27.973 1176 1176 D HuaweiWifiWatchdogStateMachine: setSampleRtt: unvalid rtt
04-24 12:31:27.974 1176 1176 I MQoS : rtt=1760,tcp_tx_pkts=480922,tcp_rx_pkts=921399
04-24 12:31:27.976 1176 1406 D HuaweiWifiWatchdogStateMachine: dumpTcpResult: len=10,rtt=1760,rttPkt=1,rttWn=36,cgt=0,cgtWn=0
04-24 12:31:27.976 1176 1406 I HuaweiWifiWatchdogStateMachine: PTcp RTT:0, rtt pkt=0, tcp_rx=0, tcp_tx=0, tcp_reTran=0, rtRate=0
04-24 12:31:27.976 1176 1406 D HuaweiWifiWatchdogStateMachine: mRssiBadCount =0, RSSI not bad.
04-24 12:31:27.976 1176 1406 D HuaweiWifiWatchdogStateMachine: detectNetworkAvailable:hw.wifipro.dns_fail_count = 131
04-24 12:31:27.977 1176 1406 D HuaweiWifiWatchdogStateMachine: bqeLevel = 2 rtt=0,rtt_pkts=0 speed=37 rssi=-29
04-24 12:31:27.977 1176 1406 D HuaweiWifiWatchdogStateMachine: Enter updateQoeLevel level = 2
04-24 12:31:27.977 1176 1406 D HuaweiWifiWatchdogStateMachine: updateQoeLevel current level equal to mLastDetectLevel, return
04-24 12:31:27.977 1176 1406 D HuaweiWifiWatchdogStateMachine: did not have any network action
04-24 12:31:27.988 1176 3515 I MQoS : QOS_level:0(0),wifi-link;SIM error;use level-0
04-24 12:31:28.067 777 777 E : [E/capacity_limit_control] not demo version, not set power control prop!
04-24 12:31:28.340 1176 1392 D HwArpVerifier: performPollAndLog:
04-24 12:31:28.345 1176 1392 D hw_netstat: total/0/0
04-24 12:31:29.611 1176 1338 D HwWifiStatStore: handleMessage : 200
04-24 12:31:32.618 1176 1338 D HwWifiStatStore: handleMessage : 200
04-24 12:31:32.913 1176 1176 I TrafficMonitor: expired arrive. level:-1
04-24 12:31:32.915 1176 1176 I TrafficMonitor: update:rxPkts:0,txPkts:0,rxBytes:0,txBytes:0
04-24 12:31:32.916 1176 1176 I TrafficMonitor: start expired. level:-1
04-24 12:31:32.916 1176 1176 I TrafficMonitor: gettimer:interval=5000
04-24 12:31:32.916 1176 1176 I TrafficMonitor: during_ms:5008,period_ms:2000
04-24 12:31:32.916 1176 1176 I TrafficMonitor: count:430,rx_sum:0,tx_sum:0,rxBytes:0,during_ms:5008,rx_speed:0.0,tx_speed:0.0,rto:0.0
04-24 12:31:32.916 1176 1176 D HuaweiWifiWatchdogStateMachine: speed: rxpkt:0, rxSpd:0B/s, txpkt:0, txSpd:0
04-24 12:31:33.074 777 777 E : [E/capacity_limit_control] not demo version, not set power control prop!
04-24 12:31:33.351 1176 1392 D HwArpVerifier: performPollAndLog:
04-24 12:31:33.356 1176 1392 D hw_netstat: total/0/0
04-24 12:31:35.625 1176 1338 D HwWifiStatStore: handleMessage : 200
04-24 12:31:35.970 742 742 E wificond: Failed to get NL80211_RATE_INFO_NOISE
04-24 12:31:35.970 742 742 E wificond: Failed to get NL80211_RATE_INFO_SNR
04-24 12:31:35.970 742 742 E wificond: Failed to get NL80211_STA_INFO_CNAHLOAD
04-24 12:31:35.971 1176 1337 E WificondControl: Noise: 0, Snr: -1, Chload: -1
04-24 12:31:35.972 1176 1339 D HwWifiCHRStateManager: handleMessage : 1001
04-24 12:31:35.973 1176 1339 D HwWifiCHRStateManager: handleUpdateChannel:2412
04-24 12:31:35.973 1176 1339 V HwWifiServiceFactory: get AllImpl object = com.android.server.wifi.HwWifiServiceFactoryImpl@2205edc
04-24 12:31:35.977 742 742 E wificond: Failed to get NL80211_RATE_INFO_NOISE
04-24 12:31:35.977 742 742 E wificond: Failed to get NL80211_RATE_INFO_SNR
04-24 12:31:35.977 742 742 E wificond: Failed to get NL80211_STA_INFO_CNAHLOAD
04-24 12:31:35.979 1176 1176 D WiFi_PRO: MSG_RETURN_AP_CURRY_RSSI rssi = -29
04-24 12:31:35.980 1176 1176 I QosMonitor: queryRtt: rtt_type = 3
04-24 12:31:35.980 1176 1406 I HuaweiWifiWatchdogStateMachine: spd good count:0, add sc:0.0, rate:1.0
04-24 12:31:35.980 1176 1176 I HwQoEJNI: send_cmd_kernel. begin
04-24 12:31:35.981 1176 1176 I HwQoEJNI: send_cmd_kernel. end
04-24 12:31:35.981 1176 1176 I QosMonitor: postEventFromNative: msg=100,arg1=4,arg2=10
04-24 12:31:35.981 1176 1406 D HuaweiWifiWatchdogStateMachine: high data flow: protection_counter = 0, not_detect_counter = 342
04-24 12:31:35.981 1176 1406 D HuaweiWifiWatchdogStateMachine: high data flow scenario: 0 --> 0 rx bytes =0KB
04-24 12:31:35.981 1176 1406 I HuaweiWifiWatchdogStateMachine: current mHighDataFlowRate = 1.0
04-24 12:31:35.982 1176 1176 D HuaweiWifiWatchdogStateMachine: setSampleRtt: unvalid rtt
04-24 12:31:35.982 1176 1406 I HuaweiWifiWatchdogStateMachine: POta txb txg rxg:0, 28, 0. Lr =0% Totpkt=28
04-24 12:31:35.983 1176 1176 I HwQoEJNI: send_cmd_kernel. begin
04-24 12:31:35.983 1176 1176 I HwQoEJNI: send_cmd_kernel. end
04-24 12:31:35.983 1176 1176 I QosMonitor: postEventFromNative: msg=100,arg1=0,arg2=10
04-24 12:31:35.984 1176 1176 I MQoS : rtt=1760,tcp_tx_pkts=480922,tcp_rx_pkts=921399
04-24 12:31:35.985 1176 1406 D HuaweiWifiWatchdogStateMachine: dumpTcpResult: len=10,rtt=1760,rttPkt=1,rttWn=44,cgt=0,cgtWn=0
04-24 12:31:35.985 1176 1406 I HuaweiWifiWatchdogStateMachine: PTcp RTT:0, rtt pkt=0, tcp_rx=0, tcp_tx=0, tcp_reTran=0, rtRate=0
04-24 12:31:35.985 1176 1406 D HuaweiWifiWatchdogStateMachine: mRssiBadCount =0, RSSI not bad.
04-24 12:31:35.986 1176 1406 D HuaweiWifiWatchdogStateMachine: detectNetworkAvailable:hw.wifipro.dns_fail_count = 131
04-24 12:31:35.986 1176 1406 D HuaweiWifiWatchdogStateMachine: bqeLevel = 2 rtt=0,rtt_pkts=0 speed=37 rssi=-29
04-24 12:31:35.986 1176 1406 D HuaweiWifiWatchdogStateMachine: Enter updateQoeLevel level = 2
04-24 12:31:35.986 1176 1406 D HuaweiWifiWatchdogStateMachine: updateQoeLevel current level equal to mLastDetectLevel, return
04-24 12:31:35.986 1176 1406 D HuaweiWifiWatchdogStateMachine: did not have any network action
04-24 12:31:35.995 1176 3515 I MQoS : QOS_level:0(0),wifi-link;SIM error;use level-0
04-24 12:31:37.917 1176 1176 I TrafficMonitor: expired arrive. level:-1
04-24 12:31:37.920 1176 1176 I TrafficMonitor: update:rxPkts:0,txPkts:0,rxBytes:0,txBytes:0
04-24 12:31:37.920 1176 1176 I TrafficMonitor: start expired. level:-1
04-24 12:31:37.920 1176 1176 I TrafficMonitor: gettimer:interval=5000
04-24 12:31:37.921 1176 1176 I TrafficMonitor: during_ms:5004,period_ms:2000
04-24 12:31:37.921 1176 1176 I TrafficMonitor: count:431,rx_sum:0,tx_sum:0,rxBytes:0,during_ms:5004,rx_speed:0.0,tx_speed:0.0,rto:0.0
04-24 12:31:37.921 1176 1176 D HuaweiWifiWatchdogStateMachine: speed: rxpkt:0, rxSpd:0B/s, txpkt:0, txSpd:0
04-24 12:31:38.081 777 777 E : [E/capacity_limit_control] not demo version, not set power control prop!
04-24 12:31:38.361 1176 1392 D HwArpVerifier: performPollAndLog:
04-24 12:31:38.365 1176 1392 D hw_netstat: total/0/0
04-24 12:31:38.632 1176 1338 D HwWifiStatStore: handleMessage : 200
04-24 12:31:41.639 1176 1338 D HwWifiStatStore: handleMessage : 200
04-24 12:31:42.128 1176 1392 D HwArpVerifier: getIpRouteTable
04-24 12:31:42.236 1176 1392 D HwArpVerifier: Notify wifi default route is ok
04-24 12:31:42.926 1176 1176 I TrafficMonitor: expired arrive. level:-1
04-24 12:31:42.929 1176 1176 I TrafficMonitor: update:rxPkts:0,txPkts:0,rxBytes:0,txBytes:0
04-24 12:31:42.929 1176 1176 I TrafficMonitor: start expired. level:-1
04-24 12:31:42.929 1176 1176 I TrafficMonitor: gettimer:interval=5000
04-24 12:31:42.929 1176 1176 I TrafficMonitor: during_ms:5010,period_ms:2000
04-24 12:31:42.930 1176 1176 I TrafficMonitor: count:432,rx_sum:0,tx_sum:0,rxBytes:0,during_ms:5010,rx_speed:0.0,tx_speed:0.0,rto:0.0
04-24 12:31:42.930 1176 1176 D HuaweiWifiWatchdogStateMachine: speed: rxpkt:0, rxSpd:0B/s, txpkt:0, txSpd:0
04-24 12:31:43.091 777 777 E : [E/capacity_limit_control] not demo version, not set power control prop!
04-24 12:31:43.314 1176 1392 D HwArpVerifier: check_wifi_state_mode = 0 mCheckStateToken=25 token25
04-24 12:31:43.317 1176 1392 D wifiserviceimpl: netmask =16777215
04-24 12:31:43.342 1176 1392 D HWMultiGW: setGateWay 192.168.1.1
04-24 12:31:43.981 742 742 E wificond: Failed to get NL80211_RATE_INFO_NOISE
04-24 12:31:43.982 742 742 E wificond: Failed to get NL80211_RATE_INFO_SNR
04-24 12:31:43.982 742 742 E wificond: Failed to get NL80211_STA_INFO_CNAHLOAD
04-24 12:31:43.983 1176 1337 E WificondControl: Noise: 0, Snr: -1, Chload: -1
04-24 12:31:43.984 1176 1339 D HwWifiCHRStateManager: handleMessage : 1001
04-24 12:31:43.984 1176 1339 D HwWifiCHRStateManager: handleUpdateChannel:2412
04-24 12:31:43.984 1176 1339 V HwWifiServiceFactory: get AllImpl object = com.android.server.wifi.HwWifiServiceFactoryImpl@2205edc
04-24 12:31:43.988 742 742 E wificond: Failed to get NL80211_RATE_INFO_NOISE
04-24 12:31:43.988 742 742 E wificond: Failed to get NL80211_RATE_INFO_SNR
04-24 12:31:43.988 742 742 E wificond: Failed to get NL80211_STA_INFO_CNAHLOAD
04-24 12:31:43.992 1176 1406 D HuaweiWifiWatchdogStateMachine: LM mrssi=-28
04-24 12:31:43.993 1176 1406 D HuaweiWifiWatchdogStateMachine: a4:fa:**:**:eb:b0 current loss[-45]=0%, volume=1
04-24 12:31:43.993 1176 1406 D HuaweiWifiWatchdogStateMachine: a4:fa:**:**:eb:b0 history loss[-45]=0%, volume=13825499
04-24 12:31:43.993 1176 1176 D WiFi_PRO: MSG_RETURN_AP_CURRY_RSSI rssi = -28
04-24 12:31:43.994 1176 1176 I QosMonitor: queryRtt: rtt_type = 3
04-24 12:31:43.994 1176 1176 I HwQoEJNI: send_cmd_kernel. begin
04-24 12:31:43.995 1176 1176 I HwQoEJNI: send_cmd_kernel. end
04-24 12:31:43.995 1176 1176 I QosMonitor: postEventFromNative: msg=100,arg1=4,arg2=10
04-24 12:31:43.995 1176 1176 D HuaweiWifiWatchdogStateMachine: setSampleRtt: unvalid rtt
04-24 12:31:43.998 1176 1406 I HuaweiWifiWatchdogStateMachine: spd good count:0, add sc:0.0, rate:1.0
