04-24 12:47:28.850 1176 1406 D HuaweiWifiWatchdogStateMachine: LM mrssi=-29
04-24 12:47:28.850 1176 1406 I HuaweiWifiWatchdogStateMachine: spd good count:0, add sc:0.0, rate:1.0
04-24 12:47:28.851 1176 1406 I HuaweiWifiWatchdogStateMachine: current mHighDataFlowRate = 1.0
04-24 12:47:28.851 1176 1406 I HuaweiWifiWatchdogStateMachine: POta txb txg rxg:0, 109, 0. Lr =0% Totpkt=109
04-24 12:47:28.854 1176 1176 D WiFi_PRO: MSG_RETURN_AP_CURRY_RSSI rssi = -29
04-24 12:47:28.854 1176 1176 I QosMonitor: queryRtt: rtt_type = 3
04-24 12:47:28.855 1176 1176 I HwQoEJNI: send_cmd_kernel. begin
04-24 12:47:28.855 1176 1176 I HwQoEJNI: send_cmd_kernel. end
04-24 12:47:28.855 1176 1176 I QosMonitor: postEventFromNative: msg=100,arg1=4,arg2=10
04-24 12:47:28.856 1176 1176 I HwQoEJNI: send_cmd_kernel. begin
04-24 12:47:28.856 1176 1176 I HwQoEJNI: send_cmd_kernel. end
04-24 12:47:28.856 1176 1176 I QosMonitor: postEventFromNative: msg=100,arg1=0,arg2=10
04-24 12:47:28.857 1176 1176 D HuaweiWifiWatchdogStateMachine: setSampleRtt: unvalid rtt
04-24 12:47:28.857 1176 1176 I MQoS : rtt=80,tcp_tx_pkts=480938,tcp_rx_pkts=921407
04-24 12:47:28.858 1176 1406 D HuaweiWifiWatchdogStateMachine: dumpTcpResult: len=10,rtt=80,rttPkt=1,rttWn=74,cgt=0,cgtWn=0
04-24 12:47:28.859 1176 1406 I HuaweiWifiWatchdogStateMachine: PTcp RTT:0, rtt pkt=0, tcp_rx=0, tcp_tx=0, tcp_reTran=0, rtRate=0
04-24 12:47:28.859 1176 1406 D HuaweiWifiWatchdogStateMachine: mRssiBadCount =0, RSSI not bad.
04-24 12:47:28.859 1176 1406 D HuaweiWifiWatchdogStateMachine: detectNetworkAvailable:hw.wifipro.dns_fail_count = 131
04-24 12:47:28.859 1176 1406 D HuaweiWifiWatchdogStateMachine: bqeLevel = 2 rtt=0,rtt_pkts=0 speed=37 rssi=-29
04-24 12:47:28.859 1176 1406 D HuaweiWifiWatchdogStateMachine: Enter updateQoeLevel level = 2
04-24 12:47:28.859 1176 1406 D HuaweiWifiWatchdogStateMachine: updateQoeLevel current level equal to mLastDetectLevel, return
04-24 12:47:28.859 1176 1406 D HuaweiWifiWatchdogStateMachine: did not have any network action
04-24 12:47:28.868 1176 3515 I MQoS : QOS_level:0(0),wifi-link;SIM error;use level-0
04-24 12:47:30.628 777 777 E : [E/capacity_limit_control] not demo version, not set power control prop!
04-24 12:47:31.687 1176 1338 D HwWifiStatStore: handleMessage : 200
04-24 12:47:32.671 1176 1176 I TrafficMonitor: expired arrive. level:-1
04-24 12:47:32.674 1176 1176 I TrafficMonitor: update:rxPkts:0,txPkts:0,rxBytes:0,txBytes:0
04-24 12:47:32.674 1176 1176 I TrafficMonitor: start expired. level:-1
04-24 12:47:32.674 1176 1176 I TrafficMonitor: gettimer:interval=5000
04-24 12:47:32.675 1176 1176 I TrafficMonitor: during_ms:5008,period_ms:2000
04-24 12:47:32.675 1176 1176 I TrafficMonitor: count:741,rx_sum:0,tx_sum:0,rxBytes:0,during_ms:5008,rx_speed:0.0,tx_speed:0.0,rto:0.0
04-24 12:47:32.675 1176 1176 D HuaweiWifiWatchdogStateMachine: speed: rxpkt:0, rxSpd:0B/s, txpkt:0, txSpd:0
04-24 12:47:33.351 1176 1392 D HwArpVerifier: performPollAndLog:
04-24 12:47:33.355 1176 1392 D hw_netstat: total/0/0
04-24 12:47:34.569 1176 1392 D HwArpVerifier: getIpRouteTable
04-24 12:47:34.665 1176 1392 D HwArpVerifier: Notify wifi default route is ok
04-24 12:47:34.694 1176 1338 D HwWifiStatStore: handleMessage : 200
04-24 12:47:35.638 777 777 E : [E/capacity_limit_control] not demo version, not set power control prop!
04-24 12:47:36.849 742 742 E wificond: Failed to get NL80211_RATE_INFO_NOISE
04-24 12:47:36.849 742 742 E wificond: Failed to get NL80211_RATE_INFO_SNR
04-24 12:47:36.849 742 742 E wificond: Failed to get NL80211_STA_INFO_CNAHLOAD
04-24 12:47:36.852 1176 1337 E WificondControl: Noise: 0, Snr: -1, Chload: -1
04-24 12:47:36.853 1176 1339 D HwWifiCHRStateManager: handleMessage : 1001
04-24 12:47:36.853 1176 1339 D HwWifiCHRStateManager: handleUpdateChannel:2412
04-24 12:47:36.853 1176 1339 V HwWifiServiceFactory: get AllImpl object = com.android.server.wifi.HwWifiServiceFactoryImpl@2205edc
04-24 12:47:36.857 742 742 E wificond: Failed to get NL80211_RATE_INFO_NOISE
04-24 12:47:36.857 742 742 E wificond: Failed to get NL80211_RATE_INFO_SNR
04-24 12:47:36.857 742 742 E wificond: Failed to get NL80211_STA_INFO_CNAHLOAD
04-24 12:47:36.859 1176 1406 D HuaweiWifiWatchdogStateMachine: LM mrssi=-28
04-24 12:47:36.860 1176 1406 I HuaweiWifiWatchdogStateMachine: spd good count:0, add sc:0.0, rate:1.0
04-24 12:47:36.861 1176 1176 D WiFi_PRO: MSG_RETURN_AP_CURRY_RSSI rssi = -28
04-24 12:47:36.862 1176 1176 I QosMonitor: queryRtt: rtt_type = 3
04-24 12:47:36.863 1176 1176 I HwQoEJNI: send_cmd_kernel. begin
04-24 12:47:36.863 1176 1176 I HwQoEJNI: send_cmd_kernel. end
04-24 12:47:36.863 1176 1176 I QosMonitor: postEventFromNative: msg=100,arg1=4,arg2=10
04-24 12:47:36.863 1176 1176 D HuaweiWifiWatchdogStateMachine: setSampleRtt: unvalid rtt
04-24 12:47:36.864 1176 1406 D HuaweiWifiWatchdogStateMachine: high data flow: protection_counter = 0, not_detect_counter = 372
04-24 12:47:36.864 1176 1406 D HuaweiWifiWatchdogStateMachine: high data flow scenario: 0 --> 0 rx bytes =0KB
04-24 12:47:36.864 1176 1406 I HuaweiWifiWatchdogStateMachine: current mHighDataFlowRate = 1.0
04-24 12:47:36.865 1176 1406 I HuaweiWifiWatchdogStateMachine: POta txb txg rxg:0, 109, 0. Lr =0% Totpkt=109
04-24 12:47:36.866 1176 1176 I HwQoEJNI: send_cmd_kernel. begin
04-24 12:47:36.866 1176 1176 I HwQoEJNI: send_cmd_kernel. end
04-24 12:47:36.867 1176 1176 I QosMonitor: postEventFromNative: msg=100,arg1=0,arg2=10
04-24 12:47:36.867 1176 1406 D HuaweiWifiWatchdogStateMachine: dumpTcpResult: len=10,rtt=80,rttPkt=1,rttWn=82,cgt=0,cgtWn=0
04-24 12:47:36.867 1176 1176 I MQoS : rtt=80,tcp_tx_pkts=480938,tcp_rx_pkts=921407
04-24 12:47:36.868 1176 1406 I HuaweiWifiWatchdogStateMachine: PTcp RTT:0, rtt pkt=0, tcp_rx=0, tcp_tx=0, tcp_reTran=0, rtRate=0
04-24 12:47:36.868 1176 1406 D HuaweiWifiWatchdogStateMachine: mRssiBadCount =0, RSSI not bad.
04-24 12:47:36.868 1176 1406 D HuaweiWifiWatchdogStateMachine: detectNetworkAvailable:hw.wifipro.dns_fail_count = 131
04-24 12:47:36.868 1176 1406 D HuaweiWifiWatchdogStateMachine: bqeLevel = 2 rtt=0,rtt_pkts=0 speed=37 rssi=-28
04-24 12:47:36.868 1176 1406 D HuaweiWifiWatchdogStateMachine: Enter updateQoeLevel level = 2
04-24 12:47:36.868 1176 1406 D HuaweiWifiWatchdogStateMachine: updateQoeLevel current level equal to mLastDetectLevel, return
04-24 12:47:36.868 1176 1406 D HuaweiWifiWatchdogStateMachine: did not have any network action
04-24 12:47:36.881 1176 3515 I MQoS : QOS_level:0(0),wifi-link;SIM error;use level-0
04-24 12:47:37.676 1176 1176 I TrafficMonitor: expired arrive. level:-1
04-24 12:47:37.680 1176 1176 I TrafficMonitor: update:rxPkts:0,txPkts:0,rxBytes:0,txBytes:0
04-24 12:47:37.680 1176 1176 I TrafficMonitor: start expired. level:-1
04-24 12:47:37.680 1176 1176 I TrafficMonitor: gettimer:interval=5000
04-24 12:47:37.680 1176 1176 I TrafficMonitor: during_ms:5005,period_ms:2000
04-24 12:47:37.681 1176 1176 I TrafficMonitor: count:742,rx_sum:0,tx_sum:0,rxBytes:0,during_ms:5005,rx_speed:0.0,tx_speed:0.0,rto:0.0
04-24 12:47:37.681 1176 1176 D HuaweiWifiWatchdogStateMachine: speed: rxpkt:0, rxSpd:0B/s, txpkt:0, txSpd:0
04-24 12:47:37.696 1176 1338 D HwWifiStatStore: handleMessage : 200
04-24 12:47:38.360 1176 1392 D HwArpVerifier: performPollAndLog:
04-24 12:47:38.365 1176 1392 D hw_netstat: total/0/0
04-24 12:47:40.648 777 777 E : [E/capacity_limit_control] not demo version, not set power control prop!
04-24 12:47:40.701 1176 1338 D HwWifiStatStore: handleMessage : 200
04-24 12:47:42.682 1176 1176 I TrafficMonitor: expired arrive. level:-1
04-24 12:47:42.685 1176 1176 I TrafficMonitor: update:rxPkts:0,txPkts:0,rxBytes:0,txBytes:0
04-24 12:47:42.685 1176 1176 I TrafficMonitor: start expired. level:-1
04-24 12:47:42.685 1176 1176 I TrafficMonitor: gettimer:interval=5000
04-24 12:47:42.685 1176 1176 I TrafficMonitor: during_ms:5005,period_ms:2000
04-24 12:47:42.685 1176 1176 I TrafficMonitor: count:743,rx_sum:0,tx_sum:0,rxBytes:0,during_ms:5005,rx_speed:0.0,tx_speed:0.0,rto:0.0
04-24 12:47:42.685 1176 1176 D HuaweiWifiWatchdogStateMachine: speed: rxpkt:0, rxSpd:0B/s, txpkt:0, txSpd:0
04-24 12:47:43.366 1176 1392 D HwArpVerifier: performPollAndLog:
04-24 12:47:43.370 1176 1392 D hw_netstat: total/0/0
04-24 12:47:43.708 1176 1338 D HwWifiStatStore: handleMessage : 200
04-24 12:47:44.859 742 742 E wificond: Failed to get NL80211_RATE_INFO_NOISE
04-24 12:47:44.860 742 742 E wificond: Failed to get NL80211_RATE_INFO_SNR
04-24 12:47:44.860 742 742 E wificond: Failed to get NL80211_STA_INFO_CNAHLOAD
04-24 12:47:44.861 1176 1337 E WificondControl: Noise: 0, Snr: -1, Chload: -1
04-24 12:47:44.862 1176 1339 D HwWifiCHRStateManager: handleMessage : 1001
04-24 12:47:44.863 1176 1339 D HwWifiCHRStateManager: handleUpdateChannel:2412
04-24 12:47:44.863 1176 1339 V HwWifiServiceFactory: get AllImpl object = com.android.server.wifi.HwWifiServiceFactoryImpl@2205edc
04-24 12:47:44.869 742 742 E wificond: Failed to get NL80211_RATE_INFO_NOISE
04-24 12:47:44.869 742 742 E wificond: Failed to get NL80211_RATE_INFO_SNR
04-24 12:47:44.869 742 742 E wificond: Failed to get NL80211_STA_INFO_CNAHLOAD
04-24 12:47:44.871 1176 1406 D HuaweiWifiWatchdogStateMachine: LM mrssi=-28
04-24 12:47:44.871 1176 1176 D WiFi_PRO: MSG_RETURN_AP_CURRY_RSSI rssi = -28
04-24 12:47:44.872 1176 1406 I HuaweiWifiWatchdogStateMachine: spd good count:0, add sc:0.0, rate:1.0
04-24 12:47:44.872 1176 1176 I QosMonitor: queryRtt: rtt_type = 3
04-24 12:47:44.872 1176 1406 I HuaweiWifiWatchdogStateMachine: current mHighDataFlowRate = 1.0
04-24 12:47:44.872 1176 1406 I HuaweiWifiWatchdogStateMachine: POta txb txg rxg:0, 109, 0. Lr =0% Totpkt=109
04-24 12:47:44.872 1176 1176 I HwQoEJNI: send_cmd_kernel. begin
04-24 12:47:44.873 1176 1176 I HwQoEJNI: send_cmd_kernel. end
04-24 12:47:44.873 1176 1176 I QosMonitor: postEventFromNative: msg=100,arg1=4,arg2=10
04-24 12:47:44.873 1176 1176 I HwQoEJNI: send_cmd_kernel. begin
04-24 12:47:44.873 1176 1176 I HwQoEJNI: send_cmd_kernel. end
04-24 12:47:44.874 1176 1176 I QosMonitor: postEventFromNative: msg=100,arg1=0,arg2=10
04-24 12:47:44.874 1176 1176 D HuaweiWifiWatchdogStateMachine: setSampleRtt: unvalid rtt
04-24 12:47:44.874 1176 1176 I MQoS : rtt=80,tcp_tx_pkts=480938,tcp_rx_pkts=921407
04-24 12:47:44.875 1176 1406 D HuaweiWifiWatchdogStateMachine: dumpTcpResult: len=10,rtt=80,rttPkt=1,rttWn=90,cgt=0,cgtWn=0
04-24 12:47:44.875 1176 1406 I HuaweiWifiWatchdogStateMachine: PTcp RTT:0, rtt pkt=0, tcp_rx=0, tcp_tx=0, tcp_reTran=0, rtRate=0
04-24 12:47:44.875 1176 1406 D HuaweiWifiWatchdogStateMachine: mRssiBadCount =0, RSSI not bad.
04-24 12:47:44.875 1176 1406 D HuaweiWifiWatchdogStateMachine: detectNetworkAvailable:hw.wifipro.dns_fail_count = 131
04-24 12:47:44.876 1176 1406 D HuaweiWifiWatchdogStateMachine: bqeLevel = 2 rtt=0,rtt_pkts=0 speed=37 rssi=-28
04-24 12:47:44.876 1176 1406 D HuaweiWifiWatchdogStateMachine: Enter updateQoeLevel level = 2
04-24 12:47:44.876 1176 1406 D HuaweiWifiWatchdogStateMachine: updateQoeLevel current level equal to mLastDetectLevel, return
04-24 12:47:44.876 1176 1406 D HuaweiWifiWatchdogStateMachine: did not have any network action
04-24 12:47:44.888 1176 3515 I MQoS : QOS_level:0(0),wifi-link;SIM error;use level-0
04-24 12:47:45.087 1463 1463 D KeyguardUpdateMonitor: received broadcast android.intent.action.BATTERY_CHANGED
04-24 12:47:45.087 1176 1176 D HwInnerWifiManagerImpl: SupplicantState = COMPLETED
04-24 12:47:45.087 1176 1176 D HwInnerWifiManagerImpl: isPhoneAP = false
04-24 12:47:45.087 1463 1463 W KeyguardUpdateMonitor: ACTION_BATTERY_CHANGED AMP: 500000; Volt: 5000000
04-24 12:47:45.088 1463 1463 V KeyguardUpdateMonitor: RefreshBatteryInfo isBatteryLow: 75
04-24 12:47:45.088 1463 1463 W KeyguardUpdateMonitor: ChargingSpeed Wattage: 2500000 ST: 5000000 --> 7500000
04-24 12:47:45.088 1463 1463 I KgBattery: BatteryInfo updated: 2lPc0
04-24 12:47:45.088 1463 1463 W AppHandler: sendMessage with obj100
04-24 12:47:45.088 1463 1463 D KeyguardUpdateMonitor: handleBatteryUpdate
04-24 12:47:45.088 1463 1463 W HwLockScreenPanel: Handle message: 100
04-24 12:47:45.088 1463 1463 W HwKeyguardBottomArea: updateBatteryInfo : false true
04-24 12:47:45.089 1176 1176 D HwInnerWifiManagerImpl: SupplicantState = COMPLETED
04-24 12:47:45.089 1176 1176 D HwInnerWifiManagerImpl: isPhoneAP = false
04-24 12:47:45.089 1176 1176 D WifiStateMachine: mBcastReceiver: PluggedType = 2 mIsScanCtrlPluggedin = true
04-24 12:47:45.089 1463 1463 W KgBattery: getCharge info with type: text
04-24 12:47:45.089 1176 1176 D HwWifiService: mPluggedType =2
04-24 12:47:45.091 1176 1176 D WifiService: onReceive, action:android.intent.action.BATTERY_CHANGED
04-24 12:47:45.091 1176 1176 D WifiService: ACTION_BATTERY_CHANGED pluggedType: 2
04-24 12:47:45.095 5515 5671 E CloudAlbum[8.1.2.309]: [ReceiverManager] not log on ignore
04-24 12:47:45.097 1729 1729 I MsgReceiver: intent action: android.intent.action.BATTERY_CHANGED
04-24 12:47:45.098 1463 1463 W HwLockScreenPanel: refreshBatteryInfo: null
04-24 12:47:45.659 777 777 E : [E/capacity_limit_control] not demo version, not set power control prop!
04-24 12:47:46.715 1176 1338 D HwWifiStatStore: handleMessage : 200
04-24 12:47:47.689 1176 1176 I TrafficMonitor: expired arrive. level:-1
04-24 12:47:47.690 1176 1176 I TrafficMonitor: update:rxPkts:0,txPkts:0,rxBytes:0,txBytes:0
04-24 12:47:47.690 1176 1176 I TrafficMonitor: start expired. level:-1
04-24 12:47:47.690 1176 1176 I TrafficMonitor: gettimer:interval=5000
04-24 12:47:47.690 1176 1176 I TrafficMonitor: during_ms:5005,period_ms:2000
04-24 12:47:47.690 1176 1176 I TrafficMonitor: count:744,rx_sum:0,tx_sum:0,rxBytes:0,during_ms:5005,rx_speed:0.0,tx_speed:0.0,rto:0.0
04-24 12:47:47.690 1176 1176 D HuaweiWifiWatchdogStateMachine: speed: rxpkt:0, rxSpd:0B/s, txpkt:0, txSpd:0
04-24 12:47:48.324 1176 1392 D HwArpVerifier: check_wifi_state_mode = 0 mCheckStateToken=25 token25
04-24 12:47:48.327 1176 1392 D wifiserviceimpl: netmask =16777215
04-24 12:47:48.422 1176 1392 D HWMultiGW: setGateWay 192.168.1.1
04-24 12:47:49.424 1176 1392 D HwArpVerifier: getGateWayARPResponses: arp rtt = 3
04-24 12:47:49.425 1176 1392 E HwCHRWifiRSSIGroupSummery: updatArpSummery mRSSI:-28 HwCHRWifiRSSIGroup [rssi_index=4, rtt_tcp_packets=0, rtt_tcp_duration=0, rtt_lan_duration=7825, rtt_lan_failures=0, rtt_lan_succ=384, rtt_lan_max=939, rtt_lan_min=0,same_area_frequency=0,adjacent_area_frequency=0]
04-24 12:47:49.444 1176 1589 W Watchdog: hungtask: writing kick
04-24 12:47:49.447 1176 1202 I EventHub: EventHub monitor: no key events in the past 2203s, no motion events in the past 2204s
04-24 12:47:49.469 1176 1392 D HwArpVerifier: There are 1 mac address for gateway
04-24 12:47:49.469 1176 1392 D HwArpVerifier: from HEART_CHECK transmit to state:HEART_CHECK
04-24 12:47:49.470 1176 1392 D HwArpVerifier: msg what=124 arg1(token)=25 arg2(mode)=0 delay=30000
04-24 12:47:49.470 1176 1392 D HwArpVerifier: performPollAndLog:
04-24 12:47:49.474 1176 1392 D hw_netstat: total/0/0
04-24 12:47:49.721 1176 1338 D HwWifiStatStore: handleMessage : 200
04-24 12:47:50.669 777 777 E : [E/capacity_limit_control] not demo version, not set power control prop!
04-24 12:47:51.737 487 620 W SocketListener: sending broadcast to Pid = 1176, Uid = 1000
04-24 12:47:51.744 1176 1332 D NetdConnector: RCV <- {613 IfaceClass active 1 353259892765211 10824}
04-24 12:47:51.748 1176 1332 D NetdConnector: RCV <- {613 IfaceClass active 1 353259892765211 10824}
04-24 12:47:51.753 1176 1202 D NetdConnector: RCV unsolicited event from native daemon, event = 613
04-24 12:47:52.608 1729 23345 I DownloadState: 0 transmitting data speed : 28 bytes/s scroff: true
04-24 12:47:52.696 1176 1176 I TrafficMonitor: expired arrive. level:-1
04-24 12:47:52.699 1176 1176 I TrafficMonitor: update:rxPkts:1,txPkts:1,rxBytes:56,txBytes:84
04-24 12:47:52.699 1176 1176 I TrafficMonitor: start expired. level:-1
04-24 12:47:52.699 1176 1176 I TrafficMonitor: gettimer:interval=2000
04-24 12:47:52.700 1176 1176 I TrafficMonitor: during_ms:5010,period_ms:2000
04-24 12:47:52.700 1176 1176 I TrafficMonitor: count:745,rx_sum:1,tx_sum:1,rxBytes:56,during_ms:5010,rx_speed:11.177644710578843,tx_speed:16.766467065868266,rto:1.0
04-24 12:47:52.700 1176 1176 D HuaweiWifiWatchdogStateMachine: speed: rxpkt:1, rxSpd:11B/s, txpkt:1, txSpd:16
04-24 12:47:52.728 1176 1338 D HwWifiStatStore: handleMessage : 200
04-24 12:47:52.867 742 742 E wificond: Failed to get NL80211_RATE_INFO_NOISE
04-24 12:47:52.868 742 742 E wificond: Failed to get NL80211_RATE_INFO_SNR
04-24 12:47:52.868 742 742 E wificond: Failed to get NL80211_STA_INFO_CNAHLOAD
04-24 12:47:52.869 1176 1337 E WificondControl: Noise: 0, Snr: -1, Chload: -1
04-24 12:47:52.870 1176 1339 D HwWifiCHRStateManager: handleMessage : 1001
04-24 12:47:52.870 1176 1339 D HwWifiCHRStateManager: handleUpdateChannel:2412
04-24 12:47:52.871 1176 1339 V HwWifiServiceFactory: get AllImpl object = com.android.server.wifi.HwWifiServiceFactoryImpl@2205edc
04-24 12:47:52.875 742 742 E wificond: Failed to get NL80211_RATE_INFO_NOISE
04-24 12:47:52.875 742 742 E wificond: Failed to get NL80211_RATE_INFO_SNR
04-24 12:47:52.875 742 742 E wificond: Failed to get NL80211_STA_INFO_CNAHLOAD
04-24 12:47:52.877 1176 1406 D HuaweiWifiWatchdogStateMachine: LM mrssi=-28
04-24 12:47:52.877 1176 1176 D WiFi_PRO: MSG_RETURN_AP_CURRY_RSSI rssi = -28
04-24 12:47:52.878 1176 1406 D HuaweiWifiWatchdogStateMachine: a4:fa:**:**:eb:b0 current loss[-45]=0%, volume=2
04-24 12:47:52.878 1176 1176 I QosMonitor: queryRtt: rtt_type = 3
04-24 12:47:52.878 1176 1406 D HuaweiWifiWatchdogStateMachine: a4:fa:**:**:eb:b0 history loss[-45]=0%, volume=13825581
04-24 12:47:52.878 1176 1176 I HwQoEJNI: send_cmd_kernel. begin
04-24 12:47:52.878 1176 1176 I HwQoEJNI: send_cmd_kernel. end
04-24 12:47:52.879 1176 1176 I QosMonitor: postEventFromNative: msg=100,arg1=4,arg2=10
04-24 12:47:52.879 1176 1406 I HuaweiWifiWatchdogStateMachine: spd good count:0, add sc:0.0, rate:1.0
04-24 12:47:52.879 1176 1406 I HuaweiWifiWatchdogStateMachine: current mHighDataFlowRate = 1.0
04-24 12:47:52.879 1176 1406 I HuaweiWifiWatchdogStateMachine: POta txb txg rxg:0, 111, 0. Lr =0% Totpkt=111
04-24 12:47:52.879 1176 1176 D HuaweiWifiWatchdogStateMachine: setSampleRtt: unvalid rtt
04-24 12:47:52.879 1176 1176 I HwQoEJNI: send_cmd_kernel. begin
04-24 12:47:52.880 1176 1176 I HwQoEJNI: send_cmd_kernel. end
04-24 12:47:52.880 1176 1176 I QosMonitor: postEventFromNative: msg=100,arg1=0,arg2=10
04-24 12:47:52.880 1176 1176 I MQoS : rtt=80,tcp_tx_pkts=480938,tcp_rx_pkts=921407
04-24 12:47:52.883 1176 1406 D HuaweiWifiWatchdogStateMachine: dumpTcpResult: len=10,rtt=80,rttPkt=1,rttWn=98,cgt=0,cgtWn=0
04-24 12:47:52.884 1176 1406 I HuaweiWifiWatchdogStateMachine: PTcp RTT:0, rtt pkt=0, tcp_rx=0, tcp_tx=0, tcp_reTran=0, rtRate=0
04-24 12:47:52.884 1176 1406 D HuaweiWifiWatchdogStateMachine: mRssiBadCount =0, RSSI not bad.
04-24 12:47:52.884 1176 1406 D HuaweiWifiWatchdogStateMachine: detectNetworkAvailable:hw.wifipro.dns_fail_count = 131
04-24 12:47:52.884 1176 1406 D HuaweiWifiWatchdogStateMachine: bqeLevel = 2 rtt=0,rtt_pkts=0 speed=37 rssi=-28
04-24 12:47:52.884 1176 1406 D HuaweiWifiWatchdogStateMachine: Enter updateQoeLevel level = 2
04-24 12:47:52.884 1176 1406 D HuaweiWifiWatchdogStateMachine: updateQoeLevel current level equal to mLastDetectLevel, return
04-24 12:47:52.884 1176 1406 D HuaweiWifiWatchdogStateMachine: did not have any network action
04-24 12:47:52.892 1176 3515 I MQoS : QOS_level:0(0),wifi-link;SIM error;use level-0
04-24 12:47:54.476 1176 1392 D HwArpVerifier: performPollAndLog:
04-24 12:47:54.480 1176 1392 D hw_netstat: total/56/84,unknown:0/56/84
04-24 12:47:54.704 1176 1176 I TrafficMonitor: update:rxPkts:0,txPkts:0,rxBytes:0,txBytes:0
04-24 12:47:54.705 1176 1176 I TrafficMonitor: start expired. level:-1
04-24 12:47:54.705 1176 1176 I TrafficMonitor: gettimer:interval=2000
04-24 12:47:55.679 777 777 E : [E/capacity_limit_control] not demo version, not set power control prop!
04-24 12:47:55.702 1176 1288 D HwBatteryService: onUEvent fcpStatus = 0,scpStatus =0,ovpStatus=0
04-24 12:47:55.704 1176 1288 I UsbDeviceManager: water_intrused state= 0
04-24 12:47:55.719 1176 1176 D HwInnerWifiManagerImpl: SupplicantState = COMPLETED
04-24 12:47:55.720 1176 1176 D HwInnerWifiManagerImpl: isPhoneAP = false
04-24 12:47:55.721 1176 1176 D HwInnerWifiManagerImpl: SupplicantState = COMPLETED
04-24 12:47:55.721 1176 1176 D HwInnerWifiManagerImpl: isPhoneAP = false
04-24 12:47:55.722 1176 1176 D WifiStateMachine: mBcastReceiver: PluggedType = 2 mIsScanCtrlPluggedin = true
04-24 12:47:55.722 1176 1176 D HwWifiService: mPluggedType =2
04-24 12:47:55.723 1463 1463 D KeyguardUpdateMonitor: received broadcast android.intent.action.BATTERY_CHANGED
04-24 12:47:55.723 1463 1463 W KeyguardUpdateMonitor: ACTION_BATTERY_CHANGED AMP: 500000; Volt: 5000000
04-24 12:47:55.724 1729 1729 I MsgReceiver: intent action: android.intent.action.BATTERY_CHANGED
04-24 12:47:55.725 1176 1176 D WifiService: onReceive, action:android.intent.action.BATTERY_CHANGED
04-24 12:47:55.725 1176 1176 D WifiService: ACTION_BATTERY_CHANGED pluggedType: 2
04-24 12:47:55.726 5515 5671 E CloudAlbum[8.1.2.309]: [ReceiverManager] not log on ignore
04-24 12:47:55.729 1463 1463 V KeyguardUpdateMonitor: RefreshBatteryInfo isBatteryLow: 75
04-24 12:47:55.730 1463 1463 W KeyguardUpdateMonitor: ChargingSpeed Wattage: 2500000 ST: 5000000 --> 7500000
04-24 12:47:55.730 1463 1463 I KgBattery: BatteryInfo updated: 2lPc0
04-24 12:47:55.730 1463 1463 W AppHandler: sendMessage with obj100
04-24 12:47:55.730 1463 1463 D KeyguardUpdateMonitor: handleBatteryUpdate
04-24 12:47:55.732 1463 1463 W HwLockScreenPanel: Handle message: 100
04-24 12:47:55.732 1463 1463 W HwKeyguardBottomArea: updateBatteryInfo : false true
04-24 12:47:55.732 1463 1463 W KgBattery: getCharge info with type: text
04-24 12:47:55.736 1176 1338 D HwWifiStatStore: handleMessage : 200
04-24 12:47:55.740 1463 1463 W HwLockScreenPanel: refreshBatteryInfo: null
04-24 12:47:56.709 1176 1176 I TrafficMonitor: update:rxPkts:0,txPkts:0,rxBytes:0,txBytes:0
04-24 12:47:56.710 1176 1176 I TrafficMonitor: start expired. level:-1
04-24 12:47:56.710 1176 1176 I TrafficMonitor: gettimer:interval=2000
04-24 12:47:56.749 1106 1119 I OAM : [check_file_size:505]/data/log/wifi/wifi_log_1 log file beyond size=10240Byte, creat new file
04-24 12:47:56.749 1106 1119 I OAM : [rename_old_file:210]rename_old_file
04-24 12:47:56.749 1106 1119 I OAM :
04-24 12:47:57.701 1176 1176 I TrafficMonitor: expired arrive. level:-1
04-24 12:47:57.702 1176 1176 I TrafficMonitor: during_ms:2005,period_ms:2000
04-24 12:47:57.702 1176 1176 I TrafficMonitor: count:747,rx_sum:0,tx_sum:0,rxBytes:0,during_ms:2005,rx_speed:0.0,tx_speed:0.0,rto:0.0
04-24 12:47:57.702 1176 1176 D HuaweiWifiWatchdogStateMachine: speed: rxpkt:0, rxSpd:0B/s, txpkt:0, txSpd:0
04-24 12:47:58.714 1176 1176 I TrafficMonitor: update:rxPkts:0,txPkts:0,rxBytes:0,txBytes:0
04-24 12:47:58.714 1176 1176 I TrafficMonitor: start expired. level:-1
04-24 12:47:58.715 1176 1176 I TrafficMonitor: gettimer:interval=2000
04-24 12:47:58.741 1176 1338 D HwWifiStatStore: handleMessage : 200
04-24 12:47:59.483 1176 1392 D HwArpVerifier: performPollAndLog:
04-24 12:47:59.487 1176 1392 D hw_netstat: total/0/0
04-24 12:48:00.708 777 777 E : [E/capacity_limit_control] not demo version, not set power control prop!
04-24 12:48:00.720 1176 1176 I TrafficMonitor: update:rxPkts:0,txPkts:0,rxBytes:0,txBytes:0
04-24 12:48:00.720 1176 1176 I TrafficMonitor: start expired. level:-1
04-24 12:48:00.720 1176 1176 I TrafficMonitor: gettimer:interval=2000
04-24 12:48:00.876 742 742 E wificond: Failed to get NL80211_RATE_INFO_NOISE
04-24 12:48:00.877 742 742 E wificond: Failed to get NL80211_RATE_INFO_SNR
04-24 12:48:00.877 742 742 E wificond: Failed to get NL80211_STA_INFO_CNAHLOAD
04-24 12:48:00.878 1176 1337 E WificondControl: Noise: 0, Snr: -1, Chload: -1
04-24 12:48:00.879 1176 1339 D HwWifiCHRStateManager: handleMessage : 1001
04-24 12:48:00.879 1176 1339 D HwWifiCHRStateManager: handleUpdateChannel:2412
04-24 12:48:00.879 1176 1339 V HwWifiServiceFactory: get AllImpl object = com.android.server.wifi.HwWifiServiceFactoryImpl@2205edc
04-24 12:48:00.883 742 742 E wificond: Failed to get NL80211_RATE_INFO_NOISE
04-24 12:48:00.883 742 742 E wificond: Failed to get NL80211_RATE_INFO_SNR
04-24 12:48:00.883 742 742 E wificond: Failed to get NL80211_STA_INFO_CNAHLOAD
04-24 12:48:00.885 1176 1176 D WiFi_PRO: MSG_RETURN_AP_CURRY_RSSI rssi = -29
04-24 12:48:00.885 1176 1406 D HuaweiWifiWatchdogStateMachine: LM mrssi=-29
04-24 12:48:00.886 1176 1406 D HuaweiWifiWatchdogStateMachine: a4:fa:**:**:eb:b0 current loss[-45]=0%, volume=1
04-24 12:48:00.886 1176 1176 I QosMonitor: queryRtt: rtt_type = 3
04-24 12:48:00.886 1176 1406 D HuaweiWifiWatchdogStateMachine: a4:fa:**:**:eb:b0 history loss[-45]=0%, volume=13825582
04-24 12:48:00.886 1176 1176 I HwQoEJNI: send_cmd_kernel. begin
04-24 12:48:00.886 1176 1176 I HwQoEJNI: send_cmd_kernel. end
04-24 12:48:00.887 1176 1176 I QosMonitor: postEventFromNative: msg=100,arg1=4,arg2=10
04-24 12:48:00.887 1176 1406 I HuaweiWifiWatchdogStateMachine: spd good count:0, add sc:0.0, rate:1.0
04-24 12:48:00.887 1176 1406 I HuaweiWifiWatchdogStateMachine: current mHighDataFlowRate = 1.0
04-24 12:48:00.887 1176 1406 I HuaweiWifiWatchdogStateMachine: POta txb txg rxg:0, 112, 0. Lr =0% Totpkt=112
04-24 12:48:00.887 1176 1176 D HuaweiWifiWatchdogStateMachine: setSampleRtt: unvalid rtt
04-24 12:48:00.887 1176 1176 I HwQoEJNI: send_cmd_kernel. begin
04-24 12:48:00.887 1176 1176 I HwQoEJNI: send_cmd_kernel. end
04-24 12:48:00.888 1176 1176 I QosMonitor: postEventFromNative: msg=100,arg1=0,arg2=10
04-24 12:48:00.888 1176 1176 I MQoS : rtt=80,tcp_tx_pkts=480938,tcp_rx_pkts=921407
04-24 12:48:00.889 1176 1406 D HuaweiWifiWatchdogStateMachine: dumpTcpResult: len=10,rtt=80,rttPkt=1,rttWn=106,cgt=0,cgtWn=0
04-24 12:48:00.890 1176 1406 I HuaweiWifiWatchdogStateMachine: PTcp RTT:0, rtt pkt=0, tcp_rx=0, tcp_tx=0, tcp_reTran=0, rtRate=0
04-24 12:48:00.890 1176 1406 D HuaweiWifiWatchdogStateMachine: mRssiBadCount =0, RSSI not bad.
04-24 12:48:00.890 1176 1406 D HuaweiWifiWatchdogStateMachine: detectNetworkAvailable:hw.wifipro.dns_fail_count = 131
04-24 12:48:00.890 1176 1406 D HuaweiWifiWatchdogStateMachine: bqeLevel = 2 rtt=0,rtt_pkts=0 speed=37 rssi=-29
04-24 12:48:00.890 1176 1406 D HuaweiWifiWatchdogStateMachine: Enter updateQoeLevel level = 2
04-24 12:48:00.890 1176 1406 D HuaweiWifiWatchdogStateMachine: updateQoeLevel current level equal to mLastDetectLevel, return
04-24 12:48:00.890 1176 1406 D HuaweiWifiWatchdogStateMachine: did not have any network action
04-24 12:48:00.899 1176 3515 I MQoS : QOS_level:0(0),wifi-link;SIM error;use level-0
04-24 12:48:01.748 1176 1338 D HwWifiStatStore: handleMessage : 200
04-24 12:48:02.725 1176 1176 I TrafficMonitor: update:rxPkts:0,txPkts:0,rxBytes:0,txBytes:0
04-24 12:48:02.726 1176 1176 I TrafficMonitor: start expired. level:-1
04-24 12:48:02.726 1176 1176 I TrafficMonitor: gettimer:interval=2000
04-24 12:48:03.716 1176 1176 I TrafficMonitor: expired arrive. level:-1
04-24 12:48:03.716 1176 1176 I TrafficMonitor: during_ms:2006,period_ms:2000
04-24 12:48:03.716 1176 1176 I TrafficMonitor: count:750,rx_sum:0,tx_sum:0,rxBytes:0,during_ms:2006,rx_speed:0.0,tx_speed:0.0,rto:0.0
04-24 12:48:03.716 1176 1176 D HuaweiWifiWatchdogStateMachine: speed: rxpkt:0, rxSpd:0B/s, txpkt:0, txSpd:0
04-24 12:48:04.491 1176 1392 D HwArpVerifier: performPollAndLog:
04-24 12:48:04.495 1176 1392 D hw_netstat: total/0/0
04-24 12:48:04.731 1176 1176 I TrafficMonitor: update:rxPkts:0,txPkts:0,rxBytes:0,txBytes:0
04-24 12:48:04.731 1176 1176 I TrafficMonitor: start expired. level:-1
04-24 12:48:04.732 1176 1176 I TrafficMonitor: gettimer:interval=2000
04-24 12:48:04.751 1176 1338 D HwWifiStatStore: handleMessage : 200
04-24 12:48:05.719 777 777 E : [E/capacity_limit_control] not demo version, not set power control prop!
04-24 12:48:06.737 1176 1176 I TrafficMonitor: update:rxPkts:0,txPkts:0,rxBytes:0,txBytes:0
04-24 12:48:06.737 1176 1176 I TrafficMonitor: start expired. level:-1
04-24 12:48:06.738 1176 1176 I TrafficMonitor: gettimer:interval=2000
04-24 12:48:06.763 487 620 W SocketListener: sending broadcast to Pid = 1176, Uid = 1000
04-24 12:48:06.769 1176 1332 D NetdConnector: RCV <- {613 IfaceClass idle 1 353274918489167}
04-24 12:48:06.774 1176 1332 D NetdConnector: RCV <- {613 IfaceClass idle 1 353274918489167}
04-24 12:48:06.778 1176 1202 D NetdConnector: RCV unsolicited event from native daemon, event = 613
04-24 12:48:07.758 1176 1338 D HwWifiStatStore: handleMessage : 200
04-24 12:48:08.743 1176 1176 I TrafficMonitor: update:rxPkts:0,txPkts:0,rxBytes:0,txBytes:0
04-24 12:48:08.744 1176 1176 I TrafficMonitor: start expired. level:-1
04-24 12:48:08.744 1176 1176 I TrafficMonitor: gettimer:interval=2000
04-24 12:48:08.885 742 742 E wificond: Failed to get NL80211_RATE_INFO_NOISE
04-24 12:48:08.885 742 742 E wificond: Failed to get NL80211_RATE_INFO_SNR
04-24 12:48:08.885 742 742 E wificond: Failed to get NL80211_STA_INFO_CNAHLOAD
04-24 12:48:08.886 1176 1337 E WificondControl: Noise: 0, Snr: -1, Chload: -1
04-24 12:48:08.888 1176 1339 D HwWifiCHRStateManager: handleMessage : 1001
04-24 12:48:08.888 1176 1339 D HwWifiCHRStateManager: handleUpdateChannel:2412
04-24 12:48:08.888 1176 1339 V HwWifiServiceFactory: get AllImpl object = com.android.server.wifi.HwWifiServiceFactoryImpl@2205edc
04-24 12:48:08.892 742 742 E wificond: Failed to get NL80211_RATE_INFO_NOISE
04-24 12:48:08.892 742 742 E wificond: Failed to get NL80211_RATE_INFO_SNR
04-24 12:48:08.892 742 742 E wificond: Failed to get NL80211_STA_INFO_CNAHLOAD
04-24 12:48:08.894 1176 1176 D WiFi_PRO: MSG_RETURN_AP_CURRY_RSSI rssi = -29
04-24 12:48:08.894 1176 1406 D HuaweiWifiWatchdogStateMachine: LM mrssi=-29
04-24 12:48:08.895 1176 1176 I QosMonitor: queryRtt: rtt_type = 3
04-24 12:48:08.895 1176 1176 I HwQoEJNI: send_cmd_kernel. begin
04-24 12:48:08.895 1176 1406 I HuaweiWifiWatchdogStateMachine: spd good count:0, add sc:0.0, rate:1.0
04-24 12:48:08.895 1176 1176 I HwQoEJNI: send_cmd_kernel. end
04-24 12:48:08.896 1176 1176 I QosMonitor: postEventFromNative: msg=100,arg1=4,arg2=10
04-24 12:48:08.896 1176 1176 D HuaweiWifiWatchdogStateMachine: setSampleRtt: unvalid rtt
04-24 12:48:08.896 1176 1406 D HuaweiWifiWatchdogStateMachine: high data flow: protection_counter = 0, not_detect_counter = 373
04-24 12:48:08.896 1176 1406 D HuaweiWifiWatchdogStateMachine: high data flow scenario: 0 --> 0 rx bytes =0KB
04-24 12:48:08.896 1176 1406 I HuaweiWifiWatchdogStateMachine: current mHighDataFlowRate = 1.0
04-24 12:48:08.897 1176 1406 I HuaweiWifiWatchdogStateMachine: POta txb txg rxg:0, 112, 0. Lr =0% Totpkt=112
04-24 12:48:08.897 1176 1176 I HwQoEJNI: send_cmd_kernel. begin
04-24 12:48:08.898 1176 1176 I HwQoEJNI: send_cmd_kernel. end
04-24 12:48:08.898 1176 1176 I QosMonitor: postEventFromNative: msg=100,arg1=0,arg2=10
04-24 12:48:08.899 1176 1176 I MQoS : rtt=80,tcp_tx_pkts=480938,tcp_rx_pkts=921407
04-24 12:48:08.901 1176 1406 D HuaweiWifiWatchdogStateMachine: dumpTcpResult: len=10,rtt=80,rttPkt=1,rttWn=114,cgt=0,cgtWn=0
04-24 12:48:08.902 1176 1406 I HuaweiWifiWatchdogStateMachine: PTcp RTT:0, rtt pkt=0, tcp_rx=0, tcp_tx=0, tcp_reTran=0, rtRate=0
04-24 12:48:08.902 1176 1406 D HuaweiWifiWatchdogStateMachine: mRssiBadCount =0, RSSI not bad.
04-24 12:48:08.902 1176 1406 D HuaweiWifiWatchdogStateMachine: detectNetworkAvailable:hw.wifipro.dns_fail_count = 131
04-24 12:48:08.902 1176 1406 D HuaweiWifiWatchdogStateMachine: bqeLevel = 2 rtt=0,rtt_pkts=0 speed=37 rssi=-29
04-24 12:48:08.902 1176 1406 D HuaweiWifiWatchdogStateMachine: Enter updateQoeLevel level = 2
04-24 12:48:08.902 1176 1406 D HuaweiWifiWatchdogStateMachine: updateQoeLevel current level equal to mLastDetectLevel, return
04-24 12:48:08.902 1176 1406 D HuaweiWifiWatchdogStateMachine: did not have any network action
04-24 12:48:08.913 1176 3515 I MQoS : QOS_level:0(0),wifi-link;SIM error;use level-0
04-24 12:48:09.502 1176 1392 D HwArpVerifier: performPollAndLog:
04-24 12:48:09.506 1176 1392 D hw_netstat: total/0/0
04-24 12:48:09.733 1176 1176 I TrafficMonitor: expired arrive. level:-1
04-24 12:48:09.733 1176 1176 I TrafficMonitor: during_ms:2006,period_ms:2000
04-24 12:48:09.733 1176 1176 I TrafficMonitor: count:753,rx_sum:0,tx_sum:0,rxBytes:0,during_ms:2006,rx_speed:0.0,tx_speed:0.0,rto:0.0
04-24 12:48:09.733 1176 1176 D HuaweiWifiWatchdogStateMachine: speed: rxpkt:0, rxSpd:0B/s, txpkt:0, txSpd:0
04-24 12:48:10.730 777 777 E : [E/capacity_limit_control] not demo version, not set power control prop!
04-24 12:48:10.749 1176 1176 I TrafficMonitor: update:rxPkts:0,txPkts:0,rxBytes:0,txBytes:0
04-24 12:48:10.749 1176 1176 I TrafficMonitor: start expired. level:-1
04-24 12:48:10.749 1176 1176 I TrafficMonitor: gettimer:interval=2000
04-24 12:48:10.762 1176 1338 D HwWifiStatStore: handleMessage : 200
04-24 12:48:12.755 1176 1176 I TrafficMonitor: update:rxPkts:0,txPkts:0,rxBytes:0,txBytes:0
04-24 12:48:12.755 1176 1176 I TrafficMonitor: start expired. level:-1
04-24 12:48:12.756 1176 1176 I TrafficMonitor: gettimer:interval=5000
04-24 12:48:13.769 1176 1338 D HwWifiStatStore: handleMessage : 200
04-24 12:48:13.977 741 741 E Thermal-daemon: [charger_ic] temp_new :29 temp_old :30
04-24 12:48:13.979 1729 2125 I ThermalService: Receive temperature change, type: 2, temp: 29 from thermald
04-24 12:48:13.981 741 741 E Thermal-daemon: Report temperature: [charger_ic] temp :29 report_threshold:1
04-24 12:48:14.512 1176 1392 D HwArpVerifier: performPollAndLog:
04-24 12:48:14.515 1176 1392 D hw_netstat: total/0/0
04-24 12:48:15.742 777 777 E : [E/capacity_limit_control] not demo version, not set power control prop!
04-24 12:48:15.752 1176 1176 I TrafficMonitor: expired arrive. level:-1
04-24 12:48:15.753 1176 1176 I TrafficMonitor: during_ms:2006,period_ms:2000
04-24 12:48:15.753 1176 1176 I TrafficMonitor: count:755,rx_sum:0,tx_sum:0,rxBytes:0,during_ms:2006,rx_speed:0.0,tx_speed:0.0,rto:0.0
04-24 12:48:15.753 1176 1176 D HuaweiWifiWatchdogStateMachine: speed: rxpkt:0, rxSpd:0B/s, txpkt:0, txSpd:0
04-24 12:48:16.776 1176 1338 D HwWifiStatStore: handleMessage : 200
04-24 12:48:16.891 742 742 E wificond: Failed to get NL80211_RATE_INFO_NOISE
04-24 12:48:16.892 742 742 E wificond: Failed to get NL80211_RATE_INFO_SNR
04-24 12:48:16.892 742 742 E wificond: Failed to get NL80211_STA_INFO_CNAHLOAD
04-24 12:48:16.892 1176 1337 E WificondControl: Noise: 0, Snr: -1, Chload: -1
04-24 12:48:16.893 1176 1339 D HwWifiCHRStateManager: handleMessage : 1001
04-24 12:48:16.893 1176 1339 D HwWifiCHRStateManager: handleUpdateChannel:2412
04-24 12:48:16.893 1176 1339 V HwWifiServiceFactory: get AllImpl object = com.android.server.wifi.HwWifiServiceFactoryImpl@2205edc
04-24 12:48:16.896 742 742 E wificond: Failed to get NL80211_RATE_INFO_NOISE
04-24 12:48:16.896 742 742 E wificond: Failed to get NL80211_RATE_INFO_SNR
04-24 12:48:16.896 742 742 E wificond: Failed to get NL80211_STA_INFO_CNAHLOAD
04-24 12:48:16.898 1176 1406 D HuaweiWifiWatchdogStateMachine: LM mrssi=-30
04-24 12:48:16.898 1176 1176 D WiFi_PRO: MSG_RETURN_AP_CURRY_RSSI rssi = -30
04-24 12:48:16.898 1176 1176 I QosMonitor: queryRtt: rtt_type = 3
04-24 12:48:16.898 1176 1406 I HuaweiWifiWatchdogStateMachine: spd good count:0, add sc:0.0, rate:1.0
04-24 12:48:16.899 1176 1406 I HuaweiWifiWatchdogStateMachine: current mHighDataFlowRate = 1.0
04-24 12:48:16.899 1176 1406 I HuaweiWifiWatchdogStateMachine: POta txb txg rxg:0, 112, 0. Lr =0% Totpkt=112
04-24 12:48:16.899 1176 1176 I HwQoEJNI: send_cmd_kernel. begin
04-24 12:48:16.899 1176 1176 I HwQoEJNI: send_cmd_kernel. end
04-24 12:48:16.899 1176 1176 I QosMonitor: postEventFromNative: msg=100,arg1=4,arg2=10
04-24 12:48:16.899 1176 1176 I HwQoEJNI: send_cmd_kernel. begin
04-24 12:48:16.899 1176 1176 I HwQoEJNI: send_cmd_kernel. end
04-24 12:48:16.900 1176 1176 I QosMonitor: postEventFromNative: msg=100,arg1=0,arg2=10
04-24 12:48:16.900 1176 1176 D HuaweiWifiWatchdogStateMachine: setSampleRtt: unvalid rtt
04-24 12:48:16.900 1176 1176 I MQoS : rtt=80,tcp_tx_pkts=480938,tcp_rx_pkts=921407
04-24 12:48:16.901 1176 1406 D HuaweiWifiWatchdogStateMachine: dumpTcpResult: len=10,rtt=80,rttPkt=1,rttWn=122,cgt=0,cgtWn=0
04-24 12:48:16.902 1176 1406 I HuaweiWifiWatchdogStateMachine: PTcp RTT:0, rtt pkt=0, tcp_rx=0, tcp_tx=0, tcp_reTran=0, rtRate=0
04-24 12:48:16.902 1176 1406 D HuaweiWifiWatchdogStateMachine: mRssiBadCount =0, RSSI not bad.
04-24 12:48:16.902 1176 1406 D HuaweiWifiWatchdogStateMachine: detectNetworkAvailable:hw.wifipro.dns_fail_count = 131
04-24 12:48:16.902 1176 1406 D HuaweiWifiWatchdogStateMachine: bqeLevel = 2 rtt=0,rtt_pkts=0 speed=37 rssi=-30
04-24 12:48:16.902 1176 1406 D HuaweiWifiWatchdogStateMachine: Enter updateQoeLevel level = 2
04-24 12:48:16.902 1176 1406 D HuaweiWifiWatchdogStateMachine: updateQoeLevel current level equal to mLastDetectLevel, return
04-24 12:48:16.902 1176 1406 D HuaweiWifiWatchdogStateMachine: did not have any network action
04-24 12:48:16.909 1176 3515 I MQoS : QOS_level:0(0),wifi-link;SIM error;use level-0
04-24 12:48:16.909 1176 3515 I MQoS : skip-low-Level:0(0),wifi-link;SIM error;use level-0
04-24 12:48:17.759 1176 1176 I TrafficMonitor: update:rxPkts:0,txPkts:0,rxBytes:0,txBytes:0
04-24 12:48:17.760 1176 1176 I TrafficMonitor: start expired. level:-1
04-24 12:48:17.760 1176 1176 I TrafficMonitor: gettimer:interval=5000
04-24 12:48:19.448 1176 1589 W Watchdog: hungtask: writing kick
04-24 12:48:19.450 1176 1202 I EventHub: EventHub monitor: no key events in the past 2233s, no motion events in the past 2234s
04-24 12:48:19.475 1176 1392 D HwArpVerifier: check_wifi_state_mode = 0 mCheckStateToken=25 token25
04-24 12:48:19.478 1176 1392 D wifiserviceimpl: netmask =16777215
04-24 12:48:19.505 1176 1392 D HWMultiGW: setGateWay 192.168.1.1
04-24 12:48:19.520 1106 1119 I OAM : [check_file_size:505]/data/log/wifi/wifi_log_1 log file beyond size=10240Byte, creat new file
04-24 12:48:19.521 1106 1119 I OAM : [rename_old_file:210]rename_old_file
04-24 12:48:19.521 1106 1119 I OAM :
04-24 12:48:19.781 1176 1338 D HwWifiStatStore: handleMessage : 200
04-24 12:48:20.508 1176 1392 D HwArpVerifier: getGateWayARPResponses: arp rtt = 14
04-24 12:48:20.509 1176 1392 E HwCHRWifiRSSIGroupSummery: updatArpSummery mRSSI:-30 HwCHRWifiRSSIGroup [rssi_index=4, rtt_tcp_packets=0, rtt_tcp_duration=0, rtt_lan_duration=7839, rtt_lan_failures=0, rtt_lan_succ=385, rtt_lan_max=939, rtt_lan_min=0,same_area_frequency=0,adjacent_area_frequency=0]
04-24 12:48:20.562 1176 1392 D HwArpVerifier: There are 1 mac address for gateway
04-24 12:48:20.562 1176 1392 D HwArpVerifier: from HEART_CHECK transmit to state:HEART_CHECK
04-24 12:48:20.563 1176 1392 D HwArpVerifier: msg what=124 arg1(token)=25 arg2(mode)=0 delay=30000
04-24 12:48:20.563 1176 1392 D HwArpVerifier: performPollAndLog:
04-24 12:48:20.567 1176 1392 D hw_netstat: total/0/0
04-24 12:48:20.754 777 777 E : [E/capacity_limit_control] not demo version, not set power control prop!
04-24 12:48:22.766 1176 1176 I TrafficMonitor: expired arrive. level:-1
04-24 12:48:22.769 1176 1176 I TrafficMonitor: update:rxPkts:0,txPkts:0,rxBytes:0,txBytes:0
04-24 12:48:22.769 1176 1176 I TrafficMonitor: start expired. level:-1
04-24 12:48:22.769 1176 1176 I TrafficMonitor: gettimer:interval=5000
04-24 12:48:22.770 1176 1176 I TrafficMonitor: during_ms:5010,period_ms:2000
04-24 12:48:22.770 1176 1176 I TrafficMonitor: count:757,rx_sum:0,tx_sum:0,rxBytes:0,during_ms:5010,rx_speed:0.0,tx_speed:0.0,rto:0.0
04-24 12:48:22.770 1176 1176 D HuaweiWifiWatchdogStateMachine: speed: rxpkt:0, rxSpd:0B/s, txpkt:0, txSpd:0
04-24 12:48:22.788 1176 1338 D HwWifiStatStore: handleMessage : 200
04-24 12:48:24.327 1176 1490 V BroadcastQueue: Finished with ordered broadcast BroadcastRecord{28e161f u0 com.tencent.mm.plugin.report.service.KVCommCrossProcessReceiver}
04-24 12:48:24.669 1176 1392 D HwArpVerifier: getIpRouteTable
04-24 12:48:24.748 1176 1392 D HwArpVerifier: Notify wifi default route is ok
04-24 12:48:24.898 742 742 E wificond: Failed to get NL80211_RATE_INFO_NOISE
04-24 12:48:24.898 742 742 E wificond: Failed to get NL80211_RATE_INFO_SNR
04-24 12:48:24.898 742 742 E wificond: Failed to get NL80211_STA_INFO_CNAHLOAD
04-24 12:48:24.899 1176 1337 E WificondControl: Noise: 0, Snr: -1, Chload: -1
04-24 12:48:24.899 1176 1339 D HwWifiCHRStateManager: handleMessage : 1001
04-24 12:48:24.899 1176 1339 D HwWifiCHRStateManager: handleUpdateChannel:2412
04-24 12:48:24.899 1176 1339 V HwWifiServiceFactory: get AllImpl object = com.android.server.wifi.HwWifiServiceFactoryImpl@2205edc
04-24 12:48:24.901 742 742 E wificond: Failed to get NL80211_RATE_INFO_NOISE
04-24 12:48:24.901 742 742 E wificond: Failed to get NL80211_RATE_INFO_SNR
04-24 12:48:24.901 742 742 E wificond: Failed to get NL80211_STA_INFO_CNAHLOAD
04-24 12:48:24.903 1176 1406 D HuaweiWifiWatchdogStateMachine: LM mrssi=-29
04-24 12:48:24.903 1176 1176 D WiFi_PRO: MSG_RETURN_AP_CURRY_RSSI rssi = -29
04-24 12:48:24.903 1176 1406 D HuaweiWifiWatchdogStateMachine: a4:fa:**:**:eb:b0 current loss[-45]=0%, volume=1
04-24 12:48:24.903 1176 1406 D HuaweiWifiWatchdogStateMachine: a4:fa:**:**:eb:b0 history loss[-45]=0%, volume=13825583
04-24 12:48:24.903 1176 1176 I QosMonitor: queryRtt: rtt_type = 3
04-24 12:48:24.903 1176 1176 I HwQoEJNI: send_cmd_kernel. begin
04-24 12:48:24.903 1176 1406 I HuaweiWifiWatchdogStateMachine: spd good count:0, add sc:0.0, rate:1.0
04-24 12:48:24.903 1176 1176 I HwQoEJNI: send_cmd_kernel. end
04-24 12:48:24.903 1176 1406 I HuaweiWifiWatchdogStateMachine: current mHighDataFlowRate = 1.0
04-24 12:48:24.904 1176 1406 I HuaweiWifiWatchdogStateMachine: POta txb txg rxg:0, 113, 0. Lr =0% Totpkt=113
04-24 12:48:24.904 1176 1176 I QosMonitor: postEventFromNative: msg=100,arg1=4,arg2=10
04-24 12:48:24.904 1176 1176 I HwQoEJNI: send_cmd_kernel. begin
04-24 12:48:24.904 1176 1176 I HwQoEJNI: send_cmd_kernel. end
04-24 12:48:24.904 1176 1176 I QosMonitor: postEventFromNative: msg=100,arg1=0,arg2=10
04-24 12:48:24.904 1176 1176 D HuaweiWifiWatchdogStateMachine: setSampleRtt: unvalid rtt
04-24 12:48:24.904 1176 1176 I MQoS : rtt=80,tcp_tx_pkts=480938,tcp_rx_pkts=921407
04-24 12:48:24.906 1176 1406 D HuaweiWifiWatchdogStateMachine: dumpTcpResult: len=10,rtt=80,rttPkt=1,rttWn=130,cgt=0,cgtWn=0
04-24 12:48:24.906 1176 1406 I HuaweiWifiWatchdogStateMachine: PTcp RTT:0, rtt pkt=0, tcp_rx=0, tcp_tx=0, tcp_reTran=0, rtRate=0
04-24 12:48:24.906 1176 1406 D HuaweiWifiWatchdogStateMachine: mRssiBadCount =0, RSSI not bad.
04-24 12:48:24.906 1176 1406 D HuaweiWifiWatchdogStateMachine: detectNetworkAvailable:hw.wifipro.dns_fail_count = 131
04-24 12:48:24.906 1176 1406 D HuaweiWifiWatchdogStateMachine: bqeLevel = 2 rtt=0,rtt_pkts=0 speed=37 rssi=-29
04-24 12:48:24.906 1176 1406 D HuaweiWifiWatchdogStateMachine: Enter updateQoeLevel level = 2
04-24 12:48:24.906 1176 1406 D HuaweiWifiWatchdogStateMachine: updateQoeLevel current level equal to mLastDetectLevel, return
04-24 12:48:24.906 1176 1406 D HuaweiWifiWatchdogStateMachine: did not have any network action
04-24 12:48:24.910 1176 3515 I MQoS : QOS_level:0(0),wifi-link;SIM error;use level-0
04-24 12:48:25.569 1176 1392 D HwArpVerifier: performPollAndLog:
04-24 12:48:25.574 1176 1392 D hw_netstat: total/0/0
04-24 12:48:25.764 777 777 E : [E/capacity_limit_control] not demo version, not set power control prop!
04-24 12:48:25.777 1176 1288 D HwBatteryService: onUEvent fcpStatus = 0,scpStatus =0,ovpStatus=0
04-24 12:48:25.780 1176 1288 I UsbDeviceManager: water_intrused state= 0
04-24 12:48:25.795 1176 1338 D HwWifiStatStore: handleMessage : 200
04-24 12:48:25.797 1176 1176 D HwInnerWifiManagerImpl: SupplicantState = COMPLETED
04-24 12:48:25.797 1176 1176 D HwInnerWifiManagerImpl: isPhoneAP = false
04-24 12:48:25.798 1176 1176 D HwInnerWifiManagerImpl: SupplicantState = COMPLETED
04-24 12:48:25.799 1176 1176 D HwInnerWifiManagerImpl: isPhoneAP = false
04-24 12:48:25.799 1176 1176 D WifiStateMachine: mBcastReceiver: PluggedType = 2 mIsScanCtrlPluggedin = true
04-24 12:48:25.799 1176 1176 D HwWifiService: mPluggedType =2
04-24 12:48:25.800 1176 1176 D WifiService: onReceive, action:android.intent.action.BATTERY_CHANGED
04-24 12:48:25.801 1176 1176 D WifiService: ACTION_BATTERY_CHANGED pluggedType: 2
04-24 12:48:25.804 1463 1463 D KeyguardUpdateMonitor: received broadcast android.intent.action.BATTERY_CHANGED
04-24 12:48:25.805 1463 1463 W KeyguardUpdateMonitor: ACTION_BATTERY_CHANGED AMP: 500000; Volt: 5000000
04-24 12:48:25.807 1729 1729 I MsgReceiver: intent action: android.intent.action.BATTERY_CHANGED
04-24 12:48:25.810 1463 1463 V KeyguardUpdateMonitor: RefreshBatteryInfo isBatteryLow: 75
04-24 12:48:25.811 1463 1463 W KeyguardUpdateMonitor: ChargingSpeed Wattage: 2500000 ST: 5000000 --> 7500000
04-24 12:48:25.811 1463 1463 I KgBattery: BatteryInfo updated: 2lPc0
04-24 12:48:25.811 1463 1463 W AppHandler: sendMessage with obj100
04-24 12:48:25.811 1463 1463 D KeyguardUpdateMonitor: handleBatteryUpdate
04-24 12:48:25.812 1463 1463 W HwLockScreenPanel: Handle message: 100
04-24 12:48:25.812 5515 5671 E CloudAlbum[8.1.2.309]: [ReceiverManager] not log on ignore
04-24 12:48:25.812 1463 1463 W HwKeyguardBottomArea: updateBatteryInfo : false true
04-24 12:48:25.813 1463 1463 W KgBattery: getCharge info with type: text
04-24 12:48:25.819 1463 1463 W HwLockScreenPanel: refreshBatteryInfo: null
04-24 12:48:27.771 1176 1176 I TrafficMonitor: expired arrive. level:-1
04-24 12:48:27.779 1176 1176 I TrafficMonitor: update:rxPkts:0,txPkts:0,rxBytes:0,txBytes:0
04-24 12:48:27.779 1176 1176 I TrafficMonitor: start expired. level:-1
04-24 12:48:27.779 1176 1176 I TrafficMonitor: gettimer:interval=5000
04-24 12:48:27.780 1176 1176 I TrafficMonitor: during_ms:5009,period_ms:2000
04-24 12:48:27.780 1176 1176 I TrafficMonitor: count:758,rx_sum:0,tx_sum:0,rxBytes:0,during_ms:5009,rx_speed:0.0,tx_speed:0.0,rto:0.0
04-24 12:48:27.780 1176 1176 D HuaweiWifiWatchdogStateMachine: speed: rxpkt:0, rxSpd:0B/s, txpkt:0, txSpd:0
04-24 12:48:28.801 1176 1338 D HwWifiStatStore: handleMessage : 200
04-24 12:48:30.580 1176 1392 D HwArpVerifier: performPollAndLog:
04-24 12:48:30.584 1176 1392 D hw_netstat: total/0/0
04-24 12:48:30.783 777 777 E : [E/capacity_limit_control] not demo version, not set power control prop!
04-24 12:48:31.804 1176 1338 D HwWifiStatStore: handleMessage : 200
04-24 12:48:32.785 1176 1176 I TrafficMonitor: expired arrive. level:-1
04-24 12:48:32.788 1176 1176 I TrafficMonitor: update:rxPkts:0,txPkts:0,rxBytes:0,txBytes:0
04-24 12:48:32.788 1176 1176 I TrafficMonitor: start expired. level:-1
04-24 12:48:32.788 1176 1176 I TrafficMonitor: gettimer:interval=5000
04-24 12:48:32.789 1176 1176 I TrafficMonitor: during_ms:5010,period_ms:2000
04-24 12:48:32.789 1176 1176 I TrafficMonitor: count:759,rx_sum:0,tx_sum:0,rxBytes:0,during_ms:5010,rx_speed:0.0,tx_speed:0.0,rto:0.0
04-24 12:48:32.789 1176 1176 D HuaweiWifiWatchdogStateMachine: speed: rxpkt:0, rxSpd:0B/s, txpkt:0, txSpd:0
04-24 12:48:32.911 742 742 E wificond: Failed to get NL80211_RATE_INFO_NOISE
04-24 12:48:32.911 742 742 E wificond: Failed to get NL80211_RATE_INFO_SNR
04-24 12:48:32.911 742 742 E wificond: Failed to get NL80211_STA_INFO_CNAHLOAD
04-24 12:48:32.912 1176 1337 E WificondControl: Noise: 0, Snr: -1, Chload: -1
04-24 12:48:32.913 1176 1339 D HwWifiCHRStateManager: handleMessage : 1001
04-24 12:48:32.914 1176 1339 D HwWifiCHRStateManager: handleUpdateChannel:2412
04-24 12:48:32.914 1176 1339 V HwWifiServiceFactory: get AllImpl object = com.android.server.wifi.HwWifiServiceFactoryImpl@2205edc
04-24 12:48:32.917 742 742 E wificond: Failed to get NL80211_RATE_INFO_NOISE
04-24 12:48:32.918 742 742 E wificond: Failed to get NL80211_RATE_INFO_SNR
04-24 12:48:32.918 742 742 E wificond: Failed to get NL80211_STA_INFO_CNAHLOAD
04-24 12:48:32.919 1176 1406 D HuaweiWifiWatchdogStateMachine: LM mrssi=-29
04-24 12:48:32.919 1176 1176 D WiFi_PRO: MSG_RETURN_AP_CURRY_RSSI rssi = -29
04-24 12:48:32.920 1176 1176 I QosMonitor: queryRtt: rtt_type = 3
04-24 12:48:32.920 1176 1406 I HuaweiWifiWatchdogStateMachine: spd good count:0, add sc:0.0, rate:1.0
04-24 12:48:32.920 1176 1406 I HuaweiWifiWatchdogStateMachine: current mHighDataFlowRate = 1.0
04-24 12:48:32.920 1176 1406 I HuaweiWifiWatchdogStateMachine: POta txb txg rxg:0, 113, 0. Lr =0% Totpkt=113
04-24 12:48:32.920 1176 1176 I HwQoEJNI: send_cmd_kernel. begin
04-24 12:48:32.920 1176 1176 I HwQoEJNI: send_cmd_kernel. end
04-24 12:48:32.921 1176 1176 I QosMonitor: postEventFromNative: msg=100,arg1=4,arg2=10
04-24 12:48:32.922 1176 1176 I HwQoEJNI: send_cmd_kernel. begin
04-24 12:48:32.922 1176 1176 I HwQoEJNI: send_cmd_kernel. end
04-24 12:48:32.922 1176 1176 I QosMonitor: postEventFromNative: msg=100,arg1=0,arg2=10
04-24 12:48:32.922 1176 1176 D HuaweiWifiWatchdogStateMachine: setSampleRtt: unvalid rtt
04-24 12:48:32.923 1176 1176 I MQoS : rtt=80,tcp_tx_pkts=480938,tcp_rx_pkts=921407
04-24 12:48:32.923 1176 1406 D HuaweiWifiWatchdogStateMachine: dumpTcpResult: len=10,rtt=80,rttPkt=1,rttWn=138,cgt=0,cgtWn=0
04-24 12:48:32.923 1176 1406 I HuaweiWifiWatchdogStateMachine: PTcp RTT:0, rtt pkt=0, tcp_rx=0, tcp_tx=0, tcp_reTran=0, rtRate=0
04-24 12:48:32.923 1176 1406 D HuaweiWifiWatchdogStateMachine: mRssiBadCount =0, RSSI not bad.
04-24 12:48:32.923 1176 1406 D HuaweiWifiWatchdogStateMachine: detectNetworkAvailable:hw.wifipro.dns_fail_count = 131
04-24 12:48:32.924 1176 1406 D HuaweiWifiWatchdogStateMachine: bqeLevel = 2 rtt=0,rtt_pkts=0 speed=37 rssi=-29
04-24 12:48:32.924 1176 1406 D HuaweiWifiWatchdogStateMachine: Enter updateQoeLevel level = 2
04-24 12:48:32.924 1176 1406 D HuaweiWifiWatchdogStateMachine: updateQoeLevel current level equal to mLastDetectLevel, return
04-24 12:48:32.924 1176 1406 D HuaweiWifiWatchdogStateMachine: did not have any network action
