04-24 12:34:53.650 1176 1176 D HwWifiService: mPluggedType =2
04-24 12:34:53.652 1729 1729 I MsgReceiver: intent action: android.intent.action.BATTERY_CHANGED
04-24 12:34:53.654 1463 1463 D KeyguardUpdateMonitor: received broadcast android.intent.action.BATTERY_CHANGED
04-24 12:34:53.655 1463 1463 W KeyguardUpdateMonitor: ACTION_BATTERY_CHANGED AMP: 500000; Volt: 5000000
04-24 12:34:53.655 5515 5671 E CloudAlbum[8.1.2.309]: [ReceiverManager] not log on ignore
04-24 12:34:53.655 1176 1176 D WifiService: onReceive, action:android.intent.action.BATTERY_CHANGED
04-24 12:34:53.655 1176 1176 D WifiService: ACTION_BATTERY_CHANGED pluggedType: 2
04-24 12:34:53.662 1463 1463 V KeyguardUpdateMonitor: RefreshBatteryInfo isBatteryLow: 73
04-24 12:34:53.662 1463 1463 W KeyguardUpdateMonitor: ChargingSpeed Wattage: 2500000 ST: 5000000 --> 7500000
04-24 12:34:53.662 1463 1463 I KgBattery: BatteryInfo updated: 2lPc0
04-24 12:34:53.662 1463 1463 W AppHandler: sendMessage with obj100
04-24 12:34:53.662 1463 1463 D KeyguardUpdateMonitor: handleBatteryUpdate
04-24 12:34:53.663 1463 1463 W HwLockScreenPanel: Handle message: 100
04-24 12:34:53.663 1463 1463 W HwKeyguardBottomArea: updateBatteryInfo : false true
04-24 12:34:53.663 1463 1463 W KgBattery: getCharge info with type: text
04-24 12:34:53.672 1463 1463 W HwLockScreenPanel: refreshBatteryInfo: null
04-24 12:34:54.060 1176 1338 D HwWifiStatStore: handleMessage : 200
04-24 12:34:54.295 1176 1176 I TrafficMonitor: update:rxPkts:0,txPkts:0,rxBytes:0,txBytes:0
04-24 12:34:54.296 1176 1176 I TrafficMonitor: start expired. level:-1
04-24 12:34:54.296 1176 1176 I TrafficMonitor: gettimer:interval=2000
04-24 12:34:56.105 1176 1392 D HwArpVerifier: performPollAndLog:
04-24 12:34:56.109 1176 1392 D hw_netstat: total/56/84,unknown:0/56/84
04-24 12:34:56.149 742 742 E wificond: Failed to get NL80211_RATE_INFO_NOISE
04-24 12:34:56.149 742 742 E wificond: Failed to get NL80211_RATE_INFO_SNR
04-24 12:34:56.149 742 742 E wificond: Failed to get NL80211_STA_INFO_CNAHLOAD
04-24 12:34:56.150 1176 1337 E WificondControl: Noise: 0, Snr: -1, Chload: -1
04-24 12:34:56.152 1176 1339 D HwWifiCHRStateManager: handleMessage : 1001
04-24 12:34:56.152 1176 1339 D HwWifiCHRStateManager: handleUpdateChannel:2412
04-24 12:34:56.152 1176 1339 V HwWifiServiceFactory: get AllImpl object = com.android.server.wifi.HwWifiServiceFactoryImpl@2205edc
04-24 12:34:56.156 742 742 E wificond: Failed to get NL80211_RATE_INFO_NOISE
04-24 12:34:56.156 742 742 E wificond: Failed to get NL80211_RATE_INFO_SNR
04-24 12:34:56.156 742 742 E wificond: Failed to get NL80211_STA_INFO_CNAHLOAD
04-24 12:34:56.158 1176 1176 D WiFi_PRO: MSG_RETURN_AP_CURRY_RSSI rssi = -28
04-24 12:34:56.158 1176 1406 D HuaweiWifiWatchdogStateMachine: LM mrssi=-28
04-24 12:34:56.158 1176 1176 I QosMonitor: queryRtt: rtt_type = 3
04-24 12:34:56.158 1176 1406 D HuaweiWifiWatchdogStateMachine: a4:fa:**:**:eb:b0 current loss[-45]=0%, volume=2
04-24 12:34:56.159 1176 1406 D HuaweiWifiWatchdogStateMachine: a4:fa:**:**:eb:b0 history loss[-45]=0%, volume=13825516
04-24 12:34:56.159 1176 1176 I HwQoEJNI: send_cmd_kernel. begin
04-24 12:34:56.159 1176 1176 I HwQoEJNI: send_cmd_kernel. end
04-24 12:34:56.159 1176 1406 I HuaweiWifiWatchdogStateMachine: spd good count:0, add sc:0.0, rate:1.0
04-24 12:34:56.159 1176 1176 I QosMonitor: postEventFromNative: msg=100,arg1=4,arg2=10
04-24 12:34:56.159 1176 1406 I HuaweiWifiWatchdogStateMachine: current mHighDataFlowRate = 1.0
04-24 12:34:56.159 1176 1406 I HuaweiWifiWatchdogStateMachine: POta txb txg rxg:0, 46, 0. Lr =0% Totpkt=46
04-24 12:34:56.159 1176 1176 D HuaweiWifiWatchdogStateMachine: setSampleRtt: unvalid rtt
04-24 12:34:56.160 1176 1176 I HwQoEJNI: send_cmd_kernel. begin
04-24 12:34:56.160 1176 1176 I HwQoEJNI: send_cmd_kernel. end
04-24 12:34:56.160 1176 1176 I QosMonitor: postEventFromNative: msg=100,arg1=0,arg2=10
04-24 12:34:56.160 1176 1176 I MQoS : rtt=320,tcp_tx_pkts=480924,tcp_rx_pkts=921400
04-24 12:34:56.162 1176 1406 D HuaweiWifiWatchdogStateMachine: dumpTcpResult: len=10,rtt=320,rttPkt=1,rttWn=162,cgt=0,cgtWn=0
04-24 12:34:56.163 1176 1406 I HuaweiWifiWatchdogStateMachine: PTcp RTT:0, rtt pkt=0, tcp_rx=0, tcp_tx=0, tcp_reTran=0, rtRate=0
04-24 12:34:56.163 1176 1406 D HuaweiWifiWatchdogStateMachine: mRssiBadCount =0, RSSI not bad.
04-24 12:34:56.163 1176 1406 D HuaweiWifiWatchdogStateMachine: detectNetworkAvailable:hw.wifipro.dns_fail_count = 131
04-24 12:34:56.163 1176 1406 D HuaweiWifiWatchdogStateMachine: bqeLevel = 2 rtt=0,rtt_pkts=0 speed=37 rssi=-28
04-24 12:34:56.163 1176 1406 D HuaweiWifiWatchdogStateMachine: Enter updateQoeLevel level = 2
04-24 12:34:56.163 1176 1406 D HuaweiWifiWatchdogStateMachine: updateQoeLevel current level equal to mLastDetectLevel, return
04-24 12:34:56.163 1176 1406 D HuaweiWifiWatchdogStateMachine: did not have any network action
04-24 12:34:56.175 1176 3515 I MQoS : QOS_level:0(0),wifi-link;SIM error;use level-0
04-24 12:34:56.299 1176 1176 I TrafficMonitor: update:rxPkts:0,txPkts:0,rxBytes:0,txBytes:0
04-24 12:34:56.299 1176 1176 I TrafficMonitor: start expired. level:-1
04-24 12:34:56.299 1176 1176 I TrafficMonitor: gettimer:interval=2000
04-24 12:34:57.069 1176 1338 D HwWifiStatStore: handleMessage : 200
04-24 12:34:57.292 1176 1176 I TrafficMonitor: expired arrive. level:-1
04-24 12:34:57.293 1176 1176 I TrafficMonitor: during_ms:2003,period_ms:2000
04-24 12:34:57.293 1176 1176 I TrafficMonitor: count:497,rx_sum:0,tx_sum:0,rxBytes:0,during_ms:2003,rx_speed:0.0,tx_speed:0.0,rto:0.0
04-24 12:34:57.293 1176 1176 D HuaweiWifiWatchdogStateMachine: speed: rxpkt:0, rxSpd:0B/s, txpkt:0, txSpd:0
04-24 12:34:58.304 1176 1176 I TrafficMonitor: update:rxPkts:0,txPkts:0,rxBytes:0,txBytes:0
04-24 12:34:58.304 1176 1176 I TrafficMonitor: start expired. level:-1
04-24 12:34:58.304 1176 1176 I TrafficMonitor: gettimer:interval=2000
04-24 12:34:58.635 777 777 E : [E/capacity_limit_control] not demo version, not set power control prop!
04-24 12:35:00.076 1176 1338 D HwWifiStatStore: handleMessage : 200
04-24 12:35:00.310 1176 1176 I TrafficMonitor: update:rxPkts:0,txPkts:0,rxBytes:0,txBytes:0
04-24 12:35:00.310 1176 1176 I TrafficMonitor: start expired. level:-1
04-24 12:35:00.310 1176 1176 I TrafficMonitor: gettimer:interval=2000
04-24 12:35:01.116 1176 1392 D HwArpVerifier: performPollAndLog:
04-24 12:35:01.120 1176 1392 D hw_netstat: total/0/0
04-24 12:35:02.314 1176 1176 I TrafficMonitor: update:rxPkts:0,txPkts:0,rxBytes:0,txBytes:0
04-24 12:35:02.314 1176 1176 I TrafficMonitor: start expired. level:-1
04-24 12:35:02.315 1176 1176 I TrafficMonitor: gettimer:interval=2000
04-24 12:35:02.515 1176 1392 D HwArpVerifier: getIpRouteTable
04-24 12:35:02.599 1176 1392 D HwArpVerifier: Notify wifi default route is ok
04-24 12:35:03.081 1176 1338 D HwWifiStatStore: handleMessage : 200
04-24 12:35:03.305 1176 1176 I TrafficMonitor: expired arrive. level:-1
04-24 12:35:03.306 1176 1176 I TrafficMonitor: during_ms:2005,period_ms:2000
04-24 12:35:03.306 1176 1176 I TrafficMonitor: count:500,rx_sum:0,tx_sum:0,rxBytes:0,during_ms:2005,rx_speed:0.0,tx_speed:0.0,rto:0.0
04-24 12:35:03.306 1176 1176 D HuaweiWifiWatchdogStateMachine: speed: rxpkt:0, rxSpd:0B/s, txpkt:0, txSpd:0
04-24 12:35:03.644 777 777 E : [E/capacity_limit_control] not demo version, not set power control prop!
04-24 12:35:04.153 742 742 E wificond: Failed to get NL80211_RATE_INFO_NOISE
04-24 12:35:04.153 742 742 E wificond: Failed to get NL80211_RATE_INFO_SNR
04-24 12:35:04.154 742 742 E wificond: Failed to get NL80211_STA_INFO_CNAHLOAD
04-24 12:35:04.154 1176 1337 E WificondControl: Noise: 0, Snr: -1, Chload: -1
04-24 12:35:04.156 1176 1339 D HwWifiCHRStateManager: handleMessage : 1001
04-24 12:35:04.156 1176 1339 D HwWifiCHRStateManager: handleUpdateChannel:2412
04-24 12:35:04.156 1176 1339 V HwWifiServiceFactory: get AllImpl object = com.android.server.wifi.HwWifiServiceFactoryImpl@2205edc
04-24 12:35:04.159 742 742 E wificond: Failed to get NL80211_RATE_INFO_NOISE
04-24 12:35:04.160 742 742 E wificond: Failed to get NL80211_RATE_INFO_SNR
04-24 12:35:04.160 742 742 E wificond: Failed to get NL80211_STA_INFO_CNAHLOAD
04-24 12:35:04.161 1176 1406 D HuaweiWifiWatchdogStateMachine: LM mrssi=-29
04-24 12:35:04.162 1176 1176 D WiFi_PRO: MSG_RETURN_AP_CURRY_RSSI rssi = -29
04-24 12:35:04.162 1176 1406 D HuaweiWifiWatchdogStateMachine: a4:fa:**:**:eb:b0 current loss[-45]=0%, volume=1
04-24 12:35:04.162 1176 1176 I QosMonitor: queryRtt: rtt_type = 3
04-24 12:35:04.162 1176 1406 D HuaweiWifiWatchdogStateMachine: a4:fa:**:**:eb:b0 history loss[-45]=0%, volume=13825517
04-24 12:35:04.162 1176 1176 I HwQoEJNI: send_cmd_kernel. begin
04-24 12:35:04.163 1176 1176 I HwQoEJNI: send_cmd_kernel. end
04-24 12:35:04.163 1176 1406 I HuaweiWifiWatchdogStateMachine: spd good count:0, add sc:0.0, rate:1.0
04-24 12:35:04.163 1176 1176 I QosMonitor: postEventFromNative: msg=100,arg1=4,arg2=10
04-24 12:35:04.163 1176 1406 I HuaweiWifiWatchdogStateMachine: current mHighDataFlowRate = 1.0
04-24 12:35:04.163 1176 1406 I HuaweiWifiWatchdogStateMachine: POta txb txg rxg:0, 47, 0. Lr =0% Totpkt=47
04-24 12:35:04.163 1176 1176 D HuaweiWifiWatchdogStateMachine: setSampleRtt: unvalid rtt
04-24 12:35:04.163 1176 1176 I HwQoEJNI: send_cmd_kernel. begin
04-24 12:35:04.163 1176 1176 I HwQoEJNI: send_cmd_kernel. end
04-24 12:35:04.164 1176 1176 I QosMonitor: postEventFromNative: msg=100,arg1=0,arg2=10
04-24 12:35:04.164 1176 1176 I MQoS : rtt=320,tcp_tx_pkts=480924,tcp_rx_pkts=921400
04-24 12:35:04.166 1176 1406 D HuaweiWifiWatchdogStateMachine: dumpTcpResult: len=10,rtt=320,rttPkt=1,rttWn=170,cgt=0,cgtWn=0
04-24 12:35:04.167 1176 1406 I HuaweiWifiWatchdogStateMachine: PTcp RTT:0, rtt pkt=0, tcp_rx=0, tcp_tx=0, tcp_reTran=0, rtRate=0
04-24 12:35:04.167 1176 1406 D HuaweiWifiWatchdogStateMachine: mRssiBadCount =0, RSSI not bad.
04-24 12:35:04.167 1176 1406 D HuaweiWifiWatchdogStateMachine: detectNetworkAvailable:hw.wifipro.dns_fail_count = 131
04-24 12:35:04.167 1176 1406 D HuaweiWifiWatchdogStateMachine: bqeLevel = 2 rtt=0,rtt_pkts=0 speed=37 rssi=-29
04-24 12:35:04.167 1176 1406 D HuaweiWifiWatchdogStateMachine: Enter updateQoeLevel level = 2
04-24 12:35:04.167 1176 1406 D HuaweiWifiWatchdogStateMachine: updateQoeLevel current level equal to mLastDetectLevel, return
04-24 12:35:04.167 1176 1406 D HuaweiWifiWatchdogStateMachine: did not have any network action
04-24 12:35:04.178 1176 3515 I MQoS : QOS_level:0(0),wifi-link;SIM error;use level-0
04-24 12:35:04.318 1176 1176 I TrafficMonitor: update:rxPkts:0,txPkts:0,rxBytes:0,txBytes:0
04-24 12:35:04.319 1176 1176 I TrafficMonitor: start expired. level:-1
04-24 12:35:04.319 1176 1176 I TrafficMonitor: gettimer:interval=2000
04-24 12:35:06.088 1176 1338 D HwWifiStatStore: handleMessage : 200
04-24 12:35:06.121 1176 1392 D HwArpVerifier: performPollAndLog:
04-24 12:35:06.125 1176 1392 D hw_netstat: total/0/0
04-24 12:35:06.324 1176 1176 I TrafficMonitor: update:rxPkts:0,txPkts:0,rxBytes:0,txBytes:0
04-24 12:35:06.324 1176 1176 I TrafficMonitor: start expired. level:-1
04-24 12:35:06.325 1176 1176 I TrafficMonitor: gettimer:interval=2000
04-24 12:35:06.724 487 620 W SocketListener: sending broadcast to Pid = 1176, Uid = 1000
04-24 12:35:06.730 1176 1332 D NetdConnector: RCV <- {613 IfaceClass idle 1 352494878879390}
04-24 12:35:06.734 1176 1332 D NetdConnector: RCV <- {613 IfaceClass idle 1 352494878879390}
04-24 12:35:06.738 1176 1202 D NetdConnector: RCV unsolicited event from native daemon, event = 613
04-24 12:35:07.275 1729 2056 D SleepClean: run sleepClean start
04-24 12:35:08.329 1176 1176 I TrafficMonitor: update:rxPkts:0,txPkts:0,rxBytes:0,txBytes:0
04-24 12:35:08.329 1176 1176 I TrafficMonitor: start expired. level:-1
04-24 12:35:08.330 1176 1176 I TrafficMonitor: gettimer:interval=2000
04-24 12:35:08.652 777 777 E : [E/capacity_limit_control] not demo version, not set power control prop!
04-24 12:35:09.096 1176 1338 D HwWifiStatStore: handleMessage : 200
04-24 12:35:09.321 1176 1176 I TrafficMonitor: expired arrive. level:-1
04-24 12:35:09.321 1176 1176 I TrafficMonitor: during_ms:2006,period_ms:2000
04-24 12:35:09.322 1176 1176 I TrafficMonitor: count:503,rx_sum:0,tx_sum:0,rxBytes:0,during_ms:2006,rx_speed:0.0,tx_speed:0.0,rto:0.0
04-24 12:35:09.322 1176 1176 D HuaweiWifiWatchdogStateMachine: speed: rxpkt:0, rxSpd:0B/s, txpkt:0, txSpd:0
04-24 12:35:10.334 1176 1176 I TrafficMonitor: update:rxPkts:0,txPkts:0,rxBytes:0,txBytes:0
04-24 12:35:10.334 1176 1176 I TrafficMonitor: start expired. level:-1
04-24 12:35:10.334 1176 1176 I TrafficMonitor: gettimer:interval=2000
04-24 12:35:11.131 1176 1392 D HwArpVerifier: performPollAndLog:
04-24 12:35:11.136 1176 1392 D hw_netstat: total/0/0
04-24 12:35:12.103 1176 1338 D HwWifiStatStore: handleMessage : 200
04-24 12:35:12.163 742 742 E wificond: Failed to get NL80211_RATE_INFO_NOISE
04-24 12:35:12.163 742 742 E wificond: Failed to get NL80211_RATE_INFO_SNR
04-24 12:35:12.163 742 742 E wificond: Failed to get NL80211_STA_INFO_CNAHLOAD
04-24 12:35:12.164 1176 1337 E WificondControl: Noise: 0, Snr: -1, Chload: -1
04-24 12:35:12.165 1176 1339 D HwWifiCHRStateManager: handleMessage : 1001
04-24 12:35:12.165 1176 1339 D HwWifiCHRStateManager: handleUpdateChannel:2412
04-24 12:35:12.166 1176 1339 V HwWifiServiceFactory: get AllImpl object = com.android.server.wifi.HwWifiServiceFactoryImpl@2205edc
04-24 12:35:12.169 742 742 E wificond: Failed to get NL80211_RATE_INFO_NOISE
04-24 12:35:12.169 742 742 E wificond: Failed to get NL80211_RATE_INFO_SNR
04-24 12:35:12.169 742 742 E wificond: Failed to get NL80211_STA_INFO_CNAHLOAD
04-24 12:35:12.172 1176 1406 D HuaweiWifiWatchdogStateMachine: LM mrssi=-26
04-24 12:35:12.172 1176 1176 D WiFi_PRO: MSG_RETURN_AP_CURRY_RSSI rssi = -26
04-24 12:35:12.172 1176 1176 I QosMonitor: queryRtt: rtt_type = 3
04-24 12:35:12.173 1176 1176 I HwQoEJNI: send_cmd_kernel. begin
04-24 12:35:12.173 1176 1406 I HuaweiWifiWatchdogStateMachine: spd good count:0, add sc:0.0, rate:1.0
04-24 12:35:12.173 1176 1406 I HuaweiWifiWatchdogStateMachine: current mHighDataFlowRate = 1.0
04-24 12:35:12.173 1176 1176 I HwQoEJNI: send_cmd_kernel. end
04-24 12:35:12.173 1176 1406 I HuaweiWifiWatchdogStateMachine: POta txb txg rxg:0, 47, 0. Lr =0% Totpkt=47
04-24 12:35:12.173 1176 1176 I QosMonitor: postEventFromNative: msg=100,arg1=4,arg2=10
04-24 12:35:12.174 1176 1176 I HwQoEJNI: send_cmd_kernel. begin
04-24 12:35:12.174 1176 1176 I HwQoEJNI: send_cmd_kernel. end
04-24 12:35:12.174 1176 1176 I QosMonitor: postEventFromNative: msg=100,arg1=0,arg2=10
04-24 12:35:12.174 1176 1176 D HuaweiWifiWatchdogStateMachine: setSampleRtt: unvalid rtt
04-24 12:35:12.175 1176 1176 I MQoS : rtt=320,tcp_tx_pkts=480924,tcp_rx_pkts=921400
04-24 12:35:12.177 1176 1406 D HuaweiWifiWatchdogStateMachine: dumpTcpResult: len=10,rtt=320,rttPkt=1,rttWn=178,cgt=0,cgtWn=0
04-24 12:35:12.178 1176 1406 I HuaweiWifiWatchdogStateMachine: PTcp RTT:0, rtt pkt=0, tcp_rx=0, tcp_tx=0, tcp_reTran=0, rtRate=0
04-24 12:35:12.178 1176 1406 D HuaweiWifiWatchdogStateMachine: mRssiBadCount =0, RSSI not bad.
04-24 12:35:12.178 1176 1406 D HuaweiWifiWatchdogStateMachine: detectNetworkAvailable:hw.wifipro.dns_fail_count = 131
04-24 12:35:12.178 1176 1406 D HuaweiWifiWatchdogStateMachine: bqeLevel = 2 rtt=0,rtt_pkts=0 speed=37 rssi=-26
04-24 12:35:12.178 1176 1406 D HuaweiWifiWatchdogStateMachine: Enter updateQoeLevel level = 2
04-24 12:35:12.178 1176 1406 D HuaweiWifiWatchdogStateMachine: updateQoeLevel current level equal to mLastDetectLevel, return
04-24 12:35:12.178 1176 1406 D HuaweiWifiWatchdogStateMachine: did not have any network action
04-24 12:35:12.185 1176 3515 I MQoS : QOS_level:0(0),wifi-link;SIM error;use level-0
04-24 12:35:12.337 1176 1176 I TrafficMonitor: update:rxPkts:0,txPkts:0,rxBytes:0,txBytes:0
04-24 12:35:12.337 1176 1176 I TrafficMonitor: start expired. level:-1
04-24 12:35:12.337 1176 1176 I TrafficMonitor: gettimer:interval=5000
04-24 12:35:13.661 777 777 E : [E/capacity_limit_control] not demo version, not set power control prop!
04-24 12:35:15.110 1176 1338 D HwWifiStatStore: handleMessage : 200
04-24 12:35:15.338 1176 1176 I TrafficMonitor: expired arrive. level:-1
04-24 12:35:15.339 1176 1176 I TrafficMonitor: during_ms:2004,period_ms:2000
04-24 12:35:15.339 1176 1176 I TrafficMonitor: count:505,rx_sum:0,tx_sum:0,rxBytes:0,during_ms:2004,rx_speed:0.0,tx_speed:0.0,rto:0.0
04-24 12:35:15.339 1176 1176 D HuaweiWifiWatchdogStateMachine: speed: rxpkt:0, rxSpd:0B/s, txpkt:0, txSpd:0
04-24 12:35:16.142 1176 1392 D HwArpVerifier: performPollAndLog:
04-24 12:35:16.146 1176 1392 D hw_netstat: total/0/0
04-24 12:35:17.343 1176 1176 I TrafficMonitor: update:rxPkts:0,txPkts:0,rxBytes:0,txBytes:0
04-24 12:35:17.343 1176 1176 I TrafficMonitor: start expired. level:-1
04-24 12:35:17.344 1176 1176 I TrafficMonitor: gettimer:interval=5000
04-24 12:35:18.117 1176 1338 D HwWifiStatStore: handleMessage : 200
04-24 12:35:18.671 777 777 E : [E/capacity_limit_control] not demo version, not set power control prop!
04-24 12:35:19.357 1176 1589 W Watchdog: hungtask: writing kick
04-24 12:35:19.360 1176 1202 I EventHub: EventHub monitor: no key events in the past 1453s, no motion events in the past 1453s
04-24 12:35:20.168 742 742 E wificond: Failed to get NL80211_RATE_INFO_NOISE
04-24 12:35:20.169 742 742 E wificond: Failed to get NL80211_RATE_INFO_SNR
04-24 12:35:20.169 742 742 E wificond: Failed to get NL80211_STA_INFO_CNAHLOAD
04-24 12:35:20.170 1176 1337 E WificondControl: Noise: 0, Snr: -1, Chload: -1
04-24 12:35:20.171 1176 1339 D HwWifiCHRStateManager: handleMessage : 1001
04-24 12:35:20.171 1176 1339 D HwWifiCHRStateManager: handleUpdateChannel:2412
04-24 12:35:20.171 1176 1339 V HwWifiServiceFactory: get AllImpl object = com.android.server.wifi.HwWifiServiceFactoryImpl@2205edc
04-24 12:35:20.177 742 742 E wificond: Failed to get NL80211_RATE_INFO_NOISE
04-24 12:35:20.178 742 742 E wificond: Failed to get NL80211_RATE_INFO_SNR
04-24 12:35:20.178 742 742 E wificond: Failed to get NL80211_STA_INFO_CNAHLOAD
04-24 12:35:20.179 1176 1406 D HuaweiWifiWatchdogStateMachine: LM mrssi=-29
04-24 12:35:20.180 1176 1176 D WiFi_PRO: MSG_RETURN_AP_CURRY_RSSI rssi = -29
04-24 12:35:20.182 1176 1176 I QosMonitor: queryRtt: rtt_type = 3
04-24 12:35:20.182 1176 1176 I HwQoEJNI: send_cmd_kernel. begin
04-24 12:35:20.182 1176 1176 I HwQoEJNI: send_cmd_kernel. end
04-24 12:35:20.183 1176 1176 I QosMonitor: postEventFromNative: msg=100,arg1=4,arg2=10
04-24 12:35:20.183 1176 1176 D HuaweiWifiWatchdogStateMachine: setSampleRtt: unvalid rtt
04-24 12:35:20.184 1176 1406 I HuaweiWifiWatchdogStateMachine: spd good count:0, add sc:0.0, rate:1.0
04-24 12:35:20.185 1176 1406 D HuaweiWifiWatchdogStateMachine: high data flow: protection_counter = 0, not_detect_counter = 349
04-24 12:35:20.185 1176 1406 D HuaweiWifiWatchdogStateMachine: high data flow scenario: 0 --> 0 rx bytes =0KB
04-24 12:35:20.185 1176 1406 I HuaweiWifiWatchdogStateMachine: current mHighDataFlowRate = 1.0
04-24 12:35:20.185 1176 1406 I HuaweiWifiWatchdogStateMachine: POta txb txg rxg:0, 47, 0. Lr =0% Totpkt=47
04-24 12:35:20.186 1176 1176 I HwQoEJNI: send_cmd_kernel. begin
04-24 12:35:20.187 1176 1176 I HwQoEJNI: send_cmd_kernel. end
04-24 12:35:20.187 1176 1176 I QosMonitor: postEventFromNative: msg=100,arg1=0,arg2=10
04-24 12:35:20.188 1176 1176 I MQoS : rtt=320,tcp_tx_pkts=480924,tcp_rx_pkts=921400
04-24 12:35:20.188 1176 1406 D HuaweiWifiWatchdogStateMachine: dumpTcpResult: len=10,rtt=320,rttPkt=1,rttWn=186,cgt=0,cgtWn=0
04-24 12:35:20.188 1176 1406 I HuaweiWifiWatchdogStateMachine: PTcp RTT:0, rtt pkt=0, tcp_rx=0, tcp_tx=0, tcp_reTran=0, rtRate=0
04-24 12:35:20.189 1176 1406 D HuaweiWifiWatchdogStateMachine: mRssiBadCount =0, RSSI not bad.
04-24 12:35:20.189 1176 1406 D HuaweiWifiWatchdogStateMachine: detectNetworkAvailable:hw.wifipro.dns_fail_count = 131
04-24 12:35:20.189 1176 1406 D HuaweiWifiWatchdogStateMachine: bqeLevel = 2 rtt=0,rtt_pkts=0 speed=37 rssi=-29
04-24 12:35:20.189 1176 1406 D HuaweiWifiWatchdogStateMachine: Enter updateQoeLevel level = 2
04-24 12:35:20.189 1176 1406 D HuaweiWifiWatchdogStateMachine: updateQoeLevel current level equal to mLastDetectLevel, return
04-24 12:35:20.189 1176 1406 D HuaweiWifiWatchdogStateMachine: did not have any network action
04-24 12:35:20.197 1176 3515 I MQoS : QOS_level:0(0),wifi-link;SIM error;use level-0
04-24 12:35:21.096 1176 1392 D HwArpVerifier: check_wifi_state_mode = 0 mCheckStateToken=25 token25
04-24 12:35:21.099 1176 1392 D wifiserviceimpl: netmask =16777215
04-24 12:35:21.124 1176 1338 D HwWifiStatStore: handleMessage : 200
04-24 12:35:21.172 1176 1392 D HWMultiGW: setGateWay 192.168.1.1
04-24 12:35:22.175 1176 1392 D HwArpVerifier: getGateWayARPResponses: arp rtt = 4
04-24 12:35:22.176 1176 1392 E HwCHRWifiRSSIGroupSummery: updatArpSummery mRSSI:-29 HwCHRWifiRSSIGroup [rssi_index=4, rtt_tcp_packets=0, rtt_tcp_duration=0, rtt_lan_duration=7510, rtt_lan_failures=0, rtt_lan_succ=360, rtt_lan_max=939, rtt_lan_min=2,same_area_frequency=0,adjacent_area_frequency=0]
04-24 12:35:22.202 1176 1392 D HwArpVerifier: There are 1 mac address for gateway
04-24 12:35:22.202 1176 1392 D HwArpVerifier: from HEART_CHECK transmit to state:HEART_CHECK
04-24 12:35:22.203 1176 1392 D HwArpVerifier: msg what=124 arg1(token)=25 arg2(mode)=0 delay=30000
04-24 12:35:22.203 1176 1392 D HwArpVerifier: performPollAndLog:
04-24 12:35:22.207 1176 1392 D hw_netstat: total/0/0
04-24 12:35:22.346 1176 1176 I TrafficMonitor: expired arrive. level:-1
04-24 12:35:22.349 1176 1176 I TrafficMonitor: update:rxPkts:0,txPkts:0,rxBytes:0,txBytes:0
04-24 12:35:22.349 1176 1176 I TrafficMonitor: start expired. level:-1
04-24 12:35:22.349 1176 1176 I TrafficMonitor: gettimer:interval=5000
04-24 12:35:22.349 1176 1176 I TrafficMonitor: during_ms:5006,period_ms:2000
04-24 12:35:22.350 1176 1176 I TrafficMonitor: count:507,rx_sum:0,tx_sum:0,rxBytes:0,during_ms:5006,rx_speed:0.0,tx_speed:0.0,rto:0.0
04-24 12:35:22.350 1176 1176 D HuaweiWifiWatchdogStateMachine: speed: rxpkt:0, rxSpd:0B/s, txpkt:0, txSpd:0
04-24 12:35:23.681 777 777 E : [E/capacity_limit_control] not demo version, not set power control prop!
04-24 12:35:23.702 1176 1288 D HwBatteryService: onUEvent fcpStatus = 0,scpStatus =0,ovpStatus=0
04-24 12:35:23.705 1176 1288 I UsbDeviceManager: water_intrused state= 0
04-24 12:35:23.722 1176 1176 D HwInnerWifiManagerImpl: SupplicantState = COMPLETED
04-24 12:35:23.722 1176 1176 D HwInnerWifiManagerImpl: isPhoneAP = false
04-24 12:35:23.724 1176 1176 D HwInnerWifiManagerImpl: SupplicantState = COMPLETED
04-24 12:35:23.724 1176 1176 D HwInnerWifiManagerImpl: isPhoneAP = false
04-24 12:35:23.724 1176 1176 D WifiStateMachine: mBcastReceiver: PluggedType = 2 mIsScanCtrlPluggedin = true
04-24 12:35:23.724 1176 1176 D HwWifiService: mPluggedType =2
04-24 12:35:23.725 1176 1176 D WifiService: onReceive, action:android.intent.action.BATTERY_CHANGED
04-24 12:35:23.725 1176 1176 D WifiService: ACTION_BATTERY_CHANGED pluggedType: 2
04-24 12:35:23.726 1729 1729 I MsgReceiver: intent action: android.intent.action.BATTERY_CHANGED
04-24 12:35:23.726 1463 1463 D KeyguardUpdateMonitor: received broadcast android.intent.action.BATTERY_CHANGED
04-24 12:35:23.727 1463 1463 W KeyguardUpdateMonitor: ACTION_BATTERY_CHANGED AMP: 500000; Volt: 5000000
04-24 12:35:23.730 1463 1463 V KeyguardUpdateMonitor: RefreshBatteryInfo isBatteryLow: 73
04-24 12:35:23.730 1463 1463 W KeyguardUpdateMonitor: ChargingSpeed Wattage: 2500000 ST: 5000000 --> 7500000
04-24 12:35:23.730 1463 1463 I KgBattery: BatteryInfo updated: 2lPc0
04-24 12:35:23.730 1463 1463 W AppHandler: sendMessage with obj100
04-24 12:35:23.730 1463 1463 D KeyguardUpdateMonitor: handleBatteryUpdate
04-24 12:35:23.730 5515 5671 E CloudAlbum[8.1.2.309]: [ReceiverManager] not log on ignore
04-24 12:35:23.733 1463 1463 W HwLockScreenPanel: Handle message: 100
04-24 12:35:23.733 1463 1463 W HwKeyguardBottomArea: updateBatteryInfo : false true
04-24 12:35:23.733 1463 1463 W KgBattery: getCharge info with type: text
04-24 12:35:23.739 1463 1463 W HwLockScreenPanel: refreshBatteryInfo: null
04-24 12:35:24.131 1176 1338 D HwWifiStatStore: handleMessage : 200
04-24 12:35:27.138 1176 1338 D HwWifiStatStore: handleMessage : 200
04-24 12:35:27.211 1176 1392 D HwArpVerifier: performPollAndLog:
04-24 12:35:27.215 1176 1392 D hw_netstat: total/0/0
04-24 12:35:27.352 1176 1176 I TrafficMonitor: expired arrive. level:-1
04-24 12:35:27.355 1176 1176 I TrafficMonitor: update:rxPkts:0,txPkts:0,rxBytes:0,txBytes:0
04-24 12:35:27.355 1176 1176 I TrafficMonitor: start expired. level:-1
04-24 12:35:27.355 1176 1176 I TrafficMonitor: gettimer:interval=5000
04-24 12:35:27.355 1176 1176 I TrafficMonitor: during_ms:5006,period_ms:2000
04-24 12:35:27.355 1176 1176 I TrafficMonitor: count:508,rx_sum:0,tx_sum:0,rxBytes:0,during_ms:5006,rx_speed:0.0,tx_speed:0.0,rto:0.0
04-24 12:35:27.355 1176 1176 D HuaweiWifiWatchdogStateMachine: speed: rxpkt:0, rxSpd:0B/s, txpkt:0, txSpd:0
04-24 12:35:28.178 742 742 E wificond: Failed to get NL80211_RATE_INFO_NOISE
04-24 12:35:28.178 742 742 E wificond: Failed to get NL80211_RATE_INFO_SNR
04-24 12:35:28.178 742 742 E wificond: Failed to get NL80211_STA_INFO_CNAHLOAD
04-24 12:35:28.179 1176 1337 E WificondControl: Noise: 0, Snr: -1, Chload: -1
04-24 12:35:28.180 1176 1339 D HwWifiCHRStateManager: handleMessage : 1001
04-24 12:35:28.180 1176 1339 D HwWifiCHRStateManager: handleUpdateChannel:2412
04-24 12:35:28.180 1176 1339 V HwWifiServiceFactory: get AllImpl object = com.android.server.wifi.HwWifiServiceFactoryImpl@2205edc
04-24 12:35:28.184 742 742 E wificond: Failed to get NL80211_RATE_INFO_NOISE
04-24 12:35:28.184 742 742 E wificond: Failed to get NL80211_RATE_INFO_SNR
04-24 12:35:28.184 742 742 E wificond: Failed to get NL80211_STA_INFO_CNAHLOAD
04-24 12:35:28.186 1176 1406 D HuaweiWifiWatchdogStateMachine: LM mrssi=-29
04-24 12:35:28.187 1176 1176 D WiFi_PRO: MSG_RETURN_AP_CURRY_RSSI rssi = -29
04-24 12:35:28.187 1176 1406 D HuaweiWifiWatchdogStateMachine: a4:fa:**:**:eb:b0 current loss[-45]=0%, volume=1
04-24 12:35:28.187 1176 1406 D HuaweiWifiWatchdogStateMachine: a4:fa:**:**:eb:b0 history loss[-45]=0%, volume=13825518
04-24 12:35:28.187 1176 1176 I QosMonitor: queryRtt: rtt_type = 3
04-24 12:35:28.188 1176 1176 I HwQoEJNI: send_cmd_kernel. begin
04-24 12:35:28.188 1176 1176 I HwQoEJNI: send_cmd_kernel. end
04-24 12:35:28.188 1176 1406 I HuaweiWifiWatchdogStateMachine: spd good count:0, add sc:0.0, rate:1.0
04-24 12:35:28.188 1176 1406 I HuaweiWifiWatchdogStateMachine: current mHighDataFlowRate = 1.0
04-24 12:35:28.188 1176 1176 I QosMonitor: postEventFromNative: msg=100,arg1=4,arg2=10
04-24 12:35:28.188 1176 1406 I HuaweiWifiWatchdogStateMachine: POta txb txg rxg:0, 48, 0. Lr =0% Totpkt=48
04-24 12:35:28.188 1176 1176 D HuaweiWifiWatchdogStateMachine: setSampleRtt: unvalid rtt
04-24 12:35:28.189 1176 1176 I HwQoEJNI: send_cmd_kernel. begin
04-24 12:35:28.189 1176 1176 I HwQoEJNI: send_cmd_kernel. end
04-24 12:35:28.190 1176 1176 I QosMonitor: postEventFromNative: msg=100,arg1=0,arg2=10
04-24 12:35:28.190 1176 1176 I MQoS : rtt=320,tcp_tx_pkts=480924,tcp_rx_pkts=921400
04-24 12:35:28.191 1176 1406 D HuaweiWifiWatchdogStateMachine: dumpTcpResult: len=10,rtt=320,rttPkt=1,rttWn=194,cgt=0,cgtWn=0
04-24 12:35:28.192 1176 1406 I HuaweiWifiWatchdogStateMachine: PTcp RTT:0, rtt pkt=0, tcp_rx=0, tcp_tx=0, tcp_reTran=0, rtRate=0
04-24 12:35:28.192 1176 1406 D HuaweiWifiWatchdogStateMachine: mRssiBadCount =0, RSSI not bad.
04-24 12:35:28.192 1176 1406 D HuaweiWifiWatchdogStateMachine: detectNetworkAvailable:hw.wifipro.dns_fail_count = 131
04-24 12:35:28.192 1176 1406 D HuaweiWifiWatchdogStateMachine: bqeLevel = 2 rtt=0,rtt_pkts=0 speed=37 rssi=-29
04-24 12:35:28.192 1176 1406 D HuaweiWifiWatchdogStateMachine: Enter updateQoeLevel level = 2
04-24 12:35:28.192 1176 1406 D HuaweiWifiWatchdogStateMachine: updateQoeLevel current level equal to mLastDetectLevel, return
04-24 12:35:28.192 1176 1406 D HuaweiWifiWatchdogStateMachine: did not have any network action
04-24 12:35:28.205 1176 3515 I MQoS : QOS_level:0(0),wifi-link;SIM error;use level-0
04-24 12:35:28.708 777 777 E : [E/capacity_limit_control] not demo version, not set power control prop!
04-24 12:35:30.145 1176 1338 D HwWifiStatStore: handleMessage : 200
04-24 12:35:32.221 1176 1392 D HwArpVerifier: performPollAndLog:
04-24 12:35:32.226 1176 1392 D hw_netstat: total/0/0
04-24 12:35:32.360 1176 1176 I TrafficMonitor: expired arrive. level:-1
04-24 12:35:32.364 1176 1176 I TrafficMonitor: update:rxPkts:0,txPkts:0,rxBytes:0,txBytes:0
04-24 12:35:32.364 1176 1176 I TrafficMonitor: start expired. level:-1
04-24 12:35:32.364 1176 1176 I TrafficMonitor: gettimer:interval=5000
04-24 12:35:32.364 1176 1176 I TrafficMonitor: during_ms:5009,period_ms:2000
04-24 12:35:32.364 1176 1176 I TrafficMonitor: count:509,rx_sum:0,tx_sum:0,rxBytes:0,during_ms:5009,rx_speed:0.0,tx_speed:0.0,rto:0.0
04-24 12:35:32.365 1176 1176 D HuaweiWifiWatchdogStateMachine: speed: rxpkt:0, rxSpd:0B/s, txpkt:0, txSpd:0
04-24 12:35:33.152 1176 1338 D HwWifiStatStore: handleMessage : 200
04-24 12:35:33.718 777 777 E : [E/capacity_limit_control] not demo version, not set power control prop!
04-24 12:35:36.159 1176 1338 D HwWifiStatStore: handleMessage : 200
04-24 12:35:36.187 742 742 E wificond: Failed to get NL80211_RATE_INFO_NOISE
04-24 12:35:36.188 742 742 E wificond: Failed to get NL80211_RATE_INFO_SNR
04-24 12:35:36.188 742 742 E wificond: Failed to get NL80211_STA_INFO_CNAHLOAD
04-24 12:35:36.189 1176 1337 E WificondControl: Noise: 0, Snr: -1, Chload: -1
04-24 12:35:36.190 1176 1339 D HwWifiCHRStateManager: handleMessage : 1001
04-24 12:35:36.190 1176 1339 D HwWifiCHRStateManager: handleUpdateChannel:2412
04-24 12:35:36.190 1176 1339 V HwWifiServiceFactory: get AllImpl object = com.android.server.wifi.HwWifiServiceFactoryImpl@2205edc
04-24 12:35:36.195 742 742 E wificond: Failed to get NL80211_RATE_INFO_NOISE
04-24 12:35:36.195 742 742 E wificond: Failed to get NL80211_RATE_INFO_SNR
04-24 12:35:36.195 742 742 E wificond: Failed to get NL80211_STA_INFO_CNAHLOAD
04-24 12:35:36.197 1176 1406 D HuaweiWifiWatchdogStateMachine: LM mrssi=-28
04-24 12:35:36.198 1176 1406 I HuaweiWifiWatchdogStateMachine: spd good count:0, add sc:0.0, rate:1.0
04-24 12:35:36.198 1176 1406 I HuaweiWifiWatchdogStateMachine: current mHighDataFlowRate = 1.0
04-24 12:35:36.198 1176 1406 I HuaweiWifiWatchdogStateMachine: POta txb txg rxg:0, 48, 0. Lr =0% Totpkt=48
04-24 12:35:36.199 1176 1176 D WiFi_PRO: MSG_RETURN_AP_CURRY_RSSI rssi = -28
04-24 12:35:36.200 1176 1176 I QosMonitor: queryRtt: rtt_type = 3
04-24 12:35:36.200 1176 1176 I HwQoEJNI: send_cmd_kernel. begin
04-24 12:35:36.200 1176 1176 I HwQoEJNI: send_cmd_kernel. end
04-24 12:35:36.201 1176 1176 I QosMonitor: postEventFromNative: msg=100,arg1=4,arg2=10
04-24 12:35:36.202 1176 1176 I HwQoEJNI: send_cmd_kernel. begin
04-24 12:35:36.202 1176 1176 I HwQoEJNI: send_cmd_kernel. end
04-24 12:35:36.202 1176 1176 I QosMonitor: postEventFromNative: msg=100,arg1=0,arg2=10
04-24 12:35:36.202 1176 1176 D HuaweiWifiWatchdogStateMachine: setSampleRtt: unvalid rtt
04-24 12:35:36.203 1176 1176 I MQoS : rtt=320,tcp_tx_pkts=480924,tcp_rx_pkts=921400
04-24 12:35:36.203 1176 1406 D HuaweiWifiWatchdogStateMachine: dumpTcpResult: len=10,rtt=320,rttPkt=1,rttWn=202,cgt=0,cgtWn=0
04-24 12:35:36.203 1176 1406 I HuaweiWifiWatchdogStateMachine: PTcp RTT:0, rtt pkt=0, tcp_rx=0, tcp_tx=0, tcp_reTran=0, rtRate=0
04-24 12:35:36.203 1176 1406 D HuaweiWifiWatchdogStateMachine: mRssiBadCount =0, RSSI not bad.
04-24 12:35:36.203 1176 1406 D HuaweiWifiWatchdogStateMachine: detectNetworkAvailable:hw.wifipro.dns_fail_count = 131
04-24 12:35:36.204 1176 1406 D HuaweiWifiWatchdogStateMachine: bqeLevel = 2 rtt=0,rtt_pkts=0 speed=37 rssi=-28
04-24 12:35:36.204 1176 1406 D HuaweiWifiWatchdogStateMachine: Enter updateQoeLevel level = 2
04-24 12:35:36.204 1176 1406 D HuaweiWifiWatchdogStateMachine: updateQoeLevel current level equal to mLastDetectLevel, return
04-24 12:35:36.204 1176 1406 D HuaweiWifiWatchdogStateMachine: did not have any network action
04-24 12:35:36.213 1176 3515 I MQoS : QOS_level:0(0),wifi-link;SIM error;use level-0
04-24 12:35:37.231 1176 1392 D HwArpVerifier: performPollAndLog:
04-24 12:35:37.236 1176 1392 D hw_netstat: total/0/0
04-24 12:35:37.366 1176 1176 I TrafficMonitor: expired arrive. level:-1
04-24 12:35:37.369 1176 1176 I TrafficMonitor: update:rxPkts:0,txPkts:0,rxBytes:0,txBytes:0
04-24 12:35:37.369 1176 1176 I TrafficMonitor: start expired. level:-1
04-24 12:35:37.369 1176 1176 I TrafficMonitor: gettimer:interval=5000
04-24 12:35:37.370 1176 1176 I TrafficMonitor: during_ms:5006,period_ms:2000
04-24 12:35:37.370 1176 1176 I TrafficMonitor: count:510,rx_sum:0,tx_sum:0,rxBytes:0,during_ms:5006,rx_speed:0.0,tx_speed:0.0,rto:0.0
04-24 12:35:37.370 1176 1176 D HuaweiWifiWatchdogStateMachine: speed: rxpkt:0, rxSpd:0B/s, txpkt:0, txSpd:0
04-24 12:35:38.727 777 777 E : [E/capacity_limit_control] not demo version, not set power control prop!
04-24 12:35:39.166 1176 1338 D HwWifiStatStore: handleMessage : 200
04-24 12:35:42.173 1176 1338 D HwWifiStatStore: handleMessage : 200
04-24 12:35:42.241 1176 1392 D HwArpVerifier: performPollAndLog:
04-24 12:35:42.246 1176 1392 D hw_netstat: total/0/0
04-24 12:35:42.375 1176 1176 I TrafficMonitor: expired arrive. level:-1
04-24 12:35:42.378 1176 1176 I TrafficMonitor: update:rxPkts:0,txPkts:0,rxBytes:0,txBytes:0
04-24 12:35:42.378 1176 1176 I TrafficMonitor: start expired. level:-1
04-24 12:35:42.378 1176 1176 I TrafficMonitor: gettimer:interval=5000
04-24 12:35:42.378 1176 1176 I TrafficMonitor: during_ms:5008,period_ms:2000
04-24 12:35:42.378 1176 1176 I TrafficMonitor: count:511,rx_sum:0,tx_sum:0,rxBytes:0,during_ms:5008,rx_speed:0.0,tx_speed:0.0,rto:0.0
04-24 12:35:42.379 1176 1176 D HuaweiWifiWatchdogStateMachine: speed: rxpkt:0, rxSpd:0B/s, txpkt:0, txSpd:0
04-24 12:35:43.710 1176 1302 W AlarmManager: mIsScreenOn is: false, WAKEUP alarm trigger action = ALARM_ACTION(27905) package name is: com.tencent.mm
04-24 12:35:43.712 27905 27971 I longlink_progress: on_heartbeat_alarm, time: 352531869, is_noop_timeout:0
04-24 12:35:43.717 1176 1176 V AlarmManager: Received TIME_TICK alarm; rescheduling
04-24 12:35:43.726 1176 1176 I HwAlarmManagerService: hwSetAlarm listenerTag: time_tick
04-24 12:35:43.734 1463 1463 E DateView: DateView,mCurrentTime: 1587702943734
04-24 12:35:43.737 777 777 E : [E/capacity_limit_control] not demo version, not set power control prop!
04-24 12:35:43.754 1176 1490 W ProcBatteryStats: timer is running , not start, name: com.tencent.mm, uid: 10824, tag: PlatformComm
04-24 12:35:43.757 1463 1463 W HwKeyguardDragHelper: AnimationBlocked
04-24 12:35:43.761 1463 1463 I EventCenter: EventCenter Get :android.intent.action.TIME_TICK
04-24 12:35:43.763 1463 1463 W ResourceType: No known package when getting value for resource number 0xffffffff
04-24 12:35:43.763 1176 1728 W ProcBatteryStats: timer is running , not start, name: com.tencent.mm, uid: 10824, tag: PlatformComm
04-24 12:35:43.763 1463 1463 E DateLunarView: mDateString is: 4月24日星期五
04-24 12:35:43.765 1463 1463 W ResourceType: No known package when getting value for resource number 0xffffffff
04-24 12:35:43.766 1463 1463 E DateLunarView: mDateString is: 4月24日星期五
04-24 12:35:43.768 1463 1463 D WeatherHelper: City info empty
04-24 12:35:43.770 1463 1463 D WeatherHelper: City info empty
04-24 12:35:43.770 1463 1463 D KeyguardUpdateMonitor: received broadcast android.intent.action.TIME_TICK
04-24 12:35:43.771 1463 1463 D KeyguardUpdateMonitor: handleTimeUpdate
04-24 12:35:43.771 1463 1782 I KeyguardStatusView: Runnable for refresh
04-24 12:35:43.772 1770 1770 I HwLauncher: Model onReceive intent=Intent { act=android.intent.action.TIME_TICK flg=0x50200014 hwFlg=0x900 (has extras) }
04-24 12:35:43.773 1770 1770 I HwLauncher: Model onReceive user=UserHandle{0}
04-24 12:35:43.774 1463 1463 D WeatherHelper: City info empty
04-24 12:35:43.774 1176 11623 V BroadcastQueue: Finished with ordered broadcast BroadcastRecord{b450add u0 ALARM_ACTION(27905)}
04-24 12:35:43.774 1463 1463 D WeatherHelper: City info empty
04-24 12:35:43.777 27905 28003 I longlink_progress: on_heartbeat_set, time: 352531934, time interval:210000
04-24 12:35:43.778 487 620 W SocketListener: sending broadcast to Pid = 1176, Uid = 1000
04-24 12:35:43.779 1176 1332 D NetdConnector: RCV <- {613 IfaceClass active 1 352531934788759 10824}
04-24 12:35:43.781 1176 1332 D NetdConnector: RCV <- {613 IfaceClass active 1 352531934788759 10824}
04-24 12:35:43.782 1176 1202 D NetdConnector: RCV unsolicited event from native daemon, event = 613
04-24 12:35:43.790 3756 3806 I Step_LSC: 80001355|processHandleBroadcastAction action:android.intent.action.TIME_TICK
04-24 12:35:43.795 1176 11623 V BroadcastQueue: Finished with ordered broadcast BroadcastRecord{f62ceb4 u-1 android.intent.action.TIME_TICK}
04-24 12:35:43.798 27905 28003 I longlink_progress: on_heartbeat_set, time: 352531955, time interval:210000
04-24 12:35:43.861 1463 1463 D WeatherHelper: City info empty
04-24 12:35:43.862 1463 1463 D DateTimeView: Change to single clock mode!
04-24 12:35:43.864 1463 1463 D WeatherHelper: City info empty
04-24 12:35:43.864 1463 1463 D WeatherHelper: City info empty
04-24 12:35:43.864 1463 1463 D DateTimeView: Change to single clock mode!
04-24 12:35:43.866 1463 1463 D WeatherHelper: City info empty
04-24 12:35:44.195 742 742 E wificond: Failed to get NL80211_RATE_INFO_NOISE
04-24 12:35:44.195 742 742 E wificond: Failed to get NL80211_RATE_INFO_SNR
04-24 12:35:44.196 742 742 E wificond: Failed to get NL80211_STA_INFO_CNAHLOAD
04-24 12:35:44.196 1176 1337 E WificondControl: Noise: 0, Snr: -1, Chload: -1
04-24 12:35:44.198 1176 1339 D HwWifiCHRStateManager: handleMessage : 1001
04-24 12:35:44.198 1176 1339 D HwWifiCHRStateManager: handleUpdateChannel:2412
04-24 12:35:44.198 1176 1339 V HwWifiServiceFactory: get AllImpl object = com.android.server.wifi.HwWifiServiceFactoryImpl@2205edc
04-24 12:35:44.203 742 742 E wificond: Failed to get NL80211_RATE_INFO_NOISE
04-24 12:35:44.203 742 742 E wificond: Failed to get NL80211_RATE_INFO_SNR
04-24 12:35:44.203 742 742 E wificond: Failed to get NL80211_STA_INFO_CNAHLOAD
04-24 12:35:44.205 1176 1406 D HuaweiWifiWatchdogStateMachine: LM mrssi=-30
04-24 12:35:44.205 1176 1176 D WiFi_PRO: MSG_RETURN_AP_CURRY_RSSI rssi = -30
04-24 12:35:44.206 1176 1406 D HuaweiWifiWatchdogStateMachine: a4:fa:**:**:eb:b0 current loss[-45]=0%, volume=2
04-24 12:35:44.206 1176 1176 I QosMonitor: queryRtt: rtt_type = 3
04-24 12:35:44.206 1176 1406 D HuaweiWifiWatchdogStateMachine: a4:fa:**:**:eb:b0 history loss[-45]=0%, volume=13825520
04-24 12:35:44.206 1176 1176 I HwQoEJNI: send_cmd_kernel. begin
04-24 12:35:44.206 1176 1406 I HuaweiWifiWatchdogStateMachine: spd good count:0, add sc:0.0, rate:1.0
04-24 12:35:44.206 1176 1406 I HuaweiWifiWatchdogStateMachine: current mHighDataFlowRate = 1.0
04-24 12:35:44.206 1176 1176 I HwQoEJNI: send_cmd_kernel. end
04-24 12:35:44.207 1176 1406 I HuaweiWifiWatchdogStateMachine: POta txb txg rxg:0, 50, 0. Lr =0% Totpkt=50
04-24 12:35:44.207 1176 1176 I QosMonitor: postEventFromNative: msg=100,arg1=4,arg2=10
04-24 12:35:44.207 1176 1176 I HwQoEJNI: send_cmd_kernel. begin
04-24 12:35:44.207 1176 1176 I HwQoEJNI: send_cmd_kernel. end
04-24 12:35:44.208 1176 1176 I QosMonitor: postEventFromNative: msg=100,arg1=0,arg2=10
04-24 12:35:44.208 1176 1176 D HuaweiWifiWatchdogStateMachine: a4:fa:**:**:eb:b0 current RTT[-45]=160, volume=1
04-24 12:35:44.208 1176 1176 D HuaweiWifiWatchdogStateMachine: a4:fa:**:**:eb:b0 history RTT[-45]=510, volume=60843
04-24 12:35:44.208 1176 1176 D HuaweiWifiWatchdogStateMachine: setSampleRtt: rtt=160,rtt_pkts =1,rtt_when=0
04-24 12:35:44.208 1176 1176 I MQoS : rtt=160,tcp_tx_pkts=480926,tcp_rx_pkts=921401
04-24 12:35:44.209 1176 1176 I QosMonitor: resetRtt: rtt_type = 3
04-24 12:35:44.209 1176 1176 I HwQoEJNI: send_cmd_kernel. begin
04-24 12:35:44.209 1176 1176 I HwQoEJNI: send_cmd_kernel. end
04-24 12:35:44.209 1176 1406 D HuaweiWifiWatchdogStateMachine: dumpTcpResult: len=10,rtt=160,rttPkt=1,rttWn=0,cgt=0,cgtWn=0
04-24 12:35:44.210 1176 1406 I HuaweiWifiWatchdogStateMachine: PTcp RTT:0, rtt pkt=0, tcp_rx=1, tcp_tx=2, tcp_reTran=0, rtRate=0
04-24 12:35:44.210 1176 1406 D HuaweiWifiWatchdogStateMachine: mRssiBadCount =0, RSSI not bad.
04-24 12:35:44.210 1176 1406 D HuaweiWifiWatchdogStateMachine: detectNetworkAvailable:hw.wifipro.dns_fail_count = 131
04-24 12:35:44.210 1176 1406 D HuaweiWifiWatchdogStateMachine: detectNetworkAvailable: tcpRxPkts != 0, reset
04-24 12:35:44.210 1176 1406 D HuaweiWifiWatchdogStateMachine: bqeLevel = 2 rtt=0,rtt_pkts=0 speed=37 rssi=-30
04-24 12:35:44.210 1176 1406 D HuaweiWifiWatchdogStateMachine: Enter updateQoeLevel level = 2
04-24 12:35:44.210 1176 1406 D HuaweiWifiWatchdogStateMachine: updateQoeLevel current level equal to mLastDetectLevel, return
04-24 12:35:44.210 1176 1406 D HuaweiWifiWatchdogStateMachine: did not have any network action
04-24 12:35:44.213 1176 3109 D HwUidTcpMonitor: parseWlanUidTcpStatistics lastUidTcpStatInfo = [ mUid = 10824 mPacketName = com.tencent.mm mSendSegs = 195 mResendSegs = 0 mRcvSegs = 142 ]
04-24 12:35:44.221 1176 3515 I MQoS : QOS_level:0(0),wifi-link;SIM error;use level-0
04-24 12:35:44.764 1176 11623 W ProcBatteryStats: timer is not running , not stop, name: com.tencent.mm, uid: 10824, tag: PlatformComm
04-24 12:35:45.087 1176 1176 D HwInnerWifiManagerImpl: SupplicantState = COMPLETED
04-24 12:35:45.087 1463 1463 D KeyguardUpdateMonitor: received broadcast android.intent.action.BATTERY_CHANGED
04-24 12:35:45.088 1176 1176 D HwInnerWifiManagerImpl: isPhoneAP = false
04-24 12:35:45.088 1463 1463 W KeyguardUpdateMonitor: ACTION_BATTERY_CHANGED AMP: 500000; Volt: 5000000
04-24 12:35:45.088 1463 1463 V KeyguardUpdateMonitor: RefreshBatteryInfo isBatteryLow: 73
04-24 12:35:45.088 1463 1463 W KeyguardUpdateMonitor: ChargingSpeed Wattage: 2500000 ST: 5000000 --> 7500000
04-24 12:35:45.088 1463 1463 I KgBattery: BatteryInfo updated: 2lPc0
04-24 12:35:45.088 1463 1463 W AppHandler: sendMessage with obj100
04-24 12:35:45.088 1463 1463 D KeyguardUpdateMonitor: handleBatteryUpdate
04-24 12:35:45.089 1176 1176 D HwInnerWifiManagerImpl: SupplicantState = COMPLETED
04-24 12:35:45.089 1176 1176 D HwInnerWifiManagerImpl: isPhoneAP = false
04-24 12:35:45.089 1176 1176 D WifiStateMachine: mBcastReceiver: PluggedType = 2 mIsScanCtrlPluggedin = true
04-24 12:35:45.090 1463 1463 W HwLockScreenPanel: Handle message: 100
04-24 12:35:45.090 1176 1176 D HwWifiService: mPluggedType =2
04-24 12:35:45.090 1463 1463 W HwKeyguardBottomArea: updateBatteryInfo : false true
04-24 12:35:45.090 1463 1463 W KgBattery: getCharge info with type: text
04-24 12:35:45.090 1729 1729 I MsgReceiver: intent action: android.intent.action.BATTERY_CHANGED
04-24 12:35:44.775 1176 11623 I chatty : uid=1000(system) Binder:1176_1E identical 1 line
04-24 12:35:44.785 1176 11623 W ProcBatteryStats: timer is not running , not stop, name: com.tencent.mm, uid: 10824, tag: PlatformComm
04-24 12:35:45.091 1176 1176 D WifiService: onReceive, action:android.intent.action.BATTERY_CHANGED
04-24 12:35:45.096 1176 1176 D WifiService: ACTION_BATTERY_CHANGED pluggedType: 2
04-24 12:35:45.096 5515 5671 E CloudAlbum[8.1.2.309]: [ReceiverManager] not log on ignore
04-24 12:35:45.097 1463 1463 W HwLockScreenPanel: refreshBatteryInfo: null
04-24 12:35:45.180 1176 1338 D HwWifiStatStore: handleMessage : 200
04-24 12:35:46.950 1729 23345 I DownloadState: 10824 transmitting data speed : 38 bytes/s scroff: true
04-24 12:35:47.251 1176 1392 D HwArpVerifier: performPollAndLog:
04-24 12:35:47.256 1176 1392 D hw_netstat: total/77/117,com.tencent.mm/77/117
04-24 12:35:47.322 3756 3774 D LogUtil_LogConfig: obtainSavePath(): path = 1
04-24 12:35:47.325 3756 3774 D LogUtil_LogConfig: getLogFile(): logFilePath = /data/data/com.huawei.health/files/com.huawei.health/com.huawei.health_DaemonService/
04-24 12:35:47.325 3756 3774 D LogUtil_LogConfig: obtainSavePath(): path = 1
04-24 12:35:47.325 3756 3774 D LogUtil_LogConfig: acquireMaxLogFileLengthContainsOffset describe: com.huawei.health:DaemonService result:5242880
04-24 12:35:47.325 3756 3774 D LogUtil_LogConfig: obtainSavePath(): path = 1
04-24 12:35:47.326 3756 3774 D LogUtil_LogConfig: getLogFileRoot(): logFilePath = /data/data/com.huawei.health/files/com.huawei.health/com.huawei.health_DaemonService/
04-24 12:35:47.381 1176 1176 I TrafficMonitor: expired arrive. level:-1
04-24 12:35:47.384 1176 1176 I TrafficMonitor: update:rxPkts:1,txPkts:2,rxBytes:77,txBytes:117
04-24 12:35:47.384 1176 1176 I TrafficMonitor: start expired. level:-1
04-24 12:35:47.385 1176 1176 I TrafficMonitor: gettimer:interval=2000
04-24 12:35:47.385 1176 1176 I TrafficMonitor: during_ms:5007,period_ms:2000
04-24 12:35:47.385 1176 1176 I TrafficMonitor: count:512,rx_sum:1,tx_sum:2,rxBytes:77,during_ms:5007,rx_speed:15.378470141801479,tx_speed:23.367285799880168,rto:0.5
04-24 12:35:47.385 1176 1176 D HuaweiWifiWatchdogStateMachine: speed: rxpkt:1, rxSpd:15B/s, txpkt:2, txSpd:23
04-24 12:35:48.184 1176 1338 D HwWifiStatStore: handleMessage : 200
04-24 12:35:48.748 777 777 E : [E/capacity_limit_control] not demo version, not set power control prop!
04-24 12:35:49.360 1176 1589 W Watchdog: hungtask: writing kick
04-24 12:35:49.363 1176 1202 I EventHub: EventHub monitor: no key events in the past 1483s, no motion events in the past 1483s
04-24 12:35:49.390 1176 1176 I TrafficMonitor: update:rxPkts:0,txPkts:0,rxBytes:0,txBytes:0
04-24 12:35:49.391 1176 1176 I TrafficMonitor: start expired. level:-1
04-24 12:35:49.391 1176 1176 I TrafficMonitor: gettimer:interval=2000
04-24 12:35:51.190 1176 1338 D HwWifiStatStore: handleMessage : 200
04-24 12:35:51.221 1176 1302 W AlarmManager: mIsScreenOn is: false, WAKEUP alarm trigger action = com.huawei.push.alarm.HEARTBEAT package name is: android
04-24 12:35:51.242 4414 4414 I PushLog2955: [main-1]action is com.huawei.push.alarm.HEARTBEAT(android/:307)
04-24 12:35:51.248 4414 4414 I PushLog2955: [main-1]dispatchIntent over(android/:210)
04-24 12:35:51.249 4414 4431 I PushLog2955: [ReceiverDispatcher-277]com.huawei.push.alarm.HEARTBEAT alarm trigger, expectTriggerTime:0, current trigger time:1587702951249(android/:78)
04-24 12:35:51.249 4414 4431 I PushLog2955: [ReceiverDispatcher-277]heartbeatArrive(android/:140)
04-24 12:35:51.254 1176 1490 V BroadcastQueue: Finished with ordered broadcast BroadcastRecord{5f66d9b u0 com.huawei.push.alarm.HEARTBEAT}
04-24 12:35:51.258 4414 4431 I PushLog2955: [ReceiverDispatcher-277]heartbeatArrive, send heart beat(android/:147)
04-24 12:35:51.271 4414 4431 I PushLog2955: [ReceiverDispatcher-277]not support bastet in wifi(android/:101)
04-24 12:35:51.274 4414 4431 I PushLog2955: [ReceiverDispatcher-277]init push bastet failed!(android/:81)
04-24 12:35:51.284 4414 4431 I PushLog2955: [ReceiverDispatcher-277] get charing (android/:840)
04-24 12:35:51.285 4414 4431 I PushLog2955: [ReceiverDispatcher-277] get charing true(android/:842)
04-24 12:35:51.285 4414 4431 I PushLog2955: [ReceiverDispatcher-277]set HEARTBEAT_RSP_TIMEOUT Alarm(android/:364)
04-24 12:35:51.285 4414 4431 I PushLog2955: [ReceiverDispatcher-277]enter AlarmTools:setExactAlarm(intent:Intent { act=com.huawei.android.push.intent.HEARTBEAT_RSP_TIMEOUT pkg=android } interval:10000ms(android/:24)
04-24 12:35:51.285 4414 4431 I PushLog2955: [ReceiverDispatcher-277]setExactAlarm expectTriggerTime:1587702961285(android/:27)
04-24 12:35:51.288 4414 4431 I PushLog2955: [ReceiverDispatcher-277]next Heartbeat timeout for push server is:5.0(android/:374)
04-24 12:35:51.289 4414 4431 I PushLog2955: [ReceiverDispatcher-277]process cmdid to send to pushSrv:DA, subCmdId:FF(android/:106)
04-24 12:35:51.290 4414 4431 I PushLog2955: [ReceiverDispatcher-277]send msg to remote srv success(android/:110)
04-24 12:35:51.393 1176 1176 I TrafficMonitor: update:rxPkts:0,txPkts:1,rxBytes:0,txBytes:75
04-24 12:35:51.393 1176 1176 I TrafficMonitor: start expired. level:-1
04-24 12:35:51.393 1176 1176 I TrafficMonitor: gettimer:interval=2000
04-24 12:35:51.431 4414 23368 I PushLog2955: [SocketRead_07:00:12-666]process cmdid to receive from pushSrv:DB, subCmdId:FF(android/:269)
04-24 12:35:51.439 4414 23368 I PushLog2955: [SocketRead_07:00:12-666]enter adjustHeartBeat:(findHeartBeat:true,isHearBeatTimeReq:true,RspTimeOut:false,beatInterval:300000,bestHBSuccessCount:0,range:[180000,300000])(android/:120)
04-24 12:35:51.440 4414 23368 I PushLog2955: [SocketRead_07:00:12-666]judgeFindBestHB and isBestHBTimeOut: falseisOffset: false(android/:170)
04-24 12:35:51.443 4414 23368 I PushLog2955: [SocketRead_07:00:12-666]after delayHeartBeatReq, nextHeartBeatTime, will be [300000,300000] ms later(android/:501)
04-24 12:35:51.448 4414 23368 I PushLog2955: [SocketRead_07:00:12-666]dispatchIntent over(android/:210)
04-24 12:35:51.449 4414 4431 I PushLog2955: [ReceiverDispatcher-277]com.huawei.android.push.intent.MSG_RECEIVED alarm trigger, expectTriggerTime:0, current trigger time:1587702951449(android/:78)
04-24 12:35:51.955 1729 23345 I DownloadState: 0 transmitting data speed : 28 bytes/s scroff: true
04-24 12:35:51.956 1729 23345 I DownloadState: 1000 transmitting data speed : 38 bytes/s scroff: true
04-24 12:35:52.204 742 742 E wificond: Failed to get NL80211_RATE_INFO_NOISE
04-24 12:35:52.204 742 742 E wificond: Failed to get NL80211_RATE_INFO_SNR
04-24 12:35:52.204 742 742 E wificond: Failed to get NL80211_STA_INFO_CNAHLOAD
04-24 12:35:52.205 1176 1337 E WificondControl: Noise: 0, Snr: -1, Chload: -1
04-24 12:35:52.206 1176 1339 D HwWifiCHRStateManager: handleMessage : 1001
04-24 12:35:52.206 1176 1339 D HwWifiCHRStateManager: handleUpdateChannel:2412
