07-09 18:27:46.239 2143 2402 W MediaScanner: Error opening directory '/oem/media/', skipping: No such file or directory.
07-09 18:27:46.257 1312 1312 D MtpReceiver: Finished Media Scan Service
07-09 18:27:46.260 1312 1312 D MtpReceiver: Started Media Scan Service
07-09 18:27:46.880 725 1261 D TrackingService: [HANDTRACKING] Controller ef96ba248b9c7a8 in hand: Y, valid: Y
07-09 18:27:47.036 725 3460 I [CT] : VIPER: Status=6DoF,TRACKING,KF=53,Inl=86,Pts=197,Jit=0.3mm,Issues(Cam/min=1.7,IMU/min=0.0),Exp=(7.0ms,g=8.0,I=66)(4.6ms,g=3.0,I=70)(7.0ms,g=8.0,I=76)(3.8ms,g=3.0,I=69)
07-09 18:27:47.113 1898 3673 I VrApi : FPS=72,Prd=0ms,Tear=0,Early=72,Stale=0,VSnc=1,Lat=1,Fov=0,CPU4/GPU=4/4,2304/670MHz,OC=FF,TA=0/0/0,SP=N/N/N,Mem=1295MHz,Free=1971MB,PSM=0,PLS=0,Temp=26.0C/0.0C,TW=0.86ms,App=0.00ms,GD=0.00ms,CPU&GPU=0.32ms,LCnt=0,GPU%=0.06,CPU%=0.02(W0.05),DSF=1.00
07-09 18:27:47.916 725 3460 I [CT] : VIPER:MAP_MANAGER: State: TRACKING_PERSISTENT, UUID=a20e87a9-4b00-4c41-b263-4988c815b45d, Num. Persistent maps = 3, Persistent maps:fb6d82f8-c428-4238-ac2c-937dac7eda16,46248a64-1f34-48bf-839e-600215008130,a20e87a9-4b00-4c41-b263-4988c815b45d,, Ser. Disabled = 00000000-0000-0000-0000-000000000000
07-09 18:27:48.112 1898 3673 I VrApi : FPS=72,Prd=0ms,Tear=0,Early=72,Stale=0,VSnc=1,Lat=1,Fov=0,CPU4/GPU=4/4,2304/670MHz,OC=FF,TA=0/0/0,SP=N/N/N,Mem=1295MHz,Free=1968MB,PSM=0,PLS=0,Temp=26.0C/0.0C,TW=0.85ms,App=0.00ms,GD=0.00ms,CPU&GPU=0.31ms,LCnt=0,GPU%=0.06,CPU%=0.03(W0.09),DSF=1.00
07-09 18:27:48.238 1898 2681 I OVR : OVRPlatform saving push token credentials for userid 105336190730996
07-09 18:27:48.249 3858 3858 D AndroidRuntime: >>>>>> START com.android.internal.os.RuntimeInit uid 2000 <<<<<<
07-09 18:27:48.252 3858 3858 D AndroidRuntime: CheckJNI is OFF
07-09 18:27:48.323 3858 3858 D ICU : No timezone override file found: /data/misc/zoneinfo/current/icu/icu_tzdata.dat
07-09 18:27:48.338 1898 2681 I OVRPlatform: [FBNSHandler] Push token received
07-09 18:27:48.340 3858 3858 I Radio-JNI: register_android_hardware_Radio DONE
07-09 18:27:48.348 1544 2104 I UploadManager: Scheduling jobbId 2131165248 within interval (900000, 2700000)
07-09 18:27:48.348 3858 3858 D AndroidRuntime: Calling main entry com.android.commands.pm.Pm
07-09 18:27:48.370 3858 3858 I art : System.exit called, status: 0
07-09 18:27:48.370 3858 3858 I AndroidRuntime: VM exiting with result code 0.
07-09 18:27:48.372 3858 3868 W MessageQueue: Handler (android.os.Handler) {cb127c6} sending message to a Handler on a dead thread
07-09 18:27:48.372 3858 3868 W MessageQueue: java.lang.IllegalStateException: Handler (android.os.Handler) {cb127c6} sending message to a Handler on a dead thread
07-09 18:27:48.372 3858 3868 W MessageQueue: at android.os.MessageQueue.enqueueMessage(MessageQueue.java:543)
07-09 18:27:48.372 3858 3868 W MessageQueue: at android.os.Handler.enqueueMessage(Handler.java:643)
07-09 18:27:48.372 3858 3868 W MessageQueue: at android.os.Handler.sendMessageAtTime(Handler.java:612)
07-09 18:27:48.372 3858 3868 W MessageQueue: at android.os.Handler.sendMessageDelayed(Handler.java:582)
07-09 18:27:48.372 3858 3868 W MessageQueue: at android.os.Handler.post(Handler.java:338)
07-09 18:27:48.372 3858 3868 W MessageQueue: at android.os.ResultReceiver$MyResultReceiver.send(ResultReceiver.java:57)
07-09 18:27:48.372 3858 3868 W MessageQueue: at com.android.internal.os.IResultReceiver$Stub.onTransact(IResultReceiver.java:58)
07-09 18:27:48.372 3858 3868 W MessageQueue: at android.os.Binder.execTransact(Binder.java:606)
07-09 18:27:48.372 3858 3858 D OVRMrcLib: ovrVulkanLoader::Unload
07-09 18:27:49.107 725 1234 I [CT] : boltlib: DSP utilization(%): 14
07-09 18:27:49.113 1898 3673 I VrApi : FPS=72,Prd=0ms,Tear=0,Early=72,Stale=0,VSnc=1,Lat=1,Fov=0,CPU4/GPU=4/4,2304/670MHz,OC=FF,TA=0/0/0,SP=N/N/N,Mem=1554MHz,Free=1977MB,PSM=0,PLS=0,Temp=26.0C/0.0C,TW=0.86ms,App=0.00ms,GD=0.00ms,CPU&GPU=0.30ms,LCnt=0,GPU%=0.06,CPU%=0.20(W0.50),DSF=1.00
07-09 18:27:49.126 1622 1622 D VrPowerManagerService: processing message: timer expired
07-09 18:27:49.127 1622 1622 I VrPowerManagerService: transition from HEADSET_UNMOUNTED to WAITING_FOR_SLEEP_MSG
07-09 18:27:49.127 1050 1593 I PowerManagerService: Going to sleep by application request (uid 1000)...
07-09 18:27:49.128 1312 1705 D VrKeyguardService: onStartedGoingToSleep() called with: reason = [2]
07-09 18:27:49.130 1050 1118 I PowerManagerService: Sleeping (uid 1000)...
07-09 18:27:49.131 1898 1898 D [OAR] MainActivity: onPause()
07-09 18:27:49.190 1050 1118 V KeyguardServiceDelegate: onScreenTurnedOff()
07-09 18:27:49.191 1312 1832 D VrKeyguardService: onScreenTurnedOff() called
07-09 18:27:49.191 1312 1312 W FingerprintManager: isFingerprintHardwareDetected(): Service not connected!
07-09 18:27:49.193 1898 1910 E Parcel : Reading a NULL string not supported here.
07-09 18:27:49.194 550 550 D SurfaceFlinger: Set power mode=0, type=0 flinger=0x7fa6048000
07-09 18:27:49.194 550 550 I SDM : HWCDisplay::SetPowerMode: display = 0, mode = 0
07-09 18:27:49.194 550 550 I SDM : DisplayBase::SetDisplayState: Set state = 0, display 0
07-09 18:27:49.195 1050 1116 I DisplayManagerService: Display device changed state: "Built-in Screen", OFF
07-09 18:27:49.195 1841 2734 E Parcel : Reading a NULL string not supported here.
07-09 18:27:49.196 1841 2735 E Parcel : Reading a NULL string not supported here.
07-09 18:27:49.196 1841 2735 D AudioRecord: updateAppOpsRecordAudio: checkOp OP_RECORD_AUDIO for com.oculus.horizon returns: 0 (ALLOWED)
07-09 18:27:49.197 1898 1984 I [OAR] ShellApp: 0xcd3a6340 msg: pause
07-09 18:27:49.197 1898 1984 I [OAR] ShellApp: ShellApp::LeaveVrMode()
07-09 18:27:49.198 1898 1984 I [OAR] VrShellDesktopBase: Backgrounding all active monitors on desktop
07-09 18:27:49.198 1898 1984 I [OAR] PanelAppHost: OnBackground
07-09 18:27:49.198 1898 1984 I [OAR] LocalSpace: Applying Initial Pose
07-09 18:27:49.198 2206 2436 I VrRuntimeService: RuntimeServiceSDKServer::UpdateLocalSpace
07-09 18:27:49.198 2206 2436 I VrRuntimeServer: UpdateLocalSpace: Src: 2, Version: 7, VersionUser: 0, RawFloorHeightOld: -1.123580, RawFloorHeightNew: -1.123580
07-09 18:27:49.198 1898 1984 I [OAR] SystemAssistant: OnModeChanged: 3
07-09 18:27:49.199 1841 2734 D AudioRecord: updateAppOpsRecordAudio: checkOp OP_RECORD_AUDIO for com.oculus.horizon returns: 0 (ALLOWED)
07-09 18:27:49.213 1841 2732 I PlatformPluginManager: sharedMicrophoneStop for userID: 2982255000
07-09 18:27:49.214 1841 2732 I OVRPlatform: [MicrophoneServer] MicrophoneServer::removeSharedClient 0xb1c19998
07-09 18:27:49.214 1841 2732 I OVRPlatform: [MicrophoneServer] removed 1, 0 remaining
07-09 18:27:49.214 1841 2732 I OVRPlatform: [MicrophoneServer] No connections left, stopping
07-09 18:27:49.214 1841 2732 I OVRPlatform-OVRMicrophone: Stopping microphone recording. Current state: Recording
07-09 18:27:49.214 1841 2732 D OVRPlatform-OVRMicrophone: State changed to Stopping
07-09 18:27:49.214 1898 1984 I [OAR] AudioEngine: Setting FadeNextBuffer
07-09 18:27:49.218 2264 2291 I GuardianSystem: UpdateSystem: Responding to local space version number change.
07-09 18:27:49.222 1898 3674 I [OAR] AudioEngine: Fading final buffer
07-09 18:27:49.227 1841 3702 I OVRPlatform-OVRMicrophone: Exiting audio capture thread, about to call AudioRecord.stop(). Current state: Stopping
07-09 18:27:49.246 551 3492 D audio_hw_primary: in_standby: enter: stream (0xeb64a140) usecase(16: audio-record)
07-09 18:27:49.259 551 3492 D audio_hw_primary: disable_audio_route: reset and update mixer path: audio-record
07-09 18:27:49.260 551 3492 D hardware_info: hw_info_append_hw_type : device_name = handset-mic-aec
07-09 18:27:49.260 551 3492 D audio_hw_primary: disable_snd_device: snd_device(62: handset-mic-aec)
07-09 18:27:49.260 551 3492 D msm8974_platform: platform_split_snd_device: snd_device(62) new_snd_devices (handset-mic-aec)
07-09 18:27:49.265 551 3492 D audio_hw_primary: in_set_parameters: enter: kvpairs=routing=0
07-09 18:27:49.266 551 603 I SoundTriggerHwService::Module: void android::SoundTriggerHwService::Module::onCallbackEvent(const sp &) no clients
07-09 18:27:49.267 1841 3702 I OVRPlatform-OVRMicrophone: Disabling AcousticEchoCanceler
07-09 18:27:49.268 1841 3702 I OVRPlatform-OVRMicrophone: Disabling NoiseSuppressor
07-09 18:27:49.269 1841 3702 D OVRPlatform-OVRMicrophone: State changed to Initialized
07-09 18:27:49.269 1841 3702 I OVRPlatform-OVRMicrophone: Exit AudioRecordThread
07-09 18:27:49.305 2206 3474 I Clocks : SetSchedFifo( tid=3692, pri=0 ) succeeded
07-09 18:27:49.307 2206 3474 I Clocks : SetSchedFifo( tid=2583, pri=0 ) succeeded
07-09 18:27:49.314 1898 1984 I [OAR] AudioEngine: Stopping player
07-09 18:27:49.319 1898 1984 W VrApi : ovr_SubmitFrameInternal: FrameIndex discontinuity: Expected 3376, Received 3375
07-09 18:27:49.320 1898 1984 W [OAR] AudioMixer: StopWavFile: Couldn't find attached sound for clientId controllerp0xc886e000
07-09 18:27:49.320 1898 1984 W [OAR] AudioMixer: StopWavFile: Couldn't find attached sound for clientId controllerp0xc886d000
07-09 18:27:49.320 1898 1984 I GoCompatibility: GoCompatibility: vrapi_LeaveVrMode_Hooked()
07-09 18:27:49.320 1898 1984 I VrApi : ---------- vrapi_LeaveVrMode [start] ----------
07-09 18:27:49.320 1898 1984 I VrApi : ---------- TREX [start] ----------
07-09 18:27:49.320 1898 1984 I VrApi : ---------- TREX [end] ----------
07-09 18:27:49.321 1898 1984 D VrApi : targetSDKVersion 27
07-09 18:27:49.323 1898 1984 I VrRuntimeClient: DEVICE MODEL NUMBER = Quest
07-09 18:27:49.323 1898 1984 I VrRuntimeClient: DEVICE HARDWARE = monterey
07-09 18:27:49.323 1898 1984 I VrRuntimeClient: DEVICE BUILD NAME = user-738660.26860.0
07-09 18:27:49.323 1898 1984 I VrRuntimeClient: DEVICE BUILD TYPE = user
07-09 18:27:49.323 1898 1984 I VrRuntimeClient: DEVICE OS VERSION = 7.1.1
07-09 18:27:49.323 1898 1984 I VrRuntimeClient: VRRUNTIME VERSION = VRAPI_VERSION_BEGIN { 1.1.35.0-224383112-224383112 Jun 19 2020 12:47:25 Development } RELEASE
07-09 18:27:49.323 1898 1984 I VrRuntimeClient: API LOADER VERSION = 1.1.32.0
07-09 18:27:49.323 1898 1984 I VrRuntimeClient: VRDRIVER VERSION = 18.0.0.403.517
07-09 18:27:49.323 1898 1984 I VrRuntimeClient: APP NAME = Oculus App Runtime
07-09 18:27:49.323 1898 1984 I VrRuntimeClient: APP VERSION = 18.0.0.403.517 versionCode 224383062 internalVersionName 18.0.0.403.517.abc3175146a8 2020_06_19_12_47
07-09 18:27:49.323 1898 1984 I VrRuntimeClient: APP VR TYPE = vr_only
07-09 18:27:49.323 1898 1984 I VrRuntimeClient: APP MODE TYPE =
07-09 18:27:49.323 1898 1984 I VrRuntimeClient: APP PACKAGE NAME = com.oculus.vrshell
07-09 18:27:49.323 1898 1984 I VrRuntimeClient: APP ACTIVITY CLASS = com.oculus.vrshell.MainActivity
07-09 18:27:49.324 1898 1984 D BatteryReceiver: Unregistering battery receiver
07-09 18:27:49.332 2206 3474 I Clocks : SetSchedFifo( tid=3692, pri=1 ) succeeded
07-09 18:27:49.332 2206 3474 I Clocks : SetSchedFifo( tid=2583, pri=1 ) succeeded
07-09 18:27:49.333 1898 3673 I VrApi : FPS=72,Prd=0ms,Tear=0,Early=72,Stale=0,VSnc=1,Lat=1,Fov=0,CPU4/GPU=4/4,2304/670MHz,OC=FF,TA=0/0/0,SP=N/N/N,Mem=1554MHz,Free=1977MB,PSM=0,PLS=0,Temp=26.0C/0.0C,TW=0.87ms,App=0.00ms,GD=0.00ms,CPU&GPU=0.34ms,LCnt=0,GPU%=0.06,CPU%=0.00(W0.00),DSF=1.00
07-09 18:27:49.333 1898 1984 I VrApi : OVR::Stats thread stopped
07-09 18:27:49.333 1898 1984 I InputDeviceManager: ovrInputDeviceManager::Shutdown
07-09 18:27:49.341 1898 3672 I InputHooks_Internal: InputHooksThreadRun ShutdownRequest received
07-09 18:27:49.342 1898 1984 D InputHooksJava: Disabling Java Input Hooks
07-09 18:27:49.344 2206 2225 D VrRuntimeService: this client: 1898:com.oculus.vrshell
07-09 18:27:49.344 2206 2225 D VrRuntimeService: enableRendering: clientWindow: null enable: false
07-09 18:27:49.344 2206 2225 I ClientMgr: ClientMgr::EnableRendering 1898:com.oculus.vrshell : type 0 : disable
07-09 18:27:49.344 2206 2225 I VrRuntimeServer: SetCompositorClientEnabled client(0): enabled(0) 0x0
07-09 18:27:49.348 2206 2385 I ClientMgr: Non-overlay clients rendering status has changed: prev=5, curr=6, enabled=0
07-09 18:27:49.360 1898 3692 I VrRuntimeClient: FenceChecker::MainLoop - ended
07-09 18:27:49.360 1898 1984 I BufferObject: ovrBufferObjectFactory::Unimport deleting GL buffer=156
07-09 18:27:49.360 1898 1984 I BufferObject: ovrBufferObjectFactory::Unimport deleting GL memory object=13
07-09 18:27:49.360 1898 1984 I TrackingServiceClient: OVR::TrackingService::ClientSetInterface
07-09 18:27:49.360 1898 1984 D TrackingServiceClient: onClientDisconnect
07-09 18:27:49.360 1898 1984 D TrackingServiceConnectionNative: onClientDisconnect
07-09 18:27:49.360 725 2682 I TrackingService: Unregistering client by ITrackingService.unregisterClient
07-09 18:27:49.361 725 2682 I TrackingService: TrackingServiceHost Unregistering client: pid 1898
07-09 18:27:49.361 1898 1984 D BinderConnection: Disconnecting from TrackingService service
07-09 18:27:49.361 1898 1984 D TrackingServiceConnectionNative: onDisconnected
07-09 18:27:49.361 1898 1984 D TrackingServiceClient: TrackingServiceConnection mConnectedRemotes.clear()
07-09 18:27:49.361 1898 1984 I TrackingServiceClient: OVR::TrackingService::ClientSetInterface
07-09 18:27:49.361 1898 1984 I VrApi : ---------- vrapi_LeaveVrMode [end] ----------
07-09 18:27:49.361 1898 1984 I [OAR] ShellFrameAnalytics: ShellFrame frameFunction: 13917us/2551541us, trace: 0us/1us, process commands: 87us/23703us, system update: 2823us/56394us, render 336us/19909us, post render 0us/1us
07-09 18:27:49.361 1898 1984 I [OAR] DialogController: CloseDialogs() old: 0, pendingUri: systemux://dialog/none, pendingComponent:
07-09 18:27:49.361 1898 1984 I [OAR] PanelAppHost: PanelAppHost destructor: id 6 com.oculus.systemux/com.oculus.panelapp.anytimeui.AnytimeUIAndroidPanelService
07-09 18:27:49.361 1898 1984 I [OAR] PanelAppHost: Panel app 6 (com.oculus.systemux/com.oculus.panelapp.anytimeui.AnytimeUIAndroidPanelService) changing state from foreground to shutdown
07-09 18:27:49.361 1898 1984 D [OAR] ShellApplication: notify OS to set com.oculus.systemux/com.oculus.panelapp.anytimeui.AnytimeUIAndroidPanelService to BACKGROUND
07-09 18:27:49.362 1898 1984 D [OAR] ShellApplication: Unbinding service for panel app id 6
07-09 18:27:49.375 1991 1991 I CppPanelService: VR Shell socket closed(ECONNRESET); shutting down fd: 47
07-09 18:27:49.375 1991 1991 I CppPanelService: Quitting application via hardExit flag due to unexpected socket closure on fd 47.
07-09 18:27:49.375 1991 1991 I AndroidPanelApp: Destroyed
07-09 18:27:49.376 2206 2521 I VrRuntimeService: nativeDestroyTextureSwapChain 135
07-09 18:27:49.376 1991 1991 D [SUI] HostView: Destroying HostView
07-09 18:27:49.376 1991 1991 D [SUI] EmptyView: Hiding EmptyView
07-09 18:27:49.376 1991 1991 D [SUI] EmptyView: Destroying EmptyView
07-09 18:27:49.376 1991 1991 D [SUI] LibraryView: Hiding LibraryView
07-09 18:27:49.376 1991 1991 D [SUI] LibraryStateHelper: Storing scroll position: 0
07-09 18:27:49.377 1991 1991 D [SUI] LibraryView: Destroying LibraryView
07-09 18:27:49.379 1991 1991 D [SUI] ContentHostView: Destroying ContentHostView
07-09 18:27:49.379 1991 1991 D [SUI] EmptyContentView: Hiding EmptyContentView
07-09 18:27:49.379 1991 1991 D [SUI] EmptyContentView: Destroying EmptyContentView
07-09 18:27:49.380 1991 1991 D [SUI] NavHostView: Destroying NavHostView
07-09 18:27:49.380 1991 1991 D [SUI] StatusViewModel: Destroying ViewModel
07-09 18:27:49.380 1991 1991 D [SUI] SocialViewModel: Destroying ViewModel
07-09 18:27:49.381 1991 1991 D [SUI] SettingsViewModel: Destroying ViewModel
07-09 18:27:49.381 2206 2521 I VrRuntimeServer: DestroyTextureSwapChain: 2D_EXTERNAL destroy deferred
07-09 18:27:49.382 2206 2233 I VrRuntimeService: nativeDestroyTextureSwapChain 134
07-09 18:27:49.382 2206 2233 I VrRuntimeServer: DestroyTextureSwapChain: 2D_EXTERNAL destroy deferred
07-09 18:27:49.383 1991 1991 D [SUI] ProfileViewModel: Destroying ViewModel
07-09 18:27:49.383 1991 1991 D [SUI] PauseViewModel: Destroying ViewModel
07-09 18:27:49.383 2206 3194 I VrRuntimeService: nativeDestroyTextureSwapChain 133
07-09 18:27:49.383 2206 3194 I VrRuntimeServer: DestroyTextureSwapChain: 2D_EXTERNAL destroy deferred
07-09 18:27:49.384 2206 2225 I VrRuntimeService: nativeDestroyTextureSwapChain 137
07-09 18:27:49.388 2206 2225 I VrRuntimeServer: DestroyTextureSwapChain: result destroyswapchain 1
07-09 18:27:49.388 1898 1984 I [OAR] DialogController: ResetDialog old: 0, activeUri systemux://dialog/none, activeReturnComponent
07-09 18:27:49.388 1898 1984 I [OAR] SystemTabletController: Reset, reason: 3, taskBarVisibility: 1
07-09 18:27:49.388 1898 1984 I [OAR] SystemDialogController: Reset
07-09 18:27:49.388 1898 1984 I [OAR] DialogControllerManager: Reset
07-09 18:27:49.394 1991 1991 D [SUI] SharingViewModel: Destroying ViewModel
07-09 18:27:49.395 1991 1991 V NotificationDatasetProxy: Removing listener com.oculus.panelapp.anytimeui.v2.bar.BarView{7504b9b V.E...... ........ 0,0-774,124}
07-09 18:27:49.396 1991 1991 I AndroidPanelApp: destroyed
07-09 18:27:49.396 725 3460 I [CT] : HealthReport: Everything Passed =)
07-09 18:27:49.396 1991 1991 I AndroidPanelLayer: Destroying presentation for layer "#main".
07-09 18:27:49.428 728 728 E : Error set scheduler for process 2206 thread 3692 to NORMAL : No such process (3)
07-09 18:27:49.429 2206 3474 W Clocks : SetSchedFifo( tid=3692, pri=0 ) failed!
07-09 18:27:49.430 2206 3474 I Clocks : SetSchedFifo( tid=2583, pri=0 ) succeeded
07-09 18:27:49.446 1050 1267 D SurfaceControl: Excessive delay in setPowerMode(): 252ms
07-09 18:27:49.448 1312 1339 D VrKeyguardService: onFinishedGoingToSleep() called
07-09 18:27:49.450 551 1237 D audio_hw_primary: adev_set_parameters: enter: screen_state=off
07-09 18:27:49.453 1312 1312 W FingerprintManager: isFingerprintHardwareDetected(): Service not connected!
07-09 18:27:49.455 2206 3474 W Vsync : Not updating the model: vsyncNs 0, baseNs 94116091472
07-09 18:27:49.461 1622 1622 D VrPowerManagerService: processing message: system sleep
07-09 18:27:49.461 1622 1622 I VrPowerManagerService: transition from WAITING_FOR_SLEEP_MSG to STANDBY
07-09 18:27:49.462 725 725 D TrackingService: Received transition request to SLEEP current is STANDBY
07-09 18:27:49.462 725 725 D TrackingService: Executing transition from STANDBY to SLEEP
07-09 18:27:49.462 1567 1585 D VrPowerManagerClient: Headset state: 3
07-09 18:27:49.462 725 725 D TrackingService: Setting power state to STANDBY
07-09 18:27:49.462 725 725 D Tracker/CoreOS: MontereyGlue: Acquiring MontereyGlue WakeLock
07-09 18:27:49.464 725 725 D TrackingService: Time since last wake is 30666ms, using short sleep delay
07-09 18:27:49.464 725 725 D TrackingService: Scheduling delayed transition to SLEEP in 60000ms
07-09 18:27:49.464 725 1221 I Tracker/CoreOS: MontereyGlue Handle Power State. currentState: 2, newState: 1
07-09 18:27:49.464 725 1221 D Tracker/CoreOS: MontereyGlue: Transition start RUNNING->STANDBY
07-09 18:27:49.465 704 814 D GatekeeperNativeService: Using value 0 for gk oculus_mobile_enable_phone_notifications, user=0
07-09 18:27:49.467 725 1221 I [CT] : OtWrapper: Reset (soft)
07-09 18:27:49.467 725 1221 W [CT] : VisionInterface: [N8coretech20ObjectTrackingEngineE]: Unable to deactivate vision capability in non-running state.
07-09 18:27:49.467 725 1221 W [CT] : VisionInterface: [N8coretech19HandDefaultTrackingE]: Unable to deactivate vision capability in non-running state.
07-09 18:27:49.467 725 1221 W [CT] : VisionInterface: [N8coretech27ConstellationTrackingEngineE]: Unable to deactivate vision capability in non-running state.
07-09 18:27:49.467 725 1221 W [CT] : VisionInterface: [N8coretech24InsideOutDefaultTrackingE]: Unable to deactivate vision capability in non-running state.
07-09 18:27:49.467 551 3470 D audio_hw_primary: adev_set_mic_mute state 1
07-09 18:27:49.471 1497 3881 I OSUpdateService: Intent with action system_interactive_changed
07-09 18:27:49.471 1497 3881 I IdleMonitor: Scheduling idle alarm for 120 seconds from screen off
07-09 18:27:49.471 704 704 D GatekeeperNativeService: Using value 1 for gk arvr_gk_nimble_mfjlp, user=0
07-09 18:27:49.476 704 814 D GatekeeperNativeService: Using value 0 for gk arvr_gk_nimble_rebalanced_segnet, user=0
07-09 18:27:49.478 704 704 D GatekeeperNativeService: Using value 1 for gk oculus_blob_size_checker_gk, user=0
07-09 18:27:49.479 2067 2078 E ExtMediaPlayer-JNI: QCMediaPlayer could not be located....
07-09 18:27:49.480 2067 2078 E MediaPlayer-JNI: JNIMediaPlayerFactory: bIsQCMediaPlayerPresent 0
07-09 18:27:49.480 2067 2078 E ExtMediaPlayer-JNI: QCMediaPlayer could not be located....
07-09 18:27:49.480 2067 2078 E MediaPlayer-JNI: JNIMediaPlayerFactory: bIsQCMediaPlayerPresent 0
07-09 18:27:49.481 1050 1565 I DisplayManagerService: Display device removed: DisplayDeviceInfo{"com.oculus.android_panel_app.AndroidPanelLayer-#main": uniqueId="virtual:com.oculus.systemux,10061,com.oculus.android_panel_app.AndroidPanelLayer-#main,1", 774 x 124, modeId 18, defaultModeId 18, supportedModes [{id=18, width=774, height=124, fps=60.0}], colorMode 0, supportedColorModes [0], HdrCapabilities null, density 160, 160.0 x 160.0 dpi, appVsyncOff 0, presDeadline 16666666, touch NONE, rotation 0, type VIRTUAL, state ON, owner com.oculus.systemux (uid 10061), FLAG_PRIVATE, FLAG_NEVER_BLANK, FLAG_OWN_CONTENT_ONLY}
07-09 18:27:49.481 1991 1991 I AndroidPanelLayer: Destroying presentation for layer "tabletNav".
07-09 18:27:49.487 725 3459 I [CT] : MANAGEMENT:CONSTELLATION: Status=GREEN,, Obj=1079011930480953256,6DOF=1 (estimated),Issues(Cam/min= 0,IMU/min=0), Obj=14492187006485747947,6DOF=1,FusJit=0.0mm,Issues(Cam/min= 0,IMU/min=0)
07-09 18:27:49.490 704 814 D GatekeeperNativeService: Using value 1 for gk oculus_disable_bolt_reopen_domain, user=0
07-09 18:27:49.494 704 704 D GatekeeperNativeService: Using value 1 for gk oculus_enable_background_subtraction_gk, user=0
07-09 18:27:49.495 1841 1841 I VRLifecycleManager: onReceive screen off
07-09 18:27:49.495 1841 1841 W VRLifecycleManager: onVRSessionEnded
07-09 18:27:49.495 1841 1841 I OVRMediaServiceManager: teardownMediaService
07-09 18:27:49.495 1841 1841 I OVRMediaService: teardownService(), destroy enqueued
07-09 18:27:49.497 704 814 D GatekeeperNativeService: Using value 0 for gk oculus_enable_bolt_ramdump, user=0
07-09 18:27:49.499 1050 1458 I DisplayManagerService: Display device removed: DisplayDeviceInfo{"com.oculus.android_panel_app.AndroidPanelLayer-tabletNav": uniqueId="virtual:com.oculus.systemux,10061,com.oculus.android_panel_app.AndroidPanelLayer-tabletNav,1", 216 x 340, modeId 20, defaultModeId 20, supportedModes [{id=20, width=216, height=340, fps=60.0}], colorMode 0, supportedColorModes [0], HdrCapabilities null, density 160, 160.0 x 160.0 dpi, appVsyncOff 0, presDeadline 16666666, touch NONE, rotation 0, type VIRTUAL, state ON, owner com.oculus.systemux (uid 10061), FLAG_PRIVATE, FLAG_NEVER_BLANK, FLAG_OWN_CONTENT_ONLY}
07-09 18:27:49.499 1991 1991 I AndroidPanelLayer: Destroying presentation for layer "tabletContent".
07-09 18:27:49.503 704 704 D GatekeeperNativeService: Using value 0 for gk oculus_enable_ht_quest_vrsrecording, user=0
07-09 18:27:49.503 710 858 I ExtendedNuUtils: printFileName fd(8) -> /system/priv-app/HeadsetSfx/HeadsetSfx.apk
07-09 18:27:49.503 1050 1050 W TelecomManager: Telecom Service not found.
07-09 18:27:49.508 704 814 D GatekeeperNativeService: Using value 0 for gk oculus_gk_is_dogfood, user=0
07-09 18:27:49.509 704 704 D GatekeeperNativeService: Using value 0 for gk oculus_gk_is_employee, user=0
07-09 18:27:49.510 1567 1567 D OculusNotificationListenerService: Notification removed: 0|com.oculus.horizon|135234|null|10041
07-09 18:27:49.512 2005 2005 I [OAN] VrNotificationListenerService: onNotificationRemoved(): key = 0|com.oculus.horizon|135234|null|10041, type = invalid
07-09 18:27:49.512 2005 2005 I [OAN] VrNotificationListenerService: onNotificationRemoved(): user|package|tag|id = UserHandle{0}|com.oculus.horizon|null|135234
07-09 18:27:49.516 1841 1841 I OVRMediaServiceManager: teardownPlatformPlugin - disconnecting ppm
07-09 18:27:49.516 1841 1841 I PlatformPluginManager: Disconnecting, removing client com.oculus.horizon.service_media.OVRMediaServiceManager@232d81f
07-09 18:27:49.516 1841 1841 I PlatformPluginManager: 1 remain
07-09 18:27:49.516 1841 1841 I OVRMediaService: teardownService(), destroy enqueued
07-09 18:27:49.518 2005 2005 D VrNotificationAnalytics: logNotificationRemoved(invalid)
07-09 18:27:49.519 1841 1841 I PlatformPluginManager: Setting headsetIsDocked: false
07-09 18:27:49.519 1841 1841 I PlatformPluginManager: Calling tearDown()
07-09 18:27:49.519 1841 1841 E PlatformPluginManager: Client list not empty on teardown. This will cause init to fail. Forcing clear.
07-09 18:27:49.520 1841 1841 I PlatformPluginManager: Unregiestering receiver
07-09 18:27:49.523 704 814 D GatekeeperNativeService: Using value 0 for gk oculus_gk_is_qa, user=0
07-09 18:27:49.523 704 704 D GatekeeperNativeService: Using value 0 for gk oculus_gk_is_spatial_ai, user=0
07-09 18:27:49.525 1841 1841 I PlatformPluginManager: Time between undock and unload 6
07-09 18:27:49.527 704 814 D GatekeeperNativeService: Using value 1 for gk oculus_mapmerging_gk, user=0
07-09 18:27:49.529 1050 1289 I DisplayManagerService: Display device removed: DisplayDeviceInfo{"com.oculus.android_panel_app.AndroidPanelLayer-tabletContent": uniqueId="virtual:com.oculus.systemux,10061,com.oculus.android_panel_app.AndroidPanelLayer-tabletContent,1", 552 x 340, modeId 21, defaultModeId 21, supportedModes [{id=21, width=552, height=340, fps=60.0}], colorMode 0, supportedColorModes [0], HdrCapabilities null, density 160, 160.0 x 160.0 dpi, appVsyncOff 0, presDeadline 16666666, touch NONE, rotation 0, type VIRTUAL, state ON, owner com.oculus.systemux (uid 10061), FLAG_PRIVATE, FLAG_NEVER_BLANK, FLAG_OWN_CONTENT_ONLY}
07-09 18:27:49.533 1991 1991 I AndroidPanelLayer: Destroying presentation for layer "tablet".
07-09 18:27:49.537 704 704 D GatekeeperNativeService: Using value 0 for gk oculus_telemetry_gk_generic_1, user=0
07-09 18:27:49.537 1841 1841 I PlatformPluginManager: Stopping reaper
07-09 18:27:49.538 1841 1841 I PlatformPluginManager: tearDown() complete
07-09 18:27:49.540 704 814 D GatekeeperNativeService: Using value 0 for gk oculus_telemetry_gk_generic_2, user=0
07-09 18:27:49.540 1841 3885 I OVRPlatform: [AudioManager] SetHeadsetMounted: false
07-09 18:27:49.540 1841 3885 I OVRPlatform: [AudioManager] Current headsetMounted_ false
07-09 18:27:49.540 1841 3885 I OVRPlatform: [AudioManager] Current headphoneStatus_: DISCONNECTED
07-09 18:27:49.540 2206 2206 D VrRuntimeService: Received broadcast: android.intent.action.SCREEN_OFF
07-09 18:27:49.540 2206 2206 I VrRuntimeService: nativeScreenStateChanged to off
07-09 18:27:49.540 2206 2206 I VrRuntimeService: Service entering STANDBY Mode
07-09 18:27:49.540 2206 2206 I ClientMgr: ClientMgr: SUSPENDING operation
07-09 18:27:49.540 2206 2206 I VrRuntimeServer: SetCompositorClientEnabled client(2): enabled(0) 0x0
07-09 18:27:49.541 1841 3885 I OVRPlatform: [PartyChatWebRTC] Setting connection MicrophoneMutedState MUTED
07-09 18:27:49.541 704 704 D GatekeeperNativeService: Using value 0 for gk oculus_telemetry_gk_generic_3, user=0
07-09 18:27:49.541 1841 3450 I OVRPlatform: [PartyChatWebRTC] Updating playback mode to 0
07-09 18:27:49.542 1841 3885 I PlatformPlugin: [PlatformPluginManager] Stopping party chat
07-09 18:27:49.542 1841 3885 I OVRPlatform: [PartyChatInterchangeable] Stop PartyChat.
07-09 18:27:49.542 1841 3885 D PlatformPlugin: [PlatformPluginManager] Acquiring lock: nativeTearDown
07-09 18:27:49.542 1841 3885 D PlatformPlugin: [PlatformPluginManager] Successfully acquired lock: nativeTearDown
07-09 18:27:49.542 1841 3885 I PlatformPlugin: [PlatformPluginManager] Teardown
07-09 18:27:49.548 704 814 D GatekeeperNativeService: Using value 0 for gk oculus_telemetry_gk_generic_4, user=0
07-09 18:27:49.549 2392 2392 D [OAR] ShellOverlayService: screenStateReceiver Received broadcast: android.intent.action.SCREEN_OFF
07-09 18:27:49.549 2392 2392 I [OAO] ShellOverlayServiceJNI: NativeSendOverlayCommand
07-09 18:27:49.549 2392 2392 I [OAO] ShellOverlayServiceJNI: NativeWake
07-09 18:27:49.549 2392 2392 I [OAO] ShellOverlayMain: WakeVrThread
07-09 18:27:49.549 2392 2392 I [OAO] ShellOverlayMain: WakeVrThread - notifying vr thread
07-09 18:27:49.550 2392 2438 I [OAO] ShellOverlayApp: VrThread woke up
07-09 18:27:49.550 2392 2438 I [OAO] ShellOverlayApp: 0xcd3233d0 msg: overlayCommand:
07-09 18:27:49.550 2392 2438 I [OAO] ShellOverlayApp: command = screenStateChanged
07-09 18:27:49.550 2392 2438 I [OAO] ShellOverlayApp: state = 0
07-09 18:27:49.550 2392 2438 I [OAO] ShellOverlayApp: Process_OverlayCommand command : screenStateChanged
07-09 18:27:49.550 2392 2438 I [OAO] ShellOverlayApp: screenStateChanged message received
07-09 18:27:49.550 2392 2438 I [OAO] ShellOverlayApp: VrThread entering waiting state
07-09 18:27:49.555 704 704 D GatekeeperNativeService: Using value 0 for gk oculus_telemetry_gk_generic_5, user=0
07-09 18:27:49.556 2206 2206 I ClientMgr: ClientMgr: Suspend complete
07-09 18:27:49.556 2206 2206 I VrRuntimeServer: RuntimeServer: Suspending operation
07-09 18:27:49.556 2206 2206 I TimeWarp: ------------- ~TimeWarpLocal() Start -------------
07-09 18:27:49.556 2206 2206 I TimeWarp: pthread_join() called
07-09 18:27:49.557 704 814 D GatekeeperNativeService: Using value 0 for gk oculus_vr_keyboard_enabled, user=0
07-09 18:27:49.561 1050 1690 I DisplayManagerService: Display device removed: DisplayDeviceInfo{"com.oculus.android_panel_app.AndroidPanelLayer-tablet": uniqueId="virtual:com.oculus.systemux,10061,com.oculus.android_panel_app.AndroidPanelLayer-tablet,1", 768 x 340, modeId 19, defaultModeId 19, supportedModes [{id=19, width=768, height=340, fps=60.0}], colorMode 0, supportedColorModes [0], HdrCapabilities null, density 160, 160.0 x 160.0 dpi, appVsyncOff 0, presDeadline 16666666, touch NONE, rotation 0, type VIRTUAL, state ON, owner com.oculus.systemux (uid 10061), FLAG_PRIVATE, FLAG_NEVER_BLANK, FLAG_OWN_CONTENT_ONLY}
07-09 18:27:49.561 704 704 D GatekeeperNativeService: Using value 0 for gk oculus_vr_keyboard_explicit_exposure_105, user=0
07-09 18:27:49.566 1991 1991 D [SUI] NotificationBroadcastReceiver: action: com.oculus.intent.action.NOTIF_CHANGE
07-09 18:27:49.568 2206 3474 I TimeWarp: ShutdownRequest received
07-09 18:27:49.568 1991 1991 I NotificationManagerSourceHandler: Dataset has changed
07-09 18:27:49.568 2206 3472 I Clocks : ReleaseClocks - start
07-09 18:27:49.571 2264 2291 I GuardianSystem: rsapi_PollEvent: rsEventSuspendResume: 1
07-09 18:27:49.571 2264 2291 I GuardianSystem: GuardianSystem: SUSPENDING operation
07-09 18:27:49.573 704 814 D GatekeeperNativeService: Using value 0 for gk oculus_vr_keyboard_explicit_exposure_120, user=0
07-09 18:27:49.573 704 704 D GatekeeperNativeService: Using value 0 for gk oculus_vr_keyboard_explicit_exposure_150, user=0
07-09 18:27:49.574 2206 2233 E BufferQueueProducer: [SurfaceTexture-49-2206-12] dequeueBuffer: BufferQueue has been abandoned
07-09 18:27:49.574 550 550 I Adreno : DequeueBuffer: dequeueBuffer failed
07-09 18:27:49.574 725 1221 I [CT] : TELEMETRY_COLLECTOR: Stopping periodic telemetry polling.
07-09 18:27:49.574 550 550 E DisplayDevice: eglSwapBuffers(0x1, 0x7fa39eb680) failed with 0x0000300d
07-09 18:27:49.576 2264 2291 I GuardianTelemetry: OVR::Telemetry Guardian Stats thread stopped
07-09 18:27:49.577 2264 2291 I GuardianPassthroughMgr: GuardianSystem: remove DoubleTap listener
07-09 18:27:49.577 1991 1991 V NotificationManagerSourceHandler: Notifications in manager set and current set are the same size
07-09 18:27:49.586 2264 2291 I GuardianSystem: Starting pause
07-09 18:27:49.590 725 1221 I [CT] : NIMBLE:HLOG: NimbleTelemetryAggregator::populateTelemetry
07-09 18:27:49.597 709 861 I ExtendedExtractor: QTIParser is prefered .. flags 2
07-09 18:27:49.598 709 861 D MMParserExtractor: setExtraFlags called with flags 2 for paser instance ee6adeb0
07-09 18:27:49.598 709 861 D MMParserExtractor: using bigger parser buffers
07-09 18:27:49.598 709 861 I ExtendedExtractor: ExtendedExtractor::create 0xee6adeb0
07-09 18:27:49.607 725 1221 I [CT] : VisionInterface: [N15visioninterface22LiveTelemetryCollectorE]: Entering STANDBY state.
07-09 18:27:49.607 725 1221 I [CT] : VisionInterface: [N8coretech16PlatformServicesE]: Entering STANDBY state.
07-09 18:27:49.607 725 1221 I [CT] : VisionInterface: Entering STANDBY state.
07-09 18:27:49.607 725 1221 D LibDevices: CameraManager::stopCameraStreams()
07-09 18:27:49.615 710 3883 D NuPlayerDriver: notifyListener_l(0xf2caade0), (1, 0, 0), loop setting(0, 0)
07-09 18:27:49.616 2067 2078 D MediaPlayer: setSubtitleAnchor in MediaPlayer
07-09 18:27:49.616 728 3586 D : CPU_CLUSTER_0: No client requests exists, release clocks
07-09 18:27:49.616 728 3586 D : CPU_CLUSTER_1: No client requests exists, release clocks
07-09 18:27:49.616 728 3586 D : GPU: No client requests exists, release clocks
07-09 18:27:49.617 728 3586 D : CPUBW: No client requests exists, release clocks
07-09 18:27:49.621 2206 3472 I Clocks : ReleaseClocks - end (53.4 ms)
07-09 18:27:49.622 2206 3474 I TimeWarp: WarpThreadShutdown()
07-09 18:27:49.623 2392 2392 D [OAR] ShellOverlayBroadcastReceiver: onReceive with ShellOverlayService native pointer 3722408976, action com.oculus.vrshell.intent.action.DISMISS_NOTIFICATION
07-09 18:27:49.629 710 710 D NuPlayerDriver: start(0xf2caade0), state is 4, eos is 0
07-09 18:27:49.629 710 3883 I GenericSource: start
07-09 18:27:49.630 2392 2392 D [OAR] BroadcastReceiverHelpers: Shell backgrounded or not running.
07-09 18:27:49.630 2392 2392 I [OAO] ShellOverlayServiceJNI: NativeWake
07-09 18:27:49.631 710 3883 W Utils : track of type 'audio/vorbis' does not publish channel mask, channel count 2
07-09 18:27:49.631 2392 2392 I [OAO] ShellOverlayMain: WakeVrThread
07-09 18:27:49.631 2392 2392 I [OAO] ShellOverlayMain: WakeVrThread - notifying vr thread
07-09 18:27:49.633 2392 2438 I [OAO] ShellOverlayApp: VrThread woke up
07-09 18:27:49.633 2206 3474 I ScreenCaptureVideo: Destroying ScreenCaptureVideo
07-09 18:27:49.633 2206 3474 D Appshot : release com.oculus.systemdriver
07-09 18:27:49.633 2392 2438 I [OAO] ShellOverlayApp: 0xcd3233d0 msg: broadcastIntent:
07-09 18:27:49.633 2392 2438 I [OAO] ShellOverlayApp: status_bar_notification = 0|com.oculus.horizon|135234|null|10041
07-09 18:27:49.633 2392 2438 I [OAO] ShellOverlayApp: intent_action = com.oculus.vrshell.intent.action.DISMISS_NOTIFICATION
07-09 18:27:49.633 2392 2438 I [OAO] ShellOverlayApp: VrThread entering waiting state
07-09 18:27:49.635 1544 1544 W nifiedtelemetry: type=1400 audit(0.0:25): avc: denied { read } for name="rpm_stats" dev="debugfs" ino=16697 scontext=u:r:system_app:s0 tcontext=u:object_r:debugfs:s0 tclass=file permissive=0
07-09 18:27:49.635 1544 1544 W nifiedtelemetry: type=1400 audit(0.0:26): avc: denied { read } for name="rpm_stats" dev="debugfs" ino=16697 scontext=u:r:system_app:s0 tcontext=u:object_r:debugfs:s0 tclass=file permissive=0
07-09 18:27:49.635 2206 3474 I TimeWarp: Destroying 12 layer programs
07-09 18:27:49.636 1898 1898 D [OAR] ShellControlProtectedReceiver: onReceive with MainActivity native pointer 3741898536, action com.oculus.vrshell.intent.action.DISMISS_NOTIFICATION
07-09 18:27:49.636 2206 3474 I DirectRender: 0x7fa65b7e68 DirectRender::Shutdown
07-09 18:27:49.636 2206 3474 I DirectRender: Setting auto refresh on surface 0x7f9c7f34c0 to 0
07-09 18:27:49.637 725 1221 I OculusCameraHAL: Qcamera stopping all sensors with I2C broadcast...
07-09 18:27:49.637 1898 1984 I [OAR] ShellApp: 0xcd3a6340 msg: broadcastIntent:
07-09 18:27:49.637 1898 1984 I [OAR] ShellApp: status_bar_notification = 0|com.oculus.horizon|135234|null|10041
07-09 18:27:49.637 1898 1984 I [OAR] ShellApp: intent_action = com.oculus.vrshell.intent.action.DISMISS_NOTIFICATION
07-09 18:27:49.642 710 3883 W Utils : track of type 'audio/vorbis' does not publish channel mask, channel count 2
07-09 18:27:49.644 1544 1544 W PowerCollector: could not read RPM stats
07-09 18:27:49.644 1544 1544 W PowerCollector: java.io.FileNotFoundException: /sys/kernel/debug/rpm_stats (Permission denied)
07-09 18:27:49.644 1544 1544 W PowerCollector: at java.io.FileInputStream.open(Native Method)
07-09 18:27:49.644 1544 1544 W PowerCollector: at java.io.FileInputStream.(FileInputStream.java:146)
07-09 18:27:49.644 1544 1544 W PowerCollector: at com.google.common.io.Files$FileByteSource.openStream(Files.java:129)
07-09 18:27:49.644 1544 1544 W PowerCollector: at com.google.common.io.Files$FileByteSource.read(Files.java:153)
07-09 18:27:49.644 1544 1544 W PowerCollector: at com.google.common.io.ByteSource$AsCharSource.read(ByteSource.java:470)
07-09 18:27:49.644 1544 1544 W PowerCollector: at com.oculus.unifiedtelemetry.collectors.FileOps.readFileContent(FileOps.java:27)
07-09 18:27:49.644 1544 1544 W PowerCollector: at com.oculus.unifiedtelemetry.collectors.PowerCollector.getRPMCount(PowerCollector.java:589)
07-09 18:27:49.644 1544 1544 W PowerCollector: at com.oculus.unifiedtelemetry.collectors.PowerCollector.onScreenOff(PowerCollector.java:226)
07-09 18:27:49.644 1544 1544 W PowerCollector: at com.oculus.unifiedtelemetry.collectors.CollectorsControl.onReceive(CollectorsControl.java:78)
07-09 18:27:49.644 1544 1544 W PowerCollector: at com.facebook.secure.receiver.SecureBroadcastReceiver.onReceive(SecureBroadcastReceiver.java:156)
07-09 18:27:49.644 1544 1544 W PowerCollector: at android.app.LoadedApk$ReceiverDispatcher$Args.run(LoadedApk.java:1126)
07-09 18:27:49.644 1544 1544 W PowerCollector: at android.os.Handler.handleCallback(Handler.java:751)
07-09 18:27:49.644 1544 1544 W PowerCollector: at android.os.Handler.dispatchMessage(Handler.java:95)
07-09 18:27:49.644 1544 1544 W PowerCollector: at android.os.Looper.loop(Looper.java:154)
07-09 18:27:49.644 1544 1544 W PowerCollector: at android.app.ActivityThread.main(ActivityThread.java:6165)
07-09 18:27:49.644 1544 1544 W PowerCollector: at java.lang.reflect.Method.invoke(Native Method)
07-09 18:27:49.644 1544 1544 W PowerCollector: at com.android.internal.os.ZygoteInit$MethodAndArgsCaller.run(ZygoteInit.java:886)
07-09 18:27:49.644 1544 1544 W PowerCollector: at com.android.internal.os.ZygoteInit.main(ZygoteInit.java:776)
07-09 18:27:49.649 2206 3474 I DirectRender: Restoring EGL_RENDER_BUFFER to 12420
07-09 18:27:49.650 710 3890 I MediaPlayerService: MediaPlayerService::getOMX
07-09 18:27:49.651 710 3890 I OMXClient: MuxOMX ctor
07-09 18:27:49.652 707 854 I OMXMaster: makeComponentInstance(OMX.google.vorbis.decoder) in mediacodec process
07-09 18:27:49.657 725 1221 I OculusCameraDriver: Camera 0: Buffers are enqueued, ready to free buffers.
07-09 18:27:49.659 707 707 E OMXNodeInstance: setConfig(2c3003c:google.vorbis.decoder, ConfigPriority(0x6f800002)) ERROR: Undefined(0x80001001)
07-09 18:27:49.659 725 1221 I OculusCameraDriver: Camera 0: mini-driver stopped streaming
07-09 18:27:49.659 725 1221 I OculusCameraHAL: Camera 0: qcamera sensor stopped.
07-09 18:27:49.659 725 1221 I OculusCameraDriver: Camera 1: Buffers are enqueued, ready to free buffers.
07-09 18:27:49.659 710 3890 I ACodec : codec does not support config priority (err -2147483648)
07-09 18:27:49.661 725 1221 I OculusCameraDriver: Camera 1: mini-driver stopped streaming
07-09 18:27:49.661 725 1221 I OculusCameraHAL: Camera 1: qcamera sensor stopped.
07-09 18:27:49.661 725 1221 I OculusCameraDriver: Camera 2: Buffers are enqueued, ready to free buffers.
07-09 18:27:49.663 707 1520 E OMXNodeInstance: setConfig(2c3003c:google.vorbis.decoder, ConfigPriority(0x6f800002)) ERROR: Undefined(0x80001001)
07-09 18:27:49.663 710 3890 I ACodec : codec does not support config priority (err -2147483648)
07-09 18:27:49.664 725 1221 I OculusCameraDriver: Camera 2: mini-driver stopped streaming
07-09 18:27:49.665 725 1221 I OculusCameraHAL: Camera 2: qcamera sensor stopped.
07-09 18:27:49.665 725 1221 I OculusCameraDriver: Camera 3: Buffers are enqueued, ready to free buffers.
07-09 18:27:49.666 2206 3474 I DirectRender: 0x7fa65b7ea0 DirectRender::Shutdown
07-09 18:27:49.666 2206 3474 I DirectRender: Setting auto refresh on surface 0x7f9c7f3700 to 0
07-09 18:27:49.667 1544 1544 W PowerCollector: could not read RPM stats
07-09 18:27:49.667 1544 1544 W PowerCollector: java.io.FileNotFoundException: /sys/kernel/debug/rpm_stats (Permission denied)
07-09 18:27:49.667 1544 1544 W PowerCollector: at java.io.FileInputStream.open(Native Method)
07-09 18:27:49.667 1544 1544 W PowerCollector: at java.io.FileInputStream.(FileInputStream.java:146)
07-09 18:27:49.667 1544 1544 W PowerCollector: at com.google.common.io.Files$FileByteSource.openStream(Files.java:129)
07-09 18:27:49.667 1544 1544 W PowerCollector: at com.google.common.io.Files$FileByteSource.read(Files.java:153)
07-09 18:27:49.667 1544 1544 W PowerCollector: at com.google.common.io.ByteSource$AsCharSource.read(ByteSource.java:470)
07-09 18:27:49.667 1544 1544 W PowerCollector: at com.oculus.unifiedtelemetry.collectors.FileOps.readFileContent(FileOps.java:27)
07-09 18:27:49.667 1544 1544 W PowerCollector: at com.oculus.unifiedtelemetry.collectors.PowerCollector.getRPMCount(PowerCollector.java:589)
07-09 18:27:49.667 1544 1544 W PowerCollector: at com.oculus.unifiedtelemetry.collectors.PowerCollector.onScreenOff(PowerCollector.java:227)
07-09 18:27:49.667 1544 1544 W PowerCollector: at com.oculus.unifiedtelemetry.collectors.CollectorsControl.onReceive(CollectorsControl.java:78)
07-09 18:27:49.667 1544 1544 W PowerCollector: at com.facebook.secure.receiver.SecureBroadcastReceiver.onReceive(SecureBroadcastReceiver.java:156)
07-09 18:27:49.667 1544 1544 W PowerCollector: at android.app.LoadedApk$ReceiverDispatcher$Args.run(LoadedApk.java:1126)
07-09 18:27:49.667 1544 1544 W PowerCollector: at android.os.Handler.handleCallback(Handler.java:751)
07-09 18:27:49.667 1544 1544 W PowerCollector: at android.os.Handler.dispatchMessage(Handler.java:95)
07-09 18:27:49.667 1544 1544 W PowerCollector: at android.os.Looper.loop(Looper.java:154)
07-09 18:27:49.667 1544 1544 W PowerCollector: at android.app.ActivityThread.main(ActivityThread.java:6165)
07-09 18:27:49.667 1544 1544 W PowerCollector: at java.lang.reflect.Method.invoke(Native Method)
07-09 18:27:49.667 1544 1544 W PowerCollector: at com.android.internal.os.ZygoteInit$MethodAndArgsCaller.run(ZygoteInit.java:886)
07-09 18:27:49.667 1544 1544 W PowerCollector: at com.android.internal.os.ZygoteInit.main(ZygoteInit.java:776)
07-09 18:27:49.667 2206 3474 I DirectRender: Restoring EGL_RENDER_BUFFER to 12420
07-09 18:27:49.667 725 1221 I OculusCameraDriver: Camera 3: mini-driver stopped streaming
07-09 18:27:49.667 725 1221 I OculusCameraHAL: Camera 3: qcamera sensor stopped.
07-09 18:27:49.668 725 1221 I OculusCameraDriver: Camera 0: mini-driver closing camera
07-09 18:27:49.669 725 1221 I OculusCameraDriver: Camera 0: mini-driver closed rc = 0
07-09 18:27:49.669 725 1221 I OculusCameraDriver: Camera 1: mini-driver closing camera
07-09 18:27:49.670 725 1221 I OculusCameraDriver: Camera 1: mini-driver closed rc = 0
07-09 18:27:49.670 710 3890 I MediaCodec: MediaCodec will operate in async mode
07-09 18:27:49.670 725 1221 I OculusCameraDriver: Camera 2: mini-driver closing camera
07-09 18:27:49.670 2206 3474 I TimeWarp: WarpThreadShutdown() - End
07-09 18:27:49.670 2206 3474 I TimeWarp: Exiting WarpThreadLoop()
07-09 18:27:49.670 725 1221 I OculusCameraDriver: Camera 2: mini-driver closed rc = 0
07-09 18:27:49.670 725 1221 I OculusCameraDriver: Camera 3: mini-driver closing camera
07-09 18:27:49.671 2206 2206 I TimeWarp: pthread_join() returned
07-09 18:27:49.672 725 1221 I OculusCameraDriver: Camera 3: mini-driver closed rc = 0
07-09 18:27:49.680 725 1221 D OculusCameraDriver: syncboss_camera_release() done
07-09 18:27:49.681 725 1221 I LibDevices: De-initialized Camera HAL
07-09 18:27:49.681 725 1221 D Tracker/CoreOS: MontereyGlue: Transition complete RUNNING->STANDBY
07-09 18:27:49.681 725 1221 D Tracker/CoreOS: MontereyGlue: Releasing MontereyGlue WakeLock
07-09 18:27:49.698 710 3889 I ExtendedNuUtils: Both src and dst missing for bit-width
07-09 18:27:49.698 710 3889 I ExtendedNuUtils: Overriding durationUs: with 64 bit src value 234000
07-09 18:27:49.698 710 3889 I ExtendedNuUtils: Both src and dst missing for channel-mask
07-09 18:27:49.698 551 551 I AudioPolicyManagerCustom: FLAG None hence request for a primary output
07-09 18:27:49.699 551 604 I AudioPolicyManagerCustom: FLAG None hence request for a primary output
07-09 18:27:49.700 551 1818 I AudioPolicyManagerCustom: offload disabled by audio.offload.disable=1
07-09 18:27:49.700 551 1818 I AudioPolicyManagerCustom: Direct PCM is disabled for this request
07-09 18:27:49.705 710 3888 D AudioTrack: Client defaulted notificationFrames to 12000 for frameCount 24000
07-09 18:27:49.708 710 3883 D NuPlayerDriver: notifyListener_l(0xf2caade0), (6, 0, 0), loop setting(0, 0)
07-09 18:27:49.718 2206 2206 I TimeWarp: OVR::Clocks thread stopped
07-09 18:27:49.718 2206 2206 I Vsync : ---------------- Vsync::Shutdown ----------------
07-09 18:27:49.718 2206 2206 I Vsync : Measured display refresh rate = 71.77 Hz
07-09 18:27:49.718 2206 2206 I Vsync : Closed /sys/class/graphics/fb0/vsync_event
07-09 18:27:49.718 2206 2206 I TimeWarp: ------------- ~TimeWarpLocal() End -------------
07-09 18:27:49.718 2206 2385 I VrRuntimeServer: SetCompositorClientEnabled client(2): enabled(1) 0x7f9f6712b8
07-09 18:27:49.721 2264 2291 I [CT] : MIXEDREALITY: MrRuntimeImpl: onSleep: Clearing internal state.
07-09 18:27:49.721 2264 2291 I GuardianRender: Suspend: GuardianRender suspending.
07-09 18:27:49.721 2264 2291 I GoCompatibility: GoCompatibility: vrapi_LeaveVrMode_Hooked()
07-09 18:27:49.721 2264 2291 I VrApi : ---------- vrapi_LeaveVrMode [start] ----------
07-09 18:27:49.721 2264 2291 I VrApi : ---------- TREX [start] ----------
07-09 18:27:49.721 2264 2291 I VrApi : ---------- TREX [end] ----------
07-09 18:27:49.721 710 3889 I NuPlayerDecoder: [audio] saw output EOS
07-09 18:27:49.724 2264 2291 D VrApi : targetSDKVersion 24
07-09 18:27:49.728 2264 2291 I VrRuntimeClient: DEVICE MODEL NUMBER = Quest
07-09 18:27:49.728 2264 2291 I VrRuntimeClient: DEVICE HARDWARE = monterey
07-09 18:27:49.728 2264 2291 I VrRuntimeClient: DEVICE BUILD NAME = user-738660.26860.0
07-09 18:27:49.729 2264 2291 I VrRuntimeClient: DEVICE BUILD TYPE = user
07-09 18:27:49.729 2264 2291 I VrRuntimeClient: DEVICE OS VERSION = 7.1.1
07-09 18:27:49.729 2264 2291 I VrRuntimeClient: VRRUNTIME VERSION = VRAPI_VERSION_BEGIN { 1.1.35.0-224383112-224383112 Jun 19 2020 12:47:26 Development } RELEASE
07-09 18:27:49.729 2264 2291 I VrRuntimeClient: API LOADER VERSION = 1.1.35.0
07-09 18:27:49.729 2264 2291 I VrRuntimeClient: VRDRIVER VERSION = 18.0.0.403.517
07-09 18:27:49.729 2264 2291 I VrRuntimeClient: APP NAME = Oculus System Driver
07-09 18:27:49.729 2264 2291 I VrRuntimeClient: APP VERSION = 18.0.0.403.517 versionCode 224383112 internalVersionName 18.0.0.403.517.abc3175146a8 2020_06_19_12_46
07-09 18:27:49.729 2264 2291 I VrRuntimeClient: APP VR TYPE =
07-09 18:27:49.729 2264 2291 I VrRuntimeClient: APP MODE TYPE =
07-09 18:27:49.729 2264 2291 I VrRuntimeClient: APP PACKAGE NAME = com.oculus.systemdriver
07-09 18:27:49.729 2264 2291 I VrRuntimeClient: APP ACTIVITY CLASS = android.app.ContextImpl
07-09 18:27:49.730 2264 2291 D BatteryReceiver: Unregistering battery receiver
07-09 18:27:49.741 2264 2291 I VrApi : OVR::Stats thread stopped
07-09 18:27:49.741 2264 2291 I InputDeviceManager: ovrInputDeviceManager::Shutdown
07-09 18:27:49.752 2264 3524 I InputHooks_Internal: InputHooksThreadRun ShutdownRequest received
07-09 18:27:49.753 2264 2291 D InputHooksJava: Disabling Java Input Hooks
07-09 18:27:49.754 2206 2225 D VrRuntimeService: this client: 2264:com.oculus.systemdriver
07-09 18:27:49.755 2206 2225 D VrRuntimeService: enableRendering: clientWindow: null enable: false
07-09 18:27:49.755 2206 2225 I ClientMgr: ClientMgr::EnableRendering 2264:com.oculus.systemdriver : type 2 : disable
07-09 18:27:49.755 2206 2225 I VrRuntimeServer: SetCompositorClientEnabled client(3): enabled(0) 0x0
07-09 18:27:49.806 2206 2225 W TimeWarp: SetClientEnabled: timed out disabling client 3
07-09 18:27:49.806 2264 3533 I VrRuntimeClient: FenceChecker::MainLoop - ended
07-09 18:27:49.807 2264 2291 I BufferObject: ovrBufferObjectFactory::Unimport deleting GL buffer=43
07-09 18:27:49.807 2264 2291 I BufferObject: ovrBufferObjectFactory::Unimport deleting GL memory object=8
07-09 18:27:49.807 2264 2291 I TrackingServiceClient: OVR::TrackingService::ClientSetInterface
07-09 18:27:49.808 2264 2291 D TrackingServiceClient: onClientDisconnect
07-09 18:27:49.808 2264 2291 D TrackingServiceConnectionNative: onClientDisconnect
07-09 18:27:49.808 725 778 I TrackingService: Unregistering client by ITrackingService.unregisterClient
07-09 18:27:49.808 725 778 I TrackingService: TrackingServiceHost Unregistering client: pid 2264
07-09 18:27:49.808 2264 2291 D BinderConnection: Disconnecting from TrackingService service
07-09 18:27:49.808 2264 2291 D TrackingServiceConnectionNative: onDisconnected
07-09 18:27:49.808 2264 2291 D TrackingServiceClient: TrackingServiceConnection mConnectedRemotes.clear()
07-09 18:27:49.808 2264 2291 I TrackingServiceClient: OVR::TrackingService::ClientSetInterface
07-09 18:27:49.808 2264 2291 I VrApi : ---------- vrapi_LeaveVrMode [end] ----------
07-09 18:27:49.825 1497 3893 I OSUpdateService: Intent with action system_battery_changed
07-09 18:27:49.941 710 3883 D NuPlayerDriver: notifyListener_l(0xf2caade0), (2, 0, 0), loop setting(0, 0)
07-09 18:27:49.942 710 1427 D NuPlayerDriver: reset(0xf2caade0) at state 6
07-09 18:27:49.942 710 1427 D NuPlayerDriver: notifyListener_l(0xf2caade0), (8, 0, 0), loop setting(0, 0)
