--------- beginning of system
07-09 18:26:37.401 1050 1115 D BluetoothManagerService: Added callback: android.bluetooth.IBluetoothManagerCallback$Stub$Proxy@286fcb1:true
07-09 18:26:37.566 1050 1050 D NetworkPolicy: setRestrictBackgroundUL(): false
07-09 18:26:37.599 1050 1075 I StatusBarManagerService: registerStatusBar bar=com.android.internal.statusbar.IStatusBar$Stub$Proxy@34f7cde
07-09 18:26:37.643 1050 1076 I ActivityManager: Start proc 1436:com.oculus.userserver2/u0a82 for service com.oculus.userserver2/com.oculus.userserver.managerservice.OculusUserManagerService
07-09 18:26:37.647 1312 1312 W StatusBar: IVrManager is not implemented or disabled: java.lang.NullPointerException: Attempt to invoke interface method 'void android.service.vr.IVrManager.registerListener(android.service.vr.IVrStateCallbacks)' on a null object reference
07-09 18:26:37.695 1050 1076 W ActivityManager: Unable to start service Intent { act=android.media.IMediaScannerService cmp=com.android.providers.media/.MediaScannerService (has extras) } U=0: not found
07-09 18:26:37.743 1050 1092 I ActivityManager: Start proc 1464:com.android.settings/1000 for broadcast com.android.settings/.wifi.ManagerPasspointReceiver
07-09 18:26:37.775 1050 1050 I SystemServiceManager: Starting phase 600
07-09 18:26:37.779 1050 1050 W WallpaperManagerService: wallpaper binding has been disabled.
07-09 18:26:37.787 1050 1050 D SensorNotificationService: Cannot obtain dynamic meta sensor, not supported.
07-09 18:26:37.806 1050 1050 D LocationManagerService: FLP HAL not supported
07-09 18:26:37.809 1050 1050 D LocationManagerService: Unable to bind FLP Geofence proxy.
07-09 18:26:37.809 1050 1050 D LocationManagerService: Hardware Activity-Recognition not supported.
07-09 18:26:37.811 1050 1050 D LocationManagerService: Unable to bind ActivityRecognitionProxy.
07-09 18:26:37.839 1050 1093 W WindowManager: Keyguard drawn timeout. Setting mKeyguardDrawComplete
07-09 18:26:37.839 1050 1050 W VoiceInteractionManagerService: no available voice interaction services found for user 0
07-09 18:26:37.839 1050 1050 W VoiceInteractionManagerService: no available voice recognition services found for user 0
07-09 18:26:37.857 1050 1050 I ActivityManager: Start proc 1497:com.oculus.updater/u0a14 for added application com.oculus.updater
07-09 18:26:37.884 1050 1050 I ActivityManager: Start proc 1509:com.oculus.systemdriver/u0a20 for added application com.oculus.systemdriver profile:SYSTEM_RESERVED
07-09 18:26:37.904 1050 1050 I ActivityManager: Start proc 1531:com.oculus.vrdesktop/1000 for added application com.oculus.vrdesktop
07-09 18:26:37.935 1050 1050 I ActivityManager: Start proc 1544:com.oculus.unifiedtelemetry/1000 for added application com.oculus.unifiedtelemetry
07-09 18:26:37.959 1050 1050 I ActivityManager: Start proc 1567:com.oculus.notification_proxy/1000 for added application com.oculus.notification_proxy
07-09 18:26:37.980 1050 1050 I ActivityManager: Start proc 1586:com.oculus.companion.server/1000 for added application com.oculus.companion.server
07-09 18:26:38.001 1050 1050 I ActivityManager: Start proc 1600:com.oculus.gatekeeperservice/1000 for added application com.oculus.gatekeeperservice
07-09 18:26:38.027 1050 1050 I ActivityManager: Start proc 1622:com.oculus.vrpowermanager/1000 for added application com.oculus.vrpowermanager
07-09 18:26:38.052 1050 1050 W ActivityManager: App 'com.oculus.guardian' denied profile 'SYSTEM_RESERVED'
07-09 18:26:38.052 1050 1050 I ActivityManager: Start proc 1646:com.oculus.guardian/u0a62 for added application com.oculus.guardian
07-09 18:26:38.076 1050 1050 I ActivityManager: Start proc 1663:com.oculus.externalstorage/1000 for added application com.oculus.externalstorage
07-09 18:26:38.096 1050 1050 I ActivityManager: Start proc 1676:com.oculus.vralertservice/1000 for added application com.oculus.vralertservice
07-09 18:26:38.097 1050 1050 I ActivityManager: START u0 {act=android.intent.action.MAIN cat=[android.intent.category.HOME] flg=0x10000100 cmp=com.android.settings/.FallbackHome} from uid 0 on display 0
07-09 18:26:38.112 1050 1050 I ActivityManager: Loaded persisted task ids for user 0
07-09 18:26:38.187 1050 1050 D ConditionProviders.SCP: onConnected
07-09 18:26:38.201 1050 1050 D ConditionProviders: Subscribing to condition://android/event?userId=-10000&calendar=&reply=1 with ComponentInfo{android/com.android.server.notification.EventConditionProvider}
07-09 18:26:38.202 1050 1050 D ConditionProviders: Subscribing to condition://android/schedule?days=1.2.3.4.5&start=22.0&end=7.0&exitAtAlarm=false with ComponentInfo{android/com.android.server.notification.ScheduleConditionProvider}
07-09 18:26:38.202 1050 1050 D ConditionProviders: Subscribing to condition://android/schedule?days=6.7&start=23.30&end=10.0&exitAtAlarm=false with ComponentInfo{android/com.android.server.notification.ScheduleConditionProvider}
07-09 18:26:38.226 1050 1050 I DefaultImeSelectionService: Selecting default IME
07-09 18:26:38.254 1050 1050 W ContextImpl: Calling a method in the system process without a qualified user: android.app.ContextImpl.startService:1357 com.android.server.content.SyncManager$13.run:658 android.os.Handler.handleCallback:751 android.os.Handler.dispatchMessage:95 android.os.Looper.loop:154
07-09 18:26:38.308 1050 1050 D BluetoothManagerService: Bluetooth Adapter name changed to Oculus Quest
07-09 18:26:38.308 1050 1050 D BluetoothManagerService: Stored Bluetooth name: Oculus Quest
07-09 18:26:38.308 1050 1050 D BluetoothManagerService: BluetoothServiceConnection: com.android.bluetooth.btservice.AdapterService
07-09 18:26:38.309 1050 1115 D BluetoothManagerService: Message: 40
07-09 18:26:38.309 1050 1115 D BluetoothManagerService: MESSAGE_BLUETOOTH_SERVICE_CONNECTED: 1
07-09 18:26:38.316 1050 1115 D BluetoothManagerService: Calling onBluetoothServiceUp callbacks
07-09 18:26:38.316 1050 1115 D BluetoothManagerService: Broadcasting onBluetoothServiceUp() to 2 receivers.
07-09 18:26:38.319 1050 1115 D BluetoothManagerService: Message: 60
07-09 18:26:38.319 1050 1115 D BluetoothManagerService: MESSAGE_BLUETOOTH_STATE_CHANGE: prevState = 10, newState =14
07-09 18:26:38.320 1050 1115 D BluetoothManagerService: bluetoothStateChangeHandler: 10 -> 14
07-09 18:26:38.320 1050 1115 D BluetoothManagerService: BLE State Change Intent: 10 -> 14
07-09 18:26:38.334 1050 1092 W KeyguardServiceDelegate: onScreenTurningOn(): no keyguard service!
07-09 18:26:38.377 1050 1593 I ActivityManager: user 0 is still locked. Cannot load recents
07-09 18:26:38.402 1050 1050 V WiredAccessoryManager: notifyWiredAccessoryChanged: when=0 bits= mask=54
07-09 18:26:38.403 1050 1050 V WiredAccessoryManager: newName=h2w newState=0 headsetState=0 prev headsetState=0
07-09 18:26:38.403 1050 1050 V WiredAccessoryManager: init()
07-09 18:26:38.441 1050 1116 I SystemServiceManager: Starting phase 1000
07-09 18:26:38.446 1050 1116 D NightDisplayService: setUp: currentUser=0
07-09 18:26:38.447 1050 1116 D NightDisplayService: onAutoModeChanged: autoMode=0
07-09 18:26:38.447 1050 1116 I NightDisplayService: Turning off night display
07-09 18:26:38.468 1050 1116 I ActivityManager: Start proc 1741:android.ext.services/u0a19 for on-hold
07-09 18:26:38.514 1050 1116 D ActivityManager: Finishing user boot 0
07-09 18:26:38.517 1050 1116 D CryptdConnector: SND -> {2 cryptfs unlock_user_key 0 0 [scrubbed] [scrubbed]}
07-09 18:26:38.517 623 629 D vold : e4crypt_unlock_user_key 0 serial=0 token_present=0
07-09 18:26:38.519 623 629 D vold : Skipping non-key .
07-09 18:26:38.519 623 629 D vold : Skipping non-key ..
07-09 18:26:38.519 623 629 D vold : Trying user CE key /data/misc/vold/user_keys/ce/0/current
07-09 18:26:38.566 623 629 D vold : Successfully retrieved key
07-09 18:26:38.566 623 629 D vold : Added key 14491734 (ext4:475f758c00057fea) to keyring 755990648 in process 623
07-09 18:26:38.566 623 629 D vold : Installed ce key for user 0
07-09 18:26:38.567 1050 1195 D CryptdConnector: RCV <- {200 2 Command succeeded}
07-09 18:26:38.568 1050 1116 D CryptdConnector: SND -> {3 cryptfs prepare_user_storage ! 0 0 2}
07-09 18:26:38.568 623 629 D vold : e4crypt_prepare_user_storage for volume null, user 0, serial 0, flags 2
07-09 18:26:38.568 623 629 D vold : Preparing: /data/system_ce/0
07-09 18:26:38.568 623 629 D vold : Preparing: /data/misc_ce/0
07-09 18:26:38.569 623 629 D vold : Preparing: /data/media/0
07-09 18:26:38.569 623 629 D vold : Preparing: /data/data
07-09 18:26:38.570 623 629 I vold : Found policy 475f758c00057fea at /data/system_ce/0 which matches expected value
07-09 18:26:38.571 623 629 I vold : Policy for /data/misc_ce/0 set to 475f758c00057fea
07-09 18:26:38.572 623 629 I vold : Found policy 475f758c00057fea at /data/media/0 which matches expected value
07-09 18:26:38.573 623 629 I vold : Found policy 475f758c00057fea at /data/data which matches expected value
07-09 18:26:38.573 623 629 V vold : Starting restorecon of /data/system_ce/0
07-09 18:26:38.574 623 629 V vold : Finished restorecon of /data/system_ce/0
07-09 18:26:38.575 623 629 V vold : Starting restorecon of /data/misc_ce/0
07-09 18:26:38.576 623 629 V vold : Finished restorecon of /data/misc_ce/0
07-09 18:26:38.576 1050 1195 D CryptdConnector: RCV <- {200 3 Command succeeded}
07-09 18:26:38.577 1050 1116 V UserManagerService: Found /data/user/0 with serial number 0
07-09 18:26:38.577 1050 1116 V UserManagerService: Found /data/system_ce/0 with serial number 0
07-09 18:26:38.577 1050 1116 V PackageManager: reconcileAppsData for null u0 0x2
07-09 18:26:39.012 1050 1095 E BatteryStatsService: no controller energy info supplied
07-09 18:26:39.195 1050 1116 V PackageManager: reconcileAppsData finished 130 packages
07-09 18:26:39.200 1050 1092 D BluetoothManagerService: User 0 unlocked
07-09 18:26:39.201 1050 1115 D BluetoothManagerService: Message: 301
07-09 18:26:39.201 1050 1115 D BluetoothManagerService: MESSAGE_USER_UNLOCKED
07-09 18:26:39.201 1050 1092 D MountService: onUnlockUser 0
07-09 18:26:39.201 1050 1092 D VoldConnector: SND -> {6 volume user_started 0}
07-09 18:26:39.202 623 628 D vold : Linking /storage/emulated/0 to /mnt/user/0/primary
07-09 18:26:39.203 1050 1194 D VoldConnector: RCV <- {200 6 Command succeeded}
07-09 18:26:39.205 1050 1191 D MountService: Volume emulated broadcasting mounted to UserHandle{0}
07-09 18:26:39.206 1050 1092 W TextServicesManagerService: no available spell checker services found
07-09 18:26:39.218 1050 1092 V BackupManagerService: No ancestral data
07-09 18:26:39.222 1050 1050 D ConditionProviders.SCP: onSubscribe condition://android/schedule?days=1.2.3.4.5&start=22.0&end=7.0&exitAtAlarm=false
07-09 18:26:39.223 1050 1050 D ConditionProviders.SCP: setRegistered true
07-09 18:26:39.224 1050 1050 D ConditionProviders.SCP: notifyCondition condition://android/schedule?days=1.2.3.4.5&start=22.0&end=7.0&exitAtAlarm=false STATE_FALSE reason=!meetsSchedule
07-09 18:26:39.226 1050 1050 D ConditionProviders.SCP: Scheduling evaluate for Thu Jul 09 22:00:00 GMT+03:00 2020 (1594321200000), in +3h33m20s778ms, now=Thu Jul 09 18:26:39 GMT+03:00 2020 (1594308399222)
07-09 18:26:39.227 1050 1050 D ConditionProviders.SCP: onSubscribe condition://android/schedule?days=6.7&start=23.30&end=10.0&exitAtAlarm=false
07-09 18:26:39.227 1050 1050 D ConditionProviders.SCP: notifyCondition condition://android/schedule?days=6.7&start=23.30&end=10.0&exitAtAlarm=false STATE_FALSE reason=!meetsSchedule
07-09 18:26:39.227 1050 1050 D ConditionProviders.SCP: notifyCondition condition://android/schedule?days=1.2.3.4.5&start=22.0&end=7.0&exitAtAlarm=false STATE_FALSE reason=!meetsSchedule
07-09 18:26:39.228 1050 1050 D ConditionProviders.SCP: Scheduling evaluate for Thu Jul 09 22:00:00 GMT+03:00 2020 (1594321200000), in +3h33m20s773ms, now=Thu Jul 09 18:26:39 GMT+03:00 2020 (1594308399227)
07-09 18:26:39.232 1050 1092 I BackupManagerService: Package com.YourCompany.DBM_11vc not installed; dropping from full backup
07-09 18:26:39.232 1050 1092 I BackupManagerService: Package com.YourCompany.test9_c not installed; dropping from full backup
07-09 18:26:39.232 1050 1092 I BackupManagerService: Package com.YourCompany.DBM_Unreal_10vc not installed; dropping from full backup
07-09 18:26:39.233 1050 1092 I BackupManagerService: Package com.YourCompany.DBM_13vc not installed; dropping from full backup
07-09 18:26:39.233 1050 1092 I BackupManagerService: Package com.YourCompany.DBM_12vc not installed; dropping from full backup
07-09 18:26:39.233 1050 1092 I BackupManagerService: Package com.YourCompany.DBM_14v not installed; dropping from full backup
07-09 18:26:39.233 1050 1092 I BackupManagerService: Package com.YourCompany.DBM_15v not installed; dropping from full backup
07-09 18:26:39.233 1050 1092 I BackupManagerService: Package com.YourCompany.DBM_16V not installed; dropping from full backup
07-09 18:26:39.245 1050 1050 I ActivityManager: Start proc 1826:com.oculus.alpenglow:fbns/u0a66 for broadcast com.oculus.alpenglow/com.facebook.rti.push.service.MqttSystemBroadcastReceiver
07-09 18:26:39.250 1050 1091 I SyncManager: Got SyncJobService instance.
07-09 18:26:39.251 1050 1092 V BackupManagerService: Starting with transport android/com.android.internal.backup.LocalTransport
07-09 18:26:39.251 1050 1092 V BackupManagerService: Found transports: 1
07-09 18:26:39.271 1050 1075 I ActivityManager: Start proc 1841:com.oculus.horizon/u0a41 for content provider com.oculus.horizon/.provider.GatekeeperContentProvider
07-09 18:26:39.278 1050 1819 I BackupManagerService: Found stale backup journal, scheduling
07-09 18:26:39.278 1050 1092 I BackupManagerService: Backup enabled => false
07-09 18:26:39.281 1050 1092 W VoiceInteractionManagerService: no available voice interaction services found for user 0
07-09 18:26:39.281 1050 1092 W VoiceInteractionManagerService: no available voice recognition services found for user 0
07-09 18:26:39.281 1050 1092 I ActivityManager: Loading recents for user 0 into memory.
07-09 18:26:39.308 1050 1819 V KeyValueBackupJob: Scheduling k/v pass in 248 minutes
07-09 18:26:39.358 1050 1092 I ActivityManager: Start proc 1856:com.oculus.inputmethod.pacific/1000 for added application com.oculus.inputmethod.pacific
07-09 18:26:39.364 1050 1092 D ActivityManager: Sending BOOT_COMPLETE user #0
07-09 18:26:39.373 1050 1115 D BluetoothManagerService: Message: 60
07-09 18:26:39.373 1050 1115 D BluetoothManagerService: MESSAGE_BLUETOOTH_STATE_CHANGE: prevState = 14, newState =15
07-09 18:26:39.373 1050 1115 D BluetoothManagerService: bluetoothStateChangeHandler: 14 -> 15
07-09 18:26:39.373 1050 1115 D BluetoothManagerService: Bluetooth is in LE only mode
07-09 18:26:39.373 1050 1115 D BluetoothManagerService: Binding Bluetooth GATT service
07-09 18:26:39.377 1050 1115 D BluetoothManagerService: BLE State Change Intent: 14 -> 15
07-09 18:26:39.415 1050 1233 I ActivityManager: Start proc 1872:com.android.providers.calendar/u0a1 for content provider com.android.providers.calendar/.CalendarProvider2
07-09 18:26:39.416 1050 1050 D BluetoothManagerService: Bluetooth Adapter name changed to Oculus Quest
07-09 18:26:39.416 1050 1050 D BluetoothManagerService: Stored Bluetooth name: Oculus Quest
07-09 18:26:39.416 1050 1050 V BackupManagerService: Connected to transport ComponentInfo{android/com.android.internal.backup.LocalTransportService}
07-09 18:26:39.416 1050 1050 V BackupManagerService: Registering transport android/com.android.internal.backup.LocalTransportService::android/com.android.internal.backup.LocalTransport = android.app.backup.BackupTransport$TransportImpl@fa5a3ea
07-09 18:26:39.439 1050 1871 I ActivityManager: Start proc 1885:com.android.keychain/1000 for service com.android.keychain/.KeyChainService
07-09 18:26:39.440 1050 1050 D BluetoothManagerService: BluetoothServiceConnection: com.android.bluetooth.gatt.GattService
07-09 18:26:39.441 1050 1115 D BluetoothManagerService: Message: 40
07-09 18:26:39.441 1050 1115 D BluetoothManagerService: MESSAGE_BLUETOOTH_SERVICE_CONNECTED: 2
07-09 18:26:39.442 1050 1115 D BluetoothManagerService: BluetoothGatt Service is Up
07-09 18:26:39.442 1050 1593 I ActivityManager: START u0 {act=android.intent.action.MAIN cat=[android.intent.category.HOME] flg=0x10000100 cmp=com.oculus.vrshell/.MainActivity} from uid 0 on display 0
07-09 18:26:39.443 1050 1115 D BluetoothManagerService: Persisting Bluetooth Setting: 1
07-09 18:26:39.444 1050 1115 D BluetoothManagerService: Message: 60
07-09 18:26:39.444 1050 1115 D BluetoothManagerService: MESSAGE_BLUETOOTH_STATE_CHANGE: prevState = 15, newState =11
07-09 18:26:39.444 1050 1115 D BluetoothManagerService: bluetoothStateChangeHandler: 15 -> 11
07-09 18:26:39.444 1050 1115 D BluetoothManagerService: BLE State Change Intent: 15 -> 11
07-09 18:26:39.463 1050 1593 I ActivityManager: Start proc 1898:com.oculus.vrshell/u0a24 for activity com.oculus.vrshell/.MainActivity
07-09 18:26:39.541 1050 1076 I ActivityManager: Start proc 1916:com.oculus.vraudiodatadumpmanager/1000 for broadcast com.oculus.vraudiodatadumpmanager/.BootReceiver
07-09 18:26:39.612 1050 1115 D BluetoothManagerService: Message: 60
07-09 18:26:39.612 1050 1115 D BluetoothManagerService: MESSAGE_BLUETOOTH_STATE_CHANGE: prevState = 11, newState =12
07-09 18:26:39.612 1050 1115 D BluetoothManagerService: bluetoothStateChangeHandler: 11 -> 12
07-09 18:26:39.612 1050 1115 D BluetoothManagerService: Broadcasting onBluetoothStateChange(true) to 2 receivers.
07-09 18:26:39.612 1050 1115 D BluetoothManagerService: Creating new ProfileServiceConnections object for profile: 1
07-09 18:26:39.612 1050 1115 E BluetoothManagerService: Fail to bind to: Intent { act=android.bluetooth.IBluetoothHeadset }
07-09 18:26:39.612 1050 1115 W BluetoothManagerService: Unable to bind with intent: Intent { act=android.bluetooth.IBluetoothHeadset }
07-09 18:26:39.612 1050 1115 D BluetoothManagerService: BLE State Change Intent: 11 -> 12
07-09 18:26:39.633 1050 1521 D BluetoothManagerService: checkIfCallerIsForegroundUser: valid=true callingUser=0 parentUser=-10000 foregroundUser=0
07-09 18:26:39.636 1464 1464 W ContextImpl: Calling a method in the system process without a qualified user: android.app.ContextImpl.startService:1357 android.content.ContextWrapper.startService:613 android.content.ContextWrapper.startService:613 com.android.settings.bluetooth.DockEventReceiver.beginStartingService:134 com.android.settings.bluetooth.DockEventReceiver.onReceive:115
07-09 18:26:39.646 1050 1115 D BluetoothManagerService: Message: 20
07-09 18:26:39.646 1050 1115 D BluetoothManagerService: Added callback: android.bluetooth.IBluetoothManagerCallback$Stub$Proxy@791da33:true
07-09 18:26:39.661 1050 1115 D BluetoothManagerService: Message: 30
07-09 18:26:39.668 1050 1115 D BluetoothManagerService: Message: 30
07-09 18:26:39.673 1050 1115 D BluetoothManagerService: Message: 30
07-09 18:26:39.676 1050 1115 D BluetoothManagerService: Message: 30
07-09 18:26:39.679 1050 1115 D BluetoothManagerService: Message: 30
07-09 18:26:39.714 1050 1565 I ActivityManager: Start proc 1953:com.android.deskclock/u0a33 for broadcast com.android.deskclock/.AlarmInitReceiver
07-09 18:26:39.915 1050 1521 I ActivityManager: Start proc 1991:com.oculus.systemux:SystemUX/u0a61 for service com.oculus.systemux/.SystemUXGatekeepersService
07-09 18:26:39.942 1050 1458 I ActivityManager: Start proc 2005:com.oculus.vrshell:Notifs/u0a24 for service com.oculus.vrshell/.VrNotificationService
07-09 18:26:39.983 1050 1458 I ActivityManager: Start proc 2020:com.oculus.alpenglow/u0a66 for broadcast com.oculus.alpenglow/.boot.BootBroadcastReceiver
07-09 18:26:40.002 1050 1095 E BatteryStatsService: no controller energy info supplied
07-09 18:26:40.002 1050 1227 D ConnectivityService: Got NetworkFactory Messenger for WIFI
07-09 18:26:40.002 1050 1227 D ConnectivityService: Got NetworkFactory Messenger for WIFI_UT
07-09 18:26:40.021 1050 1115 D BluetoothManagerService: Message: 20
07-09 18:26:40.021 1050 1115 D BluetoothManagerService: Added callback: android.bluetooth.IBluetoothManagerCallback$Stub$Proxy@e118699:true
07-09 18:26:40.095 1050 1575 V InputMethodManagerService: Adding window token: android.os.Binder@2344809
07-09 18:26:40.198 1050 1575 I ActivityManager: Start proc 2049:com.oculus.deviceauthserver/1000 for broadcast com.oculus.deviceauthserver/.BootReceiver
07-09 18:26:40.244 1050 1593 I ActivityManager: Process com.oculus.alpenglow (pid 2020) has died
07-09 18:26:40.244 1050 1593 D ActivityManager: cleanUpApplicationRecord -- 2020
07-09 18:26:40.306 1050 1289 I ActivityManager: Start proc 2067:com.oculus.headsetsfx/1000 for broadcast com.oculus.headsetsfx/.BootReceiver
07-09 18:26:40.372 1050 1521 I ActivityManager: Start proc 2080:com.oculus.micservice/1000 for broadcast com.oculus.micservice/.BootReceiver
07-09 18:26:40.469 1544 1544 W ContextImpl: Calling a method in the system process without a qualified user: android.app.ContextImpl.startService:1357 android.content.ContextWrapper.startService:613 com.oculus.authapi.OVRAuth.startAuthService:740 com.oculus.authapi.OVRAuth.status:281 com.oculus.unifiedtelemetry.credentialsmanager.UnifiedTelemetryCredentialsManager.refreshCredentials:54
07-09 18:26:41.027 1050 1050 D ConditionProviders.SCP: onReceive android.intent.action.TIME_SET
07-09 18:26:41.028 1050 1050 D ConditionProviders.SCP: notifyCondition condition://android/schedule?days=6.7&start=23.30&end=10.0&exitAtAlarm=false STATE_FALSE reason=!meetsSchedule
07-09 18:26:41.028 1050 1050 D ConditionProviders.SCP: notifyCondition condition://android/schedule?days=1.2.3.4.5&start=22.0&end=7.0&exitAtAlarm=false STATE_FALSE reason=!meetsSchedule
07-09 18:26:41.029 1050 1050 D ConditionProviders.SCP: Scheduling evaluate for Thu Jul 09 22:00:00 GMT+03:00 2020 (1594321200000), in +3h33m18s973ms, now=Thu Jul 09 18:26:41 GMT+03:00 2020 (1594308401027)
07-09 18:26:41.052 1050 1524 D ConnectivityService: requestNetwork for uid/pid:10041/1841 NetworkRequest [ TRACK_DEFAULT id=5, [ Capabilities: INTERNET&NOT_RESTRICTED&TRUSTED&NOT_VPN] ]
07-09 18:26:41.064 1050 1521 I ActivityManager: Start proc 2143:android.process.media/u0a7 for content provider com.android.providers.downloads/.DownloadProvider
07-09 18:26:41.097 1050 1700 I ActivityManager: Start proc 2544:com.android.onetimeinitializer/u0a10 for broadcast com.android.onetimeinitializer/.OneTimeInitializerReceiver
07-09 18:26:41.355 1050 1635 W ActivityManager: Slow operation: 91ms so far, now at startProcess: returned from zygote!
07-09 18:26:41.355 1050 1635 W ActivityManager: Slow operation: 91ms so far, now at startProcess: done updating battery stats
07-09 18:26:41.355 1050 1635 W ActivityManager: Slow operation: 91ms so far, now at startProcess: building log message
07-09 18:26:41.355 1050 1635 I ActivityManager: Start proc 2579:android.process.acore/u0a0 for broadcast com.android.providers.contacts/.BootCompletedReceiver
07-09 18:26:41.355 1050 1635 W ActivityManager: Slow operation: 91ms so far, now at startProcess: starting to update pids map
07-09 18:26:41.356 1050 1635 W ActivityManager: Slow operation: 91ms so far, now at startProcess: done updating pids map
07-09 18:26:41.356 1050 1635 W ActivityManager: Slow operation: 93ms so far, now at startProcess: done starting proc!
07-09 18:26:41.359 1050 1289 I ActivityManager: Start proc 2167:com.oculus.ocms/u0a44 for content provider com.oculus.ocms/.library.provider.LibraryProvider
07-09 18:26:41.389 1050 1091 I UsageStatsService: Time changed in UsageStats by -4 seconds
07-09 18:26:41.389 1050 1091 I UsageStatsService: User[0] Flushing usage stats to disk
07-09 18:26:41.491 1050 1700 I ActivityManager: Start proc 2187:com.oculus.vrcast/1000 for service com.oculus.vrcast/.VrCastService
07-09 18:26:41.531 1050 1521 I ActivityManager: Start proc 2206:com.oculus.vrruntimeservice/u0a20 for service com.oculus.systemdriver/com.oculus.vrruntimeservice.VrRuntimeService profile:SYSTEM_RESERVED
07-09 18:26:41.544 1050 1565 D ConnectivityService: requestNetwork for uid/pid:1000/2049 NetworkRequest [ TRACK_DEFAULT id=6, [ Capabilities: INTERNET&NOT_RESTRICTED&TRUSTED&NOT_VPN] ]
07-09 18:26:41.590 1050 1076 I ActivityManager: Start proc 2226:com.oculus.runtimeipcservice/u0a20 for service com.oculus.systemdriver/com.oculus.runtimeipcservice.RuntimeIPCService profile:SYSTEM_RESERVED
07-09 18:26:41.802 1050 1211 D ConnectivityService: registerNetworkAgent NetworkAgentInfo{ ni{[type: WIFI[], state: CONNECTING/CONNECTING, reason: (unspecified), extra: "SKYTKDJY5", failover: false, available: true, roaming: false, metered: false]} network{100} nethandle{429513165534} lp{{LinkAddresses: [] Routes: [] DnsAddresses: [] Domains: null MTU: 0}} nc{[ Transports: WIFI Capabilities: NOT_METERED&INTERNET&NOT_RESTRICTED&TRUSTED&NOT_VPN LinkUpBandwidth>=1048576Kbps LinkDnBandwidth>=1048576Kbps]} Score{20} everValidated{false} lastValidated{false} created{false} lingering{false} explicitlySelected{false} acceptUnvalidated{false} everCaptivePortalDetected{false} lastCaptivePortalDetected{false} }
07-09 18:26:41.804 1050 1227 D ConnectivityService: NetworkAgentInfo [WIFI () - 100] EVENT_NETWORK_INFO_CHANGED, going from null to CONNECTING
07-09 18:26:41.820 1050 1690 I ActivityManager: Start proc 2264:com.oculus.vrguardianservice/u0a20 for service com.oculus.systemdriver/com.oculus.vrguardianservice.VrGuardianService profile:SYSTEM_RESERVED
07-09 18:26:42.264 1050 1524 I ActivityManager: Start proc 2297:com.oculus.wifiindoze/1000 for broadcast com.oculus.wifiindoze/.WifiInDozeBootReceiver
07-09 18:26:43.129 1050 1575 I ActivityManager: Start proc 2364:com.oculus.horizon:fbns/u0a41 for service com.oculus.horizon/com.facebook.rti.push.service.FbnsService
07-09 18:26:43.507 1050 1565 I ActivityManager: Start proc 2392:com.oculus.vrshell:Overlay/u0a24 for service com.oculus.vrshell/.ShellOverlayService
07-09 18:26:43.672 1050 2415 I BootReceiver: Copying audit failures to DropBox
07-09 18:26:43.672 1050 2415 I BootReceiver: Checking for fsck errors
07-09 18:26:43.712 1050 1593 I ActivityManager: Start proc 2419:com.oculus.preloader/1000 for broadcast com.oculus.preloader/.BootReceiver
07-09 18:26:43.918 1050 1115 D BluetoothManagerService: Message: 20
07-09 18:26:43.919 1050 1115 D BluetoothManagerService: Added callback: android.bluetooth.IBluetoothManagerCallback$Stub$Proxy@6af8e70:true
07-09 18:26:43.970 1050 1115 D BluetoothManagerService: Message: 20
07-09 18:26:43.970 1050 1115 D BluetoothManagerService: Added callback: android.bluetooth.IBluetoothManagerCallback$Stub$Proxy@6ce26e:true
07-09 18:26:44.247 1050 1227 D ConnectivityService: NetworkAgentInfo [WIFI () - 100] EVENT_NETWORK_INFO_CHANGED, going from CONNECTING to CONNECTED
07-09 18:26:44.250 1050 1227 D ConnectivityService: Adding iface wlan0 to network 100
07-09 18:26:44.290 1050 1227 D ConnectivityService: Setting DNS servers for network 100 to [/192.168.0.1]
07-09 18:26:44.345 1050 1227 D ConnectivityService: Switching to new default network: NetworkAgentInfo{ ni{[type: WIFI[], state: CONNECTED/CONNECTED, reason: (unspecified), extra: "SKYTKDJY5", failover: false, available: true, roaming: false, metered: false]} network{100} nethandle{429513165534} lp{{InterfaceName: wlan0 LinkAddresses: [fe80::2e26:17ff:fe4a:c812/64,192.168.0.3/24,] Routes: [fe80::/64 -> :: wlan0,192.168.0.0/24 -> 0.0.0.0 wlan0,0.0.0.0/0 -> 192.168.0.1 wlan0,] DnsAddresses: [192.168.0.1,] Domains: null MTU: 0 TcpBufferSizes: 524288,1048576,2097152,262144,524288,1048576}} nc{[ Transports: WIFI Capabilities: NOT_METERED&INTERNET&NOT_RESTRICTED&TRUSTED&NOT_VPN&FOREGROUND LinkUpBandwidth>=1048576Kbps LinkDnBandwidth>=1048576Kbps SignalStrength: -31]} Score{20} everValidated{false} lastValidated{false} created{true} lingering{false} explicitlySelected{false} acceptUnvalidated{false} everCaptivePortalDetected{false} lastCaptivePortalDetected{false} }
07-09 18:26:44.370 1050 1091 I UsageStatsDatabase: Time changed by -4s412ms. files deleted: 0 files moved: 36
07-09 18:26:44.419 1050 1227 D ConnectivityService: Sending CONNECTED broadcast for type 1 NetworkAgentInfo [WIFI () - 100] isDefaultNetwork=true
07-09 18:26:44.431 1586 1586 W ContextImpl: Calling a method in the system process without a qualified user: android.app.ContextImpl.startService:1357 android.content.ContextWrapper.startService:613 com.oculus.companion.server.utils.LineFrequencyServiceContract.startLineFrequencyService:23 com.oculus.companion.server.WifiModule$1.onReceive:189 android.app.LoadedApk$ReceiverDispatcher$Args.run:1126
07-09 18:26:44.493 1050 1521 I DisplayManagerService: Display device added: DisplayDeviceInfo{"com.oculus.android_panel_app.AndroidPanelLayer-#main": uniqueId="virtual:com.oculus.systemux,10061,com.oculus.android_panel_app.AndroidPanelLayer-#main,0", 774 x 124, modeId 2, defaultModeId 2, supportedModes [{id=2, width=774, height=124, fps=60.0}], colorMode 0, supportedColorModes [0], HdrCapabilities null, density 160, 160.0 x 160.0 dpi, appVsyncOff 0, presDeadline 16666666, touch NONE, rotation 0, type VIRTUAL, state OFF, owner com.oculus.systemux (uid 10061), FLAG_PRIVATE, FLAG_NEVER_BLANK, FLAG_OWN_CONTENT_ONLY}
07-09 18:26:44.494 1050 1524 W ActivityManager: Slow operation: 61ms so far, now at startProcess: returned from zygote!
07-09 18:26:44.494 1050 1524 W ActivityManager: Slow operation: 61ms so far, now at startProcess: done updating battery stats
07-09 18:26:44.495 1050 1524 W ActivityManager: Slow operation: 62ms so far, now at startProcess: building log message
07-09 18:26:44.495 1050 1524 I ActivityManager: Start proc 2460:com.oculus.linefrequencyservice/1000 for service com.oculus.linefrequencyservice/.LineFrequencyService
07-09 18:26:44.495 1050 1524 W ActivityManager: Slow operation: 62ms so far, now at startProcess: starting to update pids map
07-09 18:26:44.495 1050 1524 W ActivityManager: Slow operation: 62ms so far, now at startProcess: done updating pids map
07-09 18:26:44.495 1050 1524 W ActivityManager: Slow operation: 62ms so far, now at startProcess: done starting proc!
07-09 18:26:44.497 1586 1586 W ContextImpl: Calling a method in the system process without a qualified user: android.app.ContextImpl.startService:1357 android.content.ContextWrapper.startService:613 com.oculus.companion.server.WifiModule$1.onReceive:198 android.app.LoadedApk$ReceiverDispatcher$Args.run:1126 android.os.Handler.handleCallback:751
07-09 18:26:44.547 1050 1091 I UsageStatsService: User[0] Rollover scheduled @ 2020-07-09 22:01:11(1594321271681)
07-09 18:26:44.573 2049 2049 W ContextImpl: Calling a method in the system process without a qualified user: android.app.ContextImpl.sendBroadcast:877 android.content.ContextWrapper.sendBroadcast:421 com.oculus.deviceauthserver.DeviceAuthService.notifyClients:247 com.oculus.deviceauthserver.DeviceAuthService.handleAccessToken:235 com.oculus.deviceauthserver.DeviceAuthService.-com_oculus_deviceauthserver_DeviceAuthService_lambda$2:210
07-09 18:26:44.813 1050 2739 I DisplayManagerService: Display device added: DisplayDeviceInfo{"com.oculus.android_panel_app.AndroidPanelLayer-tablet": uniqueId="virtual:com.oculus.systemux,10061,com.oculus.android_panel_app.AndroidPanelLayer-tablet,0", 768 x 340, modeId 3, defaultModeId 3, supportedModes [{id=3, width=768, height=340, fps=60.0}], colorMode 0, supportedColorModes [0], HdrCapabilities null, density 160, 160.0 x 160.0 dpi, appVsyncOff 0, presDeadline 16666666, touch NONE, rotation 0, type VIRTUAL, state OFF, owner com.oculus.systemux (uid 10061), FLAG_PRIVATE, FLAG_NEVER_BLANK, FLAG_OWN_CONTENT_ONLY}
07-09 18:26:44.854 1050 1289 I DisplayManagerService: Display device added: DisplayDeviceInfo{"com.oculus.android_panel_app.AndroidPanelLayer-tabletNav": uniqueId="virtual:com.oculus.systemux,10061,com.oculus.android_panel_app.AndroidPanelLayer-tabletNav,0", 216 x 340, modeId 4, defaultModeId 4, supportedModes [{id=4, width=216, height=340, fps=60.0}], colorMode 0, supportedColorModes [0], HdrCapabilities null, density 160, 160.0 x 160.0 dpi, appVsyncOff 0, presDeadline 16666666, touch NONE, rotation 0, type VIRTUAL, state OFF, owner com.oculus.systemux (uid 10061), FLAG_PRIVATE, FLAG_NEVER_BLANK, FLAG_OWN_CONTENT_ONLY}
07-09 18:26:44.862 2460 2481 W ContextImpl: Calling a method in the system process without a qualified user: android.app.ContextImpl.bindService:1421 android.content.ContextWrapper.bindService:636 com.oculus.linefrequencyservice.LineFrequencyService$LocationHelper.setLineFrequency:136 com.oculus.linefrequencyservice.LineFrequencyService$LocationHelper.-wrap0:-1 com.oculus.linefrequencyservice.LineFrequencyService.onHandleIntent:81
07-09 18:26:44.874 1050 2739 I DisplayManagerService: Display device added: DisplayDeviceInfo{"com.oculus.android_panel_app.AndroidPanelLayer-tabletContent": uniqueId="virtual:com.oculus.systemux,10061,com.oculus.android_panel_app.AndroidPanelLayer-tabletContent,0", 552 x 340, modeId 5, defaultModeId 5, supportedModes [{id=5, width=552, height=340, fps=60.0}], colorMode 0, supportedColorModes [0], HdrCapabilities null, density 160, 160.0 x 160.0 dpi, appVsyncOff 0, presDeadline 16666666, touch NONE, rotation 0, type VIRTUAL, state OFF, owner com.oculus.systemux (uid 10061), FLAG_PRIVATE, FLAG_NEVER_BLANK, FLAG_OWN_CONTENT_ONLY}
07-09 18:26:44.932 1050 1524 W ActivityManager: Slow operation: 87ms so far, now at startProcess: returned from zygote!
07-09 18:26:44.939 1050 1524 W ActivityManager: Slow operation: 88ms so far, now at startProcess: done updating battery stats
07-09 18:26:44.939 1050 1524 W ActivityManager: Slow operation: 94ms so far, now at startProcess: building log message
07-09 18:26:44.939 1050 1524 I ActivityManager: Start proc 2496:com.android.calendar/u0a27 for broadcast com.android.calendar/.alerts.AlertReceiver
07-09 18:26:44.939 1050 1524 W ActivityManager: Slow operation: 95ms so far, now at startProcess: starting to update pids map
07-09 18:26:44.939 1050 1524 W ActivityManager: Slow operation: 95ms so far, now at startProcess: done updating pids map
07-09 18:26:44.940 1050 1524 W ActivityManager: Slow operation: 95ms so far, now at startProcess: done starting proc!
07-09 18:26:45.062 1050 1116 I DisplayManagerService: Display device changed state: "com.oculus.android_panel_app.AndroidPanelLayer-#main", ON
07-09 18:26:45.105 1050 1116 I DisplayManagerService: Display device changed state: "com.oculus.android_panel_app.AndroidPanelLayer-tablet", ON
07-09 18:26:45.132 1050 1116 I DisplayManagerService: Display device changed state: "com.oculus.android_panel_app.AndroidPanelLayer-tabletNav", ON
07-09 18:26:45.145 1050 1116 I DisplayManagerService: Display device changed state: "com.oculus.android_panel_app.AndroidPanelLayer-tabletContent", ON
07-09 18:26:45.329 1050 1593 I ActivityManager: Start proc 2527:com.android.managedprovisioning/u0a9 for broadcast com.android.managedprovisioning/.BootReminder
07-09 18:26:45.641 1544 1544 W ContextImpl: Calling a method in the system process without a qualified user: android.app.ContextImpl.startService:1357 android.content.ContextWrapper.startService:613 com.oculus.authapi.OVRAuth.startAuthService:740 com.oculus.authapi.OVRAuth.status:281 com.oculus.unifiedtelemetry.credentialsmanager.UnifiedTelemetryCredentialsManager.refreshCredentials:54
07-09 18:26:45.652 1050 1115 D BluetoothManagerService: Message: 30
07-09 18:26:45.975 1050 1227 D NetworkNotificationManager: clearNotification id=100
07-09 18:26:45.976 1050 1227 D ConnectivityService: NetworkAgentInfo [WIFI () - 100] validation passed
07-09 18:26:46.258 1050 1635 W ActivityManager: Slow operation: 57ms so far, now at startProcess: returned from zygote!
07-09 18:26:46.258 1050 1635 W ActivityManager: Slow operation: 57ms so far, now at startProcess: done updating battery stats
07-09 18:26:46.259 1050 1635 W ActivityManager: Slow operation: 57ms so far, now at startProcess: building log message
07-09 18:26:46.259 1050 1635 I ActivityManager: Start proc 2801:com.google.android.apps.youtube.vr.oculus/u0a63 for broadcast com.google.android.apps.youtube.vr.oculus/androidx.work.impl.background.systemalarm.RescheduleReceiver
07-09 18:26:46.259 1050 1635 W ActivityManager: Slow operation: 57ms so far, now at startProcess: starting to update pids map
07-09 18:26:46.259 1050 1635 W ActivityManager: Slow operation: 57ms so far, now at startProcess: done updating pids map
07-09 18:26:46.259 1050 1635 W ActivityManager: Slow operation: 64ms so far, now at startProcess: done starting proc!
07-09 18:26:46.655 1050 1521 I ActivityManager: Start proc 2831:com.oculus.vrshell.home:explore/u0a47 for service com.oculus.vrshell.home/.ExploreService
07-09 18:26:46.734 1544 2791 W ContextImpl: Calling a method in the system process without a qualified user: android.app.ContextImpl.sendBroadcast:877 android.content.ContextWrapper.sendBroadcast:421 com.facebook.analytics2.logger.UploadServiceBus.signalJobRan:60 com.facebook.analytics2.logger.UploadJobHandler.exitStateMachine:267 com.facebook.analytics2.logger.UploadJobHandler.handleMessage:97
07-09 18:26:46.769 2801 2847 E ActivityThread: Failed to find provider info for com.google.android.gsf.gservices
07-09 18:26:46.771 2801 2847 E ActivityThread: Failed to find provider info for com.google.android.gsf.gservices
07-09 18:26:46.774 2801 2847 E ActivityThread: Failed to find provider info for com.google.android.gsf.gservices
07-09 18:26:47.540 1050 1654 D ConnectivityService: Returning blocked NetworkInfo to uid=10063
07-09 18:26:47.951 1544 2793 W ContextImpl: Calling a method in the system process without a qualified user: android.app.ContextImpl.sendBroadcast:877 android.content.ContextWrapper.sendBroadcast:421 com.facebook.analytics2.logger.UploadServiceBus.signalJobRan:60 com.facebook.analytics2.logger.UploadJobHandler.exitStateMachine:267 com.facebook.analytics2.logger.UploadJobHandler.handleMessage:97
07-09 18:26:49.166 1050 2736 I ActivityManager: Start proc 3050:com.qualcomm.timeservice/1000 for broadcast com.qualcomm.timeservice/.TimeServiceBroadcastReceiver
07-09 18:26:49.541 1544 3048 W ContextImpl: Calling a method in the system process without a qualified user: android.app.ContextImpl.sendBroadcast:877 android.content.ContextWrapper.sendBroadcast:421 com.facebook.analytics2.logger.UploadServiceBus.signalJobRan:60 com.facebook.analytics2.logger.UploadJobHandler.exitStateMachine:267 com.facebook.analytics2.logger.UploadJobHandler.handleMessage:97
07-09 18:26:50.086 1050 1092 I ActivityManager: Waited long enough for: ServiceRecord{e80748d u0 com.oculus.alpenglow/com.facebook.rti.push.service.FbnsService}
07-09 18:26:50.095 1544 3087 W ContextImpl: Calling a method in the system process without a qualified user: android.app.ContextImpl.sendBroadcast:877 android.content.ContextWrapper.sendBroadcast:421 com.facebook.analytics2.logger.UploadServiceBus.signalJobRan:60 com.facebook.analytics2.logger.UploadJobHandler.exitStateMachine:267 com.facebook.analytics2.logger.UploadJobHandler.handleMessage:97
07-09 18:26:50.944 1050 1092 I ActivityManager: Waited long enough for: ServiceRecord{75fef41 u0 com.oculus.headsetsfx/.HeadsetSfxService}
07-09 18:26:51.006 1050 1092 I ActivityManager: Waited long enough for: ServiceRecord{4fb3e7d u0 com.oculus.micservice/.MicService}
07-09 18:26:54.099 1050 1092 I ActivityManager: Waited long enough for: ServiceRecord{9cb5e52 u0 com.android.providers.media/.MediaScannerService}
07-09 18:26:55.888 1050 1092 I ActivityManager: Waited long enough for: ServiceRecord{e90553c u0 com.android.calendar/.alerts.InitAlarmsService}
07-09 18:27:04.950 1544 3185 W ContextImpl: Calling a method in the system process without a qualified user: android.app.ContextImpl.sendBroadcast:877 android.content.ContextWrapper.sendBroadcast:421 com.facebook.analytics2.logger.UploadServiceBus.signalJobRan:60 com.facebook.analytics2.logger.UploadJobHandler.exitStateMachine:267 com.facebook.analytics2.logger.UploadJobHandler.handleMessage:97
07-09 18:27:05.052 1544 3186 W ContextImpl: Calling a method in the system process without a qualified user: android.app.ContextImpl.sendBroadcast:877 android.content.ContextWrapper.sendBroadcast:421 com.facebook.analytics2.logger.UploadServiceBus.signalJobRan:60 com.facebook.analytics2.logger.UploadJobHandler.exitStateMachine:267 com.facebook.analytics2.logger.UploadJobHandler.handleMessage:97
07-09 18:27:05.225 1544 3189 W ContextImpl: Calling a method in the system process without a qualified user: android.app.ContextImpl.sendBroadcast:877 android.content.ContextWrapper.sendBroadcast:421 com.facebook.analytics2.logger.UploadServiceBus.signalJobRan:60 com.facebook.analytics2.logger.UploadJobHandler.exitStateMachine:267 com.facebook.analytics2.logger.UploadJobHandler.handleMessage:97
07-09 18:27:06.544 1050 1458 I PowerManagerService: Going to sleep by application request (uid 1000)...
07-09 18:27:06.546 1050 1118 I PowerManagerService: Sleeping (uid 1000)...
07-09 18:27:06.631 1050 1116 I DisplayManagerService: Display device changed state: "Built-in Screen", OFF
07-09 18:27:06.936 1050 1075 I DisplayManagerService: Display device removed: DisplayDeviceInfo{"com.oculus.android_panel_app.AndroidPanelLayer-#main": uniqueId="virtual:com.oculus.systemux,10061,com.oculus.android_panel_app.AndroidPanelLayer-#main,0", 774 x 124, modeId 2, defaultModeId 2, supportedModes [{id=2, width=774, height=124, fps=60.0}], colorMode 0, supportedColorModes [0], HdrCapabilities null, density 160, 160.0 x 160.0 dpi, appVsyncOff 0, presDeadline 16666666, touch NONE, rotation 0, type VIRTUAL, state ON, owner com.oculus.systemux (uid 10061), FLAG_PRIVATE, FLAG_NEVER_BLANK, FLAG_OWN_CONTENT_ONLY}
07-09 18:27:06.970 1050 2739 I DisplayManagerService: Display device removed: DisplayDeviceInfo{"com.oculus.android_panel_app.AndroidPanelLayer-tabletNav": uniqueId="virtual:com.oculus.systemux,10061,com.oculus.android_panel_app.AndroidPanelLayer-tabletNav,0", 216 x 340, modeId 4, defaultModeId 4, supportedModes [{id=4, width=216, height=340, fps=60.0}], colorMode 0, supportedColorModes [0], HdrCapabilities null, density 160, 160.0 x 160.0 dpi, appVsyncOff 0, presDeadline 16666666, touch NONE, rotation 0, type VIRTUAL, state ON, owner com.oculus.systemux (uid 10061), FLAG_PRIVATE, FLAG_NEVER_BLANK, FLAG_OWN_CONTENT_ONLY}
07-09 18:27:07.013 1050 1075 I DisplayManagerService: Display device removed: DisplayDeviceInfo{"com.oculus.android_panel_app.AndroidPanelLayer-tabletContent": uniqueId="virtual:com.oculus.systemux,10061,com.oculus.android_panel_app.AndroidPanelLayer-tabletContent,0", 552 x 340, modeId 5, defaultModeId 5, supportedModes [{id=5, width=552, height=340, fps=60.0}], colorMode 0, supportedColorModes [0], HdrCapabilities null, density 160, 160.0 x 160.0 dpi, appVsyncOff 0, presDeadline 16666666, touch NONE, rotation 0, type VIRTUAL, state ON, owner com.oculus.systemux (uid 10061), FLAG_PRIVATE, FLAG_NEVER_BLANK, FLAG_OWN_CONTENT_ONLY}
07-09 18:27:07.072 1050 2738 I DisplayManagerService: Display device removed: DisplayDeviceInfo{"com.oculus.android_panel_app.AndroidPanelLayer-tablet": uniqueId="virtual:com.oculus.systemux,10061,com.oculus.android_panel_app.AndroidPanelLayer-tablet,0", 768 x 340, modeId 3, defaultModeId 3, supportedModes [{id=3, width=768, height=340, fps=60.0}], colorMode 0, supportedColorModes [0], HdrCapabilities null, density 160, 160.0 x 160.0 dpi, appVsyncOff 0, presDeadline 16666666, touch NONE, rotation 0, type VIRTUAL, state ON, owner com.oculus.systemux (uid 10061), FLAG_PRIVATE, FLAG_NEVER_BLANK, FLAG_OWN_CONTENT_ONLY}
07-09 18:27:07.830 1544 3195 W ContextImpl: Calling a method in the system process without a qualified user: android.app.ContextImpl.sendBroadcast:877 android.content.ContextWrapper.sendBroadcast:421 com.facebook.analytics2.logger.UploadServiceBus.signalJobRan:60 com.facebook.analytics2.logger.UploadJobHandler.exitStateMachine:267 com.facebook.analytics2.logger.UploadJobHandler.handleMessage:97
07-09 18:27:10.907 1050 1521 I ActivityManager: Killing 1885:com.android.keychain/1000 (adj 906): empty #17
07-09 18:27:10.921 1050 1289 D ActivityManager: cleanUpApplicationRecord -- 1885
07-09 18:27:12.970 1544 3253 W ContextImpl: Calling a method in the system process without a qualified user: android.app.ContextImpl.sendBroadcast:877 android.content.ContextWrapper.sendBroadcast:421 com.facebook.analytics2.logger.UploadServiceBus.signalJobRan:60 com.facebook.analytics2.logger.UploadJobHandler.exitStateMachine:267 com.facebook.analytics2.logger.UploadJobHandler.handleMessage:97
07-09 18:27:14.600 1050 1126 I ActivityManager: Start proc 3281:com.android.defcontainer/u0a3 for service com.android.defcontainer/.DefaultContainerService
07-09 18:27:14.697 1050 1092 I ActivityManager: Start proc 3295:com.oculus.appsafety/u0a65 for broadcast com.oculus.appsafety/.PackageVerificationReceiver
07-09 18:27:14.827 3295 3309 W PackageParser: Unknown element under : supports-gl-texture at /data/app/vmdl350994607.tmp/base.apk Binary XML file line #23
07-09 18:27:14.920 1050 1126 W PackageParser: Unknown element under : supports-gl-texture at /data/app/vmdl350994607.tmp/base.apk Binary XML file line #23
07-09 18:27:17.043 1050 1126 W PackageManager: Unknown permission com.android.vending.CHECK_LICENSE in package com.YourCompany.DBM_Unreal_10vc
07-09 18:27:17.142 1050 1126 V BackupManagerService: restoreAtInstall pkg=com.YourCompany.DBM_Unreal_10vc token=1 restoreSet=0
07-09 18:27:17.142 1050 1126 V BackupManagerService: Finishing install immediately
07-09 18:27:17.150 1050 1524 I ActivityManager: Killing 1916:com.oculus.vraudiodatadumpmanager/1000 (adj 906): empty #17
07-09 18:27:17.159 1050 2739 D ActivityManager: cleanUpApplicationRecord -- 1916
07-09 18:27:17.240 1050 1092 I ActivityManager: Start proc 3333:com.android.gallery3d/u0a34 for broadcast com.android.gallery3d/.app.PackagesMonitor
07-09 18:27:17.260 1050 1091 W VoiceInteractionManagerService: no available voice recognition services found for user 0
07-09 18:27:17.415 1050 1635 I ActivityManager: Start proc 3352:com.oculus.home/u0a41 for broadcast com.oculus.home/com.oculus.common.packagescache.PackagesCacheReceiver
07-09 18:27:17.425 1050 1654 I ActivityManager: Killing 1464:com.android.settings/1000 (adj 906): empty #17
07-09 18:27:17.445 1050 1458 D ActivityManager: cleanUpApplicationRecord -- 1464
07-09 18:27:17.885 1050 1700 I ActivityManager: Killing 2297:com.oculus.wifiindoze/1000 (adj 906): empty #17
07-09 18:27:17.903 1050 1524 I ActivityManager: Start proc 3370:com.oculus.messenger/u0a36 for broadcast com.oculus.messenger/com.oculus.common.packagescache.PackagesCacheReceiver
07-09 18:27:17.906 1050 2739 D ActivityManager: cleanUpApplicationRecord -- 2297
07-09 18:27:18.195 1050 2738 I ActivityManager: Killing 2460:com.oculus.linefrequencyservice/1000 (adj 906): empty #17
07-09 18:27:18.220 1050 1593 I ActivityManager: Start proc 3393:com.svox.pico/u0a38 for broadcast com.svox.pico/.VoiceDataInstallerReceiver
07-09 18:27:18.225 1050 1075 D ActivityManager: cleanUpApplicationRecord -- 2460
07-09 18:27:18.271 1050 2736 I ActivityManager: Killing 2419:com.oculus.preloader/1000 (adj 906): empty #17
07-09 18:27:18.282 1050 1593 D ActivityManager: cleanUpApplicationRecord -- 2419
07-09 18:27:18.786 1050 2739 I PowerManagerService: Waking up from sleep (uid 1000)...
07-09 18:27:18.788 1050 1118 I DisplayPowerController: Blocking screen on until initial contents have been drawn.
07-09 18:27:18.829 1050 1116 I DisplayManagerService: Display device changed state: "Built-in Screen", ON
07-09 18:27:19.152 1050 1118 I DisplayPowerController: Unblocked screen on after 365 ms
07-09 18:27:19.691 1050 1700 I DisplayManagerService: Display device added: DisplayDeviceInfo{"com.oculus.android_panel_app.AndroidPanelLayer-#main": uniqueId="virtual:com.oculus.systemux,10061,com.oculus.android_panel_app.AndroidPanelLayer-#main,0", 774 x 124, modeId 6, defaultModeId 6, supportedModes [{id=6, width=774, height=124, fps=60.0}], colorMode 0, supportedColorModes [0], HdrCapabilities null, density 160, 160.0 x 160.0 dpi, appVsyncOff 0, presDeadline 16666666, touch NONE, rotation 0, type VIRTUAL, state OFF, owner com.oculus.systemux (uid 10061), FLAG_PRIVATE, FLAG_NEVER_BLANK, FLAG_OWN_CONTENT_ONLY}
07-09 18:27:19.731 1050 1565 I DisplayManagerService: Display device added: DisplayDeviceInfo{"com.oculus.android_panel_app.AndroidPanelLayer-tablet": uniqueId="virtual:com.oculus.systemux,10061,com.oculus.android_panel_app.AndroidPanelLayer-tablet,0", 768 x 340, modeId 7, defaultModeId 7, supportedModes [{id=7, width=768, height=340, fps=60.0}], colorMode 0, supportedColorModes [0], HdrCapabilities null, density 160, 160.0 x 160.0 dpi, appVsyncOff 0, presDeadline 16666666, touch NONE, rotation 0, type VIRTUAL, state OFF, owner com.oculus.systemux (uid 10061), FLAG_PRIVATE, FLAG_NEVER_BLANK, FLAG_OWN_CONTENT_ONLY}
07-09 18:27:19.742 1050 1458 W AppOps : Noting op not finished: uid 10041 pkg com.oculus.horizon code 27 time=1594308404805 duration=-1
07-09 18:27:19.745 1050 1458 I DisplayManagerService: Display device added: DisplayDeviceInfo{"com.oculus.android_panel_app.AndroidPanelLayer-tabletNav": uniqueId="virtual:com.oculus.systemux,10061,com.oculus.android_panel_app.AndroidPanelLayer-tabletNav,0", 216 x 340, modeId 8, defaultModeId 8, supportedModes [{id=8, width=216, height=340, fps=60.0}], colorMode 0, supportedColorModes [0], HdrCapabilities null, density 160, 160.0 x 160.0 dpi, appVsyncOff 0, presDeadline 16666666, touch NONE, rotation 0, type VIRTUAL, state OFF, owner com.oculus.systemux (uid 10061), FLAG_PRIVATE, FLAG_NEVER_BLANK, FLAG_OWN_CONTENT_ONLY}
