07-09 18:27:30.481 551 3492 D ACDB-LOADER: ACDB -> AUDIO_SET_VOL_CAL cal type = 12
07-09 18:27:30.481 551 3492 D ACDB-LOADER: ACDB -> send_audstrmtable
07-09 18:27:30.481 551 3492 D ACDB-LOADER: ACDB -> ACDB_CMD_GET_AUDPROC_STREAM_TABLE_V2
07-09 18:27:30.481 551 3492 D ACDB-LOADER: ACDB -> audstrm_cal->cal_type.cal_data.cal_size = 16
07-09 18:27:30.481 551 3492 D ACDB-LOADER: ACDB -> send_afe_topology
07-09 18:27:30.481 551 3492 D ACDB-LOADER: ACDB -> ACDB_CMD_GET_AFE_TOPOLOGY_ID
07-09 18:27:30.481 551 3492 D ACDB-LOADER: ACDB -> GET_AFE_TOPOLOGY_ID for adcd_id 106, Topology Id 112fb
07-09 18:27:30.481 551 3492 D ACDB-LOADER: ACDB -> send_afe_cal
07-09 18:27:30.481 551 3492 D ACDB-LOADER: ACDB -> ACDB_CMD_GET_AFE_COMMON_TABLE
07-09 18:27:30.481 551 3492 D : Failed to fetch the lookup information of the device 0000006A
07-09 18:27:30.481 551 3492 E ACDB-LOADER: Error: ACDB AFE returned = -19
07-09 18:27:30.481 551 3492 D ACDB-LOADER: ACDB -> AUDIO_SET_AFE_CAL
07-09 18:27:30.481 551 3492 D ACDB-LOADER: ACDB -> send_hw_delay : acdb_id = 106 path = 1
07-09 18:27:30.481 551 3492 D ACDB-LOADER: ACDB -> ACDB_AVSYNC_INFO: ACDB_CMD_GET_DEVICE_PROPERTY
07-09 18:27:30.481 551 3492 D audio_hw_primary: enable_audio_route: apply mixer and update path: audio-record
07-09 18:27:30.483 551 3492 D audio_hw_primary: select_devices: done
07-09 18:27:30.485 3675 3693 D UnifiedTelemetryLogger: Already initialized.
07-09 18:27:30.487 3675 3675 I BaseService: onCreate service type EXPLORE
07-09 18:27:30.487 3675 3675 D SoLoader: init exiting
07-09 18:27:30.487 3675 3675 D CrashReporting: Breakpad for Native crashes enabled
07-09 18:27:30.487 3675 3675 D SoLoader: About to load: libbreakpad.so
07-09 18:27:30.487 3675 3675 D SoLoader: libbreakpad.so found on /data/data/com.oculus.vrshell.home/lib-main
07-09 18:27:30.488 3675 3675 D SoLoader: Loading lib dependencies: [libmemalign16_cpp.so, liblog.so, libsigmux.so, libmemalign16.so, libc++_shared.so, libm.so, libdl.so, libc.so]
07-09 18:27:30.488 3675 3675 D SoLoader: About to load: libsigmux.so
07-09 18:27:30.488 3675 3675 D SoLoader: libsigmux.so found on /data/data/com.oculus.vrshell.home/lib-main
07-09 18:27:30.488 3675 3675 D SoLoader: Loading lib dependencies: [libc.so]
07-09 18:27:30.489 3675 3675 D SoLoader: Loaded: libsigmux.so
07-09 18:27:30.490 3675 3675 D SoLoader: Loaded: libbreakpad.so
07-09 18:27:30.490 3675 3675 D CrashReporting: ACRA/OculusCrashReporter for Java crashes enabled
07-09 18:27:30.492 3675 3675 D CrashReporting: ACRA/Initializing with endpoint https://www.facebook.com/mobile/generic_android_crash_logs/285486028533521
07-09 18:27:30.506 551 3492 E audio_hw_extn: audio_extn_perf_lock_release: Perf lock release error
07-09 18:27:30.506 551 3492 D audio_hw_primary: start_input_stream: exit
07-09 18:27:30.516 3675 3675 D ExceptionHandlerManager: ExceptionHandlerManager not explicitly initialized, using default mode
07-09 18:27:30.516 3675 3675 D ExceptionHandlerManager: initializing exception handler manager, prioritized=true
07-09 18:27:30.517 1991 1991 D [SUI] LibraryViewModel: Setting platform options.
07-09 18:27:30.517 1991 1991 D [SUI] LibraryViewModel: Setting sorter options.
07-09 18:27:30.518 1991 1991 D [SUI] LibraryViewModel: Setting current platform to be: Quest.
07-09 18:27:30.518 1991 1991 W Settings: Setting adb_enabled has moved from android.provider.Settings.Secure to android.provider.Settings.Global.
07-09 18:27:30.518 1991 1991 D [SUI] LibraryViewModel: Setting filter options.
07-09 18:27:30.518 1991 1991 D [SUI] LibraryViewModel: Setting current filter to be: All.
07-09 18:27:30.518 1991 1991 D [SUI] LibraryViewModel: Setting current sorter to be: Recent.
07-09 18:27:30.518 1991 1991 D [SUI] LibraryViewModel: Setting current filter to be: Unknown Sources.
07-09 18:27:30.521 3675 3697 D APIInterceptor: intercept original headers:
07-09 18:27:30.521 3675 3697 D APIInterceptor: Host: graph.oculus.com
07-09 18:27:30.521 3675 3697 D APIInterceptor: Connection: Keep-Alive
07-09 18:27:30.521 3675 3697 D APIInterceptor: Accept-Encoding: gzip
07-09 18:27:30.521 3675 3697 D APIInterceptor: User-Agent: okhttp/3.6.0
07-09 18:27:30.522 3675 3696 D APIInterceptor: intercept original headers:
07-09 18:27:30.522 3675 3696 D APIInterceptor: Host: graph.oculus.com
07-09 18:27:30.522 3675 3696 D APIInterceptor: Connection: Keep-Alive
07-09 18:27:30.522 3675 3696 D APIInterceptor: Accept-Encoding: gzip
07-09 18:27:30.522 3675 3696 D APIInterceptor: User-Agent: okhttp/3.6.0
07-09 18:27:30.524 3675 3675 E ACRA : Skipping ANR Detector for process: com.oculus.vrshell.home:explore
07-09 18:27:30.524 3675 3698 D APIInterceptor: intercept original headers:
07-09 18:27:30.524 3675 3698 D APIInterceptor: Host: graph.oculus.com
07-09 18:27:30.524 3675 3698 D APIInterceptor: Connection: Keep-Alive
07-09 18:27:30.524 3675 3698 D APIInterceptor: Accept-Encoding: gzip
07-09 18:27:30.524 3675 3698 D APIInterceptor: User-Agent: okhttp/3.6.0
07-09 18:27:30.525 3675 3675 D CrashReporting: JavascriptCrashReporter is enabled
07-09 18:27:30.525 3675 3675 I BaseService: Core app versions: {"com.oculus.browser":227904225,"com.oculus.govrnux":0,"com.oculus.home":224448497,"com.oculus.horizon":224448481,"com.oculus.mediaplayer":53624647,"com.oculus.systemactivities":224382821,"com.oculus.systemdriver":224383112,"com.oculus.systemutilities":224382743,"com.oculus.vrshell":224383062,"com.oculus.vrshell.home":224382706}
07-09 18:27:30.526 3675 3697 D APIInterceptor: intercept modified headers:
07-09 18:27:30.526 3675 3697 D APIInterceptor: Host: graph.oculus.com
07-09 18:27:30.526 3675 3697 D APIInterceptor: Connection: Keep-Alive
07-09 18:27:30.526 3675 3697 D APIInterceptor: Accept-Encoding: gzip
07-09 18:27:30.526 3675 3697 D APIInterceptor: X-Build-Model: Oculus Quest
07-09 18:27:30.526 3675 3697 D APIInterceptor: X-Build-Number: 224382706
07-09 18:27:30.526 3675 3697 D APIInterceptor: X-ANDROID-ID: 4466d7c9cd8ef375
07-09 18:27:30.526 3675 3697 D APIInterceptor: X-OC-Selected-Headset-Serial: 1PASH9BPY79293
07-09 18:27:30.526 3675 3697 D APIInterceptor: X-OC-VrShell-Build-Name: 18.0.0.403.517
07-09 18:27:30.526 3675 3697 D APIInterceptor: User-Agent: Dalvik/2.1.0 (Linux; U; Android 7.1.1; Quest Build/NGI77B) [FBAN/OculusHomeShell;FBAV/18.0.0.403.517;FBDV/Quest;FBCR/null;FBLC/en_GB;FBSV/7.1.1;FBBR/monterey;FBBD/oculus;FBBV/224382706;FBCA/armeabi-v7a:armeabi;FBMF/Oculus;FBPN/com.oculus.vrshell.home;]
07-09 18:27:30.526 3675 3697 D APIInterceptor: X-Build-Version-Incremental: 7386600268600000
07-09 18:27:30.526 3675 3697 D APIInterceptor: Accept-Language: en_GB
07-09 18:27:30.530 3675 3696 D APIInterceptor: intercept modified headers:
07-09 18:27:30.530 3675 3696 D APIInterceptor: Host: graph.oculus.com
07-09 18:27:30.530 3675 3696 D APIInterceptor: Connection: Keep-Alive
07-09 18:27:30.530 3675 3696 D APIInterceptor: Accept-Encoding: gzip
07-09 18:27:30.530 3675 3696 D APIInterceptor: X-Build-Model: Oculus Quest
07-09 18:27:30.530 3675 3696 D APIInterceptor: X-Build-Number: 224382706
07-09 18:27:30.530 3675 3696 D APIInterceptor: X-ANDROID-ID: 4466d7c9cd8ef375
07-09 18:27:30.530 3675 3696 D APIInterceptor: X-OC-Selected-Headset-Serial: 1PASH9BPY79293
07-09 18:27:30.530 3675 3696 D APIInterceptor: X-OC-VrShell-Build-Name: 18.0.0.403.517
07-09 18:27:30.530 3675 3696 D APIInterceptor: User-Agent: Dalvik/2.1.0 (Linux; U; Android 7.1.1; Quest Build/NGI77B) [FBAN/OculusHomeShell;FBAV/18.0.0.403.517;FBDV/Quest;FBCR/null;FBLC/en_GB;FBSV/7.1.1;FBBR/monterey;FBBD/oculus;FBBV/224382706;FBCA/armeabi-v7a:armeabi;FBMF/Oculus;FBPN/com.oculus.vrshell.home;]
07-09 18:27:30.530 3675 3696 D APIInterceptor: X-Build-Version-Incremental: 7386600268600000
07-09 18:27:30.530 3675 3696 D APIInterceptor: Accept-Language: en_GB
07-09 18:27:30.551 3675 3698 D APIInterceptor: intercept modified headers:
07-09 18:27:30.551 3675 3698 D APIInterceptor: Host: graph.oculus.com
07-09 18:27:30.551 3675 3698 D APIInterceptor: Connection: Keep-Alive
07-09 18:27:30.551 3675 3698 D APIInterceptor: Accept-Encoding: gzip
07-09 18:27:30.551 3675 3698 D APIInterceptor: X-Build-Model: Oculus Quest
07-09 18:27:30.551 3675 3698 D APIInterceptor: X-Build-Number: 224382706
07-09 18:27:30.551 3675 3698 D APIInterceptor: X-ANDROID-ID: 4466d7c9cd8ef375
07-09 18:27:30.551 3675 3698 D APIInterceptor: X-OC-Selected-Headset-Serial: 1PASH9BPY79293
07-09 18:27:30.551 3675 3698 D APIInterceptor: X-OC-VrShell-Build-Name: 18.0.0.403.517
07-09 18:27:30.551 3675 3698 D APIInterceptor: User-Agent: Dalvik/2.1.0 (Linux; U; Android 7.1.1; Quest Build/NGI77B) [FBAN/OculusHomeShell;FBAV/18.0.0.403.517;FBDV/Quest;FBCR/null;FBLC/en_GB;FBSV/7.1.1;FBBR/monterey;FBBD/oculus;FBBV/224382706;FBCA/armeabi-v7a:armeabi;FBMF/Oculus;FBPN/com.oculus.vrshell.home;]
07-09 18:27:30.551 3675 3698 D APIInterceptor: X-Build-Version-Incremental: 7386600268600000
07-09 18:27:30.551 3675 3698 D APIInterceptor: Accept-Language: en_GB
07-09 18:27:30.586 3675 3675 I PanelService: onBind()
07-09 18:27:30.590 1898 1898 D [OAR] PanelServiceConnection: onSeviceConnected - component name (ComponentInfo{com.oculus.vrshell.home/com.oculus.vrshell.home.ExploreService}), panel app id (5)
07-09 18:27:30.590 1898 1898 D [OAR] ShellApplication: notify OS to set com.oculus.vrshell.home/com.oculus.vrshell.home.ExploreService to FOREGROUND
07-09 18:27:30.593 1898 1898 I [OAR] PanelServiceConnection: verifyFirstPartyUID(Debug Signatures=false, uid=10047) => apkSignatureResult=SigCertInfo(isTrusted=true, packageNames=[com.oculus.vrshell.home], signature=3082038d30820275a00302010202041303858a300d06092a864886f70d01010b05003077310b3009060355040613025553310b3009060355040813024341311330110603550407130a4d656e6c6f205061726b31173015060355040a130e4f63756c75732056522c204c4c4331173015060355040b130e4f63756c75732056522c204c4c43311430120603550403130b4f63756c75732041707073301e170d3134313033303231343032315a170d3432303331373231343032315a3077310b3009060355040613025553310b3009060355040813024341311330110603550407130a4d656e6c6f205061726b31173015060355040a130e4f63756c75732056522c204c4c4331173015060355040b130e4f63756c75732056522c204c4c43311430120603550403130b4f63756c7573204170707330820122300d06092a864886f70d01010105000382010f003082010a0282010100a34c7fbd96dea95d811f21a0d760cabca85f2df5dbe19b62aca7a3e3e0b6e48f7e173345f2753c458d639cc2e222eeee4cfb5e89ac1c5060044414056709a43a7f1a6f1e4f2c3d708c48912634be08ad6da1fff92d9c0d4b85e4bc8a8b1c27de84c04eb1e6577c10693500af46beaf7bd2ce72a06a46f4e565859f242cecbef1a431ae8096db712cebe73840bacc64de6b99077ba1ca8c20e5d0b4870bd161f087abbf568dfef58e604068ca6f7cdea183c8681c306bc30cb223e7c5ce3a2fcf00d13e158475b3700ef62dcca46c57baecca4d91052e20b861a1a085d5fc8e99aed8c4a9cfd550d01e54ef5062133befcf7f9ea6a5a1d1575a72cd82279f34030203010001a321301f301d0603551d0e04160414ec7ccdaf8ccdc6dd1b87d4b561582ad8ec397b80300d06092a864886f70d01010b0500038201010014c557ecddc17ba8b979618036e7093b8e7307f624644532c31239f4dc83fd9424267ca7670fa9f78689cbc5bfd8a6312fdc214bd159d614a8753ceec0f2b2d9166217895b13c992e1d10ca625a3153dacfa51dbdb7fde139bd59510f5add29f88be3826b445ce7386dcf06577be72fbdf118fa81179091fad275981409e02d40422d8e86df5827a2c496a4b905b4825c3f1ba0af4cf509bf9b0d4d608cf0b4320ac60d1a8cbcc384de24f11a4c93c0fc5b887cbd6855871af1b1ef729c51a8a123efc6a627b6494e81a264587443b9156ad17772863c2f9685fae9c72a552b333f8ef2822bce5d4d178e45b3a8dd4e321924f6a5ba43f732971a9e74cbf0433), time=1 ms
07-09 18:27:30.599 3675 3690 I PanelService: verifyVrShellUID(Debug Signatures=false, uid=10024) => apkSignatureResult=SigCertInfo(isTrusted=true, packageNames=[com.oculus.vrshell], signature=3082038d30820275a00302010202041303858a300d06092a864886f70d01010b05003077310b3009060355040613025553310b3009060355040813024341311330110603550407130a4d656e6c6f205061726b31173015060355040a130e4f63756c75732056522c204c4c4331173015060355040b130e4f63756c75732056522c204c4c43311430120603550403130b4f63756c75732041707073301e170d3134313033303231343032315a170d3432303331373231343032315a3077310b3009060355040613025553310b3009060355040813024341311330110603550407130a4d656e6c6f205061726b31173015060355040a130e4f63756c75732056522c204c4c4331173015060355040b130e4f63756c75732056522c204c4c43311430120603550403130b4f63756c7573204170707330820122300d06092a864886f70d01010105000382010f003082010a0282010100a34c7fbd96dea95d811f21a0d760cabca85f2df5dbe19b62aca7a3e3e0b6e48f7e173345f2753c458d639cc2e222eeee4cfb5e89ac1c5060044414056709a43a7f1a6f1e4f2c3d708c48912634be08ad6da1fff92d9c0d4b85e4bc8a8b1c27de84c04eb1e6577c10693500af46beaf7bd2ce72a06a46f4e565859f242cecbef1a431ae8096db712cebe73840bacc64de6b99077ba1ca8c20e5d0b4870bd161f087abbf568dfef58e604068ca6f7cdea183c8681c306bc30cb223e7c5ce3a2fcf00d13e158475b3700ef62dcca46c57baecca4d91052e20b861a1a085d5fc8e99aed8c4a9cfd550d01e54ef5062133befcf7f9ea6a5a1d1575a72cd82279f34030203010001a321301f301d0603551d0e04160414ec7ccdaf8ccdc6dd1b87d4b561582ad8ec397b80300d06092a864886f70d01010b0500038201010014c557ecddc17ba8b979618036e7093b8e7307f624644532c31239f4dc83fd9424267ca7670fa9f78689cbc5bfd8a6312fdc214bd159d614a8753ceec0f2b2d9166217895b13c992e1d10ca625a3153dacfa51dbdb7fde139bd59510f5add29f88be3826b445ce7386dcf06577be72fbdf118fa81179091fad275981409e02d40422d8e86df5827a2c496a4b905b4825c3f1ba0af4cf509bf9b0d4d608cf0b4320ac60d1a8cbcc384de24f11a4c93c0fc5b887cbd6855871af1b1ef729c51a8a123efc6a627b6494e81a264587443b9156ad17772863c2f9685fae9c72a552b333f8ef2822bce5d4d178e45b3a8dd4e321924f6a5ba43f732971a9e74cbf0433), time=4 ms
07-09 18:27:30.603 3675 3675 I PanelService: Creating panel app with environment {_oc_userid="105336190730996", _oc_shell_panel_bundle_configuration="{"NONE":null}", _oc_gk:oculus_mobile_sysux_unified_dialogs_v9="true", _oc_shell_pixel_density="13", _oc_shell_panel_app_index="1", _oc_gk:oculus_vrshell_launch_checks="true", _oc_shell_permissions="permissionsGranted camera write_storage microphone", uri="/prime", _oc_device_type="259", _oc_shell_version_code="224383062", _oc_shell_version_name="18.0.0.403.517", _oc_shell_panel_id="5", _oc_device_region="0", _oc_launch_timestamp="74849", _oc_auiv2="true", _oc_shell_automation_enabled="false", _oc_headset_type="256", _oc_gk:oculus_mobile_home_js_bundle="true", _oc_shell_render_scale="1.000000", _oc_shell_feature_sets="multi-layer-v1,mirror-avatar-v1,system-ux-routes-v1,deeplink-nav-v1,clock-levels-v1,layerTranslate-v1,layerScaleDensity-v1,layerScaleDensity-v2,multiapp-alpha-v1,multiapp-v1,multiapp-v2,recoverInstances-v1,webtasks-in-exclusive-mode", _oc_enterprise_mode="false", _oc_analytics_session_id="b1cf9f28-bf9c-46e6-bca5-fc8f88786103", _oc_shell_view_id_debugging_enabled="false", _oc_gk:oculus_mobile_sysux_lightweight_releases="true", _oc_shell_host="vrshell", _oc_gearvr_developer_mode="true"}
07-09 18:27:30.603 3675 3717 I panelapp: timestamp Panel_Create numWindows 14
07-09 18:27:30.606 3675 3717 W System : ClassLoader referenced unknown path: /system/app/Horizon/lib/arm
07-09 18:27:30.607 3675 3717 D ApplicationLoaders: ignored Vulkan layer search path /system/app/Horizon/lib/arm:/system/fake-libs:/system/app/Horizon/Horizon.apk!/lib/armeabi-v7a:/system/lib:/vendor/lib for namespace 0xeb082090
07-09 18:27:30.619 3675 3698 I GraphQLPrefetch: Completed request for 2886345294781084 in 178ms
07-09 18:27:30.621 3675 3717 I OVRPlatform: [LoaderUtils] PlatformSDK check API compatibility (requested api = 1.1.44.0, implementation = 1.1.50.0)
07-09 18:27:30.623 3675 3717 I OVRPlatform: [Context] ConfigOption DisableFbns => 1
07-09 18:27:30.623 3675 3717 I OVRPlatform: [Context] ConfigOption DisableP2pNetworking => 0
07-09 18:27:30.623 3675 3717 I OVRPlatform: [RequestStopwatch] ovr_PlatformInitializeAndroidAsynchronous took 0.4000 milliseconds
07-09 18:27:30.623 3675 3717 I OCPlatformModule: timestamp request accesstoken
07-09 18:27:30.623 3675 3717 I AnalyticsLogger: Got HashMapClass
07-09 18:27:30.624 3675 3717 I AnalyticsLogger: Got OculusLoggerClass
07-09 18:27:30.624 3675 3717 I AnalyticsLogger: Got reportEventMethod
07-09 18:27:30.624 3675 3717 I AnalyticsLogger: Got reportQuickExperimentExposureMethod
07-09 18:27:30.624 3675 3717 I panelapp: PanelSize 1328 528
07-09 18:27:30.627 3675 3697 I GraphQLPrefetch: Completed request for 2730171627063766 in 187ms
07-09 18:27:30.628 3675 3728 D OVRServiceSynchronous: isServiceAvailable matched: 1
07-09 18:27:30.631 3675 3719 D OVR : Registered OVRPlatformBroadcastReceiver
07-09 18:27:30.631 3675 3719 I OVR : Initialized OVRPlatform with returnComponent com.oculus.vrshell.home/com.oculus.vrshell.home.ExploreService
07-09 18:27:30.632 3675 3730 D JVM : JVM::Initialize@[tid=3730]
07-09 18:27:30.632 3675 3730 D JVM : JVM::JVM@[tid=3730]
07-09 18:27:30.641 3675 3675 D OVRServiceSynchronous: Service connected.
07-09 18:27:30.656 2167 2246 I LibraryProvider: running queryAllApps() for com.oculus.systemux
07-09 18:27:30.659 3675 3675 I HomeApplication: onUserId
07-09 18:27:30.668 3675 3717 I RCTVR : language 'en-rGB'
07-09 18:27:30.669 3675 3717 I BundleHelper: Retrieve override bundle from allowed bundles in the BundleConfiguration
07-09 18:27:30.669 3675 3717 I BundleHelper: And if installed locally
07-09 18:27:30.671 3675 3717 I BundleHelper: No debug override bundle found
07-09 18:27:30.671 3675 3717 I BundleHelper: Bundle configuration - No service 'EXPLORE' found. Skipping.
07-09 18:27:30.671 3675 3717 I BundleHelper: No JS Bundles are allowed.
07-09 18:27:30.671 3675 3717 I RCTVR : [TIMESTAMP] : ReactPlayerCommon : 75.4018963660000026
07-09 18:27:30.671 3675 3717 I RCTVR : ReactPlayer: config automation enabled false
07-09 18:27:30.671 3675 3717 I RCTVR : ReactPlayerCommon: Init
07-09 18:27:30.673 3675 3717 I RCTVR : [TIMESTAMP] : ReactPlayer_InitReactNativeContext_Start : 75.4036902720000057
07-09 18:27:30.675 3675 3734 I RCTVR : JavaScript[0xe08ad7a8], Avg 0.0151040000055218115, Max 0.0151040000055218115, MaxInLast 0.0151040000055218115
07-09 18:27:30.675 3675 3734 I RCTVR_HERMES: Hermes Mem: numCollections 0, allocatedBytes 108848, heapSize 9265152, va 8388608
07-09 18:27:30.676 2167 2541 I LibraryProvider: running queryAllApps() for com.oculus.systemux
07-09 18:27:30.678 3675 3738 I AsyncFonts: AsyncFonts::Start
07-09 18:27:30.678 3675 3717 I RCTVR : AsyncLocalStorage '/data/user/0/com.oculus.vrshell.home/files'
07-09 18:27:30.678 3675 3739 I OVR_MemBuffer: Couldn't open assets/audio/sound_def.json: No such file or directory
07-09 18:27:30.678 3675 3717 I RCTQplModule: Timestamp- markerStart 74849
07-09 18:27:30.682 3675 3717 I RCTJavaModule: Registered 46 native Java modules
07-09 18:27:30.682 3675 3717 I PartyCallsManagerModule: Set party create URI: content://com.oculus.horizon.friendlist/party_create and party join URI: content://com.oculus.horizon.friendlist/party_join_with_error_callback
07-09 18:27:30.683 3675 3717 I ReactPlayerCommon: ReactNativeExec: Signal
07-09 18:27:30.683 3675 3717 I RCTVR : Metrics history-based collection is disabled.
07-09 18:27:30.683 3675 3717 I RCTVR : [TIMESTAMP] : ReactPlayer_InitReactNativeContext_End : 75.4142454799999911
07-09 18:27:30.683 3675 3717 I RCTVR : Marker panel_create_start: duration=485.452623ms start=74849 end=75334.4526230000047
07-09 18:27:30.683 3675 3717 I RCTVR : Marker panel_create_end: duration=565.374699ms start=74849 end=75414.3746990000072
07-09 18:27:30.683 3675 3717 I panelapp: Init start
07-09 18:27:30.683 3675 3717 I panelapp: timestamp Init()
07-09 18:27:30.683 3675 3717 I panelapp: ANativeWindow_setBuffersGeometry()
07-09 18:27:30.683 3675 3717 I panelapp: ANativeWindow_setBuffersGeometry()
07-09 18:27:30.683 3675 3717 I panelapp: ANativeWindow_setBuffersGeometry()
07-09 18:27:30.683 3675 3717 I panelapp: ANativeWindow_setBuffersGeometry()
07-09 18:27:30.683 3675 3717 I panelapp: ANativeWindow_setBuffersGeometry()
07-09 18:27:30.683 3675 3717 I panelapp: ANativeWindow_setBuffersGeometry()
07-09 18:27:30.683 3675 3717 I panelapp: ANativeWindow_setBuffersGeometry()
07-09 18:27:30.683 3675 3717 I panelapp: ANativeWindow_setBuffersGeometry()
07-09 18:27:30.683 3675 3717 I panelapp: ANativeWindow_setBuffersGeometry()
07-09 18:27:30.683 3675 3717 I panelapp: ANativeWindow_setBuffersGeometry()
07-09 18:27:30.683 3675 3717 I panelapp: ANativeWindow_setBuffersGeometry()
07-09 18:27:30.683 3675 3717 I panelapp: ANativeWindow_setBuffersGeometry()
07-09 18:27:30.683 3675 3717 I panelapp: ANativeWindow_setBuffersGeometry()
07-09 18:27:30.683 3675 3717 I panelapp: ANativeWindow_setBuffersGeometry()
07-09 18:27:30.683 3675 3717 I panelapp: ovrPanel::InitGL()
07-09 18:27:30.684 3675 3742 I panelapp: Start
07-09 18:27:30.684 3675 3742 I RCTVR : Marker load_bundle_start: duration=565.787771ms start=74849 end=75414.787771000003
07-09 18:27:30.684 3675 3742 I RCTVR : [TIMESTAMP] : ReactPlayer_LoadBundle_Start : 75.4148300109999923
07-09 18:27:30.684 3675 3742 I RCTVR : ReactPlayerCommon: start loading bundle
07-09 18:27:30.684 3675 3742 I RCTVR : Marker load_bundle_end: duration=565.898344ms start=74849 end=75414.8983440000011
07-09 18:27:30.684 3675 3742 I panelapp: Complete
07-09 18:27:30.684 3675 3734 I RCTVR : Marker execute_bundle_0_start: duration=565.914021ms start=74849 end=75414.9140210000041
07-09 18:27:30.687 3675 3717 I AdrenoGLES-0: QUALCOMM build : 2fa729c, I332901a8a4
07-09 18:27:30.687 3675 3717 I AdrenoGLES-0: Build Date : 03/26/20
07-09 18:27:30.687 3675 3717 I AdrenoGLES-0: OpenGL ES Shader Compiler Version: EV031.29.05.00
07-09 18:27:30.687 3675 3717 I AdrenoGLES-0: Local Branch :
07-09 18:27:30.687 3675 3717 I AdrenoGLES-0: Remote Branch : refs/tags/AU_LINUX_ANDROID_LA.UM.5.7.C25.07.01.01.563.041
07-09 18:27:30.687 3675 3717 I AdrenoGLES-0: Remote Branch : NONE
07-09 18:27:30.687 3675 3717 I AdrenoGLES-0: Reconstruct Branch : NOTHING
07-09 18:27:30.687 3675 3717 I AdrenoGLES-0: Build Config : S P 6.0.9 AArch32
07-09 18:27:30.687 3675 3717 I AdrenoGLES-0: Driver Path : /system/vendor/lib/egl/libGLESv2_adreno.so
07-09 18:27:30.695 3717 3717 W OVR::PanelApp: type=1400 audit(0.0:21): avc: denied { read } for name="gpu_model" dev="sysfs" ino=31384 scontext=u:r:untrusted_app:s0:c512,c768 tcontext=u:object_r:sysfs:s0 tclass=file permissive=0
07-09 18:27:30.695 3675 3738 I AsyncFonts: AsyncFonts::Complete
07-09 18:27:30.696 3675 3734 I ReactNativeExecutorHermes: WaitForNativeModules: Started
07-09 18:27:30.696 3675 3734 I ReactNativeExecutorHermes: WaitForNativeModules: Finished
07-09 18:27:30.702 3675 3717 I AdrenoGLES-0: PFP: 0x005ff112, ME: 0x005ff066
07-09 18:27:30.704 3675 3717 W AdrenoUtils: : Failed to open /sys/class/kgsl/kgsl-3d0/gpu_model
07-09 18:27:30.704 3675 3717 W AdrenoUtils: : Failed to read chip ID from gpu_model. Fallback to use the GSL path
07-09 18:27:30.705 3675 3734 I JniUtils: Using caller's JNIEnv
07-09 18:27:30.706 2167 2179 I LibraryProvider: running queryAllApps() for com.oculus.vrshell.home
07-09 18:27:30.707 3675 3734 I JniUtils: Using caller's JNIEnv
07-09 18:27:30.710 3675 3734 I JniUtils: Using caller's JNIEnv
07-09 18:27:30.712 3675 3734 I JniUtils: Using caller's JNIEnv
07-09 18:27:30.714 3675 3717 I panelapp: GLES3::LoadGLFunctions()
07-09 18:27:30.717 3675 3717 I panelapp: GL_InitExtensions()
07-09 18:27:30.717 3675 3717 I OVR_GlUtils: es3 = TRUE
07-09 18:27:30.717 3675 3717 I OVR_GlUtils: GL_MAX_TEXTURE_SIZE = 16384
07-09 18:27:30.717 3675 3717 I OVR_GlUtils: GL_MAX_VERTEX_UNIFORM_VECTORS = 256
07-09 18:27:30.717 3675 3717 I OVR_GlUtils: GL_MAX_FRAGMENT_UNIFORM_VECTORS = 256
07-09 18:27:30.717 3675 3717 I RCTVR : ReactPlayerCommon: InitGfx
07-09 18:27:30.719 2167 2289 E Security-LocalReporter: UID '10041' is shared by multiple packages: [com.oculus.home, com.oculus.horizon]
07-09 18:27:30.720 3675 3734 I JniUtils: Using caller's JNIEnv
07-09 18:27:30.720 3675 3717 I panelapp: Init complete
07-09 18:27:30.720 3675 3717 I RCTVR : Create root
07-09 18:27:30.720 3675 3717 I RCTVR : ReactPlayerCommon: reloaded RootView 'main', tag: 1
07-09 18:27:30.721 3675 3717 I RCTVRMEM: Total Allocated Space: 11416808, Total Free Space: 1690392, JavaScript Heap Size: 108848
07-09 18:27:30.722 1898 1984 I [OAR] PanelRenderLayer: ResetSurface 1328 x 528 - shape:2 stereo:0
07-09 18:27:30.722 3675 3734 I JniUtils: Using caller's JNIEnv
07-09 18:27:30.724 3675 3734 I JniUtils: Using caller's JNIEnv
07-09 18:27:30.724 3675 3734 I JniUtils: Using caller's JNIEnv
07-09 18:27:30.726 3675 3734 I OVR_MemBuffer: Couldn't open assets/en_GB.json: No such file or directory
07-09 18:27:30.726 3675 3734 I RCTVR : RCTI18n::GetDictionaryForFBTCodeSync(en_GB)
07-09 18:27:30.730 3675 3734 I JniUtils: Using caller's JNIEnv
07-09 18:27:30.732 3675 3734 I JniUtils: Using caller's JNIEnv
07-09 18:27:30.734 3675 3734 I ReactNativeExecutorHermes: Timestamp- markerPoint: 75464
07-09 18:27:30.734 3675 3734 I RCTVR : Marker execute_bundle_0_end: duration=616.346100ms start=74849 end=75465.3460999999952
07-09 18:27:30.735 1991 1991 D [SUI] EmptyView: Hiding EmptyView
07-09 18:27:30.736 1991 1991 D [SUI] LibraryView: Showing LibraryView
07-09 18:27:30.736 1991 1991 I [SUI] AnytimeUIAndroidPanelAppV2: updateActiveComponent - systemux://home, returnComponent =
07-09 18:27:30.736 1991 1991 D [SUI] SharingViewModel: Constructing ViewModel
07-09 18:27:30.736 1991 1991 I [SUI] AnytimeUIAndroidPanelAppBase: updateControllerBattery - left, 60 percent
07-09 18:27:30.736 1991 1991 I [SUI] AnytimeUIAndroidPanelAppBase: updateControllerBattery - right, 50 percent
07-09 18:27:30.736 1991 1991 I [SUI] AnytimeUIAndroidPanelAppBase: updateLiveStreamStatus - isLiveStreaming=false, allowed=true
07-09 18:27:30.737 1991 1991 I [SUI] AnytimeUIAndroidPanelAppBase: updateCaptureAllowed - true capturing - false
07-09 18:27:30.737 1991 1991 I [SUI] AnytimeUIAndroidPanelAppBase: updateLocalStreamState - false
07-09 18:27:30.737 1991 1991 I [SUI] AnytimeUIAndroidPanelAppBase: updateVideoCaptureState - false
07-09 18:27:30.737 1991 1991 I [SUI] AnytimeUIAndroidPanelAppV2: updateInstantReplayState - false - false
07-09 18:27:30.737 1991 1991 I [SUI] AnytimeUIAndroidPanelAppBase: updateGuardianStatus - false - 2 - false
07-09 18:27:30.737 1991 1991 I [SUI] AnytimeUIAndroidPanelAppBase: setTaskBarState - 3
07-09 18:27:30.739 3675 3717 I RvrPnl : FPS=0.0265051/164.781/164.781, MSPF=37.7286/6.06865/6.06865, MEMALLOC=10.8879
07-09 18:27:30.741 1841 1841 I FBConnectReceiver: Updating linked FB account on com.oculus.fbconnect.UPDATE_CURRENT_FACEBOOK_ACCOUNT
07-09 18:27:30.747 3675 3734 I RCTVR : [TIMESTAMP] : HermesReady : 75.4780159430000026
07-09 18:27:30.747 3675 3734 I RCTVR : Marker hermes_ready: duration=629.068390ms start=74849 end=75478.0683900000004
07-09 18:27:30.747 3675 3734 I RCTVR_HERMES: [info]: Running "main" with {"rootTag":1,"initialProps":{"surfaceWidth":1328,"surfaceHeight":528}}
07-09 18:27:30.748 3675 3730 W VideoCapabilities: Unrecognized profile 2130706433 for video/avc
07-09 18:27:30.748 3675 3730 W VideoCapabilities: Unrecognized profile 2130706434 for video/avc
07-09 18:27:30.756 1991 1991 I AndroidPanelApp: Processing pending show layer info for layer #main with width 774 and height 124.
07-09 18:27:30.756 1991 1991 I AndroidPanelApp: layerSupersample no changes
07-09 18:27:30.756 1991 1991 I AndroidPanelApp: Processing pending show layer info for layer tablet with width 768 and height 340.
07-09 18:27:30.756 1991 1991 I AndroidPanelApp: layerSupersample no changes
07-09 18:27:30.756 1991 1991 I AndroidPanelApp: Processing pending show layer info for layer tabletNav with width 216 and height 340.
07-09 18:27:30.756 1991 1991 I AndroidPanelApp: layerSupersample no changes
07-09 18:27:30.756 1991 1991 I AndroidPanelApp: Processing pending show layer info for layer tabletContent with width 552 and height 340.
07-09 18:27:30.756 1991 1991 I AndroidPanelApp: layerSupersample no changes
07-09 18:27:30.760 1991 1991 D [SUI] SocialViewModel: Fetched PYMKs
07-09 18:27:30.763 1898 1984 I [OAR] PanelAppHost: Resize layer #main to size 774 x 124 shape:1 stereo:0
07-09 18:27:30.763 1898 1984 I [OAR] PanelRenderLayer: ResetSurface 774 x 124 - shape:1 stereo:0
07-09 18:27:30.763 1898 1984 I [OAR] PanelAppHost: Resize layer tablet to size 768 x 340 shape:1 stereo:0
07-09 18:27:30.763 1898 1984 I [OAR] PanelRenderLayer: ResetSurface 768 x 340 - shape:1 stereo:0
07-09 18:27:30.764 1991 1991 D [SUI] SocialViewModel: Fetched party: null
07-09 18:27:30.771 1898 1984 I [OAR] PanelRenderLayer: Using layerTransform 2. layerWidth:768 , layerHeight:340
07-09 18:27:30.772 1898 1984 I [OAR] PanelAppHost: Resize layer tabletNav to size 216 x 340 shape:1 stereo:0
07-09 18:27:30.772 1898 1984 I [OAR] PanelRenderLayer: ResetSurface 216 x 340 - shape:1 stereo:0
07-09 18:27:30.779 1898 1984 I [OAR] PanelRenderLayer: Using layerTransform 2. layerWidth:216 , layerHeight:340
07-09 18:27:30.779 1898 1984 I [OAR] PanelAppHost: Resize layer tabletContent to size 552 x 340 shape:1 stereo:0
07-09 18:27:30.779 1898 1984 I [OAR] PanelRenderLayer: ResetSurface 552 x 340 - shape:1 stereo:0
07-09 18:27:30.780 1898 1984 I [OAR] PanelRenderLayer: Using layerTransform 2. layerWidth:552 , layerHeight:340
07-09 18:27:30.782 3675 3734 I JniUtils: Using caller's JNIEnv
07-09 18:27:30.785 3675 3730 W VideoCapabilities: Unrecognized profile 2130706433 for video/avc
07-09 18:27:30.785 3675 3730 W VideoCapabilities: Unrecognized profile 2130706434 for video/avc
07-09 18:27:30.786 3675 3734 I RCTVR : Marker execute_bundle_1_start: duration=668.473699ms start=74849 end=75517.4736989999947
07-09 18:27:30.787 3675 3734 I RCTVR : Marker execute_bundle_1_end: duration=669.324272ms start=74849 end=75518.324271999998
07-09 18:27:30.787 3675 3730 W VideoCapabilities: Unrecognized profile 2130706433 for video/avc
07-09 18:27:30.787 3675 3730 W VideoCapabilities: Unrecognized profile 2130706434 for video/avc
07-09 18:27:30.790 1991 1991 I AndroidPanelApp: Processing next frame action "layerShow" for layer "#main"
07-09 18:27:30.791 1991 1991 I AndroidPanelApp: nextFrameAction(layerShow, #main)
07-09 18:27:30.791 1991 1991 I AndroidPanelApp: layerShow acknowledged for #main
07-09 18:27:30.791 1991 1991 I AndroidPanelApp: tryShowLayer(#main)
07-09 18:27:30.791 1991 1991 I AndroidPanelLayer: Showing layer #main
07-09 18:27:30.793 3675 3734 I JniUtils: Using caller's JNIEnv
07-09 18:27:30.793 1050 1116 I DisplayManagerService: Display device changed state: "com.oculus.android_panel_app.AndroidPanelLayer-#main", ON
07-09 18:27:30.793 3675 3734 I RCTVR_HERMES: [info]: QuickExperiments.initialize with options:
07-09 18:27:30.793 3675 3734 I RCTVR_HERMES: [info]: { useNativeQEModule: true }
07-09 18:27:30.795 3675 3730 W VideoCapabilities: Unrecognized profile/level 0/3 for video/mpeg2
07-09 18:27:30.803 1991 1991 I AndroidPanelLayer: Unhiding layer #main
07-09 18:27:30.804 3675 3730 W VideoCapabilities: Unrecognized profile/level 0/3 for video/mpeg2
07-09 18:27:30.814 3675 3730 W VideoCapabilities: Unsupported mime video/x-ms-wmv
07-09 18:27:30.816 1991 1991 I AndroidPanelApp: Processing next frame action "layerShow" for layer "tablet"
07-09 18:27:30.816 1991 1991 I AndroidPanelApp: nextFrameAction(layerShow, tablet)
07-09 18:27:30.816 1991 1991 I AndroidPanelApp: layerShow acknowledged for tablet
07-09 18:27:30.816 1991 1991 I AndroidPanelApp: tryShowLayer(tablet)
07-09 18:27:30.816 1991 1991 I AndroidPanelLayer: Showing layer tablet
07-09 18:27:30.819 1991 1991 I AndroidPanelLayer: Unhiding layer tablet
07-09 18:27:30.819 3675 3730 W VideoCapabilities: Unsupported mime video/x-ms-wmv
07-09 18:27:30.823 3675 3730 W VideoCapabilities: Unsupported mime video/divx
07-09 18:27:30.827 3675 3734 I JniUtils: Using caller's JNIEnv
07-09 18:27:30.828 3675 3730 W VideoCapabilities: Unsupported mime video/divx311
07-09 18:27:30.828 3675 3734 I RCTVR_HERMES: [info]: Library entitlements cache was missed.
07-09 18:27:30.830 1991 1991 I AndroidPanelApp: Processing next frame action "layerShow" for layer "tabletNav"
07-09 18:27:30.830 1991 1991 I AndroidPanelApp: nextFrameAction(layerShow, tabletNav)
07-09 18:27:30.830 1991 1991 I AndroidPanelApp: layerShow acknowledged for tabletNav
07-09 18:27:30.830 1991 1991 I AndroidPanelApp: tryShowLayer(tabletNav)
07-09 18:27:30.830 1991 1991 I AndroidPanelLayer: Showing layer tabletNav
07-09 18:27:30.831 2167 2289 I LibraryProvider: running queryApp(com.oculus.vrshell.home) for com.oculus.uid:10041
07-09 18:27:30.831 2167 2289 W LibraryProvider: Cannot find entitlement for com.oculus.vrshell.home
07-09 18:27:30.832 1841 1989 W OVRLibrary: null cursor received for query content://com.oculus.ocms.library/apps/com.oculus.vrshell.home
07-09 18:27:30.851 3675 3731 V OVRServiceManager: Registered process token.
07-09 18:27:30.852 3675 3717 E MobileConfigClient: exception decoding config values
07-09 18:27:30.852 3675 3717 E MobileConfigClient: org.json.JSONException: No value for query_hash
07-09 18:27:30.852 3675 3717 E MobileConfigClient: at org.json.JSONObject.get(JSONObject.java:389)
07-09 18:27:30.852 3675 3717 E MobileConfigClient: at org.json.JSONObject.getString(JSONObject.java:550)
07-09 18:27:30.852 3675 3717 E MobileConfigClient: at com.oculus.mobileconfigclient.MobileConfigClient.getMobileConfigResponse(MobileConfigClient.java:728)
07-09 18:27:30.852 3675 3717 E MobileConfigClient: at com.oculus.mobileconfigclient.MobileConfigClient.getMobileConfigValueFromJson(MobileConfigClient.java:702)
07-09 18:27:30.852 3675 3717 E MobileConfigClient: at com.oculus.mobileconfigclient.MobileConfigClient.decodeResultAndPopulateMCMap(MobileConfigClient.java:630)
07-09 18:27:30.852 3675 3717 E MobileConfigClient: at com.oculus.mobileconfigclient.MobileConfigClient.updateMCsAndHandleResult(MobileConfigClient.java:584)
07-09 18:27:30.852 3675 3717 E MobileConfigClient: at com.oculus.mobileconfigclient.MobileConfigClient.updateMCsImpl(MobileConfigClient.java:128)
07-09 18:27:30.852 3675 3717 E MobileConfigClient: at com.oculus.modules.MobileConfigModuleImpl.initializeImpl(MobileConfigModuleImpl.java:44)
07-09 18:27:30.852 3675 3717 E MobileConfigClient: at com.oculus.modules.codegen.MobileConfigModule.initialize(MobileConfigModule.java:90)
07-09 18:27:30.852 3675 3717 E MobileConfigClient: exception decoding config combined values
07-09 18:27:30.852 3675 3717 E MobileConfigClient: org.json.JSONException: No value for sessionless
07-09 18:27:30.852 3675 3717 E MobileConfigClient: at org.json.JSONObject.get(JSONObject.java:389)
07-09 18:27:30.852 3675 3717 E MobileConfigClient: at org.json.JSONObject.getJSONObject(JSONObject.java:609)
07-09 18:27:30.852 3675 3717 E MobileConfigClient: at com.oculus.mobileconfigclient.MobileConfigClient.getMobileConfigValueFromJson(MobileConfigClient.java:704)
07-09 18:27:30.852 3675 3717 E MobileConfigClient: at com.oculus.mobileconfigclient.MobileConfigClient.decodeResultAndPopulateMCMap(MobileConfigClient.java:630)
07-09 18:27:30.852 3675 3717 E MobileConfigClient: at com.oculus.mobileconfigclient.MobileConfigClient.updateMCsAndHandleResult(MobileConfigClient.java:584)
07-09 18:27:30.852 3675 3717 E MobileConfigClient: at com.oculus.mobileconfigclient.MobileConfigClient.updateMCsImpl(MobileConfigClient.java:128)
07-09 18:27:30.852 3675 3717 E MobileConfigClient: at com.oculus.modules.MobileConfigModuleImpl.initializeImpl(MobileConfigModuleImpl.java:44)
07-09 18:27:30.852 3675 3717 E MobileConfigClient: at com.oculus.modules.codegen.MobileConfigModule.initialize(MobileConfigModule.java:90)
07-09 18:27:30.855 3675 3717 I RCTVRNET: Network data cache path: /data/user/0/com.oculus.vrshell.home/cache
07-09 18:27:30.857 3675 3730 W VideoCapabilities: Unsupported mime video/divx4
07-09 18:27:30.864 3675 3746 I OVR_MemBuffer: Couldn't open assets/src/ocicon/assets/oc_icon_home_filled_48_dadada.png: No such file or directory
07-09 18:27:30.867 1050 1116 I DisplayManagerService: Display device changed state: "com.oculus.android_panel_app.AndroidPanelLayer-tablet", ON
07-09 18:27:30.868 1991 1991 I AndroidPanelLayer: Unhiding layer tabletNav
07-09 18:27:30.870 3675 3717 I RCTVR : Marker tti_explore_react_root: duration=15.744165ms start=75585.2005150000041 end=75600.9446800000005
07-09 18:27:30.870 3675 3717 I RCTVR : Marker tti_router_app_initializing: duration=15.838175ms start=75585.2131189999927 end=75601.0512940000044
07-09 18:27:30.870 3675 3717 I RCTVR : Marker tti_home_where_to_go: duration=15.868905ms start=75585.225827000002 end=75601.0947319999977
07-09 18:27:30.895 1898 1984 I [OAR] PanelAppAnalytics: First frame latency: 0.694 for id 5 com.oculus.vrshell.home/com.oculus.vrshell.home.ExploreService
07-09 18:27:30.896 1898 1984 I [OAR] PanelAppAnalytics: First frame latency: 0.644 for id 6 com.oculus.systemux/com.oculus.panelapp.anytimeui.AnytimeUIAndroidPanelService
07-09 18:27:30.896 1898 1984 I [OAR] PanelRenderLayer: New SurfaceLayer 1328 x 528 (shape: 2)
07-09 18:27:30.897 2206 2233 I VrRuntimeService: nativeCreateTextureSwapChain api:gles 0 0x8c43 1328 528 11 3 1 0 0
07-09 18:27:30.898 1991 1991 I AndroidPanelApp: Processing next frame action "layerShow" for layer "tabletContent"
07-09 18:27:30.898 1991 1991 I AndroidPanelApp: nextFrameAction(layerShow, tabletContent)
07-09 18:27:30.898 1991 1991 I AndroidPanelApp: layerShow acknowledged for tabletContent
07-09 18:27:30.898 1991 1991 I AndroidPanelApp: tryShowLayer(tabletContent)
07-09 18:27:30.898 1991 1991 I AndroidPanelLayer: Showing layer tabletContent
07-09 18:27:30.899 1991 1991 I AndroidPanelLayer: Unhiding layer tabletContent
07-09 18:27:30.900 3675 3743 I RCTVRNET: Request complete: time=154 name=unknown docid= traceid=FAnXDFiVvzO code=200
07-09 18:27:30.900 1050 1116 I DisplayManagerService: Display device changed state: "com.oculus.android_panel_app.AndroidPanelLayer-tabletNav", ON
07-09 18:27:30.900 1050 1116 I DisplayManagerService: Display device changed state: "com.oculus.android_panel_app.AndroidPanelLayer-tabletContent", ON
07-09 18:27:30.902 2206 2233 I VrRuntimeServer: CreateTextureSwapChain: result importswapchaingles 1
07-09 18:27:30.904 1898 1984 I [OAR] PanelRenderLayer: New SurfaceLayer 774 x 124 (shape: 1)
07-09 18:27:30.905 2206 3194 I VrRuntimeService: nativeCreateTextureSwapChain api:gles 0 0x8c43 774 124 10 3 1 0 0
07-09 18:27:30.911 3675 3717 D SettingsManagerModuleImpl: Got int value 0 for key "font_size"
07-09 18:27:30.911 3675 3717 D SettingsManagerModuleImpl: Registering observer for key "font_size"
07-09 18:27:30.914 2206 3194 I VrRuntimeServer: CreateTextureSwapChain: result importswapchaingles 1
07-09 18:27:30.914 3675 3717 I OVRPlatform: [capi] ovr_Voip_GetSystemVoipMicrophoneMuted: caught an OVRPlatformException: Context::Get: Called before context was initialized
07-09 18:27:30.916 3675 3734 W RCTVR_HERMES: [warn]: 'Home', [ 'Failed to get the system VOIP microphone mute state!',
07-09 18:27:30.916 3675 3734 W RCTVR_HERMES: { message: 'Error getting microphone state' } ]
07-09 18:27:30.918 1991 1991 I [SUI] AnytimeUIAndroidPanelAppBase: updateBrightness - 255
07-09 18:27:30.918 1991 1991 I [SUI] AnytimeUIAndroidPanelAppBase: updateDoNotDisturbMode - false
07-09 18:27:30.921 1991 1991 I [SUI] AnytimeUIAndroidPanelAppBase: updateDoNotDisturbMode - false
07-09 18:27:30.924 3675 3717 D QuickPromotionModule: Initialized and enabled.
07-09 18:27:30.924 3675 3743 I RCTVRNET: Request complete: time=140 name=unknown docid= traceid=CftaLS9Dz+a code=200
07-09 18:27:30.941 3675 3730 W VideoCapabilities: Unsupported mime video/mp4v-esdp
07-09 18:27:30.946 3675 3734 I RCTVR_HERMES: [info]: QuickExperiments loaded native cached QEs.
07-09 18:27:30.946 3675 3734 I RCTVR_HERMES: [info]: Overrides: [object Object]
07-09 18:27:30.959 3675 3743 I RCTVRNET: Request complete: time=130 name=unknown docid= traceid=EPbKPqAFW1O code=200
07-09 18:27:30.960 3675 3734 I JniUtils: Using caller's JNIEnv
07-09 18:27:30.961 3675 3734 I RCTVR_HERMES: [info]: GraphQL native prefetch is enabled
07-09 18:27:30.961 3675 3734 I RCTVR_HERMES: [info]: GraphQL disk cache is enabled
07-09 18:27:30.964 3675 3717 D OculusLogger: reportQuickExperimentExposure(sessionless__oculus_mobile_explore_prefetching, test, 105336190730996)
07-09 18:27:30.965 3675 3717 I GraphQLPrefetch: Pushing prefetch responses
07-09 18:27:30.965 3675 3717 D OculusLogger: reportQuickExperimentExposure(sessionless__oculus_store_landing_disk_cache, test_from_feed, 105336190730996)
07-09 18:27:30.982 3675 3734 I ReactNativeExecutorHermes: Timestamp- markerPoint: 75712
07-09 18:27:30.982 3675 3734 W RCTVR_HERMES: [warn]: QEData empty or corrupt for sessionless__oculus_horizon_party_live_streaming_universe
07-09 18:27:30.991 3675 3717 D QuickPromotionModule: Set access token.
07-09 18:27:31.004 3675 3717 I RCTVR : RCTEnvironment
07-09 18:27:31.005 3675 3717 I RCTVR : Marker tti_router_app: duration=1.017187ms start=75734.6260210000037 end=75735.643207999994
07-09 18:27:31.005 3675 3717 I RCTVR : env default
07-09 18:27:31.014 1898 1984 I [OAR] PanelAppHost: Setting panel layer visibility of layer "#main" to invisible
07-09 18:27:31.016 3675 3717 D OculusLogger: reportQuickExperimentExposure(sessionless__oculus_feed_agency_and_personalization_v2_universe, control, 105336190730996)
07-09 18:27:31.016 3675 3717 D OculusLogger: reportQuickExperimentExposure(sessionless__oculus_explore_preference_customization, test, 105336190730996)
07-09 18:27:31.018 3675 3730 I VideoCapabilities: Unsupported profile 4 for video/mp4v-es
07-09 18:27:31.029 3675 3734 I ReactNativeExecutorHermes: Timestamp- markerPoint: 75760
07-09 18:27:31.032 3675 3717 D OculusLogger: reportQuickExperimentExposure(sessionless__oculus_feed_agency_and_personalization_v2_universe, control, 105336190730996)
07-09 18:27:31.033 3675 3717 D QuickPromotionModule: Enable surface #5628.
07-09 18:27:31.033 3675 3717 D QuickPromotionModule: Signal trigger 'oc_route_change'.
07-09 18:27:31.033 3675 3717 D OculusLogger: reportQuickExperimentExposure(sessionless__oculus_mobile_explore_prefetching, test, 105336190730996)
07-09 18:27:31.038 3675 3730 I org.webrtc.Logging: MediaCodecVideoEncoder: Found target encoder for mime video/x-vnd.on2.vp8 : OMX.qcom.video.encoder.vp8. Color: 0x15
07-09 18:27:31.039 3675 3730 W VideoCapabilities: Unrecognized profile 2130706433 for video/avc
07-09 18:27:31.039 3675 3730 W VideoCapabilities: Unrecognized profile 2130706434 for video/avc
07-09 18:27:31.039 3675 3743 I RCTVRNET: Request complete: time=40 name=unknown docid=2464161093633584 traceid=En2Vex2ol6B code=200
07-09 18:27:31.039 3675 3730 I org.webrtc.Logging: MediaCodecVideoEncoder: Found target encoder for mime video/avc : OMX.qcom.video.encoder.avc. Color: 0x15
07-09 18:27:31.041 3675 3730 I org.webrtc.Logging: MediaCodecVideoDecoder: Trying to find HW decoder for mime video/x-vnd.on2.vp8
07-09 18:27:31.041 3675 3730 I org.webrtc.Logging: MediaCodecVideoDecoder: Found candidate decoder OMX.qcom.video.decoder.vp8
07-09 18:27:31.041 3675 3730 I org.webrtc.Logging: MediaCodecVideoDecoder: Found target decoder OMX.qcom.video.decoder.vp8. Color: 0x13
07-09 18:27:31.041 3675 3730 I org.webrtc.Logging: MediaCodecVideoDecoder: Trying to find HW decoder for mime video/x-vnd.on2.vp9
07-09 18:27:31.042 3675 3730 I org.webrtc.Logging: MediaCodecVideoDecoder: Found candidate decoder OMX.qcom.video.decoder.vp9
07-09 18:27:31.043 3675 3730 I org.webrtc.Logging: MediaCodecVideoDecoder: Found target decoder OMX.qcom.video.decoder.vp9. Color: 0x13
07-09 18:27:31.043 3675 3730 I org.webrtc.Logging: MediaCodecVideoDecoder: Trying to find HW decoder for mime video/avc
07-09 18:27:31.043 3675 3730 I org.webrtc.Logging: MediaCodecVideoDecoder: Found candidate decoder OMX.qcom.video.decoder.avc
07-09 18:27:31.043 3675 3730 W VideoCapabilities: Unrecognized profile 2130706433 for video/avc
07-09 18:27:31.043 3675 3730 W VideoCapabilities: Unrecognized profile 2130706434 for video/avc
07-09 18:27:31.043 3675 3730 I org.webrtc.Logging: MediaCodecVideoDecoder: Found target decoder OMX.qcom.video.decoder.avc. Color: 0x13
07-09 18:27:31.046 3675 3719 I OVRPlatform: [RequestStopwatch] AndroidPlatformIntegration-Constructor took 422.6100 milliseconds
07-09 18:27:31.052 3675 3717 D OculusLogger: reportQuickExperimentExposure(sessionless__oculus_feed_agency_and_personalization_v2_universe, control, 105336190730996)
07-09 18:27:31.064 1991 2785 D [SUI] LibraryFetcher: Successfully fetched unknown sources
07-09 18:27:31.066 3675 3717 D OculusLogger: reportQuickExperimentExposure(sessionless__oculus_feed_agency_and_personalization_v2_universe, control, 105336190730996)
07-09 18:27:31.070 725 1234 I [CT] : boltlib: DSP utilization(%): 14
07-09 18:27:31.082 1841 1851 I art : Background sticky concurrent mark sweep GC freed 10810(1570KB) AllocSpace objects, 3(60KB) LOS objects, 24% free, 5MB/6MB, paused 15.849ms total 109.521ms
07-09 18:27:31.083 3675 3734 I RCTVR_HERMES: [info]: Got available data for docid=2730171627063766 from native prefetch
07-09 18:27:31.084 3675 3734 I RCTVR_HERMES: [info]: Got available data for docid=2886345294781084 from native prefetch
07-09 18:27:31.099 3675 3717 D QuickPromotionModule: Enable surface #5643.
07-09 18:27:31.099 3675 3717 D QuickPromotionModule: Enable surface #5259.
07-09 18:27:31.100 3675 3747 I OVR_MemBuffer: Couldn't open assets/src/ocui/assets/default_profile.png: No such file or directory
07-09 18:27:31.103 3675 3747 I OVR_MemBuffer: Couldn't open assets/oculus-apps-native/VrShell/Home/assets/icons/settings_32x32.ktx: No such file or directory
07-09 18:27:31.103 3675 3747 I OVR_MemBuffer: Couldn't open assets/src/ocicon/assets/oc_icon_category_basic_filled_24_dadada.png: No such file or directory
07-09 18:27:31.103 3675 3747 I OVR_MemBuffer: Couldn't open assets/src/ocicon/assets/oc_icon_search_filled_24_dadada.png: No such file or directory
07-09 18:27:31.107 3675 3717 I RCTVR : Marker tti_explore_panel_contents: duration=7.183178ms start=75830.6852289999952 end=75837.8684070000018
07-09 18:27:31.107 3675 3717 I RCTVR : Marker tti_explore_panel: duration=6.480417ms start=75831.5569479999976 end=75838.0373649999965
07-09 18:27:31.107 3675 3717 I RCTVR : Allocated offscreen texture 11, size 792x64
07-09 18:27:31.110 3675 3719 I OVRPlatform: [AndroidPlatformIntegration] Creating shared mic
07-09 18:27:31.110 3675 3719 I libjingle: [000:000] [3719] (WebRtcPeerConnectionFactory.cpp:119): WebRtcPeerConnectionFactory::WebRtcPeerConnectionFactory
07-09 18:27:31.112 3675 3761 I libjingle: [000:001] [3761] (WebRtcPeerConnectionFactory.cpp:98): SetThreadCPUAffinity failed for thread 0, cpu mask 15 err=Invalid argument 22
07-09 18:27:31.112 1898 1984 I [OAR] PanelAppHost: Setting panel layer visibility of layer "#main" to visible
07-09 18:27:31.112 3675 3762 I libjingle: [000:002] [3762] (WebRtcPeerConnectionFactory.cpp:98): SetThreadCPUAffinity failed for thread 0, cpu mask 15 err=Invalid argument 22
07-09 18:27:31.112 3675 3719 I libjingle: [000:002] [3719] (WebRtcPeerConnectionFactory.cpp:164): WebRtcPeerConnectionFactory::WebRtcPeerConnectionFactory enc 0xddddaf88 dec 0xc473d9e8
07-09 18:27:31.113 3675 3762 D JVM : AttachCurrentThreadIfNeeded::ctor@[tid=3762]
07-09 18:27:31.113 3675 3762 D JVM : Attaching thread to JVM
07-09 18:27:31.113 3675 3762 D JVM : JVM::environment@[tid=3762]
07-09 18:27:31.113 3675 3762 D JVM : JNIEnvironment::ctor@[tid=3762]
07-09 18:27:31.113 3675 3762 D AudioManager: ctor@[tid=3762]
07-09 18:27:31.113 3675 3762 D JVM : JNIEnvironment::RegisterNatives(org/webrtc/voiceengine/WebRtcAudioManager)
07-09 18:27:31.113 3675 3762 D JVM : NativeRegistration::ctor@[tid=3762]
07-09 18:27:31.113 3675 3762 D JVM : NativeRegistration::NewObject@[tid=3762]
07-09 18:27:31.113 3675 3762 I org.webrtc.Logging: WebRtcAudioManager: ctor@[name=Thread-9, id=105]
07-09 18:27:31.114 3675 3762 I org.webrtc.Logging: WebRtcAudioManager: Sample rate is set to 48000 Hz
07-09 18:27:31.130 3675 3762 I org.webrtc.Logging: WebRtcAudioEffects: canUseAcousticEchoCanceler: true
07-09 18:27:31.137 1544 1561 W art : Suspending all threads took: 5.871ms
07-09 18:27:31.137 3675 3717 D QuickPromotionModule: Signal trigger 'app_foreground'.
07-09 18:27:31.144 3675 3762 I org.webrtc.Logging: WebRtcAudioEffects: canUseAutomaticGainControl: false
07-09 18:27:31.165 3675 3743 I RCTVRNET: Request complete: time=70 name=unknown docid=2505891649502893 traceid=GmWu/V4OWYM code=200
07-09 18:27:31.175 3675 3762 I org.webrtc.Logging: WebRtcAudioEffects: canUseNoiseSuppressor: true
07-09 18:27:31.184 1991 1991 I AndroidPanelApp: Turning on layer visibility for layer #main.
07-09 18:27:31.184 3675 3717 D SettingsManagerModuleImpl: Got boolean value false for key "hand_tracking_opt_in"
07-09 18:27:31.184 1991 1991 D [SUI] SocialViewModel: Fetched joinable parties
07-09 18:27:31.184 3675 3762 D AudioManager: OnCacheAudioParameters@[tid=3762]
07-09 18:27:31.184 3675 3762 D AudioManager: hardware_aec: 1
07-09 18:27:31.184 3675 3762 D AudioManager: hardware_agc: 0
07-09 18:27:31.184 3675 3762 D AudioManager: hardware_ns: 1
07-09 18:27:31.184 3675 3762 D AudioManager: low_latency_output: 1
07-09 18:27:31.184 3675 3762 D AudioManager: sample_rate: 48000
07-09 18:27:31.184 3675 3762 D AudioManager: channels: 1
07-09 18:27:31.184 3675 3762 D AudioManager: output_buffer_size: 192
07-09 18:27:31.184 3675 3762 D AudioManager: input_buffer_size: 1920
07-09 18:27:31.184 3675 3762 D JVM : GlobalRef::ctor@[tid=3762]
07-09 18:27:31.184 3675 3762 D AudioManager: JavaAudioManager::ctor@[tid=3762]
07-09 18:27:31.184 3675 3762 D JVM : AttachCurrentThreadIfNeeded::ctor@[tid=3762]
07-09 18:27:31.184 3675 3762 D JVM : JVM::environment@[tid=3762]
07-09 18:27:31.184 3675 3762 D JVM : JNIEnvironment::ctor@[tid=3762]
07-09 18:27:31.184 3675 3762 D AudioTrackJni: ctor@[tid=3762]
07-09 18:27:31.184 3675 3762 D JVM : JNIEnvironment::RegisterNatives(org/webrtc/voiceengine/WebRtcAudioTrack)
07-09 18:27:31.184 3675 3762 D JVM : NativeRegistration::ctor@[tid=3762]
07-09 18:27:31.184 3675 3762 D JVM : NativeRegistration::NewObject@[tid=3762]
07-09 18:27:31.185 1991 1991 I AndroidPanelApp: Turning on layer visibility for layer tablet.
