07-09 18:27:31.185 3675 3762 I org.webrtc.Logging: WebRtcAudioTrack: ctor@[name=Thread-9, id=105]
07-09 18:27:31.185 3675 3762 D JVM : GlobalRef::ctor@[tid=3762]
07-09 18:27:31.185 3675 3762 D AudioManager: SetActiveAudioLayer(5)@[tid=3762]
07-09 18:27:31.185 3675 3762 D AudioManager: delay_estimate_in_milliseconds: 150
07-09 18:27:31.185 3675 3762 D AudioTrackJni: AttachAudioBuffer@[tid=3762]
07-09 18:27:31.185 3675 3762 D AudioTrackJni: SetPlayoutSampleRate(48000)
07-09 18:27:31.185 3675 3762 D AudioTrackJni: SetPlayoutChannels(1)
07-09 18:27:31.185 3675 3762 I libjingle: [000:075] [3762] (AudioRecordWrapper.cpp:53): Attached an audio buffer to AudioRecordWrapper
07-09 18:27:31.186 3675 3762 I libjingle: [000:076] [3762] (webrtcvoiceengine.cc:246): WebRtc VoiceEngine codecs:
07-09 18:27:31.186 3675 3762 I libjingle: [000:076] [3762] (webrtcvoiceengine.cc:273): ISAC/16000/1 (103)
07-09 18:27:31.186 3675 3762 I libjingle: [000:076] [3762] (webrtcvoiceengine.cc:273): PCMU/8000/1 (0)
07-09 18:27:31.186 3675 3762 I libjingle: [000:076] [3762] (webrtcvoiceengine.cc:273): PCMA/8000/1 (8)
07-09 18:27:31.186 3675 3762 W libjingle: [000:076] [3762] (webrtcvoiceengine.cc:297): Unexpected codec: PCMU/8000/2 (110)
07-09 18:27:31.186 3675 3762 W libjingle: [000:076] [3762] (webrtcvoiceengine.cc:297): Unexpected codec: PCMA/8000/2 (118)
07-09 18:27:31.186 3675 3762 I libjingle: [000:076] [3762] (webrtcvoiceengine.cc:273): ILBC/8000/1 (102)
07-09 18:27:31.186 3675 3762 I libjingle: [000:076] [3762] (webrtcvoiceengine.cc:273): G722/8000/1 (9)
07-09 18:27:31.186 3675 3762 W libjingle: [000:076] [3762] (webrtcvoiceengine.cc:297): Unexpected codec: G722/8000/2 (119)
07-09 18:27:31.187 3675 3762 I libjingle: [000:076] [3762] (webrtcvoiceengine.cc:273): opus/48000/2 (111)
07-09 18:27:31.187 3675 3762 I libjingle: [000:076] [3762] (webrtcvoiceengine.cc:273): CN/8000/1 (13)
07-09 18:27:31.187 3675 3762 I libjingle: [000:076] [3762] (webrtcvoiceengine.cc:273): CN/16000/1 (105)
07-09 18:27:31.187 3675 3762 I libjingle: [000:076] [3762] (webrtcvoiceengine.cc:273): CN/32000/1 (106)
07-09 18:27:31.187 3675 3762 I libjingle: [000:076] [3762] (webrtcvoiceengine.cc:273): telephone-event/8000/1 (126)
07-09 18:27:31.187 3675 3762 I libjingle: [000:076] [3762] (webrtcvoiceengine.cc:273): red/8000/1 (127)
07-09 18:27:31.187 3675 3762 I libjingle: [000:076] [3762] (webrtcvideoengine2.cc:497): WebRtcVideoEngine2::WebRtcVideoEngine2()
07-09 18:27:31.188 3675 3762 I libjingle: [000:077] [3762] (webrtcvoiceengine.cc:551): WebRtcVoiceEngine::Init
07-09 18:27:31.188 3675 3762 I libjingle: [000:077] [3762] (webrtcvoiceengine.cc:575): VoiceEngine 4.1.0
07-09 18:27:31.188 3675 3762 I libjingle: [000:077] [3762] (voe_base_impl.cc:244): Init: An external ADM implementation will be used in VoiceEngine
07-09 18:27:31.188 3675 3762 D AudioManager: Init@[tid=3762]
07-09 18:27:31.188 3675 3762 I org.webrtc.Logging: WebRtcAudioManager: init@[name=Thread-9, id=105]
07-09 18:27:31.195 3675 3762 I org.webrtc.Logging: WebRtcAudioManager: audio mode is: MODE_NORMAL
07-09 18:27:31.195 3675 3762 D AudioTrackJni: Init@[tid=3762]
07-09 18:27:31.195 3675 3762 I libjingle: [000:084] [3762] (webrtcvoiceengine.cc:1066): webrtc: output: available=0
07-09 18:27:31.195 3675 3762 E libjingle: [000:084] [3762] (webrtcvoiceengine.cc:1066): webrtc: stereo playout is not supported
07-09 18:27:31.195 3675 3762 W libjingle: [000:084] [3762] (webrtcvoiceengine.cc:1066): webrtc: Init() failed to set mono/stereo playout mode (error=8090)
07-09 18:27:31.195 3675 3762 I libjingle: [000:084] [3762] (webrtcvoiceengine.cc:1066): webrtc: output: available=0
07-09 18:27:31.195 3675 3762 E libjingle: [000:085] [3762] (webrtcvoiceengine.cc:1066): webrtc: recording in stereo is not supported
07-09 18:27:31.195 3675 3762 W libjingle: [000:085] [3762] (webrtcvoiceengine.cc:1066): webrtc: Init() failed to set mono/stereo recording mode (error=8090)
07-09 18:27:31.195 3675 3762 I libjingle: [000:085] [3762] (webrtcvoiceengine.cc:1066): webrtc: TransmitMixer::SetAudioProcessingModule(audioProcessingModule=0xcd357d80)
07-09 18:27:31.195 3675 3762 I libjingle: [000:085] [3762] (webrtcvoiceengine.cc:1066): webrtc: OutputMixer::SetAudioProcessingModule(audioProcessingModule=0xcd357d80)
07-09 18:27:31.195 3675 3762 E libjingle: [000:085] [3762] (voe_base_impl.cc:371): Init: Failed to set agc to enabled: 0
07-09 18:27:31.195 3675 3762 I libjingle: [000:085] [3762] (webrtcvoiceengine.cc:648): ApplyOptions: AudioOptions {aec: true, agc: true, ns: true, hf: true, swap: false, audio_jitter_buffer_max_packets: 50, audio_jitter_buffer_fast_accelerate: false, typing: true, agc_delta: 0, experimental_agc: false, extended_filter_aec: false, delay_agnostic_aec: false, experimental_ns: false, }
07-09 18:27:31.195 3675 3762 I OVRPlatform: [SharedMicrophoneAudioRecord] EnableBuiltInEffect(): called to enable effect 0
07-09 18:27:31.195 3675 3762 I libjingle: [000:085] [3762] (webrtcvoiceengine.cc:722): Disabling EC since built-in EC will be used instead
07-09 18:27:31.195 3675 3762 I libjingle: [000:085] [3762] (webrtcvoiceengine.cc:729): Echo control set to 0 with mode 4
07-09 18:27:31.195 3675 3762 I libjingle: [000:085] [3762] (webrtcvoiceengine.cc:764): Auto gain set to 0 with mode 4
07-09 18:27:31.195 3675 3762 I OVRPlatform: [SharedMicrophoneAudioRecord] EnableBuiltInEffect(): called to enable effect 2
07-09 18:27:31.195 3675 3762 I libjingle: [000:085] [3762] (webrtcvoiceengine.cc:804): Disabling NS since built-in NS will be used instead
07-09 18:27:31.195 3675 3762 I libjingle: [000:085] [3762] (webrtcvoiceengine.cc:811): Noise suppression set to 0 with mode 5
07-09 18:27:31.195 3675 3762 I libjingle: [000:085] [3762] (webrtcvoiceengine.cc:817): High pass filter enabled? 0
07-09 18:27:31.195 3675 3762 I libjingle: [000:085] [3762] (webrtcvoiceengine.cc:825): Stereo swapping enabled? 0
07-09 18:27:31.195 3675 3762 I libjingle: [000:085] [3762] (webrtcvoiceengine.cc:834): NetEq capacity is 50
07-09 18:27:31.195 3675 3762 I libjingle: [000:085] [3762] (webrtcvoiceengine.cc:842): NetEq fast mode? 0
07-09 18:27:31.195 3675 3762 I libjingle: [000:085] [3762] (webrtcvoiceengine.cc:850): Typing detection is enabled? 0
07-09 18:27:31.195 3675 3762 E libjingle: [000:085] [3762] (voe_audio_processing_impl.cc:955): SetTypingDetectionStatus: not supported
07-09 18:27:31.195 3675 3762 W libjingle: [000:085] [3762] (webrtcvoiceengine.cc:854): SetTypingDetectionStatus(0) failed, err=8003
07-09 18:27:31.195 3675 3762 I libjingle: [000:085] [3762] (webrtcvoiceengine.cc:859): Adjust agc delta is 0
07-09 18:27:31.195 3675 3762 I libjingle: [000:085] [3762] (webrtcvoiceengine.cc:1091): Adjusting AGC level from default -3dB to -3dB
07-09 18:27:31.195 3675 3762 I libjingle: [000:085] [3762] (webrtcvoiceengine.cc:870): Delay agnostic aec is enabled? 0
07-09 18:27:31.195 3675 3762 I libjingle: [000:085] [3762] (webrtcvoiceengine.cc:879): Extended filter aec is enabled? 0
07-09 18:27:31.195 3675 3762 I libjingle: [000:085] [3762] (webrtcvoiceengine.cc:888): Experimental ns is enabled? 0
07-09 18:27:31.195 3675 3762 I libjingle: [000:085] [3762] (webrtcvoiceengine.cc:611): WebRtc VoiceEngine codecs:
07-09 18:27:31.195 3675 3762 I libjingle: [000:085] [3762] (webrtcvoiceengine.cc:613): opus/48000/2 (111)
07-09 18:27:31.195 3675 3762 I libjingle: [000:085] [3762] (webrtcvoiceengine.cc:613): ISAC/16000/1 (103)
07-09 18:27:31.195 3675 3762 I libjingle: [000:085] [3762] (webrtcvoiceengine.cc:613): G722/8000/1 (9)
07-09 18:27:31.195 3675 3762 I libjingle: [000:085] [3762] (webrtcvoiceengine.cc:613): ILBC/8000/1 (102)
07-09 18:27:31.195 3675 3762 I libjingle: [000:085] [3762] (webrtcvoiceengine.cc:613): PCMU/8000/1 (0)
07-09 18:27:31.195 3675 3762 I libjingle: [000:085] [3762] (webrtcvoiceengine.cc:613): PCMA/8000/1 (8)
07-09 18:27:31.195 3675 3762 I libjingle: [000:085] [3762] (webrtcvoiceengine.cc:613): CN/32000/1 (106)
07-09 18:27:31.195 3675 3762 I libjingle: [000:085] [3762] (webrtcvoiceengine.cc:613): CN/16000/1 (105)
07-09 18:27:31.195 3675 3762 I libjingle: [000:085] [3762] (webrtcvoiceengine.cc:613): CN/8000/1 (13)
07-09 18:27:31.195 3675 3762 I libjingle: [000:085] [3762] (webrtcvoiceengine.cc:613): red/8000/1 (127)
07-09 18:27:31.195 3675 3762 I libjingle: [000:085] [3762] (webrtcvoiceengine.cc:613): telephone-event/8000/1 (126)
07-09 18:27:31.195 3675 3762 I libjingle: [000:085] [3762] (webrtcvoiceengine.cc:961): Setting microphone to (id=0) and speaker to (id=0)
07-09 18:27:31.195 3675 3762 W libjingle: [000:085] [3762] (webrtcvoiceengine.cc:1066): webrtc: SetRecordingChannel() unable to set the recording channel (error=10028)
07-09 18:27:31.195 3675 3762 E libjingle: [000:085] [3762] (webrtcvoiceengine.cc:1066): webrtc: recording in stereo is not supported
07-09 18:27:31.196 3675 3762 W libjingle: [000:085] [3762] (webrtcvoiceengine.cc:1066): webrtc: SetRecordingDevice() failed to set mono recording mode (error=8090)
07-09 18:27:31.196 3675 3762 E libjingle: [000:085] [3762] (webrtcvoiceengine.cc:1066): webrtc: stereo playout is not supported
07-09 18:27:31.196 3675 3762 W libjingle: [000:085] [3762] (webrtcvoiceengine.cc:1066): webrtc: SetPlayoutDevice() failed to set stereo playout mode (error=8090)
07-09 18:27:31.196 3675 3762 I libjingle: [000:085] [3762] (webrtcvoiceengine.cc:981): Set microphone to (id=0) and speaker to (id=0)
07-09 18:27:31.196 3675 3762 I libjingle: [000:085] [3762] (webrtcvoiceengine.cc:554): WebRtcVoiceEngine::Init Done!
07-09 18:27:31.196 3675 3762 I libjingle: [000:085] [3762] (webrtcvideoengine2.cc:506): WebRtcVideoEngine2::Init
07-09 18:27:31.196 3675 3762 I libjingle: [000:086] [3762] (dtlsidentitystore.cc:53): Generating identity, using keytype 0
07-09 18:27:31.196 3675 3762 I libjingle: [000:086] [3762] (opensslidentity.cc:41): Making key pair
07-09 18:27:31.208 1544 1561 I art : Background sticky concurrent mark sweep GC freed 15830(1276KB) AllocSpace objects, 0(0B) LOS objects, 23% free, 3MB/4MB, paused 6.921ms total 179.354ms
07-09 18:27:31.209 1898 1984 I [OAR] PanelAppHost: Setting panel layer visibility of layer "#main" to visible
07-09 18:27:31.209 1898 1984 I [OAR] PanelAppHost: Setting panel layer visibility of layer "tablet" to visible
07-09 18:27:31.220 1991 1991 I AndroidPanelApp: Turning on layer visibility for layer tabletNav.
07-09 18:27:31.220 1991 1991 I AndroidPanelApp: Turning on layer visibility for layer tabletContent.
07-09 18:27:31.227 1991 2765 D [SUI] ThreadExecutor: Executing com.oculus.panelapp.anytimeui.-$$Lambda$AnytimeUIAndroidPanelAppBase$zJsBYZQ1YWHLGWqLN2732mt3Ldo@ce90605
07-09 18:27:31.238 3675 3743 I RCTVRNET: Request complete: time=62 name=unknown docid=2601879749832318 traceid=DiptgNWWBeW code=200
07-09 18:27:31.249 2206 3474 I SwapChain_GLES: AttachSurfaceSwapChainGLES: 0x7f8bffe000 attached on init
07-09 18:27:31.292 1991 1991 D [SUI] LibraryView: Scroll to position: 4
07-09 18:27:31.292 3675 3743 I RCTVRNET: Request complete: time=197 name=unknown docid=2957482327692827 traceid=G9J722w0o3d code=200
07-09 18:27:31.293 1898 1984 I [OAR] PanelAppHost: Setting panel layer visibility of layer "tabletNav" to visible
07-09 18:27:31.293 1898 1984 I [OAR] PanelAppHost: Setting panel layer visibility of layer "tabletContent" to visible
07-09 18:27:31.310 3675 3717 D OculusLogger: reportQuickExperimentExposure(sessionless__oculus_friend_widget_poll_universe, control, 105336190730996)
07-09 18:27:31.310 3675 3717 D QuickPromotionModule: Enable surface #5628.
07-09 18:27:31.310 3675 3717 D QuickPromotionModule: Signal trigger 'oc_route_change'.
07-09 18:27:31.339 1991 1991 D [SUI] LoadingView: Constructing LoadingView
07-09 18:27:31.343 3675 3717 D OculusLogger: reportQuickExperimentExposure(sessionless__oculus_feed_agency_and_personalization_v2_universe, control, 105336190730996)
07-09 18:27:31.344 3675 3717 D OculusLogger: reportQuickExperimentExposure(sessionless__oculus_friend_widget_poll_universe, control, 105336190730996)
07-09 18:27:31.359 1544 3703 W ContextImpl: Calling a method in the system process without a qualified user: android.app.ContextImpl.sendBroadcast:877 android.content.ContextWrapper.sendBroadcast:421 com.facebook.analytics2.logger.UploadServiceBus.signalJobRan:60 com.facebook.analytics2.logger.UploadJobHandler.exitStateMachine:267 com.facebook.analytics2.logger.UploadJobHandler.handleMessage:97
07-09 18:27:31.366 3675 3717 I RCTVR : RCTView #287: unknown param 'fontSize' set to value '14'
07-09 18:27:31.366 3675 3717 I RCTVR : RCTView #345: unknown param 'fontSize' set to value '14'
07-09 18:27:31.368 3675 3746 I OVR_MemBuffer: Couldn't open assets/src/ocicon/assets/oc_icon_parties_filled_24_dadada.png: No such file or directory
07-09 18:27:31.368 3675 3746 I OVR_MemBuffer: Couldn't open assets/src/ocui/assets/spinner.png: No such file or directory
07-09 18:27:31.376 3675 3743 I RCTVRNET: Request complete: time=73 name=unknown docid=1430413423713354 traceid=DsBrB0hDane code=200
07-09 18:27:31.383 3675 3743 I RCTVRNET: Request complete: time=80 name=unknown docid=1430413423713354 traceid=G91NWmRHyLN code=200
07-09 18:27:31.399 725 3460 I [CT] : HealthReport: Everything Passed =)
07-09 18:27:31.400 1544 2107 I UploadManager: Scheduling jobbId 2131165248 within interval (0, 1800000)
07-09 18:27:31.423 3675 3743 I RCTVRNET: Request complete: time=53 name=unknown docid=2670330569746397 traceid=H8U9M217lEr code=200
07-09 18:27:31.429 3675 3743 I RCTVRNET: Request complete: time=59 name=unknown docid=2859091790848698 traceid=AUUn18AcPUz code=200
07-09 18:27:31.444 1898 3673 I Telemetry: App memory usage: PSS=285MB DalvikPSS=2 MB
07-09 18:27:31.455 1898 3673 I VrApi : FPS=33,Prd=44ms,Tear=0,Early=39,Stale=22,VSnc=1,Lat=1,Fov=0,CPU4/GPU=3/4,2304/670MHz,OC=FF,TA=0/0/0,SP=N/N/N,Mem=1804MHz,Free=1996MB,PSM=0,PLS=0,Temp=26.0C/0.0C,TW=1.16ms,App=6.93ms,GD=0.00ms,CPU&GPU=15.36ms,LCnt=1,GPU%=0.12,CPU%=0.25(W0.75),DSF=1.00
07-09 18:27:31.497 725 3459 I [CT] : MANAGEMENT:CONSTELLATION: Status=GREEN,, Obj=1079011930480953256,6DOF=1,FusJit=0.001mm,Issues(Cam/min= 0,IMU/min=0), Obj=14492187006485747947,6DOF=1 (estimated),Issues(Cam/min= 0,IMU/min=0)
07-09 18:27:31.521 3675 3743 I RCTVRNET: Request complete: time=436 name=unknown docid=2927102097384403 traceid=Cmv17MRcEh8 code=200
07-09 18:27:31.605 3675 3762 I libjingle: [000:495] [3762] (opensslidentity.cc:82): Returning key pair
07-09 18:27:31.605 3675 3762 I libjingle: [000:495] [3762] (opensslidentity.cc:89): Making certificate for WebRTC
07-09 18:27:31.607 3675 3762 I libjingle: [000:497] [3762] (opensslidentity.cc:137): Returning certificate
07-09 18:27:31.609 3675 3719 I OVRPlatform: [AndroidPlatformIntegration] Cached SystemVoipState wasn't set, explicitly requesting
07-09 18:27:31.609 3675 3719 I OVRPlatform: [RequestStopwatch] AndroidFinishInitialization took 986.6660 milliseconds
07-09 18:27:31.610 3675 3719 I OVRPlatform: [RequestStopwatch] AndroidAsyncInitRequest took 987.2970 milliseconds
07-09 18:27:31.613 1841 1989 I OVRPlatform: [PartiesAPI] ovr_Party_PluginGetSharedMemHandle: This function is deprecated, do not use
07-09 18:27:31.613 3675 3724 I OVRPlatform: [P2PNetworkTransport] SystemVoip state changed, updating mute
07-09 18:27:31.709 1841 2729 I ExternalPlatformNetwork: access token acquired for pkg 'com.oculus.vrshell.home'
07-09 18:27:31.721 3675 3721 I OVRPlatform: [RequestStopwatch] AccessTokenRequest took 112.6090 milliseconds
07-09 18:27:31.726 3675 3717 I OCPlatformModule: timestamp accessTokenRequestID
07-09 18:27:31.726 3675 3717 I RCTVR : Marker access_token_request_start: duration=505.429392ms start=74849 end=75354.4293920000055
07-09 18:27:31.726 3675 3717 I RCTVR : Marker access_token_request_end: duration=1608.056261ms start=74849 end=76457.0562610000052
07-09 18:27:31.727 3675 3717 I AccessTokenForwarderModule: Forwarding token
07-09 18:27:31.727 3675 3717 D AccessTokenForwarder: Get access token
07-09 18:27:31.742 3675 3717 I HomeApplication: onAccessToken
07-09 18:27:31.742 3675 3717 I RvrPnl : FPS=56.2396/179.553/6.96628, MSPF=0.0177811/5.56938/143.549, MEMALLOC=10.8879
07-09 18:27:31.773 3675 3696 I GraphQLPrefetch: Completed request for 3564190940264775 in 1336ms
07-09 18:27:31.784 3675 3696 I GraphQLPrefetch: Pushing prefetch responses
07-09 18:27:32.113 1898 3673 I VrApi : FPS=1,Prd=0ms,Tear=0,Early=6,Stale=63,VSnc=1,Lat=1,Fov=0,CPU4/GPU=4/4,2304/670MHz,OC=FF,TA=0/0/0,SP=N/N/N,Mem=1554MHz,Free=1985MB,PSM=0,PLS=0,Temp=26.0C/0.0C,TW=2.62ms,App=5.76ms,GD=0.62ms,CPU&GPU=40.46ms,LCnt=1,GPU%=0.52,CPU%=0.49(W0.71),DSF=1.00
07-09 18:27:32.283 3675 3717 I RCTVR : Failed to delete texture 13, error code: 00000502
07-09 18:27:32.292 3675 3743 I RCTVRNET: Request complete: time=1197 name=unknown docid=3564190940264775 traceid=EoOB5LJ1p5x code=200
07-09 18:27:32.383 3675 3734 I ReactNativeExecutorHermes: Timestamp- markerPoint: 77114
07-09 18:27:32.395 3675 3717 D OculusLogger: reportQuickExperimentExposure(sessionless__oculus_store_landing_disk_cache, test_from_feed, 105336190730996)
07-09 18:27:32.395 3675 3717 D OculusLogger: reportQuickExperimentExposure(sessionless__oculus_store_landing_disk_cache, test_from_feed, 105336190730996)
07-09 18:27:32.395 3675 3717 D OculusLogger: reportQuickExperimentExposure(sessionless__oculus_feed_scroll_tray_universe, test_always, 105336190730996)
07-09 18:27:32.589 1050 1059 I art : Background sticky concurrent mark sweep GC freed 39437(2MB) AllocSpace objects, 4(80KB) LOS objects, 28% free, 7MB/10MB, paused 8.066ms total 56.674ms
07-09 18:27:32.642 725 3460 I [CT] : VIPER: Status=6DoF,TRACKING,KF=56,Inl=314,Pts=172,Jit=0.1mm,Issues(Cam/min=2.1,IMU/min=0.0),Exp=(4.4ms,g=2.0,I=63)(5.4ms,g=2.0,I=68)(4.4ms,g=2.0,I=74)(2.8ms,g=2.0,I=66)
07-09 18:27:32.713 3675 3734 I RCTVR_HERMES: [info]: Got available data for docid=3857599214282047 from disk cache
07-09 18:27:32.715 3675 3717 D OculusLogger: reportQuickExperimentExposure(sessionless__oculus_feed_scroll_tray_universe, test_always, 105336190730996)
07-09 18:27:32.742 3675 3717 I RvrPnl : FPS=71.802/240.418/37.3541, MSPF=0.0139272/4.15943/26.7708, MEMALLOC=10.8879
07-09 18:27:32.758 1898 1984 I [OAR] GuardianController: renderMode != desiredRenderMode: (3, 1, 2, 0), (3, 3, 2, 0)
07-09 18:27:32.758 2264 2327 I VrGuardianService: GuardianSDKServer::SetGuardianRenderMode
07-09 18:27:32.764 2264 2291 I GuardianSystem: UpdateGuardianSystemState: Flags changed: 532480, 524288
07-09 18:27:32.768 3675 3717 I RCTVR : "1629:failed to set param 'bottom' value '\"auto\"' with error 'Expected percentage in string but got '\"auto\"''"
07-09 18:27:32.768 3675 3717 I RCTVR : "1653:failed to set param 'bottom' value '\"auto\"' with error 'Expected percentage in string but got '\"auto\"''"
07-09 18:27:32.771 3675 3734 I ReactNativeExecutorHermes: Timestamp- markerEnd: 77501
07-09 18:27:32.771 3675 3734 I RCTVR_HERMES: [info]: 'oculus_home_tti', { home_version: '224382706/18.0.0.403.517/production',
07-09 18:27:32.771 3675 3734 I RCTVR_HERMES: location: '/prime',
07-09 18:27:32.771 3675 3734 I RCTVR_HERMES: os_version: 'user-738660.26860.0',
07-09 18:27:32.771 3675 3734 I RCTVR_HERMES: service_name: 'EXPLORE',
07-09 18:27:32.771 3675 3734 I RCTVR_HERMES: shell_version: '224383062/18.0.0.403.517/',
07-09 18:27:32.771 3675 3734 I RCTVR_HERMES: startup_latency_ms: 2652.2202189999953,
07-09 18:27:32.771 3675 3734 I RCTVR_HERMES: tti_type: 'cold_start_page_loaded',
07-09 18:27:32.771 3675 3734 I RCTVR_HERMES: vrshell_panel_app_index: 1,
07-09 18:27:32.771 3675 3734 I RCTVR_HERMES: qe_native_prefetch: 1,
07-09 18:27:32.771 3675 3734 I RCTVR_HERMES: qe_relay_disk_cache: 0 }
07-09 18:27:32.781 3675 3747 I OVR_MemBuffer: Couldn't open assets/src/ocicon/assets/oc_icon_play_filled_24_dadada.png: No such file or directory
07-09 18:27:32.781 3675 3746 I OVR_MemBuffer: Couldn't open assets/src/ocicon/assets/oc_icon_apps_filled_24_dadada.png: No such file or directory
07-09 18:27:32.782 3675 3748 I OVR_MemBuffer: Couldn't open assets/src/ocicon/assets/oc_icon_star_full_filled_12_dadada.png: No such file or directory
07-09 18:27:32.783 3675 3746 I OVR_MemBuffer: Couldn't open assets/src/ocicon/assets/oc_icon_to_top_filled_24_dadada.png: No such file or directory
07-09 18:27:32.783 3675 3748 I OVR_MemBuffer: Couldn't open assets/src/ocicon/assets/oc_icon_chevron_down_filled_24_dadada.png: No such file or directory
07-09 18:27:32.790 3675 3717 I RCTVR : Marker feed_component_marker: duration=21.755362ms start=77499.5999069999962 end=77521.355269000007
07-09 18:27:32.798 3675 3717 D OculusLogger: reportQuickExperimentExposure(sessionless__oculus_mobile_explore_prefetching, test, 105336190730996)
07-09 18:27:32.798 3675 3717 D OculusLogger: reportQuickExperimentExposure(sessionless__oculus_mobile_explore_prefetching, test, 105336190730996)
07-09 18:27:32.799 3675 3717 D OculusLogger: reportQuickExperimentExposure(sessionless__oculus_feed_pagination_early_fetch, control, 105336190730996)
07-09 18:27:32.813 3675 3717 I RCTVR : Mismatching image tokens. Expected 0, got 33. This is usually expected for loading new source
07-09 18:27:32.813 3675 3717 I RCTVR : Mismatching image tokens. Expected 0, got 34. This is usually expected for loading new source
07-09 18:27:32.815 3675 3717 I RCTVR : Allocated offscreen texture 26, size 153x40
07-09 18:27:32.975 725 3459 W [CT] : CONSTELLATION: R: Too large Mahalanobis distance: Skip the measurement.
07-09 18:27:33.028 1050 1269 E TaskPersister: File error accessing recents directory (directory doesn't exist?).
07-09 18:27:33.116 1898 3673 I VrApi : FPS=67,Prd=44ms,Tear=0,Early=36,Stale=7,VSnc=1,Lat=1,Fov=0,CPU4/GPU=4/4,2304/670MHz,OC=FF,TA=0/0/0,SP=N/N/N,Mem=1804MHz,Free=1971MB,PSM=0,PLS=0,Temp=26.0C/0.0C,TW=2.96ms,App=7.01ms,GD=0.61ms,CPU&GPU=13.35ms,LCnt=4,GPU%=0.61,CPU%=0.16(W0.19),DSF=1.00
07-09 18:27:33.148 3675 3743 I RCTVRNET: Request complete: time=432 name=unknown docid=2808793455913673 traceid=Gq6Tiytumxw code=200
07-09 18:27:33.160 3675 3717 D OculusLogger: reportQuickExperimentExposure(sessionless__oculus_feed_scroll_tray_universe, test_always, 105336190730996)
07-09 18:27:33.266 725 3459 I [CT] : CONSTELLATION: R: RESET. Keep Cov and Calib States = 1. Keep velocity state and covariance = 1
07-09 18:27:33.284 3775 3775 D AndroidRuntime: >>>>>> START com.android.internal.os.RuntimeInit uid 2000 <<<<<<
07-09 18:27:33.287 3775 3775 D AndroidRuntime: CheckJNI is OFF
07-09 18:27:33.372 3775 3775 D ICU : No timezone override file found: /data/misc/zoneinfo/current/icu/icu_tzdata.dat
07-09 18:27:33.392 3775 3775 I Radio-JNI: register_android_hardware_Radio DONE
07-09 18:27:33.402 3775 3775 D AndroidRuntime: Calling main entry com.android.commands.pm.Pm
07-09 18:27:33.423 3775 3784 W MessageQueue: Handler (android.os.Handler) {e3dec33} sending message to a Handler on a dead thread
07-09 18:27:33.423 3775 3784 W MessageQueue: java.lang.IllegalStateException: Handler (android.os.Handler) {e3dec33} sending message to a Handler on a dead thread
07-09 18:27:33.423 3775 3784 W MessageQueue: at android.os.MessageQueue.enqueueMessage(MessageQueue.java:543)
07-09 18:27:33.423 3775 3784 W MessageQueue: at android.os.Handler.enqueueMessage(Handler.java:643)
07-09 18:27:33.423 3775 3784 W MessageQueue: at android.os.Handler.sendMessageAtTime(Handler.java:612)
07-09 18:27:33.423 3775 3784 W MessageQueue: at android.os.Handler.sendMessageDelayed(Handler.java:582)
07-09 18:27:33.423 3775 3784 W MessageQueue: at android.os.Handler.post(Handler.java:338)
07-09 18:27:33.423 3775 3784 W MessageQueue: at android.os.ResultReceiver$MyResultReceiver.send(ResultReceiver.java:57)
07-09 18:27:33.423 3775 3784 W MessageQueue: at com.android.internal.os.IResultReceiver$Stub.onTransact(IResultReceiver.java:58)
07-09 18:27:33.423 3775 3784 W MessageQueue: at android.os.Binder.execTransact(Binder.java:606)
07-09 18:27:33.426 3775 3775 I art : System.exit called, status: 0
07-09 18:27:33.426 3775 3775 I AndroidRuntime: VM exiting with result code 0.
07-09 18:27:33.428 3775 3775 D OVRMrcLib: ovrVulkanLoader::Unload
07-09 18:27:33.448 3675 3743 I RCTVRNET: Request complete: time=96 name=unknown docid=1430413423713354 traceid=H8ZdebzvHV8 code=200
07-09 18:27:33.476 3675 3743 I RCTVRNET: Request complete: time=125 name=unknown docid=1430413423713354 traceid=FraxEaHAoV2 code=200
07-09 18:27:33.519 725 3460 I [CT] : VIPER:MAP_MANAGER: State: TRACKING_PERSISTENT, UUID=a20e87a9-4b00-4c41-b263-4988c815b45d, Num. Persistent maps = 3, Persistent maps:fb6d82f8-c428-4238-ac2c-937dac7eda16,46248a64-1f34-48bf-839e-600215008130,a20e87a9-4b00-4c41-b263-4988c815b45d,, Ser. Disabled = 00000000-0000-0000-0000-000000000000
07-09 18:27:33.536 3675 3743 I RCTVRNET: Request complete: time=185 name=unknown docid=1430413423713354 traceid=Cm1xmXpNg7g code=200
07-09 18:27:33.565 3675 3743 I RCTVRNET: Request complete: time=213 name=unknown docid=1430413423713354 traceid=AFt+bjMZ9ud code=200
07-09 18:27:33.570 3675 3743 I RCTVRNET: Request complete: time=844 name=unknown docid=2808793455913673 traceid=EOUoN7eNaR/ code=200
07-09 18:27:33.608 3675 3717 D OculusLogger: reportQuickExperimentExposure(sessionless__oculus_feed_scroll_tray_universe, test_always, 105336190730996)
07-09 18:27:33.619 1898 2624 I OVRPlatform: [CurlHttpClient] Executing HTTP request: https://graph.oculus.com//v1.20/me?fields=current_party{id,leader{id},join_policy,users{id,alias,can_viewer_message,display_name,profile_url,profile_url_small,presence,presence_status,presence_app{id,package_name},presence_deeplink_joinable,presence_deeplink_message,presence_destination_api_name,presence_scoped_user_id,avatar_v2{avatar_image{uri}}},invited_users{id,alias,can_viewer_message,display_name,profile_url,profile_url_small,presence,presence_status,presence_app{id,package_name},avatar_v2{avatar_image{uri}}}}&app_version=224383062
07-09 18:27:33.666 1898 2617 I OVRPlatform: [HttpRequest] Request `me?fields=current_party{id,leader{id},join_policy,users{id,alias,can_viewer_message,display_name,profile_url,profile_url_small,presence,presence_status,presence_app{id,package_name},presence_deeplink_joinable,presence_deeplink_message,presence_destination_api_name,presence_scoped_user_id,avatar_v2{avatar_image{uri}}},invited_users{id,alias,can_viewer_message,display_name,profile_url,profile_url_small,presence,presence_status,presence_app{id,package_name},avatar_v2{avatar_image{uri}}}}' (id: 83) succeeded: {"id":"105336190730996"}
07-09 18:27:33.667 1898 2617 I OVRPlatform: [RequestStopwatch] HttpRequestAsync (me?fields=current_party{id,leader{id},join_policy,users{id,alias,can_viewer_message,display_name,profile_url,profile_url_small,presence,presence_status,presence_app{id,package_name},presence_deeplink_joinable,presence_deeplink_message,presence_destination_api_name,presence_scoped_user_id,avatar_v2{avatar_image{uri}}},invited_users{id,alias,can_viewer_message,display_name,profile_url,profile_url_small,presence,presence_status,presence_app{id,package_name},avatar_v2{avatar_image{uri}}}}) took 47.7130 milliseconds
07-09 18:27:33.674 1898 1984 I [OAR] PartyManager: Party Response Parse Time: 0.065729ms
07-09 18:27:33.746 3675 3717 I RvrPnl : FPS=68.7908/95.483/24.4898, MSPF=0.0145368/10.4731/40.8334, MEMALLOC=10.8879
07-09 18:27:33.747 1991 2768 D [SUI] ThreadExecutor: Executing com.oculus.panelapp.anytimeui.v2.util.-$$Lambda$MemoryManager$aBvfb8lTcR2QgPb2ly9BuqnP2TM@5630a5b
07-09 18:27:33.785 2768 2768 W pool-1-thread-2: type=1400 audit(0.0:22): avc: denied { read } for name="mem" dev="debugfs" ino=23319 scontext=u:r:priv_app:s0:c512,c768 tcontext=u:object_r:debugfs:s0 tclass=file permissive=0
07-09 18:27:33.785 2768 2768 W pool-1-thread-2: type=1400 audit(0.0:23): avc: denied { read } for name="mem" dev="debugfs" ino=23319 scontext=u:r:priv_app:s0:c512,c768 tcontext=u:object_r:debugfs:s0 tclass=file permissive=0
07-09 18:27:33.785 2768 2768 W pool-1-thread-2: type=1400 audit(0.0:24): avc: denied { read } for name="mem" dev="debugfs" ino=23319 scontext=u:r:priv_app:s0:c512,c768 tcontext=u:object_r:debugfs:s0 tclass=file permissive=0
07-09 18:27:33.912 2206 3474 I TimeWarpProgs: loaded binary layerProgram 1:0x800020207:0x0 in 3.2 ms
07-09 18:27:33.995 1991 1991 D [SUI] SocialViewModel: Fetched friends
07-09 18:27:34.052 1898 1984 I [OAR] ShellSurfaceRender: Averages: drawCalls 15.5 progBinds 5.6 paramUpdates 72.6 textureBinds 7.8 bufferBinds 2.8
07-09 18:27:34.054 2264 2291 I GuardianSystem: UpdateGuardianSystemState: Flags changed: 524288, 532480
07-09 18:27:34.075 2264 2583 W VrApi : ovr_SubmitFrameInternal: FrameIndex discontinuity: Expected 1578, Received 1617
07-09 18:27:34.102 1050 1973 I SyncBossHAL: syncboss_hal_prox.c(41): INFO: Reporting prox event: prox_off
07-09 18:27:34.103 1050 1170 D SensorsHAL: returning 1 events to client
07-09 18:27:34.105 1622 1622 D VrPowerManagerService: processing message: sensor changed
07-09 18:27:34.105 1622 1622 I VrPowerManagerService: transition from HEADSET_MOUNTED to HEADSET_UNMOUNTED
07-09 18:27:34.108 2264 2327 I VrGuardianService: GuardianSDKServer::SetGuardianCanPaint
07-09 18:27:34.109 1898 1984 I VrApi : ovr_HandleHmdEvents: HMT was UNmounted
07-09 18:27:34.110 2206 2206 D VrRuntimeService: Received broadcast: com.oculus.intent.action.MOUNT_STATE_CHANGED
07-09 18:27:34.111 725 788 D TrackingService: Received transition request to STANDBY current is RUNNING
07-09 18:27:34.111 725 788 D TrackingService: Executing transition from RUNNING to STANDBY
07-09 18:27:34.111 2392 2392 D [OAR] ShellOverlayService: screenStateReceiver Received broadcast: com.oculus.intent.action.MOUNT_STATE_CHANGED
07-09 18:27:34.112 2206 2206 D VrRuntimeService: mounted state: false
07-09 18:27:34.112 2392 2392 I [OAO] ShellOverlayServiceJNI: NativeSendOverlayCommand
07-09 18:27:34.112 2392 2392 I [OAO] ShellOverlayServiceJNI: NativeWake
07-09 18:27:34.112 2392 2392 I [OAO] ShellOverlayMain: WakeVrThread
07-09 18:27:34.112 2392 2392 I [OAO] ShellOverlayMain: WakeVrThread - notifying vr thread
07-09 18:27:34.112 704 704 D GatekeeperNativeService: Using value 0 for gk oculus_mobile_enable_phone_notifications, user=0
07-09 18:27:34.112 1567 3427 D VrPowerManagerClient: Headset state: 2
07-09 18:27:34.113 1567 3427 V ControllerNotifications: Handling unmount notification
07-09 18:27:34.113 2392 2438 I [OAO] ShellOverlayApp: VrThread woke up
07-09 18:27:34.113 2392 2438 I [OAO] ShellOverlayApp: 0xcd3233d0 msg: overlayCommand:
07-09 18:27:34.113 2392 2438 I [OAO] ShellOverlayApp: command = mountStateChanged
07-09 18:27:34.113 2392 2438 I [OAO] ShellOverlayApp: state = 0
07-09 18:27:34.113 2392 2438 I [OAO] ShellOverlayApp: Process_OverlayCommand command : mountStateChanged
07-09 18:27:34.113 2392 2438 I [OAO] ShellOverlayApp: mountStateChanged message received
07-09 18:27:34.113 2392 2438 I [OAO] ShellOverlayApp: VrThread entering waiting state
07-09 18:27:34.116 2206 2385 I ClientMgr: Headset was unmounted
07-09 18:27:34.116 2206 2385 I VrRuntimeServer: SetCompositorClientEnabled client(2): enabled(1) 0x7f9f6712b8
07-09 18:27:34.116 2264 2583 I VrApi : ovr_HandleHmdEvents: HMT was UNmounted
07-09 18:27:34.118 1898 3673 I VrApi : FPS=73,Prd=45ms,Tear=0,Early=61,Stale=0,VSnc=1,Lat=1,Fov=0,CPU4/GPU=4/4,2304/670MHz,OC=FF,TA=0/0/0,SP=N/N/N,Mem=1804MHz,Free=1974MB,PSM=0,PLS=0,Temp=26.0C/0.0C,TW=2.32ms,App=6.75ms,GD=0.00ms,CPU&GPU=12.34ms,LCnt=4,GPU%=0.62,CPU%=0.32(W0.37),DSF=1.00
07-09 18:27:34.118 1898 1984 I [OAR] ShellApp: HMD Mount State Changed - unmounted
07-09 18:27:34.118 1898 1984 I [OAR] VrShellDesktopBase: Backgrounding all active monitors on desktop
07-09 18:27:34.118 1898 1984 I [OAR] PanelAppHost: OnBackground
07-09 18:27:34.118 1898 1984 I [OAR] PanelAppHost: Panel app 5 (com.oculus.vrshell.home/com.oculus.vrshell.home.ExploreService) changing state from foreground to background
07-09 18:27:34.118 2264 2291 I GuardianSystem: rsapi_PollEvent: rsEventRelocDurationUpdate: 0
07-09 18:27:34.118 2264 2291 I GuardianSystem: rsapi_PollEvent: rsEventSetClientMgrState. IsHeadsetMounted: 0, SuppressErrors: 1, ResetErrorState: 0
07-09 18:27:34.118 1898 1984 D [OAR] ShellApplication: notify OS to set com.oculus.vrshell.home/com.oculus.vrshell.home.ExploreService to BACKGROUND
07-09 18:27:34.119 1898 1984 I [OAR] PanelAppHost: com.oculus.vrshell.home/com.oculus.vrshell.home.ExploreService:5 is now backgrounded due to: hmdDismount
07-09 18:27:34.120 3675 3717 I RCTVR : AppState backgroundReason [hmdDismount]
07-09 18:27:34.120 3675 3717 I RCTVR_Shutdown: Initiated webserver shutdown
07-09 18:27:34.120 3675 3717 I RCTVR_Shutdown: StreamingManagerService shutdown
07-09 18:27:34.120 3675 3717 I RCTVR_Shutdown: Webby shutdown
07-09 18:27:34.122 2206 3194 I VrRuntimeService: nativeDestroyTextureSwapChain 136
07-09 18:27:34.124 3675 3717 I RCTVR_Shutdown: AppState went background
07-09 18:27:34.124 1841 1841 I VRLifecycleSessionManager: Stored session info.
07-09 18:27:34.124 3675 3717 I RCTVR_Shutdown: Headset status changed
07-09 18:27:34.135 551 1237 D audio_hw_primary: adev_set_mic_mute state 0
07-09 18:27:34.137 2264 2291 I GuardianSystem: UpdateGuardianSystemState: Flags changed: 532480, 524288
07-09 18:27:34.138 1841 1841 W VRLifecycleManager: onHeadsetUnmounted
07-09 18:27:34.147 1841 1841 I PlatformPluginManager: setHeadsetMountState: false
07-09 18:27:34.150 1841 1841 I OVRPlatform: [AudioManager] SetHeadsetMounted: false
07-09 18:27:34.150 1841 1841 I OVRPlatform: [AudioManager] Current headsetMounted_ false
07-09 18:27:34.150 1841 1841 I OVRPlatform: [AudioManager] Current headphoneStatus_: DISCONNECTED
07-09 18:27:34.150 1841 1841 I OVRPlatform: [PartyChatWebRTC] Setting connection MicrophoneMutedState MUTED
07-09 18:27:34.151 1841 3450 I OVRPlatform: [PartyChatWebRTC] Updating playback mode to 0
07-09 18:27:34.151 1991 1991 D [SUI] SocialViewModel: Fetched PYMKs
07-09 18:27:34.186 3675 3734 I RCTVR_HERMES: Hermes Mem: numCollections 42, allocatedBytes 8891574, heapSize 18470440, va 16777216
07-09 18:27:34.189 3675 3717 I RCTVR_Shutdown: JS synced
07-09 18:27:34.191 3675 3717 I RCTVR_Shutdown: Native modules flushed
07-09 18:27:34.191 3675 3717 I RCTVR_Shutdown: OnBackground complete
07-09 18:27:34.201 725 3460 W [CT] : VIPER: StereoEpipolarSearch: No search points in epipolar search.
07-09 18:27:34.273 1991 1991 D [SUI] SocialViewModel: Fetched party: null
07-09 18:27:34.349 725 1261 I [CT] : R:Behavior:NearHeadMoving: state transition: TorsoInitialized -> InRange
07-09 18:27:34.369 1991 1991 D [SUI] SocialViewModel: Fetched joinable parties
07-09 18:27:34.403 3675 3743 I RCTVRNET: Request complete: time=1676 name=unknown docid=3104584146265084 traceid=CTldnuEgUab code=200
07-09 18:27:34.637 1991 1991 D [SUI] SocialViewModel: Fetched friends
07-09 18:27:34.767 725 1261 I [CT] : L:Behavior:AtRest: deactivated
07-09 18:27:34.767 725 1261 I [CT] : AdHocPatch: [Left] t = 62.491s, behavior transition: AtRest -> None at 62.533s
07-09 18:27:34.803 725 1261 D TrackingService: [HANDTRACKING] Controller c91e974cac1d58eb in hand: Y, valid: Y
07-09 18:27:34.828 1991 1991 D [SUI] SocialViewModel: Fetched PYMKs
07-09 18:27:34.916 725 1261 I [CT] : R:Behavior:NearHeadMoving: state transition: InRange -> Active
07-09 18:27:34.916 725 1261 I [CT] : R:Behavior:NearHeadMoving: activated
07-09 18:27:34.916 725 1261 I [CT] : R:Behavior:NearHeadMoving: using reliablePoseInWorld
07-09 18:27:34.916 725 1261 I [CT] : AdHocPatch: [Left] t = 62.641s, behavior transition: None -> NearHeadMoving at 62.533s
07-09 18:27:34.930 725 3459 I [CT] : CONSTELLATION: R: RESET. Keep Cov and Calib States = 1. Keep velocity state and covariance = 1
07-09 18:27:34.958 1991 1991 D [SUI] SocialViewModel: Fetched party: null
07-09 18:27:34.972 725 3459 I [CT] : CONSTELLATION: L: RESET. Keep Cov and Calib States = 1. Keep velocity state and covariance = 1
07-09 18:27:34.973 725 1261 I [CT] : R:Behavior:NearHeadMoving: state transition: Active -> Transition
07-09 18:27:35.010 725 3459 I [CT] : CONSTELLATION: L: Detected static motion, applying constant pose priors.
07-09 18:27:35.056 1991 1991 D [SUI] SocialViewModel: Fetched joinable parties
07-09 18:27:35.095 725 3459 I [CT] : MANAGEMENT:CONSTELLATION: Status=GREEN,, Obj=1079011930480953256,6DOF=1,FusJit=0.01mm,Issues(Cam/min= 0,IMU/min=0), Obj=14492187006485747947,6DOF=1 (estimated),Issues(Cam/min= 0,IMU/min=0)
07-09 18:27:35.112 1898 3673 I VrApi : FPS=73,Prd=45ms,Tear=0,Early=60,Stale=0,VSnc=1,Lat=1,Fov=0,CPU4/GPU=4/4,2304/670MHz,OC=FF,TA=0/0/0,SP=N/N/N,Mem=1804MHz,Free=1970MB,PSM=0,PLS=0,Temp=26.0C/0.0C,TW=2.38ms,App=6.82ms,GD=0.61ms,CPU&GPU=12.21ms,LCnt=4,GPU%=0.59,CPU%=0.16(W0.19),DSF=1.00
07-09 18:27:35.140 725 1261 I [CT] : R:Behavior:NearHeadMoving: state transition: Transition -> Init
07-09 18:27:35.140 725 1261 I [CT] : R:Behavior:NearHeadMoving: deactivated
07-09 18:27:35.140 725 1261 I [CT] : AdHocPatch: [Left] t = 62.864s, behavior transition: NearHeadMoving -> None at 62.913s
07-09 18:27:35.142 725 1261 I [CT] : R:Behavior:NearHeadMoving: state transition: Init -> TorsoInitialized
07-09 18:27:35.212 725 1261 I [CT] : R:Behavior:HandOverHand: activated, AttachedToTorso
07-09 18:27:35.212 725 1261 I [CT] : AdHocPatch: [Right] t = 62.935s, behavior transition: None -> HandOverHand at -0.399s
07-09 18:27:35.272 725 1261 I [CT] : R:Behavior:NearHeadMoving: state transition: TorsoInitialized -> InRange
07-09 18:27:35.406 725 3459 I [CT] : CONSTELLATION: L: Detected static motion, applying constant pose priors.
07-09 18:27:35.726 725 3459 I [CT] : CONSTELLATION: L: Detected static motion, applying constant pose priors.
07-09 18:27:35.836 725 1261 I [CT] : R:Behavior:NearHeadMoving: state transition: InRange -> Init
07-09 18:27:35.838 725 1261 I [CT] : R:Behavior:NearHeadMoving: state transition: Init -> TorsoInitialized
07-09 18:27:36.111 1898 3673 I VrApi : FPS=73,Prd=33ms,Tear=0,Early=63,Stale=0,VSnc=1,Lat=1,Fov=0,CPU4/GPU=4/4,2304/670MHz,OC=FF,TA=0/0/0,SP=N/N/N,Mem=1804MHz,Free=1971MB,PSM=0,PLS=0,Temp=26.0C/0.0C,TW=0.89ms,App=0.00ms,GD=0.00ms,CPU&GPU=8.22ms,LCnt=0,GPU%=0.07,CPU%=0.10(W0.13),DSF=1.00
07-09 18:27:36.224 725 1261 D TrackingService: [HANDTRACKING] Controller c91e974cac1d58eb in hand: N, valid: Y
07-09 18:27:36.235 725 3460 I [CT] : VIPER: Status=6DoF,TRACKING,KF=53,Inl=87,Pts=197,Jit=1.5mm,Issues(Cam/min=2.0,IMU/min=0.0),Exp=(6.5ms,g=8.0,I=66)(4.6ms,g=3.0,I=71)(6.5ms,g=8.0,I=74)(4.2ms,g=3.0,I=69)
07-09 18:27:37.071 725 1234 I [CT] : boltlib: DSP utilization(%): 15
07-09 18:27:37.086 1544 3798 W ContextImpl: Calling a method in the system process without a qualified user: android.app.ContextImpl.sendBroadcast:877 android.content.ContextWrapper.sendBroadcast:421 com.facebook.analytics2.logger.UploadServiceBus.signalJobRan:60 com.facebook.analytics2.logger.UploadJobHandler.exitStateMachine:267 com.facebook.analytics2.logger.UploadJobHandler.handleMessage:97
07-09 18:27:37.094 1544 2107 I UploadManager: Scheduling jobbId 2131165248 within interval (0, 1800000)
07-09 18:27:37.113 1898 3673 I VrApi : FPS=72,Prd=0ms,Tear=0,Early=72,Stale=0,VSnc=1,Lat=1,Fov=0,CPU4/GPU=4/4,2304/670MHz,OC=FF,TA=0/0/0,SP=N/N/N,Mem=1804MHz,Free=1967MB,PSM=0,PLS=0,Temp=26.0C/0.0C,TW=0.89ms,App=0.00ms,GD=0.00ms,CPU&GPU=0.31ms,LCnt=0,GPU%=0.07,CPU%=0.03(W0.05),DSF=1.00
07-09 18:27:37.115 725 3460 I [CT] : VIPER:MAP_MANAGER: State: TRACKING_PERSISTENT, UUID=a20e87a9-4b00-4c41-b263-4988c815b45d, Num. Persistent maps = 3, Persistent maps:fb6d82f8-c428-4238-ac2c-937dac7eda16,46248a64-1f34-48bf-839e-600215008130,a20e87a9-4b00-4c41-b263-4988c815b45d,, Ser. Disabled = 00000000-0000-0000-0000-000000000000
07-09 18:27:37.122 3675 3734 I RCTVR : JavaScript[0xe08ad7a8], Avg 11.1134834293103211, Max 2715.94686399999773, MaxInLast 2715.94686399999773
07-09 18:27:37.122 3675 3734 I RCTVR_HERMES: Hermes Mem: numCollections 57, allocatedBytes 17110808, heapSize 27946320, va 20971520
07-09 18:27:37.396 725 3460 I [CT] : HealthReport: Everything Passed =)
07-09 18:27:37.898 2206 3474 I Vsync : Vsync 1349: 2 x 13.93 ms (71.79 Hz, at 82.629)
07-09 18:27:38.063 1544 3806 I UploadJobHandler: Nothing to upload, why did you run me?
07-09 18:27:38.065 1544 3806 W ContextImpl: Calling a method in the system process without a qualified user: android.app.ContextImpl.sendBroadcast:877 android.content.ContextWrapper.sendBroadcast:421 com.facebook.analytics2.logger.UploadServiceBus.signalJobRan:60 com.facebook.analytics2.logger.UploadJobHandler.exitStateMachine:267 com.facebook.analytics2.logger.UploadJobHandler.handleMessage:97
07-09 18:27:38.111 1898 3673 I VrApi : FPS=72,Prd=0ms,Tear=0,Early=72,Stale=0,VSnc=1,Lat=1,Fov=0,CPU4/GPU=4/4,2304/670MHz,OC=FF,TA=0/0/0,SP=N/N/N,Mem=1804MHz,Free=1970MB,PSM=0,PLS=0,Temp=26.0C/0.0C,TW=0.88ms,App=0.00ms,GD=0.00ms,CPU&GPU=0.31ms,LCnt=0,GPU%=0.07,CPU%=0.03(W0.10),DSF=1.00
07-09 18:27:38.257 3803 3803 D AndroidRuntime: >>>>>> START com.android.internal.os.RuntimeInit uid 2000 <<<<<<
07-09 18:27:38.261 3803 3803 D AndroidRuntime: CheckJNI is OFF
07-09 18:27:38.332 3803 3803 D ICU : No timezone override file found: /data/misc/zoneinfo/current/icu/icu_tzdata.dat
07-09 18:27:38.349 3803 3803 I Radio-JNI: register_android_hardware_Radio DONE
07-09 18:27:38.357 3803 3803 D AndroidRuntime: Calling main entry com.android.commands.pm.Pm
07-09 18:27:38.375 3803 3813 W MessageQueue: Handler (android.os.Handler) {8645564} sending message to a Handler on a dead thread
07-09 18:27:38.375 3803 3813 W MessageQueue: java.lang.IllegalStateException: Handler (android.os.Handler) {8645564} sending message to a Handler on a dead thread
07-09 18:27:38.375 3803 3813 W MessageQueue: at android.os.MessageQueue.enqueueMessage(MessageQueue.java:543)
07-09 18:27:38.375 3803 3813 W MessageQueue: at android.os.Handler.enqueueMessage(Handler.java:643)
07-09 18:27:38.375 3803 3813 W MessageQueue: at android.os.Handler.sendMessageAtTime(Handler.java:612)
07-09 18:27:38.375 3803 3813 W MessageQueue: at android.os.Handler.sendMessageDelayed(Handler.java:582)
07-09 18:27:38.375 3803 3813 W MessageQueue: at android.os.Handler.post(Handler.java:338)
07-09 18:27:38.375 3803 3813 W MessageQueue: at android.os.ResultReceiver$MyResultReceiver.send(ResultReceiver.java:57)
07-09 18:27:38.375 3803 3813 W MessageQueue: at com.android.internal.os.IResultReceiver$Stub.onTransact(IResultReceiver.java:58)
07-09 18:27:38.375 3803 3813 W MessageQueue: at android.os.Binder.execTransact(Binder.java:606)
07-09 18:27:38.375 3803 3803 I art : System.exit called, status: 0
07-09 18:27:38.375 3803 3803 I AndroidRuntime: VM exiting with result code 0.
07-09 18:27:38.376 3803 3803 D OVRMrcLib: ovrVulkanLoader::Unload
07-09 18:27:38.686 725 3459 I [CT] : MANAGEMENT:CONSTELLATION: Status=GREEN,, Obj=1079011930480953256,6DOF=1 (estimated),Issues(Cam/min= 0,IMU/min=0), Obj=14492187006485747947,6DOF=1,FusJit=0.0mm,Issues(Cam/min= 0,IMU/min=0)
07-09 18:27:39.111 1898 3673 I VrApi : FPS=72,Prd=0ms,Tear=0,Early=72,Stale=0,VSnc=1,Lat=1,Fov=0,CPU4/GPU=4/4,2304/670MHz,OC=FF,TA=0/0/0,SP=N/N/N,Mem=1804MHz,Free=1971MB,PSM=0,PLS=0,Temp=26.0C/0.0C,TW=0.89ms,App=0.00ms,GD=0.00ms,CPU&GPU=0.30ms,LCnt=0,GPU%=0.07,CPU%=0.06(W0.10),DSF=1.00
07-09 18:27:39.275 725 1261 I [CT] : R:Behavior:NearHeadMoving: state transition: TorsoInitialized -> InRange
07-09 18:27:39.277 725 1261 I [CT] : R:Behavior:NearHeadMoving: state transition: InRange -> Init
07-09 18:27:39.278 725 1261 I [CT] : R:Behavior:NearHeadMoving: state transition: Init -> TorsoInitialized
07-09 18:27:39.350 725 1261 I [CT] : R:Behavior:NearHeadMoving: state transition: TorsoInitialized -> InRange
07-09 18:27:39.356 725 1261 I [CT] : R:Behavior:NearHeadMoving: state transition: InRange -> Init
07-09 18:27:39.359 725 1261 I [CT] : R:Behavior:NearHeadMoving: state transition: Init -> TorsoInitialized
07-09 18:27:39.373 725 1261 I [CT] : R:Behavior:NearHeadMoving: state transition: TorsoInitialized -> InRange
07-09 18:27:39.397 725 1261 I [CT] : R:Behavior:NearHeadMoving: state transition: InRange -> Init
07-09 18:27:39.398 725 1261 I [CT] : R:Behavior:NearHeadMoving: state transition: Init -> TorsoInitialized
07-09 18:27:39.836 725 3460 I [CT] : VIPER: Status=6DoF,TRACKING,KF=53,Inl=81,Pts=197,Jit=0.2mm,Issues(Cam/min=1.9,IMU/min=0.0),Exp=(7.1ms,g=8.0,I=67)(4.6ms,g=3.0,I=70)(7.1ms,g=8.0,I=76)(4.4ms,g=3.0,I=69)
07-09 18:27:40.112 1898 3673 I VrApi : FPS=72,Prd=0ms,Tear=0,Early=72,Stale=0,VSnc=1,Lat=1,Fov=0,CPU4/GPU=4/4,2304/670MHz,OC=FF,TA=0/0/0,SP=N/N/N,Mem=1804MHz,Free=1969MB,PSM=0,PLS=0,Temp=26.0C/0.0C,TW=0.86ms,App=0.00ms,GD=0.00ms,CPU&GPU=0.33ms,LCnt=0,GPU%=0.06,CPU%=0.05(W0.05),DSF=1.00
07-09 18:27:40.715 725 3460 I [CT] : VIPER:MAP_MANAGER: State: TRACKING_PERSISTENT, UUID=a20e87a9-4b00-4c41-b263-4988c815b45d, Num. Persistent maps = 3, Persistent maps:fb6d82f8-c428-4238-ac2c-937dac7eda16,46248a64-1f34-48bf-839e-600215008130,a20e87a9-4b00-4c41-b263-4988c815b45d,, Ser. Disabled = 00000000-0000-0000-0000-000000000000
07-09 18:27:41.115 1898 3673 I VrApi : FPS=72,Prd=0ms,Tear=0,Early=72,Stale=0,VSnc=1,Lat=1,Fov=0,CPU4/GPU=4/4,2304/670MHz,OC=FF,TA=0/0/0,SP=N/N/N,Mem=1804MHz,Free=1969MB,PSM=0,PLS=0,Temp=26.0C/0.0C,TW=0.86ms,App=0.00ms,GD=0.00ms,CPU&GPU=0.31ms,LCnt=0,GPU%=0.06,CPU%=0.05(W0.09),DSF=1.00
07-09 18:27:42.114 1898 3673 I VrApi : FPS=72,Prd=0ms,Tear=0,Early=72,Stale=0,VSnc=1,Lat=1,Fov=0,CPU4/GPU=4/4,2304/670MHz,OC=FF,TA=0/0/0,SP=N/N/N,Mem=1804MHz,Free=1969MB,PSM=0,PLS=0,Temp=26.0C/0.0C,TW=0.87ms,App=0.00ms,GD=0.00ms,CPU&GPU=0.29ms,LCnt=0,GPU%=0.06,CPU%=0.05(W0.09),DSF=1.00
07-09 18:27:42.172 2264 3525 I Telemetry: App memory usage: PSS=57MB DalvikPSS=1 MB
07-09 18:27:42.286 725 3459 I [CT] : MANAGEMENT:CONSTELLATION: Status=GREEN,, Obj=1079011930480953256,6DOF=1 (estimated),Issues(Cam/min= 0,IMU/min=0), Obj=14492187006485747947,6DOF=1,FusJit=0.0mm,Issues(Cam/min= 0,IMU/min=0)
07-09 18:27:43.107 725 1234 I [CT] : boltlib: DSP utilization(%): 14
07-09 18:27:43.111 1898 3673 I VrApi : FPS=72,Prd=0ms,Tear=0,Early=72,Stale=0,VSnc=1,Lat=1,Fov=0,CPU4/GPU=4/4,2304/670MHz,OC=FF,TA=0/0/0,SP=N/N/N,Mem=1804MHz,Free=1968MB,PSM=0,PLS=0,Temp=26.0C/0.0C,TW=0.87ms,App=0.00ms,GD=0.00ms,CPU&GPU=0.31ms,LCnt=0,GPU%=0.06,CPU%=0.05(W0.09),DSF=1.00
07-09 18:27:43.245 3831 3831 D AndroidRuntime: >>>>>> START com.android.internal.os.RuntimeInit uid 2000 <<<<<<
07-09 18:27:43.248 3831 3831 D AndroidRuntime: CheckJNI is OFF
07-09 18:27:43.320 3831 3831 D ICU : No timezone override file found: /data/misc/zoneinfo/current/icu/icu_tzdata.dat
07-09 18:27:43.340 3831 3831 I Radio-JNI: register_android_hardware_Radio DONE
07-09 18:27:43.349 3831 3831 D AndroidRuntime: Calling main entry com.android.commands.pm.Pm
07-09 18:27:43.366 3831 3831 I art : System.exit called, status: 0
07-09 18:27:43.366 3831 3831 I AndroidRuntime: VM exiting with result code 0.
07-09 18:27:43.368 3831 3831 D OVRMrcLib: ovrVulkanLoader::Unload
07-09 18:27:43.368 3831 3840 W MessageQueue: Handler (android.os.Handler) {28abe95} sending message to a Handler on a dead thread
07-09 18:27:43.368 3831 3840 W MessageQueue: java.lang.IllegalStateException: Handler (android.os.Handler) {28abe95} sending message to a Handler on a dead thread
07-09 18:27:43.368 3831 3840 W MessageQueue: at android.os.MessageQueue.enqueueMessage(MessageQueue.java:543)
07-09 18:27:43.368 3831 3840 W MessageQueue: at android.os.Handler.enqueueMessage(Handler.java:643)
07-09 18:27:43.368 3831 3840 W MessageQueue: at android.os.Handler.sendMessageAtTime(Handler.java:612)
07-09 18:27:43.368 3831 3840 W MessageQueue: at android.os.Handler.sendMessageDelayed(Handler.java:582)
07-09 18:27:43.368 3831 3840 W MessageQueue: at android.os.Handler.post(Handler.java:338)
07-09 18:27:43.368 3831 3840 W MessageQueue: at android.os.ResultReceiver$MyResultReceiver.send(ResultReceiver.java:57)
07-09 18:27:43.368 3831 3840 W MessageQueue: at com.android.internal.os.IResultReceiver$Stub.onTransact(IResultReceiver.java:58)
07-09 18:27:43.368 3831 3840 W MessageQueue: at android.os.Binder.execTransact(Binder.java:606)
07-09 18:27:43.396 725 3460 I [CT] : HealthReport: Everything Passed =)
07-09 18:27:43.436 725 3460 I [CT] : VIPER: Status=6DoF,TRACKING,KF=53,Inl=86,Pts=197,Jit=0.1mm,Issues(Cam/min=1.8,IMU/min=0.0),Exp=(7.0ms,g=8.0,I=66)(4.6ms,g=3.0,I=71)(7.0ms,g=8.0,I=77)(4.3ms,g=3.0,I=70)
07-09 18:27:43.801 725 1261 D TrackingService: [HANDTRACKING] Controller ef96ba248b9c7a8 in hand: N, valid: Y
07-09 18:27:44.115 1898 3673 I VrApi : FPS=72,Prd=0ms,Tear=0,Early=72,Stale=0,VSnc=1,Lat=1,Fov=0,CPU4/GPU=4/4,2304/670MHz,OC=FF,TA=0/0/0,SP=N/N/N,Mem=1804MHz,Free=1972MB,PSM=0,PLS=0,Temp=26.0C/0.0C,TW=0.88ms,App=0.00ms,GD=0.00ms,CPU&GPU=0.29ms,LCnt=0,GPU%=0.07,CPU%=0.22(W0.43),DSF=1.00
07-09 18:27:44.315 725 3460 I [CT] : VIPER:MAP_MANAGER: State: TRACKING_PERSISTENT, UUID=a20e87a9-4b00-4c41-b263-4988c815b45d, Num. Persistent maps = 3, Persistent maps:fb6d82f8-c428-4238-ac2c-937dac7eda16,46248a64-1f34-48bf-839e-600215008130,a20e87a9-4b00-4c41-b263-4988c815b45d,, Ser. Disabled = 00000000-0000-0000-0000-000000000000
07-09 18:27:45.112 1898 3673 I VrApi : FPS=72,Prd=0ms,Tear=0,Early=72,Stale=0,VSnc=1,Lat=1,Fov=0,CPU4/GPU=4/4,2304/670MHz,OC=FF,TA=0/0/0,SP=N/N/N,Mem=1804MHz,Free=1972MB,PSM=0,PLS=0,Temp=26.0C/0.0C,TW=0.86ms,App=0.00ms,GD=0.00ms,CPU&GPU=0.35ms,LCnt=0,GPU%=0.06,CPU%=0.00(W0.00),DSF=1.00
07-09 18:27:45.886 725 3459 I [CT] : MANAGEMENT:CONSTELLATION: Status=GREEN,, Obj=1079011930480953256,6DOF=1 (estimated),Issues(Cam/min= 0,IMU/min=0), Obj=14492187006485747947,6DOF=1,FusJit=0.0mm,Issues(Cam/min= 0,IMU/min=0)
07-09 18:27:46.116 1898 3673 I VrApi : FPS=72,Prd=0ms,Tear=0,Early=72,Stale=0,VSnc=1,Lat=1,Fov=0,CPU4/GPU=4/4,2304/670MHz,OC=FF,TA=0/0/0,SP=N/N/N,Mem=1804MHz,Free=1972MB,PSM=0,PLS=0,Temp=26.0C/0.0C,TW=0.89ms,App=0.00ms,GD=0.00ms,CPU&GPU=0.30ms,LCnt=0,GPU%=0.07,CPU%=0.05(W0.14),DSF=1.00
07-09 18:27:46.147 1312 1312 D MtpReceiver: Finished Media Scan Service
07-09 18:27:46.152 1312 1312 D MtpReceiver: Started Media Scan Service
