07-09 18:27:30.272 1841 1841 I PartyStateManager: enforcePartyChatStateConsistency - got current party response: Party is null
07-09 18:27:30.272 1841 1841 I PartyStateManager: enforcePartyChatStateConsistency - User not in a party.
07-09 18:27:30.272 1841 1841 I PlatformPlugin: [PlatformPluginManager] Stopping party chat
07-09 18:27:30.272 1841 1841 I OVRPlatform: [PartyChatInterchangeable] Stop PartyChat.
07-09 18:27:30.274 1841 1841 I VRLifecycleSessionManager: Stored session info.
07-09 18:27:30.275 2206 3474 W TimeWarp: WarpToScreen: No completed frames to display for client 0. submittedFrameIndex = 460
07-09 18:27:30.278 1898 1898 D [OAR] PanelServiceConnection: onSeviceConnected - component name (ComponentInfo{com.oculus.systemux/com.oculus.panelapp.anytimeui.AnytimeUIAndroidPanelService}), panel app id (6)
07-09 18:27:30.278 1898 1898 D [OAR] ShellApplication: notify OS to set com.oculus.systemux/com.oculus.panelapp.anytimeui.AnytimeUIAndroidPanelService to FOREGROUND
07-09 18:27:30.279 1898 1984 D [OAR] ShellApplication: notify OS to set com.oculus.systemux/com.oculus.panelapp.anytimeui.AnytimeUIAndroidPanelService to FOREGROUND
07-09 18:27:30.281 1898 1984 I [OAR] PanelAppHost: Setting panel layer visibility of layer "#main" to invisible
07-09 18:27:30.281 1898 1984 I [OAR] PanelAppHost: Setting panel layer visibility of layer "tablet" to invisible
07-09 18:27:30.281 1898 1984 I [OAR] PanelAppHost: Setting panel layer visibility of layer "tabletNav" to invisible
07-09 18:27:30.281 1898 1984 I [OAR] PanelAppHost: Setting panel layer visibility of layer "tabletContent" to invisible
07-09 18:27:30.281 1898 1984 I [OAR] PanelAppHost: Applying new layerTransform:
07-09 18:27:30.281 1898 1984 I [OAR] PanelAppHost: [0.481223][0.000000][0.000000][0.000000]
07-09 18:27:30.281 1898 1984 I [OAR] PanelAppHost: [0.000000][0.197806][0.371368][-0.400000]
07-09 18:27:30.281 1898 1984 I [OAR] PanelAppHost: [0.000000][-0.079117][0.928486][-1.000000]
07-09 18:27:30.281 1898 1984 I [OAR] PanelAppHost: [0.000000][0.000000][0.000000][1.000000]
07-09 18:27:30.281 1898 1984 I [OAR] PanelRenderLayer: Using layerTransform 2. layerWidth:0 , layerHeight:0
07-09 18:27:30.281 1898 1984 I [OAR] PanelAppHost: Applying new layerTransform:
07-09 18:27:30.281 1898 1984 I [OAR] PanelAppHost: [0.135344][0.000000][0.000000][-0.345879]
07-09 18:27:30.281 1898 1984 I [OAR] PanelAppHost: [0.000000][0.197806][0.371368][-0.400000]
07-09 18:27:30.281 1898 1984 I [OAR] PanelAppHost: [0.000000][-0.079117][0.928486][-1.000000]
07-09 18:27:30.281 1898 1984 I [OAR] PanelAppHost: [0.000000][0.000000][0.000000][1.000000]
07-09 18:27:30.281 1898 1984 I [OAR] PanelRenderLayer: Using layerTransform 2. layerWidth:0 , layerHeight:0
07-09 18:27:30.281 1898 1984 I [OAR] PanelAppHost: Applying new layerTransform:
07-09 18:27:30.281 1898 1984 I [OAR] PanelAppHost: [0.345879][0.000000][0.000000][0.134091]
07-09 18:27:30.281 1898 1984 I [OAR] PanelAppHost: [0.000000][0.197806][0.371368][-0.399963]
07-09 18:27:30.281 1898 1984 I [OAR] PanelAppHost: [0.000000][-0.079117][0.928486][-0.999907]
07-09 18:27:30.281 1898 1984 I [OAR] PanelAppHost: [0.000000][0.000000][0.000000][1.000000]
07-09 18:27:30.281 1898 1984 I [OAR] PanelRenderLayer: Using layerTransform 2. layerWidth:0 , layerHeight:0
07-09 18:27:30.281 1898 1984 I [OAR] SystemTaskBarV2: EnsurePanelApp with shouldShowDialogNuxNextFrame 0
07-09 18:27:30.282 1898 1984 I [OAR] SystemTabletController: Processing pending AndroidLibrary tablet.
07-09 18:27:30.282 1898 1984 I [OAR] SystemTabletController: Processing AUI deep link uri /library.
07-09 18:27:30.282 1898 1984 I [OAR] SystemTaskBarControllerBatteryLevels: Updating left controller battery level from 60 to 60.
07-09 18:27:30.282 1898 1984 I [OAR] SystemTaskBarControllerBatteryLevels: Updating right controller battery level from 50 to 50.
07-09 18:27:30.282 1898 1984 I [OAR] SystemTaskBarV2: Repositioning toast layer: isShowingTaskBar = 1, isShowingSystemTablet = 1
07-09 18:27:30.282 1898 1984 I [OAR] PanelAppHost: Applying new layerTransform:
07-09 18:27:30.282 1898 1984 I [OAR] PanelAppHost: [0.283705][0.000000][0.000000][0.000000]
07-09 18:27:30.282 1898 1984 I [OAR] PanelAppHost: [0.000000][0.048635][0.000000][-0.132507]
07-09 18:27:30.282 1898 1984 I [OAR] PanelAppHost: [0.000000][0.000000][1.000000][-1.090000]
07-09 18:27:30.282 1898 1984 I [OAR] PanelAppHost: [0.000000][0.000000][0.000000][1.000000]
07-09 18:27:30.282 1898 1984 I [OAR] PanelRenderLayer: Using layerTransform 2. layerWidth:0 , layerHeight:0
07-09 18:27:30.282 1898 1984 I [OAR] EnvironmentReconciler: Audio state is invalid, but headset is mounted. Marking all state as changed to trigger update
07-09 18:27:30.282 1898 1984 I [OAR] PanelRenderLayer: Using layerTransform 2. layerWidth:0 , layerHeight:0
07-09 18:27:30.282 1898 1984 I [OAR] PanelRenderLayer: Using layerTransform 2. layerWidth:0 , layerHeight:0
07-09 18:27:30.282 1898 1984 I [OAR] PanelRenderLayer: Using layerTransform 2. layerWidth:0 , layerHeight:0
07-09 18:27:30.282 1898 1984 I [OAR] PanelRenderLayer: Using layerTransform 2. layerWidth:0 , layerHeight:0
07-09 18:27:30.282 1898 1984 I [OAR] PartyManager: Party Response Parse Time: 0.059166ms
07-09 18:27:30.284 1898 2620 I OVRPlatform: [CurlHttpClient] Executing HTTP request: https://graph.oculus.com//v1.20/me?fields=current_party{id,leader{id},join_policy,users{id,alias,can_viewer_message,display_name,profile_url,profile_url_small,presence,presence_status,presence_app{id,package_name},presence_deeplink_joinable,presence_deeplink_message,presence_destination_api_name,presence_scoped_user_id,avatar_v2{avatar_image{uri}}},invited_users{id,alias,can_viewer_message,display_name,profile_url,profile_url_small,presence,presence_status,presence_app{id,package_name},avatar_v2{avatar_image{uri}}}}&app_version=224383062
07-09 18:27:30.287 1898 1898 I [OAR] PanelServiceConnection: verifyFirstPartyUID(Debug Signatures=false, uid=10061) => apkSignatureResult=SigCertInfo(isTrusted=true, packageNames=[com.oculus.systemux], signature=308205cf308203b7a0030201020204097e91c1300d06092a864886f70d01010b0500308197310b3009060355040613025553311330110603550408130a43616c69666f726e6961311330110603550407130a4d656e6c6f205061726b31233021060355040a131a46616365626f6f6b20546563686e6f6c6f676965732c204c4c4331233021060355040b131a46616365626f6f6b20546563686e6f6c6f676965732c204c4c43311430120603550403130b4f63756c75732041707073301e170d3139303730343131333935315a170d3436313131393131333935315a308197310b3009060355040613025553311330110603550408130a43616c69666f726e6961311330110603550407130a4d656e6c6f205061726b31233021060355040a131a46616365626f6f6b20546563686e6f6c6f676965732c204c4c4331233021060355040b131a46616365626f6f6b20546563686e6f6c6f676965732c204c4c43311430120603550403130b4f63756c7573204170707330820222300d06092a864886f70d01010105000382020f003082020a0282020100b815642a5c201c8da044905dafbb06c05fddb75449cc75a716a0434da0493a52a4d60643532c237e76cb41d2c32a5e4474f12b37f632a809b5a5ceb8c6289ecf828e736b4ec452b1c2757bd0b5ed13eff5a7a47ab2ef6cdf60a8d749e9e8603f30d12b5db8f734c57578a2a4ce5ff5737c1f02c629d2dcb4f82726674663a699de94463ff370fa9eb48158831bf0b68bd6ec84293182d52e860bdd81bb9ce9cdd6a77fea0df25004da34d3cce7a31069646aa4628fba9ccb0952163793be9a4edf49a53f83179c2f44d8c87d6c129e8d590af0f3fced26201ee43b31fccd93b497cd198c5cd1f98d64c4f7ad79ca47278c02652d5dc072a99807e22f473f7bae4da2bafcae48cd49ad55a764b8d39f329f6175eac9074307deff48b1c4a6e19b748766617768c31a17feae8478eb7f9ebfb61af2b9f5a692b636342d7ebc53d7146626b51801b5a0a102e281475decdefb8683d0ca2843dc7aaeb6759bcab0dcba38db44f5d7f797a1c9c02dd159c0e3c72b14dc882d31c24ad8abee4ce0f7f0205e05efef551e2551a61e96636ed5dfd7435d3d24f5a130a12f10452cc954aa770d5d95e3e0cb9d7b05c5506a7947f8ff3437b3d82274fdaa156d85bfb7fbcb4fa5557080fedab86520b71d3d533e7bb3e7e3ebe9712b68e755d700b0afbf7595ffa80a6b3d90bfe599769138ee6515df415e32c0abed2b8e4aea1f47351f490203010001a321301f301d0603551d0e04160414a3c939e6b71c43bc9193f773c0351be1aff311f9300d06092a864886f70d01010b050003820201004e4c865231f2a3583c6af9488ecf9aa96b1ee84e2d7bfad00581537dc70c54ecfcf360e563d018efa4cdd77bf6fc4c9f1a20ebd4215cf1538686d4089bdcc8adb6ae4497ead14b0c18efd52ce93357019973e94e16b3326c60885b1bdc5f9cad1098f16732935876d8d19bda3ceeaaa69a83c4e2231710c6735f88abdfffe3dfa2be3f18f894923441b4e4a9c9664ed6294c16d7c073547063bfdbbefad184a001f1dce2feffdc96d10eb16a3bfbcd382cd297ca3b4edb7ebacd1a9931a1368a5157ceaebbca5b39bd5db5461a340db8ec076d38a94bcdd042bfb51388158ba97a49b631c1762fa746c7bb36eaf15cae23fa993cfb052e824f2ae173ea27b50a6cca91eb955f4faf131514757e5a3ecae9df6d23771279b7742f28fb9ce394eb9e03926f550716f1312355a5efdc479d8347b516cff55cb14307c81280142cacf2fd6562a2baacbfc97869272b1c51abf79121de8bab227e001313d4115eb9b33a332ebb34e290f14b5352ef1038f7a5f3740c9d1136b3526de4331deb4fa529c36a17c04c3e64d4f6ebda73d6e6e18281e3948fd11e685eab6611be1bc62839bce5962715e7f6537e6c083bcd3538d17407b26c850cd6b3f5e2149fdef027a6cfb7ed0f93c928aca14927b10c6a3f104ba1b10413af8b1868b84a004e5ddd065fff26a7bb3c818bb5a2d69aedf9441ef9033efae3ef52282a96f66d4b4ff3f2), time=5 ms
07-09 18:27:30.287 551 1818 D audio_hw_primary: adev_open_input_stream: enter: sample_rate(48000) channel_mask(0x10) devices(0x80000004) stream_handle(0xeb64a000) io_handle(70) source(1) format 1
07-09 18:27:30.289 2206 3474 W TimeWarp: WarpToScreen: No completed frames to display for client 0. submittedFrameIndex = 460
07-09 18:27:30.293 551 3687 I AudioFlinger: AudioFlinger's thread 0xe9483e40 ready to run
07-09 18:27:30.293 551 3687 D audio_hw_primary: in_standby: enter: stream (0xeb64a000) usecase(16: audio-record)
07-09 18:27:30.296 551 3687 D audio_hw_primary: in_standby: enter: stream (0xeb64a000) usecase(16: audio-record)
07-09 18:27:30.296 1991 2004 I CppPanelService: verifyVrShellUID(Debug Signatures=false, uid=10024) => apkSignatureResult=SigCertInfo(isTrusted=true, packageNames=[com.oculus.vrshell], signature=3082038d30820275a00302010202041303858a300d06092a864886f70d01010b05003077310b3009060355040613025553310b3009060355040813024341311330110603550407130a4d656e6c6f205061726b31173015060355040a130e4f63756c75732056522c204c4c4331173015060355040b130e4f63756c75732056522c204c4c43311430120603550403130b4f63756c75732041707073301e170d3134313033303231343032315a170d3432303331373231343032315a3077310b3009060355040613025553310b3009060355040813024341311330110603550407130a4d656e6c6f205061726b31173015060355040a130e4f63756c75732056522c204c4c4331173015060355040b130e4f63756c75732056522c204c4c43311430120603550403130b4f63756c7573204170707330820122300d06092a864886f70d01010105000382010f003082010a0282010100a34c7fbd96dea95d811f21a0d760cabca85f2df5dbe19b62aca7a3e3e0b6e48f7e173345f2753c458d639cc2e222eeee4cfb5e89ac1c5060044414056709a43a7f1a6f1e4f2c3d708c48912634be08ad6da1fff92d9c0d4b85e4bc8a8b1c27de84c04eb1e6577c10693500af46beaf7bd2ce72a06a46f4e565859f242cecbef1a431ae8096db712cebe73840bacc64de6b99077ba1ca8c20e5d0b4870bd161f087abbf568dfef58e604068ca6f7cdea183c8681c306bc30cb223e7c5ce3a2fcf00d13e158475b3700ef62dcca46c57baecca4d91052e20b861a1a085d5fc8e99aed8c4a9cfd550d01e54ef5062133befcf7f9ea6a5a1d1575a72cd82279f34030203010001a321301f301d0603551d0e04160414ec7ccdaf8ccdc6dd1b87d4b561582ad8ec397b80300d06092a864886f70d01010b0500038201010014c557ecddc17ba8b979618036e7093b8e7307f624644532c31239f4dc83fd9424267ca7670fa9f78689cbc5bfd8a6312fdc214bd159d614a8753ceec0f2b2d9166217895b13c992e1d10ca625a3153dacfa51dbdb7fde139bd59510f5add29f88be3826b445ce7386dcf06577be72fbdf118fa81179091fad275981409e02d40422d8e86df5827a2c496a4b905b4825c3f1ba0af4cf509bf9b0d4d608cf0b4320ac60d1a8cbcc384de24f11a4c93c0fc5b887cbd6855871af1b1ef729c51a8a123efc6a627b6494e81a264587443b9156ad17772863c2f9685fae9c72a552b333f8ef2822bce5d4d178e45b3a8dd4e321924f6a5ba43f732971a9e74cbf0433), time=7 ms
07-09 18:27:30.296 1991 1991 D CppPanelService: BEGIN: Initializing panel application via MSG_CREATE_PANEL_APP.
07-09 18:27:30.296 1991 1991 D CppPanelService: Falling back to last known good shell api level for 18.0.0.403.517
07-09 18:27:30.296 1991 1991 D CppPanelService: Configuring service for Shell with versionName 18.0.0.403.517 and versionCode 224383062 selected API Level 2
07-09 18:27:30.297 1991 1991 I AndroidPanelApp: Creating AndroidPanelApp
07-09 18:27:30.297 1991 1991 I AndroidPanelApp: _oc_gk:oculus_vrshell_anytimeui_v2_social = true
07-09 18:27:30.297 1991 1991 I AndroidPanelApp: _oc_userid = 105336190730996
07-09 18:27:30.297 1991 1991 I AndroidPanelApp: _oc_gk:oculus_vrshell_anytimeui_v2_show_pymks = true
07-09 18:27:30.297 1991 1991 I AndroidPanelApp: _oc_gk:oculus_auiv2_default_tablet_hidden = true
07-09 18:27:30.297 1991 1991 I AndroidPanelApp: _oc_gk:oculus_messenger_quick_chat_dialog = true
07-09 18:27:30.297 1991 1991 I AndroidPanelApp: _oc_gk:oculus_quest_profile_sharing = true
07-09 18:27:30.297 1991 1991 I AndroidPanelApp: _oc_gk:oculus_quest_passthrough_ondemand = true
07-09 18:27:30.297 1991 1991 I AndroidPanelApp: _oc_gk:oculus_parties_join_button = true
07-09 18:27:30.297 1991 1991 I AndroidPanelApp: _oc_gk:oculus_mobile_sysux_unified_dialogs_v9 = true
07-09 18:27:30.297 1991 1991 I AndroidPanelApp: _oc_shell_pixel_density = 13
07-09 18:27:30.297 1991 1991 I AndroidPanelApp: _oc_gk:oculus_vrshell_anytimeui_chat_icon = true
07-09 18:27:30.297 1991 1991 I AndroidPanelApp: _oc_gk:oculus_mobile_pause_videoshot_enabled = true
07-09 18:27:30.297 1991 1991 I AndroidPanelApp: _oc_gk:oculus_social_party_fb_upsell = true
07-09 18:27:30.297 1991 1991 I AndroidPanelApp: _oc_gk:oculus_mobile_hand_tracking_ga = true
07-09 18:27:30.297 1991 1991 I AndroidPanelApp: _oc_gk:oculus_mobile_auiv2_android_library = true
07-09 18:27:30.297 1991 1991 I AndroidPanelApp: _oc_shell_permissions = permissionsGranted camera write_storage microphone
07-09 18:27:30.297 1991 1991 I AndroidPanelApp: _oc_gk:oc_social_h1_2020_mobile_sharing_updates = true
07-09 18:27:30.297 1991 1991 I AndroidPanelApp: _oc_gk:oculus_vrshell_anytimeui_living_room_badge = true
07-09 18:27:30.297 1991 1991 I AndroidPanelApp: _oc_device_type = 259
07-09 18:27:30.297 1991 1991 I AndroidPanelApp: _oc_ff:aui_react_only_library = false
07-09 18:27:30.297 1991 1991 I AndroidPanelApp: _oc_shell_version_code = 224383062
07-09 18:27:30.297 1991 1991 I AndroidPanelApp: _oc_shell_version_name = 18.0.0.403.517
07-09 18:27:30.297 1991 1991 I AndroidPanelApp: _oc_shell_panel_id = 6
07-09 18:27:30.297 1991 1991 I AndroidPanelApp: _oc_gk:oculus_party_block_members = true
07-09 18:27:30.297 1991 1991 I AndroidPanelApp: _oc_device_region = 0
07-09 18:27:30.297 1991 1991 I AndroidPanelApp: _oc_gk:oculus_mobile_pause_invite_enabled = true
07-09 18:27:30.297 1991 1991 I AndroidPanelApp: _oc_launch_timestamp = 74979
07-09 18:27:30.297 1991 1991 I AndroidPanelApp: _oc_gk:oculus_parties_message_button = true
07-09 18:27:30.297 1991 1991 I AndroidPanelApp: _oc_gk:oculus_party_joinable_calls = true
07-09 18:27:30.297 1991 1991 I AndroidPanelApp: _oc_auiv2 = true
07-09 18:27:30.297 1991 1991 I AndroidPanelApp: _oc_gk:oculus_party_joinable_toggle_aui = true
07-09 18:27:30.297 1991 1991 I AndroidPanelApp: _oc_shell_automation_enabled = false
07-09 18:27:30.297 1991 1991 I AndroidPanelApp: _oc_gk:oculus_vrshell_core_tv_button = true
07-09 18:27:30.297 1991 1991 I AndroidPanelApp: _oc_ff:aui_v2 = true
07-09 18:27:30.297 1991 1991 I AndroidPanelApp: _oc_headset_type = 256
07-09 18:27:30.297 1991 1991 I AndroidPanelApp: _oc_gk:oculus_vrshell_anytimeui_v2_profile = true
07-09 18:27:30.297 1991 1991 I AndroidPanelApp: _oc_gk:oculus_mobile_home_js_bundle = true
07-09 18:27:30.297 1991 1991 I AndroidPanelApp: _oc_shell_render_scale = 1.000000
07-09 18:27:30.297 1991 1991 I AndroidPanelApp: _oc_gk:oculus_profile_biography = true
07-09 18:27:30.297 1991 1991 I AndroidPanelApp: _oc_gk:oculus_developer = true
07-09 18:27:30.297 1991 1991 I AndroidPanelApp: _oc_gk:oculus_mobile_pause_screenshot_enabled = true
07-09 18:27:30.297 1991 1991 I AndroidPanelApp: _oc_shell_feature_sets = multi-layer-v1,mirror-avatar-v1,system-ux-routes-v1,deeplink-nav-v1,clock-levels-v1,layerTranslate-v1,layerScaleDensity-v1,layerScaleDensity-v2,multiapp-alpha-v1,multiapp-v1,multiapp-v2,recoverInstances-v1,webtasks-in-exclusive-mode
07-09 18:27:30.297 1991 1991 I AndroidPanelApp: _oc_enterprise_mode = false
07-09 18:27:30.297 1991 1991 I AndroidPanelApp: _oc_analytics_session_id = b1cf9f28-bf9c-46e6-bca5-fc8f88786103
07-09 18:27:30.297 1991 1991 I AndroidPanelApp: _oc_gk:oculus_mobile_settings_release_process = true
07-09 18:27:30.297 1991 1991 I AndroidPanelApp: _oc_shell_view_id_debugging_enabled = false
07-09 18:27:30.297 1991 1991 I AndroidPanelApp: _oc_gk:oculus_mobile_sysux_lightweight_releases = true
07-09 18:27:30.297 1991 1991 I AndroidPanelApp: _oc_ff:aui_android_only_library = false
07-09 18:27:30.297 1991 1991 I AndroidPanelApp: _oc_shell_host = vrshell
07-09 18:27:30.297 1991 1991 I AndroidPanelApp: Created
07-09 18:27:30.302 2206 3474 W TimeWarp: WarpToScreen: No completed frames to display for client 0. submittedFrameIndex = 460
07-09 18:27:30.303 551 3470 W AudioFlinger::EffectModule: EffectModule 0xeb63a300 destructor called with unreleased interface
07-09 18:27:30.303 551 3470 W AudioFlinger::EffectHandle: disconnect Effect handle 0xeb6393c0 disconnected after thread destruction
07-09 18:27:30.306 551 3470 D audio_hw_primary: adev_close_input_stream: enter:stream_handle(0xeb64a000)
07-09 18:27:30.307 551 3470 D audio_hw_primary: in_standby: enter: stream (0xeb64a000) usecase(16: audio-record)
07-09 18:27:30.311 1841 2162 E PresenceManager: Heartbeat error.
07-09 18:27:30.311 1841 2162 E PresenceManager: retrofit.RetrofitError
07-09 18:27:30.311 1841 2162 E PresenceManager: at retrofit.RestAdapter$RestHandler.invokeRequest(RestAdapter.java:395)
07-09 18:27:30.311 1841 2162 E PresenceManager: at retrofit.RestAdapter$RestHandler.invoke(RestAdapter.java:240)
07-09 18:27:30.311 1841 2162 E PresenceManager: at java.lang.reflect.Proxy.invoke(Proxy.java:813)
07-09 18:27:30.311 1841 2162 E PresenceManager: at com.oculus.horizon.platform.$Proxy6.heartbeatForUser(Unknown Source)
07-09 18:27:30.311 1841 2162 E PresenceManager: at com.oculus.horizon.platform.PresenceManager.run(PresenceManager.java:328)
07-09 18:27:30.311 1841 2162 E PresenceManager: at java.lang.Thread.run(Thread.java:761)
07-09 18:27:30.311 1841 2162 E PresenceManager: Caused by: java.net.ProtocolException
07-09 18:27:30.311 1841 2162 E PresenceManager: at com.oculus.http.core.interceptor.OculusAuthorizationInterceptor.createNonRetryableIOException(OculusAuthorizationInterceptor.java:98)
07-09 18:27:30.311 1841 2162 E PresenceManager: at com.oculus.http.core.interceptor.OculusAuthorizationInterceptor.getAccessToken(OculusAuthorizationInterceptor.java:79)
07-09 18:27:30.311 1841 2162 E PresenceManager: at com.oculus.http.core.interceptor.OculusAuthorizationInterceptor.addAuthorization(OculusAuthorizationInterceptor.java:65)
07-09 18:27:30.311 1841 2162 E PresenceManager: at com.oculus.http.core.interceptor.AuthorizationInterceptor.intercept(AuthorizationInterceptor.java:37)
07-09 18:27:30.311 1841 2162 E PresenceManager: at okhttp3.internal.http.RealInterceptorChain.proceed(RealInterceptorChain.java:92)
07-09 18:27:30.311 1841 2162 E PresenceManager: at okhttp3.internal.http.RealInterceptorChain.proceed(RealInterceptorChain.java:67)
07-09 18:27:30.311 1841 2162 E PresenceManager: at com.oculus.http.core.interceptor.ApiInterceptor.intercept(ApiInterceptor.java:81)
07-09 18:27:30.311 1841 2162 E PresenceManager: at okhttp3.internal.http.RealInterceptorChain.proceed(RealInterceptorChain.java:92)
07-09 18:27:30.311 1841 2162 E PresenceManager: at okhttp3.internal.connection.ConnectInterceptor.intercept(ConnectInterceptor.java:45)
07-09 18:27:30.311 1841 2162 E PresenceManager: at okhttp3.internal.http.RealInterceptorChain.proceed(RealInterceptorChain.java:92)
07-09 18:27:30.311 1841 2162 E PresenceManager: at okhttp3.internal.http.RealInterceptorChain.proceed(RealInterceptorChain.java:67)
07-09 18:27:30.311 1841 2162 E PresenceManager: at okhttp3.internal.cache.CacheInterceptor.intercept(CacheInterceptor.java:93)
07-09 18:27:30.311 1841 2162 E PresenceManager: at okhttp3.internal.http.RealInterceptorChain.proceed(RealInterceptorChain.java:92)
07-09 18:27:30.311 1841 2162 E PresenceManager: at okhttp3.internal.http.RealInterceptorChain.proceed(RealInterceptorChain.java:67)
07-09 18:27:30.311 1841 2162 E PresenceManager: at okhttp3.internal.http.BridgeInterceptor.intercept(BridgeInterceptor.java:93)
07-09 18:27:30.311 1841 2162 E PresenceManager: at okhttp3.internal.http.RealInterceptorChain.proceed(RealInterceptorChain.java:92)
07-09 18:27:30.311 1841 2162 E PresenceManager: at okhttp3.internal.http.RetryAndFollowUpInterceptor.intercept(RetryAndFollowUpInterceptor.java:120)
07-09 18:27:30.311 1841 2162 E PresenceManager: at okhttp3.internal.http.RealInterceptorChain.proceed(RealInterceptorChain.java:92)
07-09 18:27:30.311 1841 2162 E PresenceManager: at okhttp3.internal.http.RealInterceptorChain.proceed(RealInterceptorChain.java:67)
07-09 18:27:30.311 1841 2162 E PresenceManager: at okhttp3.RealCall.getResponseWithInterceptorChain(RealCall.java:179)
07-09 18:27:30.311 1841 2162 E PresenceManager: at okhttp3.RealCall.execute(RealCall.java:63)
07-09 18:27:30.311 1841 2162 E PresenceManager: at com.jakewharton.retrofit.Ok3Client.execute(Ok3Client.java:41)
07-09 18:27:30.311 1841 2162 E PresenceManager: at retrofit.RestAdapter$RestHandler.invokeRequest(RestAdapter.java:326)
07-09 18:27:30.311 1841 2162 E PresenceManager: ... 5 more
07-09 18:27:30.312 1991 1991 V [SUI] AnytimeUIAndroidPanelAppBase: Wifi is connected
07-09 18:27:30.312 1991 1991 I [SUI] AnytimeUIAndroidPanelAppBase: Routing to horizon content provider
07-09 18:27:30.313 1991 1991 I AndroidPanelApp: Sending surface geometry border radius with type all and value 12 for layer tablet.
07-09 18:27:30.313 1991 1991 I AndroidPanelApp: Sending surface geometry border radius with type left and value 12 for layer tabletNav.
07-09 18:27:30.313 1991 1991 I AndroidPanelApp: Sending surface geometry border radius with type right and value 12 for layer tabletContent.
07-09 18:27:30.313 1991 1991 I AndroidPanelApp: Calling ensurePanelLayer on layer "#main" with view ID -1
07-09 18:27:30.313 1991 1991 I AndroidPanelLayer: Setting spec for layer "#main"
07-09 18:27:30.313 1991 1991 I AndroidPanelLayer: Setting size of layer "#main" to have width 774 and height 124
07-09 18:27:30.313 1991 1991 I AndroidPanelLayer: Destroying presentation for layer "#main".
07-09 18:27:30.313 1991 1991 I AndroidPanelLayer: Creating presentation for layer "#main" with width 774 and height 124
07-09 18:27:30.316 1050 1524 I DisplayManagerService: Display device added: DisplayDeviceInfo{"com.oculus.android_panel_app.AndroidPanelLayer-#main": uniqueId="virtual:com.oculus.systemux,10061,com.oculus.android_panel_app.AndroidPanelLayer-#main,1", 774 x 124, modeId 18, defaultModeId 18, supportedModes [{id=18, width=774, height=124, fps=60.0}], colorMode 0, supportedColorModes [0], HdrCapabilities null, density 160, 160.0 x 160.0 dpi, appVsyncOff 0, presDeadline 16666666, touch NONE, rotation 0, type VIRTUAL, state OFF, owner com.oculus.systemux (uid 10061), FLAG_PRIVATE, FLAG_NEVER_BLANK, FLAG_OWN_CONTENT_ONLY}
07-09 18:27:30.316 2206 3474 W TimeWarp: WarpToScreen: No completed frames to display for client 0. submittedFrameIndex = 460
07-09 18:27:30.321 1991 1991 D [SUI] AnytimeUIAndroidPanelAppV2: Inflating view for layer: #main, viewIdentifier = -1
07-09 18:27:30.325 1841 1841 I PartyStateManager: enforcePartyChatStateConsistency - got current party response: Party is null
07-09 18:27:30.325 1841 1841 I PartyStateManager: enforcePartyChatStateConsistency - User not in a party.
07-09 18:27:30.325 1841 1841 I PlatformPlugin: [PlatformPluginManager] Stopping party chat
07-09 18:27:30.325 1841 1841 I OVRPlatform: [PartyChatInterchangeable] Stop PartyChat.
07-09 18:27:30.326 1898 2623 I OVRPlatform: [HttpRequest] Request `me?fields=current_party{id,leader{id},join_policy,users{id,alias,can_viewer_message,display_name,profile_url,profile_url_small,presence,presence_status,presence_app{id,package_name},presence_deeplink_joinable,presence_deeplink_message,presence_destination_api_name,presence_scoped_user_id,avatar_v2{avatar_image{uri}}},invited_users{id,alias,can_viewer_message,display_name,profile_url,profile_url_small,presence,presence_status,presence_app{id,package_name},avatar_v2{avatar_image{uri}}}}' (id: 77) succeeded: {"id":"105336190730996"}
07-09 18:27:30.326 1898 2623 I OVRPlatform: [RequestStopwatch] HttpRequestAsync (me?fields=current_party{id,leader{id},join_policy,users{id,alias,can_viewer_message,display_name,profile_url,profile_url_small,presence,presence_status,presence_app{id,package_name},presence_deeplink_joinable,presence_deeplink_message,presence_destination_api_name,presence_scoped_user_id,avatar_v2{avatar_image{uri}}},invited_users{id,alias,can_viewer_message,display_name,profile_url,profile_url_small,presence,presence_status,presence_app{id,package_name},avatar_v2{avatar_image{uri}}}}) took 42.4050 milliseconds
07-09 18:27:30.330 2206 3474 W TimeWarp: WarpToScreen: No completed frames to display for client 0. submittedFrameIndex = 460
07-09 18:27:30.331 1991 1991 D [SUI] StatusViewModel: Constructing ViewModel
07-09 18:27:30.338 1898 1984 I OVRPlatform: [AndroidPlatformIntegration] Creating shared mic
07-09 18:27:30.339 2264 2327 I VrGuardianService: GuardianSDKServer::SetGuardianCanPaint
07-09 18:27:30.339 1898 1984 I [OAR] TelemetryProvider: aui_reorient system 0 0 0
07-09 18:27:30.340 1898 3692 I VrRuntimeClient: FenceChecker::MainLoop - started
07-09 18:27:30.343 1898 1984 I [OAR] GuardianController: renderMode != desiredRenderMode: (3, 3, 2, 0), (3, 1, 2, 0)
07-09 18:27:30.343 2264 2327 I VrGuardianService: GuardianSDKServer::SetGuardianRenderMode
07-09 18:27:30.343 1991 1991 D [SUI] SocialViewModel: Constructing ViewModel
07-09 18:27:30.343 1991 1991 D [SUI] SettingsViewModel: Constructing ViewModel
07-09 18:27:30.345 1991 1991 D [SUI] ProfileViewModel: Constructing ViewModel
07-09 18:27:30.345 1991 1991 D [SUI] PauseViewModel: Constructing ViewModel
07-09 18:27:30.345 1991 1991 D [SUI] BarView: Initializing debug bar
07-09 18:27:30.345 1991 1991 D [SUI] BarView: Initialized debug bar
07-09 18:27:30.345 1991 1991 D [SUI] BarView: Initializing profile navigation button
07-09 18:27:30.345 1991 1991 D [SUI] BarView: Initialized profile navigation button
07-09 18:27:30.345 1991 1991 D [SUI] BarView: Initializing apps navigation button
07-09 18:27:30.345 1991 1991 D [SUI] BarView: Initialized apps navigation button
07-09 18:27:30.345 1991 1991 D [SUI] BarView: Initializing notifications navigation button
07-09 18:27:30.345 1991 1991 D [SUI] BarView: Initialized notifications navigation button
07-09 18:27:30.345 1991 1991 D [SUI] BarView: Initializing sharing navigation button
07-09 18:27:30.345 1991 1991 D [SUI] BarView: Initialized sharing navigation button
07-09 18:27:30.345 1991 1991 D [SUI] BarView: Initializing settings navigation button
07-09 18:27:30.345 1991 1991 D [SUI] BarView: Initialized settings navigation button
07-09 18:27:30.345 1991 1991 D [SUI] BarView: Initializing pause navigation button
07-09 18:27:30.345 1991 1991 D [SUI] BarView: Initialized pause navigation button
07-09 18:27:30.345 1991 1991 D [SUI] BarView: Initializing social navigation button
07-09 18:27:30.345 1991 1991 D [SUI] BarView: Initialized social navigation button
07-09 18:27:30.346 1991 1991 I AndroidPanelApp: measureLayerView with initial width 774, initial height 124, resize behavior NONE.
07-09 18:27:30.346 1991 1991 I AndroidPanelApp: Measured width 774 and height 124.
07-09 18:27:30.346 1991 1991 I AndroidPanelLayer: Setting size of layer "#main" to have width 774 and height 124
07-09 18:27:30.347 1991 1991 I AndroidPanelApp: layerTransform: Showing panel layer "#main" in VrShell with width 774, height 124, position( 0.000000 , 0.000000 ), rotation (0.000000 , 0.000000 , 0.000000 ) hit-testable true, shape 1, and system-positioned true. Density: 4680.000000. Supersampled: false
07-09 18:27:30.347 1898 1984 I [OAR] EnvironmentReconciler: Using the scene audio loop
07-09 18:27:30.347 1898 1984 I [OAR] Scene: SetBackgroundLoop: default scene selected, setting audio apk://com.oculus.firsttimenuxresources/assets/quest_dome.gltf.ovrscene
07-09 18:27:30.347 1991 1991 I AndroidPanelApp: Calling ensurePanelLayer on layer "tablet" with view ID -1
07-09 18:27:30.347 1991 1991 I AndroidPanelLayer: Setting spec for layer "tablet"
07-09 18:27:30.348 1991 1991 I AndroidPanelLayer: Setting size of layer "tablet" to have width 768 and height 340
07-09 18:27:30.348 1898 1984 I [OAR] AudioMixer: PlayAmbisonicWavFile: 1335437 looping samples 4 channels at 75.113307
07-09 18:27:30.348 1991 1991 I AndroidPanelLayer: Destroying presentation for layer "tablet".
07-09 18:27:30.348 1991 1991 I AndroidPanelLayer: Creating presentation for layer "tablet" with width 768 and height 340
07-09 18:27:30.348 1898 1984 I [OAR] PartyManager: Party Response Parse Time: 0.051458ms
07-09 18:27:30.355 2206 3474 I Clocks : SetSchedFifo( tid=3692, pri=1 ) succeeded
07-09 18:27:30.355 1050 1458 I DisplayManagerService: Display device added: DisplayDeviceInfo{"com.oculus.android_panel_app.AndroidPanelLayer-tablet": uniqueId="virtual:com.oculus.systemux,10061,com.oculus.android_panel_app.AndroidPanelLayer-tablet,1", 768 x 340, modeId 19, defaultModeId 19, supportedModes [{id=19, width=768, height=340, fps=60.0}], colorMode 0, supportedColorModes [0], HdrCapabilities null, density 160, 160.0 x 160.0 dpi, appVsyncOff 0, presDeadline 16666666, touch NONE, rotation 0, type VIRTUAL, state OFF, owner com.oculus.systemux (uid 10061), FLAG_PRIVATE, FLAG_NEVER_BLANK, FLAG_OWN_CONTENT_ONLY}
07-09 18:27:30.356 2206 3474 I Clocks : SetSchedFifo( tid=2583, pri=1 ) succeeded
07-09 18:27:30.356 2206 3474 I TimeWarp: UpdateClockLevels: Apply pending clock request change: 3,4 -> 4,4
07-09 18:27:30.356 2206 3472 I Clocks : ReleaseClocks - start
07-09 18:27:30.357 728 1245 D : CPU_CLUSTER_0: No client requests exists, release clocks
07-09 18:27:30.357 728 1245 D : CPU_CLUSTER_1: No client requests exists, release clocks
07-09 18:27:30.358 728 1245 D : GPU: No client requests exists, release clocks
07-09 18:27:30.362 728 1245 D : CPUBW: No client requests exists, release clocks
07-09 18:27:30.362 1991 1991 D [SUI] AnytimeUIAndroidPanelAppV2: Inflating view for layer: tablet, viewIdentifier = -1
07-09 18:27:30.363 1991 1991 D [SUI] HostView: Constructing HostView
07-09 18:27:30.363 1991 1991 D [SUI] HostView: Initializing HostView
07-09 18:27:30.363 2264 2291 I GuardianSystem: UpdateGuardianSystemState: Flags changed: 524288, 532480
07-09 18:27:30.364 1991 1991 D [SUI] EmptyView: Constructing EmptyView
07-09 18:27:30.364 1991 1991 D [SUI] EmptyView: Initializing EmptyView
07-09 18:27:30.364 1991 1991 D [SUI] EmptyView: Showing EmptyView
07-09 18:27:30.364 1991 1991 I AndroidPanelApp: measureLayerView with initial width 768, initial height 340, resize behavior NONE.
07-09 18:27:30.365 1991 1991 I AndroidPanelApp: Measured width 768 and height 340.
07-09 18:27:30.365 1991 1991 I AndroidPanelLayer: Setting size of layer "tablet" to have width 768 and height 340
07-09 18:27:30.368 1991 1991 I AndroidPanelApp: layerTransform: Showing panel layer "tablet" in VrShell with width 768, height 340, position( 0.000000 , 0.000000 ), rotation (0.000000 , 0.000000 , 0.000000 ) hit-testable true, shape 1, and system-positioned true. Density: 4680.000000. Supersampled: false
07-09 18:27:30.368 1991 1991 I AndroidPanelApp: Calling ensurePanelLayer on layer "tabletNav" with view ID -1
07-09 18:27:30.368 1991 1991 I AndroidPanelLayer: Setting spec for layer "tabletNav"
07-09 18:27:30.368 1991 1991 I AndroidPanelLayer: Setting size of layer "tabletNav" to have width 216 and height 340
07-09 18:27:30.368 1991 1991 I AndroidPanelLayer: Destroying presentation for layer "tabletNav".
07-09 18:27:30.369 1991 1991 I AndroidPanelLayer: Creating presentation for layer "tabletNav" with width 216 and height 340
07-09 18:27:30.370 2206 2385 I VrRuntimeServer: SetCompositorClientEnabled client(2): enabled(0) 0x0
07-09 18:27:30.375 2206 3472 I Clocks : ReleaseClocks - end (18.6 ms)
07-09 18:27:30.375 2206 3472 I Clocks : LockClocks( cpu=4, gpu=4 ) - start
07-09 18:27:30.376 2206 3472 I Clocks : CPU levels [0, 4]
07-09 18:27:30.377 3675 3675 W System : ClassLoader referenced unknown path: /system/app/VrHome/lib/arm
07-09 18:27:30.377 2206 3472 I Clocks : GPU levels [0, 5]
07-09 18:27:30.379 1841 2735 I OVRPlatform: [MicrophoneServer] Starting mic server with client 0xb1c19998
07-09 18:27:30.379 1841 2735 D OVRPlatform-OVRMicrophone: start - current state Initialized
07-09 18:27:30.385 728 3586 D : CPU_CLUSTER_0: Client 2206 sends freq request [21, 21]
07-09 18:27:30.385 728 3586 D : CPU_CLUSTER_0: Next Perf Level = (21, 21)
07-09 18:27:30.385 728 3586 D : CPU_CLUSTER_1: Client 2206 sends freq request [26, 26]
07-09 18:27:30.385 728 3586 D : CPU_CLUSTER_1: Next Perf Level = (26, 26)
07-09 18:27:30.386 2264 2583 W VrApi : ovr_SubmitFrameInternal: FrameIndex discontinuity: Expected 1302, Received 1422
07-09 18:27:30.387 1050 1575 I DisplayManagerService: Display device added: DisplayDeviceInfo{"com.oculus.android_panel_app.AndroidPanelLayer-tabletNav": uniqueId="virtual:com.oculus.systemux,10061,com.oculus.android_panel_app.AndroidPanelLayer-tabletNav,1", 216 x 340, modeId 20, defaultModeId 20, supportedModes [{id=20, width=216, height=340, fps=60.0}], colorMode 0, supportedColorModes [0], HdrCapabilities null, density 160, 160.0 x 160.0 dpi, appVsyncOff 0, presDeadline 16666666, touch NONE, rotation 0, type VIRTUAL, state OFF, owner com.oculus.systemux (uid 10061), FLAG_PRIVATE, FLAG_NEVER_BLANK, FLAG_OWN_CONTENT_ONLY}
07-09 18:27:30.391 728 3586 D : CPUBW: Client 2206 sends freq request [8, 11]
07-09 18:27:30.393 1841 2735 I OVRPlatform-OVRMicrophone: AcousticEchoCanceler available
07-09 18:27:30.394 728 3586 D : CPUBW: Next Perf Level = (8, 11)
07-09 18:27:30.394 728 3586 D : GPU: Client 2206 sends freq request [6, 6]
07-09 18:27:30.394 728 3586 D : GPU: Next Perf Level = (6, 6)
07-09 18:27:30.395 2206 3472 I Clocks : LockClocks( cpu=4, gpu=4 ) - end (19.9 ms)
07-09 18:27:30.395 3675 3675 D AccessTokenForwarder: Constructed
07-09 18:27:30.395 1991 1991 D [SUI] AnytimeUIAndroidPanelAppV2: Inflating view for layer: tabletNav, viewIdentifier = -1
07-09 18:27:30.396 1991 1991 D [SUI] NavHostView: Constructing NavHostView
07-09 18:27:30.396 1991 1991 D [SUI] NavHostView: Initializing NavHostView
07-09 18:27:30.396 1991 1991 W Settings: Setting adb_enabled has moved from android.provider.Settings.Secure to android.provider.Settings.Global.
07-09 18:27:30.396 1991 1991 I AndroidPanelApp: measureLayerView with initial width 216, initial height 340, resize behavior NONE.
07-09 18:27:30.397 1991 1991 I AndroidPanelApp: Measured width 216 and height 340.
07-09 18:27:30.397 1991 1991 I AndroidPanelLayer: Setting size of layer "tabletNav" to have width 216 and height 340
07-09 18:27:30.397 3675 3675 D SoLoader: init start
07-09 18:27:30.397 3675 3675 D SoLoader: adding system library source: /vendor/lib
07-09 18:27:30.398 3675 3675 D SoLoader: adding system library source: /system/lib
07-09 18:27:30.398 1991 1991 I AndroidPanelApp: layerTransform: Showing panel layer "tabletNav" in VrShell with width 216, height 340, position( 0.000000 , 0.000000 ), rotation (0.000000 , 0.000000 , 0.000000 ) hit-testable true, shape 1, and system-positioned true. Density: 4680.000000. Supersampled: false
07-09 18:27:30.398 3675 3675 D SoLoader: adding backup source from : com.facebook.soloader.ApkSoSource[root = /data/data/com.oculus.vrshell.home/lib-main flags = 1]
07-09 18:27:30.398 1991 1991 I AndroidPanelApp: Calling ensurePanelLayer on layer "tabletContent" with view ID -1
07-09 18:27:30.398 1991 1991 I AndroidPanelLayer: Setting spec for layer "tabletContent"
07-09 18:27:30.398 3675 3675 D SoLoader: Preparing SO source: com.facebook.soloader.DirectorySoSource[root = /system/lib flags = 2]
07-09 18:27:30.398 1991 1991 I AndroidPanelLayer: Setting size of layer "tabletContent" to have width 552 and height 340
07-09 18:27:30.398 3675 3675 D SoLoader: Preparing SO source: com.facebook.soloader.DirectorySoSource[root = /system/vendor/lib flags = 2]
07-09 18:27:30.398 1991 1991 I AndroidPanelLayer: Destroying presentation for layer "tabletContent".
07-09 18:27:30.398 3675 3675 D SoLoader: Preparing SO source: com.facebook.soloader.ApkSoSource[root = /data/data/com.oculus.vrshell.home/lib-main flags = 1]
07-09 18:27:30.398 1991 1991 I AndroidPanelLayer: Creating presentation for layer "tabletContent" with width 552 and height 340
07-09 18:27:30.398 3675 3675 V fb-UnpackingSoSource: locked dso store /data/user/0/com.oculus.vrshell.home/lib-main
07-09 18:27:30.401 3675 3675 I fb-UnpackingSoSource: dso store is up-to-date: /data/user/0/com.oculus.vrshell.home/lib-main
07-09 18:27:30.401 3675 3675 V fb-UnpackingSoSource: releasing dso store lock for /data/user/0/com.oculus.vrshell.home/lib-main
07-09 18:27:30.402 3675 3675 D SoLoader: init finish: 3 SO sources prepared
07-09 18:27:30.402 3675 3675 D SoLoader: init exiting
07-09 18:27:30.402 3675 3675 D SoLoader: About to load: libfbjni.so
07-09 18:27:30.402 3675 3675 D SoLoader: libfbjni.so found on /data/data/com.oculus.vrshell.home/lib-main
07-09 18:27:30.403 3675 3675 D SoLoader: Loading lib dependencies: [libmemalign16_cpp.so, liblog.so, libc++_shared.so, libm.so, libdl.so, libc.so]
07-09 18:27:30.403 3675 3675 D SoLoader: About to load: libmemalign16_cpp.so
07-09 18:27:30.403 3675 3675 D SoLoader: libmemalign16_cpp.so found on /data/data/com.oculus.vrshell.home/lib-main
07-09 18:27:30.403 1050 2736 I DisplayManagerService: Display device added: DisplayDeviceInfo{"com.oculus.android_panel_app.AndroidPanelLayer-tabletContent": uniqueId="virtual:com.oculus.systemux,10061,com.oculus.android_panel_app.AndroidPanelLayer-tabletContent,1", 552 x 340, modeId 21, defaultModeId 21, supportedModes [{id=21, width=552, height=340, fps=60.0}], colorMode 0, supportedColorModes [0], HdrCapabilities null, density 160, 160.0 x 160.0 dpi, appVsyncOff 0, presDeadline 16666666, touch NONE, rotation 0, type VIRTUAL, state OFF, owner com.oculus.systemux (uid 10061), FLAG_PRIVATE, FLAG_NEVER_BLANK, FLAG_OWN_CONTENT_ONLY}
07-09 18:27:30.404 3675 3675 D SoLoader: Loading lib dependencies: [libmemalign16.so, libc++_shared.so, libc.so]
07-09 18:27:30.404 3675 3675 D SoLoader: About to load: libmemalign16.so
07-09 18:27:30.404 3675 3675 D SoLoader: libmemalign16.so found on /data/data/com.oculus.vrshell.home/lib-main
07-09 18:27:30.404 3675 3675 D SoLoader: Loading lib dependencies: [libc.so]
07-09 18:27:30.404 3675 3675 D SoLoader: About to load: libc.so
07-09 18:27:30.404 3675 3675 D SoLoader: libc.so not found on /data/data/com.oculus.vrshell.home/lib-main
07-09 18:27:30.404 3675 3675 D SoLoader: libc.so not found on /system/vendor/lib
07-09 18:27:30.404 3675 3675 D SoLoader: libc.so found on /system/lib
07-09 18:27:30.404 3675 3675 D SoLoader: libc.so loaded implicitly
07-09 18:27:30.404 3675 3675 D SoLoader: Loaded: libc.so
07-09 18:27:30.405 3675 3675 D SoLoader: Loaded: libmemalign16.so
07-09 18:27:30.405 3675 3675 D SoLoader: About to load: libc++_shared.so
07-09 18:27:30.405 3675 3675 D SoLoader: libc++_shared.so found on /data/data/com.oculus.vrshell.home/lib-main
07-09 18:27:30.405 3675 3675 D SoLoader: Loading lib dependencies: [libc.so, libdl.so]
07-09 18:27:30.405 3675 3675 D SoLoader: About to load: libdl.so
07-09 18:27:30.405 3675 3675 D SoLoader: libdl.so not found on /data/data/com.oculus.vrshell.home/lib-main
07-09 18:27:30.405 3675 3675 D SoLoader: libdl.so not found on /system/vendor/lib
07-09 18:27:30.405 3675 3675 D SoLoader: libdl.so found on /system/lib
07-09 18:27:30.405 3675 3675 D SoLoader: libdl.so loaded implicitly
07-09 18:27:30.405 3675 3675 D SoLoader: Loaded: libdl.so
07-09 18:27:30.407 3675 3675 D SoLoader: Loaded: libc++_shared.so
07-09 18:27:30.408 3675 3675 D SoLoader: Loaded: libmemalign16_cpp.so
07-09 18:27:30.408 3675 3675 D SoLoader: About to load: liblog.so
07-09 18:27:30.408 3675 3675 D SoLoader: liblog.so not found on /data/data/com.oculus.vrshell.home/lib-main
07-09 18:27:30.408 3675 3675 D SoLoader: liblog.so not found on /system/vendor/lib
07-09 18:27:30.408 3675 3675 D SoLoader: liblog.so found on /system/lib
07-09 18:27:30.408 3675 3675 D SoLoader: liblog.so loaded implicitly
07-09 18:27:30.408 3675 3675 D SoLoader: Loaded: liblog.so
07-09 18:27:30.408 3675 3675 D SoLoader: About to load: libm.so
07-09 18:27:30.408 3675 3675 D SoLoader: libm.so not found on /data/data/com.oculus.vrshell.home/lib-main
07-09 18:27:30.408 3675 3675 D SoLoader: libm.so not found on /system/vendor/lib
07-09 18:27:30.408 3675 3675 D SoLoader: libm.so found on /system/lib
07-09 18:27:30.408 3675 3675 D SoLoader: libm.so loaded implicitly
07-09 18:27:30.408 3675 3675 D SoLoader: Loaded: libm.so
07-09 18:27:30.409 3675 3675 D SoLoader: Loaded: libfbjni.so
07-09 18:27:30.411 1991 1991 D [SUI] AnytimeUIAndroidPanelAppV2: Inflating view for layer: tabletContent, viewIdentifier = -1
07-09 18:27:30.412 1991 1991 D [SUI] ContentHostView: Constructing ContentHostView
07-09 18:27:30.412 1991 1991 D [SUI] ContentHostView: Initializing ContentHostView
07-09 18:27:30.412 1991 1991 D [SUI] EmptyContentView: Constructing EmptyContentView
07-09 18:27:30.412 1991 1991 D [SUI] EmptyContentView: Initializing EmptyContentView
07-09 18:27:30.412 1991 1991 D [SUI] EmptyContentView: Showing EmptyContentView
07-09 18:27:30.412 1991 1991 I AndroidPanelApp: measureLayerView with initial width 552, initial height 340, resize behavior NONE.
07-09 18:27:30.412 1991 1991 I AndroidPanelApp: Measured width 552 and height 340.
07-09 18:27:30.412 1991 1991 I AndroidPanelLayer: Setting size of layer "tabletContent" to have width 552 and height 340
07-09 18:27:30.413 1841 2735 I OVRPlatform-OVRMicrophone: AcousticEchoCanceler created, enabling
07-09 18:27:30.413 1841 2735 I OVRPlatform-OVRMicrophone: AcousticEchoCanceler enable: 0
07-09 18:27:30.413 3675 3675 I HomeApplication: endpoint: https://graph.facebook.com/logging_client_events
07-09 18:27:30.413 3675 3675 D UnifiedTelemetryLogger: UnifiedTelemetryLogger instance created.
07-09 18:27:30.414 1991 1991 I AndroidPanelApp: layerTransform: Showing panel layer "tabletContent" in VrShell with width 552, height 340, position( 0.000000 , 0.000000 ), rotation (0.000000 , 0.000000 , 0.000000 ) hit-testable true, shape 1, and system-positioned true. Density: 4680.000000. Supersampled: false
07-09 18:27:30.414 1991 1991 I CppPanelService: BEGIN: nativeInitializePanelInstance - Configure and set up thread polling.
07-09 18:27:30.414 1991 1991 I CppPanelService: BEGIN: Call hosted app's Configure method.
07-09 18:27:30.414 1991 1991 I CppPanelService: END: Call hosted app's Configure method.
07-09 18:27:30.414 3675 3675 D UnifiedTelemetryLogger: UnifiedTelemetryLogger mIsStandAloneDevice = true
07-09 18:27:30.414 1991 1991 I CppPanelService: END: nativeInitializePanelInstance - Add fd 47 to looper with error code 1
07-09 18:27:30.414 1991 1991 D CppPanelService: END: Initializing panel application via MSG_CREATE_PANEL_APP.
07-09 18:27:30.414 3675 3675 D UnifiedTelemetryLogger: UnifiedTelemetryLogger instance created
07-09 18:27:30.415 1898 1984 I [OAR] PanelRenderLayer: ResetSurface 0 x 0 - shape:1 stereo:0
07-09 18:27:30.418 3675 3675 D UnifiedTelemetryLogger: binding with UnifiedTelemetryService
07-09 18:27:30.419 1991 1991 D [SUI] DiskCache: Read cached file from cache at /data/user/0/com.oculus.systemux/cache/image_cache/816976718
07-09 18:27:30.422 3675 3693 D PanelCookiesModuleImpl: Detected valid cookie 'Home:CachedAccessToken' - Added.
07-09 18:27:30.424 1991 1991 D [SUI] UiThreadExecutor: Executing sync: com.oculus.panelapp.anytimeui.utils.-$$Lambda$ImageLoader$amd3YImxEIb6HLr5V2YhTzMj1qc@fea2f4f
07-09 18:27:30.425 1991 1991 D [SUI] DiskCache: Read cached file from cache at /data/user/0/com.oculus.systemux/cache/image_cache/816976718
07-09 18:27:30.430 3675 3693 D AccessTokenForwarder: Get access token
07-09 18:27:30.430 1991 1991 D [SUI] UiThreadExecutor: Executing sync: com.oculus.panelapp.anytimeui.utils.-$$Lambda$ImageLoader$amd3YImxEIb6HLr5V2YhTzMj1qc@73a66dc
07-09 18:27:30.433 1991 1991 V [SUI] AnytimeUIAndroidPanelAppBase: Running full notifications initialize
07-09 18:27:30.434 3675 3693 D NetworkSecurityConfig: No Network Security Config specified, using platform default
07-09 18:27:30.435 1991 1991 V [SUI] AnytimeUIAndroidPanelAppBase: Setting notifs badge
07-09 18:27:30.436 1991 1991 D [SUI] LibraryView: Constructing LibraryView
07-09 18:27:30.437 3675 3693 I GraphQLPrefetch: Prefetching query. docId: 3564190940264775, variables: {"alternativeSource":null,"cursor":null,"count":4,"feedSource":null,"section":"DEFAULT"}
07-09 18:27:30.440 3675 3693 I GraphQLPrefetch: Prefetching query. docId: 2730171627063766, variables: {}
07-09 18:27:30.440 3675 3693 I GraphQLPrefetch: Prefetching query. docId: 2886345294781084, variables: {}
07-09 18:27:30.443 1841 2735 I OVRPlatform-OVRMicrophone: NoiseSuppressor available
07-09 18:27:30.453 1841 2735 I OVRPlatform-OVRMicrophone: NoiseSuppressor created, enabling
07-09 18:27:30.453 1841 2735 I OVRPlatform-OVRMicrophone: NoiseSuppressor enable: 0
07-09 18:27:30.455 551 603 I SoundTriggerHwService::Module: void android::SoundTriggerHwService::Module::onCallbackEvent(const sp &) no clients
07-09 18:27:30.458 551 3492 D audio_hw_primary: in_set_parameters: enter: kvpairs=input_source=1;routing=-2147483644
07-09 18:27:30.460 1841 2735 I OVRPlatform-OVRMicrophone: start - recorder.startRecording 6.580781ms
07-09 18:27:30.460 551 3492 D audio_hw_primary: start_input_stream: enter: stream(0xeb64a140)usecase(16: audio-record)
07-09 18:27:30.460 551 3492 E audio_hw_extn: audio_extn_perf_lock_acquire: Incorrect params, Failed to acquire perf lock, err
07-09 18:27:30.460 551 3492 D audio_hw_primary: select_devices for use case (audio-record)
07-09 18:27:30.460 551 3492 D audio_hw_primary: select_devices: out_snd_device(0: ) in_snd_device(62: handset-mic-aec)
07-09 18:27:30.460 551 3492 I msm8974_platform: platform_check_and_set_capture_codec_backend_cfg:txbecf: afe: bitwidth 16, samplerate 48000, channel 1, backend_idx 7 usecase = 16 device (handset-mic-aec)
07-09 18:27:30.460 551 3492 I msm8974_platform: platform_check_capture_codec_backend_cfg:txbecf: afe: Codec selected backend: 7 current bit width: 16 and sample rate: 48000, channels 1
07-09 18:27:30.460 551 3492 W msm8974_platform: platform_get_backend_index:napb: Invalid device - 0
07-09 18:27:30.460 551 3492 I msm8974_platform: platform_check_capture_codec_backend_cfg:txbecf: afe: Codec selected backend: 7 updated bit width: 16 and sample rate: 48000
07-09 18:27:30.460 551 3492 D audio_hw_primary: check_usecases_capture_codec_backend:becf: force routing 0
07-09 18:27:30.460 551 3492 D hardware_info: hw_info_append_hw_type : device_name = handset-mic-aec
07-09 18:27:30.460 551 3492 D msm8974_platform: platform_split_snd_device: snd_device(62) new_snd_devices (handset-mic-aec)
07-09 18:27:30.460 551 3492 D audio_hw_primary: enable_snd_device: snd_device(62: handset-mic-aec)
07-09 18:27:30.461 1841 2735 I OVRPlatform-OVRMicrophone: start - AudioThread startup 0.635052ms
07-09 18:27:30.461 1841 2735 D OVRPlatform-OVRMicrophone: State changed to Recording
07-09 18:27:30.461 1841 2735 I OVRPlatform: [MicrophoneServer] Adding connection 0xb1c19998, has local client: no
07-09 18:27:30.461 1841 2735 I OVRPlatform: [PCMTransfer] Created socket pair, sender: 83, receiver: 84
07-09 18:27:30.466 3675 3693 D WifiManagerModule: Got connected SSID: SKYTKDJY5
07-09 18:27:30.468 3675 3675 I PanelService: onCreate()
07-09 18:27:30.474 3675 3675 I PanelService: end of onCreate()
07-09 18:27:30.475 3675 3675 I SingletonPanelService: Loading library home
07-09 18:27:30.477 551 3492 D audio_hw_utils: audio_extn_utils_send_app_type_cfg: usecase->in_snd_device handset-mic-aec
07-09 18:27:30.477 551 3492 D msm8974_platform: platform_split_snd_device: snd_device(62) new_snd_devices (handset-mic-aec)
07-09 18:27:30.478 551 3492 I audio_hw_utils: send_app_type_cfg_for_device CAPTURE app_type 69938, acdb_dev_id 106, sample_rate 48000, snd_device_be_idx 3
07-09 18:27:30.478 1991 1991 D [SUI] LibraryView: Initializing LibraryView
07-09 18:27:30.478 1991 2784 D [SUI] ThreadExecutor: Executing com.oculus.panelapp.anytimeui.v2.tablet.apps.-$$Lambda$LibraryFetcher$4SiVQ_AVFqQjba39U4ji9-_xiJc@e5d9cc2
07-09 18:27:30.480 551 3492 D msm8974_platform: platform_split_snd_device: snd_device(62) new_snd_devices (handset-mic-aec)
07-09 18:27:30.480 551 3492 D ACDB-LOADER: ACDB -> send_audio_cal, acdb_id = 106, path = 1, app id = 0x11132, sample rate = 48000
07-09 18:27:30.480 551 3492 D ACDB-LOADER: ACDB -> send_asm_topology
07-09 18:27:30.480 551 3492 D ACDB-LOADER: ACDB -> ACDB_CMD_GET_AUDPROC_STREAM_TOPOLOGY_ID
07-09 18:27:30.480 551 3492 D ACDB-LOADER: ACDB -> send_adm_topology
07-09 18:27:30.480 551 3492 D ACDB-LOADER: ACDB -> ACDB_CMD_GET_AUDPROC_COMMON_TOPOLOGY_ID
07-09 18:27:30.480 551 3492 D ACDB-LOADER: ACDB -> send_audtable
07-09 18:27:30.480 551 3492 D ACDB-LOADER: ACDB -> ACDB_CMD_GET_AUDPROC_COMMON_TABLE_SIZE
07-09 18:27:30.480 551 3492 D ACDB-LOADER: ACDB -> ACDB_CMD_GET_AUDPROC_COMMON_TABLE
07-09 18:27:30.481 551 3492 D ACDB-LOADER: ACDB -> AUDIO_SET_AUDPROC_CAL
07-09 18:27:30.481 551 3492 D ACDB-LOADER: ACDB -> send_audvoltable
07-09 18:27:30.481 551 3492 D ACDB-LOADER: ACDB -> ACDB_CMD_GET_AUDPROC_GAIN_DEP_STEP_TABLE, vol index 0
07-09 18:27:30.481 551 3492 D : Failed to fetch the lookup information of the device 0000006A
07-09 18:27:30.481 551 3492 E ACDB-LOADER: Error: ACDB AudProc vol returned = -19
