07-09 18:27:29.986 1841 1989 E Parcel : Reading a NULL string not supported here.
07-09 18:27:29.987 1841 1989 D AudioRecord: updateAppOpsRecordAudio: checkOp OP_RECORD_AUDIO for com.oculus.horizon returns: 0 (ALLOWED)
07-09 18:27:29.987 1841 1854 D AudioRecord: updateAppOpsRecordAudio: checkOp OP_RECORD_AUDIO for com.oculus.horizon returns: 0 (ALLOWED)
07-09 18:27:29.989 1898 1898 D [OAR] MainActivity: onResume()
07-09 18:27:29.990 1898 1898 D GatekeeperHelper: GK oc_shellenv_as_default found in cache, value is false
07-09 18:27:29.998 1898 1984 I [OAR] ShellApp: 0xcd3a6340 msg: resume
07-09 18:27:30.024 1898 1898 D [OAR] MainActivity: com.oculus.vrshell.MainActivity@51a2c26 surfaceCreated()
07-09 18:27:30.024 1898 1898 I [OAR] ShellMain: looperMessageQueue->PostPrintf("surfaceCreated 0xe7356808")
07-09 18:27:30.024 1898 1898 D [OAR] MainActivity: com.oculus.vrshell.MainActivity@51a2c26 surfaceChanged() format: 4 width: 2880 height: 1600
07-09 18:27:30.024 1898 1898 I [OAR] ShellMain: ANativeWindow_release(newNativeWindow)
07-09 18:27:30.024 1898 1984 I [OAR] ShellApp: 0xcd3a6340 msg: surfaceCreated 0xe7356808
07-09 18:27:30.024 1898 1984 I [OAR] ShellApp: ---------- ShellApp::EnterVrMode() ----------
07-09 18:27:30.024 1898 1984 I [OAR] VrPlatformVrApi: Setting clock levels to cpu=2, gpu=4
07-09 18:27:30.024 1898 1984 W VrApi : vrapi_SetClockLevels: ovr == nullptr
07-09 18:27:30.024 1898 1984 I [OAR] VrPlatformVrApi: Setting perf thread tids to main=1984, render=unset
07-09 18:27:30.024 1898 1984 W VrApi : vrapi_SetPerfThread: ovr == nullptr
07-09 18:27:30.024 1898 1984 I [OAR] VrPlatformVrApi: vrapi_EnterVrMode()
07-09 18:27:30.024 1898 1984 I VrApi : ---------- vrapi_EnterVrMode [start] ----------
07-09 18:27:30.024 1898 1984 I VrRuntimeClient: Tracing is disabled
07-09 18:27:30.027 1898 1984 D VrApi : targetSDKVersion 27
07-09 18:27:30.035 1898 1984 I VrRuntimeClient: DEVICE MODEL NUMBER = Quest
07-09 18:27:30.035 1898 1984 I VrRuntimeClient: DEVICE HARDWARE = monterey
07-09 18:27:30.035 1898 1984 I VrRuntimeClient: DEVICE BUILD NAME = user-738660.26860.0
07-09 18:27:30.035 1898 1984 I VrRuntimeClient: DEVICE BUILD TYPE = user
07-09 18:27:30.035 1898 1984 I VrRuntimeClient: DEVICE OS VERSION = 7.1.1
07-09 18:27:30.035 1898 1984 I VrRuntimeClient: VRRUNTIME VERSION = VRAPI_VERSION_BEGIN { 1.1.35.0-224383112-224383112 Jun 19 2020 12:47:25 Development } RELEASE
07-09 18:27:30.035 1898 1984 I VrRuntimeClient: API LOADER VERSION = 1.1.32.0
07-09 18:27:30.035 1898 1984 I VrRuntimeClient: VRDRIVER VERSION = 18.0.0.403.517
07-09 18:27:30.035 1898 1984 I VrRuntimeClient: APP NAME = Oculus App Runtime
07-09 18:27:30.035 1898 1984 I VrRuntimeClient: APP VERSION = 18.0.0.403.517 versionCode 224383062 internalVersionName 18.0.0.403.517.abc3175146a8 2020_06_19_12_47
07-09 18:27:30.035 1898 1984 I VrRuntimeClient: APP VR TYPE = vr_only
07-09 18:27:30.035 1898 1984 I VrRuntimeClient: APP MODE TYPE =
07-09 18:27:30.035 1898 1984 I VrRuntimeClient: APP PACKAGE NAME = com.oculus.vrshell
07-09 18:27:30.035 1898 1984 I VrRuntimeClient: APP ACTIVITY CLASS = com.oculus.vrshell.MainActivity
07-09 18:27:30.035 1898 1984 D BatteryReceiver: Registering battery receiver
07-09 18:27:30.040 1898 1984 D HeadsetReceiver: getCurrentHeadsetState: false
07-09 18:27:30.040 1898 1984 I DeviceStatus_Android: nativeHeadsetEvent(0)
07-09 18:27:30.042 1898 1984 I VrRuntimeClient: DEADRECKONING SetControllerTrackingExtendedDeadreckoning 0
07-09 18:27:30.042 1898 1984 D InputHooksJava: Enabling Java Input Hooks
07-09 18:27:30.043 1898 1984 I InputDeviceManager: ovrInputDeviceManager::Initialize
07-09 18:27:30.043 1898 1984 I InputDeviceManager: HANDTRACKING packagename is com.oculus.vrshell
07-09 18:27:30.044 1898 1984 I InputDeviceManager: HANDTRACKING: Manifest Permission request for com.oculus.vrshell
07-09 18:27:30.049 1898 1984 I InputDeviceManager: HANDTRACKING: 'com.oculus.vrshell' Is hands or controller.
07-09 18:27:30.049 1898 1984 I InputDeviceManager: HANDTRACKING: feature flag set to 2
07-09 18:27:30.049 1898 1984 I VrRuntimeClient: HANDTRACKING sethandmanifest 2
07-09 18:27:30.050 2206 2385 I InputManager: DEADRECKONING deadReckoning mode on ClientMgr from server is 0
07-09 18:27:30.053 2206 2206 D VrRuntimeService: onFocusedWindowChanged: focusedWindowToken=android.os.BinderProxy@63a0bac, focusedWindowUid=10024
07-09 18:27:30.054 2206 2206 D VrRuntimeService: onFocusedWindowChanged: found trusted overlay client
07-09 18:27:30.054 2206 2206 I ClientMgr: ClientMgr::SetFocusedClient: 2392:com.oculus.vrshell type 1
07-09 18:27:30.059 1841 1841 I OVRMediaServiceManager: Sending onAppStart (com.oculus.vrshell) to PlatformPluginManager
07-09 18:27:30.063 2206 2225 I ScreenCaptureBase: GlobalInhibitState=0
07-09 18:27:30.064 1898 1984 D TrackingServiceConnectionNative: onClientConnect
07-09 18:27:30.064 1898 1984 D BinderConnection: Connecting to TrackingService
07-09 18:27:30.066 1898 1984 D TrackingServiceConnectionNative: onConnected
07-09 18:27:30.067 725 778 I TrackingService: TrackingService::getSharedMemoryFileDescriptor
07-09 18:27:30.068 1898 1984 I TrackingServiceClient: OVR::TrackingService::ClientSetInterface
07-09 18:27:30.068 1898 1984 I TrackingServiceClient: TrackingService client: roFd(60)
07-09 18:27:30.068 1898 1984 I TrackingServiceClient: TrackingService client: connected to interface version 11.
07-09 18:27:30.068 1898 1984 I TrackingServiceClient: TrackingService client: last prediction time is 0.005392 seconds old
07-09 18:27:30.068 1898 1984 I TrackingServiceClient: TrackingService client: provided by pid=725
07-09 18:27:30.068 725 778 I TrackingService: TrackingService::registerClient
07-09 18:27:30.068 725 778 I TrackingService: Registering client with TrackingServiceHost
07-09 18:27:30.069 725 778 I TrackingService: Notifying client pid 1898 of new remote c91e974cac1d58eb
07-09 18:27:30.069 1898 1984 D TrackingServiceClient: TrackingServiceClient onRemoteConnected c91e974cac1d58eb
07-09 18:27:30.070 725 778 I TrackingService: Notifying client pid 1898 of new remote 0ef96ba248b9c7a8
07-09 18:27:30.070 1898 1984 D TrackingServiceClient: TrackingServiceClient onRemoteConnected ef96ba248b9c7a8
07-09 18:27:30.070 725 778 I TrackingService: TrackingServiceHost GetSharedMemoryFileDescriptor for client pid 1898
07-09 18:27:30.071 725 778 I TrackingService: TrackingServiceHost registered common client; there are 0 secure clients
07-09 18:27:30.071 1898 1984 I TrackingServiceClient: ClientConnectComplete
07-09 18:27:30.071 1898 1984 I VrApi : ovrModeParms::VRAPI_MODE_FLAG_RESET_WINDOW_FULLSCREEN = 1
07-09 18:27:30.071 1898 1984 I VrApi : ovrModeParms::VRAPI_MODE_FLAG_NATIVE_WINDOW = 1
07-09 18:27:30.071 1898 1984 I VrApi : ovrModeParms::VRAPI_MODE_FLAG_FRONT_BUFFER_PROTECTED = 0
07-09 18:27:30.071 1898 1984 I VrApi : ovrModeParms::VRAPI_MODE_FLAG_FRONT_BUFFER_565 = 0
07-09 18:27:30.071 1898 1984 I VrApi : ovrModeParms::VRAPI_MODE_FLAG_FRONT_BUFFER_SRGB = 1
07-09 18:27:30.071 1898 1984 I VrApi : ovrModeParms::VRAPI_MODE_FLAG_CREATE_CONTEXT_NO_ERROR = 0
07-09 18:27:30.071 1898 1984 I VrApi : ovrModeParms::VRAPI_MODE_FLAG_PHASE_SYNC = 0
07-09 18:27:30.071 1898 1984 I VrApi : ovrModeParms::VRAPI_MODE_FLAG_APP_SPACE_WARP = 0
07-09 18:27:30.071 1898 1984 I VrRuntimeClient: SetPhaseSyncMode 0
07-09 18:27:30.071 1898 1984 I VrApi : PhaseSync disabled
07-09 18:27:30.071 1898 1984 I VrApi : HMD sensor attached.
07-09 18:27:30.072 1898 1984 I VrApi : Client side frame sync enabled
07-09 18:27:30.073 1898 1984 I DynamicClocks: cpu-freq(0): 979200Hz
07-09 18:27:30.073 1898 1984 I DynamicClocks: cpu-freq(1): 1344000Hz
07-09 18:27:30.073 1898 1984 I DynamicClocks: cpu-freq(2): 1651200Hz
07-09 18:27:30.073 1898 1984 I DynamicClocks: cpu-freq(3): 1958400Hz
07-09 18:27:30.073 1898 1984 I DynamicClocks: cpu-freq(4): 2304000Hz
07-09 18:27:30.076 2392 2438 I [OAO] OverlaySystemUXTransitionFlow: Deactivated
07-09 18:27:30.076 1898 1984 I DynamicClocks: gpu-freq(0): 257000000Hz
07-09 18:27:30.076 1898 1984 I DynamicClocks: gpu-freq(1): 342000000Hz
07-09 18:27:30.076 1898 1984 I DynamicClocks: gpu-freq(2): 414000000Hz
07-09 18:27:30.076 1898 1984 I DynamicClocks: gpu-freq(3): 515000000Hz
07-09 18:27:30.076 1898 1984 I DynamicClocks: gpu-freq(4): 670000000Hz
07-09 18:27:30.076 1898 1984 I DynamicClocks: gpu-freq(5): 710000000Hz
07-09 18:27:30.076 1898 1984 D VrRuntimeClient: pokeGuardianUserServiceForThisClient: com.oculus.vrshell:10024
07-09 18:27:30.087 2264 2264 D VrGuardianUserService: onStartCommandIntent { act=FOREGROUND_CLIENT cmp=com.oculus.systemdriver/com.oculus.vrguardianservice.VrGuardianUserService (has extras) }
07-09 18:27:30.088 1898 1984 D VrRuntimeClient: VrRuntimeClient: enableRendering: activity client
07-09 18:27:30.088 1898 1984 D VrRuntimeClient: VrRuntimeClient: enableRendering: Using clientWindow=android.os.BinderProxy@2a2b586
07-09 18:27:30.088 2206 3194 I ClientMgr: FocusedClient ID changed
07-09 18:27:30.088 2206 3194 I ClientMgr: ClientMgr::SetFocusedClient: 1898:com.oculus.vrshell type 0
07-09 18:27:30.088 2206 3194 D VrRuntimeService: this client: 1898:com.oculus.vrshell
07-09 18:27:30.088 2206 3194 D VrRuntimeService: enableRendering: clientWindow: android.os.BinderProxy@63a0bac enable: true
07-09 18:27:30.088 2206 3194 I ClientMgr: ClientMgr::EnableRendering 1898:com.oculus.vrshell : type 0 : enable
07-09 18:27:30.088 2206 3194 I VrRuntimeServer: SetCompositorClientEnabled client(0): enabled(1) 0x7f8c600010
07-09 18:27:30.088 2206 3194 I TimeWarp: CheckDebuggerConnected: debugger 0
07-09 18:27:30.089 1898 1984 I VrRuntimeClient: CreateWarp: ImportGles: Fd=68, BufferSize=4096, AllocSize=9028
07-09 18:27:30.089 1898 1984 I VrRuntimeClient: CreateWarp: ImportGles: bo.Gl.BufferId=156, bo.Gl.MemoryObject=13
07-09 18:27:30.090 1898 1984 I ScreenCaptureHelper: Advertising com.oculus.vrshell as streamable
07-09 18:27:30.092 2206 2385 I ClientMgr: Non-overlay clients rendering status has changed: prev=4, curr=5, enabled=1
07-09 18:27:30.092 2206 2385 I VrRuntimeServer: SetCompositorClientEnabled client(2): enabled(1) 0x7f9f6712b8
07-09 18:27:30.095 1898 1984 I VrApi : OVR::Stats thread started
07-09 18:27:30.095 1898 1984 I VrApi : ---------- vrapi_EnterVrMode [end] ----------
07-09 18:27:30.095 1898 1984 I ClientInputSettings: SetInhibitHandleHomeKey = true
07-09 18:27:30.095 1898 1984 I ClientInputSettings: InhibitConfirmQuitMenu = true
07-09 18:27:30.095 1898 1984 I ClientInputSettings: ReorientHMDOnControllerRecenter = true
07-09 18:27:30.095 1898 1984 I [OAR] Compositor: Initializing Compositor: 1216x1344
07-09 18:27:30.095 1898 1984 I [OAR] ShellApp: FramebufferIsSrgb: true
07-09 18:27:30.096 1898 1984 I libOpenSLES: Emulating old channel mask behavior (ignoring positional mask 0x3, using default mask 0x3 based on channel count of 2)
07-09 18:27:30.096 551 1237 I AudioPolicyManagerCustom: offload disabled by audio.offload.disable=1
07-09 18:27:30.096 551 1237 I AudioPolicyManagerCustom: Direct PCM is disabled for this request
07-09 18:27:30.099 551 3470 W AudioFlinger: createTrack_l(): mismatch between requested flags (00000104) and output flags (00000006)
07-09 18:27:30.099 1898 1984 D AudioTrack: Client defaulted notificationFrames to 192 for frameCount 384
07-09 18:27:30.101 1898 3673 D VrApi : targetSDKVersion 27
07-09 18:27:30.102 1898 3673 I JniUtils: ovr_GetCurrentPackageSignature
07-09 18:27:30.105 1898 3673 I Metrics : device name = Oculus Quest
07-09 18:27:30.105 1898 1984 D AudioTrack: updateAppOpsPlayAudio: checkOp OP_PLAY_AUDIO for com.oculus.vrshell returns: 0 (ALLOWED)
07-09 18:27:30.106 551 591 W AudioFlinger: checkEffectCompatibility_l(): non HW effect Volume listener for Music on playback thread in fast mode
07-09 18:27:30.106 551 591 E AudioEffect: set(): AudioFlinger could not create effect, status: -22
07-09 18:27:30.106 551 591 E AudioPolicyEffects: addOutputSessionEffects(): failed to create Fx music_helper on session 89
07-09 18:27:30.107 1898 1984 I [OAR] VrShellDesktopBase: Foreground desktop
07-09 18:27:30.107 1898 1984 I [OAR] SystemUXController: Recentering for launch - None, ,
07-09 18:27:30.107 1898 1984 I [OAR] LocalSpace: ResetNextFrame
07-09 18:27:30.107 1898 1984 I [OAR] GuardianController: auiPanel == nullptr
07-09 18:27:30.107 1898 1984 I [OAR] SystemAssistant: OnModeChanged: 1
07-09 18:27:30.107 1898 1984 I [OAR] InputManager: Adding controller deviceId = 536870914 type = 4
07-09 18:27:30.108 2206 3474 W TimeWarp: WarpToScreen: No completed frames to display for client 0. submittedFrameIndex = 460
07-09 18:27:30.109 1898 1984 I [OAR] InputManager: Adding controller deviceId = 536870915 type = 4
07-09 18:27:30.110 1898 1984 I [OAR] InputManager: Switching Primary controller due to vrapi
07-09 18:27:30.110 1898 1984 I [OAR] InputManager: Secondary input source selection id=536870915
07-09 18:27:30.110 1898 1984 I [OAR] RouteInput: New inputState.cursorTraceSource: 1
07-09 18:27:30.110 1898 1984 I [OAR] LocalSpace: Reset - initialRawFromLocalPose: quat(-0.117810, -0.064075, 0.011369, 0.990902), translation(0.042123, -0.021363, 0.113027)
07-09 18:27:30.110 1898 1984 I [OAR] LocalSpace: Applying VRAPI Reorient
07-09 18:27:30.111 2206 2436 I VrRuntimeService: RuntimeServiceSDKServer::RecenterLocalSpace
07-09 18:27:30.111 2206 2436 I VrRuntimeServer: UpdateLocalSpace: Src: 2, Version: 6, VersionUser: 0, RawFloorHeightOld: -1.123580, RawFloorHeightNew: -1.123580
07-09 18:27:30.111 1898 1984 I [OAR] LocalSpace: New Space: quat(-0.067459, 0.000294, 0.004351, 0.997712), translation(0.000000, 1.114495, 0.000000) - Prior Space: quat(-0.116788, 0.002260, 0.019214, 0.992968), translation(0.000000, 1.102217, 0.000000)
07-09 18:27:30.116 2264 2291 I GuardianSystem: UpdateSystem: Responding to local space version number change.
07-09 18:27:30.117 1898 1984 D [OAR] PanelAppConfigurationUtil: Retrieving panel configuration for com.oculus.vrshell.home - com.oculus.vrshell.home.ExploreService
07-09 18:27:30.118 1898 1984 I [OAR] SystemUXController: Registering pending Shell Application launch for com.oculus.vrshell.home/com.oculus.vrshell.home.ExploreService - overwriting existing launch? false.
07-09 18:27:30.118 1898 1984 I [OAR] SystemUXController: Building launch checks for com.oculus.vrshell.home, activity: com.oculus.vrshell.home.ExploreService
07-09 18:27:30.121 2167 2181 E Security-LocalReporter: UID '10041' is shared by multiple packages: [com.oculus.home, com.oculus.horizon]
07-09 18:27:30.121 2206 3474 W TimeWarp: WarpToScreen: No completed frames to display for client 0. submittedFrameIndex = 460
07-09 18:27:30.122 1898 3674 I [OAR] AudioEngine: PlayTimeOffset = 74.853307
07-09 18:27:30.126 2392 2438 I [OAO] ShellOverlayApp: VrThread entering waiting state
07-09 18:27:30.135 2206 3474 W TimeWarp: WarpToScreen: No completed frames to display for client 0. submittedFrameIndex = 460
07-09 18:27:30.149 2206 3474 W TimeWarp: WarpToScreen: No completed frames to display for client 0. submittedFrameIndex = 460
07-09 18:27:30.154 2167 2424 I LibraryProvider: running queryApp(com.oculus.vrshell.home) for com.oculus.vrshell
07-09 18:27:30.155 2167 2424 W LibraryProvider: Cannot find entitlement for com.oculus.vrshell.home
07-09 18:27:30.155 1898 1984 W OVRLibrary: null cursor received for query content://com.oculus.ocms.library/apps/com.oculus.vrshell.home
07-09 18:27:30.155 1898 1984 I [OAR] SystemUXController: ProcessPendingLaunch type ShellApplication, details com.oculus.vrshell.home/com.oculus.vrshell.home.ExploreService
07-09 18:27:30.163 2206 3474 W TimeWarp: WarpToScreen: No completed frames to display for client 0. submittedFrameIndex = 460
07-09 18:27:30.165 2167 2181 I LibraryProvider: running queryApp(com.oculus.vrshell) for com.oculus.uid:10041
07-09 18:27:30.165 2167 2181 W LibraryProvider: Cannot find entitlement for com.oculus.vrshell
07-09 18:27:30.165 1841 1841 W OVRLibrary: null cursor received for query content://com.oculus.ocms.library/apps/com.oculus.vrshell
07-09 18:27:30.166 1841 1841 I PlatformPluginManager: onAppStart com.oculus.vrshell false
07-09 18:27:30.169 1841 1841 I OVRPlatform: [PartiesAPI] ovr_Party_PluginGetSharedMemHandle: This function is deprecated, do not use
07-09 18:27:30.176 1841 1841 E OVRMediaServiceManager: LivestreamingManager Not initialized
07-09 18:27:30.176 1841 1841 I OVRMediaService: onStartCommand Received message type: set_package_name, caller package: no_app_identity
07-09 18:27:30.177 1841 1841 I OVRMediaService: Got package name intent (com.oculus.vrshell)
07-09 18:27:30.177 1841 1841 I OVRMediaServiceManager: Sending onAppStart (com.oculus.vrshell) to PlatformPluginManager
07-09 18:27:30.177 2206 3474 W TimeWarp: WarpToScreen: No completed frames to display for client 0. submittedFrameIndex = 460
07-09 18:27:30.191 2206 3474 W TimeWarp: WarpToScreen: No completed frames to display for client 0. submittedFrameIndex = 460
07-09 18:27:30.195 2167 2441 I LibraryProvider: running queryApp(com.oculus.vrshell.home) for com.oculus.vrshell
07-09 18:27:30.195 2167 2441 W LibraryProvider: Cannot find entitlement for com.oculus.vrshell.home
07-09 18:27:30.195 1898 1984 W OVRLibrary: null cursor received for query content://com.oculus.ocms.library/apps/com.oculus.vrshell.home
07-09 18:27:30.195 1898 1984 D [OAR] PanelAppConfigurationUtil: Retrieving panel configuration for com.oculus.vrshell.home - com.oculus.vrshell.home.ExploreService
07-09 18:27:30.200 1898 1984 I [OAR] DesktopPanelController: LaunchOrRestore( com.oculus.vrshell.home/com.oculus.vrshell.home.ExploreService )
07-09 18:27:30.200 1898 1984 I [OAR] DesktopPanelController: Launching com.oculus.vrshell.home/com.oculus.vrshell.home.ExploreService as (new:0) in the active Desktop:Theater
07-09 18:27:30.200 1898 1984 I [OAR] ExclusiveDesktop: App com.oculus.vrshell.home/com.oculus.vrshell.home.ExploreService will be launched in Exclusive Desktop
07-09 18:27:30.200 1898 1984 I [OAR] BackStack: Clearing the backstack
07-09 18:27:30.200 1898 1984 I [OAR] ShellApp: ResetComponents
07-09 18:27:30.200 1898 1984 I [OAR] TrackedUser: Reset
07-09 18:27:30.200 1898 1984 I [OAR] SingleAppDesktop: Launching:com.oculus.vrshell.home/com.oculus.vrshell.home.ExploreService
07-09 18:27:30.200 1898 1984 W [OAR] SingleAppDesktop: Focus change does not affect SingleAppDesktop
07-09 18:27:30.200 1898 1984 I [OAR] ShellApp: CreatePanelApp( com.oculus.vrshell.home/com.oculus.vrshell.home.ExploreService )
07-09 18:27:30.200 1898 1984 I [OAR] ShellApp: Environment:
07-09 18:27:30.200 1898 1984 I [OAR] ShellApp: uri = /prime
07-09 18:27:30.200 1898 1984 I [OAR] ShellApp: _oc_launch_timestamp = 74849
07-09 18:27:30.200 1898 1984 I [OAR] ShellLaunchParameters: HomePanelAppIndex: 1 - com.oculus.vrshell.home.ExploreService
07-09 18:27:30.200 1898 1984 I [OAR] ShellLaunchParameters: Passing BundleConfiguration to panel
07-09 18:27:30.200 1898 1984 I [OAR] ShellApp: Notifying foreground panel changed
07-09 18:27:30.202 1898 1984 I [OAR] PanelAppHost: PanelAppHost( com.oculus.vrshell.home/com.oculus.vrshell.home.ExploreService ) for PanelId 5
07-09 18:27:30.202 1898 1984 I [OAR] PanelAppHost: Panel app 5 (com.oculus.vrshell.home/com.oculus.vrshell.home.ExploreService) changing state from startup to foreground
07-09 18:27:30.205 2206 3474 W TimeWarp: WarpToScreen: No completed frames to display for client 0. submittedFrameIndex = 460
07-09 18:27:30.211 1898 1984 I [OAR] PanelAppHost: Passing env var uri = /prime
07-09 18:27:30.211 1898 1984 I [OAR] PanelAppHost: Passing env var _oc_launch_timestamp = 74849
07-09 18:27:30.211 1898 1984 I [OAR] PanelAppHost: Passing env var _oc_device_region = 0
07-09 18:27:30.211 1898 1984 I [OAR] PanelAppHost: Passing env var _oc_device_type = 259
07-09 18:27:30.211 1898 1984 I [OAR] PanelAppHost: Passing env var _oc_headset_type = 256
07-09 18:27:30.211 1898 1984 I [OAR] PanelAppHost: Passing env var _oc_analytics_session_id = b1cf9f28-bf9c-46e6-bca5-fc8f88786103
07-09 18:27:30.211 1898 1984 I [OAR] PanelAppHost: Passing env var _oc_userid = 105336190730996
07-09 18:27:30.211 1898 1984 I [OAR] PanelAppHost: Passing env var _oc_enterprise_mode = false
07-09 18:27:30.211 1898 1984 I [OAR] PanelAppHost: Passing env var _oc_shell_version_name = 18.0.0.403.517
07-09 18:27:30.211 1898 1984 I [OAR] PanelAppHost: Passing env var _oc_shell_version_code = 224383062
07-09 18:27:30.211 1898 1984 I [OAR] PanelAppHost: Passing env var _oc_shell_permissions = permissionsGranted camera write_storage microphone
07-09 18:27:30.211 1898 1984 I [OAR] PanelAppHost: Passing env var _oc_shell_automation_enabled = false
07-09 18:27:30.211 1898 1984 I [OAR] PanelAppHost: Passing env var _oc_shell_view_id_debugging_enabled = false
07-09 18:27:30.211 1898 1984 I [OAR] PanelAppHost: Passing env var _oc_shell_pixel_density = 13
07-09 18:27:30.211 1898 1984 I [OAR] PanelAppHost: Passing env var _oc_shell_render_scale = 1.000000
07-09 18:27:30.211 1898 1984 I [OAR] PanelAppHost: Passing env var _oc_auiv2 = true
07-09 18:27:30.211 1898 1984 I [OAR] PanelAppHost: Passing env var _oc_shell_feature_sets = multi-layer-v1,mirror-avatar-v1,system-ux-routes-v1,deeplink-nav-v1,clock-levels-v1,layerTranslate-v1,layerScaleDensity-v1,layerScaleDensity-v2,multiapp-alpha-v1,multiapp-v1,multiapp-v2,recoverInstances-v1,webtasks-in-exclusive-mode
07-09 18:27:30.211 1898 1984 I [OAR] PanelAppHost: Passing env var _oc_gk:oculus_mobile_sysux_unified_dialogs_v9 = true
07-09 18:27:30.211 1898 1984 I [OAR] PanelAppHost: Passing env var _oc_gk:oculus_mobile_sysux_lightweight_releases = true
07-09 18:27:30.211 1898 1984 I [OAR] PanelAppHost: Passing env var _oc_gk:oculus_mobile_home_js_bundle = true
07-09 18:27:30.211 1898 1984 I [OAR] PanelAppHost: Passing env var _oc_gk:oculus_vrshell_launch_checks = true
07-09 18:27:30.211 1898 1984 I [OAR] PanelAppHost: Passing env var _oc_shell_host = vrshell
07-09 18:27:30.211 1898 1984 I [OAR] PanelAppHost: Passing env var _oc_shell_panel_app_index = 1
07-09 18:27:30.211 1898 1984 I [OAR] PanelAppHost: Passing env var _oc_shell_panel_bundle_configuration = {"NONE":null}
07-09 18:27:30.211 1898 1984 I [OAR] PanelAppHost: Passing env var _oc_shell_panel_id = 5
07-09 18:27:30.211 1898 1984 I [OAR] PanelAppHost: Calling sendPanelLaunchIntent for panel app com.oculus.vrshell.home/com.oculus.vrshell.home.ExploreService
07-09 18:27:30.211 1898 1984 D [OAR] ShellApplication: sendApkPanelLaunchIntent: packageName=com.oculus.vrshell.home, serviceClassName=com.oculus.vrshell.home.ExploreService
07-09 18:27:30.213 1898 1984 D [OAR] PanelServiceConnection: getSystemProcessUidForCurrentUser: 'android' systemUid = 1000
07-09 18:27:30.213 1898 1984 D [OAR] ShellApplication: bindService Intent { cmp=com.oculus.vrshell.home/.ExploreService }
07-09 18:27:30.215 2167 2541 E Security-LocalReporter: UID '10041' is shared by multiple packages: [com.oculus.home, com.oculus.horizon]
07-09 18:27:30.217 1991 1991 D [SUI] SocialViewModel: Fetched friends
07-09 18:27:30.219 2206 3474 W TimeWarp: WarpToScreen: No completed frames to display for client 0. submittedFrameIndex = 460
07-09 18:27:30.233 2206 3474 W TimeWarp: WarpToScreen: No completed frames to display for client 0. submittedFrameIndex = 460
07-09 18:27:30.243 2167 2541 I LibraryProvider: running queryApp(com.oculus.vrshell) for com.oculus.uid:10041
07-09 18:27:30.243 2167 2541 W LibraryProvider: Cannot find entitlement for com.oculus.vrshell
07-09 18:27:30.243 1050 1524 I ActivityManager: Start proc 3675:com.oculus.vrshell.home:explore/u0a47 for service com.oculus.vrshell.home/.ExploreService
07-09 18:27:30.243 1841 1841 W OVRLibrary: null cursor received for query content://com.oculus.ocms.library/apps/com.oculus.vrshell
07-09 18:27:30.243 1841 1841 I PlatformPluginManager: onAppStart com.oculus.vrshell false
07-09 18:27:30.243 1898 1984 D [OAR] ShellApplication: notify OS to set com.oculus.vrshell.home/com.oculus.vrshell.home.ExploreService to FOREGROUND
07-09 18:27:30.243 1841 1841 I OVRPlatform: [PartiesAPI] ovr_Party_PluginGetSharedMemHandle: This function is deprecated, do not use
07-09 18:27:30.245 1898 1984 I [OAR] SingleAppDesktop: Inserting panelapp with id 5 to monitor 0
07-09 18:27:30.245 1898 1984 I [OAR] VrShellMonitor: Setting panel
07-09 18:27:30.245 1898 1984 E PersistableBundle: Failed at frameworks/native/libs/binder/PersistableBundle.cpp:158 (size_t android::os::PersistableBundle::erase(const android::String16 &))
07-09 18:27:30.247 2206 3474 W TimeWarp: WarpToScreen: No completed frames to display for client 0. submittedFrameIndex = 460
07-09 18:27:30.247 1898 1984 I [OAR] SystemTaskBarV2: Create PanelApp
07-09 18:27:30.247 1841 1841 E OVRMediaServiceManager: LivestreamingManager Not initialized
07-09 18:27:30.247 1898 1984 D [OAR] PanelAppConfigurationUtil: Retrieving panel configuration for com.oculus.systemux - com.oculus.panelapp.anytimeui.AnytimeUIAndroidPanelService
07-09 18:27:30.249 1898 1984 I [OAR] ShellApp: CreatePanelApp( com.oculus.systemux/com.oculus.panelapp.anytimeui.AnytimeUIAndroidPanelService )
07-09 18:27:30.249 1898 1984 I [OAR] ShellApp: Environment:
07-09 18:27:30.249 1898 1984 I [OAR] Gatekeepers: Passing to SystemUX GK oculus_vrshell_anytimeui_v2_profile:true
07-09 18:27:30.249 1898 1984 I [OAR] Gatekeepers: Passing to SystemUX GK oculus_quest_profile_sharing:true
07-09 18:27:30.249 1898 1984 I [OAR] Gatekeepers: Not passing to SystemUX GK oculus_mobile_search_aui_search_removal:false
07-09 18:27:30.249 1898 1984 I [OAR] Gatekeepers: Not passing to SystemUX GK assistant_on_oculus:false
07-09 18:27:30.249 1898 1984 I [OAR] Gatekeepers: Passing to SystemUX GK oculus_party_joinable_calls:true
07-09 18:27:30.249 1898 1984 I [OAR] Gatekeepers: Passing to SystemUX GK oculus_mobile_pause_videoshot_enabled:true
07-09 18:27:30.249 1898 1984 I [OAR] Gatekeepers: Not passing to SystemUX GK oculus_library_show_disabled_apps:false
07-09 18:27:30.249 1898 1984 I [OAR] Gatekeepers: Passing to SystemUX GK oculus_mobile_pause_invite_enabled:true
07-09 18:27:30.249 1898 1984 I [OAR] Gatekeepers: Not passing to SystemUX GK oculus_party_show_speaking_indicators:false
07-09 18:27:30.249 1898 1984 I [OAR] Gatekeepers: Passing to SystemUX GK oculus_party_block_members:true
07-09 18:27:30.249 1898 1984 I [OAR] Gatekeepers: Not passing to SystemUX GK oculus_party_kick:false
07-09 18:27:30.249 1898 1984 I [OAR] Gatekeepers: Not passing to SystemUX GK oculus_notifications_auto_category_selection:false
07-09 18:27:30.249 1898 1984 I [OAR] Gatekeepers: Not passing to SystemUX GK oculus_bugreporter_v2_enabled:false
07-09 18:27:30.249 1898 1984 I [OAR] Gatekeepers: Not passing to SystemUX GK oculus_vrshell_enable_vrcast:true - Not registered
07-09 18:27:30.249 1898 1984 I [OAR] Gatekeepers: Not passing to SystemUX GK oculus_vrshell_anytimeui_passthrough_button:false
07-09 18:27:30.249 1898 1984 I [OAR] Gatekeepers: Passing to SystemUX GK oculus_party_joinable_toggle_aui:true
07-09 18:27:30.249 1898 1984 I [OAR] Gatekeepers: Not passing to SystemUX GK oculus_vr_group_launch_from_parties:false
07-09 18:27:30.249 1898 1984 I [OAR] Gatekeepers: Not passing to SystemUX GK oculus_enable_guardian_on_screen_capture:false
07-09 18:27:30.249 1898 1984 I [OAR] Gatekeepers: Not passing to SystemUX GK oculus_mobile_settings_env_picker_bypass_qe:true - Not registered
07-09 18:27:30.249 1898 1984 I [OAR] Gatekeepers: Not passing to SystemUX GK oculus_vrshell_always_use_return_component:false
07-09 18:27:30.249 1898 1984 I [OAR] Gatekeepers: Passing to SystemUX GK oculus_vrshell_anytimeui_chat_icon:true
07-09 18:27:30.249 1898 1984 I [OAR] Gatekeepers: Not passing to SystemUX GK oculus_mobile_auiv2_rollout_v17:false
07-09 18:27:30.249 1898 1984 I [OAR] Gatekeepers: Passing to SystemUX GK oculus_vrshell_anytimeui_v2_social:true
07-09 18:27:30.249 1898 1984 I [OAR] Gatekeepers: Not passing to SystemUX GK oculus_mobile_instant_replay:false
07-09 18:27:30.249 1898 1984 I [OAR] Gatekeepers: Not passing to SystemUX GK oculus_browser_multi_panel:false
07-09 18:27:30.249 1898 1984 I [OAR] Gatekeepers: Passing to SystemUX GK oculus_mobile_pause_screenshot_enabled:true
07-09 18:27:30.249 1898 1984 I [OAR] Gatekeepers: Not passing to SystemUX GK oculus_profile_presence_privacy:false
07-09 18:27:30.249 1898 1984 I [OAR] Gatekeepers: Passing to SystemUX GK oculus_vrshell_anytimeui_living_room_badge:true
07-09 18:27:30.249 1898 1984 I [OAR] Gatekeepers: Not passing to SystemUX GK oculus_social_panel_v2_strangers_settings:true - Not registered
07-09 18:27:30.249 1898 1984 I [OAR] Gatekeepers: Passing to SystemUX GK oculus_developer:true
07-09 18:27:30.249 1898 1984 I [OAR] Gatekeepers: Not passing to SystemUX GK oculus_vrshell_anytimeui_v2_opt_in_november:false
07-09 18:27:30.249 1898 1984 I [OAR] Gatekeepers: Not passing to SystemUX GK oculus_vrshell_anytimeui_invite_via_social_dialog:true - Not registered
07-09 18:27:30.249 1898 1984 I [OAR] Gatekeepers: Passing to SystemUX GK oculus_profile_biography:true
07-09 18:27:30.249 1898 1984 I [OAR] Gatekeepers: Passing to SystemUX GK oculus_messenger_quick_chat_dialog:true
07-09 18:27:30.249 1898 1984 I [OAR] Gatekeepers: Not passing to SystemUX GK oculus_vrshell_launch_checks:true - Not registered
07-09 18:27:30.249 1898 1984 I [OAR] Gatekeepers: Not passing to SystemUX GK oculus_gallery_browser_redirect_deprecation:false
07-09 18:27:30.249 1898 1984 I [OAR] Gatekeepers: Not passing to SystemUX GK oculus_vrshell_custom_panel_distance:true - Not registered
07-09 18:27:30.249 1898 1984 I [OAR] Gatekeepers: Not passing to SystemUX GK oculus_mobile_auiv2_react_library:false
07-09 18:27:30.249 1898 1984 I [OAR] Gatekeepers: Not passing to SystemUX GK oculus_vrshell_capsense_hands:false
07-09 18:27:30.249 1898 1984 I [OAR] Gatekeepers: Not passing to SystemUX GK oculus_mobile_settings_hand_tracking:true - Not registered
07-09 18:27:30.249 1898 1984 I [OAR] Gatekeepers: Not passing to SystemUX GK oculus_mobile_settings_application_manager:true - Not registered
07-09 18:27:30.249 1898 1984 I [OAR] Gatekeepers: Not passing to SystemUX GK oculus_vrshell_capsense_controllers:false
07-09 18:27:30.249 1898 1984 I [OAR] Gatekeepers: Not passing to SystemUX GK oculus_mobile_sysux_bug_reporter:false
07-09 18:27:30.249 1898 1984 I [OAR] Gatekeepers: Not passing to SystemUX GK oculus_browser_raw_key_events:false
07-09 18:27:30.249 1898 1984 I [OAR] Gatekeepers: Not passing to SystemUX GK oculus_vrshell_overlays_v2_enabled:true - Not registered
07-09 18:27:30.249 1898 1984 I [OAR] Gatekeepers: Not passing to SystemUX GK oc_enable_social_platform_parties:false
07-09 18:27:30.249 1898 1984 I [OAR] Gatekeepers: Not passing to SystemUX GK oculus_mobile_auiv2_rollout:false
07-09 18:27:30.249 1898 1984 I [OAR] Gatekeepers: Not passing to SystemUX GK oc_enable_socialplatform_mediaupload_without_infra:false
07-09 18:27:30.249 1898 1984 I [OAR] Gatekeepers: Not passing to SystemUX GK oc_enable_social_platform_media_uploader:false
07-09 18:27:30.249 1898 1984 I [OAR] Gatekeepers: Not passing to SystemUX GK vr_messenger_service_socialplatform_infra_package:false
07-09 18:27:30.249 1898 1984 I [OAR] Gatekeepers: Not passing to SystemUX GK oculus_anytimeui_brightness_settings_slider_quest:false
07-09 18:27:30.249 1898 1984 I [OAR] Gatekeepers: Not passing to SystemUX GK oculus_video_enable_early_frame_release:false
07-09 18:27:30.249 1898 1984 I [OAR] Gatekeepers: Not passing to SystemUX GK oculus_social_platform_content_provider:false
07-09 18:27:30.249 1898 1984 I [OAR] Gatekeepers: Not passing to SystemUX GK oculus_mobile_home_js_bundle_qa_only:false
07-09 18:27:30.249 1898 1984 I [OAR] Gatekeepers: Not passing to SystemUX GK vr_messenger_service_enable_social_apk:false
07-09 18:27:30.249 1898 1984 I [OAR] Gatekeepers: Not passing to SystemUX GK oculus_mobile_sysux_lightweight_releases:true - Not registered
07-09 18:27:30.249 1898 1984 I [OAR] Gatekeepers: Not passing to SystemUX GK oculus_vrshell_enable_hands_tutorial_upsell:false
07-09 18:27:30.249 1898 1984 I [OAR] Gatekeepers: Not passing to SystemUX GK oculus_vrshell_sysicons_hands:true - Not registered
07-09 18:27:30.249 1898 1984 I [OAR] Gatekeepers: Passing to SystemUX GK oculus_social_party_fb_upsell:true
07-09 18:27:30.249 1898 1984 I [OAR] Gatekeepers: Not passing to SystemUX GK oculus_auiv2_dim_panels_on_focus:true - Not registered
07-09 18:27:30.249 1898 1984 I [OAR] Gatekeepers: Passing to SystemUX GK oculus_auiv2_default_tablet_hidden:true
07-09 18:27:30.249 1898 1984 I [OAR] Gatekeepers: Passing to SystemUX GK oculus_parties_message_button:true
07-09 18:27:30.249 1898 1984 I [OAR] Gatekeepers: Not passing to SystemUX GK oculus_vrshell_anytimeui_v2_enabled:false
07-09 18:27:30.249 1898 1984 I [OAR] Gatekeepers: Not passing to SystemUX GK oculus_vrshell_multiapp:false
07-09 18:27:30.249 1898 1984 I [OAR] Gatekeepers: Not passing to SystemUX GK oculus_auiv2_dismiss_tablet_on_external_action:true - Not registered
07-09 18:27:30.249 1898 1984 I [OAR] Gatekeepers: Not passing to SystemUX GK oculus_hands_drawing_roomscale_guardian:true - Not registered
07-09 18:27:30.249 1898 1984 I [OAR] Gatekeepers: Passing to SystemUX GK oculus_parties_join_button:true
07-09 18:27:30.249 1898 1984 I [OAR] Gatekeepers: Not passing to SystemUX GK oculus_video_enable_audio_virtualization:true - Not registered
07-09 18:27:30.249 1898 1984 I [OAR] Gatekeepers: Not passing to SystemUX GK oculus_vrshell_keyboard_transcription:false
07-09 18:27:30.249 1898 1984 I [OAR] Gatekeepers: Not passing to SystemUX GK oculus_vrshell_package_installer:false
07-09 18:27:30.249 1898 1984 I [OAR] Gatekeepers: Not passing to SystemUX GK oculus_notifications_stateful_vr_feed:false
07-09 18:27:30.249 1898 1984 I [OAR] Gatekeepers: Not passing to SystemUX GK oculus_mobile_auiv2_rollout_v18:true - Not registered
07-09 18:27:30.249 1898 1984 I [OAR] Gatekeepers: Not passing to SystemUX GK oculus_vrshell_input_japanese_keyboard:false
07-09 18:27:30.249 1898 1984 I [OAR] Gatekeepers: Not passing to SystemUX GK oculus_vrshell_force_60_video_at_72:false
07-09 18:27:30.249 1898 1984 I [OAR] Gatekeepers: Passing to SystemUX GK oculus_mobile_settings_release_process:true
07-09 18:27:30.249 1898 1984 I [OAR] Gatekeepers: Not passing to SystemUX GK oculus_mobile_feed_defaulting_enabled:false
07-09 18:27:30.249 1898 1984 I [OAR] Gatekeepers: Not passing to SystemUX GK oculus_vrshell_force_30_video_at_72:false
07-09 18:27:30.249 1898 1984 I [OAR] Gatekeepers: Not passing to SystemUX GK oculus_quest_playspace_scan:true - Not registered
07-09 18:27:30.249 1898 1984 I [OAR] Gatekeepers: Not passing to SystemUX GK oculus_ota_twix:false
07-09 18:27:30.249 1898 1984 I [OAR] Gatekeepers: Not passing to SystemUX GK oculus_is_trusted_user:false
07-09 18:27:30.249 1898 1984 I [OAR] Gatekeepers: Not passing to SystemUX GK oculus_vrshell_enable_social_platform_app_routing:true - Not registered
07-09 18:27:30.249 1898 1984 I [OAR] Gatekeepers: Not passing to SystemUX GK oculus_vrshell_anytimeui_report_via_social_dialog:false
07-09 18:27:30.249 1898 1984 I [OAR] Gatekeepers: Not passing to SystemUX GK oculus_vrshell_anytimeui_use_social_dialogs:true - Not registered
07-09 18:27:30.249 1898 1984 I [OAR] Gatekeepers: Passing to SystemUX GK oc_social_h1_2020_mobile_sharing_updates:true
07-09 18:27:30.249 1898 1984 I [OAR] Gatekeepers: Not passing to SystemUX GK oculus_mobile_sysux_unified_dialogs_v9:true - Not registered
07-09 18:27:30.249 1898 1984 I [OAR] Gatekeepers: Not passing to SystemUX GK oculus_vrshell_enable_social_gallery:false
07-09 18:27:30.249 1898 1984 I [OAR] Gatekeepers: Not passing to SystemUX GK oculus_vrshell_anytimeui_v2_moveable:false
07-09 18:27:30.249 1898 1984 I [OAR] Gatekeepers: Not passing to SystemUX GK oculus_vrshell_system_voip_passthrough:true - Not registered
07-09 18:27:30.250 1898 1984 I [OAR] Gatekeepers: Not passing to SystemUX GK oculus_mobile_auiv2_bypass_nux_dialogs:false
07-09 18:27:30.250 1898 1984 I [OAR] Gatekeepers: Not passing to SystemUX GK oculus_home_layertransform:false
07-09 18:27:30.250 1898 1984 I [OAR] Gatekeepers: Not passing to SystemUX GK oculus_monterey_ota_fast_dogfooding:false
07-09 18:27:30.250 1898 1984 I [OAR] Gatekeepers: Not passing to SystemUX GK oculus_mobile_auiv2_feature_enabled:true - Not registered
07-09 18:27:30.250 1898 1984 I [OAR] Gatekeepers: Passing to SystemUX GK oculus_quest_passthrough_ondemand:true
07-09 18:27:30.250 1898 1984 I [OAR] Gatekeepers: Not passing to SystemUX GK oculus_mobile_home_js_bundle:true - Not registered
07-09 18:27:30.250 1898 1984 I [OAR] Gatekeepers: Not passing to SystemUX GK oculus_report_auto_video_capture:false
07-09 18:27:30.250 1898 1984 I [OAR] Gatekeepers: Not passing to SystemUX GK oculus_video_use_experimental_abr:true - Not registered
07-09 18:27:30.250 1898 1984 I [OAR] Gatekeepers: Not passing to SystemUX GK oculus_vrshell_mouse_input:false
07-09 18:27:30.250 1898 1984 I [OAR] Gatekeepers: Not passing to SystemUX GK oculus_ota_qa_release_testing:false
07-09 18:27:30.250 1898 1984 I [OAR] Gatekeepers: Not passing to SystemUX GK oculus_video_enable_codec_cache:false
07-09 18:27:30.250 1898 1984 I [OAR] Gatekeepers: Not passing to SystemUX GK oculus_vrshell_core_debug_panel:false
07-09 18:27:30.250 1898 1984 I [OAR] Gatekeepers: Not passing to SystemUX GK oculus_video_allow_screen_capture:false
07-09 18:27:30.250 1898 1984 I [OAR] Gatekeepers: Not passing to SystemUX GK oculus_mobile_auiv2_brightness_slider:false
07-09 18:27:30.250 1898 1984 I [OAR] Gatekeepers: Not passing to SystemUX GK oculus_video_enable_avr4vbr:true - Not registered
07-09 18:27:30.250 1898 1984 I [OAR] Gatekeepers: Not passing to SystemUX GK oculus_messenger_social_panel_mobile:true - Not registered
07-09 18:27:30.250 1898 1984 I [OAR] Gatekeepers: Not passing to SystemUX GK oculus_mobile_auiv2_rollout_v19:true - Not registered
07-09 18:27:30.250 1898 1984 I [OAR] Gatekeepers: Not passing to SystemUX GK oculus_vrshell_system_view:false
07-09 18:27:30.250 1898 1984 I [OAR] Gatekeepers: Not passing to SystemUX GK oculus_video_direct_experiment:false
07-09 18:27:30.250 1898 1984 I [OAR] Gatekeepers: Not passing to SystemUX GK oculus_quest_infinite_office_platform:false
07-09 18:27:30.250 1898 1984 I [OAR] Gatekeepers: Not passing to SystemUX GK oculus_quest_dogfooding_update:false
07-09 18:27:30.250 1898 1984 I [OAR] Gatekeepers: Passing to SystemUX GK oculus_vrshell_core_tv_button:true
07-09 18:27:30.250 1898 1984 I [OAR] Gatekeepers: Not passing to SystemUX GK oculus_monterey_ota_slow_dogfooding:false
07-09 18:27:30.250 1898 1984 I [OAR] Gatekeepers: Not passing to SystemUX GK oculus_vrshell_increased_pixel_density:false
07-09 18:27:30.250 1898 1984 I [OAR] Gatekeepers: Not passing to SystemUX GK oculus_ota_monterey_demo:false
07-09 18:27:30.250 1898 1984 I [OAR] Gatekeepers: Not passing to SystemUX GK oculus_ota_manual_qa:false
07-09 18:27:30.250 1898 1984 I [OAR] Gatekeepers: Not passing to SystemUX GK oculus_vrshell_core_quest_retaildemo:false
07-09 18:27:30.250 1898 1984 I [OAR] Gatekeepers: Not passing to SystemUX GK oculus_vrshell_multiapp_rollout:true - Not registered
07-09 18:27:30.250 1898 1984 I [OAR] Gatekeepers: Not passing to SystemUX GK oculus_notifs_headset_prefs_v9:true - Not registered
07-09 18:27:30.250 1898 1984 I [OAR] Gatekeepers: Not passing to SystemUX GK oculus_mobile_settings_controller_effects:false
07-09 18:27:30.250 1898 1984 I [OAR] Gatekeepers: Not passing to SystemUX GK oculus_vrshell_multiapp_public:true - Not registered
07-09 18:27:30.250 1898 1984 I [OAR] Gatekeepers: Not passing to SystemUX GK oculus_vrshell_webtask:false
07-09 18:27:30.250 1898 1984 I [OAR] Gatekeepers: Not passing to SystemUX GK oculus_notifications_vr_feed_visual_updates:false
07-09 18:27:30.250 1898 1984 I [OAR] Gatekeepers: Not passing to SystemUX GK oculus_mobile_auiv2_rollout_v16:false
07-09 18:27:30.250 1898 1984 I [OAR] Gatekeepers: Not passing to SystemUX GK oc_vrshell_keyboard_transcription_feedback:false
07-09 18:27:30.250 1898 1984 I [OAR] Gatekeepers: Not passing to SystemUX GK ota_blacklist:false
07-09 18:27:30.250 1898 1984 I [OAR] Gatekeepers: Not passing to SystemUX GK oc_shellenv_as_default:false
07-09 18:27:30.250 1898 1984 I [OAR] Gatekeepers: Not passing to SystemUX GK oculus_vrshell_enable_social_video:false
07-09 18:27:30.250 1898 1984 I [OAR] Gatekeepers: Not passing to SystemUX GK oculus_mobile_home_library_cache:false
07-09 18:27:30.250 1898 1984 I [OAR] Gatekeepers: Not passing to SystemUX GK oculus_vrshell_keyboard_typeahead:false
07-09 18:27:30.250 1898 1984 I [OAR] Gatekeepers: Not passing to SystemUX GK oculus_video_disable_cache:false
07-09 18:27:30.250 1898 1984 I [OAR] Gatekeepers: Not passing to SystemUX GK oculus_vrshell_enable_social_octv:false
07-09 18:27:30.250 1898 1984 I [OAR] Gatekeepers: Not passing to SystemUX GK oculus_vrshell_keyboard_typeahead_default_on:false
07-09 18:27:30.250 1898 1984 I [OAR] Gatekeepers: Not passing to SystemUX GK oculus_messenger_new_message_notification:true - Not registered
07-09 18:27:30.250 1898 1984 I [OAR] Gatekeepers: Not passing to SystemUX GK oculus_vrshell_managed_launcher:false
07-09 18:27:30.250 1898 1984 I [OAR] Gatekeepers: Not passing to SystemUX GK oculus_vrshell_core_go_retaildemo:false
07-09 18:27:30.250 1898 1984 I [OAR] Gatekeepers: Passing to SystemUX GK oculus_mobile_auiv2_android_library:true
07-09 18:27:30.250 1898 1984 I [OAR] Gatekeepers: Passing to SystemUX GK oculus_mobile_hand_tracking_ga:true
07-09 18:27:30.250 1898 1984 I [OAR] Gatekeepers: Not passing to SystemUX GK oculus_notifications_vr_feed_categories:false
07-09 18:27:30.250 1898 1984 I [OAR] Gatekeepers: Not passing to SystemUX GK oculus_video_use_exoplayer_fast_seek:true - Not registered
07-09 18:27:30.250 1898 1984 I [OAR] Gatekeepers: Not passing to SystemUX GK oculus_monterey_master_lkg_ota:false
07-09 18:27:30.250 1898 1984 I [OAR] Gatekeepers: Passing to SystemUX GK oculus_vrshell_anytimeui_v2_show_pymks:true
07-09 18:27:30.250 1898 1984 I [OAR] Gatekeepers: Not passing to SystemUX GK oculus_vrshell_keyboard_remote_input:false
07-09 18:27:30.250 1898 1984 I [OAR] ShellApp: Notifying foreground panel changed
07-09 18:27:30.251 1898 1984 I [OAR] PanelAppHost: PanelAppHost( com.oculus.systemux/com.oculus.panelapp.anytimeui.AnytimeUIAndroidPanelService ) for PanelId 6
07-09 18:27:30.251 1898 1984 I [OAR] PanelAppHost: Panel app 6 (com.oculus.systemux/com.oculus.panelapp.anytimeui.AnytimeUIAndroidPanelService) changing state from startup to foreground
07-09 18:27:30.258 1841 1841 I VRLifecycleSessionManager: Stored session info.
07-09 18:27:30.259 2206 3194 I VrRuntimeService: nativeCreateAndroidSurfaceSwapChain 65536 1 32856 1 1 1 1 1 0 0
07-09 18:27:30.261 2206 3194 I VrRuntimeServer: CreateAndroidSurfaceSwapChain: result surface 0x7f8bffe000
07-09 18:27:30.261 2206 3474 W TimeWarp: WarpToScreen: No completed frames to display for client 0. submittedFrameIndex = 460
07-09 18:27:30.262 1898 1984 I [OAR] PanelRenderLayer: vrapi_CreateAndroidSurfaceSwapChain() -> 0xc88d4000
07-09 18:27:30.264 2206 2521 I VrRuntimeService: nativeCreateAndroidSurfaceSwapChain 65536 1 32856 1 1 1 1 1 0 0
07-09 18:27:30.265 2206 2521 I VrRuntimeServer: CreateAndroidSurfaceSwapChain: result surface 0x7f8bfff000
07-09 18:27:30.265 1898 1984 I [OAR] PanelRenderLayer: vrapi_CreateAndroidSurfaceSwapChain() -> 0xbbb52e00
07-09 18:27:30.266 2206 2233 I VrRuntimeService: nativeCreateAndroidSurfaceSwapChain 65536 1 32856 1 1 1 1 1 0 0
07-09 18:27:30.266 2206 2233 I VrRuntimeServer: CreateAndroidSurfaceSwapChain: result surface 0x7f8bd7a000
07-09 18:27:30.266 1898 1984 I [OAR] PanelRenderLayer: vrapi_CreateAndroidSurfaceSwapChain() -> 0xccb9e400
07-09 18:27:30.267 1898 1984 I [OAR] PanelAppHost: Passing env var _oc_device_region = 0
07-09 18:27:30.267 1898 1984 I [OAR] PanelAppHost: Passing env var _oc_device_type = 259
07-09 18:27:30.267 1898 1984 I [OAR] PanelAppHost: Passing env var _oc_headset_type = 256
07-09 18:27:30.267 1898 1984 I [OAR] PanelAppHost: Passing env var _oc_analytics_session_id = b1cf9f28-bf9c-46e6-bca5-fc8f88786103
07-09 18:27:30.267 1898 1984 I [OAR] PanelAppHost: Passing env var _oc_userid = 105336190730996
07-09 18:27:30.267 1898 1984 I [OAR] PanelAppHost: Passing env var _oc_enterprise_mode = false
07-09 18:27:30.267 1898 1984 I [OAR] PanelAppHost: Passing env var _oc_shell_version_name = 18.0.0.403.517
07-09 18:27:30.267 1898 1984 I [OAR] PanelAppHost: Passing env var _oc_shell_version_code = 224383062
07-09 18:27:30.267 1898 1984 I [OAR] PanelAppHost: Passing env var _oc_shell_permissions = permissionsGranted camera write_storage microphone
07-09 18:27:30.267 1898 1984 I [OAR] PanelAppHost: Passing env var _oc_shell_automation_enabled = false
07-09 18:27:30.267 1898 1984 I [OAR] PanelAppHost: Passing env var _oc_shell_view_id_debugging_enabled = false
07-09 18:27:30.267 1898 1984 I [OAR] PanelAppHost: Passing env var _oc_shell_pixel_density = 13
07-09 18:27:30.267 1898 1984 I [OAR] PanelAppHost: Passing env var _oc_shell_render_scale = 1.000000
07-09 18:27:30.267 1898 1984 I [OAR] PanelAppHost: Passing env var _oc_auiv2 = true
07-09 18:27:30.267 1898 1984 I [OAR] PanelAppHost: Passing env var _oc_shell_feature_sets = multi-layer-v1,mirror-avatar-v1,system-ux-routes-v1,deeplink-nav-v1,clock-levels-v1,layerTranslate-v1,layerScaleDensity-v1,layerScaleDensity-v2,multiapp-alpha-v1,multiapp-v1,multiapp-v2,recoverInstances-v1,webtasks-in-exclusive-mode
07-09 18:27:30.267 1898 1984 I [OAR] PanelAppHost: Passing env var _oc_launch_timestamp = 74979
07-09 18:27:30.267 1898 1984 I [OAR] PanelAppHost: Passing env var _oc_gk:oculus_vrshell_anytimeui_v2_profile = true
07-09 18:27:30.267 1898 1984 I [OAR] PanelAppHost: Passing env var _oc_gk:oculus_quest_profile_sharing = true
07-09 18:27:30.267 1898 1984 I [OAR] PanelAppHost: Passing env var _oc_gk:oculus_party_joinable_calls = true
07-09 18:27:30.267 1898 1984 I [OAR] PanelAppHost: Passing env var _oc_gk:oculus_mobile_pause_videoshot_enabled = true
07-09 18:27:30.267 1898 1984 I [OAR] PanelAppHost: Passing env var _oc_gk:oculus_mobile_pause_invite_enabled = true
07-09 18:27:30.267 1898 1984 I [OAR] PanelAppHost: Passing env var _oc_gk:oculus_party_block_members = true
07-09 18:27:30.267 1898 1984 I [OAR] PanelAppHost: Passing env var _oc_gk:oculus_party_joinable_toggle_aui = true
07-09 18:27:30.267 1898 1984 I [OAR] PanelAppHost: Passing env var _oc_gk:oculus_vrshell_anytimeui_chat_icon = true
07-09 18:27:30.267 1898 1984 I [OAR] PanelAppHost: Passing env var _oc_gk:oculus_vrshell_anytimeui_v2_social = true
07-09 18:27:30.267 1898 1984 I [OAR] PanelAppHost: Passing env var _oc_gk:oculus_mobile_pause_screenshot_enabled = true
07-09 18:27:30.267 1898 1984 I [OAR] PanelAppHost: Passing env var _oc_gk:oculus_vrshell_anytimeui_living_room_badge = true
07-09 18:27:30.267 1898 1984 I [OAR] PanelAppHost: Passing env var _oc_gk:oculus_developer = true
07-09 18:27:30.267 1898 1984 I [OAR] PanelAppHost: Passing env var _oc_gk:oculus_profile_biography = true
07-09 18:27:30.267 1898 1984 I [OAR] PanelAppHost: Passing env var _oc_gk:oculus_messenger_quick_chat_dialog = true
07-09 18:27:30.267 1898 1984 I [OAR] PanelAppHost: Passing env var _oc_gk:oculus_social_party_fb_upsell = true
07-09 18:27:30.267 1898 1984 I [OAR] PanelAppHost: Passing env var _oc_gk:oculus_auiv2_default_tablet_hidden = true
07-09 18:27:30.267 1898 1984 I [OAR] PanelAppHost: Passing env var _oc_gk:oculus_parties_message_button = true
07-09 18:27:30.267 1898 1984 I [OAR] PanelAppHost: Passing env var _oc_gk:oculus_parties_join_button = true
07-09 18:27:30.267 1898 1984 I [OAR] PanelAppHost: Passing env var _oc_gk:oculus_mobile_settings_release_process = true
07-09 18:27:30.267 1898 1984 I [OAR] PanelAppHost: Passing env var _oc_gk:oc_social_h1_2020_mobile_sharing_updates = true
07-09 18:27:30.267 1898 1984 I [OAR] PanelAppHost: Passing env var _oc_gk:oculus_quest_passthrough_ondemand = true
07-09 18:27:30.267 1898 1984 I [OAR] PanelAppHost: Passing env var _oc_gk:oculus_vrshell_core_tv_button = true
07-09 18:27:30.267 1898 1984 I [OAR] PanelAppHost: Passing env var _oc_gk:oculus_mobile_auiv2_android_library = true
07-09 18:27:30.267 1898 1984 I [OAR] PanelAppHost: Passing env var _oc_gk:oculus_mobile_hand_tracking_ga = true
07-09 18:27:30.267 1898 1984 I [OAR] PanelAppHost: Passing env var _oc_gk:oculus_vrshell_anytimeui_v2_show_pymks = true
07-09 18:27:30.267 1898 1984 I [OAR] PanelAppHost: Passing env var _oc_gk:oculus_mobile_sysux_unified_dialogs_v9 = true
07-09 18:27:30.267 1898 1984 I [OAR] PanelAppHost: Passing env var _oc_gk:oculus_mobile_sysux_lightweight_releases = true
07-09 18:27:30.267 1898 1984 I [OAR] PanelAppHost: Passing env var _oc_gk:oculus_mobile_home_js_bundle = true
07-09 18:27:30.267 1898 1984 I [OAR] PanelAppHost: Passing env var _oc_ff:aui_v2 = true
07-09 18:27:30.267 1898 1984 I [OAR] PanelAppHost: Passing env var _oc_ff:aui_android_only_library = false
07-09 18:27:30.267 1898 1984 I [OAR] PanelAppHost: Passing env var _oc_ff:aui_react_only_library = false
07-09 18:27:30.267 1898 1984 I [OAR] PanelAppHost: Passing env var _oc_shell_host = vrshell
07-09 18:27:30.267 1898 1984 I [OAR] PanelAppHost: Passing env var _oc_shell_panel_id = 6
07-09 18:27:30.268 1898 1984 I [OAR] PanelAppHost: Calling sendPanelLaunchIntent for panel app com.oculus.systemux/com.oculus.panelapp.anytimeui.AnytimeUIAndroidPanelService
07-09 18:27:30.268 1898 1984 D [OAR] ShellApplication: sendApkPanelLaunchIntent: packageName=com.oculus.systemux, serviceClassName=com.oculus.panelapp.anytimeui.AnytimeUIAndroidPanelService
07-09 18:27:30.269 1898 1984 D [OAR] PanelServiceConnection: getSystemProcessUidForCurrentUser: 'android' systemUid = 1000
07-09 18:27:30.269 1898 1984 D [OAR] ShellApplication: bindService Intent { cmp=com.oculus.systemux/com.oculus.panelapp.anytimeui.AnytimeUIAndroidPanelService }
