07-09 18:27:19.763 1050 1075 I DisplayManagerService: Display device added: DisplayDeviceInfo{"com.oculus.android_panel_app.AndroidPanelLayer-tabletContent": uniqueId="virtual:com.oculus.systemux,10061,com.oculus.android_panel_app.AndroidPanelLayer-tabletContent,0", 552 x 340, modeId 9, defaultModeId 9, supportedModes [{id=9, width=552, height=340, fps=60.0}], colorMode 0, supportedColorModes [0], HdrCapabilities null, density 160, 160.0 x 160.0 dpi, appVsyncOff 0, presDeadline 16666666, touch NONE, rotation 0, type VIRTUAL, state OFF, owner com.oculus.systemux (uid 10061), FLAG_PRIVATE, FLAG_NEVER_BLANK, FLAG_OWN_CONTENT_ONLY}
07-09 18:27:19.962 1050 1116 I DisplayManagerService: Display device changed state: "com.oculus.android_panel_app.AndroidPanelLayer-#main", ON
07-09 18:27:19.975 1050 1116 I DisplayManagerService: Display device changed state: "com.oculus.android_panel_app.AndroidPanelLayer-tablet", ON
07-09 18:27:20.022 1050 1116 I DisplayManagerService: Display device changed state: "com.oculus.android_panel_app.AndroidPanelLayer-tabletNav", ON
07-09 18:27:20.022 1050 1116 I DisplayManagerService: Display device changed state: "com.oculus.android_panel_app.AndroidPanelLayer-tabletContent", ON
07-09 18:27:25.378 1544 3565 W ContextImpl: Calling a method in the system process without a qualified user: android.app.ContextImpl.sendBroadcast:877 android.content.ContextWrapper.sendBroadcast:421 com.facebook.analytics2.logger.UploadServiceBus.signalJobRan:60 com.facebook.analytics2.logger.UploadJobHandler.exitStateMachine:267 com.facebook.analytics2.logger.UploadJobHandler.handleMessage:97
07-09 18:27:26.320 1050 2736 I ActivityManager: START u0 {act=android.intent.action.MAIN cat=[android.intent.category.LAUNCHER] flg=0x10010000 pkg=com.YourCompany.DBM_Unreal_10vc cmp=com.YourCompany.DBM_Unreal_10vc/com.epicgames.ue4.GameActivity (has extras)} from uid 10024 on display 0
07-09 18:27:26.416 1050 2739 I ActivityManager: Start proc 3566:com.YourCompany.DBM_Unreal_10vc/u0a86 for activity com.YourCompany.DBM_Unreal_10vc/com.epicgames.ue4.GameActivity
07-09 18:27:26.789 1050 2736 D VoldConnector: SND -> {7 volume mkdirs /storage/emulated/0/Android/obb/com.YourCompany.DBM_Unreal_10vc/}
07-09 18:27:26.794 1050 1194 D VoldConnector: RCV <- {200 7 Command succeeded}
07-09 18:27:26.819 1050 2738 D VoldConnector: SND -> {8 volume mkdirs /storage/emulated/0/Android/data/com.YourCompany.DBM_Unreal_10vc/files/}
07-09 18:27:26.828 1050 1194 D VoldConnector: RCV <- {200 8 Command succeeded}
07-09 18:27:27.063 1050 1700 I DisplayManagerService: Display device removed: DisplayDeviceInfo{"com.oculus.android_panel_app.AndroidPanelLayer-#main": uniqueId="virtual:com.oculus.systemux,10061,com.oculus.android_panel_app.AndroidPanelLayer-#main,0", 774 x 124, modeId 6, defaultModeId 6, supportedModes [{id=6, width=774, height=124, fps=60.0}], colorMode 0, supportedColorModes [0], HdrCapabilities null, density 160, 160.0 x 160.0 dpi, appVsyncOff 0, presDeadline 16666666, touch NONE, rotation 0, type VIRTUAL, state ON, owner com.oculus.systemux (uid 10061), FLAG_PRIVATE, FLAG_NEVER_BLANK, FLAG_OWN_CONTENT_ONLY}
07-09 18:27:27.097 1050 1521 I DisplayManagerService: Display device removed: DisplayDeviceInfo{"com.oculus.android_panel_app.AndroidPanelLayer-tabletNav": uniqueId="virtual:com.oculus.systemux,10061,com.oculus.android_panel_app.AndroidPanelLayer-tabletNav,0", 216 x 340, modeId 8, defaultModeId 8, supportedModes [{id=8, width=216, height=340, fps=60.0}], colorMode 0, supportedColorModes [0], HdrCapabilities null, density 160, 160.0 x 160.0 dpi, appVsyncOff 0, presDeadline 16666666, touch NONE, rotation 0, type VIRTUAL, state ON, owner com.oculus.systemux (uid 10061), FLAG_PRIVATE, FLAG_NEVER_BLANK, FLAG_OWN_CONTENT_ONLY}
07-09 18:27:27.122 1050 2738 I DisplayManagerService: Display device removed: DisplayDeviceInfo{"com.oculus.android_panel_app.AndroidPanelLayer-tabletContent": uniqueId="virtual:com.oculus.systemux,10061,com.oculus.android_panel_app.AndroidPanelLayer-tabletContent,0", 552 x 340, modeId 9, defaultModeId 9, supportedModes [{id=9, width=552, height=340, fps=60.0}], colorMode 0, supportedColorModes [0], HdrCapabilities null, density 160, 160.0 x 160.0 dpi, appVsyncOff 0, presDeadline 16666666, touch NONE, rotation 0, type VIRTUAL, state ON, owner com.oculus.systemux (uid 10061), FLAG_PRIVATE, FLAG_NEVER_BLANK, FLAG_OWN_CONTENT_ONLY}
07-09 18:27:27.135 1050 2738 I DisplayManagerService: Display device removed: DisplayDeviceInfo{"com.oculus.android_panel_app.AndroidPanelLayer-tablet": uniqueId="virtual:com.oculus.systemux,10061,com.oculus.android_panel_app.AndroidPanelLayer-tablet,0", 768 x 340, modeId 7, defaultModeId 7, supportedModes [{id=7, width=768, height=340, fps=60.0}], colorMode 0, supportedColorModes [0], HdrCapabilities null, density 160, 160.0 x 160.0 dpi, appVsyncOff 0, presDeadline 16666666, touch NONE, rotation 0, type VIRTUAL, state ON, owner com.oculus.systemux (uid 10061), FLAG_PRIVATE, FLAG_NEVER_BLANK, FLAG_OWN_CONTENT_ONLY}
07-09 18:27:27.287 1050 1076 I DisplayManagerService: Display device added: DisplayDeviceInfo{"com.oculus.android_panel_app.AndroidPanelLayer-#main": uniqueId="virtual:com.oculus.systemux,10061,com.oculus.android_panel_app.AndroidPanelLayer-#main,0", 774 x 124, modeId 10, defaultModeId 10, supportedModes [{id=10, width=774, height=124, fps=60.0}], colorMode 0, supportedColorModes [0], HdrCapabilities null, density 160, 160.0 x 160.0 dpi, appVsyncOff 0, presDeadline 16666666, touch NONE, rotation 0, type VIRTUAL, state OFF, owner com.oculus.systemux (uid 10061), FLAG_PRIVATE, FLAG_NEVER_BLANK, FLAG_OWN_CONTENT_ONLY}
07-09 18:27:27.408 1050 1521 I ActivityManager: Process com.oculus.vrshell.home:explore (pid 2831) has died
07-09 18:27:27.409 1050 1521 D ActivityManager: cleanUpApplicationRecord -- 2831
07-09 18:27:27.475 1050 1565 I DisplayManagerService: Display device added: DisplayDeviceInfo{"com.oculus.android_panel_app.AndroidPanelLayer-tablet": uniqueId="virtual:com.oculus.systemux,10061,com.oculus.android_panel_app.AndroidPanelLayer-tablet,0", 768 x 340, modeId 11, defaultModeId 11, supportedModes [{id=11, width=768, height=340, fps=60.0}], colorMode 0, supportedColorModes [0], HdrCapabilities null, density 160, 160.0 x 160.0 dpi, appVsyncOff 0, presDeadline 16666666, touch NONE, rotation 0, type VIRTUAL, state OFF, owner com.oculus.systemux (uid 10061), FLAG_PRIVATE, FLAG_NEVER_BLANK, FLAG_OWN_CONTENT_ONLY}
07-09 18:27:27.507 1050 1575 I DisplayManagerService: Display device added: DisplayDeviceInfo{"com.oculus.android_panel_app.AndroidPanelLayer-tabletNav": uniqueId="virtual:com.oculus.systemux,10061,com.oculus.android_panel_app.AndroidPanelLayer-tabletNav,0", 216 x 340, modeId 12, defaultModeId 12, supportedModes [{id=12, width=216, height=340, fps=60.0}], colorMode 0, supportedColorModes [0], HdrCapabilities null, density 160, 160.0 x 160.0 dpi, appVsyncOff 0, presDeadline 16666666, touch NONE, rotation 0, type VIRTUAL, state OFF, owner com.oculus.systemux (uid 10061), FLAG_PRIVATE, FLAG_NEVER_BLANK, FLAG_OWN_CONTENT_ONLY}
07-09 18:27:27.559 1050 2736 I DisplayManagerService: Display device added: DisplayDeviceInfo{"com.oculus.android_panel_app.AndroidPanelLayer-tabletContent": uniqueId="virtual:com.oculus.systemux,10061,com.oculus.android_panel_app.AndroidPanelLayer-tabletContent,0", 552 x 340, modeId 13, defaultModeId 13, supportedModes [{id=13, width=552, height=340, fps=60.0}], colorMode 0, supportedColorModes [0], HdrCapabilities null, density 160, 160.0 x 160.0 dpi, appVsyncOff 0, presDeadline 16666666, touch NONE, rotation 0, type VIRTUAL, state OFF, owner com.oculus.systemux (uid 10061), FLAG_PRIVATE, FLAG_NEVER_BLANK, FLAG_OWN_CONTENT_ONLY}
07-09 18:27:27.707 1050 1116 I DisplayManagerService: Display device changed state: "com.oculus.android_panel_app.AndroidPanelLayer-#main", ON
07-09 18:27:27.738 1050 1116 I DisplayManagerService: Display device changed state: "com.oculus.android_panel_app.AndroidPanelLayer-tablet", ON
07-09 18:27:27.760 1050 1116 I DisplayManagerService: Display device changed state: "com.oculus.android_panel_app.AndroidPanelLayer-tabletNav", ON
07-09 18:27:27.795 1050 1116 I DisplayManagerService: Display device changed state: "com.oculus.android_panel_app.AndroidPanelLayer-tabletContent", ON
07-09 18:27:28.186 1050 2738 I DisplayManagerService: Display device removed: DisplayDeviceInfo{"com.oculus.android_panel_app.AndroidPanelLayer-#main": uniqueId="virtual:com.oculus.systemux,10061,com.oculus.android_panel_app.AndroidPanelLayer-#main,0", 774 x 124, modeId 10, defaultModeId 10, supportedModes [{id=10, width=774, height=124, fps=60.0}], colorMode 0, supportedColorModes [0], HdrCapabilities null, density 160, 160.0 x 160.0 dpi, appVsyncOff 0, presDeadline 16666666, touch NONE, rotation 0, type VIRTUAL, state ON, owner com.oculus.systemux (uid 10061), FLAG_PRIVATE, FLAG_NEVER_BLANK, FLAG_OWN_CONTENT_ONLY}
07-09 18:27:28.207 1050 1690 I DisplayManagerService: Display device removed: DisplayDeviceInfo{"com.oculus.android_panel_app.AndroidPanelLayer-tabletNav": uniqueId="virtual:com.oculus.systemux,10061,com.oculus.android_panel_app.AndroidPanelLayer-tabletNav,0", 216 x 340, modeId 12, defaultModeId 12, supportedModes [{id=12, width=216, height=340, fps=60.0}], colorMode 0, supportedColorModes [0], HdrCapabilities null, density 160, 160.0 x 160.0 dpi, appVsyncOff 0, presDeadline 16666666, touch NONE, rotation 0, type VIRTUAL, state ON, owner com.oculus.systemux (uid 10061), FLAG_PRIVATE, FLAG_NEVER_BLANK, FLAG_OWN_CONTENT_ONLY}
07-09 18:27:28.218 1050 1655 I DisplayManagerService: Display device removed: DisplayDeviceInfo{"com.oculus.android_panel_app.AndroidPanelLayer-tabletContent": uniqueId="virtual:com.oculus.systemux,10061,com.oculus.android_panel_app.AndroidPanelLayer-tabletContent,0", 552 x 340, modeId 13, defaultModeId 13, supportedModes [{id=13, width=552, height=340, fps=60.0}], colorMode 0, supportedColorModes [0], HdrCapabilities null, density 160, 160.0 x 160.0 dpi, appVsyncOff 0, presDeadline 16666666, touch NONE, rotation 0, type VIRTUAL, state ON, owner com.oculus.systemux (uid 10061), FLAG_PRIVATE, FLAG_NEVER_BLANK, FLAG_OWN_CONTENT_ONLY}
07-09 18:27:28.237 1050 1076 I DisplayManagerService: Display device removed: DisplayDeviceInfo{"com.oculus.android_panel_app.AndroidPanelLayer-tablet": uniqueId="virtual:com.oculus.systemux,10061,com.oculus.android_panel_app.AndroidPanelLayer-tablet,0", 768 x 340, modeId 11, defaultModeId 11, supportedModes [{id=11, width=768, height=340, fps=60.0}], colorMode 0, supportedColorModes [0], HdrCapabilities null, density 160, 160.0 x 160.0 dpi, appVsyncOff 0, presDeadline 16666666, touch NONE, rotation 0, type VIRTUAL, state ON, owner com.oculus.systemux (uid 10061), FLAG_PRIVATE, FLAG_NEVER_BLANK, FLAG_OWN_CONTENT_ONLY}
07-09 18:27:28.346 1050 1289 I DisplayManagerService: Display device added: DisplayDeviceInfo{"com.oculus.android_panel_app.AndroidPanelLayer-#main": uniqueId="virtual:com.oculus.systemux,10061,com.oculus.android_panel_app.AndroidPanelLayer-#main,0", 774 x 124, modeId 14, defaultModeId 14, supportedModes [{id=14, width=774, height=124, fps=60.0}], colorMode 0, supportedColorModes [0], HdrCapabilities null, density 160, 160.0 x 160.0 dpi, appVsyncOff 0, presDeadline 16666666, touch NONE, rotation 0, type VIRTUAL, state OFF, owner com.oculus.systemux (uid 10061), FLAG_PRIVATE, FLAG_NEVER_BLANK, FLAG_OWN_CONTENT_ONLY}
07-09 18:27:28.448 1050 2736 I DisplayManagerService: Display device added: DisplayDeviceInfo{"com.oculus.android_panel_app.AndroidPanelLayer-tablet": uniqueId="virtual:com.oculus.systemux,10061,com.oculus.android_panel_app.AndroidPanelLayer-tablet,0", 768 x 340, modeId 15, defaultModeId 15, supportedModes [{id=15, width=768, height=340, fps=60.0}], colorMode 0, supportedColorModes [0], HdrCapabilities null, density 160, 160.0 x 160.0 dpi, appVsyncOff 0, presDeadline 16666666, touch NONE, rotation 0, type VIRTUAL, state OFF, owner com.oculus.systemux (uid 10061), FLAG_PRIVATE, FLAG_NEVER_BLANK, FLAG_OWN_CONTENT_ONLY}
07-09 18:27:28.485 1050 1458 I DisplayManagerService: Display device added: DisplayDeviceInfo{"com.oculus.android_panel_app.AndroidPanelLayer-tabletNav": uniqueId="virtual:com.oculus.systemux,10061,com.oculus.android_panel_app.AndroidPanelLayer-tabletNav,0", 216 x 340, modeId 16, defaultModeId 16, supportedModes [{id=16, width=216, height=340, fps=60.0}], colorMode 0, supportedColorModes [0], HdrCapabilities null, density 160, 160.0 x 160.0 dpi, appVsyncOff 0, presDeadline 16666666, touch NONE, rotation 0, type VIRTUAL, state OFF, owner com.oculus.systemux (uid 10061), FLAG_PRIVATE, FLAG_NEVER_BLANK, FLAG_OWN_CONTENT_ONLY}
07-09 18:27:28.525 1050 1690 I DisplayManagerService: Display device added: DisplayDeviceInfo{"com.oculus.android_panel_app.AndroidPanelLayer-tabletContent": uniqueId="virtual:com.oculus.systemux,10061,com.oculus.android_panel_app.AndroidPanelLayer-tabletContent,0", 552 x 340, modeId 17, defaultModeId 17, supportedModes [{id=17, width=552, height=340, fps=60.0}], colorMode 0, supportedColorModes [0], HdrCapabilities null, density 160, 160.0 x 160.0 dpi, appVsyncOff 0, presDeadline 16666666, touch NONE, rotation 0, type VIRTUAL, state OFF, owner com.oculus.systemux (uid 10061), FLAG_PRIVATE, FLAG_NEVER_BLANK, FLAG_OWN_CONTENT_ONLY} --------- beginning of main
07-09 18:27:28.596 3566 3583 D UE4 : [2020.07.09-15.27.28:596][ 0]LogVulkanRHI: Display: - Found instance layer VK_LAYER_GOOGLE_unique_objects
07-09 18:27:28.596 3566 3583 D UE4 : [2020.07.09-15.27.28:596][ 0]LogVulkanRHI: Display: - Found instance layer VK_LAYER_LUNARG_core_validation
07-09 18:27:28.596 3566 3583 D UE4 : [2020.07.09-15.27.28:596][ 0]LogVulkanRHI: Display: - Found instance layer VK_LAYER_LUNARG_image
07-09 18:27:28.596 3566 3583 D UE4 : [2020.07.09-15.27.28:596][ 0]LogVulkanRHI: Display: - Found instance layer VK_LAYER_LUNARG_object_tracker
07-09 18:27:28.596 3566 3583 D UE4 : [2020.07.09-15.27.28:596][ 0]LogVulkanRHI: Display: - Found instance layer VK_LAYER_LUNARG_parameter_validation
07-09 18:27:28.596 3566 3583 D UE4 : [2020.07.09-15.27.28:596][ 0]LogVulkanRHI: Display: - Found instance layer VK_LAYER_LUNARG_swapchain
07-09 18:27:28.596 3566 3583 D UE4 : [2020.07.09-15.27.28:596][ 0]LogVulkanRHI: Display: - Found instance extension VK_EXT_debug_report
07-09 18:27:28.596 3566 3583 D UE4 : [2020.07.09-15.27.28:596][ 0]LogVulkanRHI: Display: - Found instance extension VK_KHR_android_surface
07-09 18:27:28.596 3566 3583 D UE4 : [2020.07.09-15.27.28:596][ 0]LogVulkanRHI: Display: - Found instance extension VK_KHR_device_group_creation
07-09 18:27:28.596 3566 3583 D UE4 : [2020.07.09-15.27.28:596][ 0]LogVulkanRHI: Display: - Found instance extension VK_KHR_external_fence_capabilities
07-09 18:27:28.596 3566 3583 D UE4 : [2020.07.09-15.27.28:596][ 0]LogVulkanRHI: Display: - Found instance extension VK_KHR_external_memory_capabilities
07-09 18:27:28.596 3566 3583 D UE4 : [2020.07.09-15.27.28:596][ 0]LogVulkanRHI: Display: - Found instance extension VK_KHR_external_semaphore_capabilities
07-09 18:27:28.596 3566 3583 D UE4 : [2020.07.09-15.27.28:596][ 0]LogVulkanRHI: Display: - Found instance extension VK_KHR_get_physical_device_properties2
07-09 18:27:28.596 3566 3583 D UE4 : [2020.07.09-15.27.28:596][ 0]LogVulkanRHI: Display: - Found instance extension VK_KHR_surface
07-09 18:27:28.596 3566 3583 D UE4 : [2020.07.09-15.27.28:596][ 0]LogVulkanRHI: Display: Not using instance layers
07-09 18:27:28.596 3566 3583 D UE4 : [2020.07.09-15.27.28:596][ 0]LogVulkanRHI: Display: Using instance extensions
07-09 18:27:28.596 3566 3583 D UE4 : [2020.07.09-15.27.28:596][ 0]LogVulkanRHI: Display: * VK_KHR_surface
07-09 18:27:28.596 3566 3583 D UE4 : [2020.07.09-15.27.28:596][ 0]LogVulkanRHI: Display: * VK_KHR_android_surface
07-09 18:27:28.597 3566 3583 D UE4 : [2020.07.09-15.27.28:596][ 0]LogVulkanRHI: Display: * VK_KHR_external_memory_capabilities
07-09 18:27:28.597 3566 3583 D UE4 : [2020.07.09-15.27.28:597][ 0]LogVulkanRHI: Display: * VK_KHR_get_physical_device_properties2
07-09 18:27:28.597 3566 3583 I AdrenoVK-0: QUALCOMM build : 2fa729c, I332901a8a4
07-09 18:27:28.597 3566 3583 I AdrenoVK-0: Build Date : 03/26/20
07-09 18:27:28.597 3566 3583 I AdrenoVK-0: Shader Compiler Version : EV031.29.05.00
07-09 18:27:28.597 3566 3583 I AdrenoVK-0: Local Branch :
07-09 18:27:28.597 3566 3583 I AdrenoVK-0: Remote Branch : refs/tags/AU_LINUX_ANDROID_LA.UM.5.7.C25.07.01.01.563.041
07-09 18:27:28.597 3566 3583 I AdrenoVK-0: Remote Branch : NONE
07-09 18:27:28.597 3566 3583 I AdrenoVK-0: Reconstruct Branch : NOTHING
07-09 18:27:28.597 3566 3583 I AdrenoVK-0: Build Config : G O 9.9.0 AArch32
07-09 18:27:28.597 3566 3583 I AdrenoVK-0: Driver Path : /system/vendor/lib/hw/vulkan.msm8998.so
07-09 18:27:28.598 3566 3583 D UE4 : [2020.07.09-15.27.28:598][ 0]LogVulkanRHI: Display: Found 1 device(s)
07-09 18:27:28.598 3566 3583 D UE4 : [2020.07.09-15.27.28:598][ 0]LogVulkanRHI: Display: Device 0: Adreno (TM) 540
07-09 18:27:28.598 3566 3583 D UE4 : [2020.07.09-15.27.28:598][ 0]LogVulkanRHI: Display: - API 1.1.128(0x401080) Driver 0x801cd000 VendorId 0x5143
07-09 18:27:28.598 3566 3583 D UE4 : [2020.07.09-15.27.28:598][ 0]LogVulkanRHI: Display: - DeviceID 0x5040001 Type Integrated GPU
07-09 18:27:28.598 3566 3583 D UE4 : [2020.07.09-15.27.28:598][ 0]LogVulkanRHI: Display: - Max Descriptor Sets Bound 4 Timestamps 1
07-09 18:27:28.598 3566 3583 D UE4 : [2020.07.09-15.27.28:598][ 0]LogVulkanRHI: Display: - Found device extension VK_EXT_fragment_density_map
07-09 18:27:28.598 3566 3583 D UE4 : [2020.07.09-15.27.28:598][ 0]LogVulkanRHI: Display: - Found device extension VK_EXT_global_priority
07-09 18:27:28.598 3566 3583 D UE4 : [2020.07.09-15.27.28:598][ 0]LogVulkanRHI: Display: - Found device extension VK_EXT_line_rasterization
07-09 18:27:28.598 3566 3583 D UE4 : [2020.07.09-15.27.28:598][ 0]LogVulkanRHI: Display: - Found device extension VK_EXT_pipeline_creation_feedback
07-09 18:27:28.599 3566 3583 D UE4 : [2020.07.09-15.27.28:599][ 0]LogVulkanRHI: Display: - Found device extension VK_EXT_queue_family_foreign
07-09 18:27:28.599 3566 3583 D UE4 : [2020.07.09-15.27.28:599][ 0]LogVulkanRHI: Display: - Found device extension VK_EXT_sampler_filter_minmax
07-09 18:27:28.599 3566 3583 D UE4 : [2020.07.09-15.27.28:599][ 0]LogVulkanRHI: Display: - Found device extension VK_KHR_bind_memory2
07-09 18:27:28.599 3566 3583 D UE4 : [2020.07.09-15.27.28:599][ 0]LogVulkanRHI: Display: - Found device extension VK_KHR_create_renderpass2
07-09 18:27:28.599 3566 3583 D UE4 : [2020.07.09-15.27.28:599][ 0]LogVulkanRHI: Display: - Found device extension VK_KHR_dedicated_allocation
07-09 18:27:28.599 3566 3583 D UE4 : [2020.07.09-15.27.28:599][ 0]LogVulkanRHI: Display: - Found device extension VK_KHR_descriptor_update_template
07-09 18:27:28.599 3566 3583 D UE4 : [2020.07.09-15.27.28:599][ 0]LogVulkanRHI: Display: - Found device extension VK_KHR_device_group
07-09 18:27:28.599 3566 3583 D UE4 : [2020.07.09-15.27.28:599][ 0]LogVulkanRHI: Display: - Found device extension VK_KHR_external_fence
07-09 18:27:28.599 3566 3583 D UE4 : [2020.07.09-15.27.28:599][ 0]LogVulkanRHI: Display: - Found device extension VK_KHR_external_fence_fd
07-09 18:27:28.599 3566 3583 D UE4 : [2020.07.09-15.27.28:599][ 0]LogVulkanRHI: Display: - Found device extension VK_KHR_external_memory
07-09 18:27:28.599 3566 3583 D UE4 : [2020.07.09-15.27.28:599][ 0]LogVulkanRHI: Display: - Found device extension VK_KHR_external_memory_fd
07-09 18:27:28.599 3566 3583 D UE4 : [2020.07.09-15.27.28:599][ 0]LogVulkanRHI: Display: - Found device extension VK_KHR_external_semaphore
07-09 18:27:28.599 3566 3583 D UE4 : [2020.07.09-15.27.28:599][ 0]LogVulkanRHI: Display: - Found device extension VK_KHR_external_semaphore_fd
07-09 18:27:28.599 3566 3583 D UE4 : [2020.07.09-15.27.28:599][ 0]LogVulkanRHI: Display: - Found device extension VK_KHR_get_memory_requirements2
07-09 18:27:28.599 3566 3583 D UE4 : [2020.07.09-15.27.28:599][ 0]LogVulkanRHI: Display: - Found device extension VK_KHR_maintenance1
07-09 18:27:28.599 3566 3583 D UE4 : [2020.07.09-15.27.28:599][ 0]LogVulkanRHI: Display: - Found device extension VK_KHR_maintenance2
07-09 18:27:28.599 3566 3583 D UE4 : [2020.07.09-15.27.28:599][ 0]LogVulkanRHI: Display: - Found device extension VK_KHR_maintenance3
07-09 18:27:28.599 3566 3583 D UE4 : [2020.07.09-15.27.28:599][ 0]LogVulkanRHI: Display: - Found device extension VK_KHR_multiview
07-09 18:27:28.599 3566 3583 D UE4 : [2020.07.09-15.27.28:599][ 0]LogVulkanRHI: Display: - Found device extension VK_KHR_push_descriptor
07-09 18:27:28.599 3566 3583 D UE4 : [2020.07.09-15.27.28:599][ 0]LogVulkanRHI: Display: - Found device extension VK_KHR_relaxed_block_layout
07-09 18:27:28.599 3566 3583 D UE4 : [2020.07.09-15.27.28:599][ 0]LogVulkanRHI: Display: - Found device extension VK_KHR_sampler_mirror_clamp_to_edge
07-09 18:27:28.599 3566 3583 D UE4 : [2020.07.09-15.27.28:599][ 0]LogVulkanRHI: Display: - Found device extension VK_KHR_sampler_ycbcr_conversion
07-09 18:27:28.599 3566 3583 D UE4 : [2020.07.09-15.27.28:599][ 0]LogVulkanRHI: Display: - Found device extension VK_KHR_shader_draw_parameters
07-09 18:27:28.599 3566 3583 D UE4 : [2020.07.09-15.27.28:599][ 0]LogVulkanRHI: Display: - Found device extension VK_KHR_storage_buffer_storage_class
07-09 18:27:28.599 3566 3583 D UE4 : [2020.07.09-15.27.28:599][ 0]LogVulkanRHI: Display: - Found device extension VK_KHR_swapchain
07-09 18:27:28.599 3566 3583 D UE4 : [2020.07.09-15.27.28:599][ 0]LogVulkanRHI: Display: - Found device extension VK_KHR_variable_pointers
07-09 18:27:28.599 3566 3583 D UE4 : [2020.07.09-15.27.28:599][ 0]LogVulkanRHI: Display: Using Device 0: Geometry 0 Tessellation 0
07-09 18:27:28.599 3566 3583 D UE4 : [2020.07.09-15.27.28:599][ 0]LogVulkanRHI: Display: Found 1 Queue Families
07-09 18:27:28.599 3566 3583 D UE4 : [2020.07.09-15.27.28:599][ 0]LogVulkanRHI: Display: Initializing Queue Family 0: 3 queues Gfx Compute
07-09 18:27:28.607 1991 1991 D [SUI] DiskCache: Read cached file from cache at /data/user/0/com.oculus.systemux/cache/image_cache/816976718
07-09 18:27:28.614 2206 2388 W RuntimeIPCServerMgr: Resetting client. Server: com.oculus.systemdriver:com.oculus.vrruntimeservice (RuntimeServiceServer), client: com.YourCompany.DBM_Unreal_10vc:com.YourCompany.DBM_Unreal_10vc
07-09 18:27:28.614 2206 3627 I RuntimeIPCServerMgr: RPCClientHandler::ReSync: com.YourCompany.DBM_Unreal_10vc:com.YourCompany.DBM_Unreal_10vc
07-09 18:27:28.615 2226 3639 W RuntimeIPCService: GetConnectedClientAsServer: Client not connected: Server: com.oculus.systemdriver:com.oculus.vrruntimeservice (RuntimeServiceServer), ClientId: 3857628805
07-09 18:27:28.615 2226 3639 W RuntimeIPCService: GetServerFdAsServer: GetConnectedClientAsServer FAILED.
07-09 18:27:28.615 2206 3627 W RuntimeIPCServerMgr: RPCClientHandler::InitRPCBuffer: Failed to get fd: com.YourCompany.DBM_Unreal_10vc:com.YourCompany.DBM_Unreal_10vc
07-09 18:27:28.615 2206 3627 W RuntimeIPCServerMgr: RPCClientHandler::ReSync: InitRPCBuffer FAILED: com.YourCompany.DBM_Unreal_10vc:com.YourCompany.DBM_Unreal_10vc
07-09 18:27:28.615 2206 3627 I RuntimeIPCServerMgr: RPCClientHandler::MainLoop: Ended: com.YourCompany.DBM_Unreal_10vc:com.YourCompany.DBM_Unreal_10vc
07-09 18:27:28.620 3566 3583 D UE4 : [2020.07.09-15.27.28:620][ 0]LogVulkanRHI: Display: Using device layers
07-09 18:27:28.620 3566 3583 D UE4 : [2020.07.09-15.27.28:620][ 0]LogVulkanRHI: Display: Using device extensions
07-09 18:27:28.620 3566 3583 D UE4 : [2020.07.09-15.27.28:620][ 0]LogVulkanRHI: Display: * VK_KHR_swapchain
07-09 18:27:28.620 3566 3583 D UE4 : [2020.07.09-15.27.28:620][ 0]LogVulkanRHI: Display: * VK_KHR_external_memory
07-09 18:27:28.620 3566 3583 D UE4 : [2020.07.09-15.27.28:620][ 0]LogVulkanRHI: Display: * VK_KHR_external_memory_fd
07-09 18:27:28.620 3566 3583 D UE4 : [2020.07.09-15.27.28:620][ 0]LogVulkanRHI: Display: * VK_EXT_fragment_density_map
07-09 18:27:28.620 3566 3583 D UE4 : [2020.07.09-15.27.28:620][ 0]LogVulkanRHI: Display: * VK_KHR_maintenance2
07-09 18:27:28.620 3566 3583 D UE4 : [2020.07.09-15.27.28:620][ 0]LogVulkanRHI: Display: * VK_KHR_maintenance1
07-09 18:27:28.620 3566 3583 D UE4 : [2020.07.09-15.27.28:620][ 0]LogVulkanRHI: Display: EPixelFormat(4) (images) is not supported with Vk format 70, falling back to Vk format 76
07-09 18:27:28.620 3566 3583 D UE4 : [2020.07.09-15.27.28:620][ 0]LogVulkanRHI: Display: EPixelFormat(14) (images) is not supported with Vk format 77, falling back to Vk format 83
07-09 18:27:28.620 3566 3583 D UE4 : [2020.07.09-15.27.28:620][ 0]LogVulkanRHI: Display: EPixelFormat(19) (images) is not supported with Vk format 91, falling back to Vk format 97
07-09 18:27:28.620 3566 3583 D UE4 : [2020.07.09-15.27.28:620][ 0]LogVulkanRHI: Display: EPixelFormat(63) (images) is not supported with Vk format 92, falling back to Vk format 97
07-09 18:27:28.621 3566 3583 D UE4 : [2020.07.09-15.27.28:620][ 0]LogVulkanRHI: Display: EPixelFormat(62) (images) is not supported with Vk format 91, falling back to Vk format 97
07-09 18:27:28.621 3566 3583 D UE4 : [2020.07.09-15.27.28:621][ 0]LogVulkanRHI: Display: 2 Device Memory Heaps; Max memory allocations 4096
07-09 18:27:28.621 3566 3583 D UE4 : [2020.07.09-15.27.28:621][ 0]LogVulkanRHI: Display: 0: Flags 0x1 Size 3974250496 (3790.14 MB) GPU
07-09 18:27:28.621 3566 3583 D UE4 : [2020.07.09-15.27.28:621][ 0]LogVulkanRHI: Display: 1: Flags 0x1 Size 268435456 (256.00 MB) GPU
07-09 18:27:28.621 3566 3583 D UE4 : [2020.07.09-15.27.28:621][ 0]LogVulkanRHI: Display: 6 Device Memory Types (unified)
07-09 18:27:28.621 3566 3583 D UE4 : [2020.07.09-15.27.28:621][ 0]LogVulkanRHI: Display: 0: Flags 0x1 Heap 0 Local
07-09 18:27:28.621 3566 3583 D UE4 : [2020.07.09-15.27.28:621][ 0]LogVulkanRHI: Display: 1: Flags 0xb Heap 0 Local HostVisible HostCached
07-09 18:27:28.621 3566 3583 D UE4 : [2020.07.09-15.27.28:621][ 0]LogVulkanRHI: Display: 2: Flags 0xf Heap 0 Local HostVisible HostCoherent HostCached
07-09 18:27:28.621 3566 3583 D UE4 : [2020.07.09-15.27.28:621][ 0]LogVulkanRHI: Display: 3: Flags 0x1 Heap 0 Local
07-09 18:27:28.621 3566 3583 D UE4 : [2020.07.09-15.27.28:621][ 0]LogVulkanRHI: Display: 4: Flags 0x7 Heap 0 Local HostVisible HostCoherent
07-09 18:27:28.621 3566 3583 D UE4 : [2020.07.09-15.27.28:621][ 0]LogVulkanRHI: Display: 5: Flags 0x21 Heap 1 Local
07-09 18:27:28.626 1991 1991 D [SUI] UiThreadExecutor: Executing sync: com.oculus.panelapp.anytimeui.utils.-$$Lambda$ImageLoader$amd3YImxEIb6HLr5V2YhTzMj1qc@1c420a4
07-09 18:27:28.631 1991 1991 D [SUI] DiskCache: Read cached file from cache at /data/user/0/com.oculus.systemux/cache/image_cache/816976718
07-09 18:27:28.643 1991 1991 D [SUI] UiThreadExecutor: Executing sync: com.oculus.panelapp.anytimeui.utils.-$$Lambda$ImageLoader$amd3YImxEIb6HLr5V2YhTzMj1qc@54c0e0d
07-09 18:27:28.644 3566 3583 D UE4 : [2020.07.09-15.27.28:644][ 0]LogVulkanRHI: FVulkanPipelineStateCacheManager will check for loading, etc when ShaderPipelineCache opens its file
07-09 18:27:28.645 1991 1991 V [SUI] AnytimeUIAndroidPanelAppBase: Running full notifications initialize
07-09 18:27:28.646 1991 1991 V [SUI] AnytimeUIAndroidPanelAppBase: Setting notifs badge
07-09 18:27:28.647 1991 1991 I [SUI] AnytimeUIAndroidPanelAppV2: updateActiveComponent - com.oculus.systemux/com.oculus.panelapp.anytimeui.AnytimeUIAndroidPanelService, returnComponent =
07-09 18:27:28.647 1991 1991 D [SUI] SharingViewModel: Constructing ViewModel
07-09 18:27:28.647 1991 1991 I [SUI] AnytimeUIAndroidPanelAppBase: updateControllerBattery - left, -1 percent
07-09 18:27:28.648 1991 1991 I [SUI] AnytimeUIAndroidPanelAppBase: updateControllerBattery - right, -1 percent
07-09 18:27:28.648 1991 1991 I [SUI] AnytimeUIAndroidPanelAppBase: updateLiveStreamStatus - isLiveStreaming=false, allowed=true
07-09 18:27:28.648 1991 1991 I [SUI] AnytimeUIAndroidPanelAppBase: updateCaptureAllowed - true capturing - false
07-09 18:27:28.648 1991 1991 I [SUI] AnytimeUIAndroidPanelAppBase: updateLocalStreamState - false
07-09 18:27:28.648 1991 1991 I [SUI] AnytimeUIAndroidPanelAppBase: updateVideoCaptureState - false
07-09 18:27:28.649 1991 1991 I [SUI] AnytimeUIAndroidPanelAppV2: updateInstantReplayState - false - false
07-09 18:27:28.649 1991 1991 I [SUI] AnytimeUIAndroidPanelAppBase: updateGuardianStatus - false - -1 - false
07-09 18:27:28.649 1991 1991 I [SUI] AnytimeUIAndroidPanelAppBase: setTaskBarState - 3
07-09 18:27:28.664 3566 3583 D UE4 : [2020.07.09-15.27.28:664][ 0]LogRHI: Texture pool is 1000 MB (of 3843 MB total graphics mem)
07-09 18:27:28.667 1991 1991 I AndroidPanelApp: Processing pending show layer info for layer #main with width 774 and height 124.
07-09 18:27:28.667 1991 1991 I AndroidPanelApp: layerSupersample no changes
07-09 18:27:28.667 1991 1991 I AndroidPanelApp: Processing pending show layer info for layer tablet with width 768 and height 340.
07-09 18:27:28.667 1991 1991 I AndroidPanelApp: layerSupersample no changes
07-09 18:27:28.667 1991 1991 I AndroidPanelApp: Processing pending show layer info for layer tabletNav with width 216 and height 340.
07-09 18:27:28.667 1991 1991 I AndroidPanelApp: layerSupersample no changes
07-09 18:27:28.667 1991 1991 I AndroidPanelApp: Processing pending show layer info for layer tabletContent with width 552 and height 340.
07-09 18:27:28.667 1991 1991 I AndroidPanelApp: layerSupersample no changes
07-09 18:27:28.688 3566 3583 D UE4 : [2020.07.09-15.27.28:688][ 0]LogMaterial: Verifying Global Shaders for SF_VULKAN_ES31_ANDROID_NOUB
07-09 18:27:28.695 2392 2438 I [OAO] PanelAppHost: Resize layer #main to size 774 x 124 shape:1 stereo:0
07-09 18:27:28.695 2392 2438 I [OAO] PanelRenderLayer: ResetSurface 774 x 124 - shape:1 stereo:0
07-09 18:27:28.695 2392 2438 I [OAO] PanelAppHost: Resize layer tablet to size 768 x 340 shape:1 stereo:0
07-09 18:27:28.695 2392 2438 I [OAO] PanelRenderLayer: ResetSurface 768 x 340 - shape:1 stereo:0
07-09 18:27:28.696 2392 2438 I [OAO] PanelRenderLayer: Using layerTransform 2. layerWidth:768 , layerHeight:340
07-09 18:27:28.696 2392 2438 I [OAO] PanelAppHost: Resize layer tabletNav to size 216 x 340 shape:1 stereo:0
07-09 18:27:28.696 2392 2438 I [OAO] PanelRenderLayer: ResetSurface 216 x 340 - shape:1 stereo:0
07-09 18:27:28.697 2392 2438 I [OAO] PanelRenderLayer: Using layerTransform 2. layerWidth:216 , layerHeight:340
07-09 18:27:28.697 2392 2438 I [OAO] PanelAppHost: Resize layer tabletContent to size 552 x 340 shape:1 stereo:0
07-09 18:27:28.697 2392 2438 I [OAO] PanelRenderLayer: ResetSurface 552 x 340 - shape:1 stereo:0
07-09 18:27:28.697 2392 2438 I [OAO] PanelRenderLayer: Using layerTransform 2. layerWidth:552 , layerHeight:340
07-09 18:27:28.701 1991 1991 I AndroidPanelApp: Processing next frame action "layerShow" for layer "#main"
07-09 18:27:28.701 1991 1991 I AndroidPanelApp: nextFrameAction(layerShow, #main)
07-09 18:27:28.701 1991 1991 I AndroidPanelApp: layerShow acknowledged for #main
07-09 18:27:28.701 1991 1991 I AndroidPanelApp: tryShowLayer(#main)
07-09 18:27:28.701 1991 1991 I AndroidPanelLayer: Showing layer #main
07-09 18:27:28.703 1991 1991 I AndroidPanelLayer: Unhiding layer #main
07-09 18:27:28.704 1050 1116 I DisplayManagerService: Display device changed state: "com.oculus.android_panel_app.AndroidPanelLayer-#main", ON
07-09 18:27:28.707 2264 2285 W RuntimeIPCServerMgr: Resetting client. Server: com.oculus.systemdriver:com.oculus.vrguardianservice (guardianserver), client: com.YourCompany.DBM_Unreal_10vc:com.YourCompany.DBM_Unreal_10vc
07-09 18:27:28.707 2264 3628 I RuntimeIPCServerMgr: RPCClientHandler::ReSync: com.YourCompany.DBM_Unreal_10vc:com.YourCompany.DBM_Unreal_10vc
07-09 18:27:28.714 3566 3583 D UE4 : [2020.07.09-15.27.28:714][ 0]LogSlate: Using FreeType 2.10.0
07-09 18:27:28.714 2226 2254 W RuntimeIPCService: GetConnectedClientAsServer: Client not connected: Server: com.oculus.systemdriver:com.oculus.vrguardianservice (guardianserver), ClientId: 3857628805
07-09 18:27:28.714 2226 2254 W RuntimeIPCService: GetServerFdAsServer: GetConnectedClientAsServer FAILED.
07-09 18:27:28.715 3566 3583 D UE4 : [2020.07.09-15.27.28:715][ 0]LogSlate: SlateFontServices - WITH_FREETYPE: 1, WITH_HARFBUZZ: 1
07-09 18:27:28.715 2264 3628 W RuntimeIPCServerMgr: RPCClientHandler::InitRPCBuffer: Failed to get fd: com.YourCompany.DBM_Unreal_10vc:com.YourCompany.DBM_Unreal_10vc
07-09 18:27:28.715 2264 3628 W RuntimeIPCServerMgr: RPCClientHandler::ReSync: InitRPCBuffer FAILED: com.YourCompany.DBM_Unreal_10vc:com.YourCompany.DBM_Unreal_10vc
07-09 18:27:28.715 2264 3628 I RuntimeIPCServerMgr: RPCClientHandler::MainLoop: Ended: com.YourCompany.DBM_Unreal_10vc:com.YourCompany.DBM_Unreal_10vc
07-09 18:27:28.722 1991 1991 I AndroidPanelApp: Processing next frame action "layerShow" for layer "tablet"
07-09 18:27:28.723 1991 1991 I AndroidPanelApp: nextFrameAction(layerShow, tablet)
07-09 18:27:28.723 1991 1991 I AndroidPanelApp: layerShow acknowledged for tablet
07-09 18:27:28.723 1991 1991 I AndroidPanelApp: tryShowLayer(tablet)
07-09 18:27:28.723 1991 1991 I AndroidPanelLayer: Showing layer tablet
07-09 18:27:28.724 1991 1991 I AndroidPanelLayer: Unhiding layer tablet
07-09 18:27:28.732 1050 1116 I DisplayManagerService: Display device changed state: "com.oculus.android_panel_app.AndroidPanelLayer-tablet", ON
07-09 18:27:28.733 1991 1991 I AndroidPanelApp: Processing next frame action "layerShow" for layer "tabletNav"
07-09 18:27:28.734 1991 1991 I AndroidPanelApp: nextFrameAction(layerShow, tabletNav)
07-09 18:27:28.734 1991 1991 I AndroidPanelApp: layerShow acknowledged for tabletNav
07-09 18:27:28.734 1991 1991 I AndroidPanelApp: tryShowLayer(tabletNav)
07-09 18:27:28.734 1991 1991 I AndroidPanelLayer: Showing layer tabletNav
07-09 18:27:28.735 1991 1991 I AndroidPanelLayer: Unhiding layer tabletNav
07-09 18:27:28.740 1050 1116 I DisplayManagerService: Display device changed state: "com.oculus.android_panel_app.AndroidPanelLayer-tabletNav", ON
07-09 18:27:28.753 2392 2438 I [OAO] PanelAppAnalytics: First frame latency: 0.668 for id 2 com.oculus.systemux/com.oculus.panelapp.anytimeui.AnytimeUIAndroidPanelService
07-09 18:27:28.757 1991 1991 I AndroidPanelApp: Processing next frame action "layerShow" for layer "tabletContent"
07-09 18:27:28.757 1991 1991 I AndroidPanelApp: nextFrameAction(layerShow, tabletContent)
07-09 18:27:28.758 1991 1991 I AndroidPanelApp: layerShow acknowledged for tabletContent
07-09 18:27:28.758 1991 1991 I AndroidPanelApp: tryShowLayer(tabletContent)
07-09 18:27:28.758 1991 1991 I AndroidPanelLayer: Showing layer tabletContent
07-09 18:27:28.760 1991 1991 I AndroidPanelLayer: Unhiding layer tabletContent
07-09 18:27:28.771 1050 1116 I DisplayManagerService: Display device changed state: "com.oculus.android_panel_app.AndroidPanelLayer-tabletContent", ON
07-09 18:27:28.774 1991 1991 I [SUI] AnytimeUIAndroidPanelAppBase: updateBrightness - 255
07-09 18:27:28.774 1991 1991 I [SUI] AnytimeUIAndroidPanelAppBase: updateDoNotDisturbMode - false
07-09 18:27:28.779 1991 1991 I [SUI] AnytimeUIAndroidPanelAppBase: updateDoNotDisturbMode - false
07-09 18:27:28.828 3566 3583 D UE4 : [2020.07.09-15.27.28:828][ 0]LogInit: Using OS detected language (en-GB).
07-09 18:27:28.828 3566 3583 D UE4 : [2020.07.09-15.27.28:828][ 0]LogInit: Using OS detected locale (en-GB).
07-09 18:27:28.829 3566 3583 D UE4 : [2020.07.09-15.27.28:829][ 0]LogTextLocalizationManager: No localization for 'en-GB' exists, so 'en' will be used for the language.
07-09 18:27:28.829 3566 3583 D UE4 : [2020.07.09-15.27.28:829][ 0]LogTextLocalizationManager: No localization for 'en-GB' exists, so 'en' will be used for the locale.
07-09 18:27:28.829 3566 3583 D UE4 : [2020.07.09-15.27.28:829][ 0]LogSlate: FontCache flush requested. Reason: Culture for localization was changed
07-09 18:27:28.829 3566 3583 D UE4 : [2020.07.09-15.27.28:829][ 0]LogSlate: FontCache flush requested. Reason: Culture for localization was changed
07-09 18:27:28.830 3566 3583 D UE4 : [2020.07.09-15.27.28:830][ 0]LogTextLocalizationManager: Compacting localization data took 0.06ms
07-09 18:27:28.841 3566 3583 D UE4 : [2020.07.09-15.27.28:841][ 0]LogAssetRegistry: FAssetRegistry took 0.0103 seconds to start up
07-09 18:27:28.955 1991 1991 I AndroidPanelApp: Turning on layer visibility for layer #main.
07-09 18:27:28.957 1991 1991 I AndroidPanelApp: Turning on layer visibility for layer tablet.
07-09 18:27:28.961 1991 1991 D [SUI] SocialViewModel: Fetched friends
07-09 18:27:28.963 1991 1991 I AndroidPanelApp: Turning on layer visibility for layer tabletNav.
07-09 18:27:28.964 1991 1991 I AndroidPanelApp: Turning on layer visibility for layer tabletContent.
07-09 18:27:28.966 1991 2768 D [SUI] ThreadExecutor: Executing com.oculus.panelapp.anytimeui.-$$Lambda$AnytimeUIAndroidPanelAppBase$zJsBYZQ1YWHLGWqLN2732mt3Ldo@c8c7097
07-09 18:27:29.027 1991 1991 D [SUI] SocialViewModel: Fetched PYMKs
07-09 18:27:29.029 2392 2438 I [OAO] PanelAppHost: Setting panel layer visibility of layer "#main" to visible
07-09 18:27:29.029 2392 2438 I [OAO] PanelAppHost: Setting panel layer visibility of layer "tablet" to visible
07-09 18:27:29.030 2392 2438 I [OAO] PanelAppHost: Setting panel layer visibility of layer "tabletNav" to visible
07-09 18:27:29.030 2392 2438 I [OAO] PanelAppHost: Setting panel layer visibility of layer "tabletContent" to visible
07-09 18:27:29.038 725 3460 I [CT] : VIPER: Status=6DoF,TRACKING,KF=56,Inl=316,Pts=172,Jit=0.1mm,Issues(Cam/min=2.3,IMU/min=0.0),Exp=(4.0ms,g=2.0,I=67)(4.9ms,g=2.0,I=69)(4.0ms,g=2.0,I=72)(3.8ms,g=1.0,I=69)
07-09 18:27:29.088 1991 1991 D [SUI] SocialViewModel: Fetched party: null
07-09 18:27:29.115 2206 2388 I RuntimeIPCServerMgr: Removing ended client. Server: com.oculus.systemdriver:com.oculus.vrruntimeservice (RuntimeServiceServer), client: com.YourCompany.DBM_Unreal_10vc:com.YourCompany.DBM_Unreal_10vc
07-09 18:27:29.152 3566 3583 D UE4 : [2020.07.09-15.27.29:152][ 0]LogStreaming: Display: Flushing async loaders.
07-09 18:27:29.153 3566 3583 D UE4 : [2020.07.09-15.27.29:153][ 0]LogPackageLocalizationCache: Processed 8 localized package path(s) for 1 prioritized culture(s) in 0.000143 seconds
07-09 18:27:29.154 3566 3583 D UE4 : [2020.07.09-15.27.29:154][ 0]LogPakFile: New pak file DBM_Unreal_10vc/Content/Paks/DBM_Unreal_10vc-Android_ASTC.pak added to pak precacher.
07-09 18:27:29.187 1991 1991 D [SUI] SocialViewModel: Fetched joinable parties
07-09 18:27:29.208 2264 2285 I RuntimeIPCServerMgr: Removing ended client. Server: com.oculus.systemdriver:com.oculus.vrguardianservice (guardianserver), client: com.YourCompany.DBM_Unreal_10vc:com.YourCompany.DBM_Unreal_10vc
07-09 18:27:29.218 3566 3583 D UE4 : [2020.07.09-15.27.29:218][ 0]LogNetVersion: DBM_Unreal_10vc 1.0.0, NetCL: 10570792, EngineNetVer: 13, GameNetVer: 0 (Checksum: 577576028)
07-09 18:27:29.347 1050 1269 E TaskPersister: File error accessing recents directory (directory doesn't exist?).
07-09 18:27:29.517 1991 1991 D [SUI] SocialViewModel: Fetched friends
07-09 18:27:29.543 3566 3583 D UE4 : [2020.07.09-15.27.29:543][ 0]LogAudioCaptureCore: Display: No Audio Capture implementations found. Audio input will be silent.
07-09 18:27:29.543 3566 3583 D UE4 : [2020.07.09-15.27.29:543][ 0]LogAudioCaptureCore: Display: No Audio Capture implementations found. Audio input will be silent.
07-09 18:27:29.693 1991 1991 D [SUI] SocialViewModel: Fetched PYMKs
07-09 18:27:29.731 3566 3583 D UE4 : [2020.07.09-15.27.29:731][ 0]LogFMOD: FFMODStudioModule startup
07-09 18:27:29.731 3566 3583 D UE4 : [2020.07.09-15.27.29:731][ 0]LogFMOD: Lib path = '../../../DBM_Unreal_10vc/Plugins/FMODStudio/Binaries'
07-09 18:27:29.742 3566 3583 D UE4 : [2020.07.09-15.27.29:742][ 0]LogFMOD: Loading strings bank: ../../../DBM_Unreal_10vc/Content/FMOD/Mobile/Master.strings.bank
07-09 18:27:29.743 3566 3583 D UE4 : [2020.07.09-15.27.29:743][ 0]LogFMOD: Skipping asset: bank:/Master.strings
07-09 18:27:29.743 3566 3583 D UE4 : [2020.07.09-15.27.29:743][ 0]LogFMOD: Constructing asset: /Game/FMOD/Events/Interactive_Objects_Dialogue/Window_Dialogue
07-09 18:27:29.743 3566 3583 D UE4 : [2020.07.09-15.27.29:743][ 0]LogFMOD: Constructing asset: /Game/FMOD/Events/Interactive_Objects_Dialogue/Pill_Bottle_Dialogue
07-09 18:27:29.743 3566 3583 D UE4 : [2020.07.09-15.27.29:743][ 0]LogFMOD: Skipping asset: bus:/
07-09 18:27:29.743 3566 3583 D UE4 : [2020.07.09-15.27.29:743][ 0]LogFMOD: Constructing asset: /Game/FMOD/Events/Interactive_Objects_Dialogue/Ticket_Dialogue
07-09 18:27:29.743 3566 3583 D UE4 : [2020.07.09-15.27.29:743][ 0]LogFMOD: Constructing asset: /Game/FMOD/Events/Interactive_Objects_Dialogue/Child_Dialogue
07-09 18:27:29.744 3566 3583 D UE4 : [2020.07.09-15.27.29:743][ 0]LogFMOD: Constructing asset: /Game/FMOD/Banks/Master
07-09 18:27:29.744 3566 3583 D UE4 : [2020.07.09-15.27.29:744][ 0]LogFMOD: Constructing asset: /Game/FMOD/Buses/Reverb
07-09 18:27:29.744 3566 3583 D UE4 : [2020.07.09-15.27.29:744][ 0]LogFMOD: Constructing asset: /Game/FMOD/Events/Interactive_Objects_Dialogue/Mother_Dialogue
07-09 18:27:29.744 3566 3583 D UE4 : [2020.07.09-15.27.29:744][ 0]LogFMOD: Constructing asset: /Game/FMOD/Events/Interactive_Objects_Dialogue/Man_Dialogue
07-09 18:27:29.744 3566 3583 D UE4 : [2020.07.09-15.27.29:744][ 0]LogFMOD: Constructing asset: /Game/FMOD/Events/Interactive_Objects_Dialogue/Watch_Dialogue
07-09 18:27:29.744 3566 3583 D UE4 : [2020.07.09-15.27.29:744][ 0]LogFMOD: Constructing asset: /Game/FMOD/Events/Train_Atmos
07-09 18:27:29.755 3566 3583 D UE4 : [2020.07.09-15.27.29:755][ 0]LogFMOD: Creating runtime Studio System
07-09 18:27:29.764 3566 3583 I fmod : FMOD::supportsLowLatency : Low latency = true, Pro Audio = true, Bluetooth On = false, Acceptable Block Size = true (192)
07-09 18:27:29.765 3566 3583 D UE4 : [2020.07.09-15.27.29:765][ 0]LogFMOD: Default sample rate = 24000
07-09 18:27:29.765 3566 3583 D UE4 : [2020.07.09-15.27.29:765][ 0]LogFMOD: System sample rate = 48000
07-09 18:27:29.766 3566 3583 D UE4 : [2020.07.09-15.27.29:766][ 0]LogFMOD: Warning: ../android/src/fmod_output_opensl.cpp(252) - Only mono and stereo supported, defaulting to stereo.
07-09 18:27:29.766 3566 3583 D UE4 :
07-09 18:27:29.769 3566 3583 I libOpenSLES: Emulating old channel mask behavior (ignoring positional mask 0x3, using default mask 0x3 based on channel count of 2)
07-09 18:27:29.769 551 551 I AudioPolicyManagerCustom: offload disabled by audio.offload.disable=1
07-09 18:27:29.769 551 551 I AudioPolicyManagerCustom: Direct PCM is disabled for this request
07-09 18:27:29.771 551 3470 W AudioFlinger: createTrack_l(): mismatch between requested flags (00000104) and output flags (00000006)
07-09 18:27:29.772 3566 3583 D AudioTrack: Client defaulted notificationFrames to 192 for frameCount 384
07-09 18:27:29.774 3566 3583 D UE4 : [2020.07.09-15.27.29:774][ 0]LogFMOD: Warning: ../../src/fmod_systemi.cpp(2814) - Output requires a sample rate of 48000Hz, resampling will occur.
07-09 18:27:29.774 3566 3583 D UE4 :
07-09 18:27:29.779 3566 3583 D AudioTrack: updateAppOpsPlayAudio: checkOp OP_PLAY_AUDIO for com.YourCompany.DBM_Unreal_10vc returns: 0 (ALLOWED)
07-09 18:27:29.780 551 591 W AudioFlinger: checkEffectCompatibility_l(): non HW effect Volume listener for Music on playback thread in fast mode
07-09 18:27:29.780 551 591 E AudioEffect: set(): AudioFlinger could not create effect, status: -22
07-09 18:27:29.780 551 591 E AudioPolicyEffects: addOutputSessionEffects(): failed to create Fx music_helper on session 81
07-09 18:27:29.783 3566 3583 D UE4 : [2020.07.09-15.27.29:783][ 0]LogFMOD: Loading Banks
07-09 18:27:29.808 1991 1991 D [SUI] SocialViewModel: Fetched party: null
07-09 18:27:29.838 3566 3659 D UE4 : Assertion failed: IsValid() [File:D:/Build/++UE4/Sync/Engine/Source/Runtime/Core/Public\Templates/SharedPointer.h] [Line: 840]
07-09 18:27:29.838 3566 3659 D UE4 :
07-09 18:27:29.839 3566 3659 D UE4 : [2020.07.09-15.27.29:839][ 0]Assertion failed: IsValid() [File:D:/Build/++UE4/Sync/Engine/Source/Runtime/Core/Public\Templates/SharedPointer.h] [Line: 840]
07-09 18:27:29.839 3566 3659 D UE4 :
07-09 18:27:29.839 3566 3659 D UE4 : [2020.07.09-15.27.29:839][ 0]LogAndroid: Error: === Critical error: ===
07-09 18:27:29.839 3566 3659 D UE4 : [2020.07.09-15.27.29:839][ 0]LogAndroid: Error:
07-09 18:27:29.839 3566 3659 D UE4 : [2020.07.09-15.27.29:839][ 0]LogAndroid: Error: Assertion failed: IsValid() [File:D:/Build/++UE4/Sync/Engine/Source/Runtime/Core/Public\Templates/SharedPointer.h] [Line: 840]
07-09 18:27:29.839 3566 3659 D UE4 : [2020.07.09-15.27.29:839][ 0]LogAndroid: Error:
07-09 18:27:29.839 3566 3659 D UE4 : [2020.07.09-15.27.29:839][ 0]LogAndroid: Error: [Callstack] 0x00000000CAAEE980 libUE4.so(0x0000000008872980)!void FDebug::CheckVerifyFailed(char const*, char const*, int, char16_t const (&) [1]) []
07-09 18:27:29.839 3566 3659 D UE4 : [2020.07.09-15.27.29:839][ 0]LogAndroid: Error: [Callstack] 0x00000000C614DD48 libUE4.so(0x0000000003ED1D48)!FAndroidPlatformFile::OpenRead(char16_t const*, bool, bool) []
07-09 18:27:29.839 3566 3659 D UE4 : [2020.07.09-15.27.29:839][ 0]LogAndroid: Error: [Callstack] 0x00000000C852335C libUE4.so(0x00000000062A735C)!FPakPlatformFile::OpenRead(char16_t const*, bool) []
07-09 18:27:29.839 3566 3659 D UE4 : [2020.07.09-15.27.29:839][ 0]LogAndroid: Error: [Callstack] 0x00000000C61B4384 libUE4.so(0x0000000003F38384)!FFileManagerGeneric::CreateFileReaderInternal(char16_t const*, unsigned int, unsigned int) []
07-09 18:27:29.839 3566 3659 D UE4 : [2020.07.09-15.27.29:839][ 0]LogAndroid: Error: [Callstack] 0x00000000C5A7EB70 libUE4.so(0x0000000003802B70)!FFMODFileSystem::OpenInternal(char const*, unsigned int*, void**) []
07-09 18:27:29.839 3566 3659 D UE4 : [2020.07.09-15.27.29:839][ 0]LogAndroid: Error: [Callstack] 0x00000000C5A8E7AC libUE4.so(0x00000000038127AC)!FFMODFileSystem::Run() []
07-09 18:27:29.839 3566 3659 D UE4 : [2020.07.09-15.27.29:839][ 0]LogAndroid: Error: [Callstack] 0x00000000C61F7404 libUE4.so(0x0000000003F7B404)!FRunnableThreadPThread::Run() []
07-09 18:27:29.839 3566 3659 D UE4 : [2020.07.09-15.27.29:839][ 0]LogAndroid: Error: [Callstack] 0x00000000C6154720 libUE4.so(0x0000000003ED8720)!FRunnableThreadPThread::_ThreadProc(void*) []
07-09 18:27:29.839 3566 3659 D UE4 : [2020.07.09-15.27.29:839][ 0]LogAndroid: Error: [Callstack] 0x00000000EAB3DD84 libc.so(0x0000000000047D84)![Unknown]() []
07-09 18:27:29.839 3566 3659 D UE4 : [2020.07.09-15.27.29:839][ 0]LogAndroid: Error: [Callstack] 0x00000000EAB10036 libc.so(0x000000000001A036)![Unknown]() []
07-09 18:27:29.839 3566 3659 D UE4 : [2020.07.09-15.27.29:839][ 0]LogAndroid: Error:
07-09 18:27:29.839 3566 3659 D UE4 : [2020.07.09-15.27.29:839][ 0]LogAndroid: Error:
07-09 18:27:29.839 3566 3659 D UE4 : [2020.07.09-15.27.29:839][ 0]LogAndroid: Error:
07-09 18:27:29.839 3566 3659 D UE4 : [2020.07.09-15.27.29:839][ 0]LogAndroid: Error:
07-09 18:27:29.839 3566 3659 D UE4 : [2020.07.09-15.27.29:839][ 0]LogAndroid: FAndroidMisc::RequestExit(1)
07-09 18:27:29.845 3566 3659 I art : System.exit called, status: 0
07-09 18:27:29.845 3566 3659 I AndroidRuntime: VM exiting with result code 0, cleanup skipped.
07-09 18:27:29.917 1991 1991 D [SUI] SocialViewModel: Fetched joinable parties
07-09 18:27:29.918 725 3460 I [CT] : VIPER:MAP_MANAGER: State: TRACKING_PERSISTENT, UUID=a20e87a9-4b00-4c41-b263-4988c815b45d, Num. Persistent maps = 3, Persistent maps:fb6d82f8-c428-4238-ac2c-937dac7eda16,46248a64-1f34-48bf-839e-600215008130,a20e87a9-4b00-4c41-b263-4988c815b45d,, Ser. Disabled = 00000000-0000-0000-0000-000000000000
07-09 18:27:29.918 1050 1184 W InputDispatcher: channel 'da84b63 com.YourCompany.DBM_Unreal_10vc/com.epicgames.ue4.GameActivity (server)' ~ Consumer closed input channel or an error occurred. events=0x9
07-09 18:27:29.918 1050 1184 E InputDispatcher: channel 'da84b63 com.YourCompany.DBM_Unreal_10vc/com.epicgames.ue4.GameActivity (server)' ~ Channel is unrecoverably broken and will be disposed!
07-09 18:27:29.922 1050 2739 I WindowManager: WIN DEATH: Window{da84b63 u0 com.YourCompany.DBM_Unreal_10vc/com.epicgames.ue4.GameActivity}
07-09 18:27:29.922 1050 1635 D GraphicsStats: Buffer count: 3
07-09 18:27:29.923 1050 1593 I ActivityManager: Process com.YourCompany.DBM_Unreal_10vc (pid 3566) has died
07-09 18:27:29.923 1050 1593 D ActivityManager: cleanUpApplicationRecord -- 3566
07-09 18:27:29.923 1050 1076 D ConnectivityService: ConnectivityService NetworkRequestInfo binderDied(NetworkRequest [ LISTEN id=8, [ Capabilities: NOT_RESTRICTED&TRUSTED&NOT_VPN&FOREGROUND] ], android.os.BinderProxy@af5538f)
07-09 18:27:29.923 1050 2739 W InputDispatcher: Attempted to unregister already unregistered input channel 'da84b63 com.YourCompany.DBM_Unreal_10vc/com.epicgames.ue4.GameActivity (server)'
07-09 18:27:29.924 1050 2739 W WindowManager: Force-removing child win Window{984561c u0 SurfaceView - com.YourCompany.DBM_Unreal_10vc/com.epicgames.ue4.GameActivity} from container Window{da84b63 u0 com.YourCompany.DBM_Unreal_10vc/com.epicgames.ue4.GameActivity}
07-09 18:27:29.927 1050 1593 W ActivityManager: Force removing ActivityRecord{bf3ed5c u0 com.YourCompany.DBM_Unreal_10vc/com.epicgames.ue4.GameActivity t240}: app died, no saved state
07-09 18:27:29.929 1050 1227 E ConnectivityService: RemoteException caught trying to send a callback msg for NetworkRequest [ LISTEN id=8, [ Capabilities: NOT_RESTRICTED&TRUSTED&NOT_VPN&FOREGROUND] ]
07-09 18:27:29.956 1050 1458 W WindowManager: Failed looking up window callers=com.android.server.wm.WindowManagerService.windowForClientLocked:9484 com.android.server.wm.WindowState$DeathRecipient.binderDied:1808 android.os.BinderProxy.sendDeathNotice:744
07-09 18:27:29.957 1050 1458 I WindowManager: WIN DEATH: null
07-09 18:27:29.986 1841 1854 E Parcel : Reading a NULL string not supported here.
