07-09 18:27:49.948 710 3883 W AMessage: failed to post message as target looper for handler 0 is gone.
07-09 18:27:49.951 710 3883 D NuPlayerDriver: notifyResetComplete(0xf2caade0)
07-09 18:27:50.219 725 1261 I [CT] : R:Behavior:NearHeadMoving: state transition: TorsoInitialized -> InRange
07-09 18:27:50.612 725 1259 I [CT] : VIPER:EXTERNAL_TRACKING_STATUS: Setting 3DoF.
07-09 18:27:50.612 725 1259 I [CT] : VIPER:EXTERNAL_TRACKING_STATUS: Forcing 3-DoF mode after detecting that the last vision update was 1 second(s) ago. The time limit is 1 second(s).
07-09 18:27:50.613 725 1259 I [CT] : VisionInterface: HMD Tracking switching to 3dof (from 6dof)
07-09 18:27:51.941 2392 2724 I OVR : OVRPlatform saving push token credentials for userid 105336190730996
07-09 18:27:51.988 2392 2724 I OVRPlatform: [FBNSHandler] Push token received
07-09 18:27:52.545 1841 3452 I libjingle: [074:419] [3452] (webrtcvoiceengine.cc:624): WebRtcVoiceEngine::Terminate
07-09 18:27:52.546 1841 3452 I libjingle: [074:419] [3452] (AudioRecordWrapper.cpp:42): Calling AudioRecord::Stop()
07-09 18:27:52.546 1841 3452 I OVRPlatform: [SharedMicrophoneAudioRecord] SharedMicrophoneAudioRecord::Stop
07-09 18:27:52.546 1841 3452 D AudioTrackJni: Terminate@[tid=3452]
07-09 18:27:52.546 1841 3452 D AudioTrackJni: StopPlayout@[tid=3452]
07-09 18:27:52.546 1841 3452 D AudioManager: Close@[tid=3452]
07-09 18:27:52.546 1841 3452 I org.webrtc.Logging: WebRtcAudioManager: dispose@[name=Thread-10, id=131]
07-09 18:27:52.547 1841 3452 I libjingle: [074:420] [3452] (webrtcvideoengine2.cc:502): WebRtcVideoEngine2::~WebRtcVideoEngine2
07-09 18:27:52.548 1841 3451 I MediaCodecVideoDecoder: [074:421] [3451] MediaCodecVideoDecoder: MediaCodecVideoDecoderFactory dtor
07-09 18:27:52.548 1841 3451 I MediaCodecVideoEncoder: [074:421] [3451] MediaCodecVideoEncoder: MediaCodecVideoEncoderFactory dtor
07-09 18:27:52.548 1841 3452 I libjingle: [074:422] [3452] (AudioRecordWrapper.cpp:42): Calling AudioRecord::Stop()
07-09 18:27:52.549 1841 3452 I OVRPlatform: [SharedMicrophoneAudioRecord] SharedMicrophoneAudioRecord::Stop
07-09 18:27:52.549 1841 3452 I OVRPlatform: [SharedMicrophoneAudioRecord] SharedMicrophoneAudioRecord::Stop
07-09 18:27:52.549 1841 3452 I OVRPlatform: [MicrophoneServer] MicrophoneServer::removeSharedClient 0xc6a4ed20
07-09 18:27:52.549 1841 3452 I OVRPlatform: [MicrophoneServer] removed 0, 0 remaining
07-09 18:27:52.549 1841 3452 I OVRPlatform: [MicrophoneServer] No connections left, stopping
07-09 18:27:52.549 1841 3452 I OVRPlatform-OVRMicrophone: Stopping microphone recording. Current state: Initialized
07-09 18:27:52.549 1841 3452 D AudioTrackJni: ~dtor@[tid=3452]
07-09 18:27:52.549 1841 3452 D AudioTrackJni: Terminate@[tid=3452]
07-09 18:27:52.549 1841 3452 D AudioTrackJni: StopPlayout@[tid=3452]
07-09 18:27:52.549 1841 3452 D JVM : GlobalRef::dtor@[tid=3452]
07-09 18:27:52.549 1841 3452 D JVM : NativeRegistration::dtor@[tid=3452]
07-09 18:27:52.549 1841 3452 D JVM : JNIEnvironment::dtor@[tid=3452]
07-09 18:27:52.549 1841 3452 D JVM : AttachCurrentThreadIfNeeded::dtor@[tid=3452]
07-09 18:27:52.549 1841 3452 D AudioManager: ~dtor@[tid=3452]
07-09 18:27:52.549 1841 3452 D AudioManager: Close@[tid=3452]
07-09 18:27:52.549 1841 3452 D AudioManager: JavaAudioManager::dtor@[tid=3452]
07-09 18:27:52.549 1841 3452 D JVM : GlobalRef::dtor@[tid=3452]
07-09 18:27:52.549 1841 3452 D JVM : NativeRegistration::dtor@[tid=3452]
07-09 18:27:52.549 1841 3452 D JVM : JNIEnvironment::dtor@[tid=3452]
07-09 18:27:52.549 1841 3452 D JVM : AttachCurrentThreadIfNeeded::dtor@[tid=3452]
07-09 18:27:52.549 1841 3452 D JVM : Detaching thread from JVM
07-09 18:27:52.552 1841 3885 I OVRPlatform: [AndroidPlatformIntegration] AndroidPlatformIntegration::dtor
07-09 18:27:52.552 1841 3885 D JVM : JVM::Uninitialize@[tid=3885]
07-09 18:27:52.552 1841 3885 D JVM : JVM::~JVM@[tid=3885]
07-09 18:27:52.552 1841 3885 I OVRPlatform: [AndroidPlatformIntegration] Releasing global references
07-09 18:27:52.552 1841 3885 I OVRPlatform: [MicrophoneServer] Enter MicrophoneServer::~MicrophoneServer
07-09 18:27:52.552 1841 3885 I OVRPlatform-OVRMicrophone: Stopping microphone recording. Current state: Initialized
07-09 18:27:52.552 1841 3885 I OVRPlatform-OVRMicrophone: Stopping microphone recording. Current state: Initialized
07-09 18:27:52.552 1841 3885 I OVRPlatform: [MicrophoneServer] Exit MicrophoneServer::~MicrophoneServer
07-09 18:27:52.552 1841 3885 D PlatformPlugin: [PlatformPluginManager] Releasing lock: nativeTearDown
07-09 18:27:52.950 551 598 D audio_hw_primary: out_standby: enter: stream (0xec853780) usecase(1: low-latency-playback)
07-09 18:27:52.979 551 598 D audio_hw_primary: disable_audio_route: reset and update mixer path: low-latency-playback speaker
07-09 18:27:52.980 551 598 D hardware_info: hw_info_append_hw_type : device_name = speaker
07-09 18:27:52.980 551 598 D audio_hw_primary: disable_snd_device: snd_device(2: speaker)
07-09 18:27:52.980 551 598 D msm8974_platform: platform_split_snd_device: snd_device(2) new_snd_devices (speaker)
07-09 18:27:52.984 551 598 D audio_hw_primary: out_standby: exit
07-09 18:27:53.262 3899 3899 D AndroidRuntime: >>>>>> START com.android.internal.os.RuntimeInit uid 2000 <<<<<<
07-09 18:27:53.264 3899 3899 D AndroidRuntime: CheckJNI is OFF
07-09 18:27:53.344 3899 3899 D ICU : No timezone override file found: /data/misc/zoneinfo/current/icu/icu_tzdata.dat
07-09 18:27:53.360 3899 3899 I Radio-JNI: register_android_hardware_Radio DONE
07-09 18:27:53.368 3899 3899 D AndroidRuntime: Calling main entry com.android.commands.pm.Pm
07-09 18:27:53.384 3899 3899 I art : System.exit called, status: 0
07-09 18:27:53.384 3899 3899 I AndroidRuntime: VM exiting with result code 0.
07-09 18:27:53.384 3899 3899 D OVRMrcLib: ovrVulkanLoader::Unload
07-09 18:27:58.265 3925 3925 D AndroidRuntime: >>>>>> START com.android.internal.os.RuntimeInit uid 2000 <<<<<<
07-09 18:27:58.269 3925 3925 D AndroidRuntime: CheckJNI is OFF
07-09 18:27:58.345 3925 3925 D ICU : No timezone override file found: /data/misc/zoneinfo/current/icu/icu_tzdata.dat
07-09 18:27:58.362 3925 3925 I Radio-JNI: register_android_hardware_Radio DONE
07-09 18:27:58.370 3925 3925 D AndroidRuntime: Calling main entry com.android.commands.pm.Pm
07-09 18:27:58.388 3925 3925 I art : System.exit called, status: 0
07-09 18:27:58.388 3925 3925 I AndroidRuntime: VM exiting with result code 0.
07-09 18:27:58.388 3925 3925 D OVRMrcLib: ovrVulkanLoader::Unload
07-09 18:28:01.484 1841 3949 I FbnsPushNotificationHandler: {"persisted_id":"","ndid":"5aa0395189dbdG5fcd7e3b02f4G5aa03deaea08fG1fc0","extra_data":"{\"user_with_updated_status\":\"105336190730996\",\"presence\":\"Home | Quest\",\"app_id\":1031607236937163,\"friend_display_name\":\"Christina Miria\"}","PushNotifID":"3481ed7c-47d0-4462-895c-4aa9fce50992"}
07-09 18:28:01.485 1841 3949 I NotificationReceiver: oculus_user_status
07-09 18:28:01.489 1841 3949 I NotificationReceiver: Notification cannot be toasted without a message. Hiding notif
07-09 18:28:03.271 3954 3954 D AndroidRuntime: >>>>>> START com.android.internal.os.RuntimeInit uid 2000 <<<<<<
07-09 18:28:03.273 3954 3954 D AndroidRuntime: CheckJNI is OFF
07-09 18:28:03.350 3954 3954 D ICU : No timezone override file found: /data/misc/zoneinfo/current/icu/icu_tzdata.dat
07-09 18:28:03.369 3954 3954 I Radio-JNI: register_android_hardware_Radio DONE
07-09 18:28:03.377 3954 3954 D AndroidRuntime: Calling main entry com.android.commands.pm.Pm
07-09 18:28:03.392 3954 3954 I art : System.exit called, status: 0
07-09 18:28:03.392 3954 3954 I AndroidRuntime: VM exiting with result code 0.
07-09 18:28:03.398 3954 3954 D OVRMrcLib: ovrVulkanLoader::Unload
07-09 18:28:03.398 3954 3963 W MessageQueue: Handler (android.os.Handler) {b246359} sending message to a Handler on a dead thread
07-09 18:28:03.398 3954 3963 W MessageQueue: java.lang.IllegalStateException: Handler (android.os.Handler) {b246359} sending message to a Handler on a dead thread
07-09 18:28:03.398 3954 3963 W MessageQueue: at android.os.MessageQueue.enqueueMessage(MessageQueue.java:543)
07-09 18:28:03.398 3954 3963 W MessageQueue: at android.os.Handler.enqueueMessage(Handler.java:643)
07-09 18:28:03.398 3954 3963 W MessageQueue: at android.os.Handler.sendMessageAtTime(Handler.java:612)
07-09 18:28:03.398 3954 3963 W MessageQueue: at android.os.Handler.sendMessageDelayed(Handler.java:582)
07-09 18:28:03.398 3954 3963 W MessageQueue: at android.os.Handler.post(Handler.java:338)
07-09 18:28:03.398 3954 3963 W MessageQueue: at android.os.ResultReceiver$MyResultReceiver.send(ResultReceiver.java:57)
07-09 18:28:03.398 3954 3963 W MessageQueue: at com.android.internal.os.IResultReceiver$Stub.onTransact(IResultReceiver.java:58)
07-09 18:28:03.398 3954 3963 W MessageQueue: at android.os.Binder.execTransact(Binder.java:606)
07-09 18:28:06.202 1312 1312 D MtpReceiver: Finished Media Scan Service
07-09 18:28:06.204 1050 1655 I ActivityManager: Killing 2527:com.android.managedprovisioning/u0a9 (adj 906): empty #17
07-09 18:28:06.215 1050 1521 D ActivityManager: cleanUpApplicationRecord -- 2527
07-09 18:28:08.277 3980 3980 D AndroidRuntime: >>>>>> START com.android.internal.os.RuntimeInit uid 2000 <<<<<<
07-09 18:28:08.280 3980 3980 D AndroidRuntime: CheckJNI is OFF
07-09 18:28:08.357 3980 3980 D ICU : No timezone override file found: /data/misc/zoneinfo/current/icu/icu_tzdata.dat
07-09 18:28:08.375 3980 3980 I Radio-JNI: register_android_hardware_Radio DONE
07-09 18:28:08.384 3980 3980 D AndroidRuntime: Calling main entry com.android.commands.pm.Pm
07-09 18:28:08.397 3980 3980 I art : System.exit called, status: 0
07-09 18:28:08.397 3980 3980 I AndroidRuntime: VM exiting with result code 0.
07-09 18:28:08.401 3980 3980 D OVRMrcLib: ovrVulkanLoader::Unload
07-09 18:28:08.401 3980 3989 W MessageQueue: Handler (android.os.Handler) {54acc8a} sending message to a Handler on a dead thread
07-09 18:28:08.401 3980 3989 W MessageQueue: java.lang.IllegalStateException: Handler (android.os.Handler) {54acc8a} sending message to a Handler on a dead thread
07-09 18:28:08.401 3980 3989 W MessageQueue: at android.os.MessageQueue.enqueueMessage(MessageQueue.java:543)
07-09 18:28:08.401 3980 3989 W MessageQueue: at android.os.Handler.enqueueMessage(Handler.java:643)
07-09 18:28:08.401 3980 3989 W MessageQueue: at android.os.Handler.sendMessageAtTime(Handler.java:612)
07-09 18:28:08.401 3980 3989 W MessageQueue: at android.os.Handler.sendMessageDelayed(Handler.java:582)
07-09 18:28:08.401 3980 3989 W MessageQueue: at android.os.Handler.post(Handler.java:338)
07-09 18:28:08.401 3980 3989 W MessageQueue: at android.os.ResultReceiver$MyResultReceiver.send(ResultReceiver.java:57)
07-09 18:28:08.401 3980 3989 W MessageQueue: at com.android.internal.os.IResultReceiver$Stub.onTransact(IResultReceiver.java:58)
07-09 18:28:08.401 3980 3989 W MessageQueue: at android.os.Binder.execTransact(Binder.java:606)
07-09 18:28:09.308 1898 2681 I OVR : OVRPlatform saving push token credentials for userid 105336190730996
07-09 18:28:09.360 1898 2681 I OVRPlatform: [FBNSHandler] Push token received
07-09 18:28:13.280 4008 4008 D AndroidRuntime: >>>>>> START com.android.internal.os.RuntimeInit uid 2000 <<<<<<
07-09 18:28:13.283 4008 4008 D AndroidRuntime: CheckJNI is OFF
07-09 18:28:13.360 4008 4008 D ICU : No timezone override file found: /data/misc/zoneinfo/current/icu/icu_tzdata.dat
07-09 18:28:13.378 4008 4008 I Radio-JNI: register_android_hardware_Radio DONE
07-09 18:28:13.387 4008 4008 D AndroidRuntime: Calling main entry com.android.commands.pm.Pm
07-09 18:28:13.403 4008 4008 I art : System.exit called, status: 0
07-09 18:28:13.403 4008 4008 I AndroidRuntime: VM exiting with result code 0.
07-09 18:28:13.406 4008 4008 D OVRMrcLib: ovrVulkanLoader::Unload
07-09 18:28:13.408 4008 4017 W MessageQueue: Handler (android.os.Handler) {f7135bb} sending message to a Handler on a dead thread
07-09 18:28:13.408 4008 4017 W MessageQueue: java.lang.IllegalStateException: Handler (android.os.Handler) {f7135bb} sending message to a Handler on a dead thread
07-09 18:28:13.408 4008 4017 W MessageQueue: at android.os.MessageQueue.enqueueMessage(MessageQueue.java:543)
07-09 18:28:13.408 4008 4017 W MessageQueue: at android.os.Handler.enqueueMessage(Handler.java:643)
07-09 18:28:13.408 4008 4017 W MessageQueue: at android.os.Handler.sendMessageAtTime(Handler.java:612)
07-09 18:28:13.408 4008 4017 W MessageQueue: at android.os.Handler.sendMessageDelayed(Handler.java:582)
07-09 18:28:13.408 4008 4017 W MessageQueue: at android.os.Handler.post(Handler.java:338)
07-09 18:28:13.408 4008 4017 W MessageQueue: at android.os.ResultReceiver$MyResultReceiver.send(ResultReceiver.java:57)
07-09 18:28:13.408 4008 4017 W MessageQueue: at com.android.internal.os.IResultReceiver$Stub.onTransact(IResultReceiver.java:58)
07-09 18:28:13.408 4008 4017 W MessageQueue: at android.os.Binder.execTransact(Binder.java:606)
07-09 18:28:18.279 4034 4034 D AndroidRuntime: >>>>>> START com.android.internal.os.RuntimeInit uid 2000 <<<<<<
07-09 18:28:18.282 4034 4034 D AndroidRuntime: CheckJNI is OFF
07-09 18:28:18.355 4034 4034 D ICU : No timezone override file found: /data/misc/zoneinfo/current/icu/icu_tzdata.dat
07-09 18:28:18.372 4034 4034 I Radio-JNI: register_android_hardware_Radio DONE
07-09 18:28:18.381 4034 4034 D AndroidRuntime: Calling main entry com.android.commands.pm.Pm
07-09 18:28:18.393 4034 4034 I art : System.exit called, status: 0
07-09 18:28:18.393 4034 4034 I AndroidRuntime: VM exiting with result code 0.
07-09 18:28:18.394 4034 4034 D OVRMrcLib: ovrVulkanLoader::Unload
07-09 18:28:19.418 1497 4057 I OSUpdateService: Intent with action system_battery_changed
07-09 18:28:23.276 2392 2724 I OVR : OVRPlatform saving push token credentials for userid 105336190730996
07-09 18:28:23.289 4063 4063 D AndroidRuntime: >>>>>> START com.android.internal.os.RuntimeInit uid 2000 <<<<<<
07-09 18:28:23.292 4063 4063 D AndroidRuntime: CheckJNI is OFF
07-09 18:28:23.325 2392 2724 I OVRPlatform: [FBNSHandler] Push token received
07-09 18:28:23.367 4063 4063 D ICU : No timezone override file found: /data/misc/zoneinfo/current/icu/icu_tzdata.dat
07-09 18:28:23.384 4063 4063 I Radio-JNI: register_android_hardware_Radio DONE
07-09 18:28:23.392 4063 4063 D AndroidRuntime: Calling main entry com.android.commands.pm.Pm
07-09 18:28:23.404 4063 4063 I art : System.exit called, status: 0
07-09 18:28:23.404 4063 4063 I AndroidRuntime: VM exiting with result code 0.
07-09 18:28:23.404 4063 4063 D OVRMrcLib: ovrVulkanLoader::Unload
07-09 18:28:27.321 1497 4086 I OSUpdateService: Intent with action system_battery_changed
07-09 18:28:28.294 4091 4091 D AndroidRuntime: >>>>>> START com.android.internal.os.RuntimeInit uid 2000 <<<<<<
07-09 18:28:28.297 4091 4091 D AndroidRuntime: CheckJNI is OFF
07-09 18:28:28.376 4091 4091 D ICU : No timezone override file found: /data/misc/zoneinfo/current/icu/icu_tzdata.dat
07-09 18:28:28.393 4091 4091 I Radio-JNI: register_android_hardware_Radio DONE
07-09 18:28:28.402 4091 4091 D AndroidRuntime: Calling main entry com.android.commands.pm.Pm
07-09 18:28:28.417 4091 4091 I art : System.exit called, status: 0
07-09 18:28:28.417 4091 4091 I AndroidRuntime: VM exiting with result code 0.
07-09 18:28:28.417 4091 4091 D OVRMrcLib: ovrVulkanLoader::Unload
07-09 18:28:33.291 4118 4118 D AndroidRuntime: >>>>>> START com.android.internal.os.RuntimeInit uid 2000 <<<<<<
07-09 18:28:33.294 4118 4118 D AndroidRuntime: CheckJNI is OFF
07-09 18:28:33.369 4118 4118 D ICU : No timezone override file found: /data/misc/zoneinfo/current/icu/icu_tzdata.dat
07-09 18:28:33.386 4118 4118 I Radio-JNI: register_android_hardware_Radio DONE
07-09 18:28:33.394 4118 4118 D AndroidRuntime: Calling main entry com.android.commands.pm.Pm
07-09 18:28:33.407 4118 4118 I art : System.exit called, status: 0
07-09 18:28:33.407 4118 4118 I AndroidRuntime: VM exiting with result code 0.
07-09 18:28:33.407 4118 4118 D OVRMrcLib: ovrVulkanLoader::Unload
07-09 18:28:38.294 4144 4144 D AndroidRuntime: >>>>>> START com.android.internal.os.RuntimeInit uid 2000 <<<<<<
07-09 18:28:38.298 4144 4144 D AndroidRuntime: CheckJNI is OFF
07-09 18:28:38.369 4144 4144 D ICU : No timezone override file found: /data/misc/zoneinfo/current/icu/icu_tzdata.dat
07-09 18:28:38.385 4144 4144 I Radio-JNI: register_android_hardware_Radio DONE
07-09 18:28:38.393 4144 4144 D AndroidRuntime: Calling main entry com.android.commands.pm.Pm
07-09 18:28:38.406 4144 4144 I art : System.exit called, status: 0
07-09 18:28:38.406 4144 4144 I AndroidRuntime: VM exiting with result code 0.
07-09 18:28:38.407 4144 4144 D OVRMrcLib: ovrVulkanLoader::Unload
07-09 18:28:40.700 1898 2681 I OVR : OVRPlatform saving push token credentials for userid 105336190730996
07-09 18:28:40.742 1898 2681 I OVRPlatform: [FBNSHandler] Push token received
07-09 18:28:43.301 4171 4171 D AndroidRuntime: >>>>>> START com.android.internal.os.RuntimeInit uid 2000 <<<<<<
07-09 18:28:43.304 4171 4171 D AndroidRuntime: CheckJNI is OFF
07-09 18:28:43.380 4171 4171 D ICU : No timezone override file found: /data/misc/zoneinfo/current/icu/icu_tzdata.dat
07-09 18:28:43.396 4171 4171 I Radio-JNI: register_android_hardware_Radio DONE
07-09 18:28:43.404 4171 4171 D AndroidRuntime: Calling main entry com.android.commands.pm.Pm
07-09 18:28:43.417 4171 4171 I art : System.exit called, status: 0
07-09 18:28:43.417 4171 4171 I AndroidRuntime: VM exiting with result code 0.
07-09 18:28:43.417 4171 4171 D OVRMrcLib: ovrVulkanLoader::Unload
07-09 18:28:44.525 2392 2724 I OVR : OVRPlatform saving push token credentials for userid 105336190730996
07-09 18:28:44.570 2392 2724 I OVRPlatform: [FBNSHandler] Push token received
07-09 18:28:48.313 4199 4199 D AndroidRuntime: >>>>>> START com.android.internal.os.RuntimeInit uid 2000 <<<<<<
07-09 18:28:48.316 4199 4199 D AndroidRuntime: CheckJNI is OFF
07-09 18:28:48.394 4199 4199 D ICU : No timezone override file found: /data/misc/zoneinfo/current/icu/icu_tzdata.dat
07-09 18:28:48.412 4199 4199 I Radio-JNI: register_android_hardware_Radio DONE
07-09 18:28:48.421 4199 4199 D AndroidRuntime: Calling main entry com.android.commands.pm.Pm
07-09 18:28:48.435 4199 4199 I art : System.exit called, status: 0
07-09 18:28:48.435 4199 4199 I AndroidRuntime: VM exiting with result code 0.
07-09 18:28:48.435 4199 4199 D OVRMrcLib: ovrVulkanLoader::Unload
07-09 18:28:49.469 725 3882 D TrackingService: Performing delayed transition to SLEEP
07-09 18:28:49.469 725 3882 D TrackingService: Setting power state to SLEEP
07-09 18:28:49.469 725 3882 D Tracker/CoreOS: MontereyGlue: Acquiring MontereyGlue WakeLock
07-09 18:28:49.470 725 1221 I Tracker/CoreOS: MontereyGlue Handle Power State. currentState: 1, newState: 0
07-09 18:28:49.470 725 1221 D Tracker/CoreOS: MontereyGlue: Transition start STANDBY->SLEEP
07-09 18:28:49.470 725 1221 D Tracker/CoreOS: MontereyGlue: stopping headset streams
07-09 18:28:49.471 725 1221 D LibDevices: MontereyDevices::stopAllStreams
07-09 18:28:49.471 725 1221 D LibDevices: MontereyDevices::stopSyncbossStream()
07-09 18:28:49.471 725 1221 I LibDevices: Attempting to join MotionDataBatcher thread...
07-09 18:28:49.475 725 1259 D LibDevices: SyncbossEventHandler::hmdConsumerThreadFunc() exit
07-09 18:28:49.475 725 1221 I LibDevices: MotionDataBatcher thread joined
07-09 18:28:49.475 725 1221 D LibDevices: MontereyDevices::stopIpdStream()
07-09 18:28:49.475 725 1221 D LibDevices: MontereyDevices::stopAllStreams() complete
07-09 18:28:49.476 725 1221 D Tracker/CoreOS: MontereyGlue: stopping hand processing
07-09 18:28:49.476 725 1221 D Tracker/CoreOS: MontereyGlue: stopping controller processing
07-09 18:28:49.476 725 1221 D Tracker/CoreOS: Entering ControllerGlue::stop()
07-09 18:28:49.476 725 1221 D Tracker/CoreOS: ControllerGlue: setting expected mode to DISABLED
07-09 18:28:49.476 725 1221 D Tracker/CoreOS: ControllerGlue: Setting current mode to DISABLED
07-09 18:28:49.476 725 1221 D LibDevices: ControllerMgr: Settings controller manager mode 0
07-09 18:28:49.762 725 1221 I LibDevices: ControllerMgr: transition state ACTIVE->MANAGEMENT
07-09 18:28:49.767 725 1221 D LibDevices: SyncbossEventHandler::stopAllStreams()
07-09 18:28:49.767 725 1221 D LibDevices: SyncbossEventHandler::stopAllStreams() complete
07-09 18:28:49.767 725 1260 D LibDevices: SyncbossEventHandler::producerThreadFunc() exit
07-09 18:28:49.767 725 1221 I LibDevices: Attempting to join controllerConsumerThread
07-09 18:28:49.772 725 1261 D LibDevices: controllerConsumerThreadFunc() exit
07-09 18:28:49.772 725 1221 I LibDevices: controllerConsumerThread joined
07-09 18:28:49.772 725 1221 D LibDevices: ControllerMgr: Complete state transition ACTIVE->MANAGEMENT
07-09 18:28:49.772 725 1221 I LibDevices: ControllerMgr: transition state MANAGEMENT->DISABLED
07-09 18:28:50.119 1050 1973 I SyncBossHAL: syncboss_hal_prox.c(41): INFO: Reporting prox event: system_down
07-09 18:28:50.119 725 1221 I SyncBossHAL: double_tap.cpp(49): INFO: DoubleTap: De-initializing detection engine
07-09 18:28:50.120 725 1221 I VrSensors-SyncBoss: SyncbossHandleWrapper: De-initialized syncboss
07-09 18:28:50.120 725 1221 D LibDevices: ControllerMgr: Complete state transition MANAGEMENT->DISABLED
07-09 18:28:50.120 725 1221 D LibDevices: ControllerMgr: Settings controller manager mode 0 complete
07-09 18:28:50.120 725 1221 D Tracker/CoreOS: RemoteService::handleDeviceDisconnected - device 0ef96ba248b9c7a8
07-09 18:28:50.120 1050 1170 D SensorsHAL: returning 1 events to client
07-09 18:28:50.120 725 1221 I [CT] : VisionInterface: Requesting tracking engine to deactivate device 0x1079011930480953256lx.
07-09 18:28:50.120 725 1221 I [CT] : CONSTELLATION: ControllerStateBuffer: RESET
07-09 18:28:50.120 725 1221 I [CT] : R:Behavior:AtRest: reset
07-09 18:28:50.120 725 1221 I [CT] : R:Behavior:AtRest: reset
07-09 18:28:50.120 725 1221 I [CT] : Blackboard: reset
07-09 18:28:50.120 725 1221 I [CT] : VisionInterface: Controller 0x1079011930480953256 is now disconnected.
07-09 18:28:50.123 725 1221 I TrackingService: Unregistering primary remote 0ef96ba248b9c7a8 in slot 0
07-09 18:28:50.123 2206 3194 D TrackingServiceClient: TrackingServiceClient onRemoteDisconnected ef96ba248b9c7a8
07-09 18:28:50.125 725 1221 D TrackingCore: TrackingDataPostProcessor: Unregistering 0ef96ba248b9c7a8
07-09 18:28:50.125 725 1221 D Tracker/CoreOS: RemoteService::handleDeviceDisconnected - device c91e974cac1d58eb
07-09 18:28:50.125 725 1221 I [CT] : VisionInterface: Requesting tracking engine to deactivate device 0x14492187006485747947lx.
07-09 18:28:50.125 725 1221 I [CT] : CONSTELLATION: ControllerStateBuffer: RESET
07-09 18:28:50.125 725 1221 I [CT] : R:Behavior:AtRest: reset
07-09 18:28:50.125 725 1221 I [CT] : R:Behavior:AtRest: reset
07-09 18:28:50.125 725 1221 I [CT] : Blackboard: reset
07-09 18:28:50.125 725 1221 I [CT] : VisionInterface: Controller 0x14492187006485747947 is now disconnected.
07-09 18:28:50.125 725 1221 I TrackingService: Unregistering primary remote c91e974cac1d58eb in slot 1
07-09 18:28:50.125 1050 1185 I EventHub: Removing device Device 0xEF96BA248B9C7A8 due to epoll hang-up event.
07-09 18:28:50.125 1050 1185 I EventHub: Removed device: path=/dev/input/event3 name=Device 0xEF96BA248B9C7A8 id=4 fd=183 classes=0x2001
07-09 18:28:50.125 2206 2233 D TrackingServiceClient: TrackingServiceClient onRemoteDisconnected c91e974cac1d58eb
07-09 18:28:50.126 1050 1185 I EventHub: Removing device '/dev/input/event3' due to inotify event
07-09 18:28:50.126 1050 1185 I InputReader: Device removed: id=4, name='Device 0xEF96BA248B9C7A8', sources=0x65432102
07-09 18:28:50.126 1050 1185 I EventHub: Removing device Device 0xC91E974CAC1D58EB due to epoll hang-up event.
07-09 18:28:50.126 1050 1185 I EventHub: Removed device: path=/dev/input/event4 name=Device 0xC91E974CAC1D58EB id=5 fd=186 classes=0x2001
07-09 18:28:50.127 725 1221 D TrackingCore: TrackingDataPostProcessor: Unregistering c91e974cac1d58eb
07-09 18:28:50.128 1050 1185 I InputReader: Device removed: id=5, name='Device 0xC91E974CAC1D58EB', sources=0x65432102
07-09 18:28:50.128 725 1221 D Tracker/CoreOS: MontereyGlue: stopping iot processing
07-09 18:28:50.128 1050 1185 I EventHub: Removing device '/dev/input/event4' due to inotify event
07-09 18:28:50.132 725 1221 I [CT] : VIPER:OCAL: OnlineCalibrationManager: Deactivate pushMeasurements and stop workers for targets.
07-09 18:28:50.175 725 1221 I [CT] : VIPER:OCAL: Serialized online calibration state to /vision/insideout/ocal/ViJoint1PASH9BPY79293.ocal
07-09 18:28:50.176 725 1221 I [CT] : VIPER:MAP_MANAGER: Map Manager: STANDBY -> SLEEP
07-09 18:28:50.340 725 1244 I [CT] : VIPER:LOCALIZER: Exiting localizer thread
07-09 18:28:50.345 725 1221 W [CT] : VIPER:DF: Background job still running when calling reset() on the DepthFilterManager.
07-09 18:28:50.346 725 1221 I [CT] : BOLT:Lib: Stopping BoltLib: 3 -> 2
07-09 18:28:50.346 725 1221 I [CT] : BOLT:Lib: Stopping BoltLib: 2 -> 1
07-09 18:28:50.346 725 1221 I [CT] : BOLT:Lib: Stopping BoltLib: 1 -> 0
07-09 18:28:50.346 725 1221 I [CT] : BOLT:Lib: Cleaning up BoltLib
07-09 18:28:50.346 725 1221 I [CT] : BOLT:HexagonShim: Hexagon ref count changed from 1 to 0
07-09 18:28:50.346 725 1221 I [CT] : BOLT:HexagonShim: HexagonStop
07-09 18:28:50.350 725 1234 I [CT] : boltlib: DSP utilization(%): 0
07-09 18:28:50.355 725 1221 I [CT] : BOLT:Lib: Resetting memory pool: 70488320 bytes used out of 79691776 bytes total
07-09 18:28:50.394 725 1221 I [CT] : VisionInterface: [N8coretech16PlatformServicesE]: Entering CONFIGURED state.
07-09 18:28:50.394 725 1221 I [CT] : VisionInterface: [N15visioninterface22LiveTelemetryCollectorE]: Entering CONFIGURED state.
07-09 18:28:50.394 725 1221 W [CT] : VisionInterface: [N8coretech24InsideOutDefaultTrackingE]: Unable to stop vision capability in non-standby state.
07-09 18:28:50.395 725 1221 W [CT] : VisionInterface: [N8coretech27ConstellationTrackingEngineE]: Unable to stop vision capability in non-standby state.
07-09 18:28:50.395 725 1221 W [CT] : VisionInterface: [N8coretech19HandDefaultTrackingE]: Unable to stop vision capability in non-standby state.
07-09 18:28:50.395 725 1221 W [CT] : VisionInterface: [N8coretech20ObjectTrackingEngineE]: Unable to stop vision capability in non-standby state.
07-09 18:28:50.395 725 1221 I [CT] : VisionInterface: Entering CONFIGURED state.
07-09 18:28:50.395 725 1221 D Tracker/CoreOS: MontereyGlue: Start Vision Post Processing
07-09 18:28:50.395 725 1221 D Tracker/CoreOS: MontereyGlue: Acquiring Post Processing Wakelock
07-09 18:28:50.404 725 1221 I [CT] : VIPER: Set the root map...
07-09 18:28:50.404 725 1221 I [CT] : VIPER: There are 2 maps to be merged!
07-09 18:28:50.404 725 1221 I [CT] : VIPER: There are 53 keyframes and 197 points in the map 0
07-09 18:28:50.406 725 1221 I [CT] : VIPER: There are 232 keyframes and 827 points in the map 1
07-09 18:28:50.406 725 1221 I [CT] : VIPER: Set Map 1 as root map!
07-09 18:28:50.406 725 1221 I [CT] : VIPER: Set the root map Done.
07-09 18:28:50.406 725 1221 I [CT] : VIPER: Merge maps...
07-09 18:28:50.406 725 1221 I [CT] : VIPER: Constructing MapAligner: ORB
07-09 18:28:50.408 725 1221 I [CT] : VIPER: Find valid candidates...
07-09 18:28:50.408 725 1221 I [CT] : VIPER: Candidate map failed pre-alignment check, continue to next map
07-09 18:28:50.408 725 1221 I [CT] : VIPER: There are 232 keyframes in the merged map.
07-09 18:28:50.408 725 1221 I [CT] : VIPER: There are 827 points in the merged map.
07-09 18:28:50.408 725 1221 I [CT] : VIPER: Map alignment costs 0.0 ms.
07-09 18:28:50.408 725 1221 I [CT] : VIPER: Map merging costs 0.0 ms.
07-09 18:28:50.408 725 1221 I [CT] : VIPER: Global BA costs 0.0 ms.
07-09 18:28:50.408 725 1221 I [CT] : VIPER: Reprojection error: 0.0.
07-09 18:28:50.408 725 1221 I [CT] : VIPER: Total Time 0.0 s.
07-09 18:28:50.408 725 1221 I [CT] : VIPER: Merge maps Done.
07-09 18:28:50.547 725 1221 I [CT] : VIPER:STRUCTURERELOCALIZER: Feature clustering eliminated 345 features in 138.553281 ms
07-09 18:28:50.548 725 1221 I [CT] : VisionInterface: Map has been found, global bundle adjust will occur after calibration.
07-09 18:28:50.548 725 1221 I [CT] : VisionInterface: Starting online calibration post-processing.
07-09 18:28:50.548 725 1221 D Tracker/CoreOS: MontereyGlue: Transition complete STANDBY->SLEEP
07-09 18:28:50.548 725 1221 D Tracker/CoreOS: MontereyGlue: Releasing MontereyGlue WakeLock
07-09 18:28:50.550 725 4222 I [CT] : InsideOutTracking:PostProcessor: Starting bundle adjustment...
07-09 18:28:50.551 725 4221 I [CT] : VIPER:OCAL: OnlineCalibrationManager: Activate pushMeasurements and start workers for targets.
07-09 18:28:50.551 725 4221 I [CT] : VIPER:OCAL: Worker: Spawned thread!
07-09 18:28:50.552 725 4223 I [CT] : VIPER:OCAL: Setting online calibration worker thread priorities.
07-09 18:28:50.552 725 4223 I [CT] : VIPER:OCAL: Estimating a new VI extrinsics/intrinsics calibration...
07-09 18:28:50.577 725 4222 I [CT] : VIPER: GLOBAL: 26.4 ms - Num Iterations: 3
07-09 18:28:53.314 4228 4228 D AndroidRuntime: >>>>>> START com.android.internal.os.RuntimeInit uid 2000 <<<<<<
07-09 18:28:53.316 4228 4228 D AndroidRuntime: CheckJNI is OFF
07-09 18:28:53.390 4228 4228 D ICU : No timezone override file found: /data/misc/zoneinfo/current/icu/icu_tzdata.dat
07-09 18:28:53.408 4228 4228 I Radio-JNI: register_android_hardware_Radio DONE
07-09 18:28:53.416 4228 4228 D AndroidRuntime: Calling main entry com.android.commands.pm.Pm
07-09 18:28:53.432 4228 4228 I art : System.exit called, status: 0
07-09 18:28:53.432 4228 4228 I AndroidRuntime: VM exiting with result code 0.
07-09 18:28:53.433 4228 4228 D OVRMrcLib: ovrVulkanLoader::Unload
07-09 18:28:58.312 4255 4255 D AndroidRuntime: >>>>>> START com.android.internal.os.RuntimeInit uid 2000 <<<<<<
07-09 18:28:58.314 4255 4255 D AndroidRuntime: CheckJNI is OFF
07-09 18:28:58.397 4255 4255 D ICU : No timezone override file found: /data/misc/zoneinfo/current/icu/icu_tzdata.dat
07-09 18:28:58.416 4255 4255 I Radio-JNI: register_android_hardware_Radio DONE
07-09 18:28:58.425 4255 4255 D AndroidRuntime: Calling main entry com.android.commands.pm.Pm
07-09 18:28:58.439 4255 4264 W MessageQueue: Handler (android.os.Handler) {acae874} sending message to a Handler on a dead thread
07-09 18:28:58.439 4255 4264 W MessageQueue: java.lang.IllegalStateException: Handler (android.os.Handler) {acae874} sending message to a Handler on a dead thread
07-09 18:28:58.439 4255 4264 W MessageQueue: at android.os.MessageQueue.enqueueMessage(MessageQueue.java:543)
07-09 18:28:58.439 4255 4264 W MessageQueue: at android.os.Handler.enqueueMessage(Handler.java:643)
07-09 18:28:58.439 4255 4264 W MessageQueue: at android.os.Handler.sendMessageAtTime(Handler.java:612)
07-09 18:28:58.439 4255 4264 W MessageQueue: at android.os.Handler.sendMessageDelayed(Handler.java:582)
07-09 18:28:58.439 4255 4264 W MessageQueue: at android.os.Handler.post(Handler.java:338)
07-09 18:28:58.439 4255 4264 W MessageQueue: at android.os.ResultReceiver$MyResultReceiver.send(ResultReceiver.java:57)
07-09 18:28:58.439 4255 4264 W MessageQueue: at com.android.internal.os.IResultReceiver$Stub.onTransact(IResultReceiver.java:58)
07-09 18:28:58.439 4255 4264 W MessageQueue: at android.os.Binder.execTransact(Binder.java:606)
07-09 18:28:58.439 4255 4255 I art : System.exit called, status: 0
07-09 18:28:58.439 4255 4255 I AndroidRuntime: VM exiting with result code 0.
07-09 18:28:58.439 4255 4255 D OVRMrcLib: ovrVulkanLoader::Unload
07-09 18:29:02.224 725 4223 I [CT] : VIPER: Stereo overlap between cameras 2 and 0
07-09 18:29:03.334 4281 4281 D AndroidRuntime: >>>>>> START com.android.internal.os.RuntimeInit uid 2000 <<<<<<
07-09 18:29:03.337 4281 4281 D AndroidRuntime: CheckJNI is OFF
07-09 18:29:03.414 4281 4281 D ICU : No timezone override file found: /data/misc/zoneinfo/current/icu/icu_tzdata.dat
07-09 18:29:03.436 4281 4281 I Radio-JNI: register_android_hardware_Radio DONE
07-09 18:29:03.445 4281 4281 D AndroidRuntime: Calling main entry com.android.commands.pm.Pm
07-09 18:29:03.460 4281 4281 I art : System.exit called, status: 0
07-09 18:29:03.460 4281 4281 I AndroidRuntime: VM exiting with result code 0.
07-09 18:29:03.465 4281 4281 D OVRMrcLib: ovrVulkanLoader::Unload
07-09 18:29:03.467 4281 4290 W MessageQueue: Handler (android.os.Handler) {4f151a5} sending message to a Handler on a dead thread
07-09 18:29:03.467 4281 4290 W MessageQueue: java.lang.IllegalStateException: Handler (android.os.Handler) {4f151a5} sending message to a Handler on a dead thread
07-09 18:29:03.467 4281 4290 W MessageQueue: at android.os.MessageQueue.enqueueMessage(MessageQueue.java:543)
07-09 18:29:03.467 4281 4290 W MessageQueue: at android.os.Handler.enqueueMessage(Handler.java:643)
07-09 18:29:03.467 4281 4290 W MessageQueue: at android.os.Handler.sendMessageAtTime(Handler.java:612)
07-09 18:29:03.467 4281 4290 W MessageQueue: at android.os.Handler.sendMessageDelayed(Handler.java:582)
07-09 18:29:03.467 4281 4290 W MessageQueue: at android.os.Handler.post(Handler.java:338)
07-09 18:29:03.467 4281 4290 W MessageQueue: at android.os.ResultReceiver$MyResultReceiver.send(ResultReceiver.java:57)
07-09 18:29:03.467 4281 4290 W MessageQueue: at com.android.internal.os.IResultReceiver$Stub.onTransact(IResultReceiver.java:58)
07-09 18:29:03.467 4281 4290 W MessageQueue: at android.os.Binder.execTransact(Binder.java:606)
07-09 18:29:06.514 725 4223 I [CT] : VIPER:OCAL: New calibration accepted.
07-09 18:29:06.520 725 4223 I [CT] : VIPER:OCAL: Estimation took 15.97 sec and allocated 65.10 MB. Memory used for: Problem Data 4.34 MB, Variable Storage 0.17 MB, Cost Storage 13.10 MB, Solve 19.57 MB, Covariance 0.00 MB
07-09 18:29:06.520 725 4223 I [CT] : VIPER:OCAL: Difference for cam 0: Intrinsics: -0.0112 -0.0472 0.1208; Extrinsics: 0.0204 deg
07-09 18:29:06.520 725 4223 I [CT] : VIPER:OCAL: Difference for cam 1: Intrinsics: 0.0228 -0.0564 0.2474; Extrinsics: 0.0280 deg
07-09 18:29:06.520 725 4223 I [CT] : VIPER:OCAL: Difference for cam 2: Intrinsics: 0.0005 0.0101 0.0833; Extrinsics: 0.0205 deg
07-09 18:29:06.520 725 4223 I [CT] : VIPER:OCAL: Difference for cam 3: Intrinsics: 0.0241 0.0679 0.0007; Extrinsics: 0.0472 deg
07-09 18:29:06.520 725 4223 I [CT] : VIPER:OCAL:ImuTemperatureBiasTarget: Estimating a new IMU online temperature calibration...
07-09 18:29:06.520 725 4221 I [CT] : VIPER:OCAL: OnlineCalibrationManager: Deactivate pushMeasurements and stop workers for targets.
07-09 18:29:06.520 725 4221 I [CT] : InsideOutTracking:PostProcessor: Calibration estimation in post-processing successful! Estimation took 15.9693239 seconds.
07-09 18:29:06.522 725 4221 I [CT] : InsideOutTracking:PostProcessor: Starting bundle adjustment...
07-09 18:29:06.545 725 4221 I [CT] : VIPER: GLOBAL: 23.1 ms - Num Iterations: 3
07-09 18:29:06.547 725 4221 I [CT] : InsideOutTracking:PostProcessor: Error on old map: 0.21352851715131305 Error with new calibration on BA map: 0.2165864683397835
07-09 18:29:06.548 725 4221 I [CT] : InsideOutTracking:PostProcessor: New calibration and map are worse, rejecting.
07-09 18:29:06.557 725 4221 I [CT] : VIPER:OCAL: Rejecting camera calibration version 2 and reverting to passed calibrations.
07-09 18:29:06.557 725 4221 I [CT] : VIPER: Stereo overlap between cameras 2 and 0
07-09 18:29:06.564 722 722 D PermissionCache: checking com.oculus.permission.WRITE_ONLINE_CALIBRATION for uid=1000 => granted (1104 us)
07-09 18:29:06.573 725 4221 I [CT] : VisionInterface: Registering Camera. Online Estimated Calibration!
07-09 18:29:06.573 725 4221 I [CT] : -------
07-09 18:29:06.573 725 4221 I [CT] : Parameters: 191.308
07-09 18:29:06.573 725 4221 I [CT] : 315.084
07-09 18:29:06.573 725 4221 I [CT] : 237.983
07-09 18:29:06.573 725 4221 I [CT] : 0.280149
07-09 18:29:06.573 725 4221 I [CT] : 0.0530577
07-09 18:29:06.573 725 4221 I [CT] : -0.248759
07-09 18:29:06.573 725 4221 I [CT] : 0.190786
07-09 18:29:06.573 725 4221 I [CT] : -0.0685915
07-09 18:29:06.573 725 4221 I [CT] : 0.0103052
07-09 18:29:06.573 725 4221 I [CT] : 0.000121503
07-09 18:29:06.573 725 4221 I [CT] : -0.000886102
07-09 18:29:06.573 725 4221 I [CT] : T_cameraFromDevice
07-09 18:29:06.573 725 4221 I [CT] : -0.00393272 0.763623 -0.645651 -0.0154294
07-09 18:29:06.573 725 4221 I [CT] : 0.984562 -0.11003 -0.136131 0.0417643
07-09 18:29:06.573 725 4221 I [CT] : -0.174993 -0.636218 -0.751401 -0.0878162
07-09 18:29:06.573 725 4221 I [CT] : VisionInterface: Registering Camera. Online Estimated Calibration!
07-09 18:29:06.573 725 4221 I [CT] : -------
07-09 18:29:06.573 725 4221 I [CT] : Parameters: 191.488
07-09 18:29:06.573 725 4221 I [CT] : 329.377
07-09 18:29:06.573 725 4221 I [CT] : 242.078
07-09 18:29:06.573 725 4221 I [CT] : 0.294019
07-09 18:29:06.573 725 4221 I [CT] : -0.00498945
07-09 18:29:06.573 725 4221 I [CT] : -0.132462
07-09 18:29:06.573 725 4221 I [CT] : 0.076035
07-09 18:29:06.573 725 4221 I [CT] : -0.0138159
07-09 18:29:06.573 725 4221 I [CT] : 0.000196703
07-09 18:29:06.573 725 4221 I [CT] : -9.27048e-05
07-09 18:29:06.573 725 4221 I [CT] : -0.000542482
07-09 18:29:06.573 725 4221 I [CT] : T_cameraFromDevice
07-09 18:29:06.573 725 4221 I [CT] : 0.74077 0.459884 -0.48966 0.00706021
07-09 18:29:06.573 725 4221 I [CT] : 0.129807 -0.813179 -0.567353 -0.00312128
07-09 18:29:06.573 725 4221 I [CT] : -0.659098 0.356717 -0.662075 -0.106934
07-09 18:29:06.573 725 4221 I [CT] : VisionInterface: Registering Camera. Online Estimated Calibration!
07-09 18:29:06.573 725 4221 I [CT] : -------
07-09 18:29:06.573 725 4221 I [CT] : Parameters: 190.782
07-09 18:29:06.573 725 4221 I [CT] : 313.373
07-09 18:29:06.573 725 4221 I [CT] : 236.468
07-09 18:29:06.573 725 4221 I [CT] : 0.282185
07-09 18:29:06.573 725 4221 I [CT] : 0.0468307
07-09 18:29:06.573 725 4221 I [CT] : -0.244949
07-09 18:29:06.573 725 4221 I [CT] : 0.191268
07-09 18:29:06.573 725 4221 I [CT] : -0.069553
07-09 18:29:06.573 725 4221 I [CT] : 0.010518
07-09 18:29:06.573 725 4221 I [CT] : 0.000730816
07-09 18:29:06.573 725 4221 I [CT] : -0.000794633
07-09 18:29:06.573 725 4221 I [CT] : T_cameraFromDevice
07-09 18:29:06.573 725 4221 I [CT] : -0.00708276 0.764275 -0.644851 -0.0154304
07-09 18:29:06.573 725 4221 I [CT] : 0.98466 0.117761 0.128755 -0.0409701
07-09 18:29:06.573 725 4221 I [CT] : 0.174342 -0.634047 -0.753385 -0.0877794
07-09 18:29:06.573 725 4221 I [CT] : VisionInterface: Registering Camera. Online Estimated Calibration!
07-09 18:29:06.573 725 4221 I [CT] : -------
07-09 18:29:06.573 725 4221 I [CT] : Parameters: 190.98
07-09 18:29:06.573 725 4221 I [CT] : 310.668
07-09 18:29:06.573 725 4221 I [CT] : 236.708
07-09 18:29:06.573 725 4221 I [CT] : 0.294879
07-09 18:29:06.573 725 4221 I [CT] : -0.00710354
07-09 18:29:06.573 725 4221 I [CT] : -0.132433
07-09 18:29:06.573 725 4221 I [CT] : 0.0776435
07-09 18:29:06.573 725 4221 I [CT] : -0.014595
07-09 18:29:06.573 725 4221 I [CT] : 0.00027483
07-09 18:29:06.573 725 4221 I [CT] : -2.83325e-05
07-09 18:29:06.573 725 4221 I [CT] : -0.000632387
07-09 18:29:06.573 725 4221 I [CT] : T_cameraFromDevice
07-09 18:29:06.573 725 4221 I [CT] : -0.745034 0.454599 -0.488123 0.00676796
07-09 18:29:06.573 725 4221 I [CT] : 0.128387 0.815839 0.563847 0.00330434
07-09 18:29:06.573 725 4221 I [CT] : 0.654554 0.357417 -0.666192 -0.106871
07-09 18:29:06.574 725 4221 I [CT] : VIPER: Stereo overlap between cameras 2 and 0
07-09 18:29:06.577 725 4221 I [CT] : VIPER: Stereo overlap between cameras 2 and 0
07-09 18:29:06.578 725 4221 I [CT] : VisionInterface: Parsing imu cal.
07-09 18:29:06.578 725 4221 I [CT] : VIPER: Loading noise parameters for: PVT
07-09 18:29:06.578 725 4221 W [CT] : VIPER: Falling back to default noise parameters. [SensorModel: PVT]
07-09 18:29:06.578 725 4221 I [CT] : viper::viper::imu_types: Creating ScaleMisalignedImuModel:
07-09 18:29:06.578 725 4221 I [CT] : -------
07-09 18:29:06.578 725 4221 I [CT] : Accel:
07-09 18:29:06.578 725 4221 I [CT] : Offset: -0.0357527 0.0147217 -0.387094 Temp correction: 0 0 0 calibration temperature [degC]: 0.0
07-09 18:29:06.578 725 4221 I [CT] : Rectification
07-09 18:29:06.578 725 4221 I [CT] : 0.0012762 -0.998774 0.00364936
07-09 18:29:06.578 725 4221 I [CT] : -0.999076 -0.00133503 0.00399054
07-09 18:29:06.578 725 4221 I [CT] : -0.00222397 -0.00438947 -0.997365
07-09 18:29:06.578 725 4221 I [CT] :
07-09 18:29:06.578 725 4221 I [CT] : -------
07-09 18:29:06.578 725 4221 I [CT] : Gyro:
07-09 18:29:06.578 725 4221 I [CT] : Offset: 0.0228102 -0.0107912 -0.00302889
07-09 18:29:06.578 725 4221 I [CT] : Rectification
07-09 18:29:06.578 725 4221 I [CT] : 0.00225007 -0.999835 0.0041211
07-09 18:29:06.578 725 4221 I [CT] : -1.00034 -0.000422636 0.00530299
07-09 18:29:06.578 725 4221 I [CT] : -0.00211773 -0.00452467 -1.00309
07-09 18:29:06.578 725 4221 I [CT] :
07-09 18:29:06.578 725 4221 I [CT] : -------
07-09 18:29:06.578 725 4221 I [CT] : T_deviceFromImu
07-09 18:29:06.578 725 4221 I [CT] : 1 0 0 0.040475
07-09 18:29:06.578 725 4221 I [CT] : 0 1 0 -0.033575
07-09 18:29:06.578 725 4221 I [CT] : 0 0 1 -0.067834
07-09 18:29:06.578 725 4221 I [CT] : VisionInterface: Registering IMU factory cal.
07-09 18:29:06.578 725 4221 I [CT] : VisionInterface: registerImu FACTORY success.
07-09 18:29:06.578 725 4221 I [CT] : VisionInterface: Parsing imu cal.
07-09 18:29:06.578 725 4221 I [CT] : VIPER: Loading noise parameters for: PVT
07-09 18:29:06.578 725 4221 W [CT] : VIPER: Falling back to default noise parameters. [SensorModel: PVT]
07-09 18:29:06.578 725 4221 I [CT] : viper::viper::imu_types: Creating PiecewiseLinearTemperatureImuModel:
07-09 18:29:06.578 725 4221 I [CT] : -------
07-09 18:29:06.578 725 4221 I [CT] : Accel:
07-09 18:29:06.578 725 4221 I [CT] :
07-09 18:29:06.578 725 4221 I [CT] : Rectification
07-09 18:29:06.578 725 4221 I [CT] : 0.0012762 -0.998774 0.00364936
07-09 18:29:06.578 725 4221 I [CT] : -0.999076 -0.00133503 0.00399054
07-09 18:29:06.578 725 4221 I [CT] : -0.00222397 -0.00438947 -0.997365
07-09 18:29:06.578 725 4221 I [CT] : Number of TemperatureOffsetPairs: 31
07-09 18:29:06.578 725 4221 I [CT] : -------
07-09 18:29:06.578 725 4221 I [CT] : Gyro:
07-09 18:29:06.578 725 4221 I [CT] :
07-09 18:29:06.578 725 4221 I [CT] : Rectification
07-09 18:29:06.578 725 4221 I [CT] : 0.00225007 -0.999835 0.0041211
07-09 18:29:06.578 725 4221 I [CT] : -1.00034 -0.000422636 0.00530299
07-09 18:29:06.578 725 4221 I [CT] : -0.00211773 -0.00452467 -1.00309
07-09 18:29:06.578 725 4221 I [CT] : Number of TemperatureOffsetPairs: 31
07-09 18:29:06.578 725 4221 I [CT] : -------
07-09 18:29:06.578 725 4221 I [CT] : T_deviceFromImu
07-09 18:29:06.578 725 4221 I [CT] : 1 0 0 0.040475
07-09 18:29:06.578 725 4221 I [CT] : 0 1 0 -0.033575
07-09 18:29:06.578 725 4221 I [CT] : 0 0 1 -0.067834
07-09 18:29:06.578 725 4221 I [CT] : VisionInterface: Registering IMU Online cal.
07-09 18:29:06.578 725 4221 I [CT] : VisionInterface: registerImu ONLINE success.
07-09 18:29:06.578 725 4221 I [CT] : VisionInterface: Registering Magnetometer.
07-09 18:29:06.578 725 4221 I [CT] : Offset: 6.8817e-05 -5.6099e-05 7.4287e-05
07-09 18:29:06.578 725 4221 I [CT] : Rectification
07-09 18:29:06.578 725 4221 I [CT] : -0.996523 0.00858679 -0.0124861
07-09 18:29:06.578 725 4221 I [CT] : 0.00558385 -0.988587 -0.0178745
07-09 18:29:06.578 725 4221 I [CT] : -0.0153907 -0.019502 1.0238
07-09 18:29:06.580 725 4221 D Tracker/CoreOS: Post Processing Complete
07-09 18:29:06.580 725 4221 D Tracker/CoreOS: MontereyGlue: Releasing Post Processing Wakelock
07-09 18:29:06.582 725 4221 I [CT] : VisionInterface: Post-processing done.
07-09 18:29:08.362 4307 4307 D AndroidRuntime: >>>>>> START com.android.internal.os.RuntimeInit uid 2000 <<<<<<
07-09 18:29:08.367 4307 4307 D AndroidRuntime: CheckJNI is OFF
07-09 18:29:08.448 4307 4307 D ICU : No timezone override file found: /data/misc/zoneinfo/current/icu/icu_tzdata.dat
07-09 18:29:08.464 4307 4307 I Radio-JNI: register_android_hardware_Radio DONE
07-09 18:29:08.473 4307 4307 D AndroidRuntime: Calling main entry com.android.commands.pm.Pm
07-09 18:29:08.490 4307 4307 I art : System.exit called, status: 0
07-09 18:29:08.490 4307 4307 I AndroidRuntime: VM exiting with result code 0.
07-09 18:29:08.491 4307 4307 D OVRMrcLib: ovrVulkanLoader::Unload
07-09 18:29:12.031 1898 2681 I OVR : OVRPlatform saving push token credentials for userid 105336190730996
07-09 18:29:12.072 1898 2681 I OVRPlatform: [FBNSHandler] Push token received
07-09 18:29:13.361 4334 4334 D AndroidRuntime: >>>>>> START com.android.internal.os.RuntimeInit uid 2000 <<<<<<
07-09 18:29:13.369 4334 4334 D AndroidRuntime: CheckJNI is OFF
07-09 18:29:13.448 4334 4334 D ICU : No timezone override file found: /data/misc/zoneinfo/current/icu/icu_tzdata.dat
07-09 18:29:13.467 4334 4334 I Radio-JNI: register_android_hardware_Radio DONE
07-09 18:29:13.476 4334 4334 D AndroidRuntime: Calling main entry com.android.commands.pm.Pm
07-09 18:29:13.493 4334 4334 I art : System.exit called, status: 0
07-09 18:29:13.493 4334 4334 I AndroidRuntime: VM exiting with result code 0.
07-09 18:29:13.503 4334 4334 D OVRMrcLib: ovrVulkanLoader::Unload
07-09 18:29:13.503 4334 4343 W MessageQueue: Handler (android.os.Handler) {93e2407} sending message to a Handler on a dead thread
07-09 18:29:13.503 4334 4343 W MessageQueue: java.lang.IllegalStateException: Handler (android.os.Handler) {93e2407} sending message to a Handler on a dead thread
07-09 18:29:13.503 4334 4343 W MessageQueue: at android.os.MessageQueue.enqueueMessage(MessageQueue.java:543)
07-09 18:29:13.503 4334 4343 W MessageQueue: at android.os.Handler.enqueueMessage(Handler.java:643)
07-09 18:29:13.503 4334 4343 W MessageQueue: at android.os.Handler.sendMessageAtTime(Handler.java:612)
07-09 18:29:13.503 4334 4343 W MessageQueue: at android.os.Handler.sendMessageDelayed(Handler.java:582)
07-09 18:29:13.503 4334 4343 W MessageQueue: at android.os.Handler.post(Handler.java:338)
07-09 18:29:13.503 4334 4343 W MessageQueue: at android.os.ResultReceiver$MyResultReceiver.send(ResultReceiver.java:57)
07-09 18:29:13.503 4334 4343 W MessageQueue: at com.android.internal.os.IResultReceiver$Stub.onTransact(IResultReceiver.java:58)
07-09 18:29:13.503 4334 4343 W MessageQueue: at android.os.Binder.execTransact(Binder.java:606)
07-09 18:29:15.827 2392 2724 I OVR : OVRPlatform saving push token credentials for userid 105336190730996
07-09 18:29:15.875 2392 2724 I OVRPlatform: [FBNSHandler] Push token received
07-09 18:29:18.377 4361 4361 D AndroidRuntime: >>>>>> START com.android.internal.os.RuntimeInit uid 2000 <<<<<<
07-09 18:29:18.380 4361 4361 D AndroidRuntime: CheckJNI is OFF
07-09 18:29:18.468 4361 4361 D ICU : No timezone override file found: /data/misc/zoneinfo/current/icu/icu_tzdata.dat
07-09 18:29:18.487 4361 4361 I Radio-JNI: register_android_hardware_Radio DONE
07-09 18:29:18.496 4361 4361 D AndroidRuntime: Calling main entry com.android.commands.pm.Pm
07-09 18:29:18.512 4361 4370 W MessageQueue: Handler (android.os.Handler) {3648d38} sending message to a Handler on a dead thread
07-09 18:29:18.512 4361 4370 W MessageQueue: java.lang.IllegalStateException: Handler (android.os.Handler) {3648d38} sending message to a Handler on a dead thread
07-09 18:29:18.512 4361 4370 W MessageQueue: at android.os.MessageQueue.enqueueMessage(MessageQueue.java:543)
07-09 18:29:18.512 4361 4370 W MessageQueue: at android.os.Handler.enqueueMessage(Handler.java:643)
07-09 18:29:18.512 4361 4370 W MessageQueue: at android.os.Handler.sendMessageAtTime(Handler.java:612)
07-09 18:29:18.512 4361 4370 W MessageQueue: at android.os.Handler.sendMessageDelayed(Handler.java:582)
07-09 18:29:18.512 4361 4370 W MessageQueue: at android.os.Handler.post(Handler.java:338)
07-09 18:29:18.512 4361 4370 W MessageQueue: at android.os.ResultReceiver$MyResultReceiver.send(ResultReceiver.java:57)
07-09 18:29:18.512 4361 4370 W MessageQueue: at com.android.internal.os.IResultReceiver$Stub.onTransact(IResultReceiver.java:58)
07-09 18:29:18.512 4361 4370 W MessageQueue: at android.os.Binder.execTransact(Binder.java:606)
07-09 18:29:18.513 4361 4361 I art : System.exit called, status: 0
07-09 18:29:18.513 4361 4361 I AndroidRuntime: VM exiting with result code 0.
07-09 18:29:18.513 4361 4361 D OVRMrcLib: ovrVulkanLoader::Unload
07-09 18:29:23.376 4387 4387 D AndroidRuntime: >>>>>> START com.android.internal.os.RuntimeInit uid 2000 <<<<<<
07-09 18:29:23.379 4387 4387 D AndroidRuntime: CheckJNI is OFF
07-09 18:29:23.463 4387 4387 D ICU : No timezone override file found: /data/misc/zoneinfo/current/icu/icu_tzdata.dat
07-09 18:29:23.486 4387 4387 I Radio-JNI: register_android_hardware_Radio DONE
07-09 18:29:23.497 4387 4387 D AndroidRuntime: Calling main entry com.android.commands.pm.Pm
07-09 18:29:23.513 4387 4387 I art : System.exit called, status: 0
07-09 18:29:23.513 4387 4387 I AndroidRuntime: VM exiting with result code 0.
07-09 18:29:23.513 4387 4387 D OVRMrcLib: ovrVulkanLoader::Unload
07-09 18:29:28.394 4413 4413 D AndroidRuntime: >>>>>> START com.android.internal.os.RuntimeInit uid 2000 <<<<<<
07-09 18:29:28.396 4413 4413 D AndroidRuntime: CheckJNI is OFF
07-09 18:29:28.489 4413 4413 D ICU : No timezone override file found: /data/misc/zoneinfo/current/icu/icu_tzdata.dat
07-09 18:29:28.513 4413 4413 I Radio-JNI: register_android_hardware_Radio DONE
07-09 18:29:28.524 4413 4413 D AndroidRuntime: Calling main entry com.android.commands.pm.Pm
07-09 18:29:28.538 4413 4413 I art : System.exit called, status: 0
07-09 18:29:28.538 4413 4413 I AndroidRuntime: VM exiting with result code 0.
07-09 18:29:28.539 4413 4413 D OVRMrcLib: ovrVulkanLoader::Unload
07-09 18:29:33.405 4439 4439 D AndroidRuntime: >>>>>> START com.android.internal.os.RuntimeInit uid 2000 <<<<<<
07-09 18:29:33.410 4439 4439 D AndroidRuntime: CheckJNI is OFF
07-09 18:29:33.500 4439 4439 D ICU : No timezone override file found: /data/misc/zoneinfo/current/icu/icu_tzdata.dat
