07-06 17:36:50.810 14434 14434 D AndroidRuntime: CheckJNI is OFF
07-06 17:36:50.893 14434 14434 D ICU : No timezone override file found: /data/misc/zoneinfo/current/icu/icu_tzdata.dat
07-06 17:36:50.914 14434 14434 I Radio-JNI: register_android_hardware_Radio DONE
07-06 17:36:50.924 14434 14434 D AndroidRuntime: Calling main entry com.android.commands.pm.Pm
07-06 17:36:50.937 14434 14434 I art : System.exit called, status: 0
07-06 17:36:50.937 14434 14434 I AndroidRuntime: VM exiting with result code 0.
07-06 17:36:50.937 14434 14434 D OVRMrcLib: ovrVulkanLoader::Unload
07-06 17:36:54.828 2396 2764 I OVR : OVRPlatform saving push token credentials for userid 105336190730996
07-06 17:36:54.867 2396 2764 I OVRPlatform: [FBNSHandler] Push token received
07-06 17:36:55.812 14461 14461 D AndroidRuntime: >>>>>> START com.android.internal.os.RuntimeInit uid 2000 <<<<<<
07-06 17:36:55.817 14461 14461 D AndroidRuntime: CheckJNI is OFF
07-06 17:36:55.896 14461 14461 D ICU : No timezone override file found: /data/misc/zoneinfo/current/icu/icu_tzdata.dat
07-06 17:36:55.918 14461 14461 I Radio-JNI: register_android_hardware_Radio DONE
07-06 17:36:55.928 14461 14461 D AndroidRuntime: Calling main entry com.android.commands.pm.Pm
07-06 17:36:55.939 14461 14461 I art : System.exit called, status: 0
07-06 17:36:55.939 14461 14461 I AndroidRuntime: VM exiting with result code 0.
07-06 17:36:55.939 14461 14461 D OVRMrcLib: ovrVulkanLoader::Unload
07-06 17:36:56.295 724 1397 I [CT] : VIPER: Number of feature matches: 1386
07-06 17:36:56.296 724 1397 I [CT] : VIPER: Keep 260 unique matched points
07-06 17:36:56.988 724 1397 I [CT] : VIPER: Ransac transformation estimation summary:
07-06 17:36:56.988 724 1397 I [CT] : Number of inliers: 12
07-06 17:36:56.988 724 1397 I [CT] : Number of iterations: 46838
07-06 17:36:56.989 724 1397 I [CT] : VIPER: Initial transformation:
07-06 17:36:56.989 724 1397 I [CT] : -0.335557 0.772837 -0.538632 0.0455511
07-06 17:36:56.989 724 1397 I [CT] : 0.662923 0.599967 0.447853 -0.161326
07-06 17:36:56.989 724 1397 I [CT] : 0.669279 -0.206791 -0.713655 0.828622
07-06 17:36:56.989 724 1397 I [CT] : VIPER: Refinement using ICP.
07-06 17:36:57.008 724 1397 I [CT] : VIPER: Refinement summary:
07-06 17:36:57.008 724 1397 I [CT] : Number of inliers: 264
07-06 17:36:57.008 724 1397 I [CT] : Average squared error: 0.08317457954600732
07-06 17:36:57.008 724 1397 I [CT] : VIPER: Refined transformation:
07-06 17:36:57.008 724 1397 I [CT] : -0.616574 0.572195 -0.540768 -0.936285
07-06 17:36:57.008 724 1397 I [CT] : 0.494008 0.816001 0.300164 0.190136
07-06 17:36:57.008 724 1397 I [CT] : 0.613019 -0.0820702 -0.785794 0.707647
07-06 17:36:57.008 724 1397 I [CT] : VIPER: Candidate passed alignment? : false
07-06 17:36:57.008 724 1397 I [CT] : VIPER: Find valid candidates Done.
07-06 17:36:57.008 724 1397 I [CT] : VIPER: There are 211 keyframes in the merged map.
07-06 17:36:57.008 724 1397 I [CT] : VIPER: There are 776 points in the merged map.
07-06 17:36:57.008 724 1397 I [CT] : VIPER: Map alignment costs 9525.015625 ms.
07-06 17:36:57.008 724 1397 I [CT] : VIPER: Map merging costs 0.0 ms.
07-06 17:36:57.008 724 1397 I [CT] : VIPER: Global BA costs 0.0 ms.
07-06 17:36:57.008 724 1397 I [CT] : VIPER: Reprojection error: 0.0.
07-06 17:36:57.008 724 1397 I [CT] : VIPER: Total Time 9.525015625 s.
07-06 17:36:57.009 724 1397 I [CT] : VIPER: Merge maps Done.
07-06 17:36:57.246 724 1397 I [CT] : VIPER:STRUCTURERELOCALIZER: Feature clustering eliminated 479 features in 235.704479 ms
07-06 17:36:57.246 724 1397 I [CT] : VisionInterface: Map has been found, global bundle adjust will occur after calibration.
07-06 17:36:57.246 724 1397 I [CT] : VisionInterface: Starting online calibration post-processing.
07-06 17:36:57.246 724 1397 D Tracker/CoreOS: MontereyGlue: Transition complete STANDBY->SLEEP
07-06 17:36:57.246 724 1397 D Tracker/CoreOS: MontereyGlue: Releasing MontereyGlue WakeLock
07-06 17:36:57.248 724 14484 I [CT] : InsideOutTracking:PostProcessor: Starting bundle adjustment...
07-06 17:36:57.249 724 14483 I [CT] : VIPER:OCAL: OnlineCalibrationManager: Activate pushMeasurements and start workers for targets.
07-06 17:36:57.249 724 14483 I [CT] : VIPER:OCAL: Worker: Spawned thread!
07-06 17:36:57.250 724 14485 I [CT] : VIPER:OCAL: Setting online calibration worker thread priorities.
07-06 17:36:57.250 724 14485 I [CT] : VIPER:OCAL: Estimating a new VI extrinsics/intrinsics calibration...
07-06 17:36:57.299 724 14484 I [CT] : VIPER: GLOBAL: 50.4 ms - Num Iterations: 4
07-06 17:37:00.608 1846 2578 I OVR : OVRPlatform saving push token credentials for userid 105336190730996
07-06 17:37:00.654 1846 2578 I OVRPlatform: [FBNSHandler] Push token received
07-06 17:37:00.802 14491 14491 D AndroidRuntime: >>>>>> START com.android.internal.os.RuntimeInit uid 2000 <<<<<<
07-06 17:37:00.804 14491 14491 D AndroidRuntime: CheckJNI is OFF
07-06 17:37:00.884 14491 14491 D ICU : No timezone override file found: /data/misc/zoneinfo/current/icu/icu_tzdata.dat
07-06 17:37:00.901 14491 14491 I Radio-JNI: register_android_hardware_Radio DONE
07-06 17:37:00.909 14491 14491 D AndroidRuntime: Calling main entry com.android.commands.pm.Pm
07-06 17:37:00.925 14491 14491 I art : System.exit called, status: 0
07-06 17:37:00.925 14491 14491 I AndroidRuntime: VM exiting with result code 0.
07-06 17:37:00.925 14491 14491 D OVRMrcLib: ovrVulkanLoader::Unload
07-06 17:37:05.805 14517 14517 D AndroidRuntime: >>>>>> START com.android.internal.os.RuntimeInit uid 2000 <<<<<<
07-06 17:37:05.808 14517 14517 D AndroidRuntime: CheckJNI is OFF
07-06 17:37:05.900 14517 14517 D ICU : No timezone override file found: /data/misc/zoneinfo/current/icu/icu_tzdata.dat
07-06 17:37:05.919 14517 14517 I Radio-JNI: register_android_hardware_Radio DONE
07-06 17:37:05.928 14517 14517 D AndroidRuntime: Calling main entry com.android.commands.pm.Pm
07-06 17:37:05.941 14517 14517 I art : System.exit called, status: 0
07-06 17:37:05.941 14517 14517 I AndroidRuntime: VM exiting with result code 0.
07-06 17:37:05.941 14517 14517 D OVRMrcLib: ovrVulkanLoader::Unload
07-06 17:37:08.888 724 14485 I [CT] : VIPER: Stereo overlap between cameras 2 and 0
07-06 17:37:10.811 14543 14543 D AndroidRuntime: >>>>>> START com.android.internal.os.RuntimeInit uid 2000 <<<<<<
07-06 17:37:10.813 14543 14543 D AndroidRuntime: CheckJNI is OFF
07-06 17:37:10.901 14543 14543 D ICU : No timezone override file found: /data/misc/zoneinfo/current/icu/icu_tzdata.dat
07-06 17:37:10.917 14543 14543 I Radio-JNI: register_android_hardware_Radio DONE
07-06 17:37:10.925 14543 14543 D AndroidRuntime: Calling main entry com.android.commands.pm.Pm
07-06 17:37:10.939 14543 14543 I art : System.exit called, status: 0
07-06 17:37:10.939 14543 14543 I AndroidRuntime: VM exiting with result code 0.
07-06 17:37:10.939 14543 14543 D OVRMrcLib: ovrVulkanLoader::Unload
07-06 17:37:12.163 2396 2764 I OVR : OVRPlatform saving push token credentials for userid 105336190730996
07-06 17:37:12.204 2396 2764 I OVRPlatform: [FBNSHandler] Push token received
07-06 17:37:13.388 724 14485 I [CT] : VIPER:OCAL: New calibration rejected, keeping previous calibration.
07-06 17:37:13.388 724 14485 I [CT] : VIPER:OCAL: Estimation took 16.14 sec and allocated 65.46 MB. Memory used for: Problem Data 4.30 MB, Variable Storage 0.17 MB, Cost Storage 12.97 MB, Solve 19.23 MB, Covariance 0.00 MB
07-06 17:37:13.388 724 14485 I [CT] : VIPER:OCAL: Difference for cam 0: Intrinsics: 0.0004 0.0528 -0.0403; Extrinsics: 0.0196 deg
07-06 17:37:13.388 724 14485 I [CT] : VIPER:OCAL: Difference for cam 1: Intrinsics: -0.0140 -0.0218 0.0388; Extrinsics: 0.0128 deg
07-06 17:37:13.388 724 14485 I [CT] : VIPER:OCAL: Difference for cam 2: Intrinsics: -0.0046 0.0342 -0.0060; Extrinsics: 0.0129 deg
07-06 17:37:13.389 724 14485 I [CT] : VIPER:OCAL: Difference for cam 3: Intrinsics: -0.0023 -0.0170 -0.0048; Extrinsics: 0.0027 deg
07-06 17:37:13.389 724 14485 I [CT] : VIPER:OCAL:ImuTemperatureBiasTarget: Estimating a new IMU online temperature calibration...
07-06 17:37:13.389 724 14483 I [CT] : VIPER:OCAL: OnlineCalibrationManager: Deactivate pushMeasurements and stop workers for targets.
07-06 17:37:13.389 724 14483 E [CT] : VIPER:OCAL: Timestamps going backwards in serialization code!
07-06 17:37:13.389 724 14483 I [CT] : InsideOutTracking:PostProcessor: Calibration estimation in post-processing successful! Estimation took 16.139856817 seconds.
07-06 17:37:13.390 724 14483 I [CT] : VIPER:OCAL: Rejecting camera calibration version 20 and reverting to passed calibrations.
07-06 17:37:13.390 724 14483 I [CT] : VIPER: Stereo overlap between cameras 2 and 0
07-06 17:37:13.400 724 14483 I [CT] : VisionInterface: Registering Camera. Online Estimated Calibration!
07-06 17:37:13.400 724 14483 I [CT] : -------
07-06 17:37:13.400 724 14483 I [CT] : Parameters: 191.308
07-06 17:37:13.400 724 14483 I [CT] : 315.084
07-06 17:37:13.400 724 14483 I [CT] : 237.983
07-06 17:37:13.400 724 14483 I [CT] : 0.280149
07-06 17:37:13.400 724 14483 I [CT] : 0.0530577
07-06 17:37:13.400 724 14483 I [CT] : -0.248759
07-06 17:37:13.400 724 14483 I [CT] : 0.190786
07-06 17:37:13.400 724 14483 I [CT] : -0.0685915
07-06 17:37:13.400 724 14483 I [CT] : 0.0103052
07-06 17:37:13.400 724 14483 I [CT] : 0.000121503
07-06 17:37:13.400 724 14483 I [CT] : -0.000886102
07-06 17:37:13.400 724 14483 I [CT] : T_cameraFromDevice
07-06 17:37:13.400 724 14483 I [CT] : -0.00393272 0.763623 -0.645651 -0.0154294
07-06 17:37:13.400 724 14483 I [CT] : 0.984562 -0.11003 -0.136131 0.0417643
07-06 17:37:13.400 724 14483 I [CT] : -0.174993 -0.636218 -0.751401 -0.0878162
07-06 17:37:13.400 724 14483 I [CT] : VisionInterface: Registering Camera. Online Estimated Calibration!
07-06 17:37:13.400 724 14483 I [CT] : -------
07-06 17:37:13.400 724 14483 I [CT] : Parameters: 191.488
07-06 17:37:13.400 724 14483 I [CT] : 329.377
07-06 17:37:13.400 724 14483 I [CT] : 242.078
07-06 17:37:13.400 724 14483 I [CT] : 0.294019
07-06 17:37:13.400 724 14483 I [CT] : -0.00498945
07-06 17:37:13.400 724 14483 I [CT] : -0.132462
07-06 17:37:13.400 724 14483 I [CT] : 0.076035
07-06 17:37:13.400 724 14483 I [CT] : -0.0138159
07-06 17:37:13.400 724 14483 I [CT] : 0.000196703
07-06 17:37:13.400 724 14483 I [CT] : -9.27048e-05
07-06 17:37:13.400 724 14483 I [CT] : -0.000542482
07-06 17:37:13.400 724 14483 I [CT] : T_cameraFromDevice
07-06 17:37:13.400 724 14483 I [CT] : 0.74077 0.459884 -0.48966 0.00706021
07-06 17:37:13.400 724 14483 I [CT] : 0.129807 -0.813179 -0.567353 -0.00312128
07-06 17:37:13.400 724 14483 I [CT] : -0.659098 0.356717 -0.662075 -0.106934
07-06 17:37:13.400 724 14483 I [CT] : VisionInterface: Registering Camera. Online Estimated Calibration!
07-06 17:37:13.400 724 14483 I [CT] : -------
07-06 17:37:13.400 724 14483 I [CT] : Parameters: 190.782
07-06 17:37:13.400 724 14483 I [CT] : 313.373
07-06 17:37:13.400 724 14483 I [CT] : 236.468
07-06 17:37:13.400 724 14483 I [CT] : 0.282185
07-06 17:37:13.400 724 14483 I [CT] : 0.0468307
07-06 17:37:13.400 724 14483 I [CT] : -0.244949
07-06 17:37:13.400 724 14483 I [CT] : 0.191268
07-06 17:37:13.400 724 14483 I [CT] : -0.069553
07-06 17:37:13.400 724 14483 I [CT] : 0.010518
07-06 17:37:13.400 724 14483 I [CT] : 0.000730816
07-06 17:37:13.400 724 14483 I [CT] : -0.000794633
07-06 17:37:13.400 724 14483 I [CT] : T_cameraFromDevice
07-06 17:37:13.400 724 14483 I [CT] : -0.00708276 0.764275 -0.644851 -0.0154304
07-06 17:37:13.400 724 14483 I [CT] : 0.98466 0.117761 0.128755 -0.0409701
07-06 17:37:13.400 724 14483 I [CT] : 0.174342 -0.634047 -0.753385 -0.0877794
07-06 17:37:13.400 724 14483 I [CT] : VisionInterface: Registering Camera. Online Estimated Calibration!
07-06 17:37:13.400 724 14483 I [CT] : -------
07-06 17:37:13.400 724 14483 I [CT] : Parameters: 190.98
07-06 17:37:13.400 724 14483 I [CT] : 310.668
07-06 17:37:13.400 724 14483 I [CT] : 236.708
07-06 17:37:13.400 724 14483 I [CT] : 0.294879
07-06 17:37:13.400 724 14483 I [CT] : -0.00710354
07-06 17:37:13.400 724 14483 I [CT] : -0.132433
07-06 17:37:13.400 724 14483 I [CT] : 0.0776435
07-06 17:37:13.400 724 14483 I [CT] : -0.014595
07-06 17:37:13.400 724 14483 I [CT] : 0.00027483
07-06 17:37:13.400 724 14483 I [CT] : -2.83325e-05
07-06 17:37:13.400 724 14483 I [CT] : -0.000632387
07-06 17:37:13.400 724 14483 I [CT] : T_cameraFromDevice
07-06 17:37:13.400 724 14483 I [CT] : -0.745034 0.454599 -0.488123 0.00676796
07-06 17:37:13.400 724 14483 I [CT] : 0.128387 0.815839 0.563847 0.00330434
07-06 17:37:13.400 724 14483 I [CT] : 0.654554 0.357417 -0.666192 -0.106871
07-06 17:37:13.400 724 14483 I [CT] : VIPER: Stereo overlap between cameras 2 and 0
07-06 17:37:13.403 724 14483 I [CT] : VIPER: Stereo overlap between cameras 2 and 0
07-06 17:37:13.404 724 14483 I [CT] : VisionInterface: Parsing imu cal.
07-06 17:37:13.404 724 14483 I [CT] : VIPER: Loading noise parameters for: PVT
07-06 17:37:13.404 724 14483 W [CT] : VIPER: Falling back to default noise parameters. [SensorModel: PVT]
07-06 17:37:13.404 724 14483 I [CT] : viper::viper::imu_types: Creating ScaleMisalignedImuModel:
07-06 17:37:13.404 724 14483 I [CT] : -------
07-06 17:37:13.404 724 14483 I [CT] : Accel:
07-06 17:37:13.404 724 14483 I [CT] : Offset: -0.0357527 0.0147217 -0.387094 Temp correction: 0 0 0 calibration temperature [degC]: 0.0
07-06 17:37:13.404 724 14483 I [CT] : Rectification
07-06 17:37:13.404 724 14483 I [CT] : 0.0012762 -0.998774 0.00364936
07-06 17:37:13.404 724 14483 I [CT] : -0.999076 -0.00133503 0.00399054
07-06 17:37:13.404 724 14483 I [CT] : -0.00222397 -0.00438947 -0.997365
07-06 17:37:13.404 724 14483 I [CT] :
07-06 17:37:13.404 724 14483 I [CT] : -------
07-06 17:37:13.404 724 14483 I [CT] : Gyro:
07-06 17:37:13.404 724 14483 I [CT] : Offset: 0.0228102 -0.0107912 -0.00302889
07-06 17:37:13.404 724 14483 I [CT] : Rectification
07-06 17:37:13.404 724 14483 I [CT] : 0.00225007 -0.999835 0.0041211
07-06 17:37:13.404 724 14483 I [CT] : -1.00034 -0.000422636 0.00530299
07-06 17:37:13.404 724 14483 I [CT] : -0.00211773 -0.00452467 -1.00309
07-06 17:37:13.404 724 14483 I [CT] :
07-06 17:37:13.404 724 14483 I [CT] : -------
07-06 17:37:13.404 724 14483 I [CT] : T_deviceFromImu
07-06 17:37:13.404 724 14483 I [CT] : 1 0 0 0.040475
07-06 17:37:13.404 724 14483 I [CT] : 0 1 0 -0.033575
07-06 17:37:13.404 724 14483 I [CT] : 0 0 1 -0.067834
07-06 17:37:13.404 724 14483 I [CT] : VisionInterface: Registering IMU factory cal.
07-06 17:37:13.404 724 14483 I [CT] : VisionInterface: registerImu FACTORY success.
07-06 17:37:13.405 724 14483 I [CT] : VisionInterface: Parsing imu cal.
07-06 17:37:13.405 724 14483 I [CT] : VIPER: Loading noise parameters for: PVT
07-06 17:37:13.405 724 14483 W [CT] : VIPER: Falling back to default noise parameters. [SensorModel: PVT]
07-06 17:37:13.405 724 14483 I [CT] : viper::viper::imu_types: Creating PiecewiseLinearTemperatureImuModel:
07-06 17:37:13.405 724 14483 I [CT] : -------
07-06 17:37:13.405 724 14483 I [CT] : Accel:
07-06 17:37:13.405 724 14483 I [CT] :
07-06 17:37:13.405 724 14483 I [CT] : Rectification
07-06 17:37:13.405 724 14483 I [CT] : 0.0012762 -0.998774 0.00364936
07-06 17:37:13.405 724 14483 I [CT] : -0.999076 -0.00133503 0.00399054
07-06 17:37:13.405 724 14483 I [CT] : -0.00222397 -0.00438947 -0.997365
07-06 17:37:13.405 724 14483 I [CT] : Number of TemperatureOffsetPairs: 31
07-06 17:37:13.405 724 14483 I [CT] : -------
07-06 17:37:13.405 724 14483 I [CT] : Gyro:
07-06 17:37:13.405 724 14483 I [CT] :
07-06 17:37:13.405 724 14483 I [CT] : Rectification
07-06 17:37:13.405 724 14483 I [CT] : 0.00225007 -0.999835 0.0041211
07-06 17:37:13.405 724 14483 I [CT] : -1.00034 -0.000422636 0.00530299
07-06 17:37:13.405 724 14483 I [CT] : -0.00211773 -0.00452467 -1.00309
07-06 17:37:13.405 724 14483 I [CT] : Number of TemperatureOffsetPairs: 31
07-06 17:37:13.405 724 14483 I [CT] : -------
07-06 17:37:13.405 724 14483 I [CT] : T_deviceFromImu
07-06 17:37:13.405 724 14483 I [CT] : 1 0 0 0.040475
07-06 17:37:13.405 724 14483 I [CT] : 0 1 0 -0.033575
07-06 17:37:13.405 724 14483 I [CT] : 0 0 1 -0.067834
07-06 17:37:13.405 724 14483 I [CT] : VisionInterface: Registering IMU Online cal.
07-06 17:37:13.405 724 14483 I [CT] : VisionInterface: registerImu ONLINE success.
07-06 17:37:13.405 724 14483 I [CT] : VisionInterface: Registering Magnetometer.
07-06 17:37:13.405 724 14483 I [CT] : Offset: 6.8817e-05 -5.6099e-05 7.4287e-05
07-06 17:37:13.405 724 14483 I [CT] : Rectification
07-06 17:37:13.405 724 14483 I [CT] : -0.996523 0.00858679 -0.0124861
07-06 17:37:13.405 724 14483 I [CT] : 0.00558385 -0.988587 -0.0178745
07-06 17:37:13.405 724 14483 I [CT] : -0.0153907 -0.019502 1.0238
07-06 17:37:13.406 724 14483 D Tracker/CoreOS: Post Processing Complete
07-06 17:37:13.406 724 14483 D Tracker/CoreOS: MontereyGlue: Releasing Post Processing Wakelock
07-06 17:37:13.407 724 14483 I [CT] : VisionInterface: Post-processing done.
07-06 17:37:15.829 14570 14570 D AndroidRuntime: >>>>>> START com.android.internal.os.RuntimeInit uid 2000 <<<<<<
07-06 17:37:15.832 14570 14570 D AndroidRuntime: CheckJNI is OFF
07-06 17:37:15.908 14570 14570 D ICU : No timezone override file found: /data/misc/zoneinfo/current/icu/icu_tzdata.dat
07-06 17:37:15.929 14570 14570 I Radio-JNI: register_android_hardware_Radio DONE
07-06 17:37:15.938 14570 14570 D AndroidRuntime: Calling main entry com.android.commands.pm.Pm
07-06 17:37:15.955 14570 14570 I art : System.exit called, status: 0
07-06 17:37:15.955 14570 14570 I AndroidRuntime: VM exiting with result code 0.
07-06 17:37:15.958 14570 14570 D OVRMrcLib: ovrVulkanLoader::Unload
07-06 17:37:15.958 14570 14579 W MessageQueue: Handler (android.os.Handler) {ab0a91} sending message to a Handler on a dead thread
07-06 17:37:15.958 14570 14579 W MessageQueue: java.lang.IllegalStateException: Handler (android.os.Handler) {ab0a91} sending message to a Handler on a dead thread
07-06 17:37:15.958 14570 14579 W MessageQueue: at android.os.MessageQueue.enqueueMessage(MessageQueue.java:543)
07-06 17:37:15.958 14570 14579 W MessageQueue: at android.os.Handler.enqueueMessage(Handler.java:643)
07-06 17:37:15.958 14570 14579 W MessageQueue: at android.os.Handler.sendMessageAtTime(Handler.java:612)
07-06 17:37:15.958 14570 14579 W MessageQueue: at android.os.Handler.sendMessageDelayed(Handler.java:582)
07-06 17:37:15.958 14570 14579 W MessageQueue: at android.os.Handler.post(Handler.java:338)
07-06 17:37:15.958 14570 14579 W MessageQueue: at android.os.ResultReceiver$MyResultReceiver.send(ResultReceiver.java:57)
07-06 17:37:15.958 14570 14579 W MessageQueue: at com.android.internal.os.IResultReceiver$Stub.onTransact(IResultReceiver.java:58)
07-06 17:37:15.958 14570 14579 W MessageQueue: at android.os.Binder.execTransact(Binder.java:606)
07-06 17:37:20.828 14596 14596 D AndroidRuntime: >>>>>> START com.android.internal.os.RuntimeInit uid 2000 <<<<<<
07-06 17:37:20.831 14596 14596 D AndroidRuntime: CheckJNI is OFF
07-06 17:37:20.914 14596 14596 D ICU : No timezone override file found: /data/misc/zoneinfo/current/icu/icu_tzdata.dat
07-06 17:37:20.934 14596 14596 I Radio-JNI: register_android_hardware_Radio DONE
07-06 17:37:20.943 14596 14596 D AndroidRuntime: Calling main entry com.android.commands.pm.Pm
07-06 17:37:20.961 14596 14596 I art : System.exit called, status: 0
07-06 17:37:20.961 14596 14596 I AndroidRuntime: VM exiting with result code 0.
07-06 17:37:20.961 14596 14596 D OVRMrcLib: ovrVulkanLoader::Unload
07-06 17:37:25.836 14623 14623 D AndroidRuntime: >>>>>> START com.android.internal.os.RuntimeInit uid 2000 <<<<<<
07-06 17:37:25.839 14623 14623 D AndroidRuntime: CheckJNI is OFF
07-06 17:37:25.924 14623 14623 D ICU : No timezone override file found: /data/misc/zoneinfo/current/icu/icu_tzdata.dat
07-06 17:37:25.944 14623 14623 I Radio-JNI: register_android_hardware_Radio DONE
07-06 17:37:25.954 14623 14623 D AndroidRuntime: Calling main entry com.android.commands.pm.Pm
07-06 17:37:25.967 14623 14623 I art : System.exit called, status: 0
07-06 17:37:25.967 14623 14623 I AndroidRuntime: VM exiting with result code 0.
07-06 17:37:25.967 14623 14632 W MessageQueue: Handler (android.os.Handler) {4f7dcf3} sending message to a Handler on a dead thread
07-06 17:37:25.967 14623 14632 W MessageQueue: java.lang.IllegalStateException: Handler (android.os.Handler) {4f7dcf3} sending message to a Handler on a dead thread
07-06 17:37:25.967 14623 14632 W MessageQueue: at android.os.MessageQueue.enqueueMessage(MessageQueue.java:543)
07-06 17:37:25.967 14623 14632 W MessageQueue: at android.os.Handler.enqueueMessage(Handler.java:643)
07-06 17:37:25.967 14623 14632 W MessageQueue: at android.os.Handler.sendMessageAtTime(Handler.java:612)
07-06 17:37:25.967 14623 14632 W MessageQueue: at android.os.Handler.sendMessageDelayed(Handler.java:582)
07-06 17:37:25.967 14623 14632 W MessageQueue: at android.os.Handler.post(Handler.java:338)
07-06 17:37:25.967 14623 14632 W MessageQueue: at android.os.ResultReceiver$MyResultReceiver.send(ResultReceiver.java:57)
07-06 17:37:25.967 14623 14632 W MessageQueue: at com.android.internal.os.IResultReceiver$Stub.onTransact(IResultReceiver.java:58)
07-06 17:37:25.967 14623 14632 W MessageQueue: at android.os.Binder.execTransact(Binder.java:606)
07-06 17:37:25.967 14623 14623 D OVRMrcLib: ovrVulkanLoader::Unload
07-06 17:37:30.838 14649 14649 D AndroidRuntime: >>>>>> START com.android.internal.os.RuntimeInit uid 2000 <<<<<<
07-06 17:37:30.844 14649 14649 D AndroidRuntime: CheckJNI is OFF
07-06 17:37:30.924 14649 14649 D ICU : No timezone override file found: /data/misc/zoneinfo/current/icu/icu_tzdata.dat
07-06 17:37:30.943 14649 14649 I Radio-JNI: register_android_hardware_Radio DONE
07-06 17:37:30.953 14649 14649 D AndroidRuntime: Calling main entry com.android.commands.pm.Pm
07-06 17:37:30.966 14649 14649 I art : System.exit called, status: 0
07-06 17:37:30.966 14649 14649 I AndroidRuntime: VM exiting with result code 0.
07-06 17:37:30.966 14649 14658 W MessageQueue: Handler (android.os.Handler) {f1e4624} sending message to a Handler on a dead thread
07-06 17:37:30.966 14649 14658 W MessageQueue: java.lang.IllegalStateException: Handler (android.os.Handler) {f1e4624} sending message to a Handler on a dead thread
07-06 17:37:30.966 14649 14658 W MessageQueue: at android.os.MessageQueue.enqueueMessage(MessageQueue.java:543)
07-06 17:37:30.966 14649 14658 W MessageQueue: at android.os.Handler.enqueueMessage(Handler.java:643)
07-06 17:37:30.966 14649 14658 W MessageQueue: at android.os.Handler.sendMessageAtTime(Handler.java:612)
07-06 17:37:30.966 14649 14658 W MessageQueue: at android.os.Handler.sendMessageDelayed(Handler.java:582)
07-06 17:37:30.966 14649 14658 W MessageQueue: at android.os.Handler.post(Handler.java:338)
07-06 17:37:30.966 14649 14658 W MessageQueue: at android.os.ResultReceiver$MyResultReceiver.send(ResultReceiver.java:57)
07-06 17:37:30.966 14649 14658 W MessageQueue: at com.android.internal.os.IResultReceiver$Stub.onTransact(IResultReceiver.java:58)
07-06 17:37:30.966 14649 14658 W MessageQueue: at android.os.Binder.execTransact(Binder.java:606)
07-06 17:37:30.966 14649 14649 D OVRMrcLib: ovrVulkanLoader::Unload
07-06 17:37:31.981 1846 2578 I OVR : OVRPlatform saving push token credentials for userid 105336190730996
07-06 17:37:32.031 1846 2578 I OVRPlatform: [FBNSHandler] Push token received
07-06 17:37:35.839 14676 14676 D AndroidRuntime: >>>>>> START com.android.internal.os.RuntimeInit uid 2000 <<<<<<
07-06 17:37:35.846 14676 14676 D AndroidRuntime: CheckJNI is OFF
07-06 17:37:35.925 14676 14676 D ICU : No timezone override file found: /data/misc/zoneinfo/current/icu/icu_tzdata.dat
07-06 17:37:35.946 14676 14676 I Radio-JNI: register_android_hardware_Radio DONE
07-06 17:37:35.955 14676 14676 D AndroidRuntime: Calling main entry com.android.commands.pm.Pm
07-06 17:37:35.981 14676 14676 I art : System.exit called, status: 0
07-06 17:37:35.981 14676 14676 I AndroidRuntime: VM exiting with result code 0.
07-06 17:37:35.981 14676 14676 D OVRMrcLib: ovrVulkanLoader::Unload
07-06 17:37:40.838 14702 14702 D AndroidRuntime: >>>>>> START com.android.internal.os.RuntimeInit uid 2000 <<<<<<
07-06 17:37:40.842 14702 14702 D AndroidRuntime: CheckJNI is OFF
07-06 17:37:40.925 14702 14702 D ICU : No timezone override file found: /data/misc/zoneinfo/current/icu/icu_tzdata.dat
07-06 17:37:40.943 14702 14702 I Radio-JNI: register_android_hardware_Radio DONE
07-06 17:37:40.952 14702 14702 D AndroidRuntime: Calling main entry com.android.commands.pm.Pm
07-06 17:37:40.964 14702 14711 W MessageQueue: Handler (android.os.Handler) {36b1886} sending message to a Handler on a dead thread
07-06 17:37:40.964 14702 14711 W MessageQueue: java.lang.IllegalStateException: Handler (android.os.Handler) {36b1886} sending message to a Handler on a dead thread
07-06 17:37:40.964 14702 14711 W MessageQueue: at android.os.MessageQueue.enqueueMessage(MessageQueue.java:543)
07-06 17:37:40.964 14702 14711 W MessageQueue: at android.os.Handler.enqueueMessage(Handler.java:643)
07-06 17:37:40.964 14702 14711 W MessageQueue: at android.os.Handler.sendMessageAtTime(Handler.java:612)
07-06 17:37:40.964 14702 14711 W MessageQueue: at android.os.Handler.sendMessageDelayed(Handler.java:582)
07-06 17:37:40.964 14702 14711 W MessageQueue: at android.os.Handler.post(Handler.java:338)
07-06 17:37:40.964 14702 14711 W MessageQueue: at android.os.ResultReceiver$MyResultReceiver.send(ResultReceiver.java:57)
07-06 17:37:40.964 14702 14711 W MessageQueue: at com.android.internal.os.IResultReceiver$Stub.onTransact(IResultReceiver.java:58)
07-06 17:37:40.964 14702 14711 W MessageQueue: at android.os.Binder.execTransact(Binder.java:606)
07-06 17:37:40.964 14702 14702 I art : System.exit called, status: 0
07-06 17:37:40.964 14702 14702 I AndroidRuntime: VM exiting with result code 0.
07-06 17:37:40.965 14702 14702 D OVRMrcLib: ovrVulkanLoader::Unload
07-06 17:37:43.463 2396 2764 I OVR : OVRPlatform saving push token credentials for userid 105336190730996
07-06 17:37:43.509 2396 2764 I OVRPlatform: [FBNSHandler] Push token received
07-06 17:37:45.854 14729 14729 D AndroidRuntime: >>>>>> START com.android.internal.os.RuntimeInit uid 2000 <<<<<<
07-06 17:37:45.856 14729 14729 D AndroidRuntime: CheckJNI is OFF
07-06 17:37:45.941 14729 14729 D ICU : No timezone override file found: /data/misc/zoneinfo/current/icu/icu_tzdata.dat
07-06 17:37:45.962 14729 14729 I Radio-JNI: register_android_hardware_Radio DONE
07-06 17:37:45.971 14729 14729 D AndroidRuntime: Calling main entry com.android.commands.pm.Pm
07-06 17:37:45.983 14729 14729 I art : System.exit called, status: 0
07-06 17:37:45.983 14729 14729 I AndroidRuntime: VM exiting with result code 0.
07-06 17:37:45.983 14729 14729 D OVRMrcLib: ovrVulkanLoader::Unload
07-06 17:37:50.857 14755 14755 D AndroidRuntime: >>>>>> START com.android.internal.os.RuntimeInit uid 2000 <<<<<<
07-06 17:37:50.860 14755 14755 D AndroidRuntime: CheckJNI is OFF
07-06 17:37:50.944 14755 14755 D ICU : No timezone override file found: /data/misc/zoneinfo/current/icu/icu_tzdata.dat
07-06 17:37:50.964 14755 14755 I Radio-JNI: register_android_hardware_Radio DONE
07-06 17:37:50.974 14755 14755 D AndroidRuntime: Calling main entry com.android.commands.pm.Pm
07-06 17:37:50.990 14755 14755 I art : System.exit called, status: 0
07-06 17:37:50.990 14755 14755 I AndroidRuntime: VM exiting with result code 0.
07-06 17:37:50.990 14755 14755 D OVRMrcLib: ovrVulkanLoader::Unload
07-06 17:37:55.857 14781 14781 D AndroidRuntime: >>>>>> START com.android.internal.os.RuntimeInit uid 2000 <<<<<<
07-06 17:37:55.859 14781 14781 D AndroidRuntime: CheckJNI is OFF
07-06 17:37:55.943 14781 14781 D ICU : No timezone override file found: /data/misc/zoneinfo/current/icu/icu_tzdata.dat
07-06 17:37:55.966 14781 14781 I Radio-JNI: register_android_hardware_Radio DONE
07-06 17:37:55.976 14781 14781 D AndroidRuntime: Calling main entry com.android.commands.pm.Pm
07-06 17:37:55.990 14781 14781 I art : System.exit called, status: 0
07-06 17:37:55.990 14781 14781 I AndroidRuntime: VM exiting with result code 0.
07-06 17:37:55.995 14781 14781 D OVRMrcLib: ovrVulkanLoader::Unload
07-06 17:37:55.995 14781 14790 W MessageQueue: Handler (android.os.Handler) {1de5419} sending message to a Handler on a dead thread
07-06 17:37:55.995 14781 14790 W MessageQueue: java.lang.IllegalStateException: Handler (android.os.Handler) {1de5419} sending message to a Handler on a dead thread
07-06 17:37:55.995 14781 14790 W MessageQueue: at android.os.MessageQueue.enqueueMessage(MessageQueue.java:543)
07-06 17:37:55.995 14781 14790 W MessageQueue: at android.os.Handler.enqueueMessage(Handler.java:643)
07-06 17:37:55.995 14781 14790 W MessageQueue: at android.os.Handler.sendMessageAtTime(Handler.java:612)
07-06 17:37:55.995 14781 14790 W MessageQueue: at android.os.Handler.sendMessageDelayed(Handler.java:582)
07-06 17:37:55.995 14781 14790 W MessageQueue: at android.os.Handler.post(Handler.java:338)
07-06 17:37:55.995 14781 14790 W MessageQueue: at android.os.ResultReceiver$MyResultReceiver.send(ResultReceiver.java:57)
07-06 17:37:55.995 14781 14790 W MessageQueue: at com.android.internal.os.IResultReceiver$Stub.onTransact(IResultReceiver.java:58)
07-06 17:37:55.995 14781 14790 W MessageQueue: at android.os.Binder.execTransact(Binder.java:606)
07-06 17:38:00.880 14807 14807 D AndroidRuntime: >>>>>> START com.android.internal.os.RuntimeInit uid 2000 <<<<<<
07-06 17:38:00.882 14807 14807 D AndroidRuntime: CheckJNI is OFF
07-06 17:38:00.971 14807 14807 D ICU : No timezone override file found: /data/misc/zoneinfo/current/icu/icu_tzdata.dat
07-06 17:38:00.989 14807 14807 I Radio-JNI: register_android_hardware_Radio DONE
07-06 17:38:00.998 14807 14807 D AndroidRuntime: Calling main entry com.android.commands.pm.Pm
07-06 17:38:01.015 14807 14807 I art : System.exit called, status: 0
07-06 17:38:01.015 14807 14807 I AndroidRuntime: VM exiting with result code 0.
07-06 17:38:01.015 14807 14816 W MessageQueue: Handler (android.os.Handler) {c04bd4a} sending message to a Handler on a dead thread
07-06 17:38:01.015 14807 14816 W MessageQueue: java.lang.IllegalStateException: Handler (android.os.Handler) {c04bd4a} sending message to a Handler on a dead thread
07-06 17:38:01.015 14807 14816 W MessageQueue: at android.os.MessageQueue.enqueueMessage(MessageQueue.java:543)
07-06 17:38:01.015 14807 14816 W MessageQueue: at android.os.Handler.enqueueMessage(Handler.java:643)
07-06 17:38:01.015 14807 14816 W MessageQueue: at android.os.Handler.sendMessageAtTime(Handler.java:612)
07-06 17:38:01.015 14807 14816 W MessageQueue: at android.os.Handler.sendMessageDelayed(Handler.java:582)
07-06 17:38:01.015 14807 14816 W MessageQueue: at android.os.Handler.post(Handler.java:338)
07-06 17:38:01.015 14807 14816 W MessageQueue: at android.os.ResultReceiver$MyResultReceiver.send(ResultReceiver.java:57)
07-06 17:38:01.015 14807 14816 W MessageQueue: at com.android.internal.os.IResultReceiver$Stub.onTransact(IResultReceiver.java:58)
07-06 17:38:01.015 14807 14816 W MessageQueue: at android.os.Binder.execTransact(Binder.java:606)
07-06 17:38:01.015 14807 14807 D OVRMrcLib: ovrVulkanLoader::Unload
07-06 17:38:03.374 1846 2578 I OVR : OVRPlatform saving push token credentials for userid 105336190730996
07-06 17:38:03.416 1846 2578 I OVRPlatform: [FBNSHandler] Push token received
07-06 17:38:05.879 14834 14834 D AndroidRuntime: >>>>>> START com.android.internal.os.RuntimeInit uid 2000 <<<<<<
07-06 17:38:05.881 14834 14834 D AndroidRuntime: CheckJNI is OFF
07-06 17:38:05.972 14834 14834 D ICU : No timezone override file found: /data/misc/zoneinfo/current/icu/icu_tzdata.dat
07-06 17:38:05.993 14834 14834 I Radio-JNI: register_android_hardware_Radio DONE
07-06 17:38:06.002 14834 14834 D AndroidRuntime: Calling main entry com.android.commands.pm.Pm
07-06 17:38:06.017 14834 14834 I art : System.exit called, status: 0
07-06 17:38:06.017 14834 14834 I AndroidRuntime: VM exiting with result code 0.
07-06 17:38:06.017 14834 14843 W MessageQueue: Handler (android.os.Handler) {62b267b} sending message to a Handler on a dead thread
07-06 17:38:06.017 14834 14843 W MessageQueue: java.lang.IllegalStateException: Handler (android.os.Handler) {62b267b} sending message to a Handler on a dead thread
07-06 17:38:06.017 14834 14843 W MessageQueue: at android.os.MessageQueue.enqueueMessage(MessageQueue.java:543)
07-06 17:38:06.017 14834 14843 W MessageQueue: at android.os.Handler.enqueueMessage(Handler.java:643)
07-06 17:38:06.017 14834 14843 W MessageQueue: at android.os.Handler.sendMessageAtTime(Handler.java:612)
07-06 17:38:06.017 14834 14843 W MessageQueue: at android.os.Handler.sendMessageDelayed(Handler.java:582)
07-06 17:38:06.017 14834 14843 W MessageQueue: at android.os.Handler.post(Handler.java:338)
07-06 17:38:06.017 14834 14843 W MessageQueue: at android.os.ResultReceiver$MyResultReceiver.send(ResultReceiver.java:57)
07-06 17:38:06.017 14834 14843 W MessageQueue: at com.android.internal.os.IResultReceiver$Stub.onTransact(IResultReceiver.java:58)
07-06 17:38:06.017 14834 14843 W MessageQueue: at android.os.Binder.execTransact(Binder.java:606)
07-06 17:38:06.018 14834 14834 D OVRMrcLib: ovrVulkanLoader::Unload
07-06 17:38:10.879 14860 14860 D AndroidRuntime: >>>>>> START com.android.internal.os.RuntimeInit uid 2000 <<<<<<
07-06 17:38:10.881 14860 14860 D AndroidRuntime: CheckJNI is OFF
07-06 17:38:10.966 14860 14860 D ICU : No timezone override file found: /data/misc/zoneinfo/current/icu/icu_tzdata.dat
07-06 17:38:10.985 14860 14860 I Radio-JNI: register_android_hardware_Radio DONE
07-06 17:38:10.994 14860 14860 D AndroidRuntime: Calling main entry com.android.commands.pm.Pm
07-06 17:38:11.008 14860 14860 I art : System.exit called, status: 0
07-06 17:38:11.008 14860 14860 I AndroidRuntime: VM exiting with result code 0.
07-06 17:38:11.010 14860 14869 W MessageQueue: Handler (android.os.Handler) {518fac} sending message to a Handler on a dead thread
07-06 17:38:11.010 14860 14869 W MessageQueue: java.lang.IllegalStateException: Handler (android.os.Handler) {518fac} sending message to a Handler on a dead thread
07-06 17:38:11.010 14860 14869 W MessageQueue: at android.os.MessageQueue.enqueueMessage(MessageQueue.java:543)
07-06 17:38:11.010 14860 14869 W MessageQueue: at android.os.Handler.enqueueMessage(Handler.java:643)
07-06 17:38:11.010 14860 14869 W MessageQueue: at android.os.Handler.sendMessageAtTime(Handler.java:612)
07-06 17:38:11.010 14860 14869 W MessageQueue: at android.os.Handler.sendMessageDelayed(Handler.java:582)
07-06 17:38:11.010 14860 14869 W MessageQueue: at android.os.Handler.post(Handler.java:338)
07-06 17:38:11.010 14860 14869 W MessageQueue: at android.os.ResultReceiver$MyResultReceiver.send(ResultReceiver.java:57)
07-06 17:38:11.010 14860 14869 W MessageQueue: at com.android.internal.os.IResultReceiver$Stub.onTransact(IResultReceiver.java:58)
07-06 17:38:11.010 14860 14869 W MessageQueue: at android.os.Binder.execTransact(Binder.java:606)
07-06 17:38:11.010 14860 14860 D OVRMrcLib: ovrVulkanLoader::Unload
07-06 17:38:12.485 1846 1846 D [OAR] LowStorageNotificationScheduler: Storage Checks: Internal Free (97671970816)
07-06 17:38:14.755 2396 2764 I OVR : OVRPlatform saving push token credentials for userid 105336190730996
07-06 17:38:14.798 2396 2764 I OVRPlatform: [FBNSHandler] Push token received
07-06 17:38:15.879 14887 14887 D AndroidRuntime: >>>>>> START com.android.internal.os.RuntimeInit uid 2000 <<<<<<
07-06 17:38:15.881 14887 14887 D AndroidRuntime: CheckJNI is OFF
07-06 17:38:15.964 14887 14887 D ICU : No timezone override file found: /data/misc/zoneinfo/current/icu/icu_tzdata.dat
07-06 17:38:15.980 14887 14887 I Radio-JNI: register_android_hardware_Radio DONE
07-06 17:38:15.989 14887 14887 D AndroidRuntime: Calling main entry com.android.commands.pm.Pm
07-06 17:38:16.011 14887 14887 I art : System.exit called, status: 0
07-06 17:38:16.011 14887 14887 I AndroidRuntime: VM exiting with result code 0.
07-06 17:38:16.011 14887 14887 D OVRMrcLib: ovrVulkanLoader::Unload
07-06 17:38:20.891 14913 14913 D AndroidRuntime: >>>>>> START com.android.internal.os.RuntimeInit uid 2000 <<<<<<
07-06 17:38:20.893 14913 14913 D AndroidRuntime: CheckJNI is OFF
07-06 17:38:20.982 14913 14913 D ICU : No timezone override file found: /data/misc/zoneinfo/current/icu/icu_tzdata.dat
07-06 17:38:21.006 14913 14913 I Radio-JNI: register_android_hardware_Radio DONE
07-06 17:38:21.017 14913 14913 D AndroidRuntime: Calling main entry com.android.commands.pm.Pm
07-06 17:38:21.028 14913 14913 I art : System.exit called, status: 0
07-06 17:38:21.028 14913 14913 I AndroidRuntime: VM exiting with result code 0.
07-06 17:38:21.035 14913 14913 D OVRMrcLib: ovrVulkanLoader::Unload
07-06 17:38:21.035 14913 14922 W MessageQueue: Handler (android.os.Handler) {49e620e} sending message to a Handler on a dead thread
07-06 17:38:21.035 14913 14922 W MessageQueue: java.lang.IllegalStateException: Handler (android.os.Handler) {49e620e} sending message to a Handler on a dead thread
07-06 17:38:21.035 14913 14922 W MessageQueue: at android.os.MessageQueue.enqueueMessage(MessageQueue.java:543)
07-06 17:38:21.035 14913 14922 W MessageQueue: at android.os.Handler.enqueueMessage(Handler.java:643)
07-06 17:38:21.035 14913 14922 W MessageQueue: at android.os.Handler.sendMessageAtTime(Handler.java:612)
07-06 17:38:21.035 14913 14922 W MessageQueue: at android.os.Handler.sendMessageDelayed(Handler.java:582)
07-06 17:38:21.035 14913 14922 W MessageQueue: at android.os.Handler.post(Handler.java:338)
07-06 17:38:21.035 14913 14922 W MessageQueue: at android.os.ResultReceiver$MyResultReceiver.send(ResultReceiver.java:57)
07-06 17:38:21.035 14913 14922 W MessageQueue: at com.android.internal.os.IResultReceiver$Stub.onTransact(IResultReceiver.java:58)
07-06 17:38:21.035 14913 14922 W MessageQueue: at android.os.Binder.execTransact(Binder.java:606)
07-06 17:38:25.893 14939 14939 D AndroidRuntime: >>>>>> START com.android.internal.os.RuntimeInit uid 2000 <<<<<<
07-06 17:38:25.896 14939 14939 D AndroidRuntime: CheckJNI is OFF
07-06 17:38:25.980 14939 14939 D ICU : No timezone override file found: /data/misc/zoneinfo/current/icu/icu_tzdata.dat
07-06 17:38:26.003 14939 14939 I Radio-JNI: register_android_hardware_Radio DONE
07-06 17:38:26.014 14939 14939 D AndroidRuntime: Calling main entry com.android.commands.pm.Pm
07-06 17:38:26.025 14939 14939 I art : System.exit called, status: 0
07-06 17:38:26.025 14939 14939 I AndroidRuntime: VM exiting with result code 0.
07-06 17:38:26.026 14939 14939 D OVRMrcLib: ovrVulkanLoader::Unload
07-06 17:38:29.291 1469 14961 I OSUpdateService: Intent with action system_battery_changed
07-06 17:38:30.893 14969 14969 D AndroidRuntime: >>>>>> START com.android.internal.os.RuntimeInit uid 2000 <<<<<<
07-06 17:38:30.895 14969 14969 D AndroidRuntime: CheckJNI is OFF
07-06 17:38:30.980 14969 14969 D ICU : No timezone override file found: /data/misc/zoneinfo/current/icu/icu_tzdata.dat
07-06 17:38:31.000 14969 14969 I Radio-JNI: register_android_hardware_Radio DONE
07-06 17:38:31.009 14969 14969 D AndroidRuntime: Calling main entry com.android.commands.pm.Pm
07-06 17:38:31.024 14969 14969 I art : System.exit called, status: 0
07-06 17:38:31.024 14969 14969 I AndroidRuntime: VM exiting with result code 0.
07-06 17:38:31.024 14969 14969 D OVRMrcLib: ovrVulkanLoader::Unload
07-06 17:38:34.723 1846 2578 I OVR : OVRPlatform saving push token credentials for userid 105336190730996
07-06 17:38:34.771 1846 2578 I OVRPlatform: [FBNSHandler] Push token received
07-06 17:38:35.910 14996 14996 D AndroidRuntime: >>>>>> START com.android.internal.os.RuntimeInit uid 2000 <<<<<<
07-06 17:38:35.913 14996 14996 D AndroidRuntime: CheckJNI is OFF
07-06 17:38:35.996 14996 14996 D ICU : No timezone override file found: /data/misc/zoneinfo/current/icu/icu_tzdata.dat
07-06 17:38:36.015 14996 14996 I Radio-JNI: register_android_hardware_Radio DONE
07-06 17:38:36.025 14996 14996 D AndroidRuntime: Calling main entry com.android.commands.pm.Pm
07-06 17:38:36.041 14996 14996 I art : System.exit called, status: 0
07-06 17:38:36.041 14996 14996 I AndroidRuntime: VM exiting with result code 0.
07-06 17:38:36.041 14996 14996 D OVRMrcLib: ovrVulkanLoader::Unload
07-06 17:38:38.188 2396 2764 I OVR : OVRPlatform saving push token credentials for userid 105336190730996
07-06 17:38:38.226 2396 2764 I OVRPlatform: [FBNSHandler] Push token received
07-06 17:38:40.913 15023 15023 D AndroidRuntime: >>>>>> START com.android.internal.os.RuntimeInit uid 2000 <<<<<<
07-06 17:38:40.915 15023 15023 D AndroidRuntime: CheckJNI is OFF
07-06 17:38:41.002 15023 15023 D ICU : No timezone override file found: /data/misc/zoneinfo/current/icu/icu_tzdata.dat
07-06 17:38:41.024 15023 15023 I Radio-JNI: register_android_hardware_Radio DONE
07-06 17:38:41.034 15023 15023 D AndroidRuntime: Calling main entry com.android.commands.pm.Pm
07-06 17:38:41.048 15023 15023 I art : System.exit called, status: 0
07-06 17:38:41.048 15023 15023 I AndroidRuntime: VM exiting with result code 0.
07-06 17:38:41.048 15023 15032 W MessageQueue: Handler (android.os.Handler) {d3806d2} sending message to a Handler on a dead thread
07-06 17:38:41.048 15023 15032 W MessageQueue: java.lang.IllegalStateException: Handler (android.os.Handler) {d3806d2} sending message to a Handler on a dead thread
07-06 17:38:41.048 15023 15032 W MessageQueue: at android.os.MessageQueue.enqueueMessage(MessageQueue.java:543)
07-06 17:38:41.048 15023 15032 W MessageQueue: at android.os.Handler.enqueueMessage(Handler.java:643)
07-06 17:38:41.048 15023 15032 W MessageQueue: at android.os.Handler.sendMessageAtTime(Handler.java:612)
07-06 17:38:41.048 15023 15032 W MessageQueue: at android.os.Handler.sendMessageDelayed(Handler.java:582)
07-06 17:38:41.048 15023 15032 W MessageQueue: at android.os.Handler.post(Handler.java:338)
07-06 17:38:41.048 15023 15032 W MessageQueue: at android.os.ResultReceiver$MyResultReceiver.send(ResultReceiver.java:57)
07-06 17:38:41.048 15023 15032 W MessageQueue: at com.android.internal.os.IResultReceiver$Stub.onTransact(IResultReceiver.java:58)
07-06 17:38:41.048 15023 15032 W MessageQueue: at android.os.Binder.execTransact(Binder.java:606)
07-06 17:38:41.049 15023 15023 D OVRMrcLib: ovrVulkanLoader::Unload
07-06 17:38:45.919 15049 15049 D AndroidRuntime: >>>>>> START com.android.internal.os.RuntimeInit uid 2000 <<<<<<
07-06 17:38:45.922 15049 15049 D AndroidRuntime: CheckJNI is OFF
07-06 17:38:46.006 15049 15049 D ICU : No timezone override file found: /data/misc/zoneinfo/current/icu/icu_tzdata.dat
07-06 17:38:46.024 15049 15049 I Radio-JNI: register_android_hardware_Radio DONE
07-06 17:38:46.033 15049 15049 D AndroidRuntime: Calling main entry com.android.commands.pm.Pm
07-06 17:38:46.048 15049 15049 I art : System.exit called, status: 0
07-06 17:38:46.048 15049 15049 I AndroidRuntime: VM exiting with result code 0.
07-06 17:38:46.053 15049 15058 W MessageQueue: Handler (android.os.Handler) {75e7003} sending message to a Handler on a dead thread
07-06 17:38:46.053 15049 15058 W MessageQueue: java.lang.IllegalStateException: Handler (android.os.Handler) {75e7003} sending message to a Handler on a dead thread
07-06 17:38:46.053 15049 15058 W MessageQueue: at android.os.MessageQueue.enqueueMessage(MessageQueue.java:543)
07-06 17:38:46.053 15049 15058 W MessageQueue: at android.os.Handler.enqueueMessage(Handler.java:643)
07-06 17:38:46.053 15049 15058 W MessageQueue: at android.os.Handler.sendMessageAtTime(Handler.java:612)
07-06 17:38:46.053 15049 15058 W MessageQueue: at android.os.Handler.sendMessageDelayed(Handler.java:582)
07-06 17:38:46.053 15049 15058 W MessageQueue: at android.os.Handler.post(Handler.java:338)
07-06 17:38:46.053 15049 15058 W MessageQueue: at android.os.ResultReceiver$MyResultReceiver.send(ResultReceiver.java:57)
07-06 17:38:46.053 15049 15058 W MessageQueue: at com.android.internal.os.IResultReceiver$Stub.onTransact(IResultReceiver.java:58)
07-06 17:38:46.053 15049 15058 W MessageQueue: at android.os.Binder.execTransact(Binder.java:606)
07-06 17:38:46.053 15049 15049 D OVRMrcLib: ovrVulkanLoader::Unload