07-06 17:34:39.777 724 11498 I [CT] : AdHocPatch: [Right] t = 249.986s, behavior transition: None -> AtRest at 248.650s
07-06 17:34:40.246 1846 13544 I VrApi : FPS=72,Prd=0ms,Tear=0,Early=72,Stale=0,VSnc=1,Lat=1,Fov=0,CPU4/GPU=4/4,2304/670MHz,OC=FF,TA=0/0/0,SP=N/N/N,Mem=1554MHz,Free=1409MB,PSM=0,PLS=0,Temp=27.0C/0.0C,TW=0.86ms,App=0.00ms,GD=0.00ms,CPU&GPU=0.29ms,LCnt=0,GPU%=0.06,CPU%=0.03(W0.05),DSF=1.00
07-06 17:34:40.340 724 11498 D TrackingService: [HANDTRACKING] Controller ef96ba248b9c7a8 in hand: N, valid: Y
07-06 17:34:40.422 724 11449 I [CT] : boltlib: DSP utilization(%): 16
07-06 17:34:40.557 2256 12786 I Telemetry: App memory usage: PSS=58MB DalvikPSS=1 MB
07-06 17:34:40.660 724 11498 D TrackingService: [HANDTRACKING] Controller c91e974cac1d58eb in hand: N, valid: Y
07-06 17:34:40.683 724 12766 I [CT] : MANAGEMENT:CONSTELLATION: Status=GREEN,, Obj=1079011930480953256,6DOF=1 (estimated),Issues(Cam/min= 0,IMU/min=0), Obj=14492187006485747947,6DOF=0,3DOF=1,Issues(Cam/min= 0,IMU/min=0)
07-06 17:34:40.685 13709 13709 D AndroidRuntime: >>>>>> START com.android.internal.os.RuntimeInit uid 2000 <<<<<<
07-06 17:34:40.688 13709 13709 D AndroidRuntime: CheckJNI is OFF
07-06 17:34:40.739 724 11498 I [CT] : L:Behavior:AtRest: deactivated
07-06 17:34:40.739 724 11498 I [CT] : AdHocPatch: [Right] t = 250.947s, behavior transition: AtRest -> None at 248.650s
07-06 17:34:40.760 13709 13709 D ICU : No timezone override file found: /data/misc/zoneinfo/current/icu/icu_tzdata.dat
07-06 17:34:40.778 13709 13709 I Radio-JNI: register_android_hardware_Radio DONE
07-06 17:34:40.788 13709 13709 D AndroidRuntime: Calling main entry com.android.commands.pm.Pm
07-06 17:34:40.798 724 11498 D TrackingService: [HANDTRACKING] Controller ef96ba248b9c7a8 in hand: Y, valid: Y
07-06 17:34:40.809 13709 13709 I art : System.exit called, status: 0
07-06 17:34:40.809 13709 13709 I AndroidRuntime: VM exiting with result code 0.
07-06 17:34:40.811 13709 13709 D OVRMrcLib: ovrVulkanLoader::Unload
07-06 17:34:40.811 13709 13719 W MessageQueue: Handler (android.os.Handler) {6044da2} sending message to a Handler on a dead thread
07-06 17:34:40.811 13709 13719 W MessageQueue: java.lang.IllegalStateException: Handler (android.os.Handler) {6044da2} sending message to a Handler on a dead thread
07-06 17:34:40.811 13709 13719 W MessageQueue: at android.os.MessageQueue.enqueueMessage(MessageQueue.java:543)
07-06 17:34:40.811 13709 13719 W MessageQueue: at android.os.Handler.enqueueMessage(Handler.java:643)
07-06 17:34:40.811 13709 13719 W MessageQueue: at android.os.Handler.sendMessageAtTime(Handler.java:612)
07-06 17:34:40.811 13709 13719 W MessageQueue: at android.os.Handler.sendMessageDelayed(Handler.java:582)
07-06 17:34:40.811 13709 13719 W MessageQueue: at android.os.Handler.post(Handler.java:338)
07-06 17:34:40.811 13709 13719 W MessageQueue: at android.os.ResultReceiver$MyResultReceiver.send(ResultReceiver.java:57)
07-06 17:34:40.811 13709 13719 W MessageQueue: at com.android.internal.os.IResultReceiver$Stub.onTransact(IResultReceiver.java:58)
07-06 17:34:40.811 13709 13719 W MessageQueue: at android.os.Binder.execTransact(Binder.java:606)
07-06 17:34:40.870 1846 2578 I OVR : OVRPlatform saving push token credentials for userid 105336190730996
07-06 17:34:40.916 1846 2578 I OVRPlatform: [FBNSHandler] Push token received
07-06 17:34:41.113 724 12767 I [CT] : VIPER: Status=6DoF,TRACKING,KF=65,Inl=220,Pts=303,Jit=0.1mm,Issues(Cam/min=0.0,IMU/min=0.2),Exp=(5.4ms,g=5.0,I=66)(4.5ms,g=2.0,I=68)(5.4ms,g=5.0,I=74)(5.1ms,g=2.0,I=68)
07-06 17:34:41.124 724 11498 D TrackingService: [HANDTRACKING] Controller c91e974cac1d58eb in hand: Y, valid: Y
07-06 17:34:41.240 1846 13544 I VrApi : FPS=72,Prd=0ms,Tear=0,Early=72,Stale=0,VSnc=1,Lat=1,Fov=0,CPU4/GPU=4/4,2304/670MHz,OC=FF,TA=0/0/0,SP=N/N/N,Mem=1554MHz,Free=1409MB,PSM=0,PLS=0,Temp=27.0C/0.0C,TW=0.87ms,App=0.00ms,GD=0.00ms,CPU&GPU=0.31ms,LCnt=0,GPU%=0.07,CPU%=0.39(W0.76),DSF=1.00
07-06 17:34:41.498 724 11498 D TrackingService: [HANDTRACKING] Controller ef96ba248b9c7a8 in hand: N, valid: Y
07-06 17:34:42.117 724 11498 D TrackingService: [HANDTRACKING] Controller ef96ba248b9c7a8 in hand: Y, valid: Y
07-06 17:34:42.147 1801 1811 I art : Background sticky concurrent mark sweep GC freed 9200(2MB) AllocSpace objects, 0(0B) LOS objects, 32% free, 4MB/7MB, paused 5.079ms total 21.811ms
07-06 17:34:42.178 724 11498 D TrackingService: [HANDTRACKING] Controller c91e974cac1d58eb in hand: N, valid: Y
07-06 17:34:42.198 724 11498 D TrackingService: [HANDTRACKING] Controller c91e974cac1d58eb in hand: Y, valid: Y
07-06 17:34:42.240 1846 13544 I VrApi : FPS=72,Prd=0ms,Tear=0,Early=72,Stale=0,VSnc=1,Lat=1,Fov=0,CPU4/GPU=4/4,2304/670MHz,OC=FF,TA=0/0/0,SP=N/N/N,Mem=1554MHz,Free=1409MB,PSM=0,PLS=0,Temp=27.0C/0.0C,TW=0.85ms,App=0.00ms,GD=0.00ms,CPU&GPU=0.33ms,LCnt=0,GPU%=0.06,CPU%=0.02(W0.05),DSF=1.00
07-06 17:34:42.673 724 12767 I [CT] : VIPER:MAP_MANAGER: State: TRACKING_PERSISTENT, UUID=2320fadd-c271-402f-8822-12d9ff9fd33b, Num. Persistent maps = 3, Persistent maps:2320fadd-c271-402f-8822-12d9ff9fd33b,46248a64-1f34-48bf-839e-600215008130,fb6d82f8-c428-4238-ac2c-937dac7eda16,, Ser. Disabled = 00000000-0000-0000-0000-000000000000
07-06 17:34:42.982 724 11498 D TrackingService: [HANDTRACKING] Controller ef96ba248b9c7a8 in hand: N, valid: Y
07-06 17:34:43.098 724 11498 D TrackingService: [HANDTRACKING] Controller c91e974cac1d58eb in hand: N, valid: Y
07-06 17:34:43.233 724 12767 I [CT] : HealthReport: Everything Passed =)
07-06 17:34:43.240 1846 13544 I VrApi : FPS=72,Prd=0ms,Tear=0,Early=72,Stale=0,VSnc=1,Lat=1,Fov=0,CPU4/GPU=4/4,2304/670MHz,OC=FF,TA=0/0/0,SP=N/N/N,Mem=1554MHz,Free=1411MB,PSM=0,PLS=0,Temp=27.0C/0.0C,TW=0.85ms,App=0.00ms,GD=0.00ms,CPU&GPU=0.30ms,LCnt=0,GPU%=0.06,CPU%=0.00(W0.00),DSF=1.00
07-06 17:34:44.238 724 11498 D TrackingService: [HANDTRACKING] Controller c91e974cac1d58eb in hand: Y, valid: Y
07-06 17:34:44.241 1846 13544 I VrApi : FPS=72,Prd=0ms,Tear=0,Early=72,Stale=0,VSnc=1,Lat=1,Fov=0,CPU4/GPU=4/4,2304/670MHz,OC=FF,TA=0/0/0,SP=N/N/N,Mem=1554MHz,Free=1410MB,PSM=0,PLS=0,Temp=27.0C/0.0C,TW=0.85ms,App=0.00ms,GD=0.00ms,CPU&GPU=0.33ms,LCnt=0,GPU%=0.06,CPU%=0.03(W0.05),DSF=1.00
07-06 17:34:44.279 724 12766 I [CT] : MANAGEMENT:CONSTELLATION: Status=GREEN,, Obj=1079011930480953256,6DOF=0,3DOF=1,Issues(Cam/min= 0,IMU/min=0), Obj=14492187006485747947,6DOF=0,3DOF=1,Issues(Cam/min= 0,IMU/min=0)
07-06 17:34:44.713 724 12767 I [CT] : VIPER: Status=6DoF,TRACKING,KF=65,Inl=223,Pts=303,Jit=0.1mm,Issues(Cam/min=0.0,IMU/min=0.2),Exp=(5.4ms,g=5.0,I=66)(4.4ms,g=2.0,I=69)(5.4ms,g=5.0,I=74)(5.1ms,g=2.0,I=68)
07-06 17:34:45.240 1846 13544 I VrApi : FPS=72,Prd=0ms,Tear=0,Early=72,Stale=0,VSnc=1,Lat=1,Fov=0,CPU4/GPU=4/4,2304/670MHz,OC=FF,TA=0/0/0,SP=N/N/N,Mem=1554MHz,Free=1410MB,PSM=0,PLS=0,Temp=27.0C/0.0C,TW=0.85ms,App=0.00ms,GD=0.00ms,CPU&GPU=0.31ms,LCnt=0,GPU%=0.06,CPU%=0.03(W0.09),DSF=1.00
07-06 17:34:45.320 2396 2764 I OVR : OVRPlatform saving push token credentials for userid 105336190730996
07-06 17:34:45.376 2396 2764 I OVRPlatform: [FBNSHandler] Push token received
07-06 17:34:45.420 724 11498 D TrackingService: [HANDTRACKING] Controller c91e974cac1d58eb in hand: N, valid: Y
07-06 17:34:45.684 13737 13737 D AndroidRuntime: >>>>>> START com.android.internal.os.RuntimeInit uid 2000 <<<<<<
07-06 17:34:45.687 13737 13737 D AndroidRuntime: CheckJNI is OFF
07-06 17:34:45.761 13737 13737 D ICU : No timezone override file found: /data/misc/zoneinfo/current/icu/icu_tzdata.dat
07-06 17:34:45.778 13737 13737 I Radio-JNI: register_android_hardware_Radio DONE
07-06 17:34:45.787 13737 13737 D AndroidRuntime: Calling main entry com.android.commands.pm.Pm
07-06 17:34:45.804 13737 13737 I art : System.exit called, status: 0
07-06 17:34:45.804 13737 13737 I AndroidRuntime: VM exiting with result code 0.
07-06 17:34:45.804 13737 13737 D OVRMrcLib: ovrVulkanLoader::Unload
07-06 17:34:46.239 1846 13544 I VrApi : FPS=72,Prd=0ms,Tear=0,Early=72,Stale=0,VSnc=1,Lat=1,Fov=0,CPU4/GPU=4/4,2304/670MHz,OC=FF,TA=0/0/0,SP=N/N/N,Mem=1554MHz,Free=1408MB,PSM=0,PLS=0,Temp=27.0C/0.0C,TW=0.88ms,App=0.00ms,GD=0.00ms,CPU&GPU=0.32ms,LCnt=0,GPU%=0.07,CPU%=0.26(W0.64),DSF=1.00
07-06 17:34:46.274 724 12767 I [CT] : VIPER:MAP_MANAGER: State: TRACKING_PERSISTENT, UUID=2320fadd-c271-402f-8822-12d9ff9fd33b, Num. Persistent maps = 3, Persistent maps:2320fadd-c271-402f-8822-12d9ff9fd33b,46248a64-1f34-48bf-839e-600215008130,fb6d82f8-c428-4238-ac2c-937dac7eda16,, Ser. Disabled = 00000000-0000-0000-0000-000000000000
07-06 17:34:46.357 1594 1594 D VrPowerManagerService: processing message: timer expired
07-06 17:34:46.358 1594 1594 I VrPowerManagerService: transition from HEADSET_UNMOUNTED to WAITING_FOR_SLEEP_MSG
07-06 17:34:46.359 1077 1425 I PowerManagerService: Going to sleep by application request (uid 1000)...
07-06 17:34:46.360 1287 1842 D VrKeyguardService: onStartedGoingToSleep() called with: reason = [2]
07-06 17:34:46.360 1077 1143 I PowerManagerService: Sleeping (uid 1000)...
07-06 17:34:46.361 1846 1846 D [OAR] MainActivity: onPause()
07-06 17:34:46.409 1077 1143 V KeyguardServiceDelegate: onScreenTurnedOff()
07-06 17:34:46.410 1287 1287 W FingerprintManager: isFingerprintHardwareDetected(): Service not connected!
07-06 17:34:46.410 1287 1686 D VrKeyguardService: onScreenTurnedOff() called
07-06 17:34:46.411 548 548 D SurfaceFlinger: Set power mode=0, type=0 flinger=0x7f8da48000
07-06 17:34:46.411 1077 1140 I DisplayManagerService: Display device changed state: "Built-in Screen", OFF
07-06 17:34:46.412 1801 12826 E Parcel : Reading a NULL string not supported here.
07-06 17:34:46.412 1801 12939 E Parcel : Reading a NULL string not supported here.
07-06 17:34:46.412 1801 2584 E Parcel : Reading a NULL string not supported here.
07-06 17:34:46.413 1801 20978 E Parcel : Reading a NULL string not supported here.
07-06 17:34:46.413 1801 20978 E Parcel : Reading a NULL string not supported here.
07-06 17:34:46.413 548 548 I SDM : HWCDisplay::SetPowerMode: display = 0, mode = 0
07-06 17:34:46.413 548 548 I SDM : DisplayBase::SetDisplayState: Set state = 0, display 0
07-06 17:34:46.413 1801 2074 E Parcel : Reading a NULL string not supported here.
07-06 17:34:46.413 1846 13633 E Parcel : Reading a NULL string not supported here.
07-06 17:34:46.413 1801 1812 E Parcel : Reading a NULL string not supported here.
07-06 17:34:46.413 1801 1928 E Parcel : Reading a NULL string not supported here.
07-06 17:34:46.414 1801 2074 D AudioRecord: updateAppOpsRecordAudio: checkOp OP_RECORD_AUDIO for com.oculus.horizon returns: 0 (ALLOWED)
07-06 17:34:46.414 1801 1988 E Parcel : Reading a NULL string not supported here.
07-06 17:34:46.415 1801 29352 E Parcel : Reading a NULL string not supported here.
07-06 17:34:46.415 1801 2770 E Parcel : Reading a NULL string not supported here.
07-06 17:34:46.416 1801 27917 E Parcel : Reading a NULL string not supported here.
07-06 17:34:46.417 1846 1926 I [OAR] ShellApp: 0xd4b44340 msg: pause
07-06 17:34:46.417 1801 11746 E Parcel : Reading a NULL string not supported here.
07-06 17:34:46.417 1846 1926 I [OAR] ShellApp: ShellApp::LeaveVrMode()
07-06 17:34:46.417 1801 14119 E Parcel : Reading a NULL string not supported here.
07-06 17:34:46.417 1846 1926 I [OAR] VrShellDesktopBase: Backgrounding all active monitors on desktop
07-06 17:34:46.417 1846 1926 I [OAR] PanelAppHost: OnBackground
07-06 17:34:46.417 1846 1926 I [OAR] LocalSpace: Applying Initial Pose
07-06 17:34:46.417 2188 2468 I VrRuntimeService: RuntimeServiceSDKServer::UpdateLocalSpace
07-06 17:34:46.417 2188 2468 I VrRuntimeServer: UpdateLocalSpace: Src: 2, Version: 123, VersionUser: 22, RawFloorHeightOld: -1.077337, RawFloorHeightNew: -1.077337
07-06 17:34:46.417 1846 1926 I [OAR] SystemAssistant: OnModeChanged: 3
07-06 17:34:46.418 1801 2584 E Parcel : Reading a NULL string not supported here.
07-06 17:34:46.419 1801 1813 E Parcel : Reading a NULL string not supported here.
07-06 17:34:46.419 1801 1930 E Parcel : Reading a NULL string not supported here.
07-06 17:34:46.423 2256 2311 I GuardianSystem: UpdateSystem: Responding to local space version number change.
07-06 17:34:46.427 724 11449 I [CT] : boltlib: DSP utilization(%): 16
07-06 17:34:46.429 1801 1928 I PlatformPluginManager: sharedMicrophoneStop for userID: 3231410568
07-06 17:34:46.429 1801 1928 I OVRPlatform: [MicrophoneServer] MicrophoneServer::removeSharedClient 0xc09b6988
07-06 17:34:46.429 1801 1928 I OVRPlatform: [MicrophoneServer] removed 1, 0 remaining
07-06 17:34:46.429 1801 1928 I OVRPlatform: [MicrophoneServer] No connections left, stopping
07-06 17:34:46.429 1801 1928 I OVRPlatform-OVRMicrophone: Stopping microphone recording. Current state: Recording
07-06 17:34:46.430 1801 1928 D OVRPlatform-OVRMicrophone: State changed to Stopping
07-06 17:34:46.430 1846 1926 I [OAR] AudioEngine: Setting FadeNextBuffer
07-06 17:34:46.431 1846 13545 I [OAR] AudioEngine: Fading final buffer
07-06 17:34:46.431 1801 13576 I OVRPlatform-OVRMicrophone: Exiting audio capture thread, about to call AudioRecord.stop(). Current state: Stopping
07-06 17:34:46.451 549 12805 D audio_hw_primary: in_standby: enter: stream (0xe60748c0) usecase(16: audio-record)
07-06 17:34:46.463 549 12805 D audio_hw_primary: disable_audio_route: reset and update mixer path: audio-record
07-06 17:34:46.464 549 12805 D hardware_info: hw_info_append_hw_type : device_name = handset-mic-aec
07-06 17:34:46.464 549 12805 D audio_hw_primary: disable_snd_device: snd_device(62: handset-mic-aec)
07-06 17:34:46.464 549 12805 D msm8974_platform: platform_split_snd_device: snd_device(62) new_snd_devices (handset-mic-aec)
07-06 17:34:46.467 549 12805 D audio_hw_primary: in_set_parameters: enter: kvpairs=routing=0
07-06 17:34:46.468 549 601 I SoundTriggerHwService::Module: void android::SoundTriggerHwService::Module::onCallbackEvent(const sp &) no clients
07-06 17:34:46.468 1801 13576 I OVRPlatform-OVRMicrophone: Disabling AcousticEchoCanceler
07-06 17:34:46.469 1801 13576 I OVRPlatform-OVRMicrophone: Disabling NoiseSuppressor
07-06 17:34:46.470 1801 13576 D OVRPlatform-OVRMicrophone: State changed to Initialized
07-06 17:34:46.471 1801 13576 I OVRPlatform-OVRMicrophone: Exit AudioRecordThread
07-06 17:34:46.523 2188 12779 I Clocks : SetSchedFifo( tid=13565, pri=0 ) succeeded
07-06 17:34:46.524 2188 12779 I Clocks : SetSchedFifo( tid=2493, pri=0 ) succeeded
07-06 17:34:46.530 1846 1926 I [OAR] AudioEngine: Stopping player
07-06 17:34:46.532 1846 1926 W VrApi : ovr_SubmitFrameInternal: FrameIndex discontinuity: Expected 60787, Received 60786
07-06 17:34:46.533 1846 1926 W [OAR] AudioMixer: StopWavFile: Couldn't find attached sound for clientId controllerp0xd2a7f000
07-06 17:34:46.533 1846 1926 W [OAR] AudioMixer: StopWavFile: Couldn't find attached sound for clientId controllerp0xd28ff000
07-06 17:34:46.533 1846 1926 I GoCompatibility: GoCompatibility: vrapi_LeaveVrMode_Hooked()
07-06 17:34:46.533 1846 1926 I VrApi : ---------- vrapi_LeaveVrMode [start] ----------
07-06 17:34:46.533 1846 1926 I VrApi : ---------- TREX [start] ----------
07-06 17:34:46.533 1846 1926 I VrApi : ---------- TREX [end] ----------
07-06 17:34:46.535 1846 1926 D VrApi : targetSDKVersion 27
07-06 17:34:46.536 2188 12779 I Clocks : SetSchedFifo( tid=13565, pri=1 ) succeeded
07-06 17:34:46.536 1846 1926 I VrRuntimeClient: DEVICE MODEL NUMBER = Quest
07-06 17:34:46.536 1846 1926 I VrRuntimeClient: DEVICE HARDWARE = monterey
07-06 17:34:46.536 1846 1926 I VrRuntimeClient: DEVICE BUILD NAME = user-738660.26860.0
07-06 17:34:46.536 1846 1926 I VrRuntimeClient: DEVICE BUILD TYPE = user
07-06 17:34:46.536 1846 1926 I VrRuntimeClient: DEVICE OS VERSION = 7.1.1
07-06 17:34:46.536 1846 1926 I VrRuntimeClient: VRRUNTIME VERSION = VRAPI_VERSION_BEGIN { 1.1.35.0-224383112-224383112 Jun 19 2020 12:47:25 Development } RELEASE
07-06 17:34:46.536 1846 1926 I VrRuntimeClient: API LOADER VERSION = 1.1.32.0
07-06 17:34:46.536 1846 1926 I VrRuntimeClient: VRDRIVER VERSION = 18.0.0.403.517
07-06 17:34:46.536 1846 1926 I VrRuntimeClient: APP NAME = Oculus App Runtime
07-06 17:34:46.536 1846 1926 I VrRuntimeClient: APP VERSION = 18.0.0.403.517 versionCode 224383062 internalVersionName 18.0.0.403.517.abc3175146a8 2020_06_19_12_47
07-06 17:34:46.536 1846 1926 I VrRuntimeClient: APP VR TYPE = vr_only
07-06 17:34:46.536 1846 1926 I VrRuntimeClient: APP MODE TYPE =
07-06 17:34:46.536 1846 1926 I VrRuntimeClient: APP PACKAGE NAME = com.oculus.vrshell
07-06 17:34:46.536 1846 1926 I VrRuntimeClient: APP ACTIVITY CLASS = com.oculus.vrshell.MainActivity
07-06 17:34:46.537 2188 12779 I Clocks : SetSchedFifo( tid=2493, pri=1 ) succeeded
07-06 17:34:46.537 1846 1926 D BatteryReceiver: Unregistering battery receiver
07-06 17:34:46.543 1846 13544 I VrApi : FPS=72,Prd=0ms,Tear=0,Early=72,Stale=0,VSnc=1,Lat=1,Fov=0,CPU4/GPU=4/4,2304/670MHz,OC=FF,TA=0/0/0,SP=N/N/N,Mem=1554MHz,Free=1408MB,PSM=0,PLS=0,Temp=27.0C/0.0C,TW=0.88ms,App=0.00ms,GD=0.00ms,CPU&GPU=0.32ms,LCnt=0,GPU%=0.07,CPU%=0.26(W0.64),DSF=1.00
07-06 17:34:46.543 1846 1926 I VrApi : OVR::Stats thread stopped
07-06 17:34:46.543 1846 1926 I InputDeviceManager: ovrInputDeviceManager::Shutdown
07-06 17:34:46.547 1846 13543 I InputHooks_Internal: InputHooksThreadRun ShutdownRequest received
07-06 17:34:46.547 1846 1926 D InputHooksJava: Disabling Java Input Hooks
07-06 17:34:46.547 2188 2205 D VrRuntimeService: this client: 1846:com.oculus.vrshell
07-06 17:34:46.547 2188 2205 D VrRuntimeService: enableRendering: clientWindow: null enable: false
07-06 17:34:46.547 2188 2205 I ClientMgr: ClientMgr::EnableRendering 1846:com.oculus.vrshell : type 0 : disable
07-06 17:34:46.548 2188 2205 I VrRuntimeServer: SetCompositorClientEnabled client(0): enabled(0) 0x0
07-06 17:34:46.553 2188 2391 I ClientMgr: Non-overlay clients rendering status has changed: prev=103, curr=104, enabled=0
07-06 17:34:46.566 1846 13565 I VrRuntimeClient: FenceChecker::MainLoop - ended
07-06 17:34:46.566 1846 1926 I BufferObject: ovrBufferObjectFactory::Unimport deleting GL buffer=150
07-06 17:34:46.566 1846 1926 I BufferObject: ovrBufferObjectFactory::Unimport deleting GL memory object=13
07-06 17:34:46.566 1846 1926 I TrackingServiceClient: OVR::TrackingService::ClientSetInterface
07-06 17:34:46.566 1846 1926 D TrackingServiceClient: onClientDisconnect
07-06 17:34:46.566 1846 1926 D TrackingServiceConnectionNative: onClientDisconnect
07-06 17:34:46.566 724 724 I TrackingService: Unregistering client by ITrackingService.unregisterClient
07-06 17:34:46.566 724 724 I TrackingService: TrackingServiceHost Unregistering client: pid 1846
07-06 17:34:46.567 1846 1926 D BinderConnection: Disconnecting from TrackingService service
07-06 17:34:46.567 1846 1926 D TrackingServiceConnectionNative: onDisconnected
07-06 17:34:46.567 1846 1926 D TrackingServiceClient: TrackingServiceConnection mConnectedRemotes.clear()
07-06 17:34:46.567 1846 1926 I TrackingServiceClient: OVR::TrackingService::ClientSetInterface
07-06 17:34:46.567 1846 1926 I VrApi : ---------- vrapi_LeaveVrMode [end] ----------
07-06 17:34:46.567 1846 1926 I [OAR] ShellFrameAnalytics: ShellFrame frameFunction: 13918us/2264173us, trace: 0us/1us, process commands: 91us/13831us, system update: 2220us/46521us, render 296us/10730us, post render 0us/1us
07-06 17:34:46.567 1846 1926 I [OAR] DialogController: CloseDialogs() old: 0, pendingUri: systemux://dialog/none, pendingComponent:
07-06 17:34:46.567 1846 1926 I [OAR] PanelAppHost: PanelAppHost destructor: id 61 com.oculus.systemux/com.oculus.panelapp.anytimeui.AnytimeUIAndroidPanelService
07-06 17:34:46.567 1846 1926 I [OAR] PanelAppHost: Panel app 61 (com.oculus.systemux/com.oculus.panelapp.anytimeui.AnytimeUIAndroidPanelService) changing state from foreground to shutdown
07-06 17:34:46.567 1846 1926 D [OAR] ShellApplication: notify OS to set com.oculus.systemux/com.oculus.panelapp.anytimeui.AnytimeUIAndroidPanelService to BACKGROUND
07-06 17:34:46.568 1846 1926 D [OAR] ShellApplication: Unbinding service for panel app id 61
07-06 17:34:46.575 1934 1934 I CppPanelService: VR Shell socket closed(ECONNRESET); shutting down fd: 44
07-06 17:34:46.576 1934 1934 I CppPanelService: Quitting application via hardExit flag due to unexpected socket closure on fd 44.
07-06 17:34:46.576 1934 1934 I AndroidPanelApp: Destroyed
07-06 17:34:46.576 1934 1934 D [SUI] HostView: Destroying HostView
07-06 17:34:46.576 1934 1934 D [SUI] LibraryView: Hiding LibraryView
07-06 17:34:46.576 1934 1934 D [SUI] LibraryStateHelper: Storing scroll position: 3
07-06 17:34:46.576 1934 1934 D [SUI] LibraryView: Destroying LibraryView
07-06 17:34:46.576 2188 10928 I VrRuntimeService: nativeDestroyTextureSwapChain 536
07-06 17:34:46.576 2188 10928 I VrRuntimeServer: DestroyTextureSwapChain: 2D_EXTERNAL destroy deferred
07-06 17:34:46.577 2188 2466 I VrRuntimeService: nativeDestroyTextureSwapChain 535
07-06 17:34:46.577 2188 2466 I VrRuntimeServer: DestroyTextureSwapChain: 2D_EXTERNAL destroy deferred
07-06 17:34:46.578 2188 2466 I VrRuntimeService: nativeDestroyTextureSwapChain 534
07-06 17:34:46.578 1934 1934 D [SUI] EmptyView: Hiding EmptyView
07-06 17:34:46.578 2188 2466 I VrRuntimeServer: DestroyTextureSwapChain: 2D_EXTERNAL destroy deferred
07-06 17:34:46.578 1934 1934 D [SUI] EmptyView: Destroying EmptyView
07-06 17:34:46.578 2188 2203 I VrRuntimeService: nativeDestroyTextureSwapChain 537
07-06 17:34:46.581 2188 2203 I VrRuntimeServer: DestroyTextureSwapChain: result destroyswapchain 1
07-06 17:34:46.581 1934 1934 D [SUI] ContentHostView: Destroying ContentHostView
07-06 17:34:46.581 1934 1934 D [SUI] EmptyContentView: Hiding EmptyContentView
07-06 17:34:46.581 1934 1934 D [SUI] EmptyContentView: Destroying EmptyContentView
07-06 17:34:46.581 1846 1926 I [OAR] DialogController: ResetDialog old: 0, activeUri systemux://dialog/none, activeReturnComponent
07-06 17:34:46.581 1846 1926 I [OAR] SystemTabletController: Reset, reason: 3, taskBarVisibility: 1
07-06 17:34:46.581 1846 1926 I [OAR] SystemDialogController: Reset
07-06 17:34:46.581 1846 1926 I [OAR] DialogControllerManager: Reset
07-06 17:34:46.583 1934 1934 D [SUI] NavHostView: Destroying NavHostView
07-06 17:34:46.583 1934 1934 D [SUI] StatusViewModel: Destroying ViewModel
07-06 17:34:46.583 1934 1934 D [SUI] SocialViewModel: Destroying ViewModel
07-06 17:34:46.583 1934 1934 D [SUI] SettingsViewModel: Destroying ViewModel
07-06 17:34:46.584 1934 1934 D [SUI] ProfileViewModel: Destroying ViewModel
07-06 17:34:46.584 1934 1934 D [SUI] PauseViewModel: Destroying ViewModel
07-06 17:34:46.586 1934 1934 D [SUI] SharingViewModel: Destroying ViewModel
07-06 17:34:46.586 1934 1934 V NotificationDatasetProxy: Removing listener com.oculus.panelapp.anytimeui.v2.bar.BarView{a3a9212 V.E...... ........ 0,0-774,124}
07-06 17:34:46.587 1934 1934 I AndroidPanelApp: destroyed
07-06 17:34:46.587 1934 1934 I AndroidPanelLayer: Destroying presentation for layer "#main".
07-06 17:34:46.600 1077 1699 I DisplayManagerService: Display device removed: DisplayDeviceInfo{"com.oculus.android_panel_app.AndroidPanelLayer-#main": uniqueId="virtual:com.oculus.systemux,10061,com.oculus.android_panel_app.AndroidPanelLayer-#main,1", 774 x 124, modeId 272, defaultModeId 272, supportedModes [{id=272, width=774, height=124, fps=60.0}], colorMode 0, supportedColorModes [0], HdrCapabilities null, density 160, 160.0 x 160.0 dpi, appVsyncOff 0, presDeadline 16666666, touch NONE, rotation 0, type VIRTUAL, state ON, owner com.oculus.systemux (uid 10061), FLAG_PRIVATE, FLAG_NEVER_BLANK, FLAG_OWN_CONTENT_ONLY}
07-06 17:34:46.601 1934 1934 I AndroidPanelLayer: Destroying presentation for layer "tabletNav".
07-06 17:34:46.613 1077 1573 I DisplayManagerService: Display device removed: DisplayDeviceInfo{"com.oculus.android_panel_app.AndroidPanelLayer-tabletNav": uniqueId="virtual:com.oculus.systemux,10061,com.oculus.android_panel_app.AndroidPanelLayer-tabletNav,1", 216 x 340, modeId 274, defaultModeId 274, supportedModes [{id=274, width=216, height=340, fps=60.0}], colorMode 0, supportedColorModes [0], HdrCapabilities null, density 160, 160.0 x 160.0 dpi, appVsyncOff 0, presDeadline 16666666, touch NONE, rotation 0, type VIRTUAL, state ON, owner com.oculus.systemux (uid 10061), FLAG_PRIVATE, FLAG_NEVER_BLANK, FLAG_OWN_CONTENT_ONLY}
07-06 17:34:46.613 1934 1934 I AndroidPanelLayer: Destroying presentation for layer "tabletContent".
07-06 17:34:46.649 727 2319 E : Error set scheduler for process 2188 thread 13565 to NORMAL : No such process (3)
07-06 17:34:46.650 2188 12779 W Clocks : SetSchedFifo( tid=13565, pri=0 ) failed!
07-06 17:34:46.652 2188 12779 I Clocks : SetSchedFifo( tid=2493, pri=0 ) succeeded
07-06 17:34:46.660 2188 12779 W Vsync : Not updating the model: vsyncNs 0, baseNs 90147679241214
07-06 17:34:46.663 1077 1226 D SurfaceControl: Excessive delay in setPowerMode(): 252ms
07-06 17:34:46.664 1287 1316 D VrKeyguardService: onFinishedGoingToSleep() called
07-06 17:34:46.680 1077 21189 I DisplayManagerService: Display device removed: DisplayDeviceInfo{"com.oculus.android_panel_app.AndroidPanelLayer-tabletContent": uniqueId="virtual:com.oculus.systemux,10061,com.oculus.android_panel_app.AndroidPanelLayer-tabletContent,1", 552 x 340, modeId 275, defaultModeId 275, supportedModes [{id=275, width=552, height=340, fps=60.0}], colorMode 0, supportedColorModes [0], HdrCapabilities null, density 160, 160.0 x 160.0 dpi, appVsyncOff 0, presDeadline 16666666, touch NONE, rotation 0, type VIRTUAL, state ON, owner com.oculus.systemux (uid 10061), FLAG_PRIVATE, FLAG_NEVER_BLANK, FLAG_OWN_CONTENT_ONLY}
07-06 17:34:46.681 1934 1934 I AndroidPanelLayer: Destroying presentation for layer "tablet".
07-06 17:34:46.684 549 1730 D audio_hw_primary: adev_set_parameters: enter: screen_state=off
07-06 17:34:46.687 1287 1287 W FingerprintManager: isFingerprintHardwareDetected(): Service not connected!
07-06 17:34:46.699 1077 1101 I DisplayManagerService: Display device removed: DisplayDeviceInfo{"com.oculus.android_panel_app.AndroidPanelLayer-tablet": uniqueId="virtual:com.oculus.systemux,10061,com.oculus.android_panel_app.AndroidPanelLayer-tablet,1", 768 x 340, modeId 273, defaultModeId 273, supportedModes [{id=273, width=768, height=340, fps=60.0}], colorMode 0, supportedColorModes [0], HdrCapabilities null, density 160, 160.0 x 160.0 dpi, appVsyncOff 0, presDeadline 16666666, touch NONE, rotation 0, type VIRTUAL, state ON, owner com.oculus.systemux (uid 10061), FLAG_PRIVATE, FLAG_NEVER_BLANK, FLAG_OWN_CONTENT_ONLY}
07-06 17:34:46.703 1594 1594 D VrPowerManagerService: processing message: system sleep
07-06 17:34:46.704 1594 1594 I VrPowerManagerService: transition from WAITING_FOR_SLEEP_MSG to STANDBY
07-06 17:34:46.704 1543 1572 D VrPowerManagerClient: Headset state: 3
07-06 17:34:46.704 724 724 D TrackingService: Received transition request to SLEEP current is STANDBY
07-06 17:34:46.704 724 724 D TrackingService: Executing transition from STANDBY to SLEEP
07-06 17:34:46.704 724 724 D TrackingService: Setting power state to STANDBY
07-06 17:34:46.704 724 724 D Tracker/CoreOS: MontereyGlue: Acquiring MontereyGlue WakeLock
07-06 17:34:46.705 703 21530 D GatekeeperNativeService: Using value 0 for gk oculus_mobile_enable_phone_notifications, user=0
07-06 17:34:46.707 549 549 D audio_hw_primary: adev_set_mic_mute state 1
07-06 17:34:46.708 724 724 D TrackingService: Scheduling delayed transition to SLEEP in 120000ms
07-06 17:34:46.709 724 1397 I Tracker/CoreOS: MontereyGlue Handle Power State. currentState: 2, newState: 1
07-06 17:34:46.709 724 1397 D Tracker/CoreOS: MontereyGlue: Transition start RUNNING->STANDBY
07-06 17:34:46.711 2188 2188 D VrRuntimeService: Received broadcast: android.intent.action.SCREEN_OFF
07-06 17:34:46.711 2188 2188 I VrRuntimeService: nativeScreenStateChanged to off
07-06 17:34:46.711 2188 2188 I VrRuntimeService: Service entering STANDBY Mode
07-06 17:34:46.711 2188 2188 I ClientMgr: ClientMgr: SUSPENDING operation
07-06 17:34:46.711 2045 29826 E ExtMediaPlayer-JNI: QCMediaPlayer could not be located....
07-06 17:34:46.711 2188 2188 I VrRuntimeServer: SetCompositorClientEnabled client(2): enabled(0) 0x0
07-06 17:34:46.711 2045 29826 E MediaPlayer-JNI: JNIMediaPlayerFactory: bIsQCMediaPlayerPresent 0
07-06 17:34:46.711 2045 29826 E ExtMediaPlayer-JNI: QCMediaPlayer could not be located....
07-06 17:34:46.711 2045 29826 E MediaPlayer-JNI: JNIMediaPlayerFactory: bIsQCMediaPlayerPresent 0
07-06 17:34:46.712 724 1397 I [CT] : OtWrapper: Reset (soft)
07-06 17:34:46.712 724 1397 W [CT] : VisionInterface: [N8coretech20ObjectTrackingEngineE]: Unable to deactivate vision capability in non-running state.
07-06 17:34:46.712 724 1397 W [CT] : VisionInterface: [N8coretech19HandDefaultTrackingE]: Unable to deactivate vision capability in non-running state.
07-06 17:34:46.712 724 1397 W [CT] : VisionInterface: [N8coretech27ConstellationTrackingEngineE]: Unable to deactivate vision capability in non-running state.
07-06 17:34:46.712 724 1397 W [CT] : VisionInterface: [N8coretech24InsideOutDefaultTrackingE]: Unable to deactivate vision capability in non-running state.
07-06 17:34:46.714 2396 2396 D [OAR] ShellOverlayService: screenStateReceiver Received broadcast: android.intent.action.SCREEN_OFF
07-06 17:34:46.714 2396 2396 I [OAO] ShellOverlayServiceJNI: NativeSendOverlayCommand
07-06 17:34:46.714 2396 2396 I [OAO] ShellOverlayServiceJNI: NativeWake
07-06 17:34:46.714 2396 2396 I [OAO] ShellOverlayMain: WakeVrThread
07-06 17:34:46.714 2396 2396 I [OAO] ShellOverlayMain: WakeVrThread - notifying vr thread
07-06 17:34:46.715 2396 2462 I [OAO] ShellOverlayApp: VrThread woke up
07-06 17:34:46.715 2396 2462 I [OAO] ShellOverlayApp: 0xd4a3b3d0 msg: overlayCommand:
07-06 17:34:46.715 2396 2462 I [OAO] ShellOverlayApp: command = screenStateChanged
07-06 17:34:46.715 2396 2462 I [OAO] ShellOverlayApp: state = 0
07-06 17:34:46.715 2396 2462 I [OAO] ShellOverlayApp: Process_OverlayCommand command : screenStateChanged
07-06 17:34:46.715 2396 2462 I [OAO] ShellOverlayApp: screenStateChanged message received
07-06 17:34:46.715 2396 2462 I [OAO] ShellOverlayApp: VrThread entering waiting state
07-06 17:34:46.718 703 826 D GatekeeperNativeService: Using value 1 for gk arvr_gk_nimble_mfjlp, user=0
07-06 17:34:46.719 1469 13759 I OSUpdateService: Intent with action system_interactive_changed
07-06 17:34:46.720 1469 13759 I IdleMonitor: Scheduling idle alarm for 120 seconds from screen off
07-06 17:34:46.721 703 703 D GatekeeperNativeService: Using value 0 for gk arvr_gk_nimble_rebalanced_segnet, user=0
07-06 17:34:46.722 703 21530 D GatekeeperNativeService: Using value 1 for gk oculus_blob_size_checker_gk, user=0
07-06 17:34:46.724 703 826 D GatekeeperNativeService: Using value 0 for gk oculus_disable_bolt_reopen_domain, user=0
07-06 17:34:46.725 709 1298 I ExtendedNuUtils: printFileName fd(8) -> /system/priv-app/HeadsetSfx/HeadsetSfx.apk
07-06 17:34:46.727 703 703 D GatekeeperNativeService: Using value 1 for gk oculus_enable_background_subtraction_gk, user=0
07-06 17:34:46.729 703 21530 D GatekeeperNativeService: Using value 0 for gk oculus_enable_bolt_ramdump, user=0
07-06 17:34:46.730 703 826 D GatekeeperNativeService: Using value 0 for gk oculus_enable_ht_quest_vrsrecording, user=0
07-06 17:34:46.732 703 703 D GatekeeperNativeService: Using value 0 for gk oculus_gk_is_dogfood, user=0
07-06 17:34:46.732 2188 2188 I ClientMgr: ClientMgr: Suspend complete
07-06 17:34:46.732 2188 2188 I VrRuntimeServer: RuntimeServer: Suspending operation
07-06 17:34:46.732 2188 2188 I TimeWarp: ------------- ~TimeWarpLocal() Start -------------
07-06 17:34:46.732 2188 2188 I TimeWarp: pthread_join() called
07-06 17:34:46.733 703 21530 D GatekeeperNativeService: Using value 0 for gk oculus_gk_is_employee, user=0
07-06 17:34:46.735 703 826 D GatekeeperNativeService: Using value 0 for gk oculus_gk_is_qa, user=0
07-06 17:34:46.736 703 703 D GatekeeperNativeService: Using value 0 for gk oculus_gk_is_spatial_ai, user=0
07-06 17:34:46.739 703 21530 D GatekeeperNativeService: Using value 1 for gk oculus_mapmerging_gk, user=0
07-06 17:34:46.741 703 826 D GatekeeperNativeService: Using value 0 for gk oculus_telemetry_gk_generic_1, user=0
07-06 17:34:46.743 703 703 D GatekeeperNativeService: Using value 0 for gk oculus_telemetry_gk_generic_2, user=0
07-06 17:34:46.745 2188 12779 I TimeWarp: ShutdownRequest received
07-06 17:34:46.745 2188 12778 I Clocks : ReleaseClocks - start
07-06 17:34:46.746 727 20905 D : CPU_CLUSTER_0: No client requests exists, release clocks
07-06 17:34:46.747 727 20905 D : CPU_CLUSTER_1: No client requests exists, release clocks
07-06 17:34:46.747 727 20905 D : GPU: No client requests exists, release clocks
07-06 17:34:46.747 727 20905 D : CPUBW: No client requests exists, release clocks
07-06 17:34:46.747 2188 12778 I Clocks : ReleaseClocks - end (1.9 ms)
07-06 17:34:46.748 708 708 I ExtendedExtractor: QTIParser is prefered .. flags 2
07-06 17:34:46.748 2188 12779 I TimeWarp: WarpThreadShutdown()
07-06 17:34:46.748 708 708 D MMParserExtractor: setExtraFlags called with flags 2 for paser instance f542df00
07-06 17:34:46.748 708 708 D MMParserExtractor: using bigger parser buffers
07-06 17:34:46.749 708 708 I ExtendedExtractor: ExtendedExtractor::create 0xf542df00
07-06 17:34:46.750 703 21530 D GatekeeperNativeService: Using value 0 for gk oculus_telemetry_gk_generic_3, user=0
07-06 17:34:46.752 703 826 D GatekeeperNativeService: Using value 0 for gk oculus_telemetry_gk_generic_4, user=0
07-06 17:34:46.754 2256 2311 I GuardianSystem: rsapi_PollEvent: rsEventSuspendResume: 1
07-06 17:34:46.754 2256 2311 I GuardianSystem: GuardianSystem: SUSPENDING operation
07-06 17:34:46.755 2256 2311 I GuardianTelemetry: OVR::Telemetry Guardian Stats thread stopped
07-06 17:34:46.755 2256 2311 I GuardianPassthroughMgr: GuardianSystem: remove DoubleTap listener
07-06 17:34:46.756 2188 12779 I ScreenCaptureVideo: Destroying ScreenCaptureVideo
07-06 17:34:46.756 2188 12779 D Appshot : release com.oculus.systemdriver
07-06 17:34:46.756 703 703 D GatekeeperNativeService: Using value 0 for gk oculus_telemetry_gk_generic_5, user=0
07-06 17:34:46.758 703 21530 D GatekeeperNativeService: Using value 0 for gk oculus_vr_keyboard_enabled, user=0
07-06 17:34:46.759 2188 12779 I TimeWarp: Destroying 12 layer programs
07-06 17:34:46.760 703 826 D GatekeeperNativeService: Using value 0 for gk oculus_vr_keyboard_explicit_exposure_105, user=0
07-06 17:34:46.760 2188 12779 I DirectRender: 0x7f60f1bf28 DirectRender::Shutdown
07-06 17:34:46.760 2188 12779 I DirectRender: Setting auto refresh on surface 0x7f5f484280 to 0
07-06 17:34:46.761 703 703 D GatekeeperNativeService: Using value 0 for gk oculus_vr_keyboard_explicit_exposure_120, user=0
07-06 17:34:46.763 709 13761 D NuPlayerDriver: notifyListener_l(0xf1e0c420), (1, 0, 0), loop setting(0, 0)
07-06 17:34:46.763 2045 2045 D MediaPlayer: setSubtitleAnchor in MediaPlayer
07-06 17:34:46.764 2045 29826 D MediaPlayer: setSubtitleAnchor in MediaPlayer
07-06 17:34:46.764 703 21530 D GatekeeperNativeService: Using value 0 for gk oculus_vr_keyboard_explicit_exposure_150, user=0
07-06 17:34:46.764 724 1397 I [CT] : TELEMETRY_COLLECTOR: Stopping periodic telemetry polling.
07-06 17:34:46.766 724 1397 I [CT] : NIMBLE:HLOG: NimbleTelemetryAggregator::populateTelemetry
07-06 17:34:46.772 2188 12779 I DirectRender: Restoring EGL_RENDER_BUFFER to 12420
07-06 17:34:46.772 709 1441 D NuPlayerDriver: start(0xf1e0c420), state is 4, eos is 0
07-06 17:34:46.773 709 13761 I GenericSource: start
07-06 17:34:46.776 724 1397 I [CT] : VisionInterface: [N15visioninterface22LiveTelemetryCollectorE]: Entering STANDBY state.
07-06 17:34:46.776 724 1397 I [CT] : VisionInterface: [N8coretech16PlatformServicesE]: Entering STANDBY state.
07-06 17:34:46.776 724 1397 I [CT] : VisionInterface: Entering STANDBY state.
07-06 17:34:46.776 724 1397 D LibDevices: CameraManager::stopCameraStreams()
07-06 17:34:46.782 709 13761 W Utils : track of type 'audio/vorbis' does not publish channel mask, channel count 2
07-06 17:34:46.782 2188 12779 I DirectRender: 0x7f60f1bf60 DirectRender::Shutdown
07-06 17:34:46.782 2188 12779 I DirectRender: Setting auto refresh on surface 0x7f5f4843c0 to 0
07-06 17:34:46.783 2188 12779 I DirectRender: Restoring EGL_RENDER_BUFFER to 12420
07-06 17:34:46.786 1535 1535 W nifiedtelemetry: type=1400 audit(0.0:258): avc: denied { read } for name="rpm_stats" dev="debugfs" ino=9836 scontext=u:r:system_app:s0 tcontext=u:object_r:debugfs:s0 tclass=file permissive=0
07-06 17:34:46.786 1535 1535 W nifiedtelemetry: type=1400 audit(0.0:259): avc: denied { read } for name="rpm_stats" dev="debugfs" ino=9836 scontext=u:r:system_app:s0 tcontext=u:object_r:debugfs:s0 tclass=file permissive=0
07-06 17:34:46.787 709 13761 W Utils : track of type 'audio/vorbis' does not publish channel mask, channel count 2
07-06 17:34:46.787 2188 12779 I TimeWarp: WarpThreadShutdown() - End
07-06 17:34:46.787 2188 12779 I TimeWarp: Exiting WarpThreadLoop()
07-06 17:34:46.790 2256 2311 I GuardianSystem: Starting pause
07-06 17:34:46.790 2188 2188 I TimeWarp: pthread_join() returned
07-06 17:34:46.794 724 1397 I OculusCameraHAL: Qcamera stopping all sensors with I2C broadcast...
07-06 17:34:46.795 709 13766 I MediaPlayerService: MediaPlayerService::getOMX
07-06 17:34:46.795 709 13766 I OMXClient: MuxOMX ctor
07-06 17:34:46.796 706 1295 I OMXMaster: makeComponentInstance(OMX.google.vorbis.decoder) in mediacodec process
07-06 17:34:46.799 1535 1535 W PowerCollector: could not read RPM stats
07-06 17:34:46.799 1535 1535 W PowerCollector: java.io.FileNotFoundException: /sys/kernel/debug/rpm_stats (Permission denied)
07-06 17:34:46.799 1535 1535 W PowerCollector: at java.io.FileInputStream.open(Native Method)
07-06 17:34:46.799 1535 1535 W PowerCollector: at java.io.FileInputStream.(FileInputStream.java:146)
07-06 17:34:46.799 1535 1535 W PowerCollector: at com.google.common.io.Files$FileByteSource.openStream(Files.java:129)
07-06 17:34:46.799 1535 1535 W PowerCollector: at com.google.common.io.Files$FileByteSource.read(Files.java:153)
07-06 17:34:46.799 1535 1535 W PowerCollector: at com.google.common.io.ByteSource$AsCharSource.read(ByteSource.java:470)
07-06 17:34:46.799 1535 1535 W PowerCollector: at com.oculus.unifiedtelemetry.collectors.FileOps.readFileContent(FileOps.java:27)
07-06 17:34:46.799 1535 1535 W PowerCollector: at com.oculus.unifiedtelemetry.collectors.PowerCollector.getRPMCount(PowerCollector.java:589)
07-06 17:34:46.799 1535 1535 W PowerCollector: at com.oculus.unifiedtelemetry.collectors.PowerCollector.onScreenOff(PowerCollector.java:226)
07-06 17:34:46.799 1535 1535 W PowerCollector: at com.oculus.unifiedtelemetry.collectors.CollectorsControl.onReceive(CollectorsControl.java:78)
07-06 17:34:46.799 1535 1535 W PowerCollector: at com.facebook.secure.receiver.SecureBroadcastReceiver.onReceive(SecureBroadcastReceiver.java:156)
07-06 17:34:46.799 1535 1535 W PowerCollector: at android.app.LoadedApk$ReceiverDispatcher$Args.run(LoadedApk.java:1126)
07-06 17:34:46.799 1535 1535 W PowerCollector: at android.os.Handler.handleCallback(Handler.java:751)
07-06 17:34:46.799 1535 1535 W PowerCollector: at android.os.Handler.dispatchMessage(Handler.java:95)
07-06 17:34:46.799 1535 1535 W PowerCollector: at android.os.Looper.loop(Looper.java:154)
07-06 17:34:46.799 1535 1535 W PowerCollector: at android.app.ActivityThread.main(ActivityThread.java:6165)
07-06 17:34:46.799 1535 1535 W PowerCollector: at java.lang.reflect.Method.invoke(Native Method)
07-06 17:34:46.799 1535 1535 W PowerCollector: at com.android.internal.os.ZygoteInit$MethodAndArgsCaller.run(ZygoteInit.java:886)
07-06 17:34:46.799 1535 1535 W PowerCollector: at com.android.internal.os.ZygoteInit.main(ZygoteInit.java:776)
07-06 17:34:46.800 1535 1535 W PowerCollector: could not read RPM stats
07-06 17:34:46.800 1535 1535 W PowerCollector: java.io.FileNotFoundException: /sys/kernel/debug/rpm_stats (Permission denied)
07-06 17:34:46.800 1535 1535 W PowerCollector: at java.io.FileInputStream.open(Native Method)
07-06 17:34:46.800 1535 1535 W PowerCollector: at java.io.FileInputStream.(FileInputStream.java:146)
07-06 17:34:46.800 1535 1535 W PowerCollector: at com.google.common.io.Files$FileByteSource.openStream(Files.java:129)
07-06 17:34:46.800 1535 1535 W PowerCollector: at com.google.common.io.Files$FileByteSource.read(Files.java:153)
07-06 17:34:46.800 1535 1535 W PowerCollector: at com.google.common.io.ByteSource$AsCharSource.read(ByteSource.java:470)
07-06 17:34:46.800 1535 1535 W PowerCollector: at com.oculus.unifiedtelemetry.collectors.FileOps.readFileContent(FileOps.java:27)
07-06 17:34:46.800 1535 1535 W PowerCollector: at com.oculus.unifiedtelemetry.collectors.PowerCollector.getRPMCount(PowerCollector.java:589)
07-06 17:34:46.800 1535 1535 W PowerCollector: at com.oculus.unifiedtelemetry.collectors.PowerCollector.onScreenOff(PowerCollector.java:227)
07-06 17:34:46.800 1535 1535 W PowerCollector: at com.oculus.unifiedtelemetry.collectors.CollectorsControl.onReceive(CollectorsControl.java:78)
07-06 17:34:46.800 1535 1535 W PowerCollector: at com.facebook.secure.receiver.SecureBroadcastReceiver.onReceive(SecureBroadcastReceiver.java:156)
07-06 17:34:46.800 1535 1535 W PowerCollector: at android.app.LoadedApk$ReceiverDispatcher$Args.run(LoadedApk.java:1126)
07-06 17:34:46.800 1535 1535 W PowerCollector: at android.os.Handler.handleCallback(Handler.java:751)
07-06 17:34:46.800 1535 1535 W PowerCollector: at android.os.Handler.dispatchMessage(Handler.java:95)
07-06 17:34:46.800 1535 1535 W PowerCollector: at android.os.Looper.loop(Looper.java:154)
07-06 17:34:46.800 1535 1535 W PowerCollector: at android.app.ActivityThread.main(ActivityThread.java:6165)
07-06 17:34:46.800 1535 1535 W PowerCollector: at java.lang.reflect.Method.invoke(Native Method)
07-06 17:34:46.800 1535 1535 W PowerCollector: at com.android.internal.os.ZygoteInit$MethodAndArgsCaller.run(ZygoteInit.java:886)
07-06 17:34:46.800 1535 1535 W PowerCollector: at com.android.internal.os.ZygoteInit.main(ZygoteInit.java:776)
07-06 17:34:46.801 706 1696 E OMXNodeInstance: setConfig(2c20068:google.vorbis.decoder, ConfigPriority(0x6f800002)) ERROR: Undefined(0x80001001)
07-06 17:34:46.801 709 13766 I ACodec : codec does not support config priority (err -2147483648)
07-06 17:34:46.804 706 893 E OMXNodeInstance: setConfig(2c20068:google.vorbis.decoder, ConfigPriority(0x6f800002)) ERROR: Undefined(0x80001001)
07-06 17:34:46.804 709 13766 I ACodec : codec does not support config priority (err -2147483648)
07-06 17:34:46.807 709 13766 I MediaCodec: MediaCodec will operate in async mode
07-06 17:34:46.809 1801 1801 I VRLifecycleManager: onReceive screen off
07-06 17:34:46.809 1801 1801 W VRLifecycleManager: onVRSessionEnded
07-06 17:34:46.809 724 1397 I OculusCameraDriver: Camera 0: Buffers are enqueued, ready to free buffers.
07-06 17:34:46.809 1801 1801 I OVRMediaServiceManager: teardownMediaService
07-06 17:34:46.809 1801 1801 I OVRMediaService: teardownService(), destroy enqueued
07-06 17:34:46.811 724 1397 I OculusCameraDriver: Camera 0: mini-driver stopped streaming
07-06 17:34:46.811 724 1397 I OculusCameraHAL: Camera 0: qcamera sensor stopped.
07-06 17:34:46.811 724 1397 I OculusCameraDriver: Camera 1: Buffers are enqueued, ready to free buffers.
07-06 17:34:46.811 724 1397 I OculusCameraDriver: Camera 1: mini-driver stopped streaming
07-06 17:34:46.812 724 1397 I OculusCameraHAL: Camera 1: qcamera sensor stopped.
07-06 17:34:46.812 724 1397 I OculusCameraDriver: Camera 2: Buffers are enqueued, ready to free buffers.
07-06 17:34:46.813 724 1397 I OculusCameraDriver: Camera 2: mini-driver stopped streaming
07-06 17:34:46.813 724 1397 I OculusCameraHAL: Camera 2: qcamera sensor stopped.
07-06 17:34:46.813 724 1397 I OculusCameraDriver: Camera 3: Buffers are enqueued, ready to free buffers.
07-06 17:34:46.813 724 1397 I OculusCameraDriver: Camera 3: mini-driver stopped streaming
07-06 17:34:46.814 724 1397 I OculusCameraHAL: Camera 3: qcamera sensor stopped.
07-06 17:34:46.814 724 1397 I OculusCameraDriver: Camera 0: mini-driver closing camera
07-06 17:34:46.814 724 1397 I OculusCameraDriver: Camera 0: mini-driver closed rc = 0
07-06 17:34:46.815 724 1397 I OculusCameraDriver: Camera 1: mini-driver closing camera
07-06 17:34:46.815 724 1397 I OculusCameraDriver: Camera 1: mini-driver closed rc = 0
07-06 17:34:46.815 724 1397 I OculusCameraDriver: Camera 2: mini-driver closing camera
07-06 17:34:46.816 724 1397 I OculusCameraDriver: Camera 2: mini-driver closed rc = 0
07-06 17:34:46.816 724 1397 I OculusCameraDriver: Camera 3: mini-driver closing camera
07-06 17:34:46.816 1077 1077 W TelecomManager: Telecom Service not found.
07-06 17:34:46.817 724 1397 I OculusCameraDriver: Camera 3: mini-driver closed rc = 0
07-06 17:34:46.817 2188 2188 I TimeWarp: OVR::Clocks thread stopped
07-06 17:34:46.817 2188 2188 I Vsync : ---------------- Vsync::Shutdown ----------------
07-06 17:34:46.817 2188 2188 I Vsync : Measured display refresh rate = 71.78 Hz
07-06 17:34:46.817 2188 2188 I Vsync : Closed /sys/class/graphics/fb0/vsync_event
07-06 17:34:46.817 2188 2188 I TimeWarp: ------------- ~TimeWarpLocal() End -------------
07-06 17:34:46.819 2256 2311 I [CT] : MIXEDREALITY: MrRuntimeImpl: onSleep: Clearing internal state.
07-06 17:34:46.819 2256 2311 I GuardianRender: Suspend: GuardianRender suspending.
07-06 17:34:46.819 2256 2311 I GoCompatibility: GoCompatibility: vrapi_LeaveVrMode_Hooked()
07-06 17:34:46.819 2256 2311 I VrApi : ---------- vrapi_LeaveVrMode [start] ----------
07-06 17:34:46.820 2256 2311 I VrApi : ---------- TREX [start] ----------
07-06 17:34:46.820 2256 2311 I VrApi : ---------- TREX [end] ----------
07-06 17:34:46.821 2256 2311 D VrApi : targetSDKVersion 24
07-06 17:34:46.822 1942 1942 I [OAN] VrNotificationListenerService: onNotificationRemoved(): key = 0|com.oculus.horizon|135234|null|10041, type = invalid
07-06 17:34:46.822 1942 1942 I [OAN] VrNotificationListenerService: onNotificationRemoved(): user|package|tag|id = UserHandle{0}|com.oculus.horizon|null|135234
07-06 17:34:46.823 1801 1801 I OVRMediaServiceManager: teardownPlatformPlugin - disconnecting ppm
07-06 17:34:46.824 2256 2311 I VrRuntimeClient: DEVICE MODEL NUMBER = Quest
07-06 17:34:46.824 2256 2311 I VrRuntimeClient: DEVICE HARDWARE = monterey
07-06 17:34:46.824 2256 2311 I VrRuntimeClient: DEVICE BUILD NAME = user-738660.26860.0
07-06 17:34:46.824 2256 2311 I VrRuntimeClient: DEVICE BUILD TYPE = user
07-06 17:34:46.824 2256 2311 I VrRuntimeClient: DEVICE OS VERSION = 7.1.1
07-06 17:34:46.824 2256 2311 I VrRuntimeClient: VRRUNTIME VERSION = VRAPI_VERSION_BEGIN { 1.1.35.0-224383112-224383112 Jun 19 2020 12:47:26 Development } RELEASE
07-06 17:34:46.824 2256 2311 I VrRuntimeClient: API LOADER VERSION = 1.1.35.0
07-06 17:34:46.824 2256 2311 I VrRuntimeClient: VRDRIVER VERSION = 18.0.0.403.517
07-06 17:34:46.824 2256 2311 I VrRuntimeClient: APP NAME = Oculus System Driver
07-06 17:34:46.824 2256 2311 I VrRuntimeClient: APP VERSION = 18.0.0.403.517 versionCode 224383112 internalVersionName 18.0.0.403.517.abc3175146a8 2020_06_19_12_46
07-06 17:34:46.824 2256 2311 I VrRuntimeClient: APP VR TYPE =
07-06 17:34:46.824 2256 2311 I VrRuntimeClient: APP MODE TYPE =
07-06 17:34:46.824 2256 2311 I VrRuntimeClient: APP PACKAGE NAME = com.oculus.systemdriver
07-06 17:34:46.824 2256 2311 I VrRuntimeClient: APP ACTIVITY CLASS = android.app.ContextImpl
07-06 17:34:46.825 1801 1801 I PlatformPluginManager: Disconnecting, removing client com.oculus.horizon.service_media.OVRMediaServiceManager@ecd15f8
07-06 17:34:46.825 1801 1801 I PlatformPluginManager: 1 remain
07-06 17:34:46.825 1801 1801 I OVRMediaService: teardownService(), destroy enqueued
07-06 17:34:46.825 724 1397 D OculusCameraDriver: syncboss_camera_release() done
07-06 17:34:46.826 724 1397 I LibDevices: De-initialized Camera HAL
07-06 17:34:46.826 724 1397 D Tracker/CoreOS: MontereyGlue: Transition complete RUNNING->STANDBY
07-06 17:34:46.826 724 1397 D Tracker/CoreOS: MontereyGlue: Releasing MontereyGlue WakeLock
07-06 17:34:46.829 1543 1543 D OculusNotificationListenerService: Notification removed: 0|com.oculus.horizon|135234|null|10041
07-06 17:34:46.832 1942 1942 D VrNotificationAnalytics: logNotificationRemoved(invalid)
07-06 17:34:46.832 1801 1801 I PlatformPluginManager: Setting headsetIsDocked: false
07-06 17:34:46.832 1801 1801 I PlatformPluginManager: Calling tearDown()
07-06 17:34:46.832 1801 1801 E PlatformPluginManager: Client list not empty on teardown. This will cause init to fail. Forcing clear.
07-06 17:34:46.833 1934 1934 D [SUI] NotificationBroadcastReceiver: action: com.oculus.intent.action.NOTIF_CHANGE
07-06 17:34:46.833 1934 1934 I NotificationManagerSourceHandler: Dataset has changed
07-06 17:34:46.833 1801 1801 I PlatformPluginManager: Unregiestering receiver
07-06 17:34:46.834 1801 1801 I PlatformPluginManager: Time between undock and unload 2
07-06 17:34:46.834 1801 1801 I PlatformPluginManager: Stopping reaper
07-06 17:34:46.834 1801 1801 I PlatformPluginManager: tearDown() complete
07-06 17:34:46.836 2256 2311 D BatteryReceiver: Unregistering battery receiver
07-06 17:34:46.840 1801 13769 I OVRPlatform: [AudioManager] SetHeadsetMounted: false
07-06 17:34:46.840 1801 13769 I OVRPlatform: [AudioManager] Current headsetMounted_ false
07-06 17:34:46.840 1801 13769 I OVRPlatform: [AudioManager] Current headphoneStatus_: DISCONNECTED
07-06 17:34:46.840 1801 13769 I OVRPlatform: [PartyChatWebRTC] Setting connection MicrophoneMutedState MUTED
07-06 17:34:46.840 1801 13769 I PlatformPlugin: [PlatformPluginManager] Stopping party chat
07-06 17:34:46.840 1801 13769 I OVRPlatform: [PartyChatInterchangeable] Stop PartyChat.
07-06 17:34:46.840 1801 13769 D PlatformPlugin: [PlatformPluginManager] Acquiring lock: nativeTearDown
07-06 17:34:46.840 1801 12760 I OVRPlatform: [PartyChatWebRTC] Updating playback mode to 0
