07-06 17:34:46.840 1801 13769 D PlatformPlugin: [PlatformPluginManager] Successfully acquired lock: nativeTearDown
07-06 17:34:46.840 1801 13769 I PlatformPlugin: [PlatformPluginManager] Teardown
07-06 17:34:46.841 1934 1934 V NotificationManagerSourceHandler: Notifications in manager set and current set are the same size
07-06 17:34:46.844 709 13765 I ExtendedNuUtils: Both src and dst missing for bit-width
07-06 17:34:46.844 709 13765 I ExtendedNuUtils: Overriding durationUs: with 64 bit src value 234000
07-06 17:34:46.844 709 13765 I ExtendedNuUtils: Both src and dst missing for channel-mask
07-06 17:34:46.844 549 20840 I AudioPolicyManagerCustom: FLAG None hence request for a primary output
07-06 17:34:46.845 549 1080 I AudioPolicyManagerCustom: FLAG None hence request for a primary output
07-06 17:34:46.845 549 1221 I AudioPolicyManagerCustom: offload disabled by audio.offload.disable=1
07-06 17:34:46.845 549 1221 I AudioPolicyManagerCustom: Direct PCM is disabled for this request
07-06 17:34:46.848 709 13764 D AudioTrack: Client defaulted notificationFrames to 12000 for frameCount 24000
07-06 17:34:46.849 1934 1934 V NotificationManagerSourceHandler: SOCIAL
07-06 17:34:46.851 709 13761 D NuPlayerDriver: notifyListener_l(0xf1e0c420), (6, 0, 0), loop setting(0, 0)
07-06 17:34:46.854 2256 2311 I VrApi : OVR::Stats thread stopped
07-06 17:34:46.854 2256 2311 I InputDeviceManager: ovrInputDeviceManager::Shutdown
07-06 17:34:46.857 2256 12785 I InputHooks_Internal: InputHooksThreadRun ShutdownRequest received
07-06 17:34:46.858 2256 2311 D InputHooksJava: Disabling Java Input Hooks
07-06 17:34:46.861 2396 2396 D [OAR] ShellOverlayBroadcastReceiver: onReceive with ShellOverlayService native pointer 4002431344, action com.oculus.vrshell.intent.action.DISMISS_NOTIFICATION
07-06 17:34:46.862 709 13765 I NuPlayerDecoder: [audio] saw output EOS
07-06 17:34:46.863 2188 11663 D VrRuntimeService: this client: 2256:com.oculus.systemdriver
07-06 17:34:46.863 2188 11663 D VrRuntimeService: enableRendering: clientWindow: null enable: false
07-06 17:34:46.863 2188 11663 I ClientMgr: ClientMgr::EnableRendering 2256:com.oculus.systemdriver : type 2 : disable
07-06 17:34:46.863 2188 11663 I VrRuntimeServer: SetCompositorClientEnabled client(3): enabled(0) 0x0
07-06 17:34:46.863 2396 2396 D [OAR] BroadcastReceiverHelpers: Shell backgrounded or not running.
07-06 17:34:46.864 2396 2396 I [OAO] ShellOverlayServiceJNI: NativeWake
07-06 17:34:46.864 2396 2396 I [OAO] ShellOverlayMain: WakeVrThread
07-06 17:34:46.864 2396 2396 I [OAO] ShellOverlayMain: WakeVrThread - notifying vr thread
07-06 17:34:46.864 2396 2462 I [OAO] ShellOverlayApp: VrThread woke up
07-06 17:34:46.864 2396 2462 I [OAO] ShellOverlayApp: 0xd4a3b3d0 msg: broadcastIntent:
07-06 17:34:46.864 2396 2462 I [OAO] ShellOverlayApp: status_bar_notification = 0|com.oculus.horizon|135234|null|10041
07-06 17:34:46.864 2396 2462 I [OAO] ShellOverlayApp: intent_action = com.oculus.vrshell.intent.action.DISMISS_NOTIFICATION
07-06 17:34:46.864 2396 2462 I [OAO] ShellOverlayApp: VrThread entering waiting state
07-06 17:34:46.867 1846 1846 D [OAR] ShellControlProtectedReceiver: onReceive with MainActivity native pointer 3866678960, action com.oculus.vrshell.intent.action.DISMISS_NOTIFICATION
07-06 17:34:46.868 1846 1926 I [OAR] ShellApp: 0xd4b44340 msg: broadcastIntent:
07-06 17:34:46.868 1846 1926 I [OAR] ShellApp: status_bar_notification = 0|com.oculus.horizon|135234|null|10041
07-06 17:34:46.868 1846 1926 I [OAR] ShellApp: intent_action = com.oculus.vrshell.intent.action.DISMISS_NOTIFICATION
07-06 17:34:46.914 2188 11663 W TimeWarp: SetClientEnabled: timed out disabling client 3
07-06 17:34:46.915 2256 12787 I VrRuntimeClient: FenceChecker::MainLoop - ended
07-06 17:34:46.915 2256 2311 I BufferObject: ovrBufferObjectFactory::Unimport deleting GL buffer=3583
07-06 17:34:46.915 2256 2311 I BufferObject: ovrBufferObjectFactory::Unimport deleting GL memory object=8
07-06 17:34:46.915 2256 2311 I TrackingServiceClient: OVR::TrackingService::ClientSetInterface
07-06 17:34:46.916 2256 2311 D TrackingServiceClient: onClientDisconnect
07-06 17:34:46.916 2256 2311 D TrackingServiceConnectionNative: onClientDisconnect
07-06 17:34:46.916 724 11680 I TrackingService: Unregistering client by ITrackingService.unregisterClient
07-06 17:34:46.916 724 11680 I TrackingService: TrackingServiceHost Unregistering client: pid 2256
07-06 17:34:46.916 2256 2311 D BinderConnection: Disconnecting from TrackingService service
07-06 17:34:46.916 2256 2311 D TrackingServiceConnectionNative: onDisconnected
07-06 17:34:46.916 2256 2311 D TrackingServiceClient: TrackingServiceConnection mConnectedRemotes.clear()
07-06 17:34:46.916 2256 2311 I TrackingServiceClient: OVR::TrackingService::ClientSetInterface
07-06 17:34:46.917 2256 2311 I VrApi : ---------- vrapi_LeaveVrMode [end] ----------
07-06 17:34:46.956 1934 1950 I art : Background partial concurrent mark sweep GC freed 38665(1730KB) AllocSpace objects, 14(1168KB) LOS objects, 40% free, 21MB/36MB, paused 716us total 114.222ms
07-06 17:34:47.084 709 13761 D NuPlayerDriver: notifyListener_l(0xf1e0c420), (2, 0, 0), loop setting(0, 0)
07-06 17:34:47.086 709 898 D NuPlayerDriver: reset(0xf1e0c420) at state 6
07-06 17:34:47.086 709 898 D NuPlayerDriver: notifyListener_l(0xf1e0c420), (8, 0, 0), loop setting(0, 0)
07-06 17:34:47.091 709 13761 W AMessage: failed to post message as target looper for handler 0 is gone.
07-06 17:34:47.093 709 13761 D NuPlayerDriver: notifyResetComplete(0xf1e0c420)
07-06 17:34:47.767 724 11496 I [CT] : VIPER:EXTERNAL_TRACKING_STATUS: Setting 3DoF.
07-06 17:34:47.767 724 11496 I [CT] : VIPER:EXTERNAL_TRACKING_STATUS: Forcing 3-DoF mode after detecting that the last vision update was 1 second(s) ago. The time limit is 1 second(s).
07-06 17:34:47.768 724 11496 I [CT] : VisionInterface: HMD Tracking switching to 3dof (from 6dof)
07-06 17:34:47.793 1846 2578 I OVR : OVRPlatform saving push token credentials for userid 105336190730996
07-06 17:34:47.837 1846 2578 I OVRPlatform: [FBNSHandler] Push token received
07-06 17:34:48.949 1501 1501 I wpa_supplicant: wlan0: WPA: Group rekeying completed with 50:6a:03:37:55:88 [GTK=CCMP]
07-06 17:34:49.844 1801 12764 I libjingle: [88679:116] [12764] (webrtcvoiceengine.cc:624): WebRtcVoiceEngine::Terminate
07-06 17:34:49.845 1801 12764 I libjingle: [88679:116] [12764] (AudioRecordWrapper.cpp:42): Calling AudioRecord::Stop()
07-06 17:34:49.845 1801 12764 I OVRPlatform: [SharedMicrophoneAudioRecord] SharedMicrophoneAudioRecord::Stop
07-06 17:34:49.845 1801 12764 D AudioTrackJni: Terminate@[tid=12764]
07-06 17:34:49.845 1801 12764 D AudioTrackJni: StopPlayout@[tid=12764]
07-06 17:34:49.845 1801 12764 D AudioManager: Close@[tid=12764]
07-06 17:34:49.845 1801 12764 I org.webrtc.Logging: WebRtcAudioManager: dispose@[name=Thread-342, id=1949]
07-06 17:34:49.846 1801 12764 I libjingle: [88679:117] [12764] (webrtcvideoengine2.cc:502): WebRtcVideoEngine2::~WebRtcVideoEngine2
07-06 17:34:49.847 1801 12763 I MediaCodecVideoDecoder: [88679:118] [12763] MediaCodecVideoDecoder: MediaCodecVideoDecoderFactory dtor
07-06 17:34:49.847 1801 12763 I MediaCodecVideoEncoder: [88679:119] [12763] MediaCodecVideoEncoder: MediaCodecVideoEncoderFactory dtor
07-06 17:34:49.847 1801 12764 I libjingle: [88679:119] [12764] (AudioRecordWrapper.cpp:42): Calling AudioRecord::Stop()
07-06 17:34:49.847 1801 12764 I OVRPlatform: [SharedMicrophoneAudioRecord] SharedMicrophoneAudioRecord::Stop
07-06 17:34:49.848 1801 12764 I OVRPlatform: [SharedMicrophoneAudioRecord] SharedMicrophoneAudioRecord::Stop
07-06 17:34:49.848 1801 12764 I OVRPlatform: [MicrophoneServer] MicrophoneServer::removeSharedClient 0xc5650ca0
07-06 17:34:49.848 1801 12764 I OVRPlatform: [MicrophoneServer] removed 0, 0 remaining
07-06 17:34:49.848 1801 12764 I OVRPlatform: [MicrophoneServer] No connections left, stopping
07-06 17:34:49.848 1801 12764 I OVRPlatform-OVRMicrophone: Stopping microphone recording. Current state: Initialized
07-06 17:34:49.848 1801 12764 D AudioTrackJni: ~dtor@[tid=12764]
07-06 17:34:49.848 1801 12764 D AudioTrackJni: Terminate@[tid=12764]
07-06 17:34:49.848 1801 12764 D AudioTrackJni: StopPlayout@[tid=12764]
07-06 17:34:49.848 1801 12764 D JVM : GlobalRef::dtor@[tid=12764]
07-06 17:34:49.848 1801 12764 D JVM : NativeRegistration::dtor@[tid=12764]
07-06 17:34:49.848 1801 12764 D JVM : JNIEnvironment::dtor@[tid=12764]
07-06 17:34:49.848 1801 12764 D JVM : AttachCurrentThreadIfNeeded::dtor@[tid=12764]
07-06 17:34:49.848 1801 12764 D AudioManager: ~dtor@[tid=12764]
07-06 17:34:49.848 1801 12764 D AudioManager: Close@[tid=12764]
07-06 17:34:49.848 1801 12764 D AudioManager: JavaAudioManager::dtor@[tid=12764]
07-06 17:34:49.848 1801 12764 D JVM : GlobalRef::dtor@[tid=12764]
07-06 17:34:49.848 1801 12764 D JVM : NativeRegistration::dtor@[tid=12764]
07-06 17:34:49.848 1801 12764 D JVM : JNIEnvironment::dtor@[tid=12764]
07-06 17:34:49.848 1801 12764 D JVM : AttachCurrentThreadIfNeeded::dtor@[tid=12764]
07-06 17:34:49.848 1801 12764 D JVM : Detaching thread from JVM
07-06 17:34:49.851 1801 13769 I OVRPlatform: [AndroidPlatformIntegration] AndroidPlatformIntegration::dtor
07-06 17:34:49.851 1801 13769 D JVM : JVM::Uninitialize@[tid=13769]
07-06 17:34:49.851 1801 13769 D JVM : JVM::~JVM@[tid=13769]
07-06 17:34:49.851 1801 13769 I OVRPlatform: [AndroidPlatformIntegration] Releasing global references
07-06 17:34:49.851 1801 13769 I OVRPlatform: [MicrophoneServer] Enter MicrophoneServer::~MicrophoneServer
07-06 17:34:49.851 1801 13769 I OVRPlatform-OVRMicrophone: Stopping microphone recording. Current state: Initialized
07-06 17:34:49.851 1801 13769 I OVRPlatform-OVRMicrophone: Stopping microphone recording. Current state: Initialized
07-06 17:34:49.851 1801 13769 I OVRPlatform: [MicrophoneServer] Exit MicrophoneServer::~MicrophoneServer
07-06 17:34:49.851 1801 13769 D PlatformPlugin: [PlatformPluginManager] Releasing lock: nativeTearDown
07-06 17:34:50.088 549 596 D audio_hw_primary: out_standby: enter: stream (0xe71d3780) usecase(1: low-latency-playback)
07-06 17:34:50.113 549 596 D audio_hw_primary: disable_audio_route: reset and update mixer path: low-latency-playback speaker
07-06 17:34:50.113 549 596 D hardware_info: hw_info_append_hw_type : device_name = speaker
07-06 17:34:50.113 549 596 D audio_hw_primary: disable_snd_device: snd_device(2: speaker)
07-06 17:34:50.113 549 596 D msm8974_platform: platform_split_snd_device: snd_device(2) new_snd_devices (speaker)
07-06 17:34:50.116 549 596 D audio_hw_primary: out_standby: exit
07-06 17:34:50.671 13776 13776 D AndroidRuntime: >>>>>> START com.android.internal.os.RuntimeInit uid 2000 <<<<<<
07-06 17:34:50.674 13776 13776 D AndroidRuntime: CheckJNI is OFF
07-06 17:34:50.750 13776 13776 D ICU : No timezone override file found: /data/misc/zoneinfo/current/icu/icu_tzdata.dat
07-06 17:34:50.767 13776 13776 I Radio-JNI: register_android_hardware_Radio DONE
07-06 17:34:50.775 13776 13776 D AndroidRuntime: Calling main entry com.android.commands.pm.Pm
07-06 17:34:50.787 13776 13776 I art : System.exit called, status: 0
07-06 17:34:50.787 13776 13776 I AndroidRuntime: VM exiting with result code 0.
07-06 17:34:50.788 13776 13786 W MessageQueue: Handler (android.os.Handler) {a512004} sending message to a Handler on a dead thread
07-06 17:34:50.788 13776 13786 W MessageQueue: java.lang.IllegalStateException: Handler (android.os.Handler) {a512004} sending message to a Handler on a dead thread
07-06 17:34:50.788 13776 13786 W MessageQueue: at android.os.MessageQueue.enqueueMessage(MessageQueue.java:543)
07-06 17:34:50.788 13776 13786 W MessageQueue: at android.os.Handler.enqueueMessage(Handler.java:643)
07-06 17:34:50.788 13776 13786 W MessageQueue: at android.os.Handler.sendMessageAtTime(Handler.java:612)
07-06 17:34:50.788 13776 13786 W MessageQueue: at android.os.Handler.sendMessageDelayed(Handler.java:582)
07-06 17:34:50.788 13776 13786 W MessageQueue: at android.os.Handler.post(Handler.java:338)
07-06 17:34:50.788 13776 13786 W MessageQueue: at android.os.ResultReceiver$MyResultReceiver.send(ResultReceiver.java:57)
07-06 17:34:50.788 13776 13786 W MessageQueue: at com.android.internal.os.IResultReceiver$Stub.onTransact(IResultReceiver.java:58)
07-06 17:34:50.788 13776 13786 W MessageQueue: at android.os.Binder.execTransact(Binder.java:606)
07-06 17:34:50.788 13776 13776 D OVRMrcLib: ovrVulkanLoader::Unload
07-06 17:34:55.675 13802 13802 D AndroidRuntime: >>>>>> START com.android.internal.os.RuntimeInit uid 2000 <<<<<<
07-06 17:34:55.679 13802 13802 D AndroidRuntime: CheckJNI is OFF
07-06 17:34:55.764 13802 13802 D ICU : No timezone override file found: /data/misc/zoneinfo/current/icu/icu_tzdata.dat
07-06 17:34:55.782 13802 13802 I Radio-JNI: register_android_hardware_Radio DONE
07-06 17:34:55.790 13802 13802 D AndroidRuntime: Calling main entry com.android.commands.pm.Pm
07-06 17:34:55.806 13802 13802 I art : System.exit called, status: 0
07-06 17:34:55.806 13802 13802 I AndroidRuntime: VM exiting with result code 0.
07-06 17:34:55.808 13802 13802 D OVRMrcLib: ovrVulkanLoader::Unload
07-06 17:34:55.813 13802 13811 W MessageQueue: Handler (android.os.Handler) {4778935} sending message to a Handler on a dead thread
07-06 17:34:55.813 13802 13811 W MessageQueue: java.lang.IllegalStateException: Handler (android.os.Handler) {4778935} sending message to a Handler on a dead thread
07-06 17:34:55.813 13802 13811 W MessageQueue: at android.os.MessageQueue.enqueueMessage(MessageQueue.java:543)
07-06 17:34:55.813 13802 13811 W MessageQueue: at android.os.Handler.enqueueMessage(Handler.java:643)
07-06 17:34:55.813 13802 13811 W MessageQueue: at android.os.Handler.sendMessageAtTime(Handler.java:612)
07-06 17:34:55.813 13802 13811 W MessageQueue: at android.os.Handler.sendMessageDelayed(Handler.java:582)
07-06 17:34:55.813 13802 13811 W MessageQueue: at android.os.Handler.post(Handler.java:338)
07-06 17:34:55.813 13802 13811 W MessageQueue: at android.os.ResultReceiver$MyResultReceiver.send(ResultReceiver.java:57)
07-06 17:34:55.813 13802 13811 W MessageQueue: at com.android.internal.os.IResultReceiver$Stub.onTransact(IResultReceiver.java:58)
07-06 17:34:55.813 13802 13811 W MessageQueue: at android.os.Binder.execTransact(Binder.java:606)
07-06 17:35:00.693 13830 13830 D AndroidRuntime: >>>>>> START com.android.internal.os.RuntimeInit uid 2000 <<<<<<
07-06 17:35:00.696 13830 13830 D AndroidRuntime: CheckJNI is OFF
07-06 17:35:00.778 13830 13830 D ICU : No timezone override file found: /data/misc/zoneinfo/current/icu/icu_tzdata.dat
07-06 17:35:00.795 13830 13830 I Radio-JNI: register_android_hardware_Radio DONE
07-06 17:35:00.803 13830 13830 D AndroidRuntime: Calling main entry com.android.commands.pm.Pm
07-06 17:35:00.817 13830 13830 I art : System.exit called, status: 0
07-06 17:35:00.817 13830 13830 I AndroidRuntime: VM exiting with result code 0.
07-06 17:35:00.817 13830 13839 W MessageQueue: Handler (android.os.Handler) {e9df266} sending message to a Handler on a dead thread
07-06 17:35:00.817 13830 13839 W MessageQueue: java.lang.IllegalStateException: Handler (android.os.Handler) {e9df266} sending message to a Handler on a dead thread
07-06 17:35:00.817 13830 13839 W MessageQueue: at android.os.MessageQueue.enqueueMessage(MessageQueue.java:543)
07-06 17:35:00.817 13830 13839 W MessageQueue: at android.os.Handler.enqueueMessage(Handler.java:643)
07-06 17:35:00.817 13830 13839 W MessageQueue: at android.os.Handler.sendMessageAtTime(Handler.java:612)
07-06 17:35:00.817 13830 13839 W MessageQueue: at android.os.Handler.sendMessageDelayed(Handler.java:582)
07-06 17:35:00.817 13830 13839 W MessageQueue: at android.os.Handler.post(Handler.java:338)
07-06 17:35:00.817 13830 13839 W MessageQueue: at android.os.ResultReceiver$MyResultReceiver.send(ResultReceiver.java:57)
07-06 17:35:00.817 13830 13839 W MessageQueue: at com.android.internal.os.IResultReceiver$Stub.onTransact(IResultReceiver.java:58)
07-06 17:35:00.817 13830 13839 W MessageQueue: at android.os.Binder.execTransact(Binder.java:606)
07-06 17:35:00.818 13830 13830 D OVRMrcLib: ovrVulkanLoader::Unload
07-06 17:35:03.975 1469 13852 I OSUpdateService: Intent with action system_battery_changed
07-06 17:35:04.067 1469 13853 I OSUpdateService: Intent with action system_battery_changed
07-06 17:35:05.714 13858 13858 D AndroidRuntime: >>>>>> START com.android.internal.os.RuntimeInit uid 2000 <<<<<<
07-06 17:35:05.718 13858 13858 D AndroidRuntime: CheckJNI is OFF
07-06 17:35:05.795 13858 13858 D ICU : No timezone override file found: /data/misc/zoneinfo/current/icu/icu_tzdata.dat
07-06 17:35:05.812 13858 13858 I Radio-JNI: register_android_hardware_Radio DONE
07-06 17:35:05.821 13858 13858 D AndroidRuntime: Calling main entry com.android.commands.pm.Pm
07-06 17:35:05.834 13858 13858 I art : System.exit called, status: 0
07-06 17:35:05.834 13858 13858 I AndroidRuntime: VM exiting with result code 0.
07-06 17:35:05.834 13858 13858 D OVRMrcLib: ovrVulkanLoader::Unload
07-06 17:35:10.711 13884 13884 D AndroidRuntime: >>>>>> START com.android.internal.os.RuntimeInit uid 2000 <<<<<<
07-06 17:35:10.717 13884 13884 D AndroidRuntime: CheckJNI is OFF
07-06 17:35:10.795 13884 13884 D ICU : No timezone override file found: /data/misc/zoneinfo/current/icu/icu_tzdata.dat
07-06 17:35:10.813 13884 13884 I Radio-JNI: register_android_hardware_Radio DONE
07-06 17:35:10.822 13884 13884 D AndroidRuntime: Calling main entry com.android.commands.pm.Pm
07-06 17:35:10.837 13884 13884 I art : System.exit called, status: 0
07-06 17:35:10.837 13884 13884 I AndroidRuntime: VM exiting with result code 0.
07-06 17:35:10.837 13884 13884 D OVRMrcLib: ovrVulkanLoader::Unload
07-06 17:35:11.611 1469 13908 I OSUpdateService: Intent with action system_battery_changed
07-06 17:35:15.713 13913 13913 D AndroidRuntime: >>>>>> START com.android.internal.os.RuntimeInit uid 2000 <<<<<<
07-06 17:35:15.717 13913 13913 D AndroidRuntime: CheckJNI is OFF
07-06 17:35:15.797 13913 13913 D ICU : No timezone override file found: /data/misc/zoneinfo/current/icu/icu_tzdata.dat
07-06 17:35:15.813 13913 13913 I Radio-JNI: register_android_hardware_Radio DONE
07-06 17:35:15.821 13913 13913 D AndroidRuntime: Calling main entry com.android.commands.pm.Pm
07-06 17:35:15.837 13913 13913 I art : System.exit called, status: 0
07-06 17:35:15.837 13913 13913 I AndroidRuntime: VM exiting with result code 0.
07-06 17:35:15.841 13913 13913 D OVRMrcLib: ovrVulkanLoader::Unload
07-06 17:35:15.841 13913 13922 W MessageQueue: Handler (android.os.Handler) {d112df9} sending message to a Handler on a dead thread
07-06 17:35:15.841 13913 13922 W MessageQueue: java.lang.IllegalStateException: Handler (android.os.Handler) {d112df9} sending message to a Handler on a dead thread
07-06 17:35:15.841 13913 13922 W MessageQueue: at android.os.MessageQueue.enqueueMessage(MessageQueue.java:543)
07-06 17:35:15.841 13913 13922 W MessageQueue: at android.os.Handler.enqueueMessage(Handler.java:643)
07-06 17:35:15.841 13913 13922 W MessageQueue: at android.os.Handler.sendMessageAtTime(Handler.java:612)
07-06 17:35:15.841 13913 13922 W MessageQueue: at android.os.Handler.sendMessageDelayed(Handler.java:582)
07-06 17:35:15.841 13913 13922 W MessageQueue: at android.os.Handler.post(Handler.java:338)
07-06 17:35:15.841 13913 13922 W MessageQueue: at android.os.ResultReceiver$MyResultReceiver.send(ResultReceiver.java:57)
07-06 17:35:15.841 13913 13922 W MessageQueue: at com.android.internal.os.IResultReceiver$Stub.onTransact(IResultReceiver.java:58)
07-06 17:35:15.841 13913 13922 W MessageQueue: at android.os.Binder.execTransact(Binder.java:606)
07-06 17:35:16.670 2396 2764 I OVR : OVRPlatform saving push token credentials for userid 105336190730996
07-06 17:35:16.713 2396 2764 I OVRPlatform: [FBNSHandler] Push token received
07-06 17:35:19.155 1846 2578 I OVR : OVRPlatform saving push token credentials for userid 105336190730996
07-06 17:35:19.270 1846 2578 I OVRPlatform: [FBNSHandler] Push token received
07-06 17:35:20.711 13941 13941 D AndroidRuntime: >>>>>> START com.android.internal.os.RuntimeInit uid 2000 <<<<<<
07-06 17:35:20.714 13941 13941 D AndroidRuntime: CheckJNI is OFF
07-06 17:35:20.794 13941 13941 D ICU : No timezone override file found: /data/misc/zoneinfo/current/icu/icu_tzdata.dat
07-06 17:35:20.813 13941 13941 I Radio-JNI: register_android_hardware_Radio DONE
07-06 17:35:20.822 13941 13941 D AndroidRuntime: Calling main entry com.android.commands.pm.Pm
07-06 17:35:20.837 13941 13941 I art : System.exit called, status: 0
07-06 17:35:20.837 13941 13941 I AndroidRuntime: VM exiting with result code 0.
07-06 17:35:20.837 13941 13941 D OVRMrcLib: ovrVulkanLoader::Unload
07-06 17:35:25.714 13968 13968 D AndroidRuntime: >>>>>> START com.android.internal.os.RuntimeInit uid 2000 <<<<<<
07-06 17:35:25.717 13968 13968 D AndroidRuntime: CheckJNI is OFF
07-06 17:35:25.770 2396 2764 I OVR : OVRPlatform saving push token credentials for userid 105336190730996
07-06 17:35:25.793 13968 13968 D ICU : No timezone override file found: /data/misc/zoneinfo/current/icu/icu_tzdata.dat
07-06 17:35:25.809 13968 13968 I Radio-JNI: register_android_hardware_Radio DONE
07-06 17:35:25.816 2396 2764 I OVRPlatform: [FBNSHandler] Push token received
07-06 17:35:25.817 13968 13968 D AndroidRuntime: Calling main entry com.android.commands.pm.Pm
07-06 17:35:25.831 13968 13968 I art : System.exit called, status: 0
07-06 17:35:25.831 13968 13968 I AndroidRuntime: VM exiting with result code 0.
07-06 17:35:25.835 13968 13968 D OVRMrcLib: ovrVulkanLoader::Unload
07-06 17:35:25.845 13968 13978 W MessageQueue: Handler (android.os.Handler) {15e005b} sending message to a Handler on a dead thread
07-06 17:35:25.845 13968 13978 W MessageQueue: java.lang.IllegalStateException: Handler (android.os.Handler) {15e005b} sending message to a Handler on a dead thread
07-06 17:35:25.845 13968 13978 W MessageQueue: at android.os.MessageQueue.enqueueMessage(MessageQueue.java:543)
07-06 17:35:25.845 13968 13978 W MessageQueue: at android.os.Handler.enqueueMessage(Handler.java:643)
07-06 17:35:25.845 13968 13978 W MessageQueue: at android.os.Handler.sendMessageAtTime(Handler.java:612)
07-06 17:35:25.845 13968 13978 W MessageQueue: at android.os.Handler.sendMessageDelayed(Handler.java:582)
07-06 17:35:25.845 13968 13978 W MessageQueue: at android.os.Handler.post(Handler.java:338)
07-06 17:35:25.845 13968 13978 W MessageQueue: at android.os.ResultReceiver$MyResultReceiver.send(ResultReceiver.java:57)
07-06 17:35:25.845 13968 13978 W MessageQueue: at com.android.internal.os.IResultReceiver$Stub.onTransact(IResultReceiver.java:58)
07-06 17:35:25.845 13968 13978 W MessageQueue: at android.os.Binder.execTransact(Binder.java:606)
07-06 17:35:30.729 13995 13995 D AndroidRuntime: >>>>>> START com.android.internal.os.RuntimeInit uid 2000 <<<<<<
07-06 17:35:30.732 13995 13995 D AndroidRuntime: CheckJNI is OFF
07-06 17:35:30.820 13995 13995 D ICU : No timezone override file found: /data/misc/zoneinfo/current/icu/icu_tzdata.dat
07-06 17:35:30.839 13995 13995 I Radio-JNI: register_android_hardware_Radio DONE
07-06 17:35:30.847 13995 13995 D AndroidRuntime: Calling main entry com.android.commands.pm.Pm
07-06 17:35:30.859 13995 13995 I art : System.exit called, status: 0
07-06 17:35:30.859 13995 13995 I AndroidRuntime: VM exiting with result code 0.
07-06 17:35:30.861 13995 14004 W MessageQueue: Handler (android.os.Handler) {b84698c} sending message to a Handler on a dead thread
07-06 17:35:30.861 13995 14004 W MessageQueue: java.lang.IllegalStateException: Handler (android.os.Handler) {b84698c} sending message to a Handler on a dead thread
07-06 17:35:30.861 13995 14004 W MessageQueue: at android.os.MessageQueue.enqueueMessage(MessageQueue.java:543)
07-06 17:35:30.861 13995 14004 W MessageQueue: at android.os.Handler.enqueueMessage(Handler.java:643)
07-06 17:35:30.861 13995 14004 W MessageQueue: at android.os.Handler.sendMessageAtTime(Handler.java:612)
07-06 17:35:30.861 13995 14004 W MessageQueue: at android.os.Handler.sendMessageDelayed(Handler.java:582)
07-06 17:35:30.861 13995 14004 W MessageQueue: at android.os.Handler.post(Handler.java:338)
07-06 17:35:30.861 13995 14004 W MessageQueue: at android.os.ResultReceiver$MyResultReceiver.send(ResultReceiver.java:57)
07-06 17:35:30.861 13995 14004 W MessageQueue: at com.android.internal.os.IResultReceiver$Stub.onTransact(IResultReceiver.java:58)
07-06 17:35:30.861 13995 14004 W MessageQueue: at android.os.Binder.execTransact(Binder.java:606)
07-06 17:35:30.861 13995 13995 D OVRMrcLib: ovrVulkanLoader::Unload
07-06 17:35:35.726 14023 14023 D AndroidRuntime: >>>>>> START com.android.internal.os.RuntimeInit uid 2000 <<<<<<
07-06 17:35:35.729 14023 14023 D AndroidRuntime: CheckJNI is OFF
07-06 17:35:35.820 14023 14023 D ICU : No timezone override file found: /data/misc/zoneinfo/current/icu/icu_tzdata.dat
07-06 17:35:35.840 14023 14023 I Radio-JNI: register_android_hardware_Radio DONE
07-06 17:35:35.849 14023 14023 D AndroidRuntime: Calling main entry com.android.commands.pm.Pm
07-06 17:35:35.862 14023 14023 I art : System.exit called, status: 0
07-06 17:35:35.862 14023 14023 I AndroidRuntime: VM exiting with result code 0.
07-06 17:35:35.863 14023 14033 W MessageQueue: Handler (android.os.Handler) {5aad2bd} sending message to a Handler on a dead thread
07-06 17:35:35.863 14023 14033 W MessageQueue: java.lang.IllegalStateException: Handler (android.os.Handler) {5aad2bd} sending message to a Handler on a dead thread
07-06 17:35:35.863 14023 14033 W MessageQueue: at android.os.MessageQueue.enqueueMessage(MessageQueue.java:543)
07-06 17:35:35.863 14023 14033 W MessageQueue: at android.os.Handler.enqueueMessage(Handler.java:643)
07-06 17:35:35.863 14023 14033 W MessageQueue: at android.os.Handler.sendMessageAtTime(Handler.java:612)
07-06 17:35:35.863 14023 14033 W MessageQueue: at android.os.Handler.sendMessageDelayed(Handler.java:582)
07-06 17:35:35.863 14023 14033 W MessageQueue: at android.os.Handler.post(Handler.java:338)
07-06 17:35:35.863 14023 14033 W MessageQueue: at android.os.ResultReceiver$MyResultReceiver.send(ResultReceiver.java:57)
07-06 17:35:35.863 14023 14033 W MessageQueue: at com.android.internal.os.IResultReceiver$Stub.onTransact(IResultReceiver.java:58)
07-06 17:35:35.863 14023 14033 W MessageQueue: at android.os.Binder.execTransact(Binder.java:606)
07-06 17:35:35.863 14023 14023 D OVRMrcLib: ovrVulkanLoader::Unload
07-06 17:35:36.655 1846 2578 I OVR : OVRPlatform saving push token credentials for userid 105336190730996
07-06 17:35:36.735 1846 2578 I OVRPlatform: [FBNSHandler] Push token received
07-06 17:35:40.737 14051 14051 D AndroidRuntime: >>>>>> START com.android.internal.os.RuntimeInit uid 2000 <<<<<<
07-06 17:35:40.740 14051 14051 D AndroidRuntime: CheckJNI is OFF
07-06 17:35:40.825 14051 14051 D ICU : No timezone override file found: /data/misc/zoneinfo/current/icu/icu_tzdata.dat
07-06 17:35:40.842 14051 14051 I Radio-JNI: register_android_hardware_Radio DONE
07-06 17:35:40.851 14051 14051 D AndroidRuntime: Calling main entry com.android.commands.pm.Pm
07-06 17:35:40.862 14051 14051 I art : System.exit called, status: 0
07-06 17:35:40.863 14051 14051 I AndroidRuntime: VM exiting with result code 0.
07-06 17:35:40.863 14051 14051 D OVRMrcLib: ovrVulkanLoader::Unload
07-06 17:35:45.736 14078 14078 D AndroidRuntime: >>>>>> START com.android.internal.os.RuntimeInit uid 2000 <<<<<<
07-06 17:35:45.739 14078 14078 D AndroidRuntime: CheckJNI is OFF
07-06 17:35:45.826 14078 14078 D ICU : No timezone override file found: /data/misc/zoneinfo/current/icu/icu_tzdata.dat
07-06 17:35:45.843 14078 14078 I Radio-JNI: register_android_hardware_Radio DONE
07-06 17:35:45.851 14078 14078 D AndroidRuntime: Calling main entry com.android.commands.pm.Pm
07-06 17:35:45.864 14078 14078 I art : System.exit called, status: 0
07-06 17:35:45.864 14078 14078 I AndroidRuntime: VM exiting with result code 0.
07-06 17:35:45.864 14078 14078 D OVRMrcLib: ovrVulkanLoader::Unload
07-06 17:35:50.748 14104 14104 D AndroidRuntime: >>>>>> START com.android.internal.os.RuntimeInit uid 2000 <<<<<<
07-06 17:35:50.751 14104 14104 D AndroidRuntime: CheckJNI is OFF
07-06 17:35:50.836 14104 14104 D ICU : No timezone override file found: /data/misc/zoneinfo/current/icu/icu_tzdata.dat
07-06 17:35:50.855 14104 14104 I Radio-JNI: register_android_hardware_Radio DONE
07-06 17:35:50.864 14104 14104 D AndroidRuntime: Calling main entry com.android.commands.pm.Pm
07-06 17:35:50.879 14104 14104 I art : System.exit called, status: 0
07-06 17:35:50.879 14104 14104 I AndroidRuntime: VM exiting with result code 0.
07-06 17:35:50.879 14104 14104 D OVRMrcLib: ovrVulkanLoader::Unload
07-06 17:35:55.746 14133 14133 D AndroidRuntime: >>>>>> START com.android.internal.os.RuntimeInit uid 2000 <<<<<<
07-06 17:35:55.750 14133 14133 D AndroidRuntime: CheckJNI is OFF
07-06 17:35:55.832 14133 14133 D ICU : No timezone override file found: /data/misc/zoneinfo/current/icu/icu_tzdata.dat
07-06 17:35:55.848 14133 14133 I Radio-JNI: register_android_hardware_Radio DONE
07-06 17:35:55.857 14133 14133 D AndroidRuntime: Calling main entry com.android.commands.pm.Pm
07-06 17:35:55.869 14133 14133 I art : System.exit called, status: 0
07-06 17:35:55.869 14133 14133 I AndroidRuntime: VM exiting with result code 0.
07-06 17:35:55.869 14133 14133 D OVRMrcLib: ovrVulkanLoader::Unload
07-06 17:35:57.079 2396 2764 I OVR : OVRPlatform saving push token credentials for userid 105336190730996
07-06 17:35:57.143 2396 2764 I OVRPlatform: [FBNSHandler] Push token received
07-06 17:36:00.748 14160 14160 D AndroidRuntime: >>>>>> START com.android.internal.os.RuntimeInit uid 2000 <<<<<<
07-06 17:36:00.751 14160 14160 D AndroidRuntime: CheckJNI is OFF
07-06 17:36:00.832 14160 14160 D ICU : No timezone override file found: /data/misc/zoneinfo/current/icu/icu_tzdata.dat
07-06 17:36:00.851 14160 14160 I Radio-JNI: register_android_hardware_Radio DONE
07-06 17:36:00.861 14160 14160 D AndroidRuntime: Calling main entry com.android.commands.pm.Pm
07-06 17:36:00.875 14160 14160 I art : System.exit called, status: 0
07-06 17:36:00.875 14160 14160 I AndroidRuntime: VM exiting with result code 0.
07-06 17:36:00.875 14160 14160 D OVRMrcLib: ovrVulkanLoader::Unload
07-06 17:36:05.754 14186 14186 D AndroidRuntime: >>>>>> START com.android.internal.os.RuntimeInit uid 2000 <<<<<<
07-06 17:36:05.758 14186 14186 D AndroidRuntime: CheckJNI is OFF
07-06 17:36:05.835 14186 14186 D ICU : No timezone override file found: /data/misc/zoneinfo/current/icu/icu_tzdata.dat
07-06 17:36:05.853 14186 14186 I Radio-JNI: register_android_hardware_Radio DONE
07-06 17:36:05.862 14186 14186 D AndroidRuntime: Calling main entry com.android.commands.pm.Pm
07-06 17:36:05.875 14186 14186 I art : System.exit called, status: 0
07-06 17:36:05.875 14186 14186 I AndroidRuntime: VM exiting with result code 0.
07-06 17:36:05.876 14186 14186 D OVRMrcLib: ovrVulkanLoader::Unload
07-06 17:36:08.070 1846 2578 I OVR : OVRPlatform saving push token credentials for userid 105336190730996
07-06 17:36:08.136 1846 2578 I OVRPlatform: [FBNSHandler] Push token received
07-06 17:36:10.756 14213 14213 D AndroidRuntime: >>>>>> START com.android.internal.os.RuntimeInit uid 2000 <<<<<<
07-06 17:36:10.759 14213 14213 D AndroidRuntime: CheckJNI is OFF
07-06 17:36:10.840 14213 14213 D ICU : No timezone override file found: /data/misc/zoneinfo/current/icu/icu_tzdata.dat
07-06 17:36:10.859 14213 14213 I Radio-JNI: register_android_hardware_Radio DONE
07-06 17:36:10.867 14213 14213 D AndroidRuntime: Calling main entry com.android.commands.pm.Pm
07-06 17:36:10.880 14213 14213 I art : System.exit called, status: 0
07-06 17:36:10.881 14213 14213 I AndroidRuntime: VM exiting with result code 0.
07-06 17:36:10.883 14213 14223 W MessageQueue: Handler (android.os.Handler) {cb7b314} sending message to a Handler on a dead thread
07-06 17:36:10.883 14213 14223 W MessageQueue: java.lang.IllegalStateException: Handler (android.os.Handler) {cb7b314} sending message to a Handler on a dead thread
07-06 17:36:10.883 14213 14223 W MessageQueue: at android.os.MessageQueue.enqueueMessage(MessageQueue.java:543)
07-06 17:36:10.883 14213 14223 W MessageQueue: at android.os.Handler.enqueueMessage(Handler.java:643)
07-06 17:36:10.883 14213 14223 W MessageQueue: at android.os.Handler.sendMessageAtTime(Handler.java:612)
07-06 17:36:10.883 14213 14223 W MessageQueue: at android.os.Handler.sendMessageDelayed(Handler.java:582)
07-06 17:36:10.883 14213 14223 W MessageQueue: at android.os.Handler.post(Handler.java:338)
07-06 17:36:10.883 14213 14223 W MessageQueue: at android.os.ResultReceiver$MyResultReceiver.send(ResultReceiver.java:57)
07-06 17:36:10.883 14213 14223 W MessageQueue: at com.android.internal.os.IResultReceiver$Stub.onTransact(IResultReceiver.java:58)
07-06 17:36:10.883 14213 14223 W MessageQueue: at android.os.Binder.execTransact(Binder.java:606)
07-06 17:36:10.883 14213 14213 D OVRMrcLib: ovrVulkanLoader::Unload
07-06 17:36:15.755 14240 14240 D AndroidRuntime: >>>>>> START com.android.internal.os.RuntimeInit uid 2000 <<<<<<
07-06 17:36:15.758 14240 14240 D AndroidRuntime: CheckJNI is OFF
07-06 17:36:15.839 14240 14240 D ICU : No timezone override file found: /data/misc/zoneinfo/current/icu/icu_tzdata.dat
07-06 17:36:15.857 14240 14240 I Radio-JNI: register_android_hardware_Radio DONE
07-06 17:36:15.865 14240 14240 D AndroidRuntime: Calling main entry com.android.commands.pm.Pm
07-06 17:36:15.879 14240 14240 I art : System.exit called, status: 0
07-06 17:36:15.879 14240 14240 I AndroidRuntime: VM exiting with result code 0.
07-06 17:36:15.879 14240 14240 D OVRMrcLib: ovrVulkanLoader::Unload
07-06 17:36:17.533 1469 14262 I OSUpdateService: Intent with action system_battery_changed
07-06 17:36:20.777 14267 14267 D AndroidRuntime: >>>>>> START com.android.internal.os.RuntimeInit uid 2000 <<<<<<
07-06 17:36:20.780 14267 14267 D AndroidRuntime: CheckJNI is OFF
07-06 17:36:20.859 14267 14267 D ICU : No timezone override file found: /data/misc/zoneinfo/current/icu/icu_tzdata.dat
07-06 17:36:20.876 14267 14267 I Radio-JNI: register_android_hardware_Radio DONE
07-06 17:36:20.884 14267 14267 D AndroidRuntime: Calling main entry com.android.commands.pm.Pm
07-06 17:36:20.899 14267 14267 I art : System.exit called, status: 0
07-06 17:36:20.899 14267 14267 I AndroidRuntime: VM exiting with result code 0.
07-06 17:36:20.899 14267 14267 D OVRMrcLib: ovrVulkanLoader::Unload
07-06 17:36:25.775 14294 14294 D AndroidRuntime: >>>>>> START com.android.internal.os.RuntimeInit uid 2000 <<<<<<
07-06 17:36:25.779 14294 14294 D AndroidRuntime: CheckJNI is OFF
07-06 17:36:25.860 14294 14294 D ICU : No timezone override file found: /data/misc/zoneinfo/current/icu/icu_tzdata.dat
07-06 17:36:25.877 14294 14294 I Radio-JNI: register_android_hardware_Radio DONE
07-06 17:36:25.885 14294 14294 D AndroidRuntime: Calling main entry com.android.commands.pm.Pm
07-06 17:36:25.902 14294 14294 I art : System.exit called, status: 0
07-06 17:36:25.902 14294 14294 I AndroidRuntime: VM exiting with result code 0.
07-06 17:36:25.902 14294 14294 D OVRMrcLib: ovrVulkanLoader::Unload
07-06 17:36:28.407 2396 2764 I OVR : OVRPlatform saving push token credentials for userid 105336190730996
07-06 17:36:28.451 2396 2764 I OVRPlatform: [FBNSHandler] Push token received
07-06 17:36:29.036 1535 2080 I UploadManager: Scheduling jobbId 2131165248 within interval (0, 1800000)
07-06 17:36:30.774 14321 14321 D AndroidRuntime: >>>>>> START com.android.internal.os.RuntimeInit uid 2000 <<<<<<
07-06 17:36:30.777 14321 14321 D AndroidRuntime: CheckJNI is OFF
07-06 17:36:30.859 14321 14321 D ICU : No timezone override file found: /data/misc/zoneinfo/current/icu/icu_tzdata.dat
07-06 17:36:30.877 14321 14321 I Radio-JNI: register_android_hardware_Radio DONE
07-06 17:36:30.886 14321 14321 D AndroidRuntime: Calling main entry com.android.commands.pm.Pm
07-06 17:36:30.900 14321 14330 W MessageQueue: Handler (android.os.Handler) {55157d8} sending message to a Handler on a dead thread
07-06 17:36:30.900 14321 14330 W MessageQueue: java.lang.IllegalStateException: Handler (android.os.Handler) {55157d8} sending message to a Handler on a dead thread
07-06 17:36:30.900 14321 14330 W MessageQueue: at android.os.MessageQueue.enqueueMessage(MessageQueue.java:543)
07-06 17:36:30.900 14321 14330 W MessageQueue: at android.os.Handler.enqueueMessage(Handler.java:643)
07-06 17:36:30.900 14321 14330 W MessageQueue: at android.os.Handler.sendMessageAtTime(Handler.java:612)
07-06 17:36:30.900 14321 14330 W MessageQueue: at android.os.Handler.sendMessageDelayed(Handler.java:582)
07-06 17:36:30.900 14321 14330 W MessageQueue: at android.os.Handler.post(Handler.java:338)
07-06 17:36:30.900 14321 14330 W MessageQueue: at android.os.ResultReceiver$MyResultReceiver.send(ResultReceiver.java:57)
07-06 17:36:30.900 14321 14330 W MessageQueue: at com.android.internal.os.IResultReceiver$Stub.onTransact(IResultReceiver.java:58)
07-06 17:36:30.900 14321 14330 W MessageQueue: at android.os.Binder.execTransact(Binder.java:606)
07-06 17:36:30.900 14321 14321 I art : System.exit called, status: 0
07-06 17:36:30.901 14321 14321 I AndroidRuntime: VM exiting with result code 0.
07-06 17:36:30.901 14321 14321 D OVRMrcLib: ovrVulkanLoader::Unload
07-06 17:36:34.293 1535 14343 W ContextImpl: Calling a method in the system process without a qualified user: android.app.ContextImpl.sendBroadcast:877 android.content.ContextWrapper.sendBroadcast:421 com.facebook.analytics2.logger.UploadServiceBus.signalJobRan:60 com.facebook.analytics2.logger.UploadJobHandler.exitStateMachine:267 com.facebook.analytics2.logger.UploadJobHandler.handleMessage:97
07-06 17:36:34.295 1535 2084 I UploadManager: Scheduling jobbId 2131165248 within interval (900000, 2700000)
07-06 17:36:35.795 14353 14353 D AndroidRuntime: >>>>>> START com.android.internal.os.RuntimeInit uid 2000 <<<<<<
07-06 17:36:35.799 14353 14353 D AndroidRuntime: CheckJNI is OFF
07-06 17:36:35.875 14353 14353 D ICU : No timezone override file found: /data/misc/zoneinfo/current/icu/icu_tzdata.dat
07-06 17:36:35.896 14353 14353 I Radio-JNI: register_android_hardware_Radio DONE
07-06 17:36:35.905 14353 14353 D AndroidRuntime: Calling main entry com.android.commands.pm.Pm
07-06 17:36:35.918 14353 14353 I art : System.exit called, status: 0
07-06 17:36:35.918 14353 14353 I AndroidRuntime: VM exiting with result code 0.
07-06 17:36:35.918 14353 14353 D OVRMrcLib: ovrVulkanLoader::Unload
07-06 17:36:39.473 1846 2578 I OVR : OVRPlatform saving push token credentials for userid 105336190730996
07-06 17:36:39.524 1846 2578 I OVRPlatform: [FBNSHandler] Push token received
07-06 17:36:40.797 14380 14380 D AndroidRuntime: >>>>>> START com.android.internal.os.RuntimeInit uid 2000 <<<<<<
07-06 17:36:40.800 14380 14380 D AndroidRuntime: CheckJNI is OFF
07-06 17:36:40.879 14380 14380 D ICU : No timezone override file found: /data/misc/zoneinfo/current/icu/icu_tzdata.dat
07-06 17:36:40.897 14380 14380 I Radio-JNI: register_android_hardware_Radio DONE
07-06 17:36:40.905 14380 14380 D AndroidRuntime: Calling main entry com.android.commands.pm.Pm
07-06 17:36:40.918 14380 14380 I art : System.exit called, status: 0
07-06 17:36:40.918 14380 14380 I AndroidRuntime: VM exiting with result code 0.
07-06 17:36:40.918 14380 14380 D OVRMrcLib: ovrVulkanLoader::Unload
07-06 17:36:45.797 14406 14406 D AndroidRuntime: >>>>>> START com.android.internal.os.RuntimeInit uid 2000 <<<<<<
07-06 17:36:45.799 14406 14406 D AndroidRuntime: CheckJNI is OFF
07-06 17:36:45.882 14406 14406 D ICU : No timezone override file found: /data/misc/zoneinfo/current/icu/icu_tzdata.dat
07-06 17:36:45.901 14406 14406 I Radio-JNI: register_android_hardware_Radio DONE
07-06 17:36:45.909 14406 14406 D AndroidRuntime: Calling main entry com.android.commands.pm.Pm
07-06 17:36:45.920 14406 14406 I art : System.exit called, status: 0
07-06 17:36:45.920 14406 14406 I AndroidRuntime: VM exiting with result code 0.
07-06 17:36:45.920 14406 14406 D OVRMrcLib: ovrVulkanLoader::Unload
07-06 17:36:46.710 724 13760 D TrackingService: Performing delayed transition to SLEEP
07-06 17:36:46.710 724 13760 D TrackingService: Setting power state to SLEEP
07-06 17:36:46.710 724 13760 D Tracker/CoreOS: MontereyGlue: Acquiring MontereyGlue WakeLock
07-06 17:36:46.711 724 1397 I Tracker/CoreOS: MontereyGlue Handle Power State. currentState: 1, newState: 0
07-06 17:36:46.711 724 1397 D Tracker/CoreOS: MontereyGlue: Transition start STANDBY->SLEEP
07-06 17:36:46.711 724 1397 D Tracker/CoreOS: MontereyGlue: stopping headset streams
07-06 17:36:46.711 724 1397 D LibDevices: MontereyDevices::stopAllStreams
07-06 17:36:46.711 724 1397 D LibDevices: MontereyDevices::stopSyncbossStream()
07-06 17:36:46.711 724 1397 I LibDevices: Attempting to join MotionDataBatcher thread...
07-06 17:36:46.715 724 11496 D LibDevices: SyncbossEventHandler::hmdConsumerThreadFunc() exit
07-06 17:36:46.715 724 1397 I LibDevices: MotionDataBatcher thread joined
07-06 17:36:46.715 724 1397 D LibDevices: MontereyDevices::stopIpdStream()
07-06 17:36:46.716 724 1397 D LibDevices: MontereyDevices::stopAllStreams() complete
07-06 17:36:46.716 724 1397 D Tracker/CoreOS: MontereyGlue: stopping hand processing
07-06 17:36:46.716 724 1397 D Tracker/CoreOS: MontereyGlue: stopping controller processing
07-06 17:36:46.716 724 1397 D Tracker/CoreOS: Entering ControllerGlue::stop()
07-06 17:36:46.716 724 1397 D Tracker/CoreOS: ControllerGlue: setting expected mode to DISABLED
07-06 17:36:46.716 724 1397 D Tracker/CoreOS: ControllerGlue: Setting current mode to DISABLED
07-06 17:36:46.716 724 1397 D LibDevices: ControllerMgr: Settings controller manager mode 0
07-06 17:36:46.724 1469 14428 I OSUpdateService: Intent with action IdleAlarm
07-06 17:36:46.724 1469 14428 I ConditionManager: UpdatePhase=WaitingToCheckForUpdates CheckPeriodElapsed=false Wifi=true Idle=true Battery=true DeviceOn=true
07-06 17:36:46.730 1535 2557 I UploadManager: Scheduling immediate upload for 2131165246
07-06 17:36:46.832 1535 14429 W ContextImpl: Calling a method in the system process without a qualified user: android.app.ContextImpl.sendBroadcast:877 android.content.ContextWrapper.sendBroadcast:421 com.facebook.analytics2.logger.UploadServiceBus.signalJobRan:60 com.facebook.analytics2.logger.UploadJobHandler.exitStateMachine:267 com.facebook.analytics2.logger.UploadJobHandler.handleMessage:97
07-06 17:36:46.897 724 1397 I LibDevices: ControllerMgr: transition state ACTIVE->MANAGEMENT
07-06 17:36:46.900 724 1397 D LibDevices: SyncbossEventHandler::stopAllStreams()
07-06 17:36:46.901 724 1397 D LibDevices: SyncbossEventHandler::stopAllStreams() complete
07-06 17:36:46.901 724 11497 D LibDevices: SyncbossEventHandler::producerThreadFunc() exit
07-06 17:36:46.901 724 1397 I LibDevices: Attempting to join controllerConsumerThread
07-06 17:36:46.903 724 11498 D LibDevices: controllerConsumerThreadFunc() exit
07-06 17:36:46.903 724 1397 I LibDevices: controllerConsumerThread joined
07-06 17:36:46.903 724 1397 D LibDevices: ControllerMgr: Complete state transition ACTIVE->MANAGEMENT
07-06 17:36:46.903 724 1397 I LibDevices: ControllerMgr: transition state MANAGEMENT->DISABLED
07-06 17:36:47.245 1077 1975 I SyncBossHAL: syncboss_hal_prox.c(41): INFO: Reporting prox event: system_down
07-06 17:36:47.246 724 1397 I SyncBossHAL: double_tap.cpp(49): INFO: DoubleTap: De-initializing detection engine
07-06 17:36:47.246 724 1397 I VrSensors-SyncBoss: SyncbossHandleWrapper: De-initialized syncboss
07-06 17:36:47.246 724 1397 D LibDevices: ControllerMgr: Complete state transition MANAGEMENT->DISABLED
07-06 17:36:47.246 724 1397 D LibDevices: ControllerMgr: Settings controller manager mode 0 complete
07-06 17:36:47.246 724 1397 D Tracker/CoreOS: RemoteService::handleDeviceDisconnected - device 0ef96ba248b9c7a8
07-06 17:36:47.246 724 1397 I [CT] : VisionInterface: Requesting tracking engine to deactivate device 0x1079011930480953256lx.
07-06 17:36:47.246 1077 1175 D SensorsHAL: returning 1 events to client
07-06 17:36:47.246 724 1397 I [CT] : CONSTELLATION: ControllerStateBuffer: RESET
07-06 17:36:47.246 724 1397 I [CT] : R:Behavior:AtRest: reset
07-06 17:36:47.246 724 1397 I [CT] : R:Behavior:AtRest: reset
07-06 17:36:47.246 724 1397 I [CT] : Blackboard: reset
07-06 17:36:47.246 724 1397 I [CT] : VisionInterface: Controller 0x1079011930480953256 is now disconnected.
07-06 17:36:47.246 724 1397 I TrackingService: Unregistering primary remote 0ef96ba248b9c7a8 in slot 0
07-06 17:36:47.246 2188 2203 D TrackingServiceClient: TrackingServiceClient onRemoteDisconnected ef96ba248b9c7a8
07-06 17:36:47.247 724 1397 D TrackingCore: TrackingDataPostProcessor: Unregistering 0ef96ba248b9c7a8
07-06 17:36:47.247 724 1397 D Tracker/CoreOS: RemoteService::handleDeviceDisconnected - device c91e974cac1d58eb
07-06 17:36:47.247 724 1397 I [CT] : VisionInterface: Requesting tracking engine to deactivate device 0x14492187006485747947lx.
07-06 17:36:47.247 724 1397 I [CT] : CONSTELLATION: ControllerStateBuffer: RESET
07-06 17:36:47.247 724 1397 I [CT] : R:Behavior:AtRest: reset
07-06 17:36:47.247 724 1397 I [CT] : R:Behavior:AtRest: reset
07-06 17:36:47.247 724 1397 I [CT] : Blackboard: reset
07-06 17:36:47.247 724 1397 I [CT] : VisionInterface: Controller 0x14492187006485747947 is now disconnected.
07-06 17:36:47.247 724 1397 I TrackingService: Unregistering primary remote c91e974cac1d58eb in slot 1
07-06 17:36:47.247 1077 1190 I EventHub: Removing device Device 0xEF96BA248B9C7A8 due to epoll hang-up event.
07-06 17:36:47.247 1077 1190 I EventHub: Removed device: path=/dev/input/event3 name=Device 0xEF96BA248B9C7A8 id=34 fd=216 classes=0x2001
07-06 17:36:47.248 1077 1190 I EventHub: Removing device '/dev/input/event3' due to inotify event
07-06 17:36:47.248 2188 10928 D TrackingServiceClient: TrackingServiceClient onRemoteDisconnected c91e974cac1d58eb
07-06 17:36:47.248 1077 1190 I InputReader: Device removed: id=34, name='Device 0xEF96BA248B9C7A8', sources=0x65432102
07-06 17:36:47.248 1077 1190 I EventHub: Removing device Device 0xC91E974CAC1D58EB due to epoll hang-up event.
07-06 17:36:47.248 1077 1190 I EventHub: Removed device: path=/dev/input/event4 name=Device 0xC91E974CAC1D58EB id=35 fd=180 classes=0x2001
07-06 17:36:47.248 724 1397 D TrackingCore: TrackingDataPostProcessor: Unregistering c91e974cac1d58eb
07-06 17:36:47.249 724 1397 D Tracker/CoreOS: MontereyGlue: stopping iot processing
07-06 17:36:47.249 724 1397 I [CT] : VIPER:OCAL: OnlineCalibrationManager: Deactivate pushMeasurements and stop workers for targets.
07-06 17:36:47.249 1077 1190 I InputReader: Device removed: id=35, name='Device 0xC91E974CAC1D58EB', sources=0x65432102
07-06 17:36:47.250 724 1397 E [CT] : VIPER:OCAL: Timestamps going backwards in serialization code!
07-06 17:36:47.250 724 1397 I [CT] : VIPER:MAP_MANAGER: Map Manager: STANDBY -> SLEEP
07-06 17:36:47.251 1077 1190 I EventHub: Removing device '/dev/input/event4' due to inotify event
07-06 17:36:47.460 724 11464 I [CT] : VIPER:LOCALIZER: Exiting localizer thread
07-06 17:36:47.465 724 1397 W [CT] : VIPER:DF: Background job still running when calling reset() on the DepthFilterManager.
07-06 17:36:47.467 724 1397 I [CT] : BOLT:Lib: Stopping BoltLib: 3 -> 2
07-06 17:36:47.467 724 1397 I [CT] : BOLT:Lib: Stopping BoltLib: 2 -> 1
07-06 17:36:47.467 724 1397 I [CT] : BOLT:Lib: Stopping BoltLib: 1 -> 0
07-06 17:36:47.467 724 1397 I [CT] : BOLT:Lib: Cleaning up BoltLib
07-06 17:36:47.467 724 1397 I [CT] : BOLT:HexagonShim: Hexagon ref count changed from 1 to 0
07-06 17:36:47.467 724 1397 I [CT] : BOLT:HexagonShim: HexagonStop
07-06 17:36:47.471 724 11449 I [CT] : boltlib: DSP utilization(%): 0
07-06 17:36:47.475 724 1397 I [CT] : BOLT:Lib: Resetting memory pool: 70488320 bytes used out of 79691776 bytes total
07-06 17:36:47.475 724 1397 I [CT] : VisionInterface: [N8coretech16PlatformServicesE]: Entering CONFIGURED state.
07-06 17:36:47.475 724 1397 I [CT] : VisionInterface: [N15visioninterface22LiveTelemetryCollectorE]: Entering CONFIGURED state.
07-06 17:36:47.475 724 1397 W [CT] : VisionInterface: [N8coretech24InsideOutDefaultTrackingE]: Unable to stop vision capability in non-standby state.
07-06 17:36:47.475 724 1397 W [CT] : VisionInterface: [N8coretech27ConstellationTrackingEngineE]: Unable to stop vision capability in non-standby state.
07-06 17:36:47.475 724 1397 W [CT] : VisionInterface: [N8coretech19HandDefaultTrackingE]: Unable to stop vision capability in non-standby state.
07-06 17:36:47.475 724 1397 W [CT] : VisionInterface: [N8coretech20ObjectTrackingEngineE]: Unable to stop vision capability in non-standby state.
07-06 17:36:47.475 724 1397 I [CT] : VisionInterface: Entering CONFIGURED state.
07-06 17:36:47.475 724 1397 D Tracker/CoreOS: MontereyGlue: Start Vision Post Processing
07-06 17:36:47.475 724 1397 D Tracker/CoreOS: MontereyGlue: Acquiring Post Processing Wakelock
07-06 17:36:47.478 724 1397 I [CT] : VIPER: Set the root map...
07-06 17:36:47.478 724 1397 I [CT] : VIPER: There are 2 maps to be merged!
07-06 17:36:47.478 724 1397 I [CT] : VIPER: There are 65 keyframes and 303 points in the map 0
07-06 17:36:47.480 724 1397 I [CT] : VIPER: There are 211 keyframes and 776 points in the map 1
07-06 17:36:47.481 724 1397 I [CT] : VIPER: Set Map 1 as root map!
07-06 17:36:47.481 724 1397 I [CT] : VIPER: Set the root map Done.
07-06 17:36:47.481 724 1397 I [CT] : VIPER: Merge maps...
07-06 17:36:47.481 724 1397 I [CT] : VIPER: Constructing MapAligner: ORB
07-06 17:36:47.483 724 1397 I [CT] : VIPER: Find valid candidates...
07-06 17:36:47.483 724 1397 I [CT] : VIPER: Initial alignment using local image features.
07-06 17:36:47.483 724 1397 I [CT] : VIPER: Number of source image descriptors: 4957
07-06 17:36:50.807 14434 14434 D AndroidRuntime: >>>>>> START com.android.internal.os.RuntimeInit uid 2000 <<<<<<
