07-06 17:34:16.570 1077 1102 I DisplayManagerService: Display device removed: DisplayDeviceInfo{"com.oculus.android_panel_app.AndroidPanelLayer-tablet": uniqueId="virtual:com.oculus.systemux,10061,com.oculus.android_panel_app.AndroidPanelLayer-tablet,0", 768 x 340, modeId 261, defaultModeId 261, supportedModes [{id=261, width=768, height=340, fps=60.0}], colorMode 0, supportedColorModes [0], HdrCapabilities null, density 160, 160.0 x 160.0 dpi, appVsyncOff 0, presDeadline 16666666, touch NONE, rotation 0, type VIRTUAL, state OFF, owner com.oculus.systemux (uid 10061), FLAG_PRIVATE, FLAG_NEVER_BLANK, FLAG_OWN_CONTENT_ONLY}
07-06 17:34:16.641 1077 1614 I DisplayManagerService: Display device added: DisplayDeviceInfo{"com.oculus.android_panel_app.AndroidPanelLayer-#main": uniqueId="virtual:com.oculus.systemux,10061,com.oculus.android_panel_app.AndroidPanelLayer-#main,0", 774 x 124, modeId 264, defaultModeId 264, supportedModes [{id=264, width=774, height=124, fps=60.0}], colorMode 0, supportedColorModes [0], HdrCapabilities null, density 160, 160.0 x 160.0 dpi, appVsyncOff 0, presDeadline 16666666, touch NONE, rotation 0, type VIRTUAL, state OFF, owner com.oculus.systemux (uid 10061), FLAG_PRIVATE, FLAG_NEVER_BLANK, FLAG_OWN_CONTENT_ONLY}
07-06 17:34:16.707 1077 29526 I DisplayManagerService: Display device added: DisplayDeviceInfo{"com.oculus.android_panel_app.AndroidPanelLayer-tablet": uniqueId="virtual:com.oculus.systemux,10061,com.oculus.android_panel_app.AndroidPanelLayer-tablet,0", 768 x 340, modeId 265, defaultModeId 265, supportedModes [{id=265, width=768, height=340, fps=60.0}], colorMode 0, supportedColorModes [0], HdrCapabilities null, density 160, 160.0 x 160.0 dpi, appVsyncOff 0, presDeadline 16666666, touch NONE, rotation 0, type VIRTUAL, state OFF, owner com.oculus.systemux (uid 10061), FLAG_PRIVATE, FLAG_NEVER_BLANK, FLAG_OWN_CONTENT_ONLY}
07-06 17:34:16.735 1077 1570 I DisplayManagerService: Display device added: DisplayDeviceInfo{"com.oculus.android_panel_app.AndroidPanelLayer-tabletNav": uniqueId="virtual:com.oculus.systemux,10061,com.oculus.android_panel_app.AndroidPanelLayer-tabletNav,0", 216 x 340, modeId 266, defaultModeId 266, supportedModes [{id=266, width=216, height=340, fps=60.0}], colorMode 0, supportedColorModes [0], HdrCapabilities null, density 160, 160.0 x 160.0 dpi, appVsyncOff 0, presDeadline 16666666, touch NONE, rotation 0, type VIRTUAL, state OFF, owner com.oculus.systemux (uid 10061), FLAG_PRIVATE, FLAG_NEVER_BLANK, FLAG_OWN_CONTENT_ONLY}
07-06 17:34:16.770 1077 1617 I DisplayManagerService: Display device added: DisplayDeviceInfo{"com.oculus.android_panel_app.AndroidPanelLayer-tabletContent": uniqueId="virtual:com.oculus.systemux,10061,com.oculus.android_panel_app.AndroidPanelLayer-tabletContent,0", 552 x 340, modeId 267, defaultModeId 267, supportedModes [{id=267, width=552, height=340, fps=60.0}], colorMode 0, supportedColorModes [0], HdrCapabilities null, density 160, 160.0 x 160.0 dpi, appVsyncOff 0, presDeadline 16666666, touch NONE, rotation 0, type VIRTUAL, state OFF, owner com.oculus.systemux (uid 10061), FLAG_PRIVATE, FLAG_NEVER_BLANK, FLAG_OWN_CONTENT_ONLY}
07-06 17:34:17.067 1077 1140 I DisplayManagerService: Display device changed state: "com.oculus.android_panel_app.AndroidPanelLayer-#main", ON
07-06 17:34:17.084 1077 1140 I DisplayManagerService: Display device changed state: "com.oculus.android_panel_app.AndroidPanelLayer-tablet", ON
07-06 17:34:17.102 1077 1140 I DisplayManagerService: Display device changed state: "com.oculus.android_panel_app.AndroidPanelLayer-tabletNav", ON
07-06 17:34:17.121 1077 1140 I DisplayManagerService: Display device changed state: "com.oculus.android_panel_app.AndroidPanelLayer-tabletContent", ON
07-06 17:34:18.049 1077 1228 E TaskPersister: File error accessing recents directory (directory doesn't exist?).
07-06 17:34:18.598 1077 1660 D ConnectivityService: ConnectivityService NetworkRequestInfo binderDied(NetworkRequest [ LISTEN id=27, [ Capabilities: NOT_RESTRICTED&TRUSTED&NOT_VPN&FOREGROUND] ], android.os.BinderProxy@5134286)
07-06 17:34:18.598 1077 1102 I WindowManager: WIN DEATH: Window{89d6c4c u0 com.YourCompany.DBM_Unreal_10vc/com.epicgames.ue4.GameActivity}
07-06 17:34:18.599 1077 1102 W WindowManager: Force-removing child win Window{11c5747 u0 SurfaceView - com.YourCompany.DBM_Unreal_10vc/com.epicgames.ue4.GameActivity} from container Window{89d6c4c u0 com.YourCompany.DBM_Unreal_10vc/com.epicgames.ue4.GameActivity}
07-06 17:34:18.600 1077 1101 I ActivityManager: Process com.YourCompany.DBM_Unreal_10vc (pid 13218) has died
07-06 17:34:18.600 1077 1101 D ActivityManager: cleanUpApplicationRecord -- 13218
07-06 17:34:18.601 1077 1101 W ActivityManager: Force removing ActivityRecord{f6731a1 u0 com.YourCompany.DBM_Unreal_10vc/com.epicgames.ue4.GameActivity t262}: app died, no saved state
07-06 17:34:18.602 1077 1212 E ConnectivityService: RemoteException caught trying to send a callback msg for NetworkRequest [ LISTEN id=27, [ Capabilities: NOT_RESTRICTED&TRUSTED&NOT_VPN&FOREGROUND] ]
07-06 17:34:18.611 1077 1660 W WindowManager: Failed looking up window callers=com.android.server.wm.WindowManagerService.windowForClientLocked:9484 com.android.server.wm.WindowState$DeathRecipient.binderDied:1808 android.os.BinderProxy.sendDeathNotice:744
07-06 17:34:18.611 1077 1660 I WindowManager: WIN DEATH: null
07-06 17:34:18.858 1077 1573 I ActivityManager: Start proc 13319:com.oculus.vrshell.home:explore/u0a47 for service com.oculus.vrshell.home/.ExploreService
07-06 17:34:18.924 1077 1425 I DisplayManagerService: Display device added: DisplayDeviceInfo{"com.oculus.android_panel_app.AndroidPanelLayer-#main": uniqueId="virtual:com.oculus.systemux,10061,com.oculus.android_panel_app.AndroidPanelLayer-#main,1", 774 x 124, modeId 268, defaultModeId 268, supportedModes [{id=268, width=774, height=124, fps=60.0}], colorMode 0, supportedColorModes [0], HdrCapabilities null, density 160, 160.0 x 160.0 dpi, appVsyncOff 0, presDeadline 16666666, touch NONE, rotation 0, type VIRTUAL, state OFF, owner com.oculus.systemux (uid 10061), FLAG_PRIVATE, FLAG_NEVER_BLANK, FLAG_OWN_CONTENT_ONLY}
07-06 17:34:18.948 1077 21187 I DisplayManagerService: Display device added: DisplayDeviceInfo{"com.oculus.android_panel_app.AndroidPanelLayer-tablet": uniqueId="virtual:com.oculus.systemux,10061,com.oculus.android_panel_app.AndroidPanelLayer-tablet,1", 768 x 340, modeId 269, defaultModeId 269, supportedModes [{id=269, width=768, height=340, fps=60.0}], colorMode 0, supportedColorModes [0], HdrCapabilities null, density 160, 160.0 x 160.0 dpi, appVsyncOff 0, presDeadline 16666666, touch NONE, rotation 0, type VIRTUAL, state OFF, owner com.oculus.systemux (uid 10061), FLAG_PRIVATE, FLAG_NEVER_BLANK, FLAG_OWN_CONTENT_ONLY}
07-06 17:34:18.969 1077 29526 I DisplayManagerService: Display device added: DisplayDeviceInfo{"com.oculus.android_panel_app.AndroidPanelLayer-tabletNav": uniqueId="virtual:com.oculus.systemux,10061,com.oculus.android_panel_app.AndroidPanelLayer-tabletNav,1", 216 x 340, modeId 270, defaultModeId 270, supportedModes [{id=270, width=216, height=340, fps=60.0}], colorMode 0, supportedColorModes [0], HdrCapabilities null, density 160, 160.0 x 160.0 dpi, appVsyncOff 0, presDeadline 16666666, touch NONE, rotation 0, type VIRTUAL, state OFF, owner com.oculus.systemux (uid 10061), FLAG_PRIVATE, FLAG_NEVER_BLANK, FLAG_OWN_CONTENT_ONLY}
07-06 17:34:18.989 1077 1592 I DisplayManagerService: Display device added: DisplayDeviceInfo{"com.oculus.android_panel_app.AndroidPanelLayer-tabletContent": uniqueId="virtual:com.oculus.systemux,10061,com.oculus.android_panel_app.AndroidPanelLayer-tabletContent,1", 552 x 340, modeId 271, defaultModeId 271, supportedModes [{id=271, width=552, height=340, fps=60.0}], colorMode 0, supportedColorModes [0], HdrCapabilities null, density 160, 160.0 x 160.0 dpi, appVsyncOff 0, presDeadline 16666666, touch NONE, rotation 0, type VIRTUAL, state OFF, owner com.oculus.systemux (uid 10061), FLAG_PRIVATE, FLAG_NEVER_BLANK, FLAG_OWN_CONTENT_ONLY}
07-06 17:34:19.283 1077 1140 I DisplayManagerService: Display device changed state: "com.oculus.android_panel_app.AndroidPanelLayer-#main", ON
07-06 17:34:19.312 1077 1140 I DisplayManagerService: Display device changed state: "com.oculus.android_panel_app.AndroidPanelLayer-tablet", ON
07-06 17:34:19.320 1077 1140 I DisplayManagerService: Display device changed state: "com.oculus.android_panel_app.AndroidPanelLayer-tabletNav", ON
07-06 17:34:19.388 1077 1140 I DisplayManagerService: Display device changed state: "com.oculus.android_panel_app.AndroidPanelLayer-tabletContent", ON
07-06 17:34:21.632 1077 1228 E TaskPersister: File error accessing recents directory (directory doesn't exist?).
07-06 17:34:23.863 1077 1660 I ActivityManager: START u0 {act=android.intent.action.MAIN cat=[android.intent.category.LAUNCHER] flg=0x10010000 pkg=com.YourCompany.DBM_Unreal_10vc cmp=com.YourCompany.DBM_Unreal_10vc/com.epicgames.ue4.GameActivity (has extras)} from uid 10024 on display 0
07-06 17:34:23.932 1077 1657 I ActivityManager: Start proc 13447:com.YourCompany.DBM_Unreal_10vc/u0a190 for activity com.YourCompany.DBM_Unreal_10vc/com.epicgames.ue4.GameActivity
07-06 17:34:24.221 1077 11717 I ActivityManager: Process com.oculus.vrshell.home:explore (pid 13319) has died
07-06 17:34:24.221 1077 11717 D ActivityManager: cleanUpApplicationRecord -- 13319
07-06 17:34:24.450 1535 13446 W ContextImpl: Calling a method in the system process without a qualified user: android.app.ContextImpl.sendBroadcast:877 android.content.ContextWrapper.sendBroadcast:421 com.facebook.analytics2.logger.UploadServiceBus.signalJobRan:60 com.facebook.analytics2.logger.UploadJobHandler.exitStateMachine:267 com.facebook.analytics2.logger.UploadJobHandler.handleMessage:97
07-06 17:34:24.639 1077 1584 I DisplayManagerService: Display device removed: DisplayDeviceInfo{"com.oculus.android_panel_app.AndroidPanelLayer-#main": uniqueId="virtual:com.oculus.systemux,10061,com.oculus.android_panel_app.AndroidPanelLayer-#main,1", 774 x 124, modeId 268, defaultModeId 268, supportedModes [{id=268, width=774, height=124, fps=60.0}], colorMode 0, supportedColorModes [0], HdrCapabilities null, density 160, 160.0 x 160.0 dpi, appVsyncOff 0, presDeadline 16666666, touch NONE, rotation 0, type VIRTUAL, state ON, owner com.oculus.systemux (uid 10061), FLAG_PRIVATE, FLAG_NEVER_BLANK, FLAG_OWN_CONTENT_ONLY}
07-06 17:34:24.704 1077 1617 I DisplayManagerService: Display device removed: DisplayDeviceInfo{"com.oculus.android_panel_app.AndroidPanelLayer-tabletNav": uniqueId="virtual:com.oculus.systemux,10061,com.oculus.android_panel_app.AndroidPanelLayer-tabletNav,1", 216 x 340, modeId 270, defaultModeId 270, supportedModes [{id=270, width=216, height=340, fps=60.0}], colorMode 0, supportedColorModes [0], HdrCapabilities null, density 160, 160.0 x 160.0 dpi, appVsyncOff 0, presDeadline 16666666, touch NONE, rotation 0, type VIRTUAL, state ON, owner com.oculus.systemux (uid 10061), FLAG_PRIVATE, FLAG_NEVER_BLANK, FLAG_OWN_CONTENT_ONLY}
07-06 17:34:24.747 1077 12832 I DisplayManagerService: Display device removed: DisplayDeviceInfo{"com.oculus.android_panel_app.AndroidPanelLayer-tabletContent": uniqueId="virtual:com.oculus.systemux,10061,com.oculus.android_panel_app.AndroidPanelLayer-tabletContent,1", 552 x 340, modeId 271, defaultModeId 271, supportedModes [{id=271, width=552, height=340, fps=60.0}], colorMode 0, supportedColorModes [0], HdrCapabilities null, density 160, 160.0 x 160.0 dpi, appVsyncOff 0, presDeadline 16666666, touch NONE, rotation 0, type VIRTUAL, state ON, owner com.oculus.systemux (uid 10061), FLAG_PRIVATE, FLAG_NEVER_BLANK, FLAG_OWN_CONTENT_ONLY}
07-06 17:34:24.785 1077 1320 I DisplayManagerService: Display device removed: DisplayDeviceInfo{"com.oculus.android_panel_app.AndroidPanelLayer-tablet": uniqueId="virtual:com.oculus.systemux,10061,com.oculus.android_panel_app.AndroidPanelLayer-tablet,1", 768 x 340, modeId 269, defaultModeId 269, supportedModes [{id=269, width=768, height=340, fps=60.0}], colorMode 0, supportedColorModes [0], HdrCapabilities null, density 160, 160.0 x 160.0 dpi, appVsyncOff 0, presDeadline 16666666, touch NONE, rotation 0, type VIRTUAL, state ON, owner com.oculus.systemux (uid 10061), FLAG_PRIVATE, FLAG_NEVER_BLANK, FLAG_OWN_CONTENT_ONLY} --------- beginning of main
07-06 17:34:25.809 13447 13464 D UE4 : [2020.07.06-14.34.25:809][ 0]LogConfig: Setting CVar [[r.Shadow.RadiusThreshold:0.01]]
07-06 17:34:25.809 13447 13464 D UE4 : [2020.07.06-14.34.25:809][ 0]LogConfig: Setting CVar [[r.Shadow.DistanceScale:1.0]]
07-06 17:34:25.809 13447 13464 D UE4 : [2020.07.06-14.34.25:809][ 0]LogConfig: Setting CVar [[r.Shadow.CSM.TransitionScale:1.0]]
07-06 17:34:25.809 13447 13464 D UE4 : [2020.07.06-14.34.25:809][ 0]LogConfig: Setting CVar [[r.Shadow.PreShadowResolutionFactor:1.0]]
07-06 17:34:25.809 13447 13464 D UE4 : [2020.07.06-14.34.25:809][ 0]LogConfig: Setting CVar [[r.DistanceFieldShadowing:1]]
07-06 17:34:25.809 13447 13464 D UE4 : [2020.07.06-14.34.25:809][ 0]LogConfig: Setting CVar [[r.DistanceFieldAO:1]]
07-06 17:34:25.809 13447 13464 D UE4 : [2020.07.06-14.34.25:809][ 0]LogConfig: Setting CVar [[r.AOQuality:2]]
07-06 17:34:25.809 13447 13464 D UE4 : [2020.07.06-14.34.25:809][ 0]LogConfig: Setting CVar [[r.VolumetricFog:1]]
07-06 17:34:25.809 13447 13464 D UE4 : [2020.07.06-14.34.25:809][ 0]LogConfig: Setting CVar [[r.VolumetricFog.GridPixelSize:8]]
07-06 17:34:25.809 13447 13464 D UE4 : [2020.07.06-14.34.25:809][ 0]LogConfig: Setting CVar [[r.VolumetricFog.GridSizeZ:128]]
07-06 17:34:25.809 13447 13464 D UE4 : [2020.07.06-14.34.25:809][ 0]LogConfig: Setting CVar [[r.VolumetricFog.HistoryMissSupersampleCount:4]]
07-06 17:34:25.809 13447 13464 D UE4 : [2020.07.06-14.34.25:809][ 0]LogConfig: Setting CVar [[r.LightMaxDrawDistanceScale:1]]
07-06 17:34:25.809 13447 13464 D UE4 : [2020.07.06-14.34.25:809][ 0]LogConfig: Setting CVar [[r.CapsuleShadows:1]]
07-06 17:34:25.809 13447 13464 D UE4 : [2020.07.06-14.34.25:809][ 0]LogConfig: Applying CVar settings from Section [PostProcessQuality@3] File [../../../DBM_Unreal_10vc/Saved/Config/Android/Scalability.ini]
07-06 17:34:25.809 13447 13464 D UE4 : [2020.07.06-14.34.25:809][ 0]LogConfig: Setting CVar [[r.MotionBlurQuality:4]]
07-06 17:34:25.809 13447 13464 D UE4 : [2020.07.06-14.34.25:809][ 0]LogConfig: Setting CVar [[r.AmbientOcclusionMipLevelFactor:0.4]]
07-06 17:34:25.809 13447 13464 D UE4 : [2020.07.06-14.34.25:809][ 0]LogConfig: Setting CVar [[r.AmbientOcclusionMaxQuality:100]]
07-06 17:34:25.809 13447 13464 D UE4 : [2020.07.06-14.34.25:809][ 0]LogConfig: Setting CVar [[r.AmbientOcclusionLevels:-1]]
07-06 17:34:25.809 13447 13464 D UE4 : [2020.07.06-14.34.25:809][ 0]LogConfig: Setting CVar [[r.AmbientOcclusionRadiusScale:1.0]]
07-06 17:34:25.810 13447 13464 D UE4 : [2020.07.06-14.34.25:810][ 0]LogConfig: Setting CVar [[r.DepthOfFieldQuality:2]]
07-06 17:34:25.810 13447 13464 D UE4 : [2020.07.06-14.34.25:810][ 0]LogConsoleManager: Setting the console variable 'r.DepthOfFieldQuality' with 'SetByScalability' was ignored as it is lower priority than the previous 'SetByDeviceProfile'. Value remains '1'
07-06 17:34:25.810 13447 13464 D UE4 : [2020.07.06-14.34.25:810][ 0]LogConfig: Setting CVar [[r.RenderTargetPoolMin:400]]
07-06 17:34:25.810 13447 13464 D UE4 : [2020.07.06-14.34.25:810][ 0]LogConfig: Setting CVar [[r.LensFlareQuality:2]]
07-06 17:34:25.810 13447 13464 D UE4 : [2020.07.06-14.34.25:810][ 0]LogConfig: Setting CVar [[r.SceneColorFringeQuality:1]]
07-06 17:34:25.810 13447 13464 D UE4 : [2020.07.06-14.34.25:810][ 0]LogConfig: Setting CVar [[r.EyeAdaptationQuality:2]]
07-06 17:34:25.810 13447 13464 D UE4 : [2020.07.06-14.34.25:810][ 0]LogConfig: Setting CVar [[r.BloomQuality:5]]
07-06 17:34:25.810 13447 13464 D UE4 : [2020.07.06-14.34.25:810][ 0]LogConsoleManager: Setting the console variable 'r.BloomQuality' with 'SetByScalability' was ignored as it is lower priority than the previous 'SetByDeviceProfile'. Value remains '1'
07-06 17:34:25.810 13447 13464 D UE4 : [2020.07.06-14.34.25:810][ 0]LogConfig: Setting CVar [[r.FastBlurThreshold:100]]
07-06 17:34:25.810 13447 13464 D UE4 : [2020.07.06-14.34.25:810][ 0]LogConfig: Setting CVar [[r.Upscale.Quality:3]]
07-06 17:34:25.810 13447 13464 D UE4 : [2020.07.06-14.34.25:810][ 0]LogConfig: Setting CVar [[r.Tonemapper.GrainQuantization:1]]
07-06 17:34:25.810 13447 13464 D UE4 : [2020.07.06-14.34.25:810][ 0]LogConfig: Setting CVar [[r.LightShaftQuality:1]]
07-06 17:34:25.810 13447 13464 D UE4 : [2020.07.06-14.34.25:810][ 0]LogConsoleManager: Setting the console variable 'r.LightShaftQuality' with 'SetByScalability' was ignored as it is lower priority than the previous 'SetByDeviceProfile'. Value remains '1'
07-06 17:34:25.810 13447 13464 D UE4 : [2020.07.06-14.34.25:810][ 0]LogConfig: Setting CVar [[r.Filter.SizeScale:1]]
07-06 17:34:25.810 13447 13464 D UE4 : [2020.07.06-14.34.25:810][ 0]LogConfig: Setting CVar [[r.Tonemapper.Quality:5]]
07-06 17:34:25.810 13447 13464 D UE4 : [2020.07.06-14.34.25:810][ 0]LogConfig: Setting CVar [[r.DOF.Gather.AccumulatorQuality:1 ; higher gathering accumulator quality]]
07-06 17:34:25.810 13447 13464 D UE4 : [2020.07.06-14.34.25:810][ 0]LogConfig: Setting CVar [[r.DOF.Gather.PostfilterMethod:1 ; Median3x3 postfilering method]]
07-06 17:34:25.810 13447 13464 D UE4 : [2020.07.06-14.34.25:810][ 0]LogConfig: Setting CVar [[r.DOF.Gather.EnableBokehSettings:0 ; no bokeh simulation when gathering]]
07-06 17:34:25.810 13447 13464 D UE4 : [2020.07.06-14.34.25:810][ 0]LogConfig: Setting CVar [[r.DOF.Gather.RingCount:4 ; medium number of samples when gathering]]
07-06 17:34:25.810 13447 13464 D UE4 : [2020.07.06-14.34.25:810][ 0]LogConfig: Setting CVar [[r.DOF.Scatter.ForegroundCompositing:1 ; additive foreground scattering]]
07-06 17:34:25.810 13447 13464 D UE4 : [2020.07.06-14.34.25:810][ 0]LogConfig: Setting CVar [[r.DOF.Scatter.BackgroundCompositing:2 ; additive background scattering]]
07-06 17:34:25.810 13447 13464 D UE4 : [2020.07.06-14.34.25:810][ 0]LogConfig: Setting CVar [[r.DOF.Scatter.EnableBokehSettings:1 ; bokeh simulation when scattering]]
07-06 17:34:25.811 13447 13464 D UE4 : [2020.07.06-14.34.25:811][ 0]LogConfig: Setting CVar [[r.DOF.Scatter.MaxSpriteRatio:0.1 ; only a maximum of 10% of scattered bokeh]]
07-06 17:34:25.811 13447 13464 D UE4 : [2020.07.06-14.34.25:811][ 0]LogConfig: Setting CVar [[r.DOF.Recombine.Quality:1 ; cheap slight out of focus]]
07-06 17:34:25.811 13447 13464 D UE4 : [2020.07.06-14.34.25:811][ 0]LogConfig: Setting CVar [[r.DOF.Recombine.EnableBokehSettings:0 ; no bokeh simulation on slight out of focus]]
07-06 17:34:25.811 13447 13464 D UE4 : [2020.07.06-14.34.25:811][ 0]LogConfig: Setting CVar [[r.DOF.TemporalAAQuality:1 ; more stable temporal accumulation]]
07-06 17:34:25.811 13447 13464 D UE4 : [2020.07.06-14.34.25:811][ 0]LogConfig: Setting CVar [[r.DOF.Kernel.MaxForegroundRadius:0.025]]
07-06 17:34:25.811 13447 13464 D UE4 : [2020.07.06-14.34.25:811][ 0]LogConfig: Setting CVar [[r.DOF.Kernel.MaxBackgroundRadius:0.025]]
07-06 17:34:25.811 13447 13464 D UE4 : [2020.07.06-14.34.25:811][ 0]LogConfig: Applying CVar settings from Section [TextureQuality@3] File [../../../DBM_Unreal_10vc/Saved/Config/Android/Scalability.ini]
07-06 17:34:25.811 13447 13464 D UE4 : [2020.07.06-14.34.25:811][ 0]LogConfig: Setting CVar [[r.Streaming.MipBias:0]]
07-06 17:34:25.811 13447 13464 D UE4 : [2020.07.06-14.34.25:811][ 0]LogConfig: Setting CVar [[r.Streaming.AmortizeCPUToGPUCopy:0]]
07-06 17:34:25.811 13447 13464 D UE4 : [2020.07.06-14.34.25:811][ 0]LogConfig: Setting CVar [[r.Streaming.MaxNumTexturesToStreamPerFrame:0]]
07-06 17:34:25.811 13447 13464 D UE4 : [2020.07.06-14.34.25:811][ 0]LogConfig: Setting CVar [[r.Streaming.Boost:1]]
07-06 17:34:25.811 13447 13464 D UE4 : [2020.07.06-14.34.25:811][ 0]LogConfig: Setting CVar [[r.MaxAnisotropy:8]]
07-06 17:34:25.811 13447 13464 D UE4 : [2020.07.06-14.34.25:811][ 0]LogConfig: Setting CVar [[r.VT.MaxAnisotropy:8]]
07-06 17:34:25.811 13447 13464 D UE4 : [2020.07.06-14.34.25:811][ 0]LogConfig: Setting CVar [[r.Streaming.LimitPoolSizeToVRAM:0]]
07-06 17:34:25.811 13447 13464 D UE4 : [2020.07.06-14.34.25:811][ 0]LogConfig: Setting CVar [[r.Streaming.PoolSize:1000]]
07-06 17:34:25.811 13447 13464 D UE4 : [2020.07.06-14.34.25:811][ 0]LogConfig: Setting CVar [[r.Streaming.MaxEffectiveScreenSize:0]]
07-06 17:34:25.811 13447 13464 D UE4 : [2020.07.06-14.34.25:811][ 0]LogConfig: Applying CVar settings from Section [EffectsQuality@3] File [../../../DBM_Unreal_10vc/Saved/Config/Android/Scalability.ini]
07-06 17:34:25.811 13447 13464 D UE4 : [2020.07.06-14.34.25:811][ 0]LogConfig: Setting CVar [[r.TranslucencyLightingVolumeDim:64]]
07-06 17:34:25.811 13447 13464 D UE4 : [2020.07.06-14.34.25:811][ 0]LogConfig: Setting CVar [[r.RefractionQuality:2]]
07-06 17:34:25.811 13447 13464 D UE4 : [2020.07.06-14.34.25:811][ 0]LogConsoleManager: Setting the console variable 'r.RefractionQuality' with 'SetByScalability' was ignored as it is lower priority than the previous 'SetByDeviceProfile'. Value remains '1'
07-06 17:34:25.811 13447 13464 D UE4 : [2020.07.06-14.34.25:811][ 0]LogConfig: Setting CVar [[r.SSR.Quality:3]]
07-06 17:34:25.812 13447 13464 D UE4 : [2020.07.06-14.34.25:811][ 0]LogConfig: Setting CVar [[r.SSR.HalfResSceneColor:0]]
07-06 17:34:25.812 13447 13464 D UE4 : [2020.07.06-14.34.25:812][ 0]LogConfig: Setting CVar [[r.SceneColorFormat:4]]
07-06 17:34:25.812 13447 13464 D UE4 : [2020.07.06-14.34.25:812][ 0]LogConfig: Setting CVar [[r.DetailMode:2]]
07-06 17:34:25.812 13447 13464 D UE4 : [2020.07.06-14.34.25:812][ 0]LogConfig: Setting CVar [[r.TranslucencyVolumeBlur:1]]
07-06 17:34:25.812 13447 13464 D UE4 : [2020.07.06-14.34.25:812][ 0]LogConfig: Setting CVar [[r.MaterialQualityLevel:1 ; High quality]]
07-06 17:34:25.812 13447 13464 D UE4 : [2020.07.06-14.34.25:812][ 0]LogConfig: Setting CVar [[r.SSS.Scale:1]]
07-06 17:34:25.812 13447 13464 D UE4 : [2020.07.06-14.34.25:812][ 0]LogConfig: Setting CVar [[r.SSS.SampleSet:2]]
07-06 17:34:25.812 13447 13464 D UE4 : [2020.07.06-14.34.25:812][ 0]LogConfig: Setting CVar [[r.SSS.Quality:1]]
07-06 17:34:25.812 13447 13464 D UE4 : [2020.07.06-14.34.25:812][ 0]LogConfig: Setting CVar [[r.SSS.HalfRes:1]]
07-06 17:34:25.812 13447 13464 D UE4 : [2020.07.06-14.34.25:812][ 0]LogConfig: Setting CVar [[r.SSGI.Quality:3]]
07-06 17:34:25.812 13447 13464 D UE4 : [2020.07.06-14.34.25:812][ 0]LogConfig: Setting CVar [[r.EmitterSpawnRateScale:1.0]]
07-06 17:34:25.812 13447 13464 D UE4 : [2020.07.06-14.34.25:812][ 0]LogConfig: Setting CVar [[r.ParticleLightQuality:2]]
07-06 17:34:25.812 13447 13464 D UE4 : [2020.07.06-14.34.25:812][ 0]LogConfig: Setting CVar [[r.SkyAtmosphere.AerialPerspectiveLUT.FastApplyOnOpaque:1 ; Always have FastSkyLUT 1 in this case to avoid wrong sky]]
07-06 17:34:25.812 13447 13464 D UE4 : [2020.07.06-14.34.25:812][ 0]LogConfig: Setting CVar [[r.SkyAtmosphere.AerialPerspectiveLUT.SampleCountPerSlice:1]]
07-06 17:34:25.812 13447 13464 D UE4 : [2020.07.06-14.34.25:812][ 0]LogConfig: Setting CVar [[r.SkyAtmosphere.AerialPerspectiveLUT.DepthResolution:4]]
07-06 17:34:25.812 13447 13464 D UE4 : [2020.07.06-14.34.25:812][ 0]LogConfig: Setting CVar [[r.SkyAtmosphere.FastSkyLUT:1]]
07-06 17:34:25.812 13447 13464 D UE4 : [2020.07.06-14.34.25:812][ 0]LogConfig: Setting CVar [[r.SkyAtmosphere.FastSkyLUT.SampleCountMin:1.0]]
07-06 17:34:25.812 13447 13464 D UE4 : [2020.07.06-14.34.25:812][ 0]LogConfig: Setting CVar [[r.SkyAtmosphere.FastSkyLUT.SampleCountMax:8.0]]
07-06 17:34:25.812 13447 13464 D UE4 : [2020.07.06-14.34.25:812][ 0]LogConfig: Setting CVar [[r.SkyAtmosphere.SampleCountMin:4.0]]
07-06 17:34:25.812 13447 13464 D UE4 : [2020.07.06-14.34.25:812][ 0]LogConfig: Setting CVar [[r.SkyAtmosphere.SampleCountMax:32.0]]
07-06 17:34:25.812 13447 13464 D UE4 : [2020.07.06-14.34.25:812][ 0]LogConfig: Setting CVar [[r.SkyAtmosphere.TransmittanceLUT.UseSmallFormat:1]]
07-06 17:34:25.813 13447 13464 D UE4 : [2020.07.06-14.34.25:813][ 0]LogConfig: Setting CVar [[r.SkyAtmosphere.TransmittanceLUT.SampleCount:10.0]]
07-06 17:34:25.813 13447 13464 D UE4 : [2020.07.06-14.34.25:813][ 0]LogConfig: Setting CVar [[r.SkyAtmosphere.MultiScatteringLUT.SampleCount:15.0]]
07-06 17:34:25.813 13447 13464 D UE4 : [2020.07.06-14.34.25:813][ 0]LogConfig: Setting CVar [[r.SkyAtmosphere.FastSkyLUT.Width:96]]
07-06 17:34:25.813 13447 13464 D UE4 : [2020.07.06-14.34.25:813][ 0]LogConfig: Setting CVar [[r.SkyAtmosphere.FastSkyLUT.Height:50]]
07-06 17:34:25.813 13447 13464 D UE4 : [2020.07.06-14.34.25:813][ 0]LogConfig: Applying CVar settings from Section [FoliageQuality@3] File [../../../DBM_Unreal_10vc/Saved/Config/Android/Scalability.ini]
07-06 17:34:25.813 13447 13464 D UE4 : [2020.07.06-14.34.25:813][ 0]LogConfig: Setting CVar [[foliage.DensityScale:1.0]]
07-06 17:34:25.813 13447 13464 D UE4 : [2020.07.06-14.34.25:813][ 0]LogConfig: Setting CVar [[grass.DensityScale:1.0]]
07-06 17:34:25.813 13447 13464 D UE4 : [2020.07.06-14.34.25:813][ 0]LogConfig: Applying CVar settings from Section [ShadingQuality@3] File [../../../DBM_Unreal_10vc/Saved/Config/Android/Scalability.ini]
07-06 17:34:25.813 13447 13464 D UE4 : [2020.07.06-14.34.25:813][ 0]LogConfig: Setting CVar [[r.HairStrands.SkyLighting.SampleCount:16]]
07-06 17:34:25.813 13447 13464 D UE4 : [2020.07.06-14.34.25:813][ 0]LogConfig: Setting CVar [[r.HairStrands.SkyLighting.JitterIntegration:0]]
07-06 17:34:25.813 13447 13464 D UE4 : [2020.07.06-14.34.25:813][ 0]LogConfig: Setting CVar [[r.HairStrands.SkyAO.SampleCount:16]]
07-06 17:34:25.813 13447 13464 D UE4 : [2020.07.06-14.34.25:813][ 0]LogConfig: Applying CVar settings from Section [Startup] File [../../../Engine/Config/ConsoleVariables.ini]
07-06 17:34:25.814 13447 13464 D UE4 : [2020.07.06-14.34.25:814][ 0]LogConfig: Setting CVar [[net.UseAdaptiveNetUpdateFrequency:0]]
07-06 17:34:25.814 13447 13464 D UE4 : [2020.07.06-14.34.25:814][ 0]LogConfig: Setting CVar [[p.chaos.AllowCreatePhysxBodies:1]]
07-06 17:34:25.814 13447 13464 D UE4 : [2020.07.06-14.34.25:814][ 0]LogConfig: Applying CVar settings from Section [ConsoleVariables] File [../../../DBM_Unreal_10vc/Saved/Config/Android/Engine.ini]
07-06 17:34:25.814 13447 13464 D UE4 : [2020.07.06-14.34.25:814][ 0]LogConfig: Setting CVar [[r.AllowOcclusionQueries:0]]
07-06 17:34:25.814 13447 13464 D UE4 : [2020.07.06-14.34.25:814][ 0]LogConfig: Setting CVar [[r.VSync:1]]
07-06 17:34:25.814 13447 13464 D UE4 : [2020.07.06-14.34.25:814][ 0]LogConfig: Setting CVar [[r.ParallelShadows:0]]
07-06 17:34:25.814 13447 13464 D UE4 : [2020.07.06-14.34.25:814][ 0]LogConfig: Setting CVar [[TaskGraph.EnablePowerSavingThreadPriorityReduction:1]]
07-06 17:34:25.814 13447 13464 D UE4 : [2020.07.06-14.34.25:814][ 0]LogConfig: Setting CVar [[r.Vulkan.Depth24Bit:1]]
07-06 17:34:25.816 13447 13464 D UE4 : [2020.07.06-14.34.25:816][ 0]LogInit: Memory total: Physical=3790.14MB (4GB approx) Available=1424.20MB PageSize=4.0KB
07-06 17:34:25.817 13447 13464 D UE4 : [2020.07.06-14.34.25:817][ 0]LogInit: Using OS detected language (en-GB).
07-06 17:34:25.817 13447 13464 D UE4 : [2020.07.06-14.34.25:817][ 0]LogInit: Using OS detected locale (en-GB).
07-06 17:34:25.818 13447 13464 D UE4 : [2020.07.06-14.34.25:818][ 0]LogTextLocalizationManager: No specific localization for 'en-GB' exists, so the 'en' localization will be used.
07-06 17:34:25.831 1934 1934 D [SUI] SocialViewModel: Fetched joinable parties
07-06 17:34:25.858 13447 13464 D UE4 : [2020.07.06-14.34.25:858][ 0]LogSlate: New Slate User Created. User Index 0, Is Virtual User: 0
07-06 17:34:25.858 13447 13464 D UE4 : [2020.07.06-14.34.25:858][ 0]LogSlate: Slate User Registered. User Index 0, Is Virtual User: 0
07-06 17:34:25.863 13447 13464 D UE4 : [2020.07.06-14.34.25:862][ 0]LogAndroid: VulkanRHI will be used!
07-06 17:34:25.863 13447 13464 D UE4 : AndroidEGL:: Terminate! tid: 13464
07-06 17:34:25.863 13447 13464 D UE4 : AndroidEGL::ResetDisplay()
07-06 17:34:25.863 13447 13464 D UE4 : AndroidEGL::DestroySurface()
07-06 17:34:25.864 13447 13464 D UE4 : [2020.07.06-14.34.25:864][ 0]LogAndroid: Unlocking android HW window during preinit.
07-06 17:34:25.864 13447 13464 D UE4 : [2020.07.06-14.34.25:864][ 0]LogVulkanRHI: Display: - Found instance layer VK_LAYER_GOOGLE_threading
07-06 17:34:25.865 13447 13464 D UE4 : [2020.07.06-14.34.25:864][ 0]LogVulkanRHI: Display: - Found instance layer VK_LAYER_GOOGLE_unique_objects
07-06 17:34:25.865 13447 13464 D UE4 : [2020.07.06-14.34.25:865][ 0]LogVulkanRHI: Display: - Found instance layer VK_LAYER_LUNARG_core_validation
07-06 17:34:25.865 13447 13464 D UE4 : [2020.07.06-14.34.25:865][ 0]LogVulkanRHI: Display: - Found instance layer VK_LAYER_LUNARG_image
07-06 17:34:25.865 13447 13464 D UE4 : [2020.07.06-14.34.25:865][ 0]LogVulkanRHI: Display: - Found instance layer VK_LAYER_LUNARG_object_tracker
07-06 17:34:25.865 13447 13464 D UE4 : [2020.07.06-14.34.25:865][ 0]LogVulkanRHI: Display: - Found instance layer VK_LAYER_LUNARG_parameter_validation
07-06 17:34:25.865 13447 13464 D UE4 : [2020.07.06-14.34.25:865][ 0]LogVulkanRHI: Display: - Found instance layer VK_LAYER_LUNARG_swapchain
07-06 17:34:25.865 13447 13464 D UE4 : [2020.07.06-14.34.25:865][ 0]LogVulkanRHI: Display: - Found instance extension VK_EXT_debug_report
07-06 17:34:25.865 13447 13464 D UE4 : [2020.07.06-14.34.25:865][ 0]LogVulkanRHI: Display: - Found instance extension VK_KHR_android_surface
07-06 17:34:25.865 13447 13464 D UE4 : [2020.07.06-14.34.25:865][ 0]LogVulkanRHI: Display: - Found instance extension VK_KHR_device_group_creation
07-06 17:34:25.865 13447 13464 D UE4 : [2020.07.06-14.34.25:865][ 0]LogVulkanRHI: Display: - Found instance extension VK_KHR_external_fence_capabilities
07-06 17:34:25.865 13447 13464 D UE4 : [2020.07.06-14.34.25:865][ 0]LogVulkanRHI: Display: - Found instance extension VK_KHR_external_memory_capabilities
07-06 17:34:25.865 13447 13464 D UE4 : [2020.07.06-14.34.25:865][ 0]LogVulkanRHI: Display: - Found instance extension VK_KHR_external_semaphore_capabilities
07-06 17:34:25.865 13447 13464 D UE4 : [2020.07.06-14.34.25:865][ 0]LogVulkanRHI: Display: - Found instance extension VK_KHR_get_physical_device_properties2
07-06 17:34:25.865 13447 13464 D UE4 : [2020.07.06-14.34.25:865][ 0]LogVulkanRHI: Display: - Found instance extension VK_KHR_surface
07-06 17:34:25.865 13447 13464 D UE4 : [2020.07.06-14.34.25:865][ 0]LogVulkanRHI: Display: Not using instance layers
07-06 17:34:25.865 13447 13464 D UE4 : [2020.07.06-14.34.25:865][ 0]LogVulkanRHI: Display: Using instance extensions
07-06 17:34:25.865 13447 13464 D UE4 : [2020.07.06-14.34.25:865][ 0]LogVulkanRHI: Display: * VK_KHR_surface
07-06 17:34:25.865 13447 13464 D UE4 : [2020.07.06-14.34.25:865][ 0]LogVulkanRHI: Display: * VK_KHR_android_surface
07-06 17:34:25.865 13447 13464 D UE4 : [2020.07.06-14.34.25:865][ 0]LogVulkanRHI: Display: * VK_KHR_external_memory_capabilities
07-06 17:34:25.865 13447 13464 D UE4 : [2020.07.06-14.34.25:865][ 0]LogVulkanRHI: Display: * VK_KHR_get_physical_device_properties2
07-06 17:34:25.866 13447 13464 I AdrenoVK-0: QUALCOMM build : 2fa729c, I332901a8a4
07-06 17:34:25.866 13447 13464 I AdrenoVK-0: Build Date : 03/26/20
07-06 17:34:25.866 13447 13464 I AdrenoVK-0: Shader Compiler Version : EV031.29.05.00
07-06 17:34:25.866 13447 13464 I AdrenoVK-0: Local Branch :
07-06 17:34:25.866 13447 13464 I AdrenoVK-0: Remote Branch : refs/tags/AU_LINUX_ANDROID_LA.UM.5.7.C25.07.01.01.563.041
07-06 17:34:25.866 13447 13464 I AdrenoVK-0: Remote Branch : NONE
07-06 17:34:25.866 13447 13464 I AdrenoVK-0: Reconstruct Branch : NOTHING
07-06 17:34:25.866 13447 13464 I AdrenoVK-0: Build Config : G O 9.9.0 AArch32
07-06 17:34:25.866 13447 13464 I AdrenoVK-0: Driver Path : /system/vendor/lib/hw/vulkan.msm8998.so
07-06 17:34:25.867 13447 13464 D UE4 : [2020.07.06-14.34.25:867][ 0]LogVulkanRHI: Display: Found 1 device(s)
07-06 17:34:25.867 13447 13464 D UE4 : [2020.07.06-14.34.25:867][ 0]LogVulkanRHI: Display: Device 0: Adreno (TM) 540
07-06 17:34:25.867 13447 13464 D UE4 : [2020.07.06-14.34.25:867][ 0]LogVulkanRHI: Display: - API 1.1.128(0x401080) Driver 0x801cd000 VendorId 0x5143
07-06 17:34:25.867 13447 13464 D UE4 : [2020.07.06-14.34.25:867][ 0]LogVulkanRHI: Display: - DeviceID 0x5040001 Type Integrated GPU
07-06 17:34:25.867 13447 13464 D UE4 : [2020.07.06-14.34.25:867][ 0]LogVulkanRHI: Display: - Max Descriptor Sets Bound 4 Timestamps 1
07-06 17:34:25.867 13447 13464 D UE4 : [2020.07.06-14.34.25:867][ 0]LogVulkanRHI: Display: - Found device extension VK_EXT_fragment_density_map
07-06 17:34:25.867 13447 13464 D UE4 : [2020.07.06-14.34.25:867][ 0]LogVulkanRHI: Display: - Found device extension VK_EXT_global_priority
07-06 17:34:25.867 13447 13464 D UE4 : [2020.07.06-14.34.25:867][ 0]LogVulkanRHI: Display: - Found device extension VK_EXT_line_rasterization
07-06 17:34:25.867 13447 13464 D UE4 : [2020.07.06-14.34.25:867][ 0]LogVulkanRHI: Display: - Found device extension VK_EXT_pipeline_creation_feedback
07-06 17:34:25.867 13447 13464 D UE4 : [2020.07.06-14.34.25:867][ 0]LogVulkanRHI: Display: - Found device extension VK_EXT_queue_family_foreign
07-06 17:34:25.867 13447 13464 D UE4 : [2020.07.06-14.34.25:867][ 0]LogVulkanRHI: Display: - Found device extension VK_EXT_sampler_filter_minmax
07-06 17:34:25.867 13447 13464 D UE4 : [2020.07.06-14.34.25:867][ 0]LogVulkanRHI: Display: - Found device extension VK_KHR_bind_memory2
07-06 17:34:25.867 13447 13464 D UE4 : [2020.07.06-14.34.25:867][ 0]LogVulkanRHI: Display: - Found device extension VK_KHR_create_renderpass2
07-06 17:34:25.867 13447 13464 D UE4 : [2020.07.06-14.34.25:867][ 0]LogVulkanRHI: Display: - Found device extension VK_KHR_dedicated_allocation
07-06 17:34:25.867 13447 13464 D UE4 : [2020.07.06-14.34.25:867][ 0]LogVulkanRHI: Display: - Found device extension VK_KHR_descriptor_update_template
07-06 17:34:25.867 13447 13464 D UE4 : [2020.07.06-14.34.25:867][ 0]LogVulkanRHI: Display: - Found device extension VK_KHR_device_group
07-06 17:34:25.868 13447 13464 D UE4 : [2020.07.06-14.34.25:868][ 0]LogVulkanRHI: Display: - Found device extension VK_KHR_external_fence
07-06 17:34:25.868 13447 13464 D UE4 : [2020.07.06-14.34.25:868][ 0]LogVulkanRHI: Display: - Found device extension VK_KHR_external_fence_fd
07-06 17:34:25.868 13447 13464 D UE4 : [2020.07.06-14.34.25:868][ 0]LogVulkanRHI: Display: - Found device extension VK_KHR_external_memory
07-06 17:34:25.868 13447 13464 D UE4 : [2020.07.06-14.34.25:868][ 0]LogVulkanRHI: Display: - Found device extension VK_KHR_external_memory_fd
07-06 17:34:25.868 13447 13464 D UE4 : [2020.07.06-14.34.25:868][ 0]LogVulkanRHI: Display: - Found device extension VK_KHR_external_semaphore
07-06 17:34:25.868 13447 13464 D UE4 : [2020.07.06-14.34.25:868][ 0]LogVulkanRHI: Display: - Found device extension VK_KHR_external_semaphore_fd
07-06 17:34:25.868 13447 13464 D UE4 : [2020.07.06-14.34.25:868][ 0]LogVulkanRHI: Display: - Found device extension VK_KHR_get_memory_requirements2
07-06 17:34:25.868 13447 13464 D UE4 : [2020.07.06-14.34.25:868][ 0]LogVulkanRHI: Display: - Found device extension VK_KHR_maintenance1
07-06 17:34:25.868 13447 13464 D UE4 : [2020.07.06-14.34.25:868][ 0]LogVulkanRHI: Display: - Found device extension VK_KHR_maintenance2
07-06 17:34:25.868 13447 13464 D UE4 : [2020.07.06-14.34.25:868][ 0]LogVulkanRHI: Display: - Found device extension VK_KHR_maintenance3
07-06 17:34:25.868 13447 13464 D UE4 : [2020.07.06-14.34.25:868][ 0]LogVulkanRHI: Display: - Found device extension VK_KHR_multiview
07-06 17:34:25.868 13447 13464 D UE4 : [2020.07.06-14.34.25:868][ 0]LogVulkanRHI: Display: - Found device extension VK_KHR_push_descriptor
07-06 17:34:25.868 13447 13464 D UE4 : [2020.07.06-14.34.25:868][ 0]LogVulkanRHI: Display: - Found device extension VK_KHR_relaxed_block_layout
07-06 17:34:25.868 13447 13464 D UE4 : [2020.07.06-14.34.25:868][ 0]LogVulkanRHI: Display: - Found device extension VK_KHR_sampler_mirror_clamp_to_edge
07-06 17:34:25.868 13447 13464 D UE4 : [2020.07.06-14.34.25:868][ 0]LogVulkanRHI: Display: - Found device extension VK_KHR_sampler_ycbcr_conversion
07-06 17:34:25.868 13447 13464 D UE4 : [2020.07.06-14.34.25:868][ 0]LogVulkanRHI: Display: - Found device extension VK_KHR_shader_draw_parameters
07-06 17:34:25.868 13447 13464 D UE4 : [2020.07.06-14.34.25:868][ 0]LogVulkanRHI: Display: - Found device extension VK_KHR_storage_buffer_storage_class
07-06 17:34:25.868 13447 13464 D UE4 : [2020.07.06-14.34.25:868][ 0]LogVulkanRHI: Display: - Found device extension VK_KHR_swapchain
07-06 17:34:25.868 13447 13464 D UE4 : [2020.07.06-14.34.25:868][ 0]LogVulkanRHI: Display: - Found device extension VK_KHR_variable_pointers
07-06 17:34:25.868 13447 13464 D UE4 : [2020.07.06-14.34.25:868][ 0]LogVulkanRHI: Display: Using Device 0: Geometry 0 Tessellation 0
07-06 17:34:25.868 13447 13464 D UE4 : [2020.07.06-14.34.25:868][ 0]LogVulkanRHI: Display: Found 1 Queue Families
07-06 17:34:25.868 13447 13464 D UE4 : [2020.07.06-14.34.25:868][ 0]LogVulkanRHI: Display: Initializing Queue Family 0: 3 queues Gfx Compute
07-06 17:34:25.870 13447 13464 D UE4 : [2020.07.06-14.34.25:870][ 0]LogVulkanRHI: Display: Using device layers
07-06 17:34:25.870 13447 13464 D UE4 : [2020.07.06-14.34.25:870][ 0]LogVulkanRHI: Display: Using device extensions
07-06 17:34:25.870 13447 13464 D UE4 : [2020.07.06-14.34.25:870][ 0]LogVulkanRHI: Display: * VK_KHR_swapchain
07-06 17:34:25.870 13447 13464 D UE4 : [2020.07.06-14.34.25:870][ 0]LogVulkanRHI: Display: * VK_KHR_external_memory
07-06 17:34:25.870 13447 13464 D UE4 : [2020.07.06-14.34.25:870][ 0]LogVulkanRHI: Display: * VK_KHR_external_memory_fd
07-06 17:34:25.871 13447 13464 D UE4 : [2020.07.06-14.34.25:870][ 0]LogVulkanRHI: Display: * VK_EXT_fragment_density_map
07-06 17:34:25.871 13447 13464 D UE4 : [2020.07.06-14.34.25:871][ 0]LogVulkanRHI: Display: * VK_KHR_maintenance2
07-06 17:34:25.871 13447 13464 D UE4 : [2020.07.06-14.34.25:871][ 0]LogVulkanRHI: Display: * VK_KHR_maintenance1
07-06 17:34:25.871 13447 13464 D UE4 : [2020.07.06-14.34.25:871][ 0]LogVulkanRHI: Display: EPixelFormat(4) (images) is not supported with Vk format 70, falling back to Vk format 76
07-06 17:34:25.871 13447 13464 D UE4 : [2020.07.06-14.34.25:871][ 0]LogVulkanRHI: Display: EPixelFormat(14) (images) is not supported with Vk format 77, falling back to Vk format 83
07-06 17:34:25.871 13447 13464 D UE4 : [2020.07.06-14.34.25:871][ 0]LogVulkanRHI: Display: EPixelFormat(19) (images) is not supported with Vk format 91, falling back to Vk format 97
07-06 17:34:25.871 13447 13464 D UE4 : [2020.07.06-14.34.25:871][ 0]LogVulkanRHI: Display: EPixelFormat(63) (images) is not supported with Vk format 92, falling back to Vk format 97
07-06 17:34:25.871 13447 13464 D UE4 : [2020.07.06-14.34.25:871][ 0]LogVulkanRHI: Display: EPixelFormat(62) (images) is not supported with Vk format 91, falling back to Vk format 97
07-06 17:34:25.871 13447 13464 D UE4 : [2020.07.06-14.34.25:871][ 0]LogVulkanRHI: Display: 2 Device Memory Heaps; Max memory allocations 4096
07-06 17:34:25.871 13447 13464 D UE4 : [2020.07.06-14.34.25:871][ 0]LogVulkanRHI: Display: 0: Flags 0x1 Size 3974250496 (3790.14 MB) GPU
07-06 17:34:25.871 13447 13464 D UE4 : [2020.07.06-14.34.25:871][ 0]LogVulkanRHI: Display: 1: Flags 0x1 Size 268435456 (256.00 MB) GPU
07-06 17:34:25.871 13447 13464 D UE4 : [2020.07.06-14.34.25:871][ 0]LogVulkanRHI: Display: 6 Device Memory Types (unified)
07-06 17:34:25.871 13447 13464 D UE4 : [2020.07.06-14.34.25:871][ 0]LogVulkanRHI: Display: 0: Flags 0x1 Heap 0 Local
07-06 17:34:25.871 13447 13464 D UE4 : [2020.07.06-14.34.25:871][ 0]LogVulkanRHI: Display: 1: Flags 0xb Heap 0 Local HostVisible HostCached
07-06 17:34:25.871 13447 13464 D UE4 : [2020.07.06-14.34.25:871][ 0]LogVulkanRHI: Display: 2: Flags 0xf Heap 0 Local HostVisible HostCoherent HostCached
07-06 17:34:25.871 13447 13464 D UE4 : [2020.07.06-14.34.25:871][ 0]LogVulkanRHI: Display: 3: Flags 0x1 Heap 0 Local
07-06 17:34:25.871 13447 13464 D UE4 : [2020.07.06-14.34.25:871][ 0]LogVulkanRHI: Display: 4: Flags 0x7 Heap 0 Local HostVisible HostCoherent
07-06 17:34:25.871 13447 13464 D UE4 : [2020.07.06-14.34.25:871][ 0]LogVulkanRHI: Display: 5: Flags 0x21 Heap 1 Local
07-06 17:34:25.875 13447 13464 D UE4 : [2020.07.06-14.34.25:875][ 0]LogVulkanRHI: FVulkanPipelineStateCacheManager will check for loading, etc when ShaderPipelineCache opens its file
07-06 17:34:25.881 13447 13464 D UE4 : [2020.07.06-14.34.25:881][ 0]LogRHI: Texture pool is 1000 MB (of 3843 MB total graphics mem)
07-06 17:34:25.902 13447 13464 D UE4 : [2020.07.06-14.34.25:902][ 0]LogMaterial: Verifying Global Shaders for SF_VULKAN_ES31_ANDROID_NOUB
07-06 17:34:25.923 13447 13464 D UE4 : [2020.07.06-14.34.25:923][ 0]LogSlate: Using FreeType 2.10.0
07-06 17:34:25.924 13447 13464 D UE4 : [2020.07.06-14.34.25:924][ 0]LogSlate: SlateFontServices - WITH_FREETYPE: 1, WITH_HARFBUZZ: 1
07-06 17:34:25.941 2256 2299 W RuntimeIPCServerMgr: Resetting client. Server: com.oculus.systemdriver:com.oculus.vrguardianservice (guardianserver), client: com.YourCompany.DBM_Unreal_10vc:com.YourCompany.DBM_Unreal_10vc
07-06 17:34:25.941 2256 13500 I RuntimeIPCServerMgr: RPCClientHandler::ReSync: com.YourCompany.DBM_Unreal_10vc:com.YourCompany.DBM_Unreal_10vc
07-06 17:34:25.942 2207 2322 W RuntimeIPCService: GetConnectedClientAsServer: Client not connected: Server: com.oculus.systemdriver:com.oculus.vrguardianservice (guardianserver), ClientId: 3857628805
07-06 17:34:25.942 2207 2322 W RuntimeIPCService: GetServerFdAsServer: GetConnectedClientAsServer FAILED.
07-06 17:34:25.942 2256 13500 W RuntimeIPCServerMgr: RPCClientHandler::InitRPCBuffer: Failed to get fd: com.YourCompany.DBM_Unreal_10vc:com.YourCompany.DBM_Unreal_10vc
07-06 17:34:25.942 2256 13500 W RuntimeIPCServerMgr: RPCClientHandler::ReSync: InitRPCBuffer FAILED: com.YourCompany.DBM_Unreal_10vc:com.YourCompany.DBM_Unreal_10vc
07-06 17:34:25.943 2256 13500 I RuntimeIPCServerMgr: RPCClientHandler::MainLoop: Ended: com.YourCompany.DBM_Unreal_10vc:com.YourCompany.DBM_Unreal_10vc
07-06 17:34:25.976 2188 2394 W RuntimeIPCServerMgr: Resetting client. Server: com.oculus.systemdriver:com.oculus.vrruntimeservice (RuntimeServiceServer), client: com.YourCompany.DBM_Unreal_10vc:com.YourCompany.DBM_Unreal_10vc
07-06 17:34:25.976 2188 13501 I RuntimeIPCServerMgr: RPCClientHandler::ReSync: com.YourCompany.DBM_Unreal_10vc:com.YourCompany.DBM_Unreal_10vc
07-06 17:34:25.977 2207 2232 W RuntimeIPCService: GetConnectedClientAsServer: Client not connected: Server: com.oculus.systemdriver:com.oculus.vrruntimeservice (RuntimeServiceServer), ClientId: 3857628805
07-06 17:34:25.977 2207 2232 W RuntimeIPCService: GetServerFdAsServer: GetConnectedClientAsServer FAILED.
07-06 17:34:25.977 2188 13501 W RuntimeIPCServerMgr: RPCClientHandler::InitRPCBuffer: Failed to get fd: com.YourCompany.DBM_Unreal_10vc:com.YourCompany.DBM_Unreal_10vc
07-06 17:34:25.977 2188 13501 W RuntimeIPCServerMgr: RPCClientHandler::ReSync: InitRPCBuffer FAILED: com.YourCompany.DBM_Unreal_10vc:com.YourCompany.DBM_Unreal_10vc
07-06 17:34:25.977 2188 13501 I RuntimeIPCServerMgr: RPCClientHandler::MainLoop: Ended: com.YourCompany.DBM_Unreal_10vc:com.YourCompany.DBM_Unreal_10vc
07-06 17:34:26.015 13447 13464 D UE4 : [2020.07.06-14.34.26:015][ 0]LogInit: Using OS detected language (en-GB).
07-06 17:34:26.015 13447 13464 D UE4 : [2020.07.06-14.34.26:015][ 0]LogInit: Using OS detected locale (en-GB).
07-06 17:34:26.015 13447 13464 D UE4 : [2020.07.06-14.34.26:015][ 0]LogTextLocalizationManager: No localization for 'en-GB' exists, so 'en' will be used for the language.
07-06 17:34:26.016 13447 13464 D UE4 : [2020.07.06-14.34.26:016][ 0]LogTextLocalizationManager: No localization for 'en-GB' exists, so 'en' will be used for the locale.
07-06 17:34:26.016 13447 13464 D UE4 : [2020.07.06-14.34.26:016][ 0]LogSlate: FontCache flush requested. Reason: Culture for localization was changed
07-06 17:34:26.016 13447 13464 D UE4 : [2020.07.06-14.34.26:016][ 0]LogSlate: FontCache flush requested. Reason: Culture for localization was changed
07-06 17:34:26.016 13447 13464 D UE4 : [2020.07.06-14.34.26:016][ 0]LogTextLocalizationManager: Compacting localization data took 0.05ms
07-06 17:34:26.027 13447 13464 D UE4 : [2020.07.06-14.34.26:027][ 0]LogAssetRegistry: FAssetRegistry took 0.0091 seconds to start up
07-06 17:34:26.173 1934 1934 D [SUI] SocialViewModel: Fetched friends
07-06 17:34:26.246 724 12766 I [CT] : CONSTELLATION: R: Detected static motion, applying constant pose priors.
07-06 17:34:26.287 724 12766 I [CT] : MANAGEMENT:CONSTELLATION: Status=GREEN,, Obj=1079011930480953256,6DOF=1,FusJit=0.006mm,Issues(Cam/min= 0,IMU/min=0), Obj=14492187006485747947,6DOF=1 (estimated),Issues(Cam/min= 0,IMU/min=0)
07-06 17:34:26.298 13447 13464 D UE4 : [2020.07.06-14.34.26:298][ 0]LogStreaming: Display: Flushing async loaders.
07-06 17:34:26.298 13447 13464 D UE4 : [2020.07.06-14.34.26:298][ 0]LogPackageLocalizationCache: Processed 8 localized package path(s) for 1 prioritized culture(s) in 0.000118 seconds
07-06 17:34:26.299 13447 13464 D UE4 : [2020.07.06-14.34.26:299][ 0]LogPakFile: New pak file DBM_Unreal_10vc/Content/Paks/DBM_Unreal_10vc-Android_ASTC.pak added to pak precacher.
07-06 17:34:26.357 13447 13464 D UE4 : [2020.07.06-14.34.26:357][ 0]LogNetVersion: DBM_Unreal_10vc 1.0.0, NetCL: 10570792, EngineNetVer: 13, GameNetVer: 0 (Checksum: 577576028)
07-06 17:34:26.395 1934 1934 D [SUI] SocialViewModel: Fetched PYMKs
07-06 17:34:26.442 2256 2299 I RuntimeIPCServerMgr: Removing ended client. Server: com.oculus.systemdriver:com.oculus.vrguardianservice (guardianserver), client: com.YourCompany.DBM_Unreal_10vc:com.YourCompany.DBM_Unreal_10vc
07-06 17:34:26.477 2188 2394 I RuntimeIPCServerMgr: Removing ended client. Server: com.oculus.systemdriver:com.oculus.vrruntimeservice (RuntimeServiceServer), client: com.YourCompany.DBM_Unreal_10vc:com.YourCompany.DBM_Unreal_10vc
07-06 17:34:26.505 714 788 I crash-uploader: [Crash Reporter Rate Limiting] reset data
07-06 17:34:26.530 1934 1934 D [SUI] SocialViewModel: Fetched party: null
07-06 17:34:26.610 2188 12779 I Vsync : Vsync 5051: 2 x 13.93 ms (71.82 Hz, at 90127.685)
07-06 17:34:26.662 13447 13464 D UE4 : [2020.07.06-14.34.26:661][ 0]LogAudioCaptureCore: Display: No Audio Capture implementations found. Audio input will be silent.
07-06 17:34:26.662 13447 13464 D UE4 : [2020.07.06-14.34.26:662][ 0]LogAudioCaptureCore: Display: No Audio Capture implementations found. Audio input will be silent.
07-06 17:34:26.677 1934 1934 D [SUI] SocialViewModel: Fetched joinable parties
07-06 17:34:26.716 724 12767 I [CT] : VIPER: Status=6DoF,TRACKING,KF=58,Inl=361,Pts=217,Jit=0.1mm,Issues(Cam/min=0.0,IMU/min=0.3),Exp=(4.0ms,g=2.0,I=70)(3.4ms,g=2.0,I=68)(4.0ms,g=2.0,I=69)(3.9ms,g=1.0,I=69)
07-06 17:34:26.848 13447 13464 D UE4 : [2020.07.06-14.34.26:848][ 0]LogFMOD: FFMODStudioModule startup
07-06 17:34:26.848 13447 13464 D UE4 : [2020.07.06-14.34.26:848][ 0]LogFMOD: Lib path = '../../../DBM_Unreal_10vc/Plugins/FMODStudio/Binaries'
07-06 17:34:26.859 13447 13464 D UE4 : [2020.07.06-14.34.26:859][ 0]LogFMOD: Loading strings bank: ../../../DBM_Unreal_10vc/Content/FMOD/Mobile/Master.strings.bank
07-06 17:34:26.860 13447 13464 D UE4 : [2020.07.06-14.34.26:860][ 0]LogFMOD: Skipping asset: bank:/Master.strings
07-06 17:34:26.860 13447 13464 D UE4 : [2020.07.06-14.34.26:860][ 0]LogFMOD: Constructing asset: /Game/FMOD/Events/Interactive_Objects_Dialogue/Window_Dialogue
07-06 17:34:26.860 13447 13464 D UE4 : [2020.07.06-14.34.26:860][ 0]LogFMOD: Constructing asset: /Game/FMOD/Events/Interactive_Objects_Dialogue/Pill_Bottle_Dialogue
07-06 17:34:26.860 13447 13464 D UE4 : [2020.07.06-14.34.26:860][ 0]LogFMOD: Skipping asset: bus:/
07-06 17:34:26.860 13447 13464 D UE4 : [2020.07.06-14.34.26:860][ 0]LogFMOD: Constructing asset: /Game/FMOD/Events/Interactive_Objects_Dialogue/Ticket_Dialogue
07-06 17:34:26.860 13447 13464 D UE4 : [2020.07.06-14.34.26:860][ 0]LogFMOD: Constructing asset: /Game/FMOD/Events/Interactive_Objects_Dialogue/Child_Dialogue
07-06 17:34:26.860 13447 13464 D UE4 : [2020.07.06-14.34.26:860][ 0]LogFMOD: Constructing asset: /Game/FMOD/Banks/Master
07-06 17:34:26.861 13447 13464 D UE4 : [2020.07.06-14.34.26:861][ 0]LogFMOD: Constructing asset: /Game/FMOD/Buses/Reverb
07-06 17:34:26.861 13447 13464 D UE4 : [2020.07.06-14.34.26:861][ 0]LogFMOD: Constructing asset: /Game/FMOD/Events/Interactive_Objects_Dialogue/Mother_Dialogue
07-06 17:34:26.861 13447 13464 D UE4 : [2020.07.06-14.34.26:861][ 0]LogFMOD: Constructing asset: /Game/FMOD/Events/Interactive_Objects_Dialogue/Man_Dialogue
07-06 17:34:26.861 13447 13464 D UE4 : [2020.07.06-14.34.26:861][ 0]LogFMOD: Constructing asset: /Game/FMOD/Events/Interactive_Objects_Dialogue/Watch_Dialogue
07-06 17:34:26.861 13447 13464 D UE4 : [2020.07.06-14.34.26:861][ 0]LogFMOD: Constructing asset: /Game/FMOD/Events/Train_Atmos
07-06 17:34:26.872 13447 13464 D UE4 : [2020.07.06-14.34.26:872][ 0]LogFMOD: Creating runtime Studio System
07-06 17:34:26.888 13447 13464 I fmod : FMOD::supportsLowLatency : Low latency = true, Pro Audio = true, Bluetooth On = false, Acceptable Block Size = true (192)
07-06 17:34:26.888 13447 13464 D UE4 : [2020.07.06-14.34.26:888][ 0]LogFMOD: Default sample rate = 24000
07-06 17:34:26.889 13447 13464 D UE4 : [2020.07.06-14.34.26:889][ 0]LogFMOD: System sample rate = 48000
07-06 17:34:26.891 13447 13464 D UE4 : [2020.07.06-14.34.26:891][ 0]LogFMOD: Warning: ../android/src/fmod_output_opensl.cpp(252) - Only mono and stereo supported, defaulting to stereo.
07-06 17:34:26.891 13447 13464 D UE4 :
07-06 17:34:26.891 13447 13464 I libOpenSLES: Emulating old channel mask behavior (ignoring positional mask 0x3, using default mask 0x3 based on channel count of 2)
07-06 17:34:26.891 549 602 I AudioPolicyManagerCustom: offload disabled by audio.offload.disable=1
