07-06 17:34:26.891 549 602 I AudioPolicyManagerCustom: Direct PCM is disabled for this request
07-06 17:34:26.892 549 1730 W AudioFlinger: createTrack_l(): mismatch between requested flags (00000104) and output flags (00000006)
07-06 17:34:26.893 13447 13464 D AudioTrack: Client defaulted notificationFrames to 192 for frameCount 384
07-06 17:34:26.894 13447 13464 D UE4 : [2020.07.06-14.34.26:893][ 0]LogFMOD: Warning: ../../src/fmod_systemi.cpp(2814) - Output requires a sample rate of 48000Hz, resampling will occur.
07-06 17:34:26.894 13447 13464 D UE4 :
07-06 17:34:26.898 13447 13464 D AudioTrack: updateAppOpsPlayAudio: checkOp OP_PLAY_AUDIO for com.YourCompany.DBM_Unreal_10vc returns: 0 (ALLOWED)
07-06 17:34:26.899 549 590 W AudioFlinger: checkEffectCompatibility_l(): non HW effect Volume listener for Music on playback thread in fast mode
07-06 17:34:26.899 549 590 E AudioEffect: set(): AudioFlinger could not create effect, status: -22
07-06 17:34:26.899 549 590 E AudioPolicyEffects: addOutputSessionEffects(): failed to create Fx music_helper on session 1313
07-06 17:34:26.900 13447 13464 D UE4 : [2020.07.06-14.34.26:900][ 0]LogFMOD: Loading Banks
07-06 17:34:26.955 13447 13530 D UE4 : Assertion failed: IsValid() [File:D:/Build/++UE4/Sync/Engine/Source/Runtime/Core/Public\Templates/SharedPointer.h] [Line: 840]
07-06 17:34:26.955 13447 13530 D UE4 :
07-06 17:34:26.955 13447 13530 D UE4 : [2020.07.06-14.34.26:955][ 0]Assertion failed: IsValid() [File:D:/Build/++UE4/Sync/Engine/Source/Runtime/Core/Public\Templates/SharedPointer.h] [Line: 840]
07-06 17:34:26.955 13447 13530 D UE4 :
07-06 17:34:26.956 13447 13530 D UE4 : [2020.07.06-14.34.26:955][ 0]LogAndroid: Error: === Critical error: ===
07-06 17:34:26.956 13447 13530 D UE4 : [2020.07.06-14.34.26:956][ 0]LogAndroid: Error:
07-06 17:34:26.956 13447 13530 D UE4 : [2020.07.06-14.34.26:956][ 0]LogAndroid: Error: Assertion failed: IsValid() [File:D:/Build/++UE4/Sync/Engine/Source/Runtime/Core/Public\Templates/SharedPointer.h] [Line: 840]
07-06 17:34:26.956 13447 13530 D UE4 : [2020.07.06-14.34.26:956][ 0]LogAndroid: Error:
07-06 17:34:26.956 13447 13530 D UE4 : [2020.07.06-14.34.26:956][ 0]LogAndroid: Error: [Callstack] 0x00000000D2206980 libUE4.so(0x0000000008872980)!void FDebug::CheckVerifyFailed(char const*, char const*, int, char16_t const (&) [1]) []
07-06 17:34:26.956 13447 13530 D UE4 : [2020.07.06-14.34.26:956][ 0]LogAndroid: Error: [Callstack] 0x00000000CD865D48 libUE4.so(0x0000000003ED1D48)!FAndroidPlatformFile::OpenRead(char16_t const*, bool, bool) []
07-06 17:34:26.956 13447 13530 D UE4 : [2020.07.06-14.34.26:956][ 0]LogAndroid: Error: [Callstack] 0x00000000CFC3B35C libUE4.so(0x00000000062A735C)!FPakPlatformFile::OpenRead(char16_t const*, bool) []
07-06 17:34:26.956 13447 13530 D UE4 : [2020.07.06-14.34.26:956][ 0]LogAndroid: Error: [Callstack] 0x00000000CD8CC384 libUE4.so(0x0000000003F38384)!FFileManagerGeneric::CreateFileReaderInternal(char16_t const*, unsigned int, unsigned int) []
07-06 17:34:26.956 13447 13530 D UE4 : [2020.07.06-14.34.26:956][ 0]LogAndroid: Error: [Callstack] 0x00000000CD196B70 libUE4.so(0x0000000003802B70)!FFMODFileSystem::OpenInternal(char const*, unsigned int*, void**) []
07-06 17:34:26.956 13447 13530 D UE4 : [2020.07.06-14.34.26:956][ 0]LogAndroid: Error: [Callstack] 0x00000000CD1A67AC libUE4.so(0x00000000038127AC)!FFMODFileSystem::Run() []
07-06 17:34:26.956 13447 13530 D UE4 : [2020.07.06-14.34.26:956][ 0]LogAndroid: Error: [Callstack] 0x00000000CD90F404 libUE4.so(0x0000000003F7B404)!FRunnableThreadPThread::Run() []
07-06 17:34:26.956 13447 13530 D UE4 : [2020.07.06-14.34.26:956][ 0]LogAndroid: Error: [Callstack] 0x00000000CD86C720 libUE4.so(0x0000000003ED8720)!FRunnableThreadPThread::_ThreadProc(void*) []
07-06 17:34:26.956 13447 13530 D UE4 : [2020.07.06-14.34.26:956][ 0]LogAndroid: Error: [Callstack] 0x00000000F1CB6D84 libc.so(0x0000000000047D84)![Unknown]() []
07-06 17:34:26.956 13447 13530 D UE4 : [2020.07.06-14.34.26:956][ 0]LogAndroid: Error: [Callstack] 0x00000000F1C89036 libc.so(0x000000000001A036)![Unknown]() []
07-06 17:34:26.956 13447 13530 D UE4 : [2020.07.06-14.34.26:956][ 0]LogAndroid: Error:
07-06 17:34:26.956 13447 13530 D UE4 : [2020.07.06-14.34.26:956][ 0]LogAndroid: Error:
07-06 17:34:26.956 13447 13530 D UE4 : [2020.07.06-14.34.26:956][ 0]LogAndroid: Error:
07-06 17:34:26.956 13447 13530 D UE4 : [2020.07.06-14.34.26:956][ 0]LogAndroid: Error:
07-06 17:34:26.956 13447 13530 D UE4 : [2020.07.06-14.34.26:956][ 0]LogAndroid: FAndroidMisc::RequestExit(1)
07-06 17:34:26.957 13447 13530 I art : System.exit called, status: 0
07-06 17:34:26.957 13447 13530 I AndroidRuntime: VM exiting with result code 0, cleanup skipped.
07-06 17:34:27.061 1077 1189 W InputDispatcher: channel '41e2307 com.YourCompany.DBM_Unreal_10vc/com.epicgames.ue4.GameActivity (server)' ~ Consumer closed input channel or an error occurred. events=0x9
07-06 17:34:27.061 1077 1189 E InputDispatcher: channel '41e2307 com.YourCompany.DBM_Unreal_10vc/com.epicgames.ue4.GameActivity (server)' ~ Channel is unrecoverably broken and will be disposed!
07-06 17:34:27.064 1077 1592 D ConnectivityService: ConnectivityService NetworkRequestInfo binderDied(NetworkRequest [ LISTEN id=28, [ Capabilities: NOT_RESTRICTED&TRUSTED&NOT_VPN&FOREGROUND] ], android.os.BinderProxy@27dd091)
07-06 17:34:27.064 1077 1570 I ActivityManager: Process com.YourCompany.DBM_Unreal_10vc (pid 13447) has died
07-06 17:34:27.065 1077 1570 D ActivityManager: cleanUpApplicationRecord -- 13447
07-06 17:34:27.065 1077 1573 D GraphicsStats: Buffer count: 4
07-06 17:34:27.065 1077 1102 I WindowManager: WIN DEATH: Window{41e2307 u0 com.YourCompany.DBM_Unreal_10vc/com.epicgames.ue4.GameActivity}
07-06 17:34:27.065 1077 1102 W InputDispatcher: Attempted to unregister already unregistered input channel '41e2307 com.YourCompany.DBM_Unreal_10vc/com.epicgames.ue4.GameActivity (server)'
07-06 17:34:27.065 1077 1102 W WindowManager: Force-removing child win Window{6442bf6 u0 SurfaceView - com.YourCompany.DBM_Unreal_10vc/com.epicgames.ue4.GameActivity} from container Window{41e2307 u0 com.YourCompany.DBM_Unreal_10vc/com.epicgames.ue4.GameActivity}
07-06 17:34:27.066 1077 1212 E ConnectivityService: RemoteException caught trying to send a callback msg for NetworkRequest [ LISTEN id=28, [ Capabilities: NOT_RESTRICTED&TRUSTED&NOT_VPN&FOREGROUND] ]
07-06 17:34:27.066 1077 1570 W ActivityManager: Force removing ActivityRecord{8f26cb3 u0 com.YourCompany.DBM_Unreal_10vc/com.epicgames.ue4.GameActivity t263}: app died, no saved state
07-06 17:34:27.089 1077 21187 W WindowManager: Failed looking up window callers=com.android.server.wm.WindowManagerService.windowForClientLocked:9484 com.android.server.wm.WindowState$DeathRecipient.binderDied:1808 android.os.BinderProxy.sendDeathNotice:744
07-06 17:34:27.090 1077 21187 I WindowManager: WIN DEATH: null
07-06 17:34:27.115 1801 11746 E Parcel : Reading a NULL string not supported here.
07-06 17:34:27.115 1801 2770 E Parcel : Reading a NULL string not supported here.
07-06 17:34:27.115 1801 11746 E Parcel : Reading a NULL string not supported here.
07-06 17:34:27.115 1801 2770 E Parcel : Reading a NULL string not supported here.
07-06 17:34:27.116 1801 11746 E Parcel : Reading a NULL string not supported here.
07-06 17:34:27.116 1801 2584 E Parcel : Reading a NULL string not supported here.
07-06 17:34:27.116 1801 1813 E Parcel : Reading a NULL string not supported here.
07-06 17:34:27.116 1801 1813 E Parcel : Reading a NULL string not supported here.
07-06 17:34:27.116 1801 2770 E Parcel : Reading a NULL string not supported here.
07-06 17:34:27.116 1801 1930 E Parcel : Reading a NULL string not supported here.
07-06 17:34:27.116 1801 2770 E Parcel : Reading a NULL string not supported here.
07-06 17:34:27.116 1801 1930 E Parcel : Reading a NULL string not supported here.
07-06 17:34:27.117 1801 12939 E Parcel : Reading a NULL string not supported here.
07-06 17:34:27.117 1801 2074 E Parcel : Reading a NULL string not supported here.
07-06 17:34:27.117 1801 1812 E Parcel : Reading a NULL string not supported here.
07-06 17:34:27.117 1801 2770 E Parcel : Reading a NULL string not supported here.
07-06 17:34:27.118 1801 1928 E Parcel : Reading a NULL string not supported here.
07-06 17:34:27.119 1801 2770 D AudioRecord: updateAppOpsRecordAudio: checkOp OP_RECORD_AUDIO for com.oculus.horizon returns: 0 (ALLOWED)
07-06 17:34:27.126 1846 1846 D [OAR] MainActivity: onResume()
07-06 17:34:27.127 1846 1846 D GatekeeperHelper: GK oc_shellenv_as_default found in cache, value is false
07-06 17:34:27.132 1846 1926 I [OAR] ShellApp: 0xd4b44340 msg: resume
07-06 17:34:27.147 1846 1846 D [OAR] MainActivity: com.oculus.vrshell.MainActivity@89e05f surfaceCreated()
07-06 17:34:27.147 1846 1846 I [OAR] ShellMain: looperMessageQueue->PostPrintf("surfaceCreated 0xbb9df808")
07-06 17:34:27.147 1846 1846 D [OAR] MainActivity: com.oculus.vrshell.MainActivity@89e05f surfaceChanged() format: 4 width: 2880 height: 1600
07-06 17:34:27.148 1846 1846 I [OAR] ShellMain: ANativeWindow_release(newNativeWindow)
07-06 17:34:27.148 1846 1926 I [OAR] ShellApp: 0xd4b44340 msg: surfaceCreated 0xbb9df808
07-06 17:34:27.148 1846 1926 I [OAR] ShellApp: ---------- ShellApp::EnterVrMode() ----------
07-06 17:34:27.148 1846 1926 I [OAR] VrPlatformVrApi: Setting clock levels to cpu=2, gpu=4
07-06 17:34:27.148 1846 1926 W VrApi : vrapi_SetClockLevels: ovr == nullptr
07-06 17:34:27.148 1846 1926 I [OAR] VrPlatformVrApi: Setting perf thread tids to main=1926, render=unset
07-06 17:34:27.148 1846 1926 W VrApi : vrapi_SetPerfThread: ovr == nullptr
07-06 17:34:27.148 1846 1926 I [OAR] VrPlatformVrApi: vrapi_EnterVrMode()
07-06 17:34:27.148 1846 1926 I VrApi : ---------- vrapi_EnterVrMode [start] ----------
07-06 17:34:27.148 1846 1926 I VrRuntimeClient: Tracing is disabled
07-06 17:34:27.150 1846 1926 D VrApi : targetSDKVersion 27
07-06 17:34:27.159 1846 1926 I VrRuntimeClient: DEVICE MODEL NUMBER = Quest
07-06 17:34:27.159 1846 1926 I VrRuntimeClient: DEVICE HARDWARE = monterey
07-06 17:34:27.159 1846 1926 I VrRuntimeClient: DEVICE BUILD NAME = user-738660.26860.0
07-06 17:34:27.159 1846 1926 I VrRuntimeClient: DEVICE BUILD TYPE = user
07-06 17:34:27.159 1846 1926 I VrRuntimeClient: DEVICE OS VERSION = 7.1.1
07-06 17:34:27.159 1846 1926 I VrRuntimeClient: VRRUNTIME VERSION = VRAPI_VERSION_BEGIN { 1.1.35.0-224383112-224383112 Jun 19 2020 12:47:25 Development } RELEASE
07-06 17:34:27.159 1846 1926 I VrRuntimeClient: API LOADER VERSION = 1.1.32.0
07-06 17:34:27.159 1846 1926 I VrRuntimeClient: VRDRIVER VERSION = 18.0.0.403.517
07-06 17:34:27.159 1846 1926 I VrRuntimeClient: APP NAME = Oculus App Runtime
07-06 17:34:27.159 1846 1926 I VrRuntimeClient: APP VERSION = 18.0.0.403.517 versionCode 224383062 internalVersionName 18.0.0.403.517.abc3175146a8 2020_06_19_12_47
07-06 17:34:27.159 1846 1926 I VrRuntimeClient: APP VR TYPE = vr_only
07-06 17:34:27.159 1846 1926 I VrRuntimeClient: APP MODE TYPE =
07-06 17:34:27.159 1846 1926 I VrRuntimeClient: APP PACKAGE NAME = com.oculus.vrshell
07-06 17:34:27.159 1846 1926 I VrRuntimeClient: APP ACTIVITY CLASS = com.oculus.vrshell.MainActivity
07-06 17:34:27.159 1846 1926 D BatteryReceiver: Registering battery receiver
07-06 17:34:27.168 1846 1926 D HeadsetReceiver: getCurrentHeadsetState: false
07-06 17:34:27.168 1846 1926 I DeviceStatus_Android: nativeHeadsetEvent(0)
07-06 17:34:27.173 1846 1926 I VrRuntimeClient: DEADRECKONING SetControllerTrackingExtendedDeadreckoning 0
07-06 17:34:27.173 1846 1926 D InputHooksJava: Enabling Java Input Hooks
07-06 17:34:27.173 1846 1926 I InputDeviceManager: ovrInputDeviceManager::Initialize
07-06 17:34:27.173 1846 1926 I InputDeviceManager: HANDTRACKING packagename is com.oculus.vrshell
07-06 17:34:27.177 1846 1926 I InputDeviceManager: HANDTRACKING: Manifest Permission request for com.oculus.vrshell
07-06 17:34:27.182 2188 2188 D VrRuntimeService: onFocusedWindowChanged: focusedWindowToken=android.os.BinderProxy@66a6c2d, focusedWindowUid=10024
07-06 17:34:27.182 2188 2188 D VrRuntimeService: onFocusedWindowChanged: found trusted overlay client
07-06 17:34:27.182 2188 2188 I ClientMgr: ClientMgr::SetFocusedClient: 2396:com.oculus.vrshell type 1
07-06 17:34:27.182 1801 1801 I OVRMediaServiceManager: Sending onAppStart (com.oculus.vrshell) to PlatformPluginManager
07-06 17:34:27.183 1846 1926 I InputDeviceManager: HANDTRACKING: 'com.oculus.vrshell' Is hands or controller.
07-06 17:34:27.183 1846 1926 I InputDeviceManager: HANDTRACKING: feature flag set to 2
07-06 17:34:27.183 1846 1926 I VrRuntimeClient: HANDTRACKING sethandmanifest 2
07-06 17:34:27.185 2188 2466 I ScreenCaptureBase: GlobalInhibitState=0
07-06 17:34:27.185 1846 1926 D TrackingServiceConnectionNative: onClientConnect
07-06 17:34:27.185 1846 1926 D BinderConnection: Connecting to TrackingService
07-06 17:34:27.185 1846 1926 D TrackingServiceConnectionNative: onConnected
07-06 17:34:27.185 2188 2391 I InputManager: DEADRECKONING deadReckoning mode on ClientMgr from server is 0
07-06 17:34:27.186 724 825 I TrackingService: TrackingService::getSharedMemoryFileDescriptor
07-06 17:34:27.194 1846 1926 I TrackingServiceClient: OVR::TrackingService::ClientSetInterface
07-06 17:34:27.194 1846 1926 I TrackingServiceClient: TrackingService client: roFd(106)
07-06 17:34:27.194 1846 1926 I TrackingServiceClient: TrackingService client: connected to interface version 11.
07-06 17:34:27.194 1846 1926 I TrackingServiceClient: TrackingService client: last prediction time is 0.004547 seconds old
07-06 17:34:27.194 1846 1926 I TrackingServiceClient: TrackingService client: provided by pid=724
07-06 17:34:27.195 724 724 I TrackingService: TrackingService::registerClient
07-06 17:34:27.195 724 724 I TrackingService: Registering client with TrackingServiceHost
07-06 17:34:27.196 724 724 I TrackingService: Notifying client pid 1846 of new remote c91e974cac1d58eb
07-06 17:34:27.196 1846 1926 D TrackingServiceClient: TrackingServiceClient onRemoteConnected c91e974cac1d58eb
07-06 17:34:27.197 724 724 I TrackingService: Notifying client pid 1846 of new remote 0ef96ba248b9c7a8
07-06 17:34:27.197 1846 1926 D TrackingServiceClient: TrackingServiceClient onRemoteConnected ef96ba248b9c7a8
07-06 17:34:27.197 724 724 I TrackingService: TrackingServiceHost GetSharedMemoryFileDescriptor for client pid 1846
07-06 17:34:27.197 724 724 I TrackingService: TrackingServiceHost registered common client; there are 0 secure clients
07-06 17:34:27.197 1846 1926 I TrackingServiceClient: ClientConnectComplete
07-06 17:34:27.197 1846 1926 I VrApi : ovrModeParms::VRAPI_MODE_FLAG_RESET_WINDOW_FULLSCREEN = 1
07-06 17:34:27.197 1846 1926 I VrApi : ovrModeParms::VRAPI_MODE_FLAG_NATIVE_WINDOW = 1
07-06 17:34:27.197 1846 1926 I VrApi : ovrModeParms::VRAPI_MODE_FLAG_FRONT_BUFFER_PROTECTED = 0
07-06 17:34:27.197 1846 1926 I VrApi : ovrModeParms::VRAPI_MODE_FLAG_FRONT_BUFFER_565 = 0
07-06 17:34:27.197 1846 1926 I VrApi : ovrModeParms::VRAPI_MODE_FLAG_FRONT_BUFFER_SRGB = 1
07-06 17:34:27.197 1846 1926 I VrApi : ovrModeParms::VRAPI_MODE_FLAG_CREATE_CONTEXT_NO_ERROR = 0
07-06 17:34:27.197 1846 1926 I VrApi : ovrModeParms::VRAPI_MODE_FLAG_PHASE_SYNC = 0
07-06 17:34:27.198 1846 1926 I VrApi : ovrModeParms::VRAPI_MODE_FLAG_APP_SPACE_WARP = 0
07-06 17:34:27.198 1846 1926 I VrRuntimeClient: SetPhaseSyncMode 0
07-06 17:34:27.198 1846 1926 I VrApi : PhaseSync disabled
07-06 17:34:27.198 1846 1926 I VrApi : HMD sensor attached.
07-06 17:34:27.202 1846 1926 I VrApi : Client side frame sync enabled
07-06 17:34:27.203 1846 1926 I DynamicClocks: cpu-freq(0): 979200Hz
07-06 17:34:27.203 1846 1926 I DynamicClocks: cpu-freq(1): 1344000Hz
07-06 17:34:27.203 1846 1926 I DynamicClocks: cpu-freq(2): 1651200Hz
07-06 17:34:27.203 1846 1926 I DynamicClocks: cpu-freq(3): 1958400Hz
07-06 17:34:27.203 1846 1926 I DynamicClocks: cpu-freq(4): 2304000Hz
07-06 17:34:27.206 1846 1926 I DynamicClocks: gpu-freq(0): 257000000Hz
07-06 17:34:27.206 1846 1926 I DynamicClocks: gpu-freq(1): 342000000Hz
07-06 17:34:27.206 1846 1926 I DynamicClocks: gpu-freq(2): 414000000Hz
07-06 17:34:27.206 1846 1926 I DynamicClocks: gpu-freq(3): 515000000Hz
07-06 17:34:27.206 1846 1926 I DynamicClocks: gpu-freq(4): 670000000Hz
07-06 17:34:27.206 1846 1926 I DynamicClocks: gpu-freq(5): 710000000Hz
07-06 17:34:27.206 1846 1926 D VrRuntimeClient: pokeGuardianUserServiceForThisClient: com.oculus.vrshell:10024
07-06 17:34:27.209 2256 2256 D VrGuardianUserService: onStartCommandIntent { act=FOREGROUND_CLIENT cmp=com.oculus.systemdriver/com.oculus.vrguardianservice.VrGuardianUserService (has extras) }
07-06 17:34:27.209 1846 1926 D VrRuntimeClient: VrRuntimeClient: enableRendering: activity client
07-06 17:34:27.209 1846 1926 D VrRuntimeClient: VrRuntimeClient: enableRendering: Using clientWindow=android.os.BinderProxy@53efa3f
07-06 17:34:27.210 2188 2205 I ClientMgr: FocusedClient ID changed
07-06 17:34:27.210 2188 2205 I ClientMgr: ClientMgr::SetFocusedClient: 1846:com.oculus.vrshell type 0
07-06 17:34:27.211 2188 2205 D VrRuntimeService: this client: 1846:com.oculus.vrshell
07-06 17:34:27.211 2188 2205 D VrRuntimeService: enableRendering: clientWindow: android.os.BinderProxy@66a6c2d enable: true
07-06 17:34:27.211 2188 2205 I ClientMgr: ClientMgr::EnableRendering 1846:com.oculus.vrshell : type 0 : enable
07-06 17:34:27.211 2188 2205 I VrRuntimeServer: SetCompositorClientEnabled client(0): enabled(1) 0x7f61c03010
07-06 17:34:27.211 2188 2205 I TimeWarp: CheckDebuggerConnected: debugger 0
07-06 17:34:27.212 1846 1926 I VrRuntimeClient: CreateWarp: ImportGles: Fd=68, BufferSize=4096, AllocSize=9028
07-06 17:34:27.212 1846 1926 I VrRuntimeClient: CreateWarp: ImportGles: bo.Gl.BufferId=150, bo.Gl.MemoryObject=13
07-06 17:34:27.213 1846 1926 I ScreenCaptureHelper: Advertising com.oculus.vrshell as streamable
07-06 17:34:27.213 2188 2391 I ClientMgr: Non-overlay clients rendering status has changed: prev=102, curr=103, enabled=1
07-06 17:34:27.213 2188 2391 I VrRuntimeServer: SetCompositorClientEnabled client(2): enabled(1) 0x7f74df02b8
07-06 17:34:27.214 1846 1926 I VrApi : OVR::Stats thread started
07-06 17:34:27.214 1846 1926 I VrApi : ---------- vrapi_EnterVrMode [end] ----------
07-06 17:34:27.214 1846 1926 I ClientInputSettings: SetInhibitHandleHomeKey = true
07-06 17:34:27.214 1846 1926 I ClientInputSettings: InhibitConfirmQuitMenu = true
07-06 17:34:27.214 1846 1926 I ClientInputSettings: ReorientHMDOnControllerRecenter = true
07-06 17:34:27.214 1846 1926 I [OAR] Compositor: Initializing Compositor: 1216x1344
07-06 17:34:27.214 1846 1926 I [OAR] ShellApp: FramebufferIsSrgb: true
07-06 17:34:27.215 1846 1926 I libOpenSLES: Emulating old channel mask behavior (ignoring positional mask 0x3, using default mask 0x3 based on channel count of 2)
07-06 17:34:27.215 549 602 I AudioPolicyManagerCustom: offload disabled by audio.offload.disable=1
07-06 17:34:27.215 549 602 I AudioPolicyManagerCustom: Direct PCM is disabled for this request
07-06 17:34:27.216 549 11666 W AudioFlinger: createTrack_l(): mismatch between requested flags (00000104) and output flags (00000006)
07-06 17:34:27.222 1846 1926 D AudioTrack: Client defaulted notificationFrames to 192 for frameCount 384
07-06 17:34:27.225 1846 13544 D VrApi : targetSDKVersion 27
07-06 17:34:27.227 1846 13544 I JniUtils: ovr_GetCurrentPackageSignature
07-06 17:34:27.229 2188 12779 W TimeWarp: WarpToScreen: No completed frames to display for client 0. submittedFrameIndex = 4429
07-06 17:34:27.231 1846 13544 I Metrics : device name = Oculus Quest
07-06 17:34:27.243 2188 12779 W TimeWarp: WarpToScreen: No completed frames to display for client 0. submittedFrameIndex = 4429
07-06 17:34:27.245 1846 1926 D AudioTrack: updateAppOpsPlayAudio: checkOp OP_PLAY_AUDIO for com.oculus.vrshell returns: 0 (ALLOWED)
07-06 17:34:27.246 549 590 W AudioFlinger: checkEffectCompatibility_l(): non HW effect Volume listener for Music on playback thread in fast mode
07-06 17:34:27.246 549 590 E AudioEffect: set(): AudioFlinger could not create effect, status: -22
07-06 17:34:27.246 549 590 E AudioPolicyEffects: addOutputSessionEffects(): failed to create Fx music_helper on session 1321
07-06 17:34:27.247 1846 1926 I [OAR] VrShellDesktopBase: Foreground desktop
07-06 17:34:27.247 1846 1926 I [OAR] SystemUXController: Recentering for launch - None, ,
07-06 17:34:27.247 1846 1926 I [OAR] LocalSpace: ResetNextFrame
07-06 17:34:27.247 1846 1926 I [OAR] GuardianController: auiPanel == nullptr
07-06 17:34:27.247 1846 1926 I [OAR] SystemAssistant: OnModeChanged: 1
07-06 17:34:27.247 1846 1926 I [OAR] InputManager: Adding controller deviceId = 536870914 type = 4
07-06 17:34:27.249 1846 1926 I [OAR] InputManager: Adding controller deviceId = 536870915 type = 4
07-06 17:34:27.249 2150 2243 E Security-LocalReporter: UID '10041' is shared by multiple packages: [com.oculus.horizon, com.oculus.home]
07-06 17:34:27.250 1846 1926 I [OAR] InputManager: Switching Primary controller due to vrapi
07-06 17:34:27.250 1846 1926 I [OAR] InputManager: Secondary input source selection id=536870914
07-06 17:34:27.250 1846 1926 I [OAR] RouteInput: New inputState.cursorTraceSource: 1
07-06 17:34:27.250 1846 1926 I [OAR] LocalSpace: Reset - initialRawFromLocalPose: quat(0.290001, -0.312143, 0.080551, 0.901098), translation(0.195555, 0.074868, 0.015374)
07-06 17:34:27.250 1846 1926 I [OAR] LocalSpace: Applying VRAPI Reorient
07-06 17:34:27.251 2188 2468 I VrRuntimeService: RuntimeServiceSDKServer::RecenterLocalSpace
07-06 17:34:27.251 2188 2468 I VrRuntimeServer: UpdateLocalSpace: Src: 2, Version: 122, VersionUser: 22, RawFloorHeightOld: -1.077337, RawFloorHeightNew: -1.077337
07-06 17:34:27.251 1846 1926 I [OAR] LocalSpace: New Space: quat(0.034311, 0.000672, -0.019572, 0.999219), translation(0.000000, 1.068616, 0.000000) - Prior Space: quat(0.043117, 0.000509, -0.011802, 0.999000), translation(0.000000, 1.069258, 0.000000)
07-06 17:34:27.254 1846 1926 D [OAR] PanelAppConfigurationUtil: Retrieving panel configuration for com.oculus.vrshell.home - com.oculus.vrshell.home.ExploreService
07-06 17:34:27.256 1846 1926 I [OAR] SystemUXController: Registering pending Shell Application launch for com.oculus.vrshell.home/com.oculus.vrshell.home.ExploreService - overwriting existing launch? false.
07-06 17:34:27.256 1846 1926 I [OAR] SystemUXController: Building launch checks for com.oculus.vrshell.home, activity: com.oculus.vrshell.home.ExploreService
07-06 17:34:27.257 2188 12779 W TimeWarp: WarpToScreen: No completed frames to display for client 0. submittedFrameIndex = 4429
07-06 17:34:27.263 2256 2311 I GuardianSystem: UpdateSystem: Responding to local space version number change.
07-06 17:34:27.263 2150 2243 I LibraryProvider: running queryApp(com.oculus.vrshell) for com.oculus.uid:10041
07-06 17:34:27.263 2150 2243 W LibraryProvider: Cannot find entitlement for com.oculus.vrshell
07-06 17:34:27.263 1801 1801 W OVRLibrary: null cursor received for query content://com.oculus.ocms.library/apps/com.oculus.vrshell
07-06 17:34:27.264 1801 1801 I PlatformPluginManager: onAppStart com.oculus.vrshell false
07-06 17:34:27.264 1801 1801 I OVRPlatform: [PartiesAPI] ovr_Party_PluginGetSharedMemHandle: This function is deprecated, do not use
07-06 17:34:27.270 1801 1801 E OVRMediaServiceManager: LivestreamingManager Not initialized
07-06 17:34:27.270 1801 1801 I OVRMediaService: onStartCommand Received message type: set_package_name, caller package: no_app_identity
07-06 17:34:27.270 1846 13545 I [OAR] AudioEngine: PlayTimeOffset = 90128.345498
07-06 17:34:27.271 2188 12779 W TimeWarp: WarpToScreen: No completed frames to display for client 0. submittedFrameIndex = 4429
07-06 17:34:27.272 1801 1801 I OVRMediaService: Got package name intent (com.oculus.vrshell)
07-06 17:34:27.272 1801 1801 I OVRMediaServiceManager: Sending onAppStart (com.oculus.vrshell) to PlatformPluginManager
07-06 17:34:27.285 2188 12779 W TimeWarp: WarpToScreen: No completed frames to display for client 0. submittedFrameIndex = 4429
07-06 17:34:27.289 2150 2312 E Security-LocalReporter: UID '10041' is shared by multiple packages: [com.oculus.horizon, com.oculus.home]
07-06 17:34:27.293 2150 2165 I LibraryProvider: running queryApp(com.oculus.vrshell.home) for com.oculus.vrshell
07-06 17:34:27.293 2150 2165 W LibraryProvider: Cannot find entitlement for com.oculus.vrshell.home
07-06 17:34:27.293 1846 1926 W OVRLibrary: null cursor received for query content://com.oculus.ocms.library/apps/com.oculus.vrshell.home
07-06 17:34:27.293 1846 1926 I [OAR] SystemUXController: ProcessPendingLaunch type ShellApplication, details com.oculus.vrshell.home/com.oculus.vrshell.home.ExploreService
07-06 17:34:27.299 2188 12779 W TimeWarp: WarpToScreen: No completed frames to display for client 0. submittedFrameIndex = 4429
07-06 17:34:27.304 2150 2312 I LibraryProvider: running queryApp(com.oculus.vrshell) for com.oculus.uid:10041
07-06 17:34:27.304 2150 2312 W LibraryProvider: Cannot find entitlement for com.oculus.vrshell
07-06 17:34:27.306 1801 1801 W OVRLibrary: null cursor received for query content://com.oculus.ocms.library/apps/com.oculus.vrshell
07-06 17:34:27.307 1801 1801 I PlatformPluginManager: onAppStart com.oculus.vrshell false
07-06 17:34:27.308 1801 1801 I OVRPlatform: [PartiesAPI] ovr_Party_PluginGetSharedMemHandle: This function is deprecated, do not use
07-06 17:34:27.311 1801 1801 E OVRMediaServiceManager: LivestreamingManager Not initialized
07-06 17:34:27.313 2188 12779 W TimeWarp: WarpToScreen: No completed frames to display for client 0. submittedFrameIndex = 4429
07-06 17:34:27.320 2150 2242 I LibraryProvider: running queryApp(com.oculus.vrshell.home) for com.oculus.vrshell
07-06 17:34:27.320 2150 2242 W LibraryProvider: Cannot find entitlement for com.oculus.vrshell.home
07-06 17:34:27.321 1846 1926 W OVRLibrary: null cursor received for query content://com.oculus.ocms.library/apps/com.oculus.vrshell.home
07-06 17:34:27.321 1846 1926 D [OAR] PanelAppConfigurationUtil: Retrieving panel configuration for com.oculus.vrshell.home - com.oculus.vrshell.home.ExploreService
07-06 17:34:27.323 1846 1926 I [OAR] DesktopPanelController: LaunchOrRestore( com.oculus.vrshell.home/com.oculus.vrshell.home.ExploreService )
07-06 17:34:27.323 1846 1926 I [OAR] DesktopPanelController: Launching com.oculus.vrshell.home/com.oculus.vrshell.home.ExploreService as (new:0) in the active Desktop:Theater
07-06 17:34:27.323 1846 1926 I [OAR] ExclusiveDesktop: App com.oculus.vrshell.home/com.oculus.vrshell.home.ExploreService will be launched in Exclusive Desktop
07-06 17:34:27.323 1846 1926 I [OAR] BackStack: Clearing the backstack
07-06 17:34:27.323 1846 1926 I [OAR] ShellApp: ResetComponents
07-06 17:34:27.323 1846 1926 I [OAR] TrackedUser: Reset
07-06 17:34:27.323 1846 1926 I [OAR] SingleAppDesktop: Launching:com.oculus.vrshell.home/com.oculus.vrshell.home.ExploreService
07-06 17:34:27.323 1846 1926 W [OAR] SingleAppDesktop: Focus change does not affect SingleAppDesktop
07-06 17:34:27.323 1846 1926 I [OAR] ShellApp: CreatePanelApp( com.oculus.vrshell.home/com.oculus.vrshell.home.ExploreService )
07-06 17:34:27.323 1846 1926 I [OAR] ShellApp: Environment:
07-06 17:34:27.323 1846 1926 I [OAR] ShellApp: uri = /prime
07-06 17:34:27.323 1846 1926 I [OAR] ShellApp: _oc_launch_timestamp = 90128330
07-06 17:34:27.323 1846 1926 I [OAR] ShellLaunchParameters: HomePanelAppIndex: 19 - com.oculus.vrshell.home.ExploreService
07-06 17:34:27.323 1846 1926 I [OAR] ShellLaunchParameters: Passing BundleConfiguration to panel
07-06 17:34:27.323 1846 1926 I [OAR] ShellApp: Notifying foreground panel changed
07-06 17:34:27.326 1846 1926 I [OAR] PanelAppHost: PanelAppHost( com.oculus.vrshell.home/com.oculus.vrshell.home.ExploreService ) for PanelId 60
07-06 17:34:27.326 1846 1926 I [OAR] PanelAppHost: Panel app 60 (com.oculus.vrshell.home/com.oculus.vrshell.home.ExploreService) changing state from startup to foreground
07-06 17:34:27.327 2188 12779 W TimeWarp: WarpToScreen: No completed frames to display for client 0. submittedFrameIndex = 4429
07-06 17:34:27.331 1801 1801 I VRLifecycleSessionManager: Stored session info.
07-06 17:34:27.339 1846 1926 I [OAR] PanelAppHost: Passing env var uri = /prime
07-06 17:34:27.339 1846 1926 I [OAR] PanelAppHost: Passing env var _oc_launch_timestamp = 90128330
07-06 17:34:27.340 1846 1926 I [OAR] PanelAppHost: Passing env var _oc_device_region = 0
07-06 17:34:27.340 1846 1926 I [OAR] PanelAppHost: Passing env var _oc_device_type = 259
07-06 17:34:27.340 1846 1926 I [OAR] PanelAppHost: Passing env var _oc_headset_type = 256
07-06 17:34:27.340 1846 1926 I [OAR] PanelAppHost: Passing env var _oc_analytics_session_id = 96cc1b3e-ea7d-4332-886a-8dd996b4f1ef
07-06 17:34:27.340 1846 1926 I [OAR] PanelAppHost: Passing env var _oc_userid = 105336190730996
07-06 17:34:27.340 1846 1926 I [OAR] PanelAppHost: Passing env var _oc_enterprise_mode = false
07-06 17:34:27.340 1846 1926 I [OAR] PanelAppHost: Passing env var _oc_shell_version_name = 18.0.0.403.517
07-06 17:34:27.340 1846 1926 I [OAR] PanelAppHost: Passing env var _oc_shell_version_code = 224383062
07-06 17:34:27.340 1846 1926 I [OAR] PanelAppHost: Passing env var _oc_shell_permissions = permissionsGranted camera write_storage microphone
07-06 17:34:27.340 1846 1926 I [OAR] PanelAppHost: Passing env var _oc_shell_automation_enabled = false
07-06 17:34:27.340 1846 1926 I [OAR] PanelAppHost: Passing env var _oc_shell_view_id_debugging_enabled = false
07-06 17:34:27.340 1846 1926 I [OAR] PanelAppHost: Passing env var _oc_shell_pixel_density = 13
07-06 17:34:27.340 1846 1926 I [OAR] PanelAppHost: Passing env var _oc_shell_render_scale = 1.000000
07-06 17:34:27.340 1846 1926 I [OAR] PanelAppHost: Passing env var _oc_auiv2 = true
07-06 17:34:27.340 1846 1926 I [OAR] PanelAppHost: Passing env var _oc_shell_feature_sets = multi-layer-v1,mirror-avatar-v1,system-ux-routes-v1,deeplink-nav-v1,clock-levels-v1,layerTranslate-v1,layerScaleDensity-v1,layerScaleDensity-v2,multiapp-alpha-v1,multiapp-v1,multiapp-v2,recoverInstances-v1,webtasks-in-exclusive-mode
07-06 17:34:27.340 1846 1926 I [OAR] PanelAppHost: Passing env var _oc_gk:oculus_mobile_sysux_unified_dialogs_v9 = true
07-06 17:34:27.340 1846 1926 I [OAR] PanelAppHost: Passing env var _oc_gk:oculus_mobile_sysux_lightweight_releases = true
07-06 17:34:27.340 1846 1926 I [OAR] PanelAppHost: Passing env var _oc_gk:oculus_mobile_home_js_bundle = true
07-06 17:34:27.340 1846 1926 I [OAR] PanelAppHost: Passing env var _oc_gk:oculus_vrshell_launch_checks = true
07-06 17:34:27.340 1846 1926 I [OAR] PanelAppHost: Passing env var _oc_shell_host = vrshell
07-06 17:34:27.340 1846 1926 I [OAR] PanelAppHost: Passing env var _oc_shell_panel_app_index = 19
07-06 17:34:27.340 1846 1926 I [OAR] PanelAppHost: Passing env var _oc_shell_panel_bundle_configuration = {"NONE":null}
07-06 17:34:27.340 1846 1926 I [OAR] PanelAppHost: Passing env var _oc_shell_panel_id = 60
07-06 17:34:27.340 1846 1926 I [OAR] PanelAppHost: Calling sendPanelLaunchIntent for panel app com.oculus.vrshell.home/com.oculus.vrshell.home.ExploreService
07-06 17:34:27.340 1846 1926 D [OAR] ShellApplication: sendApkPanelLaunchIntent: packageName=com.oculus.vrshell.home, serviceClassName=com.oculus.vrshell.home.ExploreService
07-06 17:34:27.341 2188 12779 W TimeWarp: WarpToScreen: No completed frames to display for client 0. submittedFrameIndex = 4429
07-06 17:34:27.341 1846 1926 D [OAR] PanelServiceConnection: getSystemProcessUidForCurrentUser: 'android' systemUid = 1000
07-06 17:34:27.341 1846 1926 D [OAR] ShellApplication: bindService Intent { cmp=com.oculus.vrshell.home/.ExploreService }
07-06 17:34:27.355 2188 12779 W TimeWarp: WarpToScreen: No completed frames to display for client 0. submittedFrameIndex = 4429
07-06 17:34:27.368 2188 12779 W TimeWarp: WarpToScreen: No completed frames to display for client 0. submittedFrameIndex = 4429
07-06 17:34:27.371 1077 1617 I ActivityManager: Start proc 13547:com.oculus.vrshell.home:explore/u0a47 for service com.oculus.vrshell.home/.ExploreService
07-06 17:34:27.372 1846 1926 D [OAR] ShellApplication: notify OS to set com.oculus.vrshell.home/com.oculus.vrshell.home.ExploreService to FOREGROUND
07-06 17:34:27.372 1846 1926 I [OAR] SingleAppDesktop: Inserting panelapp with id 60 to monitor 0
07-06 17:34:27.372 1846 1926 I [OAR] VrShellMonitor: Setting panel
07-06 17:34:27.372 1846 1926 E PersistableBundle: Failed at frameworks/native/libs/binder/PersistableBundle.cpp:158 (size_t android::os::PersistableBundle::erase(const android::String16 &))
07-06 17:34:27.374 1846 1926 I [OAR] SystemTaskBarV2: Create PanelApp
07-06 17:34:27.374 1846 1926 D [OAR] PanelAppConfigurationUtil: Retrieving panel configuration for com.oculus.systemux - com.oculus.panelapp.anytimeui.AnytimeUIAndroidPanelService
07-06 17:34:27.376 1846 1926 I [OAR] ShellApp: CreatePanelApp( com.oculus.systemux/com.oculus.panelapp.anytimeui.AnytimeUIAndroidPanelService )
07-06 17:34:27.376 1846 1926 I [OAR] ShellApp: Environment:
07-06 17:34:27.376 1846 1926 I [OAR] Gatekeepers: Not passing to SystemUX GK oculus_mobile_auiv2_rollout_v16:false
07-06 17:34:27.376 1846 1926 I [OAR] Gatekeepers: Not passing to SystemUX GK oculus_notifications_vr_feed_visual_updates:false
07-06 17:34:27.376 1846 1926 I [OAR] Gatekeepers: Not passing to SystemUX GK oculus_notifs_headset_prefs_v9:true - Not registered
07-06 17:34:27.376 1846 1926 I [OAR] Gatekeepers: Passing to SystemUX GK oculus_vrshell_core_tv_button:true
07-06 17:34:27.376 1846 1926 I [OAR] Gatekeepers: Not passing to SystemUX GK oculus_quest_infinite_office_platform:false
07-06 17:34:27.376 1846 1926 I [OAR] Gatekeepers: Not passing to SystemUX GK oculus_vrshell_system_voip_passthrough:true - Not registered
07-06 17:34:27.376 1846 1926 I [OAR] Gatekeepers: Passing to SystemUX GK oc_social_h1_2020_mobile_sharing_updates:true
07-06 17:34:27.376 1846 1926 I [OAR] Gatekeepers: Not passing to SystemUX GK oculus_mobile_auiv2_rollout:false
07-06 17:34:27.376 1846 1926 I [OAR] Gatekeepers: Not passing to SystemUX GK oculus_vrshell_custom_panel_distance:true - Not registered
07-06 17:34:27.376 1846 1926 I [OAR] Gatekeepers: Not passing to SystemUX GK oculus_vrshell_launch_checks:true - Not registered
07-06 17:34:27.376 1846 1926 I [OAR] Gatekeepers: Passing to SystemUX GK oculus_messenger_quick_chat_dialog:true
07-06 17:34:27.376 1846 1926 I [OAR] Gatekeepers: Passing to SystemUX GK oculus_profile_biography:true
07-06 17:34:27.376 1846 1926 I [OAR] Gatekeepers: Not passing to SystemUX GK oculus_vrshell_anytimeui_invite_via_social_dialog:true - Not registered
07-06 17:34:27.376 1846 1926 I [OAR] Gatekeepers: Not passing to SystemUX GK oculus_vrshell_anytimeui_v2_opt_in_november:false
07-06 17:34:27.376 1846 1926 I [OAR] Gatekeepers: Passing to SystemUX GK oculus_developer:true
07-06 17:34:27.376 1846 1926 I [OAR] Gatekeepers: Not passing to SystemUX GK oculus_social_panel_v2_strangers_settings:true - Not registered
07-06 17:34:27.376 1846 1926 I [OAR] Gatekeepers: Passing to SystemUX GK oculus_vrshell_anytimeui_living_room_badge:true
07-06 17:34:27.376 1846 1926 I [OAR] Gatekeepers: Not passing to SystemUX GK oculus_profile_presence_privacy:false
07-06 17:34:27.376 1846 1926 I [OAR] Gatekeepers: Passing to SystemUX GK oculus_mobile_pause_screenshot_enabled:true
07-06 17:34:27.376 1846 1926 I [OAR] Gatekeepers: Not passing to SystemUX GK oculus_browser_multi_panel:false
07-06 17:34:27.376 1846 1926 I [OAR] Gatekeepers: Not passing to SystemUX GK oculus_mobile_instant_replay:false
07-06 17:34:27.376 1846 1926 I [OAR] Gatekeepers: Passing to SystemUX GK oculus_vrshell_anytimeui_v2_social:true
07-06 17:34:27.376 1846 1926 I [OAR] Gatekeepers: Not passing to SystemUX GK oculus_mobile_auiv2_rollout_v17:false
07-06 17:34:27.376 1846 1926 I [OAR] Gatekeepers: Passing to SystemUX GK oculus_vrshell_anytimeui_chat_icon:true
07-06 17:34:27.376 1846 1926 I [OAR] Gatekeepers: Not passing to SystemUX GK oculus_vrshell_always_use_return_component:false
07-06 17:34:27.376 1846 1926 I [OAR] Gatekeepers: Not passing to SystemUX GK oculus_mobile_settings_env_picker_bypass_qe:true - Not registered
07-06 17:34:27.376 1846 1926 I [OAR] Gatekeepers: Not passing to SystemUX GK oculus_enable_guardian_on_screen_capture:false
07-06 17:34:27.376 1846 1926 I [OAR] Gatekeepers: Not passing to SystemUX GK oculus_vr_group_launch_from_parties:false
07-06 17:34:27.376 1846 1926 I [OAR] Gatekeepers: Passing to SystemUX GK oculus_party_joinable_toggle_aui:true
07-06 17:34:27.376 1846 1926 I [OAR] Gatekeepers: Not passing to SystemUX GK oculus_vrshell_anytimeui_passthrough_button:false
07-06 17:34:27.376 1846 1926 I [OAR] Gatekeepers: Not passing to SystemUX GK oculus_vrshell_enable_vrcast:true - Not registered
07-06 17:34:27.376 1846 1926 I [OAR] Gatekeepers: Not passing to SystemUX GK oculus_bugreporter_v2_enabled:false
07-06 17:34:27.376 1846 1926 I [OAR] Gatekeepers: Not passing to SystemUX GK oculus_notifications_auto_category_selection:false
07-06 17:34:27.376 1846 1926 I [OAR] Gatekeepers: Not passing to SystemUX GK oculus_party_kick:false
07-06 17:34:27.376 1846 1926 I [OAR] Gatekeepers: Not passing to SystemUX GK oculus_gallery_browser_redirect_deprecation:false
07-06 17:34:27.376 1846 1926 I [OAR] Gatekeepers: Not passing to SystemUX GK oculus_mobile_auiv2_react_library:false
07-06 17:34:27.376 1846 1926 I [OAR] Gatekeepers: Not passing to SystemUX GK oculus_vrshell_capsense_hands:false
07-06 17:34:27.376 1846 1926 I [OAR] Gatekeepers: Not passing to SystemUX GK oculus_mobile_settings_application_manager:true - Not registered
07-06 17:34:27.376 1846 1926 I [OAR] Gatekeepers: Not passing to SystemUX GK oculus_mobile_settings_hand_tracking:true - Not registered
07-06 17:34:27.376 1846 1926 I [OAR] Gatekeepers: Not passing to SystemUX GK oculus_vrshell_capsense_controllers:false
07-06 17:34:27.376 1846 1926 I [OAR] Gatekeepers: Not passing to SystemUX GK oculus_mobile_sysux_bug_reporter:false
07-06 17:34:27.376 1846 1926 I [OAR] Gatekeepers: Not passing to SystemUX GK oculus_browser_raw_key_events:false
07-06 17:34:27.376 1846 1926 I [OAR] Gatekeepers: Not passing to SystemUX GK oculus_vrshell_overlays_v2_enabled:true - Not registered
07-06 17:34:27.376 1846 1926 I [OAR] Gatekeepers: Not passing to SystemUX GK oc_enable_social_platform_parties:false
07-06 17:34:27.376 1846 1926 I [OAR] Gatekeepers: Not passing to SystemUX GK oc_enable_socialplatform_mediaupload_without_infra:false
07-06 17:34:27.376 1846 1926 I [OAR] Gatekeepers: Passing to SystemUX GK oculus_party_block_members:true
07-06 17:34:27.376 1846 1926 I [OAR] Gatekeepers: Not passing to SystemUX GK oc_enable_social_platform_media_uploader:false
07-06 17:34:27.376 1846 1926 I [OAR] Gatekeepers: Not passing to SystemUX GK vr_messenger_service_socialplatform_infra_package:false
07-06 17:34:27.376 1846 1926 I [OAR] Gatekeepers: Not passing to SystemUX GK oculus_anytimeui_brightness_settings_slider_quest:false
07-06 17:34:27.376 1846 1926 I [OAR] Gatekeepers: Not passing to SystemUX GK oculus_video_enable_early_frame_release:false
07-06 17:34:27.376 1846 1926 I [OAR] Gatekeepers: Not passing to SystemUX GK oculus_social_platform_content_provider:false
07-06 17:34:27.376 1846 1926 I [OAR] Gatekeepers: Not passing to SystemUX GK oculus_mobile_home_js_bundle_qa_only:false
07-06 17:34:27.376 1846 1926 I [OAR] Gatekeepers: Not passing to SystemUX GK vr_messenger_service_enable_social_apk:false
07-06 17:34:27.376 1846 1926 I [OAR] Gatekeepers: Not passing to SystemUX GK oculus_mobile_sysux_lightweight_releases:true - Not registered
07-06 17:34:27.376 1846 1926 I [OAR] Gatekeepers: Not passing to SystemUX GK oculus_vrshell_enable_hands_tutorial_upsell:false
07-06 17:34:27.376 1846 1926 I [OAR] Gatekeepers: Not passing to SystemUX GK oculus_vrshell_sysicons_hands:true - Not registered
07-06 17:34:27.376 1846 1926 I [OAR] Gatekeepers: Passing to SystemUX GK oculus_social_party_fb_upsell:true
07-06 17:34:27.376 1846 1926 I [OAR] Gatekeepers: Not passing to SystemUX GK oculus_auiv2_dim_panels_on_focus:true - Not registered
07-06 17:34:27.376 1846 1926 I [OAR] Gatekeepers: Passing to SystemUX GK oculus_auiv2_default_tablet_hidden:true
07-06 17:34:27.376 1846 1926 I [OAR] Gatekeepers: Not passing to SystemUX GK oculus_party_show_speaking_indicators:false
07-06 17:34:27.376 1846 1926 I [OAR] Gatekeepers: Not passing to SystemUX GK oculus_vrshell_multiapp:false
07-06 17:34:27.376 1846 1926 I [OAR] Gatekeepers: Not passing to SystemUX GK oculus_vrshell_anytimeui_v2_enabled:false
07-06 17:34:27.376 1846 1926 I [OAR] Gatekeepers: Passing to SystemUX GK oculus_parties_message_button:true
07-06 17:34:27.376 1846 1926 I [OAR] Gatekeepers: Not passing to SystemUX GK oculus_auiv2_dismiss_tablet_on_external_action:true - Not registered
07-06 17:34:27.376 1846 1926 I [OAR] Gatekeepers: Not passing to SystemUX GK oculus_hands_drawing_roomscale_guardian:true - Not registered
07-06 17:34:27.376 1846 1926 I [OAR] Gatekeepers: Passing to SystemUX GK oculus_parties_join_button:true
07-06 17:34:27.376 1846 1926 I [OAR] Gatekeepers: Not passing to SystemUX GK oculus_video_enable_audio_virtualization:true - Not registered
07-06 17:34:27.376 1846 1926 I [OAR] Gatekeepers: Not passing to SystemUX GK oculus_vrshell_keyboard_transcription:false
07-06 17:34:27.376 1846 1926 I [OAR] Gatekeepers: Not passing to SystemUX GK oculus_vrshell_package_installer:false
07-06 17:34:27.376 1846 1926 I [OAR] Gatekeepers: Not passing to SystemUX GK oculus_notifications_stateful_vr_feed:false
07-06 17:34:27.376 1846 1926 I [OAR] Gatekeepers: Passing to SystemUX GK oculus_mobile_pause_invite_enabled:true
07-06 17:34:27.376 1846 1926 I [OAR] Gatekeepers: Not passing to SystemUX GK oculus_mobile_auiv2_rollout_v18:true - Not registered
07-06 17:34:27.376 1846 1926 I [OAR] Gatekeepers: Not passing to SystemUX GK oculus_vrshell_input_japanese_keyboard:false
07-06 17:34:27.376 1846 1926 I [OAR] Gatekeepers: Not passing to SystemUX GK oculus_vrshell_force_60_video_at_72:false
07-06 17:34:27.376 1846 1926 I [OAR] Gatekeepers: Passing to SystemUX GK oculus_mobile_settings_release_process:true
07-06 17:34:27.376 1846 1926 I [OAR] Gatekeepers: Not passing to SystemUX GK oculus_mobile_feed_defaulting_enabled:false
07-06 17:34:27.376 1846 1926 I [OAR] Gatekeepers: Not passing to SystemUX GK oculus_vrshell_force_30_video_at_72:false
07-06 17:34:27.376 1846 1926 I [OAR] Gatekeepers: Not passing to SystemUX GK oculus_library_show_disabled_apps:false
07-06 17:34:27.376 1846 1926 I [OAR] Gatekeepers: Passing to SystemUX GK oculus_mobile_pause_videoshot_enabled:true
07-06 17:34:27.376 1846 1926 I [OAR] Gatekeepers: Not passing to SystemUX GK oculus_quest_playspace_scan:true - Not registered
07-06 17:34:27.376 1846 1926 I [OAR] Gatekeepers: Not passing to SystemUX GK oculus_ota_twix:false
07-06 17:34:27.376 1846 1926 I [OAR] Gatekeepers: Not passing to SystemUX GK oculus_is_trusted_user:false
07-06 17:34:27.376 1846 1926 I [OAR] Gatekeepers: Not passing to SystemUX GK oculus_vrshell_enable_social_platform_app_routing:true - Not registered
07-06 17:34:27.376 1846 1926 I [OAR] Gatekeepers: Not passing to SystemUX GK oculus_vrshell_anytimeui_report_via_social_dialog:false
07-06 17:34:27.376 1846 1926 I [OAR] Gatekeepers: Not passing to SystemUX GK oculus_vrshell_anytimeui_use_social_dialogs:true - Not registered
07-06 17:34:27.376 1846 1926 I [OAR] Gatekeepers: Not passing to SystemUX GK oculus_mobile_sysux_unified_dialogs_v9:true - Not registered
07-06 17:34:27.376 1846 1926 I [OAR] Gatekeepers: Not passing to SystemUX GK oculus_vrshell_enable_social_gallery:false
07-06 17:34:27.376 1846 1926 I [OAR] Gatekeepers: Not passing to SystemUX GK oculus_vrshell_anytimeui_v2_moveable:false
07-06 17:34:27.376 1846 1926 I [OAR] Gatekeepers: Not passing to SystemUX GK oculus_mobile_auiv2_bypass_nux_dialogs:false
07-06 17:34:27.376 1846 1926 I [OAR] Gatekeepers: Not passing to SystemUX GK oculus_home_layertransform:false
07-06 17:34:27.376 1846 1926 I [OAR] Gatekeepers: Not passing to SystemUX GK oculus_monterey_ota_fast_dogfooding:false
07-06 17:34:27.376 1846 1926 I [OAR] Gatekeepers: Not passing to SystemUX GK oculus_mobile_auiv2_feature_enabled:true - Not registered
07-06 17:34:27.376 1846 1926 I [OAR] Gatekeepers: Passing to SystemUX GK oculus_quest_passthrough_ondemand:true
07-06 17:34:27.376 1846 1926 I [OAR] Gatekeepers: Not passing to SystemUX GK oculus_mobile_home_js_bundle:true - Not registered
07-06 17:34:27.376 1846 1926 I [OAR] Gatekeepers: Passing to SystemUX GK oculus_party_joinable_calls:true
07-06 17:34:27.376 1846 1926 I [OAR] Gatekeepers: Not passing to SystemUX GK oculus_report_auto_video_capture:false
07-06 17:34:27.376 1846 1926 I [OAR] Gatekeepers: Not passing to SystemUX GK oculus_video_use_experimental_abr:true - Not registered
07-06 17:34:27.376 1846 1926 I [OAR] Gatekeepers: Not passing to SystemUX GK oculus_vrshell_mouse_input:false
07-06 17:34:27.376 1846 1926 I [OAR] Gatekeepers: Not passing to SystemUX GK oculus_ota_qa_release_testing:false
07-06 17:34:27.376 1846 1926 I [OAR] Gatekeepers: Not passing to SystemUX GK oculus_video_enable_codec_cache:false
07-06 17:34:27.376 1846 1926 I [OAR] Gatekeepers: Not passing to SystemUX GK oculus_vrshell_core_debug_panel:false
07-06 17:34:27.376 1846 1926 I [OAR] Gatekeepers: Not passing to SystemUX GK oculus_video_allow_screen_capture:false
07-06 17:34:27.376 1846 1926 I [OAR] Gatekeepers: Not passing to SystemUX GK oculus_mobile_auiv2_brightness_slider:false
07-06 17:34:27.376 1846 1926 I [OAR] Gatekeepers: Not passing to SystemUX GK oculus_video_enable_avr4vbr:true - Not registered
07-06 17:34:27.376 1846 1926 I [OAR] Gatekeepers: Not passing to SystemUX GK oculus_messenger_social_panel_mobile:true - Not registered
07-06 17:34:27.376 1846 1926 I [OAR] Gatekeepers: Not passing to SystemUX GK oculus_mobile_auiv2_rollout_v19:true - Not registered
07-06 17:34:27.376 1846 1926 I [OAR] Gatekeepers: Not passing to SystemUX GK oculus_vrshell_system_view:false
07-06 17:34:27.377 1846 1926 I [OAR] Gatekeepers: Not passing to SystemUX GK oculus_video_direct_experiment:false
07-06 17:34:27.377 1846 1926 I [OAR] Gatekeepers: Not passing to SystemUX GK oculus_quest_dogfooding_update:false
07-06 17:34:27.377 1846 1926 I [OAR] Gatekeepers: Not passing to SystemUX GK assistant_on_oculus:false
07-06 17:34:27.377 1846 1926 I [OAR] Gatekeepers: Not passing to SystemUX GK oculus_monterey_ota_slow_dogfooding:false
07-06 17:34:27.377 1846 1926 I [OAR] Gatekeepers: Not passing to SystemUX GK oculus_vrshell_increased_pixel_density:false
07-06 17:34:27.377 1846 1926 I [OAR] Gatekeepers: Not passing to SystemUX GK oculus_ota_monterey_demo:false
07-06 17:34:27.377 1846 1926 I [OAR] Gatekeepers: Not passing to SystemUX GK oculus_ota_manual_qa:false
07-06 17:34:27.377 1846 1926 I [OAR] Gatekeepers: Not passing to SystemUX GK oculus_vrshell_core_quest_retaildemo:false
07-06 17:34:27.377 1846 1926 I [OAR] Gatekeepers: Not passing to SystemUX GK oculus_vrshell_multiapp_rollout:true - Not registered
07-06 17:34:27.377 1846 1926 I [OAR] Gatekeepers: Not passing to SystemUX GK oculus_mobile_settings_controller_effects:false
07-06 17:34:27.377 1846 1926 I [OAR] Gatekeepers: Not passing to SystemUX GK oculus_vrshell_multiapp_public:true - Not registered
07-06 17:34:27.377 1846 1926 I [OAR] Gatekeepers: Not passing to SystemUX GK oculus_vrshell_webtask:false
07-06 17:34:27.377 1846 1926 I [OAR] Gatekeepers: Not passing to SystemUX GK oc_vrshell_keyboard_transcription_feedback:false
07-06 17:34:27.377 1846 1926 I [OAR] Gatekeepers: Not passing to SystemUX GK ota_blacklist:false
07-06 17:34:27.377 1846 1926 I [OAR] Gatekeepers: Not passing to SystemUX GK oculus_mobile_search_aui_search_removal:false
07-06 17:34:27.377 1846 1926 I [OAR] Gatekeepers: Not passing to SystemUX GK oc_shellenv_as_default:false
07-06 17:34:27.377 1846 1926 I [OAR] Gatekeepers: Not passing to SystemUX GK oculus_vrshell_enable_social_video:false
07-06 17:34:27.377 1846 1926 I [OAR] Gatekeepers: Not passing to SystemUX GK oculus_mobile_home_library_cache:false
07-06 17:34:27.377 1846 1926 I [OAR] Gatekeepers: Not passing to SystemUX GK oculus_vrshell_keyboard_typeahead:false
07-06 17:34:27.377 1846 1926 I [OAR] Gatekeepers: Not passing to SystemUX GK oculus_video_disable_cache:false
07-06 17:34:27.377 1846 1926 I [OAR] Gatekeepers: Not passing to SystemUX GK oculus_vrshell_enable_social_octv:false
07-06 17:34:27.377 1846 1926 I [OAR] Gatekeepers: Not passing to SystemUX GK oculus_vrshell_keyboard_typeahead_default_on:false
07-06 17:34:27.377 1846 1926 I [OAR] Gatekeepers: Not passing to SystemUX GK oculus_messenger_new_message_notification:true - Not registered
07-06 17:34:27.377 1846 1926 I [OAR] Gatekeepers: Not passing to SystemUX GK oculus_vrshell_managed_launcher:false
07-06 17:34:27.377 1846 1926 I [OAR] Gatekeepers: Passing to SystemUX GK oculus_quest_profile_sharing:true
07-06 17:34:27.377 1846 1926 I [OAR] Gatekeepers: Not passing to SystemUX GK oculus_vrshell_core_go_retaildemo:false
07-06 17:34:27.377 1846 1926 I [OAR] Gatekeepers: Passing to SystemUX GK oculus_mobile_auiv2_android_library:true
07-06 17:34:27.377 1846 1926 I [OAR] Gatekeepers: Passing to SystemUX GK oculus_mobile_hand_tracking_ga:true
07-06 17:34:27.377 1846 1926 I [OAR] Gatekeepers: Not passing to SystemUX GK oculus_notifications_vr_feed_categories:false
07-06 17:34:27.377 1846 1926 I [OAR] Gatekeepers: Not passing to SystemUX GK oculus_video_use_exoplayer_fast_seek:true - Not registered
07-06 17:34:27.377 1846 1926 I [OAR] Gatekeepers: Not passing to SystemUX GK oculus_monterey_master_lkg_ota:false
07-06 17:34:27.377 1846 1926 I [OAR] Gatekeepers: Passing to SystemUX GK oculus_vrshell_anytimeui_v2_profile:true
07-06 17:34:27.377 1846 1926 I [OAR] Gatekeepers: Passing to SystemUX GK oculus_vrshell_anytimeui_v2_show_pymks:true
