07-06 17:34:27.583 1934 1934 D [SUI] UiThreadExecutor: Executing sync: com.oculus.panelapp.anytimeui.utils.-$$Lambda$ImageLoader$amd3YImxEIb6HLr5V2YhTzMj1qc@fd4eb96
07-06 17:34:27.583 549 12805 I audio_hw_utils: send_app_type_cfg_for_device CAPTURE app_type 69938, acdb_dev_id 106, sample_rate 48000, snd_device_be_idx 3
07-06 17:34:27.584 549 12805 D msm8974_platform: platform_split_snd_device: snd_device(62) new_snd_devices (handset-mic-aec)
07-06 17:34:27.584 549 12805 D ACDB-LOADER: ACDB -> send_audio_cal, acdb_id = 106, path = 1, app id = 0x11132, sample rate = 48000
07-06 17:34:27.584 549 12805 D ACDB-LOADER: ACDB -> send_asm_topology
07-06 17:34:27.584 1934 1934 D [SUI] DiskCache: Read cached file from cache at /data/user/0/com.oculus.systemux/cache/image_cache/816976718
07-06 17:34:27.584 549 12805 D ACDB-LOADER: ACDB -> ACDB_CMD_GET_AUDPROC_STREAM_TOPOLOGY_ID
07-06 17:34:27.584 549 12805 D ACDB-LOADER: ACDB -> send_adm_topology
07-06 17:34:27.584 549 12805 D ACDB-LOADER: ACDB -> ACDB_CMD_GET_AUDPROC_COMMON_TOPOLOGY_ID
07-06 17:34:27.584 549 12805 D ACDB-LOADER: ACDB -> send_audtable
07-06 17:34:27.584 549 12805 D ACDB-LOADER: ACDB -> ACDB_CMD_GET_AUDPROC_COMMON_TABLE_SIZE
07-06 17:34:27.584 549 12805 D ACDB-LOADER: ACDB -> ACDB_CMD_GET_AUDPROC_COMMON_TABLE
07-06 17:34:27.584 549 12805 D ACDB-LOADER: ACDB -> AUDIO_SET_AUDPROC_CAL
07-06 17:34:27.584 549 12805 D ACDB-LOADER: ACDB -> send_audvoltable
07-06 17:34:27.584 549 12805 D ACDB-LOADER: ACDB -> ACDB_CMD_GET_AUDPROC_GAIN_DEP_STEP_TABLE, vol index 0
07-06 17:34:27.584 549 12805 D : Failed to fetch the lookup information of the device 0000006A
07-06 17:34:27.585 549 12805 E ACDB-LOADER: Error: ACDB AudProc vol returned = -19
07-06 17:34:27.585 549 12805 D ACDB-LOADER: ACDB -> AUDIO_SET_VOL_CAL cal type = 12
07-06 17:34:27.585 549 12805 D ACDB-LOADER: ACDB -> send_audstrmtable
07-06 17:34:27.585 549 12805 D ACDB-LOADER: ACDB -> ACDB_CMD_GET_AUDPROC_STREAM_TABLE_V2
07-06 17:34:27.585 549 12805 D ACDB-LOADER: ACDB -> audstrm_cal->cal_type.cal_data.cal_size = 16
07-06 17:34:27.585 549 12805 D ACDB-LOADER: ACDB -> send_afe_topology
07-06 17:34:27.585 549 12805 D ACDB-LOADER: ACDB -> ACDB_CMD_GET_AFE_TOPOLOGY_ID
07-06 17:34:27.585 549 12805 D ACDB-LOADER: ACDB -> GET_AFE_TOPOLOGY_ID for adcd_id 106, Topology Id 112fb
07-06 17:34:27.585 549 12805 D ACDB-LOADER: ACDB -> send_afe_cal
07-06 17:34:27.585 549 12805 D ACDB-LOADER: ACDB -> ACDB_CMD_GET_AFE_COMMON_TABLE
07-06 17:34:27.585 549 12805 D : Failed to fetch the lookup information of the device 0000006A
07-06 17:34:27.585 549 12805 E ACDB-LOADER: Error: ACDB AFE returned = -19
07-06 17:34:27.585 549 12805 D ACDB-LOADER: ACDB -> AUDIO_SET_AFE_CAL
07-06 17:34:27.585 549 12805 D ACDB-LOADER: ACDB -> send_hw_delay : acdb_id = 106 path = 1
07-06 17:34:27.585 549 12805 D ACDB-LOADER: ACDB -> ACDB_AVSYNC_INFO: ACDB_CMD_GET_DEVICE_PROPERTY
07-06 17:34:27.585 549 12805 D audio_hw_primary: enable_audio_route: apply mixer and update path: audio-record
07-06 17:34:27.588 549 12805 D audio_hw_primary: select_devices: done
07-06 17:34:27.589 1934 1934 D [SUI] UiThreadExecutor: Executing sync: com.oculus.panelapp.anytimeui.utils.-$$Lambda$ImageLoader$amd3YImxEIb6HLr5V2YhTzMj1qc@9743317
07-06 17:34:27.589 13547 13547 I PanelService: end of onCreate()
07-06 17:34:27.590 13547 13547 I SingletonPanelService: Loading library home
07-06 17:34:27.591 13547 13566 D UnifiedTelemetryLogger: Already initialized.
07-06 17:34:27.594 1934 1934 V [SUI] AnytimeUIAndroidPanelAppBase: Running full notifications initialize
07-06 17:34:27.597 1934 1934 V [SUI] AnytimeUIAndroidPanelAppBase: Setting notifs badge
07-06 17:34:27.598 1934 1934 D [SUI] LibraryView: Constructing LibraryView
07-06 17:34:27.599 13547 13547 I BaseService: onCreate service type EXPLORE
07-06 17:34:27.600 13547 13547 D SoLoader: init exiting
07-06 17:34:27.600 13547 13547 D CrashReporting: Breakpad for Native crashes enabled
07-06 17:34:27.600 13547 13547 D SoLoader: About to load: libbreakpad.so
07-06 17:34:27.600 13547 13547 D SoLoader: libbreakpad.so found on /data/data/com.oculus.vrshell.home/lib-main
07-06 17:34:27.601 13547 13547 D SoLoader: Loading lib dependencies: [libmemalign16_cpp.so, liblog.so, libsigmux.so, libmemalign16.so, libc++_shared.so, libm.so, libdl.so, libc.so]
07-06 17:34:27.601 13547 13547 D SoLoader: About to load: libsigmux.so
07-06 17:34:27.601 13547 13547 D SoLoader: libsigmux.so found on /data/data/com.oculus.vrshell.home/lib-main
07-06 17:34:27.601 13547 13547 D SoLoader: Loading lib dependencies: [libc.so]
07-06 17:34:27.602 13547 13547 D SoLoader: Loaded: libsigmux.so
07-06 17:34:27.602 13547 13547 D SoLoader: Loaded: libbreakpad.so
07-06 17:34:27.604 13547 13547 D CrashReporting: ACRA/OculusCrashReporter for Java crashes enabled
07-06 17:34:27.606 13547 13547 D CrashReporting: ACRA/Initializing with endpoint https://www.facebook.com/mobile/generic_android_crash_logs/285486028533521
07-06 17:34:27.606 1934 1934 D [SUI] LibraryView: Initializing LibraryView
07-06 17:34:27.607 1934 10930 D [SUI] ThreadExecutor: Executing com.oculus.panelapp.anytimeui.v2.tablet.apps.-$$Lambda$LibraryFetcher$4SiVQ_AVFqQjba39U4ji9-_xiJc@352f8ff
07-06 17:34:27.614 549 12805 E audio_hw_extn: audio_extn_perf_lock_release: Perf lock release error
07-06 17:34:27.614 549 12805 D audio_hw_primary: start_input_stream: exit
07-06 17:34:27.615 13547 13547 D ExceptionHandlerManager: ExceptionHandlerManager not explicitly initialized, using default mode
07-06 17:34:27.615 13547 13547 D ExceptionHandlerManager: initializing exception handler manager, prioritized=true
07-06 17:34:27.617 13547 13547 E ACRA : Skipping ANR Detector for process: com.oculus.vrshell.home:explore
07-06 17:34:27.618 13547 13547 D CrashReporting: JavascriptCrashReporter is enabled
07-06 17:34:27.619 13547 13547 I BaseService: Core app versions: {"com.oculus.browser":224416431,"com.oculus.govrnux":0,"com.oculus.home":224448497,"com.oculus.horizon":224448481,"com.oculus.mediaplayer":53624647,"com.oculus.systemactivities":224382821,"com.oculus.systemdriver":224383112,"com.oculus.systemutilities":224382743,"com.oculus.vrshell":224383062,"com.oculus.vrshell.home":224382706}
07-06 17:34:27.633 1934 1934 D [SUI] LibraryViewModel: Setting platform options.
07-06 17:34:27.633 1934 1934 D [SUI] LibraryViewModel: Setting sorter options.
07-06 17:34:27.633 1934 1934 D [SUI] LibraryViewModel: Setting current platform to be: Quest.
07-06 17:34:27.633 1934 1934 W Settings: Setting adb_enabled has moved from android.provider.Settings.Secure to android.provider.Settings.Global.
07-06 17:34:27.633 1934 1934 D [SUI] LibraryViewModel: Setting filter options.
07-06 17:34:27.633 1934 1934 D [SUI] LibraryViewModel: Setting current filter to be: All.
07-06 17:34:27.633 1934 1934 D [SUI] LibraryViewModel: Setting current sorter to be: Recent.
07-06 17:34:27.633 1934 1934 D [SUI] LibraryViewModel: Setting current filter to be: Unknown Sources.
07-06 17:34:27.642 13547 13571 D APIInterceptor: intercept original headers:
07-06 17:34:27.642 13547 13571 D APIInterceptor: Host: graph.oculus.com
07-06 17:34:27.642 13547 13571 D APIInterceptor: Connection: Keep-Alive
07-06 17:34:27.642 13547 13571 D APIInterceptor: Accept-Encoding: gzip
07-06 17:34:27.642 13547 13571 D APIInterceptor: User-Agent: okhttp/3.6.0
07-06 17:34:27.645 13547 13569 D APIInterceptor: intercept original headers:
07-06 17:34:27.645 13547 13569 D APIInterceptor: Host: graph.oculus.com
07-06 17:34:27.645 13547 13569 D APIInterceptor: Connection: Keep-Alive
07-06 17:34:27.645 13547 13569 D APIInterceptor: Accept-Encoding: gzip
07-06 17:34:27.645 13547 13569 D APIInterceptor: User-Agent: okhttp/3.6.0
07-06 17:34:27.645 13547 13570 D APIInterceptor: intercept original headers:
07-06 17:34:27.645 13547 13570 D APIInterceptor: Host: graph.oculus.com
07-06 17:34:27.645 13547 13570 D APIInterceptor: Connection: Keep-Alive
07-06 17:34:27.645 13547 13570 D APIInterceptor: Accept-Encoding: gzip
07-06 17:34:27.645 13547 13570 D APIInterceptor: User-Agent: okhttp/3.6.0
07-06 17:34:27.649 13547 13570 D APIInterceptor: intercept modified headers:
07-06 17:34:27.650 13547 13570 D APIInterceptor: Host: graph.oculus.com
07-06 17:34:27.650 13547 13570 D APIInterceptor: Connection: Keep-Alive
07-06 17:34:27.650 13547 13570 D APIInterceptor: Accept-Encoding: gzip
07-06 17:34:27.650 13547 13570 D APIInterceptor: X-Build-Model: Oculus Quest
07-06 17:34:27.650 13547 13570 D APIInterceptor: X-Build-Number: 224382706
07-06 17:34:27.650 13547 13570 D APIInterceptor: X-ANDROID-ID: 4466d7c9cd8ef375
07-06 17:34:27.650 13547 13570 D APIInterceptor: X-OC-Selected-Headset-Serial: 1PASH9BPY79293
07-06 17:34:27.650 13547 13570 D APIInterceptor: X-OC-VrShell-Build-Name: 18.0.0.403.517
07-06 17:34:27.650 13547 13570 D APIInterceptor: User-Agent: Dalvik/2.1.0 (Linux; U; Android 7.1.1; Quest Build/NGI77B) [FBAN/OculusHomeShell;FBAV/18.0.0.403.517;FBDV/Quest;FBCR/null;FBLC/en_GB;FBSV/7.1.1;FBBR/monterey;FBBD/oculus;FBBV/224382706;FBCA/armeabi-v7a:armeabi;FBMF/Oculus;FBPN/com.oculus.vrshell.home;]
07-06 17:34:27.650 13547 13570 D APIInterceptor: X-Build-Version-Incremental: 7386600268600000
07-06 17:34:27.650 13547 13570 D APIInterceptor: Accept-Language: en_GB
07-06 17:34:27.650 13547 13569 D APIInterceptor: intercept modified headers:
07-06 17:34:27.650 13547 13569 D APIInterceptor: Host: graph.oculus.com
07-06 17:34:27.650 13547 13569 D APIInterceptor: Connection: Keep-Alive
07-06 17:34:27.650 13547 13569 D APIInterceptor: Accept-Encoding: gzip
07-06 17:34:27.650 13547 13569 D APIInterceptor: X-Build-Model: Oculus Quest
07-06 17:34:27.650 13547 13569 D APIInterceptor: X-Build-Number: 224382706
07-06 17:34:27.650 13547 13569 D APIInterceptor: X-ANDROID-ID: 4466d7c9cd8ef375
07-06 17:34:27.651 13547 13569 D APIInterceptor: X-OC-Selected-Headset-Serial: 1PASH9BPY79293
07-06 17:34:27.651 13547 13569 D APIInterceptor: X-OC-VrShell-Build-Name: 18.0.0.403.517
07-06 17:34:27.651 13547 13569 D APIInterceptor: User-Agent: Dalvik/2.1.0 (Linux; U; Android 7.1.1; Quest Build/NGI77B) [FBAN/OculusHomeShell;FBAV/18.0.0.403.517;FBDV/Quest;FBCR/null;FBLC/en_GB;FBSV/7.1.1;FBBR/monterey;FBBD/oculus;FBBV/224382706;FBCA/armeabi-v7a:armeabi;FBMF/Oculus;FBPN/com.oculus.vrshell.home;]
07-06 17:34:27.651 13547 13569 D APIInterceptor: X-Build-Version-Incremental: 7386600268600000
07-06 17:34:27.651 13547 13569 D APIInterceptor: Accept-Language: en_GB
07-06 17:34:27.651 13547 13571 D APIInterceptor: intercept modified headers:
07-06 17:34:27.651 13547 13571 D APIInterceptor: Host: graph.oculus.com
07-06 17:34:27.651 13547 13571 D APIInterceptor: Connection: Keep-Alive
07-06 17:34:27.651 13547 13571 D APIInterceptor: Accept-Encoding: gzip
07-06 17:34:27.651 13547 13571 D APIInterceptor: X-Build-Model: Oculus Quest
07-06 17:34:27.651 13547 13571 D APIInterceptor: X-Build-Number: 224382706
07-06 17:34:27.651 13547 13571 D APIInterceptor: X-ANDROID-ID: 4466d7c9cd8ef375
07-06 17:34:27.651 13547 13571 D APIInterceptor: X-OC-Selected-Headset-Serial: 1PASH9BPY79293
07-06 17:34:27.652 13547 13571 D APIInterceptor: X-OC-VrShell-Build-Name: 18.0.0.403.517
07-06 17:34:27.652 13547 13571 D APIInterceptor: User-Agent: Dalvik/2.1.0 (Linux; U; Android 7.1.1; Quest Build/NGI77B) [FBAN/OculusHomeShell;FBAV/18.0.0.403.517;FBDV/Quest;FBCR/null;FBLC/en_GB;FBSV/7.1.1;FBBR/monterey;FBBD/oculus;FBBV/224382706;FBCA/armeabi-v7a:armeabi;FBMF/Oculus;FBPN/com.oculus.vrshell.home;]
07-06 17:34:27.652 13547 13571 D APIInterceptor: X-Build-Version-Incremental: 7386600268600000
07-06 17:34:27.652 13547 13571 D APIInterceptor: Accept-Language: en_GB
07-06 17:34:27.659 2396 2462 I [OAO] OverlaySystemUXTransitionFlow: Deactivated
07-06 17:34:27.659 13547 13547 I PanelService: onBind()
07-06 17:34:27.665 1846 1846 D [OAR] PanelServiceConnection: onSeviceConnected - component name (ComponentInfo{com.oculus.vrshell.home/com.oculus.vrshell.home.ExploreService}), panel app id (60)
07-06 17:34:27.665 1846 1846 D [OAR] ShellApplication: notify OS to set com.oculus.vrshell.home/com.oculus.vrshell.home.ExploreService to FOREGROUND
07-06 17:34:27.673 1846 1846 I [OAR] PanelServiceConnection: verifyFirstPartyUID(Debug Signatures=false, uid=10047) => apkSignatureResult=SigCertInfo(isTrusted=true, packageNames=[com.oculus.vrshell.home], signature=3082038d30820275a00302010202041303858a300d06092a864886f70d01010b05003077310b3009060355040613025553310b3009060355040813024341311330110603550407130a4d656e6c6f205061726b31173015060355040a130e4f63756c75732056522c204c4c4331173015060355040b130e4f63756c75732056522c204c4c43311430120603550403130b4f63756c75732041707073301e170d3134313033303231343032315a170d3432303331373231343032315a3077310b3009060355040613025553310b3009060355040813024341311330110603550407130a4d656e6c6f205061726b31173015060355040a130e4f63756c75732056522c204c4c4331173015060355040b130e4f63756c75732056522c204c4c43311430120603550403130b4f63756c7573204170707330820122300d06092a864886f70d01010105000382010f003082010a0282010100a34c7fbd96dea95d811f21a0d760cabca85f2df5dbe19b62aca7a3e3e0b6e48f7e173345f2753c458d639cc2e222eeee4cfb5e89ac1c5060044414056709a43a7f1a6f1e4f2c3d708c48912634be08ad6da1fff92d9c0d4b85e4bc8a8b1c27de84c04eb1e6577c10693500af46beaf7bd2ce72a06a46f4e565859f242cecbef1a431ae8096db712cebe73840bacc64de6b99077ba1ca8c20e5d0b4870bd161f087abbf568dfef58e604068ca6f7cdea183c8681c306bc30cb223e7c5ce3a2fcf00d13e158475b3700ef62dcca46c57baecca4d91052e20b861a1a085d5fc8e99aed8c4a9cfd550d01e54ef5062133befcf7f9ea6a5a1d1575a72cd82279f34030203010001a321301f301d0603551d0e04160414ec7ccdaf8ccdc6dd1b87d4b561582ad8ec397b80300d06092a864886f70d01010b0500038201010014c557ecddc17ba8b979618036e7093b8e7307f624644532c31239f4dc83fd9424267ca7670fa9f78689cbc5bfd8a6312fdc214bd159d614a8753ceec0f2b2d9166217895b13c992e1d10ca625a3153dacfa51dbdb7fde139bd59510f5add29f88be3826b445ce7386dcf06577be72fbdf118fa81179091fad275981409e02d40422d8e86df5827a2c496a4b905b4825c3f1ba0af4cf509bf9b0d4d608cf0b4320ac60d1a8cbcc384de24f11a4c93c0fc5b887cbd6855871af1b1ef729c51a8a123efc6a627b6494e81a264587443b9156ad17772863c2f9685fae9c72a552b333f8ef2822bce5d4d178e45b3a8dd4e321924f6a5ba43f732971a9e74cbf0433), time=1 ms
07-06 17:34:27.675 13547 13563 I PanelService: verifyVrShellUID(Debug Signatures=false, uid=10024) => apkSignatureResult=SigCertInfo(isTrusted=true, packageNames=[com.oculus.vrshell], signature=3082038d30820275a00302010202041303858a300d06092a864886f70d01010b05003077310b3009060355040613025553310b3009060355040813024341311330110603550407130a4d656e6c6f205061726b31173015060355040a130e4f63756c75732056522c204c4c4331173015060355040b130e4f63756c75732056522c204c4c43311430120603550403130b4f63756c75732041707073301e170d3134313033303231343032315a170d3432303331373231343032315a3077310b3009060355040613025553310b3009060355040813024341311330110603550407130a4d656e6c6f205061726b31173015060355040a130e4f63756c75732056522c204c4c4331173015060355040b130e4f63756c75732056522c204c4c43311430120603550403130b4f63756c7573204170707330820122300d06092a864886f70d01010105000382010f003082010a0282010100a34c7fbd96dea95d811f21a0d760cabca85f2df5dbe19b62aca7a3e3e0b6e48f7e173345f2753c458d639cc2e222eeee4cfb5e89ac1c5060044414056709a43a7f1a6f1e4f2c3d708c48912634be08ad6da1fff92d9c0d4b85e4bc8a8b1c27de84c04eb1e6577c10693500af46beaf7bd2ce72a06a46f4e565859f242cecbef1a431ae8096db712cebe73840bacc64de6b99077ba1ca8c20e5d0b4870bd161f087abbf568dfef58e604068ca6f7cdea183c8681c306bc30cb223e7c5ce3a2fcf00d13e158475b3700ef62dcca46c57baecca4d91052e20b861a1a085d5fc8e99aed8c4a9cfd550d01e54ef5062133befcf7f9ea6a5a1d1575a72cd82279f34030203010001a321301f301d0603551d0e04160414ec7ccdaf8ccdc6dd1b87d4b561582ad8ec397b80300d06092a864886f70d01010b0500038201010014c557ecddc17ba8b979618036e7093b8e7307f624644532c31239f4dc83fd9424267ca7670fa9f78689cbc5bfd8a6312fdc214bd159d614a8753ceec0f2b2d9166217895b13c992e1d10ca625a3153dacfa51dbdb7fde139bd59510f5add29f88be3826b445ce7386dcf06577be72fbdf118fa81179091fad275981409e02d40422d8e86df5827a2c496a4b905b4825c3f1ba0af4cf509bf9b0d4d608cf0b4320ac60d1a8cbcc384de24f11a4c93c0fc5b887cbd6855871af1b1ef729c51a8a123efc6a627b6494e81a264587443b9156ad17772863c2f9685fae9c72a552b333f8ef2822bce5d4d178e45b3a8dd4e321924f6a5ba43f732971a9e74cbf0433), time=0 ms
07-06 17:34:27.676 13547 13547 I PanelService: Creating panel app with environment {_oc_userid="105336190730996", _oc_shell_panel_bundle_configuration="{"NONE":null}", _oc_gk:oculus_mobile_sysux_unified_dialogs_v9="true", _oc_shell_pixel_density="13", _oc_shell_panel_app_index="19", _oc_gk:oculus_vrshell_launch_checks="true", _oc_shell_permissions="permissionsGranted camera write_storage microphone", uri="/prime", _oc_device_type="259", _oc_shell_version_code="224383062", _oc_shell_version_name="18.0.0.403.517", _oc_shell_panel_id="60", _oc_device_region="0", _oc_launch_timestamp="90128330", _oc_auiv2="true", _oc_shell_automation_enabled="false", _oc_headset_type="256", _oc_gk:oculus_mobile_home_js_bundle="true", _oc_shell_render_scale="1.000000", _oc_shell_feature_sets="multi-layer-v1,mirror-avatar-v1,system-ux-routes-v1,deeplink-nav-v1,clock-levels-v1,layerTranslate-v1,layerScaleDensity-v1,layerScaleDensity-v2,multiapp-alpha-v1,multiapp-v1,multiapp-v2,recoverInstances-v1,webtasks-in-exclusive-mode", _oc_enterprise_mode="false", _oc_analytics_session_id="96cc1b3e-ea7d-4332-886a-8dd996b4f1ef", _oc_shell_view_id_debugging_enabled="false", _oc_gk:oculus_mobile_sysux_lightweight_releases="true", _oc_shell_host="vrshell", _oc_gearvr_developer_mode="true"}
07-06 17:34:27.677 13547 13588 I panelapp: timestamp Panel_Create numWindows 14
07-06 17:34:27.689 13547 13588 W System : ClassLoader referenced unknown path: /system/app/Horizon/lib/arm
07-06 17:34:27.689 13547 13588 D ApplicationLoaders: ignored Vulkan layer search path /system/app/Horizon/lib/arm:/system/fake-libs:/system/app/Horizon/Horizon.apk!/lib/armeabi-v7a:/system/lib:/vendor/lib for namespace 0xf279a090
07-06 17:34:27.704 13547 13588 I OVRPlatform: [LoaderUtils] PlatformSDK check API compatibility (requested api = 1.1.44.0, implementation = 1.1.50.0)
07-06 17:34:27.706 2150 29020 I LibraryProvider: running queryAllApps() for com.oculus.systemux
07-06 17:34:27.706 13547 13588 I OVRPlatform: [Context] ConfigOption DisableFbns => 1
07-06 17:34:27.706 13547 13588 I OVRPlatform: [Context] ConfigOption DisableP2pNetworking => 0
07-06 17:34:27.706 13547 13588 I OVRPlatform: [RequestStopwatch] ovr_PlatformInitializeAndroidAsynchronous took 0.4600 milliseconds
07-06 17:34:27.706 13547 13588 I OCPlatformModule: timestamp request accesstoken
07-06 17:34:27.706 13547 13588 I AnalyticsLogger: Got HashMapClass
07-06 17:34:27.707 13547 13588 I AnalyticsLogger: Got OculusLoggerClass
07-06 17:34:27.707 13547 13588 I AnalyticsLogger: Got reportEventMethod
07-06 17:34:27.707 13547 13588 I AnalyticsLogger: Got reportQuickExperimentExposureMethod
07-06 17:34:27.707 13547 13588 I panelapp: PanelSize 1328 528
07-06 17:34:27.709 2396 2462 I [OAO] ShellOverlayApp: VrThread entering waiting state
07-06 17:34:27.713 13547 13599 D OVRServiceSynchronous: isServiceAvailable matched: 1
07-06 17:34:27.714 13547 13601 D JVM : JVM::Initialize@[tid=13601]
07-06 17:34:27.714 13547 13601 D JVM : JVM::JVM@[tid=13601]
07-06 17:34:27.714 13547 13591 D OVR : Registered OVRPlatformBroadcastReceiver
07-06 17:34:27.714 13547 13591 I OVR : Initialized OVRPlatform with returnComponent com.oculus.vrshell.home/com.oculus.vrshell.home.ExploreService
07-06 17:34:27.719 13547 13547 D OVRServiceSynchronous: Service connected.
07-06 17:34:27.740 2150 20848 I LibraryProvider: running queryAllApps() for com.oculus.systemux
07-06 17:34:27.744 13547 13588 I RCTVR : language 'en-rGB'
07-06 17:34:27.744 13547 13588 I BundleHelper: Retrieve override bundle from allowed bundles in the BundleConfiguration
07-06 17:34:27.744 13547 13588 I BundleHelper: And if installed locally
07-06 17:34:27.745 13547 13547 I HomeApplication: onUserId
07-06 17:34:27.749 13547 13588 I BundleHelper: No debug override bundle found
07-06 17:34:27.749 13547 13588 I BundleHelper: Bundle configuration - No service 'EXPLORE' found. Skipping.
07-06 17:34:27.749 13547 13588 I BundleHelper: No JS Bundles are allowed.
07-06 17:34:27.749 13547 13588 I RCTVR : [TIMESTAMP] : ReactPlayerCommon : 90128.8149696729961
07-06 17:34:27.749 13547 13588 I RCTVR : ReactPlayer: config automation enabled false
07-06 17:34:27.749 13547 13588 I RCTVR : ReactPlayerCommon: Init
07-06 17:34:27.750 2150 2243 I LibraryProvider: running queryAllApps() for com.oculus.vrshell.home
07-06 17:34:27.751 13547 13588 I RCTVR : [TIMESTAMP] : ReactPlayer_InitReactNativeContext_Start : 90128.8167693089927
07-06 17:34:27.751 1934 1934 D [SUI] EmptyView: Hiding EmptyView
07-06 17:34:27.751 1934 1934 D [SUI] LibraryView: Showing LibraryView
07-06 17:34:27.751 1934 1934 I [SUI] AnytimeUIAndroidPanelAppV2: updateActiveComponent - systemux://home, returnComponent =
07-06 17:34:27.751 1934 1934 D [SUI] SharingViewModel: Constructing ViewModel
07-06 17:34:27.751 1934 1934 I [SUI] AnytimeUIAndroidPanelAppBase: updateControllerBattery - left, 60 percent
07-06 17:34:27.752 1934 1934 I [SUI] AnytimeUIAndroidPanelAppBase: updateControllerBattery - right, 50 percent
07-06 17:34:27.752 1934 1934 I [SUI] AnytimeUIAndroidPanelAppBase: updateLiveStreamStatus - isLiveStreaming=false, allowed=true
07-06 17:34:27.752 1934 1934 I [SUI] AnytimeUIAndroidPanelAppBase: updateCaptureAllowed - true capturing - false
07-06 17:34:27.752 1934 1934 I [SUI] AnytimeUIAndroidPanelAppBase: updateLocalStreamState - false
07-06 17:34:27.752 1934 1934 I [SUI] AnytimeUIAndroidPanelAppBase: updateVideoCaptureState - false
07-06 17:34:27.753 1934 1934 I [SUI] AnytimeUIAndroidPanelAppV2: updateInstantReplayState - false - false
07-06 17:34:27.753 1934 1934 I [SUI] AnytimeUIAndroidPanelAppBase: updateGuardianStatus - false - 2 - false
07-06 17:34:27.753 1934 1934 I [SUI] AnytimeUIAndroidPanelAppBase: setTaskBarState - 3
07-06 17:34:27.754 13547 13607 I RCTVR : JavaScript[0xefd79780], Avg 0.0154689997434616089, Max 0.0154689997434616089, MaxInLast 0.0154689997434616089
07-06 17:34:27.754 13547 13607 I RCTVR_HERMES: Hermes Mem: numCollections 0, allocatedBytes 108848, heapSize 9265152, va 8388608
07-06 17:34:27.756 13547 13588 I RCTVR : AsyncLocalStorage '/data/user/0/com.oculus.vrshell.home/files'
07-06 17:34:27.756 13547 13611 I AsyncFonts: AsyncFonts::Start
07-06 17:34:27.757 13547 13612 I OVR_MemBuffer: Couldn't open assets/audio/sound_def.json: No such file or directory
07-06 17:34:27.758 13547 13588 I RCTQplModule: Timestamp- markerStart 90128330
07-06 17:34:27.761 13547 13588 I RCTJavaModule: Registered 46 native Java modules
07-06 17:34:27.761 13547 13588 I PartyCallsManagerModule: Set party create URI: content://com.oculus.horizon.friendlist/party_create and party join URI: content://com.oculus.horizon.friendlist/party_join_with_error_callback
07-06 17:34:27.763 13547 13588 I ReactPlayerCommon: ReactNativeExec: Signal
07-06 17:34:27.763 13547 13588 I RCTVR : Metrics history-based collection is disabled.
07-06 17:34:27.763 13547 13588 I RCTVR : [TIMESTAMP] : ReactPlayer_InitReactNativeContext_End : 90128.8291088390106
07-06 17:34:27.763 13547 13588 I RCTVR : Marker panel_create_start: duration=413.005201ms start=90128330 end=90128743.005200997
07-06 17:34:27.763 13547 13588 I RCTVR : Marker panel_create_end: duration=499.264829ms start=90128330 end=90128829.2648289949
07-06 17:34:27.763 13547 13588 I panelapp: Init start
07-06 17:34:27.763 13547 13588 I panelapp: timestamp Init()
07-06 17:34:27.763 13547 13588 I panelapp: ANativeWindow_setBuffersGeometry()
07-06 17:34:27.763 13547 13588 I panelapp: ANativeWindow_setBuffersGeometry()
07-06 17:34:27.763 13547 13588 I panelapp: ANativeWindow_setBuffersGeometry()
07-06 17:34:27.763 13547 13588 I panelapp: ANativeWindow_setBuffersGeometry()
07-06 17:34:27.764 13547 13588 I panelapp: ANativeWindow_setBuffersGeometry()
07-06 17:34:27.764 13547 13588 I panelapp: ANativeWindow_setBuffersGeometry()
07-06 17:34:27.764 13547 13588 I panelapp: ANativeWindow_setBuffersGeometry()
07-06 17:34:27.764 13547 13588 I panelapp: ANativeWindow_setBuffersGeometry()
07-06 17:34:27.764 13547 13588 I panelapp: ANativeWindow_setBuffersGeometry()
07-06 17:34:27.764 13547 13588 I panelapp: ANativeWindow_setBuffersGeometry()
07-06 17:34:27.764 13547 13588 I panelapp: ANativeWindow_setBuffersGeometry()
07-06 17:34:27.764 13547 13588 I panelapp: ANativeWindow_setBuffersGeometry()
07-06 17:34:27.764 13547 13588 I panelapp: ANativeWindow_setBuffersGeometry()
07-06 17:34:27.764 13547 13588 I panelapp: ANativeWindow_setBuffersGeometry()
07-06 17:34:27.764 13547 13588 I panelapp: ovrPanel::InitGL()
07-06 17:34:27.764 13547 13616 I panelapp: Start
07-06 17:34:27.764 13547 13616 I RCTVR : Marker load_bundle_start: duration=499.752329ms start=90128330 end=90128829.7523290068
07-06 17:34:27.764 13547 13616 I RCTVR : [TIMESTAMP] : ReactPlayer_LoadBundle_Start : 90128.8297925369989
07-06 17:34:27.764 13547 13616 I RCTVR : ReactPlayerCommon: start loading bundle
07-06 17:34:27.764 13547 13607 I RCTVR : Marker execute_bundle_0_start: duration=499.890974ms start=90128330 end=90128829.8909740001
07-06 17:34:27.764 13547 13616 I RCTVR : Marker load_bundle_end: duration=500.223631ms start=90128330 end=90128830.2236309946
07-06 17:34:27.764 13547 13616 I panelapp: Complete
07-06 17:34:27.764 13547 13588 I AdrenoGLES-0: QUALCOMM build : 2fa729c, I332901a8a4
07-06 17:34:27.764 13547 13588 I AdrenoGLES-0: Build Date : 03/26/20
07-06 17:34:27.764 13547 13588 I AdrenoGLES-0: OpenGL ES Shader Compiler Version: EV031.29.05.00
07-06 17:34:27.764 13547 13588 I AdrenoGLES-0: Local Branch :
07-06 17:34:27.764 13547 13588 I AdrenoGLES-0: Remote Branch : refs/tags/AU_LINUX_ANDROID_LA.UM.5.7.C25.07.01.01.563.041
07-06 17:34:27.764 13547 13588 I AdrenoGLES-0: Remote Branch : NONE
07-06 17:34:27.764 13547 13588 I AdrenoGLES-0: Reconstruct Branch : NOTHING
07-06 17:34:27.764 13547 13588 I AdrenoGLES-0: Build Config : S P 6.0.9 AArch32
07-06 17:34:27.764 13547 13588 I AdrenoGLES-0: Driver Path : /system/vendor/lib/egl/libGLESv2_adreno.so
07-06 17:34:27.772 13547 13611 I AsyncFonts: AsyncFonts::Complete
07-06 17:34:27.774 13547 13601 W VideoCapabilities: Unrecognized profile 2130706433 for video/avc
07-06 17:34:27.774 13547 13601 W VideoCapabilities: Unrecognized profile 2130706434 for video/avc
07-06 17:34:27.775 1934 1934 I AndroidPanelApp: Processing pending show layer info for layer #main with width 774 and height 124.
07-06 17:34:27.775 1934 1934 I AndroidPanelApp: layerSupersample no changes
07-06 17:34:27.775 1934 1934 I AndroidPanelApp: Processing pending show layer info for layer tablet with width 768 and height 340.
07-06 17:34:27.775 1934 1934 I AndroidPanelApp: layerSupersample no changes
07-06 17:34:27.775 1934 1934 I AndroidPanelApp: Processing pending show layer info for layer tabletNav with width 216 and height 340.
07-06 17:34:27.775 1934 1934 I AndroidPanelApp: layerSupersample no changes
07-06 17:34:27.775 1934 1934 I AndroidPanelApp: Processing pending show layer info for layer tabletContent with width 552 and height 340.
07-06 17:34:27.775 1934 1934 I AndroidPanelApp: layerSupersample no changes
07-06 17:34:27.788 1846 1926 I [OAR] PanelAppHost: Resize layer #main to size 774 x 124 shape:1 stereo:0
07-06 17:34:27.788 1846 1926 I [OAR] PanelRenderLayer: ResetSurface 774 x 124 - shape:1 stereo:0
07-06 17:34:27.788 1846 1926 I [OAR] PanelAppHost: Resize layer tablet to size 768 x 340 shape:1 stereo:0
07-06 17:34:27.788 1801 1811 I art : Background sticky concurrent mark sweep GC freed 15690(1651KB) AllocSpace objects, 4(80KB) LOS objects, 24% free, 5MB/7MB, paused 5.848ms total 57.759ms
07-06 17:34:27.788 1846 1926 I [OAR] PanelRenderLayer: ResetSurface 768 x 340 - shape:1 stereo:0
07-06 17:34:27.788 1846 1926 I [OAR] PanelRenderLayer: Using layerTransform 2. layerWidth:768 , layerHeight:340
07-06 17:34:27.788 1846 1926 I [OAR] PanelAppHost: Resize layer tabletNav to size 216 x 340 shape:1 stereo:0
07-06 17:34:27.788 1846 1926 I [OAR] PanelRenderLayer: ResetSurface 216 x 340 - shape:1 stereo:0
07-06 17:34:27.789 1846 1926 I [OAR] PanelRenderLayer: Using layerTransform 2. layerWidth:216 , layerHeight:340
07-06 17:34:27.789 1846 1926 I [OAR] PanelAppHost: Resize layer tabletContent to size 552 x 340 shape:1 stereo:0
07-06 17:34:27.789 1846 1926 I [OAR] PanelRenderLayer: ResetSurface 552 x 340 - shape:1 stereo:0
07-06 17:34:27.789 1846 1926 I [OAR] PanelRenderLayer: Using layerTransform 2. layerWidth:552 , layerHeight:340
07-06 17:34:27.792 13547 13607 I ReactNativeExecutorHermes: WaitForNativeModules: Started
07-06 17:34:27.792 13547 13607 I ReactNativeExecutorHermes: WaitForNativeModules: Finished
07-06 17:34:27.794 2150 2242 E Security-LocalReporter: UID '10041' is shared by multiple packages: [com.oculus.horizon, com.oculus.home]
07-06 17:34:27.796 13588 13588 W OVR::PanelApp: type=1400 audit(0.0:254): avc: denied { read } for name="gpu_model" dev="sysfs" ino=31384 scontext=u:r:untrusted_app:s0:c512,c768 tcontext=u:object_r:sysfs:s0 tclass=file permissive=0
07-06 17:34:27.804 1934 1934 I AndroidPanelApp: Processing next frame action "layerShow" for layer "#main"
07-06 17:34:27.804 1934 1934 I AndroidPanelApp: nextFrameAction(layerShow, #main)
07-06 17:34:27.804 1934 1934 I AndroidPanelApp: layerShow acknowledged for #main
07-06 17:34:27.804 1934 1934 I AndroidPanelApp: tryShowLayer(#main)
07-06 17:34:27.804 1934 1934 I AndroidPanelLayer: Showing layer #main
07-06 17:34:27.805 1934 1934 I AndroidPanelLayer: Unhiding layer #main
07-06 17:34:27.806 1077 1140 I DisplayManagerService: Display device changed state: "com.oculus.android_panel_app.AndroidPanelLayer-#main", ON
07-06 17:34:27.809 13547 13588 I AdrenoGLES-0: PFP: 0x005ff112, ME: 0x005ff066
07-06 17:34:27.811 13547 13607 I JniUtils: Using caller's JNIEnv
07-06 17:34:27.811 13547 13588 W AdrenoUtils: : Failed to open /sys/class/kgsl/kgsl-3d0/gpu_model
07-06 17:34:27.811 13547 13588 W AdrenoUtils: : Failed to read chip ID from gpu_model. Fallback to use the GSL path
07-06 17:34:27.814 13547 13607 I JniUtils: Using caller's JNIEnv
07-06 17:34:27.818 13547 13607 I JniUtils: Using caller's JNIEnv
07-06 17:34:27.820 13547 13601 W VideoCapabilities: Unrecognized profile 2130706433 for video/avc
07-06 17:34:27.820 13547 13601 W VideoCapabilities: Unrecognized profile 2130706434 for video/avc
07-06 17:34:27.820 13547 13607 I JniUtils: Using caller's JNIEnv
07-06 17:34:27.823 13547 13588 I panelapp: GLES3::LoadGLFunctions()
07-06 17:34:27.823 13547 13601 W VideoCapabilities: Unrecognized profile 2130706433 for video/avc
07-06 17:34:27.823 13547 13601 W VideoCapabilities: Unrecognized profile 2130706434 for video/avc
07-06 17:34:27.826 13547 13588 I panelapp: GL_InitExtensions()
07-06 17:34:27.826 13547 13588 I OVR_GlUtils: es3 = TRUE
07-06 17:34:27.826 13547 13588 I OVR_GlUtils: GL_MAX_TEXTURE_SIZE = 16384
07-06 17:34:27.826 13547 13588 I OVR_GlUtils: GL_MAX_VERTEX_UNIFORM_VECTORS = 256
07-06 17:34:27.826 13547 13588 I OVR_GlUtils: GL_MAX_FRAGMENT_UNIFORM_VECTORS = 256
07-06 17:34:27.826 13547 13588 I RCTVR : ReactPlayerCommon: InitGfx
07-06 17:34:27.829 13547 13607 I JniUtils: Using caller's JNIEnv
07-06 17:34:27.829 13547 13588 I panelapp: Init complete
07-06 17:34:27.829 13547 13588 I RCTVR : Create root
07-06 17:34:27.829 13547 13588 I RCTVR : ReactPlayerCommon: reloaded RootView 'main', tag: 1
07-06 17:34:27.831 13547 13607 I JniUtils: Using caller's JNIEnv
07-06 17:34:27.833 13547 13607 I JniUtils: Using caller's JNIEnv
07-06 17:34:27.833 13547 13571 I GraphQLPrefetch: Completed request for 2886345294781084 in 312ms
07-06 17:34:27.834 13547 13607 I JniUtils: Using caller's JNIEnv
07-06 17:34:27.834 1934 1934 I AndroidPanelApp: Processing next frame action "layerShow" for layer "tablet"
07-06 17:34:27.835 1934 1934 I AndroidPanelApp: nextFrameAction(layerShow, tablet)
07-06 17:34:27.835 1934 1934 I AndroidPanelApp: layerShow acknowledged for tablet
07-06 17:34:27.835 1934 1934 I AndroidPanelApp: tryShowLayer(tablet)
07-06 17:34:27.835 1934 1934 I AndroidPanelLayer: Showing layer tablet
07-06 17:34:27.835 13547 13607 I OVR_MemBuffer: Couldn't open assets/en_GB.json: No such file or directory
07-06 17:34:27.836 13547 13607 I RCTVR : RCTI18n::GetDictionaryForFBTCodeSync(en_GB)
07-06 17:34:27.838 1934 1934 I AndroidPanelLayer: Unhiding layer tablet
07-06 17:34:27.839 13547 13588 I RCTVRMEM: Total Allocated Space: 11279456, Total Free Space: 1827744, JavaScript Heap Size: 108848
07-06 17:34:27.839 13547 13607 I JniUtils: Using caller's JNIEnv
07-06 17:34:27.839 1077 1140 I DisplayManagerService: Display device changed state: "com.oculus.android_panel_app.AndroidPanelLayer-tablet", ON
07-06 17:34:27.841 13547 13607 I JniUtils: Using caller's JNIEnv
07-06 17:34:27.843 13547 13607 I ReactNativeExecutorHermes: Timestamp- markerPoint: 90128908
07-06 17:34:27.843 13547 13607 I RCTVR : Marker execute_bundle_0_end: duration=579.235758ms start=90128330 end=90128909.2357580066
07-06 17:34:27.843 1846 1926 I [OAR] PanelRenderLayer: ResetSurface 1328 x 528 - shape:2 stereo:0
07-06 17:34:27.845 1934 1934 I AndroidPanelApp: Processing next frame action "layerShow" for layer "tabletNav"
07-06 17:34:27.845 1934 1934 I AndroidPanelApp: nextFrameAction(layerShow, tabletNav)
07-06 17:34:27.845 1934 1934 I AndroidPanelApp: layerShow acknowledged for tabletNav
07-06 17:34:27.845 1934 1934 I AndroidPanelApp: tryShowLayer(tabletNav)
07-06 17:34:27.845 1934 1934 I AndroidPanelLayer: Showing layer tabletNav
07-06 17:34:27.849 1846 1926 I [OAR] PanelAppAnalytics: First frame latency: 0.467 for id 61 com.oculus.systemux/com.oculus.panelapp.anytimeui.AnytimeUIAndroidPanelService
07-06 17:34:27.850 1846 1926 I [OAR] PanelRenderLayer: New SurfaceLayer 774 x 124 (shape: 1)
07-06 17:34:27.852 13547 13601 W VideoCapabilities: Unrecognized profile/level 0/3 for video/mpeg2
07-06 17:34:27.855 13547 13607 I RCTVR : [TIMESTAMP] : HermesReady : 90128.9215124229959
07-06 17:34:27.855 13547 13607 I RCTVR : Marker hermes_ready: duration=591.577996ms start=90128330 end=90128921.5779960006
07-06 17:34:27.856 13547 13607 I RCTVR_HERMES: [info]: Running "main" with {"rootTag":1,"initialProps":{"surfaceWidth":1328,"surfaceHeight":528}}
07-06 17:34:27.857 2188 10928 I VrRuntimeService: nativeCreateTextureSwapChain api:gles 0 0x8c43 774 124 10 3 1 0 0
07-06 17:34:27.858 2188 10928 I VrRuntimeServer: CreateTextureSwapChain: result importswapchaingles 1
07-06 17:34:27.859 2150 2242 I LibraryProvider: running queryApp(com.oculus.vrshell.home) for com.oculus.uid:10041
07-06 17:34:27.859 2150 2242 W LibraryProvider: Cannot find entitlement for com.oculus.vrshell.home
07-06 17:34:27.860 1801 1928 W OVRLibrary: null cursor received for query content://com.oculus.ocms.library/apps/com.oculus.vrshell.home
07-06 17:34:27.860 13547 13570 I GraphQLPrefetch: Completed request for 2730171627063766 in 340ms
07-06 17:34:27.862 13547 13601 W VideoCapabilities: Unrecognized profile/level 0/3 for video/mpeg2
07-06 17:34:27.864 1934 1934 I AndroidPanelLayer: Unhiding layer tabletNav
07-06 17:34:27.870 13547 13604 V OVRServiceManager: Registered process token.
07-06 17:34:27.881 1077 1140 I DisplayManagerService: Display device changed state: "com.oculus.android_panel_app.AndroidPanelLayer-tabletNav", ON
07-06 17:34:27.883 1934 1934 I AndroidPanelApp: Processing next frame action "layerShow" for layer "tabletContent"
07-06 17:34:27.884 1934 1934 I AndroidPanelApp: nextFrameAction(layerShow, tabletContent)
07-06 17:34:27.884 1934 1934 I AndroidPanelApp: layerShow acknowledged for tabletContent
07-06 17:34:27.884 1934 1934 I AndroidPanelApp: tryShowLayer(tabletContent)
07-06 17:34:27.884 1934 1934 I AndroidPanelLayer: Showing layer tabletContent
07-06 17:34:27.888 1801 1801 I FBConnectReceiver: Updating linked FB account on com.oculus.fbconnect.UPDATE_CURRENT_FACEBOOK_ACCOUNT
07-06 17:34:27.891 13547 13607 I JniUtils: Using caller's JNIEnv
07-06 17:34:27.895 1934 1934 I AndroidPanelLayer: Unhiding layer tabletContent
07-06 17:34:27.897 13547 13607 I RCTVR : Marker execute_bundle_1_start: duration=632.687888ms start=90128330 end=90128962.6878879964
07-06 17:34:27.898 13547 13607 I RCTVR : Marker execute_bundle_1_end: duration=633.639919ms start=90128330 end=90128963.6399189979
07-06 17:34:27.904 1077 1140 I DisplayManagerService: Display device changed state: "com.oculus.android_panel_app.AndroidPanelLayer-tabletContent", ON
07-06 17:34:27.906 13547 13607 I JniUtils: Using caller's JNIEnv
07-06 17:34:27.907 13547 13607 I RCTVR_HERMES: [info]: QuickExperiments.initialize with options:
07-06 17:34:27.907 13547 13607 I RCTVR_HERMES: [info]: { useNativeQEModule: true }
07-06 17:34:27.908 13547 13601 W VideoCapabilities: Unsupported mime video/x-ms-wmv
07-06 17:34:27.930 1934 1934 I [SUI] AnytimeUIAndroidPanelAppBase: updateBrightness - 255
07-06 17:34:27.930 1934 1934 I [SUI] AnytimeUIAndroidPanelAppBase: updateDoNotDisturbMode - false
07-06 17:34:27.931 1934 1934 I [SUI] AnytimeUIAndroidPanelAppBase: updateDoNotDisturbMode - false
07-06 17:34:27.932 13547 13601 W VideoCapabilities: Unsupported mime video/x-ms-wmv
07-06 17:34:27.936 13547 13601 W VideoCapabilities: Unsupported mime video/divx
07-06 17:34:27.940 13547 13607 I RCTVR_HERMES: [info]: Library entitlements cache was missed.
07-06 17:34:27.940 13547 13607 I JniUtils: Using caller's JNIEnv
07-06 17:34:27.944 13547 13601 W VideoCapabilities: Unsupported mime video/divx311
07-06 17:34:27.953 13547 13601 W VideoCapabilities: Unsupported mime video/divx4
07-06 17:34:27.967 1077 1228 E TaskPersister: File error accessing recents directory (directory doesn't exist?).
07-06 17:34:27.971 13547 13588 E MobileConfigClient: exception decoding config values
07-06 17:34:27.971 13547 13588 E MobileConfigClient: org.json.JSONException: No value for query_hash
07-06 17:34:27.971 13547 13588 E MobileConfigClient: at org.json.JSONObject.get(JSONObject.java:389)
07-06 17:34:27.971 13547 13588 E MobileConfigClient: at org.json.JSONObject.getString(JSONObject.java:550)
07-06 17:34:27.971 13547 13588 E MobileConfigClient: at com.oculus.mobileconfigclient.MobileConfigClient.getMobileConfigResponse(MobileConfigClient.java:728)
07-06 17:34:27.971 13547 13588 E MobileConfigClient: at com.oculus.mobileconfigclient.MobileConfigClient.getMobileConfigValueFromJson(MobileConfigClient.java:702)
07-06 17:34:27.971 13547 13588 E MobileConfigClient: at com.oculus.mobileconfigclient.MobileConfigClient.decodeResultAndPopulateMCMap(MobileConfigClient.java:630)
07-06 17:34:27.971 13547 13588 E MobileConfigClient: at com.oculus.mobileconfigclient.MobileConfigClient.updateMCsAndHandleResult(MobileConfigClient.java:584)
07-06 17:34:27.971 13547 13588 E MobileConfigClient: at com.oculus.mobileconfigclient.MobileConfigClient.updateMCsImpl(MobileConfigClient.java:128)
07-06 17:34:27.971 13547 13588 E MobileConfigClient: at com.oculus.modules.MobileConfigModuleImpl.initializeImpl(MobileConfigModuleImpl.java:44)
07-06 17:34:27.971 13547 13588 E MobileConfigClient: at com.oculus.modules.codegen.MobileConfigModule.initialize(MobileConfigModule.java:90)
07-06 17:34:27.971 13547 13588 E MobileConfigClient: exception decoding config combined values
07-06 17:34:27.971 13547 13588 E MobileConfigClient: org.json.JSONException: No value for sessionless
07-06 17:34:27.971 13547 13588 E MobileConfigClient: at org.json.JSONObject.get(JSONObject.java:389)
07-06 17:34:27.971 13547 13588 E MobileConfigClient: at org.json.JSONObject.getJSONObject(JSONObject.java:609)
07-06 17:34:27.971 13547 13588 E MobileConfigClient: at com.oculus.mobileconfigclient.MobileConfigClient.getMobileConfigValueFromJson(MobileConfigClient.java:704)
07-06 17:34:27.971 13547 13588 E MobileConfigClient: at com.oculus.mobileconfigclient.MobileConfigClient.decodeResultAndPopulateMCMap(MobileConfigClient.java:630)
07-06 17:34:27.971 13547 13588 E MobileConfigClient: at com.oculus.mobileconfigclient.MobileConfigClient.updateMCsAndHandleResult(MobileConfigClient.java:584)
07-06 17:34:27.971 13547 13588 E MobileConfigClient: at com.oculus.mobileconfigclient.MobileConfigClient.updateMCsImpl(MobileConfigClient.java:128)
07-06 17:34:27.971 13547 13588 E MobileConfigClient: at com.oculus.modules.MobileConfigModuleImpl.initializeImpl(MobileConfigModuleImpl.java:44)
07-06 17:34:27.971 13547 13588 E MobileConfigClient: at com.oculus.modules.codegen.MobileConfigModule.initialize(MobileConfigModule.java:90)
07-06 17:34:27.974 13547 13588 I RCTVRNET: Network data cache path: /data/user/0/com.oculus.vrshell.home/cache
07-06 17:34:27.975 13547 13621 I OVR_MemBuffer: Couldn't open assets/src/ocicon/assets/oc_icon_home_filled_48_dadada.png: No such file or directory
07-06 17:34:27.975 13547 13588 I RvrPnl : FPS=2.21904e-05/48.6734/48.6734, MSPF=45064.5/20.5451/20.5451, MEMALLOC=10.7569
07-06 17:34:27.981 13547 13588 I RCTVR : Marker tti_explore_react_root: duration=9.044478ms start=90129038.5144429952 end=90129047.5589209944
07-06 17:34:27.982 13547 13588 I RCTVR : Marker tti_router_app_initializing: duration=9.189895ms start=90129038.5273600072 end=90129047.7172549963
07-06 17:34:27.982 13547 13588 I RCTVR : Marker tti_home_where_to_go: duration=9.215728ms start=90129038.543817997 end=90129047.7595459968
07-06 17:34:27.984 1846 1926 I [OAR] PanelAppAnalytics: First frame latency: 0.658 for id 60 com.oculus.vrshell.home/com.oculus.vrshell.home.ExploreService
07-06 17:34:27.985 1846 1926 I [OAR] PanelRenderLayer: New SurfaceLayer 1328 x 528 (shape: 2)
07-06 17:34:27.985 2188 10928 I VrRuntimeService: nativeCreateTextureSwapChain api:gles 0 0x8c43 1328 528 11 3 1 0 0
07-06 17:34:27.987 2188 10928 I VrRuntimeServer: CreateTextureSwapChain: result importswapchaingles 1
07-06 17:34:28.002 13547 13601 W VideoCapabilities: Unsupported mime video/mp4v-esdp
07-06 17:34:28.011 1934 10930 D [SUI] LibraryFetcher: Successfully fetched unknown sources
07-06 17:34:28.017 13547 13588 D SettingsManagerModuleImpl: Got int value 0 for key "font_size"
07-06 17:34:28.017 13547 13588 D SettingsManagerModuleImpl: Registering observer for key "font_size"
07-06 17:34:28.031 13547 13588 I OVRPlatform: [capi] ovr_Voip_GetSystemVoipMicrophoneMuted: caught an OVRPlatformException: Context::Get: Called before context was initialized
07-06 17:34:28.032 13547 13607 W RCTVR_HERMES: [warn]: 'Home', [ 'Failed to get the system VOIP microphone mute state!',
07-06 17:34:28.032 13547 13607 W RCTVR_HERMES: { message: 'Error getting microphone state' } ]
07-06 17:34:28.039 13547 13588 D QuickPromotionModule: Initialized and enabled.
07-06 17:34:28.061 13547 13607 I RCTVR_HERMES: [info]: QuickExperiments loaded native cached QEs.
07-06 17:34:28.061 13547 13607 I RCTVR_HERMES: [info]: Overrides: [object Object]
07-06 17:34:28.075 13547 13601 I VideoCapabilities: Unsupported profile 4 for video/mp4v-es
07-06 17:34:28.075 13547 13607 I JniUtils: Using caller's JNIEnv
07-06 17:34:28.076 13547 13607 I RCTVR_HERMES: [info]: GraphQL native prefetch is enabled
07-06 17:34:28.076 13547 13607 I RCTVR_HERMES: [info]: GraphQL disk cache is enabled
07-06 17:34:28.085 13547 13588 D OculusLogger: reportQuickExperimentExposure(sessionless__oculus_mobile_explore_prefetching, test, 105336190730996)
07-06 17:34:28.086 13547 13588 I GraphQLPrefetch: Pushing prefetch responses
07-06 17:34:28.086 13547 13588 D OculusLogger: reportQuickExperimentExposure(sessionless__oculus_store_landing_disk_cache, test_from_feed, 105336190730996)
07-06 17:34:28.091 13547 13601 I org.webrtc.Logging: MediaCodecVideoEncoder: Found target encoder for mime video/x-vnd.on2.vp8 : OMX.qcom.video.encoder.vp8. Color: 0x15
07-06 17:34:28.091 13547 13601 W VideoCapabilities: Unrecognized profile 2130706433 for video/avc
07-06 17:34:28.091 13547 13601 W VideoCapabilities: Unrecognized profile 2130706434 for video/avc
07-06 17:34:28.092 13547 13601 I org.webrtc.Logging: MediaCodecVideoEncoder: Found target encoder for mime video/avc : OMX.qcom.video.encoder.avc. Color: 0x15
07-06 17:34:28.094 13547 13601 I org.webrtc.Logging: MediaCodecVideoDecoder: Trying to find HW decoder for mime video/x-vnd.on2.vp8
07-06 17:34:28.094 13547 13607 I ReactNativeExecutorHermes: Timestamp- markerPoint: 90129159
07-06 17:34:28.094 13547 13601 I org.webrtc.Logging: MediaCodecVideoDecoder: Found candidate decoder OMX.qcom.video.decoder.vp8
07-06 17:34:28.094 13547 13601 I org.webrtc.Logging: MediaCodecVideoDecoder: Found target decoder OMX.qcom.video.decoder.vp8. Color: 0x13
07-06 17:34:28.094 13547 13601 I org.webrtc.Logging: MediaCodecVideoDecoder: Trying to find HW decoder for mime video/x-vnd.on2.vp9
07-06 17:34:28.095 13547 13607 W RCTVR_HERMES: [warn]: QEData empty or corrupt for sessionless__oculus_horizon_party_live_streaming_universe
07-06 17:34:28.095 13547 13601 I org.webrtc.Logging: MediaCodecVideoDecoder: Found candidate decoder OMX.qcom.video.decoder.vp9
07-06 17:34:28.095 13547 13601 I org.webrtc.Logging: MediaCodecVideoDecoder: Found target decoder OMX.qcom.video.decoder.vp9. Color: 0x13
07-06 17:34:28.095 13547 13601 I org.webrtc.Logging: MediaCodecVideoDecoder: Trying to find HW decoder for mime video/avc
07-06 17:34:28.095 13547 13601 I org.webrtc.Logging: MediaCodecVideoDecoder: Found candidate decoder OMX.qcom.video.decoder.avc
07-06 17:34:28.095 13547 13601 W VideoCapabilities: Unrecognized profile 2130706433 for video/avc
07-06 17:34:28.095 13547 13601 W VideoCapabilities: Unrecognized profile 2130706434 for video/avc
07-06 17:34:28.096 13547 13601 I org.webrtc.Logging: MediaCodecVideoDecoder: Found target decoder OMX.qcom.video.decoder.avc. Color: 0x13
07-06 17:34:28.098 13547 13588 D QuickPromotionModule: Set access token.
07-06 17:34:28.102 13547 13591 I OVRPlatform: [RequestStopwatch] AndroidPlatformIntegration-Constructor took 395.0790 milliseconds
07-06 17:34:28.110 13547 13588 I RCTVR : RCTEnvironment
07-06 17:34:28.113 13547 13588 I RCTVR : Marker tti_router_app: duration=2.575104ms start=90129176.4039079994 end=90129178.9790119976
07-06 17:34:28.113 13547 13588 I RCTVR : env default
07-06 17:34:28.122 1846 1926 I [OAR] PanelAppHost: Setting panel layer visibility of layer "#main" to invisible
07-06 17:34:28.140 13547 13607 I ReactNativeExecutorHermes: Timestamp- markerPoint: 90129206
07-06 17:34:28.141 13547 13588 D OculusLogger: reportQuickExperimentExposure(sessionless__oculus_feed_agency_and_personalization_v2_universe, control, 105336190730996)
07-06 17:34:28.141 13547 13588 D OculusLogger: reportQuickExperimentExposure(sessionless__oculus_explore_preference_customization, test, 105336190730996)
07-06 17:34:28.141 13547 13588 D OculusLogger: reportQuickExperimentExposure(sessionless__oculus_feed_agency_and_personalization_v2_universe, control, 105336190730996)
07-06 17:34:28.141 13547 13588 D QuickPromotionModule: Enable surface #5628.
07-06 17:34:28.141 13547 13588 D QuickPromotionModule: Signal trigger 'oc_route_change'.
07-06 17:34:28.142 13547 13588 D OculusLogger: reportQuickExperimentExposure(sessionless__oculus_mobile_explore_prefetching, test, 105336190730996)
07-06 17:34:28.144 13547 13591 I OVRPlatform: [AndroidPlatformIntegration] Creating shared mic
07-06 17:34:28.145 13547 13591 I libjingle: [000:000] [13591] (WebRtcPeerConnectionFactory.cpp:119): WebRtcPeerConnectionFactory::WebRtcPeerConnectionFactory
07-06 17:34:28.148 13547 13637 I libjingle: [000:003] [13637] (WebRtcPeerConnectionFactory.cpp:98): SetThreadCPUAffinity failed for thread 0, cpu mask 15 err=Invalid argument 22
07-06 17:34:28.148 13547 13638 I libjingle: [000:004] [13638] (WebRtcPeerConnectionFactory.cpp:98): SetThreadCPUAffinity failed for thread 0, cpu mask 15 err=Invalid argument 22
07-06 17:34:28.149 13547 13591 I libjingle: [000:004] [13591] (WebRtcPeerConnectionFactory.cpp:164): WebRtcPeerConnectionFactory::WebRtcPeerConnectionFactory enc 0xd4ff1518 dec 0xcc0648e8
07-06 17:34:28.149 13547 13638 D JVM : AttachCurrentThreadIfNeeded::ctor@[tid=13638]
07-06 17:34:28.149 13547 13638 D JVM : Attaching thread to JVM
07-06 17:34:28.149 13547 13638 D JVM : JVM::environment@[tid=13638]
07-06 17:34:28.149 13547 13638 D JVM : JNIEnvironment::ctor@[tid=13638]
07-06 17:34:28.149 13547 13638 D AudioManager: ctor@[tid=13638]
07-06 17:34:28.149 13547 13638 D JVM : JNIEnvironment::RegisterNatives(org/webrtc/voiceengine/WebRtcAudioManager)
07-06 17:34:28.149 13547 13638 D JVM : NativeRegistration::ctor@[tid=13638]
07-06 17:34:28.149 13547 13638 D JVM : NativeRegistration::NewObject@[tid=13638]
07-06 17:34:28.150 13547 13638 I org.webrtc.Logging: WebRtcAudioManager: ctor@[name=Thread-9, id=294]
07-06 17:34:28.151 13547 13638 I org.webrtc.Logging: WebRtcAudioManager: Sample rate is set to 48000 Hz
07-06 17:34:28.166 13547 13638 I org.webrtc.Logging: WebRtcAudioEffects: canUseAcousticEchoCanceler: true
07-06 17:34:28.168 13547 13588 D OculusLogger: reportQuickExperimentExposure(sessionless__oculus_feed_agency_and_personalization_v2_universe, control, 105336190730996)
07-06 17:34:28.170 13547 13638 I org.webrtc.Logging: WebRtcAudioEffects: canUseAutomaticGainControl: false
07-06 17:34:28.179 13547 13588 D OculusLogger: reportQuickExperimentExposure(sessionless__oculus_feed_agency_and_personalization_v2_universe, control, 105336190730996)
07-06 17:34:28.190 13547 13638 I org.webrtc.Logging: WebRtcAudioEffects: canUseNoiseSuppressor: true
07-06 17:34:28.191 1934 1934 I AndroidPanelApp: Turning on layer visibility for layer #main.
07-06 17:34:28.191 1934 1934 I AndroidPanelApp: Turning on layer visibility for layer tablet.
07-06 17:34:28.192 13547 13607 I RCTVR_HERMES: [info]: Got available data for docid=2730171627063766 from native prefetch
07-06 17:34:28.192 13547 13638 D AudioManager: OnCacheAudioParameters@[tid=13638]
07-06 17:34:28.192 13547 13638 D AudioManager: hardware_aec: 1
07-06 17:34:28.192 13547 13638 D AudioManager: hardware_agc: 0
07-06 17:34:28.192 13547 13638 D AudioManager: hardware_ns: 1
