07-06 17:34:28.192 13547 13638 D AudioManager: low_latency_output: 1
07-06 17:34:28.192 13547 13638 D AudioManager: sample_rate: 48000
07-06 17:34:28.192 13547 13638 D AudioManager: channels: 1
07-06 17:34:28.192 13547 13638 D AudioManager: output_buffer_size: 192
07-06 17:34:28.192 13547 13638 D AudioManager: input_buffer_size: 1920
07-06 17:34:28.192 13547 13607 I RCTVR_HERMES: [info]: Got available data for docid=2886345294781084 from native prefetch
07-06 17:34:28.192 13547 13638 D JVM : GlobalRef::ctor@[tid=13638]
07-06 17:34:28.193 13547 13638 D AudioManager: JavaAudioManager::ctor@[tid=13638]
07-06 17:34:28.193 13547 13638 D JVM : AttachCurrentThreadIfNeeded::ctor@[tid=13638]
07-06 17:34:28.193 13547 13638 D JVM : JVM::environment@[tid=13638]
07-06 17:34:28.193 13547 13638 D JVM : JNIEnvironment::ctor@[tid=13638]
07-06 17:34:28.193 13547 13638 D AudioTrackJni: ctor@[tid=13638]
07-06 17:34:28.193 13547 13638 D JVM : JNIEnvironment::RegisterNatives(org/webrtc/voiceengine/WebRtcAudioTrack)
07-06 17:34:28.193 13547 13638 D JVM : NativeRegistration::ctor@[tid=13638]
07-06 17:34:28.193 13547 13638 D JVM : NativeRegistration::NewObject@[tid=13638]
07-06 17:34:28.193 13547 13638 I org.webrtc.Logging: WebRtcAudioTrack: ctor@[name=Thread-9, id=294]
07-06 17:34:28.193 13547 13638 D JVM : GlobalRef::ctor@[tid=13638]
07-06 17:34:28.193 13547 13638 D AudioManager: SetActiveAudioLayer(5)@[tid=13638]
07-06 17:34:28.193 13547 13638 D AudioManager: delay_estimate_in_milliseconds: 150
07-06 17:34:28.193 13547 13638 D AudioTrackJni: AttachAudioBuffer@[tid=13638]
07-06 17:34:28.193 13547 13638 D AudioTrackJni: SetPlayoutSampleRate(48000)
07-06 17:34:28.193 13547 13638 D AudioTrackJni: SetPlayoutChannels(1)
07-06 17:34:28.193 13547 13638 I libjingle: [000:048] [13638] (AudioRecordWrapper.cpp:53): Attached an audio buffer to AudioRecordWrapper
07-06 17:34:28.193 13547 13617 I RCTVRNET: Request complete: time=339 name=unknown docid= traceid=HyW0CbVDu9u code=200
07-06 17:34:28.195 13547 13617 I RCTVRNET: Request complete: time=302 name=unknown docid= traceid=BvERTtAslNu code=200
07-06 17:34:28.195 13547 13638 I libjingle: [000:051] [13638] (webrtcvoiceengine.cc:246): WebRtc VoiceEngine codecs:
07-06 17:34:28.195 13547 13638 I libjingle: [000:051] [13638] (webrtcvoiceengine.cc:273): ISAC/16000/1 (103)
07-06 17:34:28.195 13547 13638 I libjingle: [000:051] [13638] (webrtcvoiceengine.cc:273): PCMU/8000/1 (0)
07-06 17:34:28.195 13547 13638 I libjingle: [000:051] [13638] (webrtcvoiceengine.cc:273): PCMA/8000/1 (8)
07-06 17:34:28.195 13547 13638 W libjingle: [000:051] [13638] (webrtcvoiceengine.cc:297): Unexpected codec: PCMU/8000/2 (110)
07-06 17:34:28.195 13547 13638 W libjingle: [000:051] [13638] (webrtcvoiceengine.cc:297): Unexpected codec: PCMA/8000/2 (118)
07-06 17:34:28.195 13547 13638 I libjingle: [000:051] [13638] (webrtcvoiceengine.cc:273): ILBC/8000/1 (102)
07-06 17:34:28.195 13547 13638 I libjingle: [000:051] [13638] (webrtcvoiceengine.cc:273): G722/8000/1 (9)
07-06 17:34:28.195 13547 13638 W libjingle: [000:051] [13638] (webrtcvoiceengine.cc:297): Unexpected codec: G722/8000/2 (119)
07-06 17:34:28.195 13547 13638 I libjingle: [000:051] [13638] (webrtcvoiceengine.cc:273): opus/48000/2 (111)
07-06 17:34:28.195 13547 13638 I libjingle: [000:051] [13638] (webrtcvoiceengine.cc:273): CN/8000/1 (13)
07-06 17:34:28.195 13547 13638 I libjingle: [000:051] [13638] (webrtcvoiceengine.cc:273): CN/16000/1 (105)
07-06 17:34:28.195 13547 13638 I libjingle: [000:051] [13638] (webrtcvoiceengine.cc:273): CN/32000/1 (106)
07-06 17:34:28.195 13547 13638 I libjingle: [000:051] [13638] (webrtcvoiceengine.cc:273): telephone-event/8000/1 (126)
07-06 17:34:28.195 13547 13638 I libjingle: [000:051] [13638] (webrtcvoiceengine.cc:273): red/8000/1 (127)
07-06 17:34:28.195 13547 13638 I libjingle: [000:051] [13638] (webrtcvideoengine2.cc:497): WebRtcVideoEngine2::WebRtcVideoEngine2()
07-06 17:34:28.196 13547 13638 I libjingle: [000:052] [13638] (webrtcvoiceengine.cc:551): WebRtcVoiceEngine::Init
07-06 17:34:28.196 13547 13638 I libjingle: [000:052] [13638] (webrtcvoiceengine.cc:575): VoiceEngine 4.1.0
07-06 17:34:28.196 13547 13638 I libjingle: [000:052] [13638] (voe_base_impl.cc:244): Init: An external ADM implementation will be used in VoiceEngine
07-06 17:34:28.196 13547 13638 D AudioManager: Init@[tid=13638]
07-06 17:34:28.196 13547 13638 I org.webrtc.Logging: WebRtcAudioManager: init@[name=Thread-9, id=294]
07-06 17:34:28.201 13547 13638 I org.webrtc.Logging: WebRtcAudioManager: audio mode is: MODE_NORMAL
07-06 17:34:28.201 13547 13638 D AudioTrackJni: Init@[tid=13638]
07-06 17:34:28.201 13547 13638 I libjingle: [000:056] [13638] (webrtcvoiceengine.cc:1066): webrtc: output: available=0
07-06 17:34:28.201 13547 13638 E libjingle: [000:056] [13638] (webrtcvoiceengine.cc:1066): webrtc: stereo playout is not supported
07-06 17:34:28.201 13547 13638 W libjingle: [000:056] [13638] (webrtcvoiceengine.cc:1066): webrtc: Init() failed to set mono/stereo playout mode (error=8090)
07-06 17:34:28.201 13547 13638 I libjingle: [000:056] [13638] (webrtcvoiceengine.cc:1066): webrtc: output: available=0
07-06 17:34:28.201 13547 13638 E libjingle: [000:056] [13638] (webrtcvoiceengine.cc:1066): webrtc: recording in stereo is not supported
07-06 17:34:28.201 13547 13638 W libjingle: [000:056] [13638] (webrtcvoiceengine.cc:1066): webrtc: Init() failed to set mono/stereo recording mode (error=8090)
07-06 17:34:28.201 13547 13638 I libjingle: [000:056] [13638] (webrtcvoiceengine.cc:1066): webrtc: TransmitMixer::SetAudioProcessingModule(audioProcessingModule=0xcb251c00)
07-06 17:34:28.201 13547 13638 I libjingle: [000:056] [13638] (webrtcvoiceengine.cc:1066): webrtc: OutputMixer::SetAudioProcessingModule(audioProcessingModule=0xcb251c00)
07-06 17:34:28.201 13547 13638 E libjingle: [000:056] [13638] (voe_base_impl.cc:371): Init: Failed to set agc to enabled: 0
07-06 17:34:28.201 13547 13638 I libjingle: [000:056] [13638] (webrtcvoiceengine.cc:648): ApplyOptions: AudioOptions {aec: true, agc: true, ns: true, hf: true, swap: false, audio_jitter_buffer_max_packets: 50, audio_jitter_buffer_fast_accelerate: false, typing: true, agc_delta: 0, experimental_agc: false, extended_filter_aec: false, delay_agnostic_aec: false, experimental_ns: false, }
07-06 17:34:28.201 13547 13638 I OVRPlatform: [SharedMicrophoneAudioRecord] EnableBuiltInEffect(): called to enable effect 0
07-06 17:34:28.201 13547 13638 I libjingle: [000:057] [13638] (webrtcvoiceengine.cc:722): Disabling EC since built-in EC will be used instead
07-06 17:34:28.201 13547 13638 I libjingle: [000:057] [13638] (webrtcvoiceengine.cc:729): Echo control set to 0 with mode 4
07-06 17:34:28.201 13547 13638 I libjingle: [000:057] [13638] (webrtcvoiceengine.cc:764): Auto gain set to 0 with mode 4
07-06 17:34:28.201 13547 13638 I OVRPlatform: [SharedMicrophoneAudioRecord] EnableBuiltInEffect(): called to enable effect 2
07-06 17:34:28.201 13547 13638 I libjingle: [000:057] [13638] (webrtcvoiceengine.cc:804): Disabling NS since built-in NS will be used instead
07-06 17:34:28.201 13547 13638 I libjingle: [000:057] [13638] (webrtcvoiceengine.cc:811): Noise suppression set to 0 with mode 5
07-06 17:34:28.201 13547 13638 I libjingle: [000:057] [13638] (webrtcvoiceengine.cc:817): High pass filter enabled? 0
07-06 17:34:28.201 13547 13638 I libjingle: [000:057] [13638] (webrtcvoiceengine.cc:825): Stereo swapping enabled? 0
07-06 17:34:28.201 13547 13638 I libjingle: [000:057] [13638] (webrtcvoiceengine.cc:834): NetEq capacity is 50
07-06 17:34:28.201 13547 13638 I libjingle: [000:057] [13638] (webrtcvoiceengine.cc:842): NetEq fast mode? 0
07-06 17:34:28.201 13547 13638 I libjingle: [000:057] [13638] (webrtcvoiceengine.cc:850): Typing detection is enabled? 0
07-06 17:34:28.201 13547 13638 E libjingle: [000:057] [13638] (voe_audio_processing_impl.cc:955): SetTypingDetectionStatus: not supported
07-06 17:34:28.201 13547 13638 W libjingle: [000:057] [13638] (webrtcvoiceengine.cc:854): SetTypingDetectionStatus(0) failed, err=8003
07-06 17:34:28.201 13547 13638 I libjingle: [000:057] [13638] (webrtcvoiceengine.cc:859): Adjust agc delta is 0
07-06 17:34:28.201 13547 13638 I libjingle: [000:057] [13638] (webrtcvoiceengine.cc:1091): Adjusting AGC level from default -3dB to -3dB
07-06 17:34:28.201 13547 13638 I libjingle: [000:057] [13638] (webrtcvoiceengine.cc:870): Delay agnostic aec is enabled? 0
07-06 17:34:28.201 13547 13638 I libjingle: [000:057] [13638] (webrtcvoiceengine.cc:879): Extended filter aec is enabled? 0
07-06 17:34:28.201 13547 13638 I libjingle: [000:057] [13638] (webrtcvoiceengine.cc:888): Experimental ns is enabled? 0
07-06 17:34:28.201 13547 13638 I libjingle: [000:057] [13638] (webrtcvoiceengine.cc:611): WebRtc VoiceEngine codecs:
07-06 17:34:28.201 13547 13638 I libjingle: [000:057] [13638] (webrtcvoiceengine.cc:613): opus/48000/2 (111)
07-06 17:34:28.201 13547 13638 I libjingle: [000:057] [13638] (webrtcvoiceengine.cc:613): ISAC/16000/1 (103)
07-06 17:34:28.201 13547 13638 I libjingle: [000:057] [13638] (webrtcvoiceengine.cc:613): G722/8000/1 (9)
07-06 17:34:28.201 13547 13638 I libjingle: [000:057] [13638] (webrtcvoiceengine.cc:613): ILBC/8000/1 (102)
07-06 17:34:28.201 13547 13638 I libjingle: [000:057] [13638] (webrtcvoiceengine.cc:613): PCMU/8000/1 (0)
07-06 17:34:28.201 13547 13638 I libjingle: [000:057] [13638] (webrtcvoiceengine.cc:613): PCMA/8000/1 (8)
07-06 17:34:28.201 13547 13638 I libjingle: [000:057] [13638] (webrtcvoiceengine.cc:613): CN/32000/1 (106)
07-06 17:34:28.201 13547 13638 I libjingle: [000:057] [13638] (webrtcvoiceengine.cc:613): CN/16000/1 (105)
07-06 17:34:28.201 13547 13638 I libjingle: [000:057] [13638] (webrtcvoiceengine.cc:613): CN/8000/1 (13)
07-06 17:34:28.201 13547 13638 I libjingle: [000:057] [13638] (webrtcvoiceengine.cc:613): red/8000/1 (127)
07-06 17:34:28.201 13547 13638 I libjingle: [000:057] [13638] (webrtcvoiceengine.cc:613): telephone-event/8000/1 (126)
07-06 17:34:28.201 13547 13638 I libjingle: [000:057] [13638] (webrtcvoiceengine.cc:961): Setting microphone to (id=0) and speaker to (id=0)
07-06 17:34:28.201 13547 13638 W libjingle: [000:057] [13638] (webrtcvoiceengine.cc:1066): webrtc: SetRecordingChannel() unable to set the recording channel (error=10028)
07-06 17:34:28.201 13547 13638 E libjingle: [000:057] [13638] (webrtcvoiceengine.cc:1066): webrtc: recording in stereo is not supported
07-06 17:34:28.201 13547 13638 W libjingle: [000:057] [13638] (webrtcvoiceengine.cc:1066): webrtc: SetRecordingDevice() failed to set mono recording mode (error=8090)
07-06 17:34:28.201 13547 13638 E libjingle: [000:057] [13638] (webrtcvoiceengine.cc:1066): webrtc: stereo playout is not supported
07-06 17:34:28.201 13547 13638 W libjingle: [000:057] [13638] (webrtcvoiceengine.cc:1066): webrtc: SetPlayoutDevice() failed to set stereo playout mode (error=8090)
07-06 17:34:28.201 13547 13638 I libjingle: [000:057] [13638] (webrtcvoiceengine.cc:981): Set microphone to (id=0) and speaker to (id=0)
07-06 17:34:28.201 13547 13638 I libjingle: [000:057] [13638] (webrtcvoiceengine.cc:554): WebRtcVoiceEngine::Init Done!
07-06 17:34:28.201 13547 13638 I libjingle: [000:057] [13638] (webrtcvideoengine2.cc:506): WebRtcVideoEngine2::Init
07-06 17:34:28.202 13547 13638 I libjingle: [000:058] [13638] (dtlsidentitystore.cc:53): Generating identity, using keytype 0
07-06 17:34:28.202 13547 13638 I libjingle: [000:058] [13638] (opensslidentity.cc:41): Making key pair
07-06 17:34:28.207 13547 13588 D QuickPromotionModule: Enable surface #5643.
07-06 17:34:28.207 13547 13588 D QuickPromotionModule: Enable surface #5259.
07-06 17:34:28.208 13547 13621 I OVR_MemBuffer: Couldn't open assets/src/ocui/assets/default_profile.png: No such file or directory
07-06 17:34:28.212 1934 1934 I AndroidPanelApp: Turning on layer visibility for layer tabletNav.
07-06 17:34:28.213 13547 13623 I OVR_MemBuffer: Couldn't open assets/oculus-apps-native/VrShell/Home/assets/icons/settings_32x32.ktx: No such file or directory
07-06 17:34:28.214 13547 13623 I OVR_MemBuffer: Couldn't open assets/src/ocicon/assets/oc_icon_category_basic_filled_24_dadada.png: No such file or directory
07-06 17:34:28.214 13547 13623 I OVR_MemBuffer: Couldn't open assets/src/ocicon/assets/oc_icon_search_filled_24_dadada.png: No such file or directory
07-06 17:34:28.215 1934 1934 I AndroidPanelApp: Turning on layer visibility for layer tabletContent.
07-06 17:34:28.215 1934 10931 D [SUI] ThreadExecutor: Executing com.oculus.panelapp.anytimeui.-$$Lambda$AnytimeUIAndroidPanelAppBase$zJsBYZQ1YWHLGWqLN2732mt3Ldo@593a6d1
07-06 17:34:28.218 13547 13588 I RCTVR : Marker tti_explore_panel_contents: duration=10.470936ms start=90129273.3022319973 end=90129283.7731679976
07-06 17:34:28.218 13547 13588 I RCTVR : Marker tti_explore_panel: duration=9.826874ms start=90129274.1503569931 end=90129283.9772309959
07-06 17:34:28.218 13547 13588 I RCTVR : Allocated offscreen texture 11, size 792x64
07-06 17:34:28.220 1846 1926 I [OAR] PanelAppHost: Setting panel layer visibility of layer "#main" to visible
07-06 17:34:28.220 1846 1926 I [OAR] PanelAppHost: Setting panel layer visibility of layer "tablet" to visible
07-06 17:34:28.230 13547 13617 I RCTVRNET: Request complete: time=114 name=unknown docid=2464161093633584 traceid=H2VgC7zp2WZ code=200
07-06 17:34:28.234 1846 1926 I [OAR] PanelAppHost: Setting panel layer visibility of layer "#main" to visible
07-06 17:34:28.238 13547 13588 D QuickPromotionModule: Signal trigger 'app_foreground'.
07-06 17:34:28.239 724 11498 D TrackingService: [HANDTRACKING] Controller ef96ba248b9c7a8 in hand: N, valid: Y
07-06 17:34:28.243 2256 2330 I VrGuardianService: GuardianSDKServer::SetGuardianCanPaint
07-06 17:34:28.255 13547 13617 I RCTVRNET: Request complete: time=316 name=unknown docid= traceid=Dib2FNQPCYn code=200
07-06 17:34:28.260 2188 12779 I SwapChain_GLES: AttachSurfaceSwapChainGLES: 0x7f5d9ae000 attached on init
07-06 17:34:28.274 1934 1934 D [SUI] LibraryView: Scroll to position: 3
07-06 17:34:28.275 1846 1926 I [OAR] PanelAppHost: Setting panel layer visibility of layer "tabletNav" to visible
07-06 17:34:28.275 1846 1926 I [OAR] PanelAppHost: Setting panel layer visibility of layer "tabletContent" to visible
07-06 17:34:28.277 724 12767 I [CT] : VIPER:MAP_MANAGER: State: TRACKING_PERSISTENT, UUID=2320fadd-c271-402f-8822-12d9ff9fd33b, Num. Persistent maps = 3, Persistent maps:2320fadd-c271-402f-8822-12d9ff9fd33b,46248a64-1f34-48bf-839e-600215008130,fb6d82f8-c428-4238-ac2c-937dac7eda16,, Ser. Disabled = 00000000-0000-0000-0000-000000000000
07-06 17:34:28.277 13547 13588 D SettingsManagerModuleImpl: Got boolean value false for key "hand_tracking_opt_in"
07-06 17:34:28.328 13547 13617 I RCTVRNET: Request complete: time=134 name=unknown docid=2505891649502893 traceid=DzlWMHhgdP0 code=200
07-06 17:34:28.349 1846 1926 I TrackingServiceClient: setting complex haptics, but not yet connected to socket, open connection...
07-06 17:34:28.350 724 10938 I TrackingService: virtual android::binder::Status OVR::OS::Tracking::TrackingService::getTrackingSocketFileDescriptor(android::os::ParcelFileDescriptor *)
07-06 17:34:28.350 724 10938 D TrackingService: haptic socket already exists
07-06 17:34:28.363 13547 13638 I libjingle: [000:219] [13638] (opensslidentity.cc:82): Returning key pair
07-06 17:34:28.364 13547 13638 I libjingle: [000:219] [13638] (opensslidentity.cc:89): Making certificate for WebRTC
07-06 17:34:28.365 13547 13638 I libjingle: [000:221] [13638] (opensslidentity.cc:137): Returning certificate
07-06 17:34:28.367 13547 13591 I OVRPlatform: [AndroidPlatformIntegration] Cached SystemVoipState wasn't set, explicitly requesting
07-06 17:34:28.368 13547 13591 I OVRPlatform: [RequestStopwatch] AndroidFinishInitialization took 661.7810 milliseconds
07-06 17:34:28.368 13547 13591 I OVRPlatform: [RequestStopwatch] AndroidAsyncInitRequest took 662.1690 milliseconds
07-06 17:34:28.382 724 11449 I [CT] : boltlib: DSP utilization(%): 15
07-06 17:34:28.399 1801 14119 I OVRPlatform: [PartiesAPI] ovr_Party_PluginGetSharedMemHandle: This function is deprecated, do not use
07-06 17:34:28.400 13547 13590 I OVRPlatform: [P2PNetworkTransport] SystemVoip state changed, updating mute
07-06 17:34:28.487 1846 13544 I Telemetry: App memory usage: PSS=324MB DalvikPSS=1 MB
07-06 17:34:28.490 1846 13544 I VrApi : FPS=2,Prd=0ms,Tear=1,Early=12,Stale=56,VSnc=1,Lat=1,Fov=0,CPU4/GPU=4/4,2304/670MHz,OC=FF,TA=0/0/0,SP=N/N/N,Mem=1804MHz,Free=1415MB,PSM=0,PLS=0,Temp=27.0C/0.0C,TW=2.15ms,App=5.21ms,GD=0.59ms,CPU&GPU=40.23ms,LCnt=1,GPU%=0.44,CPU%=0.59(W0.68),DSF=1.00
07-06 17:34:28.499 1801 1811 I art : Background partial concurrent mark sweep GC freed 27655(2MB) AllocSpace objects, 5(100KB) LOS objects, 39% free, 4MB/7MB, paused 5.902ms total 126.197ms
07-06 17:34:28.555 1801 29352 I ExternalPlatformNetwork: access token acquired for pkg 'com.oculus.vrshell.home'
07-06 17:34:28.562 13547 13592 I OVRPlatform: [RequestStopwatch] AccessTokenRequest took 194.5790 milliseconds
07-06 17:34:28.570 13547 13588 I OCPlatformModule: timestamp accessTokenRequestID
07-06 17:34:28.570 13547 13588 I RCTVR : Marker access_token_request_start: duration=442.379782ms start=90128330 end=90128772.3797820061
07-06 17:34:28.570 13547 13588 I RCTVR : Marker access_token_request_end: duration=1306.384383ms start=90128330 end=90129636.384382993
07-06 17:34:28.572 13547 13588 I AccessTokenForwarderModule: Forwarding token
07-06 17:34:28.572 13547 13588 D AccessTokenForwarder: Get access token
07-06 17:34:28.584 13547 13588 I HomeApplication: onAccessToken
07-06 17:34:28.588 13547 13617 I RCTVRNET: Request complete: time=249 name=unknown docid=2601879749832318 traceid=Gw/0z5F+WnJ code=200
07-06 17:34:28.619 13547 13617 I RCTVRNET: Request complete: time=423 name=unknown docid=2957482327692827 traceid=CWhFXLV8Sxu code=200
07-06 17:34:28.625 13547 13588 D OculusLogger: reportQuickExperimentExposure(sessionless__oculus_friend_widget_poll_universe, control, 105336190730996)
07-06 17:34:28.639 13547 13588 D QuickPromotionModule: Enable surface #5628.
07-06 17:34:28.640 13547 13588 D QuickPromotionModule: Signal trigger 'oc_route_change'.
07-06 17:34:28.667 13547 13588 D OculusLogger: reportQuickExperimentExposure(sessionless__oculus_feed_agency_and_personalization_v2_universe, control, 105336190730996)
07-06 17:34:28.667 13547 13588 D OculusLogger: reportQuickExperimentExposure(sessionless__oculus_friend_widget_poll_universe, control, 105336190730996)
07-06 17:34:28.685 13547 13617 I RCTVRNET: Request complete: time=492 name=unknown docid=2927102097384403 traceid=EXgwnK08R2I code=200
07-06 17:34:28.689 13547 13588 I RCTVR : RCTView #287: unknown param 'fontSize' set to value '14'
07-06 17:34:28.689 13547 13588 I RCTVR : RCTView #345: unknown param 'fontSize' set to value '14'
07-06 17:34:28.691 13547 13621 I OVR_MemBuffer: Couldn't open assets/src/ocicon/assets/oc_icon_parties_filled_24_dadada.png: No such file or directory
07-06 17:34:28.691 1801 13646 I FbnsPushNotificationHandler: {"persisted_id":"","ndid":"1d684c17-3f54-42d2-9b03-c05a91ebae76G5a9c67c115cefG5fcd7e3b02f4G1fc0","extra_data":"{\"user_with_updated_status\":\"105336190730996\",\"presence\":\"Home | Quest\",\"app_id\":1481000308606657,\"friend_display_name\":\"Christina Miria\"}","PushNotifID":"1d684c17-3f54-42d2-9b03-c05a91ebae76"}
07-06 17:34:28.692 1801 13646 I NotificationReceiver: oculus_user_status
07-06 17:34:28.692 13547 13623 I OVR_MemBuffer: Couldn't open assets/src/ocui/assets/spinner.png: No such file or directory
07-06 17:34:28.707 1801 13646 I NotificationReceiver: Notification cannot be toasted without a message. Hiding notif
07-06 17:34:28.749 13547 13617 I RCTVRNET: Request complete: time=119 name=unknown docid=1430413423713354 traceid=AIkrcHTgNzT code=200
07-06 17:34:28.777 13547 13617 I RCTVRNET: Request complete: time=145 name=unknown docid=1430413423713354 traceid=FJ/j+bfNTMG code=200
07-06 17:34:28.795 13547 13617 I RCTVRNET: Request complete: time=112 name=unknown docid=2670330569746397 traceid=BcdA9TQnHPR code=200
07-06 17:34:28.797 13547 13617 I RCTVRNET: Request complete: time=114 name=unknown docid=2859091790848698 traceid=DZPLkR9NCRs code=200
07-06 17:34:28.862 13547 13588 I RvrPnl : FPS=55.364/170.142/6.33842, MSPF=0.0180623/5.87745/157.768, MEMALLOC=10.7569
07-06 17:34:29.159 724 11498 D TrackingService: [HANDTRACKING] Controller ef96ba248b9c7a8 in hand: Y, valid: Y
07-06 17:34:29.239 1846 13544 I VrApi : FPS=68,Prd=44ms,Tear=0,Early=42,Stale=3,VSnc=1,Lat=1,Fov=0,CPU4/GPU=4/4,2304/670MHz,OC=FF,TA=0/0/0,SP=N/N/N,Mem=1554MHz,Free=1412MB,PSM=0,PLS=0,Temp=27.0C/0.0C,TW=3.00ms,App=7.13ms,GD=0.57ms,CPU&GPU=14.02ms,LCnt=4,GPU%=0.62,CPU%=0.36(W0.41),DSF=1.00
07-06 17:34:29.389 13547 13569 I GraphQLPrefetch: Completed request for 3564190940264775 in 1872ms
07-06 17:34:29.407 13547 13569 I GraphQLPrefetch: Pushing prefetch responses
07-06 17:34:29.544 2256 2330 I VrGuardianService: GuardianSDKServer::SetGuardianCanPaint
07-06 17:34:29.558 2256 2330 I VrGuardianService: GuardianSDKServer::SetGuardianCanPaint
07-06 17:34:29.572 2256 2330 I VrGuardianService: GuardianSDKServer::SetGuardianCanPaint
07-06 17:34:29.651 1535 13647 W ContextImpl: Calling a method in the system process without a qualified user: android.app.ContextImpl.sendBroadcast:877 android.content.ContextWrapper.sendBroadcast:421 com.facebook.analytics2.logger.UploadServiceBus.signalJobRan:60 com.facebook.analytics2.logger.UploadJobHandler.exitStateMachine:267 com.facebook.analytics2.logger.UploadJobHandler.handleMessage:97
07-06 17:34:29.654 1535 2084 I UploadManager: Scheduling jobbId 2131165248 within interval (0, 1800000)
07-06 17:34:29.655 13547 13588 I RCTVR : Failed to delete texture 13, error code: 00000502
07-06 17:34:29.732 13547 13617 I RCTVRNET: Request complete: time=1536 name=unknown docid=3564190940264775 traceid=D3v0nQcLZGT code=200
07-06 17:34:29.775 1801 1811 I art : Background sticky concurrent mark sweep GC freed 17295(2MB) AllocSpace objects, 7(140KB) LOS objects, 39% free, 4MB/7MB, paused 6.592ms total 39.409ms
07-06 17:34:29.848 13547 13607 I ReactNativeExecutorHermes: Timestamp- markerPoint: 90130914
07-06 17:34:29.864 13547 13588 D OculusLogger: reportQuickExperimentExposure(sessionless__oculus_store_landing_disk_cache, test_from_feed, 105336190730996)
07-06 17:34:29.864 13547 13588 D OculusLogger: reportQuickExperimentExposure(sessionless__oculus_store_landing_disk_cache, test_from_feed, 105336190730996)
07-06 17:34:29.864 13547 13588 D OculusLogger: reportQuickExperimentExposure(sessionless__oculus_feed_scroll_tray_universe, test_always, 105336190730996)
07-06 17:34:29.864 13547 13588 I RvrPnl : FPS=71.8304/114.929/50.5372, MSPF=0.0139217/8.70099/19.7874, MEMALLOC=10.7569
07-06 17:34:29.879 1846 1926 I [OAR] GuardianController: renderMode != desiredRenderMode: (3, 1, 2, 3), (3, 3, 2, 3)
07-06 17:34:29.879 2256 2330 I VrGuardianService: GuardianSDKServer::SetGuardianRenderMode
07-06 17:34:29.887 724 12766 I [CT] : MANAGEMENT:CONSTELLATION: Status=GREEN,, Obj=1079011930480953256,6DOF=1,FusJit=0.007mm,Issues(Cam/min= 0,IMU/min=0), Obj=14492187006485747947,6DOF=1 (estimated),Issues(Cam/min= 0,IMU/min=0)
07-06 17:34:30.182 13547 13607 I RCTVR_HERMES: [info]: Got available data for docid=3857599214282047 from disk cache
07-06 17:34:30.237 13547 13588 I RCTVR : "1707:failed to set param 'bottom' value '\"auto\"' with error 'Expected percentage in string but got '\"auto\"''"
07-06 17:34:30.238 13547 13588 I RCTVR : "1729:failed to set param 'bottom' value '\"auto\"' with error 'Expected percentage in string but got '\"auto\"''"
07-06 17:34:30.239 1846 13544 I VrApi : FPS=72,Prd=45ms,Tear=0,Early=65,Stale=0,VSnc=1,Lat=1,Fov=0,CPU4/GPU=4/4,2304/670MHz,OC=FF,TA=0/0/0,SP=N/N/N,Mem=1804MHz,Free=1403MB,PSM=0,PLS=0,Temp=27.0C/0.0C,TW=2.57ms,App=6.78ms,GD=0.88ms,CPU&GPU=12.11ms,LCnt=4,GPU%=0.62,CPU%=0.49(W0.82),DSF=1.00
07-06 17:34:30.240 13547 13607 I ReactNativeExecutorHermes: Timestamp- markerEnd: 90131305
07-06 17:34:30.240 13547 13607 I RCTVR_HERMES: [info]: 'oculus_home_tti', { home_version: '224382706/18.0.0.403.517/production',
07-06 17:34:30.240 13547 13607 I RCTVR_HERMES: location: '/prime',
07-06 17:34:30.240 13547 13607 I RCTVR_HERMES: os_version: 'user-738660.26860.0',
07-06 17:34:30.240 13547 13607 I RCTVR_HERMES: service_name: 'EXPLORE',
07-06 17:34:30.240 13547 13607 I RCTVR_HERMES: shell_version: '224383062/18.0.0.403.517/',
07-06 17:34:30.240 13547 13607 I RCTVR_HERMES: startup_latency_ms: 2975.4217679947615,
07-06 17:34:30.240 13547 13607 I RCTVR_HERMES: tti_type: 'cold_start_page_loaded',
07-06 17:34:30.240 13547 13607 I RCTVR_HERMES: vrshell_panel_app_index: 19,
07-06 17:34:30.240 13547 13607 I RCTVR_HERMES: qe_native_prefetch: 1,
07-06 17:34:30.240 13547 13607 I RCTVR_HERMES: qe_relay_disk_cache: 0 }
07-06 17:34:30.251 13547 13623 I OVR_MemBuffer: Couldn't open assets/src/ocicon/assets/oc_icon_play_filled_24_dadada.png: No such file or directory
07-06 17:34:30.251 13547 13622 I OVR_MemBuffer: Couldn't open assets/src/ocicon/assets/oc_icon_apps_filled_24_dadada.png: No such file or directory
07-06 17:34:30.252 13547 13623 I OVR_MemBuffer: Couldn't open assets/src/ocicon/assets/oc_icon_star_full_filled_12_dadada.png: No such file or directory
07-06 17:34:30.252 13547 13622 I OVR_MemBuffer: Couldn't open assets/src/ocicon/assets/oc_icon_to_top_filled_24_dadada.png: No such file or directory
07-06 17:34:30.253 13547 13622 I OVR_MemBuffer: Couldn't open assets/src/ocicon/assets/oc_icon_chevron_down_filled_24_dadada.png: No such file or directory
07-06 17:34:30.261 13547 13588 I RCTVR : Marker feed_component_marker: duration=22.955467ms start=90131303.8281220049 end=90131326.7835890055
07-06 17:34:30.268 13547 13588 D OculusLogger: reportQuickExperimentExposure(sessionless__oculus_mobile_explore_prefetching, test, 105336190730996)
07-06 17:34:30.268 13547 13588 D OculusLogger: reportQuickExperimentExposure(sessionless__oculus_mobile_explore_prefetching, test, 105336190730996)
07-06 17:34:30.268 13547 13588 D OculusLogger: reportQuickExperimentExposure(sessionless__oculus_feed_pagination_early_fetch, control, 105336190730996)
07-06 17:34:30.317 724 12767 I [CT] : VIPER: Status=6DoF,TRACKING,KF=57,Inl=212,Pts=228,Jit=0.6mm,Issues(Cam/min=0.0,IMU/min=0.2),Exp=(2.7ms,g=2.0,I=63)(3.0ms,g=2.0,I=72)(2.7ms,g=2.0,I=89)(1.8ms,g=1.0,I=68)
07-06 17:34:30.478 724 12767 W [CT] : VIPER: StereoEpipolarSearch: No search points in epipolar search.
07-06 17:34:30.554 13547 13588 I RCTVR : Allocated offscreen texture 30, size 153x40
07-06 17:34:30.702 13652 13652 D AndroidRuntime: >>>>>> START com.android.internal.os.RuntimeInit uid 2000 <<<<<<
07-06 17:34:30.707 13652 13652 D AndroidRuntime: CheckJNI is OFF
07-06 17:34:30.725 13547 13617 I RCTVRNET: Request complete: time=538 name=unknown docid=2808793455913673 traceid=CyX9OPDQK7T code=200
07-06 17:34:30.744 13547 13588 D OculusLogger: reportQuickExperimentExposure(sessionless__oculus_feed_scroll_tray_universe, test_always, 105336190730996)
07-06 17:34:30.756 1934 10932 D [SUI] ThreadExecutor: Executing com.oculus.panelapp.anytimeui.v2.util.-$$Lambda$MemoryManager$aBvfb8lTcR2QgPb2ly9BuqnP2TM@769a127
07-06 17:34:30.762 724 11498 I [CT] : L:Behavior:AtRest: activated
07-06 17:34:30.762 724 11498 I [CT] : AdHocPatch: [Right] t = 240.970s, behavior transition: None -> AtRest at 241.018s
07-06 17:34:30.771 1846 2473 I OVRPlatform: [CurlHttpClient] Executing HTTP request: https://graph.oculus.com//v1.20/me?fields=current_party{id,leader{id},join_policy,users{id,alias,can_viewer_message,display_name,profile_url,profile_url_small,presence,presence_status,presence_app{id,package_name},presence_deeplink_joinable,presence_deeplink_message,presence_destination_api_name,presence_scoped_user_id,avatar_v2{avatar_image{uri}}},invited_users{id,alias,can_viewer_message,display_name,profile_url,profile_url_small,presence,presence_status,presence_app{id,package_name},avatar_v2{avatar_image{uri}}}}&app_version=224383062
07-06 17:34:30.787 1934 1934 D [SUI] SocialViewModel: Fetched friends
07-06 17:34:30.799 13652 13652 D ICU : No timezone override file found: /data/misc/zoneinfo/current/icu/icu_tzdata.dat
07-06 17:34:30.806 10932 10932 W pool-1-thread-4: type=1400 audit(0.0:255): avc: denied { read } for name="mem" dev="debugfs" ino=149695 scontext=u:r:priv_app:s0:c512,c768 tcontext=u:object_r:debugfs:s0 tclass=file permissive=0
07-06 17:34:30.806 10932 10932 W pool-1-thread-4: type=1400 audit(0.0:256): avc: denied { read } for name="mem" dev="debugfs" ino=149695 scontext=u:r:priv_app:s0:c512,c768 tcontext=u:object_r:debugfs:s0 tclass=file permissive=0
07-06 17:34:30.806 10932 10932 W pool-1-thread-4: type=1400 audit(0.0:257): avc: denied { read } for name="mem" dev="debugfs" ino=149695 scontext=u:r:priv_app:s0:c512,c768 tcontext=u:object_r:debugfs:s0 tclass=file permissive=0
07-06 17:34:30.817 1846 2470 I OVRPlatform: [HttpRequest] Request `me?fields=current_party{id,leader{id},join_policy,users{id,alias,can_viewer_message,display_name,profile_url,profile_url_small,presence,presence_status,presence_app{id,package_name},presence_deeplink_joinable,presence_deeplink_message,presence_destination_api_name,presence_scoped_user_id,avatar_v2{avatar_image{uri}}},invited_users{id,alias,can_viewer_message,display_name,profile_url,profile_url_small,presence,presence_status,presence_app{id,package_name},avatar_v2{avatar_image{uri}}}}' (id: 93754) succeeded: {"id":"105336190730996"}
07-06 17:34:30.817 1846 2470 I OVRPlatform: [RequestStopwatch] HttpRequestAsync (me?fields=current_party{id,leader{id},join_policy,users{id,alias,can_viewer_message,display_name,profile_url,profile_url_small,presence,presence_status,presence_app{id,package_name},presence_deeplink_joinable,presence_deeplink_message,presence_destination_api_name,presence_scoped_user_id,avatar_v2{avatar_image{uri}}},invited_users{id,alias,can_viewer_message,display_name,profile_url,profile_url_small,presence,presence_status,presence_app{id,package_name},avatar_v2{avatar_image{uri}}}}) took 46.3340 milliseconds
07-06 17:34:30.821 13652 13652 I Radio-JNI: register_android_hardware_Radio DONE
07-06 17:34:30.824 1846 1926 I [OAR] PartyManager: Party Response Parse Time: 0.065834ms
07-06 17:34:30.832 13652 13652 D AndroidRuntime: Calling main entry com.android.commands.pm.Pm
07-06 17:34:30.846 724 12766 I [CT] : CONSTELLATION: R: Detected static motion, applying constant pose priors.
07-06 17:34:30.867 13652 13652 I art : System.exit called, status: 0
07-06 17:34:30.867 13652 13652 I AndroidRuntime: VM exiting with result code 0.
07-06 17:34:30.867 13547 13588 I RvrPnl : FPS=67.7894/164.529/23.9316, MSPF=0.0147516/6.07797/41.7857, MEMALLOC=10.7569
07-06 17:34:30.868 13652 13652 D OVRMrcLib: ovrVulkanLoader::Unload
07-06 17:34:30.869 13652 13661 W MessageQueue: Handler (android.os.Handler) {1b77b40} sending message to a Handler on a dead thread
07-06 17:34:30.869 13652 13661 W MessageQueue: java.lang.IllegalStateException: Handler (android.os.Handler) {1b77b40} sending message to a Handler on a dead thread
07-06 17:34:30.869 13652 13661 W MessageQueue: at android.os.MessageQueue.enqueueMessage(MessageQueue.java:543)
07-06 17:34:30.869 13652 13661 W MessageQueue: at android.os.Handler.enqueueMessage(Handler.java:643)
07-06 17:34:30.869 13652 13661 W MessageQueue: at android.os.Handler.sendMessageAtTime(Handler.java:612)
07-06 17:34:30.869 13652 13661 W MessageQueue: at android.os.Handler.sendMessageDelayed(Handler.java:582)
07-06 17:34:30.869 13652 13661 W MessageQueue: at android.os.Handler.post(Handler.java:338)
07-06 17:34:30.869 13652 13661 W MessageQueue: at android.os.ResultReceiver$MyResultReceiver.send(ResultReceiver.java:57)
07-06 17:34:30.869 13652 13661 W MessageQueue: at com.android.internal.os.IResultReceiver$Stub.onTransact(IResultReceiver.java:58)
07-06 17:34:30.869 13652 13661 W MessageQueue: at android.os.Binder.execTransact(Binder.java:606)
07-06 17:34:30.924 1934 1934 D [SUI] SocialViewModel: Fetched PYMKs
07-06 17:34:31.010 1934 1934 D [SUI] SocialViewModel: Fetched party: null
07-06 17:34:31.103 1934 1934 D [SUI] SocialViewModel: Fetched joinable parties
07-06 17:34:31.232 13547 13617 I RCTVRNET: Request complete: time=1034 name=unknown docid=2808793455913673 traceid=DihB00QRjsJ code=200
07-06 17:34:31.239 724 12767 I [CT] : HealthReport: Everything Passed =)
07-06 17:34:31.243 1846 13544 I VrApi : FPS=72,Prd=45ms,Tear=0,Early=56,Stale=0,VSnc=1,Lat=1,Fov=0,CPU4/GPU=4/4,2304/670MHz,OC=FF,TA=0/0/0,SP=N/N/N,Mem=1804MHz,Free=1402MB,PSM=0,PLS=0,Temp=27.0C/0.0C,TW=2.61ms,App=7.52ms,GD=0.88ms,CPU&GPU=12.02ms,LCnt=4,GPU%=0.61,CPU%=0.61(W0.91),DSF=1.00
07-06 17:34:31.271 13547 13588 D OculusLogger: reportQuickExperimentExposure(sessionless__oculus_feed_scroll_tray_universe, test_always, 105336190730996)
07-06 17:34:31.307 1934 1934 D [SUI] SocialViewModel: Fetched friends
07-06 17:34:31.334 1077 1975 I SyncBossHAL: syncboss_hal_prox.c(41): INFO: Reporting prox event: prox_off
07-06 17:34:31.335 1077 1175 D SensorsHAL: returning 1 events to client
07-06 17:34:31.335 1594 1594 D VrPowerManagerService: processing message: sensor changed
07-06 17:34:31.335 1594 1594 I VrPowerManagerService: transition from HEADSET_MOUNTED to HEADSET_UNMOUNTED
07-06 17:34:31.337 2256 2493 I VrApi : ovr_HandleHmdEvents: HMT was UNmounted
07-06 17:34:31.339 2188 2188 D VrRuntimeService: Received broadcast: com.oculus.intent.action.MOUNT_STATE_CHANGED
07-06 17:34:31.339 2188 2188 D VrRuntimeService: mounted state: false
07-06 17:34:31.341 1846 1926 I VrApi : ovr_HandleHmdEvents: HMT was UNmounted
07-06 17:34:31.342 2396 2396 D [OAR] ShellOverlayService: screenStateReceiver Received broadcast: com.oculus.intent.action.MOUNT_STATE_CHANGED
07-06 17:34:31.342 2396 2396 I [OAO] ShellOverlayServiceJNI: NativeSendOverlayCommand
07-06 17:34:31.342 2396 2396 I [OAO] ShellOverlayServiceJNI: NativeWake
07-06 17:34:31.342 2396 2396 I [OAO] ShellOverlayMain: WakeVrThread
07-06 17:34:31.342 2396 2396 I [OAO] ShellOverlayMain: WakeVrThread - notifying vr thread
07-06 17:34:31.342 2396 2462 I [OAO] ShellOverlayApp: VrThread woke up
07-06 17:34:31.343 2396 2462 I [OAO] ShellOverlayApp: 0xd4a3b3d0 msg: overlayCommand:
07-06 17:34:31.343 2396 2462 I [OAO] ShellOverlayApp: command = mountStateChanged
07-06 17:34:31.343 2396 2462 I [OAO] ShellOverlayApp: state = 0
07-06 17:34:31.343 2396 2462 I [OAO] ShellOverlayApp: Process_OverlayCommand command : mountStateChanged
07-06 17:34:31.343 2396 2462 I [OAO] ShellOverlayApp: mountStateChanged message received
07-06 17:34:31.343 2396 2462 I [OAO] ShellOverlayApp: VrThread entering waiting state
07-06 17:34:31.344 724 10938 D TrackingService: Received transition request to STANDBY current is RUNNING
07-06 17:34:31.344 1543 1572 D VrPowerManagerClient: Headset state: 2
07-06 17:34:31.344 1543 1572 V ControllerNotifications: Handling unmount notification
07-06 17:34:31.344 724 10938 D TrackingService: Executing transition from RUNNING to STANDBY
07-06 17:34:31.345 1801 1801 I VRLifecycleSessionManager: Stored session info.
07-06 17:34:31.347 1077 1117 I ProcessStatsService: Prepared write state in 3ms
07-06 17:34:31.347 703 703 D GatekeeperNativeService: Using value 0 for gk oculus_mobile_enable_phone_notifications, user=0
07-06 17:34:31.349 2188 2391 I ClientMgr: Headset was unmounted
07-06 17:34:31.349 2188 2391 I VrRuntimeServer: SetCompositorClientEnabled client(2): enabled(1) 0x7f74df02b8
07-06 17:34:31.352 1846 1926 I [OAR] ShellApp: HMD Mount State Changed - unmounted
07-06 17:34:31.352 1846 1926 I [OAR] VrShellDesktopBase: Backgrounding all active monitors on desktop
07-06 17:34:31.352 1846 1926 I [OAR] PanelAppHost: OnBackground
07-06 17:34:31.352 1846 1926 I [OAR] PanelAppHost: Panel app 60 (com.oculus.vrshell.home/com.oculus.vrshell.home.ExploreService) changing state from foreground to background
07-06 17:34:31.352 1846 1926 D [OAR] ShellApplication: notify OS to set com.oculus.vrshell.home/com.oculus.vrshell.home.ExploreService to BACKGROUND
07-06 17:34:31.353 1846 1926 I [OAR] PanelAppHost: com.oculus.vrshell.home/com.oculus.vrshell.home.ExploreService:60 is now backgrounded due to: hmdDismount
07-06 17:34:31.353 13547 13588 I RCTVR : AppState backgroundReason [hmdDismount]
07-06 17:34:31.353 13547 13588 I RCTVR_Shutdown: Initiated webserver shutdown
07-06 17:34:31.353 13547 13588 I RCTVR_Shutdown: StreamingManagerService shutdown
07-06 17:34:31.353 1801 1801 W VRLifecycleManager: onHeadsetUnmounted
07-06 17:34:31.353 13547 13588 I RCTVR_Shutdown: Webby shutdown
07-06 17:34:31.355 2188 10928 I VrRuntimeService: nativeDestroyTextureSwapChain 538
07-06 17:34:31.356 2256 2311 I GuardianSystem: rsapi_PollEvent: rsEventRelocDurationUpdate: 0
07-06 17:34:31.357 13547 13588 I RCTVR_Shutdown: AppState went background
07-06 17:34:31.357 2256 2311 I GuardianSystem: rsapi_PollEvent: rsEventSetClientMgrState. IsHeadsetMounted: 0, SuppressErrors: 1, ResetErrorState: 0
07-06 17:34:31.357 13547 13588 I RCTVR_Shutdown: Headset status changed
07-06 17:34:31.367 549 11666 D audio_hw_primary: adev_set_mic_mute state 0
07-06 17:34:31.368 1801 1801 I PlatformPluginManager: setHeadsetMountState: false
07-06 17:34:31.368 1801 1801 I OVRPlatform: [AudioManager] SetHeadsetMounted: false
07-06 17:34:31.368 1801 1801 I OVRPlatform: [AudioManager] Current headsetMounted_ false
07-06 17:34:31.368 1801 1801 I OVRPlatform: [AudioManager] Current headphoneStatus_: DISCONNECTED
07-06 17:34:31.368 1801 1801 I OVRPlatform: [PartyChatWebRTC] Setting connection MicrophoneMutedState MUTED
07-06 17:34:31.368 1801 12760 I OVRPlatform: [PartyChatWebRTC] Updating playback mode to 0
07-06 17:34:31.370 2256 2311 I GuardianSystem: UpdateGuardianSystemState: Flags changed: 532480, 524288
07-06 17:34:31.380 724 11498 D TrackingService: [HANDTRACKING] Controller ef96ba248b9c7a8 in hand: N, valid: Y
07-06 17:34:31.532 1934 1934 D [SUI] SocialViewModel: Fetched PYMKs
07-06 17:34:31.611 1934 1934 D [SUI] SocialViewModel: Fetched party: null
07-06 17:34:31.711 1934 1934 D [SUI] SocialViewModel: Fetched joinable parties
07-06 17:34:31.791 13547 13607 I RCTVR_HERMES: Hermes Mem: numCollections 44, allocatedBytes 10982019, heapSize 23286944, va 16777216
07-06 17:34:31.791 13547 13588 I RCTVR_Shutdown: JS synced
07-06 17:34:31.823 13547 13588 I RCTVR_Shutdown: Native modules flushed
07-06 17:34:31.823 13547 13588 I RCTVR_Shutdown: OnBackground complete
07-06 17:34:31.832 1934 1934 D [SUI] DiskCache: Read cached file from cache at /data/user/0/com.oculus.systemux/cache/image_cache/816976718
07-06 17:34:31.836 1934 1934 D [SUI] UiThreadExecutor: Executing sync: com.oculus.panelapp.anytimeui.utils.-$$Lambda$ImageLoader$amd3YImxEIb6HLr5V2YhTzMj1qc@1cea57d
07-06 17:34:31.873 724 12767 I [CT] : VIPER:MAP_MANAGER: State: TRACKING_PERSISTENT, UUID=2320fadd-c271-402f-8822-12d9ff9fd33b, Num. Persistent maps = 3, Persistent maps:2320fadd-c271-402f-8822-12d9ff9fd33b,46248a64-1f34-48bf-839e-600215008130,fb6d82f8-c428-4238-ac2c-937dac7eda16,, Ser. Disabled = 00000000-0000-0000-0000-000000000000
07-06 17:34:32.238 1846 13544 I VrApi : FPS=73,Prd=39ms,Tear=0,Early=62,Stale=0,VSnc=1,Lat=1,Fov=0,CPU4/GPU=4/4,2304/670MHz,OC=FF,TA=0/0/0,SP=N/N/N,Mem=1804MHz,Free=1404MB,PSM=0,PLS=0,Temp=27.0C/0.0C,TW=0.90ms,App=0.00ms,GD=0.00ms,CPU&GPU=10.73ms,LCnt=0,GPU%=0.07,CPU%=0.05(W0.09),DSF=1.00
07-06 17:34:33.238 1846 13544 I VrApi : FPS=72,Prd=0ms,Tear=0,Early=72,Stale=0,VSnc=1,Lat=1,Fov=0,CPU4/GPU=4/4,2304/670MHz,OC=FF,TA=0/0/0,SP=N/N/N,Mem=1554MHz,Free=1407MB,PSM=0,PLS=0,Temp=27.0C/0.0C,TW=0.89ms,App=0.00ms,GD=0.00ms,CPU&GPU=0.31ms,LCnt=0,GPU%=0.07,CPU%=0.02(W0.05),DSF=1.00
07-06 17:34:33.486 724 12766 I [CT] : MANAGEMENT:CONSTELLATION: Status=GREEN,, Obj=1079011930480953256,6DOF=1 (estimated),Issues(Cam/min= 0,IMU/min=0), Obj=14492187006485747947,6DOF=1 (estimated),Issues(Cam/min= 0,IMU/min=0)
07-06 17:34:33.913 724 12767 I [CT] : VIPER: Status=6DoF,TRACKING,KF=65,Inl=228,Pts=303,Jit=3.4mm,Issues(Cam/min=0.0,IMU/min=0.2),Exp=(5.5ms,g=5.0,I=65)(4.9ms,g=2.0,I=67)(5.5ms,g=5.0,I=72)(5.2ms,g=2.0,I=68)
07-06 17:34:33.913 724 12767 W [CT] : VIPER: High jitter warning.
07-06 17:34:33.926 1934 1934 D [SUI] SocialViewModel: Fetched friends
07-06 17:34:34.069 1934 1934 D [SUI] SocialViewModel: Fetched PYMKs
07-06 17:34:34.166 1934 1934 D [SUI] SocialViewModel: Fetched party: null
07-06 17:34:34.237 1846 13544 I VrApi : FPS=72,Prd=0ms,Tear=0,Early=72,Stale=0,VSnc=1,Lat=1,Fov=0,CPU4/GPU=4/4,2304/670MHz,OC=FF,TA=0/0/0,SP=N/N/N,Mem=1554MHz,Free=1410MB,PSM=0,PLS=0,Temp=27.0C/0.0C,TW=0.86ms,App=0.00ms,GD=0.00ms,CPU&GPU=0.33ms,LCnt=0,GPU%=0.06,CPU%=0.00(W0.00),DSF=1.00
07-06 17:34:34.243 1934 1934 D [SUI] SocialViewModel: Fetched joinable parties
07-06 17:34:34.348 1801 1811 I art : Background sticky concurrent mark sweep GC freed 16473(2MB) AllocSpace objects, 8(160KB) LOS objects, 36% free, 4MB/7MB, paused 6.375ms total 29.636ms
07-06 17:34:34.387 724 11449 I [CT] : boltlib: DSP utilization(%): 16
07-06 17:34:34.432 1934 1934 D [SUI] SocialViewModel: Fetched friends
07-06 17:34:34.588 1934 1934 D [SUI] SocialViewModel: Fetched PYMKs
07-06 17:34:34.665 1934 1934 D [SUI] SocialViewModel: Fetched party: null
07-06 17:34:34.749 1934 1934 D [SUI] SocialViewModel: Fetched joinable parties
07-06 17:34:34.926 1535 13674 W ContextImpl: Calling a method in the system process without a qualified user: android.app.ContextImpl.sendBroadcast:877 android.content.ContextWrapper.sendBroadcast:421 com.facebook.analytics2.logger.UploadServiceBus.signalJobRan:60 com.facebook.analytics2.logger.UploadJobHandler.exitStateMachine:267 com.facebook.analytics2.logger.UploadJobHandler.handleMessage:97
07-06 17:34:34.929 1535 2084 I UploadManager: Scheduling jobbId 2131165248 within interval (0, 1800000)
07-06 17:34:35.079 1801 1811 I art : Background sticky concurrent mark sweep GC freed 15736(2MB) AllocSpace objects, 7(140KB) LOS objects, 35% free, 4MB/7MB, paused 7.668ms total 29.533ms
07-06 17:34:35.240 1846 13544 I VrApi : FPS=72,Prd=0ms,Tear=0,Early=72,Stale=0,VSnc=1,Lat=1,Fov=0,CPU4/GPU=4/4,2304/670MHz,OC=FF,TA=0/0/0,SP=N/N/N,Mem=1554MHz,Free=1408MB,PSM=0,PLS=0,Temp=27.0C/0.0C,TW=0.86ms,App=0.00ms,GD=0.00ms,CPU&GPU=0.33ms,LCnt=0,GPU%=0.06,CPU%=0.03(W0.05),DSF=1.00
07-06 17:34:35.473 724 12767 I [CT] : VIPER:MAP_MANAGER: State: TRACKING_PERSISTENT, UUID=2320fadd-c271-402f-8822-12d9ff9fd33b, Num. Persistent maps = 3, Persistent maps:2320fadd-c271-402f-8822-12d9ff9fd33b,46248a64-1f34-48bf-839e-600215008130,fb6d82f8-c428-4238-ac2c-937dac7eda16,, Ser. Disabled = 00000000-0000-0000-0000-000000000000
07-06 17:34:35.690 13679 13679 D AndroidRuntime: >>>>>> START com.android.internal.os.RuntimeInit uid 2000 <<<<<<
07-06 17:34:35.694 13679 13679 D AndroidRuntime: CheckJNI is OFF
07-06 17:34:35.771 13679 13679 D ICU : No timezone override file found: /data/misc/zoneinfo/current/icu/icu_tzdata.dat
07-06 17:34:35.789 13679 13679 I Radio-JNI: register_android_hardware_Radio DONE
07-06 17:34:35.797 13679 13679 D AndroidRuntime: Calling main entry com.android.commands.pm.Pm
07-06 17:34:35.812 13679 13679 I art : System.exit called, status: 0
07-06 17:34:35.812 13679 13679 I AndroidRuntime: VM exiting with result code 0.
07-06 17:34:35.812 13679 13679 D OVRMrcLib: ovrVulkanLoader::Unload
07-06 17:34:36.180 724 11498 I [CT] : L:Behavior:AtRest: deactivated
07-06 17:34:36.180 724 11498 I [CT] : AdHocPatch: [Left] t = 246.387s, behavior transition: AtRest -> None at 246.437s
07-06 17:34:36.237 1846 13544 I VrApi : FPS=72,Prd=0ms,Tear=0,Early=72,Stale=0,VSnc=1,Lat=1,Fov=0,CPU4/GPU=4/4,2304/670MHz,OC=FF,TA=0/0/0,SP=N/N/N,Mem=1554MHz,Free=1408MB,PSM=0,PLS=0,Temp=27.0C/0.0C,TW=0.88ms,App=0.00ms,GD=0.00ms,CPU&GPU=0.32ms,LCnt=0,GPU%=0.07,CPU%=0.28(W0.57),DSF=1.00
07-06 17:34:36.282 724 11498 D TrackingService: [HANDTRACKING] Controller c91e974cac1d58eb in hand: Y, valid: Y
07-06 17:34:36.365 724 12766 I [CT] : CONSTELLATION: L: Detected static motion, applying constant pose priors.
07-06 17:34:36.655 724 11498 I [CT] : L:Behavior:AtRest: deactivated
07-06 17:34:36.655 724 11498 I [CT] : AdHocPatch: [Right] t = 246.860s, behavior transition: AtRest -> None at 246.909s
07-06 17:34:36.825 724 11498 I [CT] : L:Behavior:AtRest: activated
07-06 17:34:36.825 724 11498 I [CT] : AdHocPatch: [Right] t = 247.032s, behavior transition: None -> AtRest at 247.082s
07-06 17:34:36.838 1934 1934 D [SUI] SocialViewModel: Fetched friends
07-06 17:34:36.864 724 11498 D TrackingService: [HANDTRACKING] Controller c91e974cac1d58eb in hand: N, valid: Y
07-06 17:34:37.009 1934 1934 D [SUI] SocialViewModel: Fetched PYMKs
07-06 17:34:37.085 724 12766 I [CT] : MANAGEMENT:CONSTELLATION: Status=GREEN,, Obj=1079011930480953256,6DOF=1 (estimated),Issues(Cam/min= 0,IMU/min=0), Obj=14492187006485747947,6DOF=1,FusJit=0.0mm,Issues(Cam/min= 0,IMU/min=0)
07-06 17:34:37.092 1934 1934 D [SUI] SocialViewModel: Fetched party: null
07-06 17:34:37.196 1934 1934 D [SUI] SocialViewModel: Fetched joinable parties
07-06 17:34:37.233 724 12767 I [CT] : HealthReport: Everything Passed =)
07-06 17:34:37.237 1846 13544 I VrApi : FPS=72,Prd=0ms,Tear=0,Early=72,Stale=0,VSnc=1,Lat=1,Fov=0,CPU4/GPU=4/4,2304/670MHz,OC=FF,TA=0/0/0,SP=N/N/N,Mem=1554MHz,Free=1409MB,PSM=0,PLS=0,Temp=27.0C/0.0C,TW=0.86ms,App=0.00ms,GD=0.00ms,CPU&GPU=0.34ms,LCnt=0,GPU%=0.06,CPU%=0.00(W0.00),DSF=1.00
07-06 17:34:37.377 1934 1934 D [SUI] SocialViewModel: Fetched friends
07-06 17:34:37.514 724 12767 I [CT] : VIPER: Status=6DoF,TRACKING,KF=65,Inl=224,Pts=303,Jit=0.1mm,Issues(Cam/min=0.0,IMU/min=0.2),Exp=(5.5ms,g=5.0,I=66)(4.6ms,g=2.0,I=68)(5.5ms,g=5.0,I=74)(5.2ms,g=2.0,I=67)
07-06 17:34:37.550 1934 1934 D [SUI] SocialViewModel: Fetched PYMKs
07-06 17:34:37.625 1934 1934 D [SUI] SocialViewModel: Fetched party: null
07-06 17:34:37.717 1934 1934 D [SUI] SocialViewModel: Fetched joinable parties
07-06 17:34:37.798 1934 1934 D [SUI] DiskCache: Read cached file from cache at /data/user/0/com.oculus.systemux/cache/image_cache/816976718
07-06 17:34:37.802 1934 1934 D [SUI] UiThreadExecutor: Executing sync: com.oculus.panelapp.anytimeui.utils.-$$Lambda$ImageLoader$amd3YImxEIb6HLr5V2YhTzMj1qc@44528c3
07-06 17:34:38.218 724 11498 I [CT] : L:Behavior:AtRest: deactivated
07-06 17:34:38.218 724 11498 I [CT] : AdHocPatch: [Right] t = 248.426s, behavior transition: AtRest -> None at 248.474s
07-06 17:34:38.239 1846 13544 I VrApi : FPS=72,Prd=0ms,Tear=0,Early=72,Stale=0,VSnc=1,Lat=1,Fov=0,CPU4/GPU=4/4,2304/670MHz,OC=FF,TA=0/0/0,SP=N/N/N,Mem=1554MHz,Free=1409MB,PSM=0,PLS=0,Temp=27.0C/0.0C,TW=0.87ms,App=0.00ms,GD=0.00ms,CPU&GPU=0.31ms,LCnt=0,GPU%=0.07,CPU%=0.02(W0.05),DSF=1.00
07-06 17:34:38.242 724 11498 D TrackingService: [HANDTRACKING] Controller c91e974cac1d58eb in hand: Y, valid: Y
07-06 17:34:38.319 724 11498 D TrackingService: [HANDTRACKING] Controller ef96ba248b9c7a8 in hand: Y, valid: Y
07-06 17:34:38.418 724 11498 I [CT] : L:Behavior:AtRest: activated
07-06 17:34:38.418 724 11498 I [CT] : AdHocPatch: [Right] t = 248.626s, behavior transition: None -> AtRest at 248.650s
07-06 17:34:38.441 724 12766 I [CT] : CONSTELLATION: R: Detected static motion, applying constant pose priors.
07-06 17:34:38.979 724 11498 D TrackingService: [HANDTRACKING] Controller ef96ba248b9c7a8 in hand: N, valid: Y
07-06 17:34:39.020 724 11498 D TrackingService: [HANDTRACKING] Controller c91e974cac1d58eb in hand: N, valid: Y
07-06 17:34:39.073 724 12767 I [CT] : VIPER:MAP_MANAGER: State: TRACKING_PERSISTENT, UUID=2320fadd-c271-402f-8822-12d9ff9fd33b, Num. Persistent maps = 3, Persistent maps:2320fadd-c271-402f-8822-12d9ff9fd33b,46248a64-1f34-48bf-839e-600215008130,fb6d82f8-c428-4238-ac2c-937dac7eda16,, Ser. Disabled = 00000000-0000-0000-0000-000000000000
07-06 17:34:39.199 724 11498 D TrackingService: [HANDTRACKING] Controller c91e974cac1d58eb in hand: Y, valid: Y
07-06 17:34:39.237 1846 13544 I VrApi : FPS=72,Prd=0ms,Tear=0,Early=72,Stale=0,VSnc=1,Lat=1,Fov=0,CPU4/GPU=4/4,2304/670MHz,OC=FF,TA=0/0/0,SP=N/N/N,Mem=1554MHz,Free=1409MB,PSM=0,PLS=0,Temp=27.0C/0.0C,TW=0.85ms,App=0.00ms,GD=0.00ms,CPU&GPU=0.32ms,LCnt=0,GPU%=0.06,CPU%=0.04(W0.13),DSF=1.00
07-06 17:34:39.308 724 11498 I [CT] : L:Behavior:AtRest: deactivated
07-06 17:34:39.308 724 11498 I [CT] : AdHocPatch: [Right] t = 249.516s, behavior transition: AtRest -> None at 248.650s
07-06 17:34:39.439 724 11498 I [CT] : L:Behavior:AtRest: activated
07-06 17:34:39.439 724 11498 I [CT] : AdHocPatch: [Right] t = 249.646s, behavior transition: None -> AtRest at 248.650s
07-06 17:34:39.539 1801 13703 I FbnsPushNotificationHandler: {"persisted_id":"","ndid":"25b99473-46e0-4597-bb95-89a38097fe9cG5a9c67cb608dcG5fcd7e3b02f4G1fc0","extra_data":"{\"user_with_updated_status\":\"105336190730996\",\"presence\":\"Home | Quest\",\"app_id\":1031607236937163,\"friend_display_name\":\"Christina Miria\"}","PushNotifID":"25b99473-46e0-4597-bb95-89a38097fe9c"}
07-06 17:34:39.539 1801 13703 I NotificationReceiver: oculus_user_status
07-06 17:34:39.544 1801 13703 I NotificationReceiver: Notification cannot be toasted without a message. Hiding notif
07-06 17:34:39.595 724 11498 I [CT] : L:Behavior:AtRest: deactivated
07-06 17:34:39.595 724 11498 I [CT] : AdHocPatch: [Right] t = 249.804s, behavior transition: AtRest -> None at 248.650s
07-06 17:34:39.617 1535 13704 W ContextImpl: Calling a method in the system process without a qualified user: android.app.ContextImpl.sendBroadcast:877 android.content.ContextWrapper.sendBroadcast:421 com.facebook.analytics2.logger.UploadServiceBus.signalJobRan:60 com.facebook.analytics2.logger.UploadJobHandler.exitStateMachine:267 com.facebook.analytics2.logger.UploadJobHandler.handleMessage:97
07-06 17:34:39.621 1535 2084 I UploadManager: Scheduling jobbId 2131165248 within interval (900000, 2700000)
07-06 17:34:39.719 724 11498 D TrackingService: [HANDTRACKING] Controller ef96ba248b9c7a8 in hand: Y, valid: Y
07-06 17:34:39.777 724 11498 I [CT] : L:Behavior:AtRest: activated
