04-24 13:17:35.158 683 683 E HWComposer: getPresentFence failed for invalid display -1
04-24 13:17:35.206 683 683 E HWComposer: getLayerReleaseFence: Invalid display
04-24 13:17:35.206 683 683 E HWComposer: getPresentFence failed for invalid display -1
04-24 13:17:35.239 683 683 E HWComposer: getLayerReleaseFence: Invalid display
04-24 13:17:35.239 683 683 E HWComposer: getPresentFence failed for invalid display -1
04-24 13:17:35.272 683 683 E HWComposer: getLayerReleaseFence: Invalid display
04-24 13:17:35.272 683 683 E HWComposer: getPresentFence failed for invalid display -1
04-24 13:17:35.322 683 683 E HWComposer: getLayerReleaseFence: Invalid display
04-24 13:17:35.322 683 683 E HWComposer: getPresentFence failed for invalid display -1
04-24 13:17:35.355 683 683 E HWComposer: getLayerReleaseFence: Invalid display
04-24 13:17:35.355 683 683 E HWComposer: getPresentFence failed for invalid display -1
04-24 13:17:35.406 683 683 E HWComposer: getLayerReleaseFence: Invalid display
04-24 13:17:35.406 683 683 E HWComposer: getPresentFence failed for invalid display -1
04-24 13:17:35.427 741 741 E Thermal-daemon: [ap] temp_new :38 temp_old :37
04-24 13:17:35.428 1729 27267 I ThermalService: Receive temperature change, type: 0, temp: 38 from thermald
04-24 13:17:35.428 1729 2560 D HwThermalStateManager: Thermal type: 0 cur_temperature:38
04-24 13:17:35.428 741 741 E Thermal-daemon: Report temperature: [ap] temp :38 report_threshold:1
04-24 13:17:35.455 683 683 E HWComposer: getLayerReleaseFence: Invalid display
04-24 13:17:35.456 683 683 E HWComposer: getPresentFence failed for invalid display -1
04-24 13:17:35.491 777 777 E : [E/capacity_limit_control] not demo version, not set power control prop!
04-24 13:17:35.504 683 683 E HWComposer: getLayerReleaseFence: Invalid display
04-24 13:17:35.505 683 683 E HWComposer: getPresentFence failed for invalid display -1
04-24 13:17:35.573 683 683 E HWComposer: getLayerReleaseFence: Invalid display
04-24 13:17:35.573 683 683 E HWComposer: getPresentFence failed for invalid display -1
04-24 13:17:35.605 683 683 E HWComposer: getLayerReleaseFence: Invalid display
04-24 13:17:35.605 683 683 E HWComposer: getPresentFence failed for invalid display -1
04-24 13:17:35.655 683 683 E HWComposer: getLayerReleaseFence: Invalid display
04-24 13:17:35.655 683 683 E HWComposer: getPresentFence failed for invalid display -1
04-24 13:17:35.706 683 683 E HWComposer: getLayerReleaseFence: Invalid display
04-24 13:17:35.706 683 683 E HWComposer: getPresentFence failed for invalid display -1
04-24 13:17:35.756 683 683 E HWComposer: getLayerReleaseFence: Invalid display
04-24 13:17:35.756 683 683 E HWComposer: getPresentFence failed for invalid display -1
04-24 13:17:35.806 683 683 E HWComposer: getLayerReleaseFence: Invalid display
04-24 13:17:35.806 683 683 E HWComposer: getPresentFence failed for invalid display -1
04-24 13:17:35.838 683 683 E HWComposer: getLayerReleaseFence: Invalid display
04-24 13:17:35.838 683 683 E HWComposer: getPresentFence failed for invalid display -1
04-24 13:17:35.888 683 683 E HWComposer: getLayerReleaseFence: Invalid display
04-24 13:17:35.888 683 683 E HWComposer: getPresentFence failed for invalid display -1
04-24 13:17:35.955 683 683 E HWComposer: getLayerReleaseFence: Invalid display
04-24 13:17:35.955 683 683 E HWComposer: getPresentFence failed for invalid display -1
04-24 13:17:36.005 683 683 E HWComposer: getLayerReleaseFence: Invalid display
04-24 13:17:36.005 683 683 E HWComposer: getPresentFence failed for invalid display -1
04-24 13:17:36.038 683 683 E HWComposer: getLayerReleaseFence: Invalid display
04-24 13:17:36.038 683 683 E HWComposer: getPresentFence failed for invalid display -1
04-24 13:17:36.038 1176 1176 I TrafficMonitor: update:rxPkts:21,txPkts:2,rxBytes:1870,txBytes:376
04-24 13:17:36.038 1176 1176 I TrafficMonitor: start expired. level:-1
04-24 13:17:36.039 1176 1176 I TrafficMonitor: gettimer:interval=2000
04-24 13:17:36.087 683 683 E HWComposer: getLayerReleaseFence: Invalid display
04-24 13:17:36.087 683 683 E HWComposer: getPresentFence failed for invalid display -1
04-24 13:17:36.139 683 683 E HWComposer: getLayerReleaseFence: Invalid display
04-24 13:17:36.139 683 683 E HWComposer: getPresentFence failed for invalid display -1
04-24 13:17:36.172 683 683 E HWComposer: getLayerReleaseFence: Invalid display
04-24 13:17:36.172 683 683 E HWComposer: getPresentFence failed for invalid display -1
04-24 13:17:36.222 683 683 E HWComposer: getLayerReleaseFence: Invalid display
04-24 13:17:36.222 683 683 E HWComposer: getPresentFence failed for invalid display -1
04-24 13:17:36.254 683 683 E HWComposer: getLayerReleaseFence: Invalid display
04-24 13:17:36.254 683 683 E HWComposer: getPresentFence failed for invalid display -1
04-24 13:17:36.304 683 683 E HWComposer: getLayerReleaseFence: Invalid display
04-24 13:17:36.304 683 683 E HWComposer: getPresentFence failed for invalid display -1
04-24 13:17:36.354 683 683 E HWComposer: getLayerReleaseFence: Invalid display
04-24 13:17:36.354 683 683 E HWComposer: getPresentFence failed for invalid display -1
04-24 13:17:36.405 683 683 E HWComposer: getLayerReleaseFence: Invalid display
04-24 13:17:36.405 683 683 E HWComposer: getPresentFence failed for invalid display -1
04-24 13:17:36.454 683 683 E HWComposer: getLayerReleaseFence: Invalid display
04-24 13:17:36.454 683 683 E HWComposer: getPresentFence failed for invalid display -1
04-24 13:17:36.506 683 683 E HWComposer: getLayerReleaseFence: Invalid display
04-24 13:17:36.506 683 683 E HWComposer: getPresentFence failed for invalid display -1
04-24 13:17:36.537 683 683 E HWComposer: getLayerReleaseFence: Invalid display
04-24 13:17:36.537 683 683 E HWComposer: getPresentFence failed for invalid display -1
04-24 13:17:36.588 683 683 E HWComposer: getLayerReleaseFence: Invalid display
04-24 13:17:36.588 683 683 E HWComposer: getPresentFence failed for invalid display -1
04-24 13:17:36.638 683 683 E HWComposer: getLayerReleaseFence: Invalid display
04-24 13:17:36.638 683 683 E HWComposer: getPresentFence failed for invalid display -1
04-24 13:17:36.688 683 683 E HWComposer: getLayerReleaseFence: Invalid display
04-24 13:17:36.688 683 683 E HWComposer: getPresentFence failed for invalid display -1
04-24 13:17:36.721 683 683 E HWComposer: getLayerReleaseFence: Invalid display
04-24 13:17:36.721 683 683 E HWComposer: getPresentFence failed for invalid display -1
04-24 13:17:36.770 683 683 E HWComposer: getLayerReleaseFence: Invalid display
04-24 13:17:36.771 683 683 E HWComposer: getPresentFence failed for invalid display -1
04-24 13:17:36.822 683 683 E HWComposer: getLayerReleaseFence: Invalid display
04-24 13:17:36.822 683 683 E HWComposer: getPresentFence failed for invalid display -1
04-24 13:17:36.889 683 683 E HWComposer: getLayerReleaseFence: Invalid display
04-24 13:17:36.889 683 683 E HWComposer: getPresentFence failed for invalid display -1
04-24 13:17:36.921 683 683 E HWComposer: getLayerReleaseFence: Invalid display
04-24 13:17:36.922 683 683 E HWComposer: getPresentFence failed for invalid display -1
04-24 13:17:36.955 683 683 E HWComposer: getLayerReleaseFence: Invalid display
04-24 13:17:36.955 683 683 E HWComposer: getPresentFence failed for invalid display -1
04-24 13:17:37.021 683 683 E HWComposer: getLayerReleaseFence: Invalid display
04-24 13:17:37.022 683 683 E HWComposer: getPresentFence failed for invalid display -1
04-24 13:17:37.054 683 683 E HWComposer: getLayerReleaseFence: Invalid display
04-24 13:17:37.054 683 683 E HWComposer: getPresentFence failed for invalid display -1
04-24 13:17:37.104 683 683 E HWComposer: getLayerReleaseFence: Invalid display
04-24 13:17:37.104 683 683 E HWComposer: getPresentFence failed for invalid display -1
04-24 13:17:37.145 1176 1338 D HwWifiStatStore: handleMessage : 200
04-24 13:17:37.154 683 683 E HWComposer: getLayerReleaseFence: Invalid display
04-24 13:17:37.154 683 683 E HWComposer: getPresentFence failed for invalid display -1
04-24 13:17:37.205 683 683 E HWComposer: getLayerReleaseFence: Invalid display
04-24 13:17:37.205 683 683 E HWComposer: getPresentFence failed for invalid display -1
04-24 13:17:37.255 683 683 E HWComposer: getLayerReleaseFence: Invalid display
04-24 13:17:37.255 683 683 E HWComposer: getPresentFence failed for invalid display -1
04-24 13:17:37.306 683 683 E HWComposer: getLayerReleaseFence: Invalid display
04-24 13:17:37.306 683 683 E HWComposer: getPresentFence failed for invalid display -1
04-24 13:17:37.356 683 683 E HWComposer: getLayerReleaseFence: Invalid display
04-24 13:17:37.356 683 683 E HWComposer: getPresentFence failed for invalid display -1
04-24 13:17:37.405 683 683 E HWComposer: getLayerReleaseFence: Invalid display
04-24 13:17:37.405 683 683 E HWComposer: getPresentFence failed for invalid display -1
04-24 13:17:37.454 683 683 E HWComposer: getLayerReleaseFence: Invalid display
04-24 13:17:37.454 683 683 E HWComposer: getPresentFence failed for invalid display -1
04-24 13:17:37.488 683 683 E HWComposer: getLayerReleaseFence: Invalid display
04-24 13:17:37.488 683 683 E HWComposer: getPresentFence failed for invalid display -1
04-24 13:17:37.495 679 679 E WifiHAL : enter wifi_get_link_stats
04-24 13:17:37.501 742 742 E wificond: Failed to get NL80211_RATE_INFO_NOISE
04-24 13:17:37.501 742 742 E wificond: Failed to get NL80211_RATE_INFO_SNR
04-24 13:17:37.501 742 742 E wificond: Failed to get NL80211_STA_INFO_CNAHLOAD
04-24 13:17:37.502 1176 1337 E WificondControl: Noise: 0, Snr: -1, Chload: -1
04-24 13:17:37.503 1176 1339 D HwWifiCHRStateManager: handleMessage : 1001
04-24 13:17:37.503 1176 1339 D HwWifiCHRStateManager: handleUpdateChannel:2412
04-24 13:17:37.503 1176 1339 V HwWifiServiceFactory: get AllImpl object = com.android.server.wifi.HwWifiServiceFactoryImpl@2205edc
04-24 13:17:37.504 1176 1337 D HwCustWifiStateMachineReferenceImpl: checkRssiOverThreshold newRssi = -30
04-24 13:17:37.504 1176 1337 D WifiScoreReport: Score = 100, wifiConnectivityManagerEnabled = false, lowScoreCount = 0
04-24 13:17:37.538 683 683 E HWComposer: getLayerReleaseFence: Invalid display
04-24 13:17:37.538 683 683 E HWComposer: getPresentFence failed for invalid display -1
04-24 13:17:37.588 683 683 E HWComposer: getLayerReleaseFence: Invalid display
04-24 13:17:37.588 683 683 E HWComposer: getPresentFence failed for invalid display -1
04-24 13:17:37.621 683 683 E HWComposer: getLayerReleaseFence: Invalid display
04-24 13:17:37.621 683 683 E HWComposer: getPresentFence failed for invalid display -1
04-24 13:17:37.671 683 683 E HWComposer: getLayerReleaseFence: Invalid display
04-24 13:17:37.671 683 683 E HWComposer: getPresentFence failed for invalid display -1
04-24 13:17:37.704 683 683 E HWComposer: getLayerReleaseFence: Invalid display
04-24 13:17:37.704 683 683 E HWComposer: getPresentFence failed for invalid display -1
04-24 13:17:37.738 683 683 E HWComposer: getLayerReleaseFence: Invalid display
04-24 13:17:37.738 683 683 E HWComposer: getPresentFence failed for invalid display -1
04-24 13:17:37.789 683 683 E HWComposer: getLayerReleaseFence: Invalid display
04-24 13:17:37.789 683 683 E HWComposer: getPresentFence failed for invalid display -1
04-24 13:17:37.822 683 683 E HWComposer: getLayerReleaseFence: Invalid display
04-24 13:17:37.822 683 683 E HWComposer: getPresentFence failed for invalid display -1
04-24 13:17:37.855 683 683 E HWComposer: getLayerReleaseFence: Invalid display
04-24 13:17:37.856 683 683 E HWComposer: getPresentFence failed for invalid display -1
04-24 13:17:37.887 683 683 E HWComposer: getLayerReleaseFence: Invalid display
04-24 13:17:37.887 683 683 E HWComposer: getPresentFence failed for invalid display -1
04-24 13:17:37.921 683 683 E HWComposer: getLayerReleaseFence: Invalid display
04-24 13:17:37.921 683 683 E HWComposer: getPresentFence failed for invalid display -1
04-24 13:17:37.972 683 683 E HWComposer: getLayerReleaseFence: Invalid display
04-24 13:17:37.972 683 683 E HWComposer: getPresentFence failed for invalid display -1
04-24 13:17:38.004 683 683 E HWComposer: getLayerReleaseFence: Invalid display
04-24 13:17:38.004 683 683 E HWComposer: getPresentFence failed for invalid display -1
04-24 13:17:38.040 1176 1176 I TrafficMonitor: update:rxPkts:29,txPkts:4,rxBytes:2583,txBytes:496
04-24 13:17:38.040 1176 1176 I TrafficMonitor: start expired. level:-1
04-24 13:17:38.040 1176 1176 I TrafficMonitor: gettimer:interval=2000
04-24 13:17:38.056 683 683 E HWComposer: getLayerReleaseFence: Invalid display
04-24 13:17:38.056 683 683 E HWComposer: getPresentFence failed for invalid display -1
04-24 13:17:38.088 683 683 E HWComposer: getLayerReleaseFence: Invalid display
04-24 13:17:38.088 683 683 E HWComposer: getPresentFence failed for invalid display -1
04-24 13:17:38.120 683 683 E HWComposer: getLayerReleaseFence: Invalid display
04-24 13:17:38.120 683 683 E HWComposer: getPresentFence failed for invalid display -1
04-24 13:17:38.154 683 683 E HWComposer: getLayerReleaseFence: Invalid display
04-24 13:17:38.154 683 683 E HWComposer: getPresentFence failed for invalid display -1
04-24 13:17:38.187 683 683 E HWComposer: getLayerReleaseFence: Invalid display
04-24 13:17:38.187 683 683 E HWComposer: getPresentFence failed for invalid display -1
04-24 13:17:38.220 683 683 E HWComposer: getLayerReleaseFence: Invalid display
04-24 13:17:38.220 683 683 E HWComposer: getPresentFence failed for invalid display -1
04-24 13:17:38.254 683 683 E HWComposer: getLayerReleaseFence: Invalid display
04-24 13:17:38.254 683 683 E HWComposer: getPresentFence failed for invalid display -1
04-24 13:17:38.287 683 683 E HWComposer: getLayerReleaseFence: Invalid display
04-24 13:17:38.287 683 683 E HWComposer: getPresentFence failed for invalid display -1
04-24 13:17:38.321 683 683 E HWComposer: getLayerReleaseFence: Invalid display
04-24 13:17:38.321 683 683 E HWComposer: getPresentFence failed for invalid display -1
04-24 13:17:38.345 1176 1392 D HwArpVerifier: performPollAndLog:
04-24 13:17:38.346 1176 1392 D hw_netstat: total/255/1060,com.jiansheng.blmn.demo/120/1060,unknown:0/135/0
04-24 13:17:38.437 683 683 E HWComposer: getLayerReleaseFence: Invalid display
04-24 13:17:38.437 683 683 E HWComposer: getPresentFence failed for invalid display -1
04-24 13:17:38.465 742 742 E wificond: Failed to get NL80211_RATE_INFO_NOISE
04-24 13:17:38.465 742 742 E wificond: Failed to get NL80211_RATE_INFO_SNR
04-24 13:17:38.465 742 742 E wificond: Failed to get NL80211_STA_INFO_CNAHLOAD
04-24 13:17:38.466 1176 1337 E WificondControl: Noise: 0, Snr: -1, Chload: -1
04-24 13:17:38.466 1176 1339 D HwWifiCHRStateManager: handleMessage : 1001
04-24 13:17:38.466 1176 1339 D HwWifiCHRStateManager: handleUpdateChannel:2412
04-24 13:17:38.466 1176 1339 V HwWifiServiceFactory: get AllImpl object = com.android.server.wifi.HwWifiServiceFactoryImpl@2205edc
04-24 13:17:38.468 742 742 E wificond: Failed to get NL80211_RATE_INFO_NOISE
04-24 13:17:38.468 742 742 E wificond: Failed to get NL80211_RATE_INFO_SNR
04-24 13:17:38.468 742 742 E wificond: Failed to get NL80211_STA_INFO_CNAHLOAD
04-24 13:17:38.468 1106 1119 I OAM : [check_file_size:505]/data/log/wifi/wifi_log_1 log file beyond size=10240Byte, creat new file
04-24 13:17:38.468 1106 1119 I OAM : [rename_old_file:210]rename_old_file
04-24 13:17:38.468 1106 1119 I OAM :
04-24 13:17:38.471 1176 1406 D HuaweiWifiWatchdogStateMachine: LM mrssi=-30
04-24 13:17:38.472 1176 1406 D HuaweiWifiWatchdogStateMachine: a4:fa:**:**:eb:b0 current loss[-45]=0%, volume=9
04-24 13:17:38.472 683 683 E HWComposer: getLayerReleaseFence: Invalid display
04-24 13:17:38.472 683 683 E HWComposer: getPresentFence failed for invalid display -1
04-24 13:17:38.472 1176 1406 D HuaweiWifiWatchdogStateMachine: a4:fa:**:**:eb:b0 history loss[-45]=0%, volume=13826173
04-24 13:17:38.472 1176 1406 I HuaweiWifiWatchdogStateMachine: spd good count:0, add sc:0.0, rate:1.0
04-24 13:17:38.472 1176 1406 I HuaweiWifiWatchdogStateMachine: current mHighDataFlowRate = 1.0
04-24 13:17:38.472 1176 1406 I HuaweiWifiWatchdogStateMachine: POta txb txg rxg:0, 9, 0. Lr =0% Totpkt=9
04-24 13:17:38.473 1176 1176 D WiFi_PRO: MSG_RETURN_AP_CURRY_RSSI rssi = -30
04-24 13:17:38.473 1176 1176 I QosMonitor: queryRtt: rtt_type = 3
04-24 13:17:38.473 1176 1176 I HwQoEJNI: send_cmd_kernel. begin
04-24 13:17:38.473 1176 1176 I HwQoEJNI: send_cmd_kernel. end
04-24 13:17:38.473 1176 1176 I QosMonitor: postEventFromNative: msg=100,arg1=4,arg2=10
04-24 13:17:38.473 1176 1176 I HwQoEJNI: send_cmd_kernel. begin
04-24 13:17:38.473 1176 1176 I HwQoEJNI: send_cmd_kernel. end
04-24 13:17:38.474 1176 1176 I QosMonitor: postEventFromNative: msg=100,arg1=0,arg2=10
04-24 13:17:38.474 1176 1176 D HuaweiWifiWatchdogStateMachine: a4:fa:**:**:eb:b0 current RTT[-45]=400, volume=1
04-24 13:17:38.474 1176 1176 D HuaweiWifiWatchdogStateMachine: a4:fa:**:**:eb:b0 history RTT[-45]=510, volume=60976
04-24 13:17:38.474 1176 1176 D HuaweiWifiWatchdogStateMachine: setSampleRtt: rtt=400,rtt_pkts =1,rtt_when=1
04-24 13:17:38.474 1176 3109 D HwWifiConnectivityMonitor: ENTER: notifyTopUidTcpInfo, tx = 2, rx = 2, reTx = 0, uid = 10848, tr = 0.0
04-24 13:17:38.474 1176 1176 I MQoS : rtt=400,tcp_tx_pkts=481220,tcp_rx_pkts=921657
04-24 13:17:38.474 1176 3109 D HwWifiConnectivityMonitor: ENTER: notifyTopUidTcpInfo, rtt = 40, rttPkts = 1, aveRtt = 40.0, app = com.jiansheng.blmn.demo
04-24 13:17:38.474 1176 1176 I QosMonitor: resetRtt: rtt_type = 3
04-24 13:17:38.474 1176 3109 D HwUidTcpMonitor: parseWlanUidTcpStatistics lastUidTcpStatInfo = [ mUid = 10848 mPacketName = com.jiansheng.blmn.demo mSendSegs = 2684 mResendSegs = 0 mRcvSegs = 3075 ]
04-24 13:17:38.474 1176 1176 I HwQoEJNI: send_cmd_kernel. begin
04-24 13:17:38.474 1176 1176 I HwQoEJNI: send_cmd_kernel. end
04-24 13:17:38.474 1176 1400 D HwWifiConnectivityMonitor: handleTopUidInternetStatusChanged, uid = 10848, status = 0
04-24 13:17:38.474 1176 1406 D HuaweiWifiWatchdogStateMachine: dumpTcpResult: len=10,rtt=400,rttPkt=1,rttWn=1,cgt=0,cgtWn=0
04-24 13:17:38.475 1176 1406 I HuaweiWifiWatchdogStateMachine: PTcp RTT:0, rtt pkt=0, tcp_rx=2, tcp_tx=2, tcp_reTran=0, rtRate=0
04-24 13:17:38.475 1176 1406 D HuaweiWifiWatchdogStateMachine: mRssiBadCount =0, RSSI not bad.
04-24 13:17:38.475 1176 1406 D HuaweiWifiWatchdogStateMachine: detectNetworkAvailable:hw.wifipro.dns_fail_count = 131
04-24 13:17:38.475 1176 1406 D HuaweiWifiWatchdogStateMachine: detectNetworkAvailable: tcpRxPkts != 0, reset
04-24 13:17:38.475 1176 1406 D HuaweiWifiWatchdogStateMachine: bqeLevel = 2 rtt=0,rtt_pkts=0 speed=606 rssi=-30
04-24 13:17:38.475 1176 1406 D HuaweiWifiWatchdogStateMachine: Enter updateQoeLevel level = 2
04-24 13:17:38.475 1176 1406 D HuaweiWifiWatchdogStateMachine: updateQoeLevel current level equal to mLastDetectLevel, return
04-24 13:17:38.475 1176 1406 D HuaweiWifiWatchdogStateMachine: did not have any network action
04-24 13:17:38.477 1176 3515 I MQoS : QOS_level:0(0),wifi-link;SIM error;use level-0
04-24 13:17:38.537 683 683 E HWComposer: getLayerReleaseFence: Invalid display
04-24 13:17:38.537 683 683 E HWComposer: getPresentFence failed for invalid display -1
04-24 13:17:38.598 683 683 E HWComposer: getLayerReleaseFence: Invalid display
04-24 13:17:38.598 683 683 E HWComposer: getPresentFence failed for invalid display -1
04-24 13:17:38.638 683 683 E HWComposer: getLayerReleaseFence: Invalid display
04-24 13:17:38.638 683 683 E HWComposer: getPresentFence failed for invalid display -1
04-24 13:17:38.670 683 683 E HWComposer: getLayerReleaseFence: Invalid display
04-24 13:17:38.670 683 683 E HWComposer: getPresentFence failed for invalid display -1
04-24 13:17:38.722 683 683 E HWComposer: getLayerReleaseFence: Invalid display
04-24 13:17:38.722 683 683 E HWComposer: getPresentFence failed for invalid display -1
04-24 13:17:38.756 683 683 E HWComposer: getLayerReleaseFence: Invalid display
04-24 13:17:38.756 683 683 E HWComposer: getPresentFence failed for invalid display -1
04-24 13:17:38.787 683 683 E HWComposer: getLayerReleaseFence: Invalid display
04-24 13:17:38.787 683 683 E HWComposer: getPresentFence failed for invalid display -1
04-24 13:17:38.820 683 683 E HWComposer: getLayerReleaseFence: Invalid display
04-24 13:17:38.820 683 683 E HWComposer: getPresentFence failed for invalid display -1
04-24 13:17:38.872 683 683 E HWComposer: getLayerReleaseFence: Invalid display
04-24 13:17:38.872 683 683 E HWComposer: getPresentFence failed for invalid display -1
04-24 13:17:38.903 683 683 E HWComposer: getLayerReleaseFence: Invalid display
04-24 13:17:38.903 683 683 E HWComposer: getPresentFence failed for invalid display -1
04-24 13:17:38.955 683 683 E HWComposer: getLayerReleaseFence: Invalid display
04-24 13:17:38.955 683 683 E HWComposer: getPresentFence failed for invalid display -1
04-24 13:17:38.963 1176 1204 D SmartcareProc: onSignalStrengthsChanged: signalStrength is: SignalStrength: 99 -1 0 0 -67 -46 32767 -1 32767 99 0 0 0 2147483647 0 -1 true cdma , on sub: 1
04-24 13:17:38.963 1176 1204 D SmartcareProc: SignalStrength update result, ss: SignalStrengthInfo:68043809 mGsmSignalStrength: -1 mWcdmaRscp: -1 mWcdmaEcio: -1 mLteRsrp: -1 mLteRsrq: -1 mCdmaDbm: -67 mCdmaEcio: -46 mEvdoDbm: 32767mEvdoEcio: -1mLteRssnr: -1
04-24 13:17:38.964 1176 1176 I MQoS : onSignal: mSubId=1,currDataSubID=1
04-24 13:17:38.964 1176 1176 I MQoS : received cell-signal:5
04-24 13:17:38.988 683 683 E HWComposer: getLayerReleaseFence: Invalid display
04-24 13:17:38.988 683 683 E HWComposer: getPresentFence failed for invalid display -1
04-24 13:17:39.020 683 683 E HWComposer: getLayerReleaseFence: Invalid display
04-24 13:17:39.020 683 683 E HWComposer: getPresentFence failed for invalid display -1
04-24 13:17:39.038 1176 1176 I TrafficMonitor: expired arrive. level:-1
04-24 13:17:39.038 1176 1176 I TrafficMonitor: during_ms:2002,period_ms:2000
04-24 13:17:39.038 1176 1176 I TrafficMonitor: count:366,rx_sum:29,tx_sum:4,rxBytes:2583,during_ms:2002,rx_speed:1290.2097902097903,tx_speed:247.75224775224777,rto:7.25
04-24 13:17:39.038 1176 1176 D HuaweiWifiWatchdogStateMachine: speed: rxpkt:29, rxSpd:1290B/s, txpkt:4, txSpd:247
04-24 13:17:39.056 683 683 E HWComposer: getLayerReleaseFence: Invalid display
04-24 13:17:39.056 683 683 E HWComposer: getPresentFence failed for invalid display -1
04-24 13:17:39.086 683 683 E HWComposer: getLayerReleaseFence: Invalid display
04-24 13:17:39.086 683 683 E HWComposer: getPresentFence failed for invalid display -1
04-24 13:17:39.138 683 683 E HWComposer: getLayerReleaseFence: Invalid display
04-24 13:17:39.139 683 683 E HWComposer: getPresentFence failed for invalid display -1
04-24 13:17:39.172 683 683 E HWComposer: getLayerReleaseFence: Invalid display
04-24 13:17:39.172 683 683 E HWComposer: getPresentFence failed for invalid display -1
04-24 13:17:39.204 683 683 E HWComposer: getLayerReleaseFence: Invalid display
04-24 13:17:39.204 683 683 E HWComposer: getPresentFence failed for invalid display -1
04-24 13:17:39.236 683 683 E HWComposer: getLayerReleaseFence: Invalid display
04-24 13:17:39.236 683 683 E HWComposer: getPresentFence failed for invalid display -1
04-24 13:17:39.289 683 683 E HWComposer: getLayerReleaseFence: Invalid display
04-24 13:17:39.289 683 683 E HWComposer: getPresentFence failed for invalid display -1
04-24 13:17:39.319 683 683 E HWComposer: getLayerReleaseFence: Invalid display
04-24 13:17:39.319 683 683 E HWComposer: getPresentFence failed for invalid display -1
04-24 13:17:39.354 683 683 E HWComposer: getLayerReleaseFence: Invalid display
04-24 13:17:39.354 683 683 E HWComposer: getPresentFence failed for invalid display -1
04-24 13:17:39.386 683 683 E HWComposer: getLayerReleaseFence: Invalid display
04-24 13:17:39.386 683 683 E HWComposer: getPresentFence failed for invalid display -1
04-24 13:17:39.419 683 683 E HWComposer: getLayerReleaseFence: Invalid display
04-24 13:17:39.419 683 683 E HWComposer: getPresentFence failed for invalid display -1
04-24 13:17:39.487 683 683 E HWComposer: getLayerReleaseFence: Invalid display
04-24 13:17:39.487 683 683 E HWComposer: getPresentFence failed for invalid display -1
04-24 13:17:39.519 683 683 E HWComposer: getLayerReleaseFence: Invalid display
04-24 13:17:39.519 683 683 E HWComposer: getPresentFence failed for invalid display -1
04-24 13:17:39.553 683 683 E HWComposer: getLayerReleaseFence: Invalid display
04-24 13:17:39.553 683 683 E HWComposer: getPresentFence failed for invalid display -1
04-24 13:17:39.622 683 683 E HWComposer: getLayerReleaseFence: Invalid display
04-24 13:17:39.622 683 683 E HWComposer: getPresentFence failed for invalid display -1
04-24 13:17:39.689 683 683 E HWComposer: getLayerReleaseFence: Invalid display
04-24 13:17:39.689 683 683 E HWComposer: getPresentFence failed for invalid display -1
04-24 13:17:39.738 683 683 E HWComposer: getLayerReleaseFence: Invalid display
04-24 13:17:39.738 683 683 E HWComposer: getPresentFence failed for invalid display -1
04-24 13:17:39.789 683 683 E HWComposer: getLayerReleaseFence: Invalid display
04-24 13:17:39.789 683 683 E HWComposer: getPresentFence failed for invalid display -1
04-24 13:17:39.821 683 683 E HWComposer: getLayerReleaseFence: Invalid display
04-24 13:17:39.821 683 683 E HWComposer: getPresentFence failed for invalid display -1
04-24 13:17:39.870 683 683 E HWComposer: getLayerReleaseFence: Invalid display
04-24 13:17:39.870 683 683 E HWComposer: getPresentFence failed for invalid display -1
04-24 13:17:39.921 683 683 E HWComposer: getLayerReleaseFence: Invalid display
04-24 13:17:39.921 683 683 E HWComposer: getPresentFence failed for invalid display -1
04-24 13:17:39.971 683 683 E HWComposer: getLayerReleaseFence: Invalid display
04-24 13:17:39.971 683 683 E HWComposer: getPresentFence failed for invalid display -1
04-24 13:17:40.004 683 683 E HWComposer: getLayerReleaseFence: Invalid display
04-24 13:17:40.004 683 683 E HWComposer: getPresentFence failed for invalid display -1
04-24 13:17:40.036 683 683 E HWComposer: getLayerReleaseFence: Invalid display
04-24 13:17:40.036 683 683 E HWComposer: getPresentFence failed for invalid display -1
04-24 13:17:40.041 1176 1176 I TrafficMonitor: update:rxPkts:15,txPkts:2,rxBytes:1362,txBytes:376
04-24 13:17:40.041 1176 1176 I TrafficMonitor: start expired. level:-1
04-24 13:17:40.041 1176 1176 I TrafficMonitor: gettimer:interval=2000
04-24 13:17:40.105 683 683 E HWComposer: getLayerReleaseFence: Invalid display
04-24 13:17:40.105 683 683 E HWComposer: getPresentFence failed for invalid display -1
04-24 13:17:40.149 1176 1338 D HwWifiStatStore: handleMessage : 200
04-24 13:17:40.155 683 683 E HWComposer: getLayerReleaseFence: Invalid display
04-24 13:17:40.155 683 683 E HWComposer: getPresentFence failed for invalid display -1
04-24 13:17:40.187 683 683 E HWComposer: getLayerReleaseFence: Invalid display
04-24 13:17:40.187 683 683 E HWComposer: getPresentFence failed for invalid display -1
04-24 13:17:40.238 683 683 E HWComposer: getLayerReleaseFence: Invalid display
04-24 13:17:40.238 683 683 E HWComposer: getPresentFence failed for invalid display -1
04-24 13:17:40.288 683 683 E HWComposer: getLayerReleaseFence: Invalid display
04-24 13:17:40.288 683 683 E HWComposer: getPresentFence failed for invalid display -1
04-24 13:17:40.319 683 683 E HWComposer: getLayerReleaseFence: Invalid display
04-24 13:17:40.320 683 683 E HWComposer: getPresentFence failed for invalid display -1
04-24 13:17:40.370 683 683 E HWComposer: getLayerReleaseFence: Invalid display
04-24 13:17:40.371 683 683 E HWComposer: getPresentFence failed for invalid display -1
04-24 13:17:40.421 683 683 E HWComposer: getLayerReleaseFence: Invalid display
04-24 13:17:40.421 683 683 E HWComposer: getPresentFence failed for invalid display -1
04-24 13:17:40.453 683 683 E HWComposer: getLayerReleaseFence: Invalid display
04-24 13:17:40.454 683 683 E HWComposer: getPresentFence failed for invalid display -1
04-24 13:17:40.486 683 683 E HWComposer: getLayerReleaseFence: Invalid display
04-24 13:17:40.486 683 683 E HWComposer: getPresentFence failed for invalid display -1
04-24 13:17:40.493 777 777 E : [E/capacity_limit_control] not demo version, not set power control prop!
04-24 13:17:40.506 679 679 E WifiHAL : enter wifi_get_link_stats
04-24 13:17:40.511 742 742 E wificond: Failed to get NL80211_RATE_INFO_NOISE
04-24 13:17:40.511 742 742 E wificond: Failed to get NL80211_RATE_INFO_SNR
04-24 13:17:40.511 742 742 E wificond: Failed to get NL80211_STA_INFO_CNAHLOAD
04-24 13:17:40.511 1176 1337 E WificondControl: Noise: 0, Snr: -1, Chload: -1
04-24 13:17:40.512 1176 1339 D HwWifiCHRStateManager: handleMessage : 1001
04-24 13:17:40.512 1176 1339 D HwWifiCHRStateManager: handleUpdateChannel:2412
04-24 13:17:40.512 1176 1339 V HwWifiServiceFactory: get AllImpl object = com.android.server.wifi.HwWifiServiceFactoryImpl@2205edc
04-24 13:17:40.512 1176 1337 D HwCustWifiStateMachineReferenceImpl: checkRssiOverThreshold newRssi = -31
04-24 13:17:40.513 1176 1337 D WifiScoreReport: Score = 100, wifiConnectivityManagerEnabled = false, lowScoreCount = 0
04-24 13:17:40.519 683 683 E HWComposer: getLayerReleaseFence: Invalid display
04-24 13:17:40.519 683 683 E HWComposer: getPresentFence failed for invalid display -1
04-24 13:17:40.553 683 683 E HWComposer: getLayerReleaseFence: Invalid display
04-24 13:17:40.553 683 683 E HWComposer: getPresentFence failed for invalid display -1
04-24 13:17:40.586 683 683 E HWComposer: getLayerReleaseFence: Invalid display
04-24 13:17:40.586 683 683 E HWComposer: getPresentFence failed for invalid display -1
04-24 13:17:40.619 683 683 E HWComposer: getLayerReleaseFence: Invalid display
04-24 13:17:40.619 683 683 E HWComposer: getPresentFence failed for invalid display -1
04-24 13:17:40.670 683 683 E HWComposer: getLayerReleaseFence: Invalid display
04-24 13:17:40.670 683 683 E HWComposer: getPresentFence failed for invalid display -1
04-24 13:17:40.721 683 683 E HWComposer: getLayerReleaseFence: Invalid display
04-24 13:17:40.721 683 683 E HWComposer: getPresentFence failed for invalid display -1
04-24 13:17:40.753 683 683 E HWComposer: getLayerReleaseFence: Invalid display
04-24 13:17:40.754 683 683 E HWComposer: getPresentFence failed for invalid display -1
04-24 13:17:40.786 683 683 E HWComposer: getLayerReleaseFence: Invalid display
04-24 13:17:40.786 683 683 E HWComposer: getPresentFence failed for invalid display -1
04-24 13:17:40.839 683 683 E HWComposer: getLayerReleaseFence: Invalid display
04-24 13:17:40.839 683 683 E HWComposer: getPresentFence failed for invalid display -1
04-24 13:17:40.871 683 683 E HWComposer: getLayerReleaseFence: Invalid display
04-24 13:17:40.871 683 683 E HWComposer: getPresentFence failed for invalid display -1
04-24 13:17:40.903 683 683 E HWComposer: getLayerReleaseFence: Invalid display
04-24 13:17:40.903 683 683 E HWComposer: getPresentFence failed for invalid display -1
04-24 13:17:40.936 683 683 E HWComposer: getLayerReleaseFence: Invalid display
04-24 13:17:40.936 683 683 E HWComposer: getPresentFence failed for invalid display -1
04-24 13:17:40.969 683 683 E HWComposer: getLayerReleaseFence: Invalid display
04-24 13:17:40.969 683 683 E HWComposer: getPresentFence failed for invalid display -1
04-24 13:17:41.002 683 683 E HWComposer: getLayerReleaseFence: Invalid display
04-24 13:17:41.003 683 683 E HWComposer: getPresentFence failed for invalid display -1
04-24 13:17:41.055 683 683 E HWComposer: getLayerReleaseFence: Invalid display
04-24 13:17:41.055 683 683 E HWComposer: getPresentFence failed for invalid display -1
04-24 13:17:41.088 683 683 E HWComposer: getLayerReleaseFence: Invalid display
04-24 13:17:41.088 683 683 E HWComposer: getPresentFence failed for invalid display -1
04-24 13:17:41.120 683 683 E HWComposer: getLayerReleaseFence: Invalid display
04-24 13:17:41.120 683 683 E HWComposer: getPresentFence failed for invalid display -1
04-24 13:17:41.153 683 683 E HWComposer: getLayerReleaseFence: Invalid display
04-24 13:17:41.153 683 683 E HWComposer: getPresentFence failed for invalid display -1
04-24 13:17:41.187 683 683 E HWComposer: getLayerReleaseFence: Invalid display
04-24 13:17:41.188 683 683 E HWComposer: getPresentFence failed for invalid display -1
04-24 13:17:41.220 683 683 E HWComposer: getLayerReleaseFence: Invalid display
04-24 13:17:41.220 683 683 E HWComposer: getPresentFence failed for invalid display -1
04-24 13:17:41.253 683 683 E HWComposer: getLayerReleaseFence: Invalid display
04-24 13:17:41.253 683 683 E HWComposer: getPresentFence failed for invalid display -1
04-24 13:17:41.285 683 683 E HWComposer: getLayerReleaseFence: Invalid display
04-24 13:17:41.285 683 683 E HWComposer: getPresentFence failed for invalid display -1
04-24 13:17:41.336 683 683 E HWComposer: getLayerReleaseFence: Invalid display
04-24 13:17:41.336 683 683 E HWComposer: getPresentFence failed for invalid display -1
04-24 13:17:41.369 683 683 E HWComposer: getLayerReleaseFence: Invalid display
04-24 13:17:41.369 683 683 E HWComposer: getPresentFence failed for invalid display -1
04-24 13:17:41.402 683 683 E HWComposer: getLayerReleaseFence: Invalid display
04-24 13:17:41.402 683 683 E HWComposer: getPresentFence failed for invalid display -1
04-24 13:17:41.435 683 683 E HWComposer: getLayerReleaseFence: Invalid display
04-24 13:17:41.435 683 683 E HWComposer: getPresentFence failed for invalid display -1
04-24 13:17:41.486 683 683 E HWComposer: getLayerReleaseFence: Invalid display
04-24 13:17:41.487 683 683 E HWComposer: getPresentFence failed for invalid display -1
04-24 13:17:41.519 683 683 E HWComposer: getLayerReleaseFence: Invalid display
04-24 13:17:41.519 683 683 E HWComposer: getPresentFence failed for invalid display -1
04-24 13:17:41.553 683 683 E HWComposer: getLayerReleaseFence: Invalid display
04-24 13:17:41.554 683 683 E HWComposer: getPresentFence failed for invalid display -1
04-24 13:17:41.586 683 683 E HWComposer: getLayerReleaseFence: Invalid display
04-24 13:17:41.586 683 683 E HWComposer: getPresentFence failed for invalid display -1
04-24 13:17:41.618 683 683 E HWComposer: getLayerReleaseFence: Invalid display
04-24 13:17:41.619 683 683 E HWComposer: getPresentFence failed for invalid display -1
04-24 13:17:41.653 683 683 E HWComposer: getLayerReleaseFence: Invalid display
04-24 13:17:41.653 683 683 E HWComposer: getPresentFence failed for invalid display -1
04-24 13:17:41.719 683 683 E HWComposer: getLayerReleaseFence: Invalid display
04-24 13:17:41.719 683 683 E HWComposer: getPresentFence failed for invalid display -1
04-24 13:17:41.752 683 683 E HWComposer: getLayerReleaseFence: Invalid display
04-24 13:17:41.752 683 683 E HWComposer: getPresentFence failed for invalid display -1
04-24 13:17:41.870 683 683 E HWComposer: getLayerReleaseFence: Invalid display
04-24 13:17:41.870 683 683 E HWComposer: getPresentFence failed for invalid display -1
04-24 13:17:41.919 683 683 E HWComposer: getLayerReleaseFence: Invalid display
04-24 13:17:41.919 683 683 E HWComposer: getPresentFence failed for invalid display -1
04-24 13:17:41.969 683 683 E HWComposer: getLayerReleaseFence: Invalid display
04-24 13:17:41.969 683 683 E HWComposer: getPresentFence failed for invalid display -1
04-24 13:17:41.987 683 683 E HWComposer: getLayerReleaseFence: Invalid display
04-24 13:17:41.987 683 683 E HWComposer: getPresentFence failed for invalid display -1
04-24 13:17:42.037 683 683 E HWComposer: getLayerReleaseFence: Invalid display
04-24 13:17:42.037 683 683 E HWComposer: getPresentFence failed for invalid display -1
04-24 13:17:42.042 1176 1176 I TrafficMonitor: update:rxPkts:19,txPkts:5,rxBytes:1190,txBytes:520
04-24 13:17:42.042 1176 1176 I TrafficMonitor: start expired. level:-1
04-24 13:17:42.043 1176 1176 I TrafficMonitor: gettimer:interval=2000
04-24 13:17:42.052 683 683 E HWComposer: getLayerReleaseFence: Invalid display
04-24 13:17:42.052 683 683 E HWComposer: getPresentFence failed for invalid display -1
04-24 13:17:42.103 683 683 E HWComposer: getLayerReleaseFence: Invalid display
04-24 13:17:42.103 683 683 E HWComposer: getPresentFence failed for invalid display -1
04-24 13:17:42.154 683 683 E HWComposer: getLayerReleaseFence: Invalid display
04-24 13:17:42.154 683 683 E HWComposer: getPresentFence failed for invalid display -1
04-24 13:17:42.186 683 683 E HWComposer: getLayerReleaseFence: Invalid display
04-24 13:17:42.186 683 683 E HWComposer: getPresentFence failed for invalid display -1
04-24 13:17:42.253 683 683 E HWComposer: getLayerReleaseFence: Invalid display
04-24 13:17:42.253 683 683 E HWComposer: getPresentFence failed for invalid display -1
04-24 13:17:42.304 683 683 E HWComposer: getLayerReleaseFence: Invalid display
04-24 13:17:42.304 683 683 E HWComposer: getPresentFence failed for invalid display -1
04-24 13:17:42.353 683 683 E HWComposer: getLayerReleaseFence: Invalid display
04-24 13:17:42.354 683 683 E HWComposer: getPresentFence failed for invalid display -1
04-24 13:17:42.384 683 683 E HWComposer: getLayerReleaseFence: Invalid display
04-24 13:17:42.385 683 683 E HWComposer: getPresentFence failed for invalid display -1
04-24 13:17:42.418 683 683 E HWComposer: getLayerReleaseFence: Invalid display
04-24 13:17:42.418 683 683 E HWComposer: getPresentFence failed for invalid display -1
04-24 13:17:42.470 683 683 E HWComposer: getLayerReleaseFence: Invalid display
04-24 13:17:42.470 683 683 E HWComposer: getPresentFence failed for invalid display -1
04-24 13:17:42.502 683 683 E HWComposer: getLayerReleaseFence: Invalid display
04-24 13:17:42.502 683 683 E HWComposer: getPresentFence failed for invalid display -1
04-24 13:17:42.535 683 683 E HWComposer: getLayerReleaseFence: Invalid display
04-24 13:17:42.535 683 683 E HWComposer: getPresentFence failed for invalid display -1
04-24 13:17:42.587 683 683 E HWComposer: getLayerReleaseFence: Invalid display
04-24 13:17:42.587 683 683 E HWComposer: getPresentFence failed for invalid display -1
04-24 13:17:42.619 683 683 E HWComposer: getLayerReleaseFence: Invalid display
04-24 13:17:42.620 683 683 E HWComposer: getPresentFence failed for invalid display -1
04-24 13:17:42.652 683 683 E HWComposer: getLayerReleaseFence: Invalid display
04-24 13:17:42.652 683 683 E HWComposer: getPresentFence failed for invalid display -1
04-24 13:17:42.702 683 683 E HWComposer: getLayerReleaseFence: Invalid display
04-24 13:17:42.702 683 683 E HWComposer: getPresentFence failed for invalid display -1
04-24 13:17:42.752 683 683 E HWComposer: getLayerReleaseFence: Invalid display
04-24 13:17:42.752 683 683 E HWComposer: getPresentFence failed for invalid display -1
04-24 13:17:42.785 683 683 E HWComposer: getLayerReleaseFence: Invalid display
04-24 13:17:42.785 683 683 E HWComposer: getPresentFence failed for invalid display -1
04-24 13:17:42.835 683 683 E HWComposer: getLayerReleaseFence: Invalid display
04-24 13:17:42.836 683 683 E HWComposer: getPresentFence failed for invalid display -1
04-24 13:17:42.868 683 683 E HWComposer: getLayerReleaseFence: Invalid display
04-24 13:17:42.868 683 683 E HWComposer: getPresentFence failed for invalid display -1
04-24 13:17:42.901 683 683 E HWComposer: getLayerReleaseFence: Invalid display
04-24 13:17:42.901 683 683 E HWComposer: getPresentFence failed for invalid display -1
04-24 13:17:42.935 683 683 E HWComposer: getLayerReleaseFence: Invalid display
04-24 13:17:42.935 683 683 E HWComposer: getPresentFence failed for invalid display -1
04-24 13:17:42.986 683 683 E HWComposer: getLayerReleaseFence: Invalid display
04-24 13:17:42.986 683 683 E HWComposer: getPresentFence failed for invalid display -1
04-24 13:17:43.017 683 683 E HWComposer: getLayerReleaseFence: Invalid display
04-24 13:17:43.018 683 683 E HWComposer: getPresentFence failed for invalid display -1
04-24 13:17:43.051 683 683 E HWComposer: getLayerReleaseFence: Invalid display
04-24 13:17:43.051 683 683 E HWComposer: getPresentFence failed for invalid display -1
04-24 13:17:43.103 683 683 E HWComposer: getLayerReleaseFence: Invalid display
04-24 13:17:43.104 683 683 E HWComposer: getPresentFence failed for invalid display -1
04-24 13:17:43.153 1176 1338 D HwWifiStatStore: handleMessage : 200
04-24 13:17:43.154 683 683 E HWComposer: getLayerReleaseFence: Invalid display
04-24 13:17:43.154 683 683 E HWComposer: getPresentFence failed for invalid display -1
04-24 13:17:43.185 683 683 E HWComposer: getLayerReleaseFence: Invalid display
04-24 13:17:43.185 683 683 E HWComposer: getPresentFence failed for invalid display -1
04-24 13:17:43.218 683 683 E HWComposer: getLayerReleaseFence: Invalid display
04-24 13:17:43.218 683 683 E HWComposer: getPresentFence failed for invalid display -1
04-24 13:17:43.302 683 683 E HWComposer: getLayerReleaseFence: Invalid display
04-24 13:17:43.302 683 683 E HWComposer: getPresentFence failed for invalid display -1
04-24 13:17:43.351 1176 1392 D HwArpVerifier: performPollAndLog:
04-24 13:17:43.353 1176 1392 D hw_netstat: total/236/1084,com.jiansheng.blmn.demo/200/1084,unknown:0/36/0
04-24 13:17:43.368 683 683 E HWComposer: getLayerReleaseFence: Invalid display
04-24 13:17:43.369 683 683 E HWComposer: getPresentFence failed for invalid display -1
04-24 13:17:43.435 683 683 E HWComposer: getLayerReleaseFence: Invalid display
04-24 13:17:43.435 683 683 E HWComposer: getPresentFence failed for invalid display -1
04-24 13:17:43.484 683 683 E HWComposer: getLayerReleaseFence: Invalid display
04-24 13:17:43.484 683 683 E HWComposer: getPresentFence failed for invalid display -1
04-24 13:17:43.516 679 679 E WifiHAL : enter wifi_get_link_stats
04-24 13:17:43.521 742 742 E wificond: Failed to get NL80211_RATE_INFO_NOISE
04-24 13:17:43.521 742 742 E wificond: Failed to get NL80211_RATE_INFO_SNR
04-24 13:17:43.521 742 742 E wificond: Failed to get NL80211_STA_INFO_CNAHLOAD
04-24 13:17:43.521 1176 1337 E WificondControl: Noise: 0, Snr: -1, Chload: -1
04-24 13:17:43.521 1176 1339 D HwWifiCHRStateManager: handleMessage : 1001
04-24 13:17:43.521 1176 1339 D HwWifiCHRStateManager: handleUpdateChannel:2412
04-24 13:17:43.521 1176 1339 V HwWifiServiceFactory: get AllImpl object = com.android.server.wifi.HwWifiServiceFactoryImpl@2205edc
04-24 13:17:43.522 1176 1337 D HwCustWifiStateMachineReferenceImpl: checkRssiOverThreshold newRssi = -29
04-24 13:17:43.522 1176 1337 D WifiScoreReport: Score = 100, wifiConnectivityManagerEnabled = false, lowScoreCount = 0
04-24 13:17:43.537 683 683 E HWComposer: getLayerReleaseFence: Invalid display
04-24 13:17:43.538 683 683 E HWComposer: getPresentFence failed for invalid display -1
04-24 13:17:43.554 683 683 E HWComposer: getLayerReleaseFence: Invalid display
04-24 13:17:43.554 683 683 E HWComposer: getPresentFence failed for invalid display -1
04-24 13:17:43.602 683 683 E HWComposer: getLayerReleaseFence: Invalid display
04-24 13:17:43.602 683 683 E HWComposer: getPresentFence failed for invalid display -1
04-24 13:17:43.634 683 683 E HWComposer: getLayerReleaseFence: Invalid display
04-24 13:17:43.634 683 683 E HWComposer: getPresentFence failed for invalid display -1
04-24 13:17:43.685 683 683 E HWComposer: getLayerReleaseFence: Invalid display
04-24 13:17:43.686 683 683 E HWComposer: getPresentFence failed for invalid display -1
04-24 13:17:43.718 683 683 E HWComposer: getLayerReleaseFence: Invalid display
04-24 13:17:43.718 683 683 E HWComposer: getPresentFence failed for invalid display -1
04-24 13:17:43.751 683 683 E HWComposer: getLayerReleaseFence: Invalid display
04-24 13:17:43.751 683 683 E HWComposer: getPresentFence failed for invalid display -1
04-24 13:17:43.817 683 683 E HWComposer: getLayerReleaseFence: Invalid display
04-24 13:17:43.817 683 683 E HWComposer: getPresentFence failed for invalid display -1
04-24 13:17:43.869 683 683 E HWComposer: getLayerReleaseFence: Invalid display
04-24 13:17:43.869 683 683 E HWComposer: getPresentFence failed for invalid display -1
04-24 13:17:43.917 683 683 E HWComposer: getLayerReleaseFence: Invalid display
04-24 13:17:43.917 683 683 E HWComposer: getPresentFence failed for invalid display -1
04-24 13:17:43.969 683 683 E HWComposer: getLayerReleaseFence: Invalid display
04-24 13:17:43.969 683 683 E HWComposer: getPresentFence failed for invalid display -1
04-24 13:17:43.984 683 683 E HWComposer: getLayerReleaseFence: Invalid display
04-24 13:17:43.984 683 683 E HWComposer: getPresentFence failed for invalid display -1
04-24 13:17:44.043 1176 1176 I TrafficMonitor: update:rxPkts:26,txPkts:2,rxBytes:1887,txBytes:376
04-24 13:17:44.043 1176 1176 I TrafficMonitor: start expired. level:-1
04-24 13:17:44.044 1176 1176 I TrafficMonitor: gettimer:interval=2000
04-24 13:17:44.052 683 683 E HWComposer: getLayerReleaseFence: Invalid display
04-24 13:17:44.052 683 683 E HWComposer: getPresentFence failed for invalid display -1
04-24 13:17:44.057 688 688 I aptouch_daemon: filter_touch_detect, down, in: 1, out: 1
04-24 13:17:44.074 683 683 E HWComposer: getLayerReleaseFence: Invalid display
04-24 13:17:44.074 683 683 E HWComposer: getPresentFence failed for invalid display -1
04-24 13:17:44.122 683 683 E HWComposer: getLayerReleaseFence: Invalid display
04-24 13:17:44.122 683 683 E HWComposer: getPresentFence failed for invalid display -1
04-24 13:17:44.168 683 683 E HWComposer: getLayerReleaseFence: Invalid display
04-24 13:17:44.168 683 683 E HWComposer: getPresentFence failed for invalid display -1
04-24 13:17:44.200 683 683 E HWComposer: getLayerReleaseFence: Invalid display
04-24 13:17:44.200 683 683 E HWComposer: getPresentFence failed for invalid display -1
04-24 13:17:44.253 683 683 E HWComposer: getLayerReleaseFence: Invalid display
04-24 13:17:44.253 683 683 E HWComposer: getPresentFence failed for invalid display -1
04-24 13:17:44.285 683 683 E HWComposer: getLayerReleaseFence: Invalid display
04-24 13:17:44.286 683 683 E HWComposer: getPresentFence failed for invalid display -1
04-24 13:17:44.352 683 683 E HWComposer: getLayerReleaseFence: Invalid display
04-24 13:17:44.353 683 683 E HWComposer: getPresentFence failed for invalid display -1
04-24 13:17:44.385 683 683 E HWComposer: getLayerReleaseFence: Invalid display
04-24 13:17:44.385 683 683 E HWComposer: getPresentFence failed for invalid display -1
04-24 13:17:44.435 683 683 E HWComposer: getLayerReleaseFence: Invalid display
04-24 13:17:44.435 683 683 E HWComposer: getPresentFence failed for invalid display -1
04-24 13:17:44.467 683 683 E HWComposer: getLayerReleaseFence: Invalid display
04-24 13:17:44.467 683 683 E HWComposer: getPresentFence failed for invalid display -1
04-24 13:17:44.520 683 683 E HWComposer: getLayerReleaseFence: Invalid display
04-24 13:17:44.520 683 683 E HWComposer: getPresentFence failed for invalid display -1
04-24 13:17:44.552 683 683 E HWComposer: getLayerReleaseFence: Invalid display
04-24 13:17:44.552 683 683 E HWComposer: getPresentFence failed for invalid display -1
04-24 13:17:44.584 683 683 E HWComposer: getLayerReleaseFence: Invalid display
04-24 13:17:44.584 683 683 E HWComposer: getPresentFence failed for invalid display -1
04-24 13:17:44.618 683 683 E HWComposer: getLayerReleaseFence: Invalid display
04-24 13:17:44.618 683 683 E HWComposer: getPresentFence failed for invalid display -1
04-24 13:17:44.655 1176 1302 W AlarmManager: mIsScreenOn is: true, WAKEUP alarm trigger action = ALARM_ACTION(27905) package name is: com.tencent.mm
04-24 13:17:44.656 27905 27971 I longlink_progress: on_heartbeat_alarm, time: 355052813, is_noop_timeout:0
04-24 13:17:44.669 683 683 E HWComposer: getLayerReleaseFence: Invalid display
04-24 13:17:44.669 683 683 E HWComposer: getPresentFence failed for invalid display -1
04-24 13:17:44.683 1176 1490 W ProcBatteryStats: timer is running , not start, name: com.tencent.mm, uid: 10824, tag: PlatformComm
04-24 13:17:44.685 1176 1490 I chatty : uid=1000(system) Binder:1176_4 identical 1 line
04-24 13:17:44.690 1176 1490 W ProcBatteryStats: timer is running , not start, name: com.tencent.mm, uid: 10824, tag: PlatformComm
04-24 13:17:44.701 1176 5848 V BroadcastQueue: Finished with ordered broadcast BroadcastRecord{2b6ca59 u0 ALARM_ACTION(27905)}
04-24 13:17:44.708 27905 28003 I longlink_progress: on_heartbeat_set, time: 355052865, time interval:210000
04-24 13:17:44.716 27905 28003 I longlink_progress: on_heartbeat_set, time: 355052873, time interval:210000
04-24 13:17:44.719 683 683 E HWComposer: getLayerReleaseFence: Invalid display
04-24 13:17:44.719 683 683 E HWComposer: getPresentFence failed for invalid display -1
04-24 13:17:44.750 683 683 E HWComposer: getLayerReleaseFence: Invalid display
04-24 13:17:44.750 683 683 E HWComposer: getPresentFence failed for invalid display -1
04-24 13:17:44.785 683 683 E HWComposer: getLayerReleaseFence: Invalid display
04-24 13:17:44.785 683 683 E HWComposer: getPresentFence failed for invalid display -1
04-24 13:17:44.835 683 683 E HWComposer: getLayerReleaseFence: Invalid display
04-24 13:17:44.835 683 683 E HWComposer: getPresentFence failed for invalid display -1
04-24 13:17:44.884 683 683 E HWComposer: getLayerReleaseFence: Invalid display
04-24 13:17:44.884 683 683 E HWComposer: getPresentFence failed for invalid display -1
04-24 13:17:44.934 683 683 E HWComposer: getLayerReleaseFence: Invalid display
04-24 13:17:44.934 683 683 E HWComposer: getPresentFence failed for invalid display -1
04-24 13:17:44.968 683 683 E HWComposer: getLayerReleaseFence: Invalid display
04-24 13:17:44.968 683 683 E HWComposer: getPresentFence failed for invalid display -1
04-24 13:17:45.018 683 683 E HWComposer: getLayerReleaseFence: Invalid display
04-24 13:17:45.018 683 683 E HWComposer: getPresentFence failed for invalid display -1
04-24 13:17:45.041 1176 1176 I TrafficMonitor: expired arrive. level:-1
04-24 13:17:45.042 1176 1176 I TrafficMonitor: during_ms:2001,period_ms:2000
04-24 13:17:45.042 1176 1176 I TrafficMonitor: count:369,rx_sum:26,tx_sum:2,rxBytes:1887,during_ms:2001,rx_speed:943.0284857571215,tx_speed:187.90604697651176,rto:13.0
