04-24 13:01:57.968 1729 1729 I MsgReceiver: intent action: android.intent.action.BATTERY_CHANGED
04-24 13:01:57.975 5515 5671 E CloudAlbum[8.1.2.309]: [ReceiverManager] not log on ignore
04-24 13:01:57.997 1463 1463 W HwLockScreenPanel: refreshBatteryInfo: null
04-24 13:01:58.086 1463 1475 I zygote64: Background concurrent copying GC freed 298008(11MB) AllocSpace objects, 0(0B) LOS objects, 60% free, 7MB/19MB, paused 4.940ms total 116.366ms
04-24 13:01:58.397 1176 1176 I TrafficMonitor: expired arrive. level:-1
04-24 13:01:58.398 1176 1176 I TrafficMonitor: during_ms:2006,period_ms:2000
04-24 13:01:58.398 1176 1176 I TrafficMonitor: count:33,rx_sum:0,tx_sum:0,rxBytes:0,during_ms:2006,rx_speed:0.0,tx_speed:0.0,rto:0.0
04-24 13:01:58.398 1176 1176 D HuaweiWifiWatchdogStateMachine: speed: rxpkt:0, rxSpd:0B/s, txpkt:0, txSpd:0
04-24 13:01:59.413 1176 1176 I TrafficMonitor: update:rxPkts:0,txPkts:0,rxBytes:0,txBytes:0
04-24 13:01:59.413 1176 1176 I TrafficMonitor: start expired. level:-1
04-24 13:01:59.413 1176 1176 I TrafficMonitor: gettimer:interval=2000
04-24 13:01:59.976 1176 1392 D HwArpVerifier: performPollAndLog:
04-24 13:01:59.980 1176 1392 D hw_netstat: total/0/0
04-24 13:02:00.568 1176 1338 D HwWifiStatStore: handleMessage : 200
04-24 13:02:01.419 1176 1176 I TrafficMonitor: update:rxPkts:0,txPkts:0,rxBytes:0,txBytes:0
04-24 13:02:01.419 1176 1176 I TrafficMonitor: start expired. level:-1
04-24 13:02:01.420 1176 1176 I TrafficMonitor: gettimer:interval=2000
04-24 13:02:01.654 742 742 E wificond: Failed to get NL80211_RATE_INFO_NOISE
04-24 13:02:01.654 742 742 E wificond: Failed to get NL80211_RATE_INFO_SNR
04-24 13:02:01.654 742 742 E wificond: Failed to get NL80211_STA_INFO_CNAHLOAD
04-24 13:02:01.655 1176 1337 E WificondControl: Noise: 0, Snr: -1, Chload: -1
04-24 13:02:01.656 1176 1339 D HwWifiCHRStateManager: handleMessage : 1001
04-24 13:02:01.656 1176 1339 D HwWifiCHRStateManager: handleUpdateChannel:2412
04-24 13:02:01.657 1176 1339 V HwWifiServiceFactory: get AllImpl object = com.android.server.wifi.HwWifiServiceFactoryImpl@2205edc
04-24 13:02:01.660 742 742 E wificond: Failed to get NL80211_RATE_INFO_NOISE
04-24 13:02:01.660 742 742 E wificond: Failed to get NL80211_RATE_INFO_SNR
04-24 13:02:01.661 742 742 E wificond: Failed to get NL80211_STA_INFO_CNAHLOAD
04-24 13:02:01.663 1176 1406 D HuaweiWifiWatchdogStateMachine: LM mrssi=-30
04-24 13:02:01.663 1176 1176 D WiFi_PRO: MSG_RETURN_AP_CURRY_RSSI rssi = -30
04-24 13:02:01.663 1176 1406 D HuaweiWifiWatchdogStateMachine: a4:fa:**:**:eb:b0 current loss[-45]=0%, volume=1
04-24 13:02:01.664 1176 1176 I QosMonitor: queryRtt: rtt_type = 3
04-24 13:02:01.664 1176 1406 D HuaweiWifiWatchdogStateMachine: a4:fa:**:**:eb:b0 history loss[-45]=0%, volume=13825674
04-24 13:02:01.664 1176 1176 I HwQoEJNI: send_cmd_kernel. begin
04-24 13:02:01.664 1176 1406 I HuaweiWifiWatchdogStateMachine: spd good count:0, add sc:0.0, rate:1.0
04-24 13:02:01.664 1176 1176 I HwQoEJNI: send_cmd_kernel. end
04-24 13:02:01.664 1176 1176 I QosMonitor: postEventFromNative: msg=100,arg1=4,arg2=10
04-24 13:02:01.665 1176 1176 D HuaweiWifiWatchdogStateMachine: setSampleRtt: unvalid rtt
04-24 13:02:01.665 1176 1406 D HuaweiWifiWatchdogStateMachine: high data flow: protection_counter = 0, not_detect_counter = 399
04-24 13:02:01.665 1176 1406 D HuaweiWifiWatchdogStateMachine: high data flow scenario: 0 --> 0 rx bytes =0KB
04-24 13:02:01.665 1176 1406 I HuaweiWifiWatchdogStateMachine: current mHighDataFlowRate = 1.0
04-24 13:02:01.665 1176 1406 I HuaweiWifiWatchdogStateMachine: POta txb txg rxg:0, 31, 0. Lr =0% Totpkt=31
04-24 13:02:01.667 1176 1176 I HwQoEJNI: send_cmd_kernel. begin
04-24 13:02:01.667 1176 1176 I HwQoEJNI: send_cmd_kernel. end
04-24 13:02:01.667 1176 1176 I QosMonitor: postEventFromNative: msg=100,arg1=0,arg2=10
04-24 13:02:01.668 1176 1176 I MQoS : rtt=320,tcp_tx_pkts=480976,tcp_rx_pkts=921438
04-24 13:02:01.668 1176 1406 D HuaweiWifiWatchdogStateMachine: dumpTcpResult: len=10,rtt=320,rttPkt=1,rttWn=69,cgt=0,cgtWn=0
04-24 13:02:01.669 1176 1406 I HuaweiWifiWatchdogStateMachine: PTcp RTT:0, rtt pkt=0, tcp_rx=0, tcp_tx=0, tcp_reTran=0, rtRate=0
04-24 13:02:01.669 1176 1406 D HuaweiWifiWatchdogStateMachine: mRssiBadCount =0, RSSI not bad.
04-24 13:02:01.669 1176 1406 D HuaweiWifiWatchdogStateMachine: detectNetworkAvailable:hw.wifipro.dns_fail_count = 131
04-24 13:02:01.669 1176 1406 D HuaweiWifiWatchdogStateMachine: bqeLevel = 2 rtt=0,rtt_pkts=0 speed=26 rssi=-30
04-24 13:02:01.669 1176 1406 D HuaweiWifiWatchdogStateMachine: Enter updateQoeLevel level = 2
04-24 13:02:01.669 1176 1406 D HuaweiWifiWatchdogStateMachine: updateQoeLevel current level equal to mLastDetectLevel, return
04-24 13:02:01.669 1176 1406 D HuaweiWifiWatchdogStateMachine: did not have any network action
04-24 13:02:01.682 1176 3515 I MQoS : QOS_level:0(0),wifi-link;SIM error;use level-0
04-24 13:02:02.948 777 777 E : [E/capacity_limit_control] not demo version, not set power control prop!
04-24 13:02:03.425 1176 1176 I TrafficMonitor: update:rxPkts:0,txPkts:0,rxBytes:0,txBytes:0
04-24 13:02:03.426 1176 1176 I TrafficMonitor: start expired. level:-1
04-24 13:02:03.426 1176 1176 I TrafficMonitor: gettimer:interval=2000
04-24 13:02:03.575 1176 1338 D HwWifiStatStore: handleMessage : 200
04-24 13:02:04.415 1176 1176 I TrafficMonitor: expired arrive. level:-1
04-24 13:02:04.416 1176 1176 I TrafficMonitor: during_ms:2007,period_ms:2000
04-24 13:02:04.416 1176 1176 I TrafficMonitor: count:36,rx_sum:0,tx_sum:0,rxBytes:0,during_ms:2007,rx_speed:0.0,tx_speed:0.0,rto:0.0
04-24 13:02:04.416 1176 1176 D HuaweiWifiWatchdogStateMachine: speed: rxpkt:0, rxSpd:0B/s, txpkt:0, txSpd:0
04-24 13:02:04.987 1176 1392 D HwArpVerifier: performPollAndLog:
04-24 13:02:04.992 1176 1392 D hw_netstat: total/0/0
04-24 13:02:05.431 1176 1176 I TrafficMonitor: update:rxPkts:0,txPkts:0,rxBytes:0,txBytes:0
04-24 13:02:05.431 1176 1176 I TrafficMonitor: start expired. level:-1
04-24 13:02:05.432 1176 1176 I TrafficMonitor: gettimer:interval=2000
04-24 13:02:06.582 1176 1338 D HwWifiStatStore: handleMessage : 200
04-24 13:02:06.894 487 620 W SocketListener: sending broadcast to Pid = 1176, Uid = 1000
04-24 13:02:06.901 1176 1332 D NetdConnector: RCV <- {613 IfaceClass idle 1 354114997672895}
04-24 13:02:06.906 1176 1332 D NetdConnector: RCV <- {613 IfaceClass idle 1 354114997672895}
04-24 13:02:06.910 1176 1202 D NetdConnector: RCV unsolicited event from native daemon, event = 613
04-24 13:02:07.437 1176 1176 I TrafficMonitor: update:rxPkts:0,txPkts:0,rxBytes:0,txBytes:0
04-24 13:02:07.437 1176 1176 I TrafficMonitor: start expired. level:-1
04-24 13:02:07.438 1176 1176 I TrafficMonitor: gettimer:interval=2000
04-24 13:02:07.959 777 777 E : [E/capacity_limit_control] not demo version, not set power control prop!
04-24 13:02:09.443 1176 1176 I TrafficMonitor: update:rxPkts:0,txPkts:0,rxBytes:0,txBytes:0
04-24 13:02:09.444 1176 1176 I TrafficMonitor: start expired. level:-1
04-24 13:02:09.444 1176 1176 I TrafficMonitor: gettimer:interval=2000
04-24 13:02:09.589 1176 1338 D HwWifiStatStore: handleMessage : 200
04-24 13:02:09.661 742 742 E wificond: Failed to get NL80211_RATE_INFO_NOISE
04-24 13:02:09.661 742 742 E wificond: Failed to get NL80211_RATE_INFO_SNR
04-24 13:02:09.662 742 742 E wificond: Failed to get NL80211_STA_INFO_CNAHLOAD
04-24 13:02:09.662 1176 1337 E WificondControl: Noise: 0, Snr: -1, Chload: -1
04-24 13:02:09.664 1176 1339 D HwWifiCHRStateManager: handleMessage : 1001
04-24 13:02:09.664 1176 1339 D HwWifiCHRStateManager: handleUpdateChannel:2412
04-24 13:02:09.664 1176 1339 V HwWifiServiceFactory: get AllImpl object = com.android.server.wifi.HwWifiServiceFactoryImpl@2205edc
04-24 13:02:09.668 742 742 E wificond: Failed to get NL80211_RATE_INFO_NOISE
04-24 13:02:09.668 742 742 E wificond: Failed to get NL80211_RATE_INFO_SNR
04-24 13:02:09.668 742 742 E wificond: Failed to get NL80211_STA_INFO_CNAHLOAD
04-24 13:02:09.670 1176 1406 D HuaweiWifiWatchdogStateMachine: LM mrssi=-29
04-24 13:02:09.670 1176 1176 D WiFi_PRO: MSG_RETURN_AP_CURRY_RSSI rssi = -29
04-24 13:02:09.670 1176 1176 I QosMonitor: queryRtt: rtt_type = 3
04-24 13:02:09.671 1176 1176 I HwQoEJNI: send_cmd_kernel. begin
04-24 13:02:09.671 1176 1176 I HwQoEJNI: send_cmd_kernel. end
04-24 13:02:09.672 1176 1176 I QosMonitor: postEventFromNative: msg=100,arg1=4,arg2=10
04-24 13:02:09.672 1176 1176 D HuaweiWifiWatchdogStateMachine: setSampleRtt: unvalid rtt
04-24 13:02:09.672 1176 1406 I HuaweiWifiWatchdogStateMachine: spd good count:0, add sc:0.0, rate:1.0
04-24 13:02:09.673 1176 1406 I HuaweiWifiWatchdogStateMachine: current mHighDataFlowRate = 1.0
04-24 13:02:09.673 1176 1406 I HuaweiWifiWatchdogStateMachine: POta txb txg rxg:0, 31, 0. Lr =0% Totpkt=31
04-24 13:02:09.674 1176 1176 I HwQoEJNI: send_cmd_kernel. begin
04-24 13:02:09.674 1176 1176 I HwQoEJNI: send_cmd_kernel. end
04-24 13:02:09.674 1176 1176 I QosMonitor: postEventFromNative: msg=100,arg1=0,arg2=10
04-24 13:02:09.675 1176 1176 I MQoS : rtt=320,tcp_tx_pkts=480976,tcp_rx_pkts=921438
04-24 13:02:09.676 1176 1406 D HuaweiWifiWatchdogStateMachine: dumpTcpResult: len=10,rtt=320,rttPkt=1,rttWn=77,cgt=0,cgtWn=0
04-24 13:02:09.676 1176 1406 I HuaweiWifiWatchdogStateMachine: PTcp RTT:0, rtt pkt=0, tcp_rx=0, tcp_tx=0, tcp_reTran=0, rtRate=0
04-24 13:02:09.676 1176 1406 D HuaweiWifiWatchdogStateMachine: mRssiBadCount =0, RSSI not bad.
04-24 13:02:09.676 1176 1406 D HuaweiWifiWatchdogStateMachine: detectNetworkAvailable:hw.wifipro.dns_fail_count = 131
04-24 13:02:09.676 1176 1406 D HuaweiWifiWatchdogStateMachine: bqeLevel = 2 rtt=0,rtt_pkts=0 speed=26 rssi=-29
04-24 13:02:09.676 1176 1406 D HuaweiWifiWatchdogStateMachine: Enter updateQoeLevel level = 2
04-24 13:02:09.676 1176 1406 D HuaweiWifiWatchdogStateMachine: updateQoeLevel current level equal to mLastDetectLevel, return
04-24 13:02:09.677 1176 1406 D HuaweiWifiWatchdogStateMachine: did not have any network action
04-24 13:02:09.686 1176 3515 I MQoS : QOS_level:0(0),wifi-link;SIM error;use level-0
04-24 13:02:09.998 1176 1392 D HwArpVerifier: performPollAndLog:
04-24 13:02:10.002 1176 1392 D hw_netstat: total/0/0
04-24 13:02:10.433 1176 1176 I TrafficMonitor: expired arrive. level:-1
04-24 13:02:10.433 1176 1176 I TrafficMonitor: during_ms:2006,period_ms:2000
04-24 13:02:10.433 1176 1176 I TrafficMonitor: count:39,rx_sum:0,tx_sum:0,rxBytes:0,during_ms:2006,rx_speed:0.0,tx_speed:0.0,rto:0.0
04-24 13:02:10.433 1176 1176 D HuaweiWifiWatchdogStateMachine: speed: rxpkt:0, rxSpd:0B/s, txpkt:0, txSpd:0
04-24 13:02:11.449 1176 1176 I TrafficMonitor: update:rxPkts:0,txPkts:0,rxBytes:0,txBytes:0
04-24 13:02:11.450 1176 1176 I TrafficMonitor: start expired. level:-1
04-24 13:02:11.450 1176 1176 I TrafficMonitor: gettimer:interval=2000
04-24 13:02:12.596 1176 1338 D HwWifiStatStore: handleMessage : 200
04-24 13:02:12.969 777 777 E : [E/capacity_limit_control] not demo version, not set power control prop!
04-24 13:02:13.455 1176 1176 I TrafficMonitor: update:rxPkts:0,txPkts:0,rxBytes:0,txBytes:0
04-24 13:02:13.455 1176 1176 I TrafficMonitor: start expired. level:-1
04-24 13:02:13.456 1176 1176 I TrafficMonitor: gettimer:interval=5000
04-24 13:02:15.008 1176 1392 D HwArpVerifier: performPollAndLog:
04-24 13:02:15.012 1176 1392 D hw_netstat: total/0/0
04-24 13:02:15.603 1176 1338 D HwWifiStatStore: handleMessage : 200
04-24 13:02:16.454 1176 1176 I TrafficMonitor: expired arrive. level:-1
04-24 13:02:16.454 1176 1176 I TrafficMonitor: during_ms:2006,period_ms:2000
04-24 13:02:16.455 1176 1176 I TrafficMonitor: count:41,rx_sum:0,tx_sum:0,rxBytes:0,during_ms:2006,rx_speed:0.0,tx_speed:0.0,rto:0.0
04-24 13:02:16.455 1176 1176 D HuaweiWifiWatchdogStateMachine: speed: rxpkt:0, rxSpd:0B/s, txpkt:0, txSpd:0
04-24 13:02:17.670 742 742 E wificond: Failed to get NL80211_RATE_INFO_NOISE
04-24 13:02:17.670 742 742 E wificond: Failed to get NL80211_RATE_INFO_SNR
04-24 13:02:17.670 742 742 E wificond: Failed to get NL80211_STA_INFO_CNAHLOAD
04-24 13:02:17.671 1176 1337 E WificondControl: Noise: 0, Snr: -1, Chload: -1
04-24 13:02:17.672 1176 1339 D HwWifiCHRStateManager: handleMessage : 1001
04-24 13:02:17.672 1176 1339 D HwWifiCHRStateManager: handleUpdateChannel:2412
04-24 13:02:17.673 1176 1339 V HwWifiServiceFactory: get AllImpl object = com.android.server.wifi.HwWifiServiceFactoryImpl@2205edc
04-24 13:02:17.677 742 742 E wificond: Failed to get NL80211_RATE_INFO_NOISE
04-24 13:02:17.677 742 742 E wificond: Failed to get NL80211_RATE_INFO_SNR
04-24 13:02:17.677 742 742 E wificond: Failed to get NL80211_STA_INFO_CNAHLOAD
04-24 13:02:17.678 1176 1406 D HuaweiWifiWatchdogStateMachine: LM mrssi=-30
04-24 13:02:17.679 1176 1406 I HuaweiWifiWatchdogStateMachine: spd good count:0, add sc:0.0, rate:1.0
04-24 13:02:17.679 1176 1406 I HuaweiWifiWatchdogStateMachine: current mHighDataFlowRate = 1.0
04-24 13:02:17.679 1176 1406 I HuaweiWifiWatchdogStateMachine: POta txb txg rxg:0, 31, 0. Lr =0% Totpkt=31
04-24 13:02:17.680 1176 1176 D WiFi_PRO: MSG_RETURN_AP_CURRY_RSSI rssi = -30
04-24 13:02:17.681 1176 1176 I QosMonitor: queryRtt: rtt_type = 3
04-24 13:02:17.681 1176 1176 I HwQoEJNI: send_cmd_kernel. begin
04-24 13:02:17.682 1176 1176 I HwQoEJNI: send_cmd_kernel. end
04-24 13:02:17.682 1176 1176 I QosMonitor: postEventFromNative: msg=100,arg1=4,arg2=10
04-24 13:02:17.683 1176 1176 I HwQoEJNI: send_cmd_kernel. begin
04-24 13:02:17.683 1176 1176 I HwQoEJNI: send_cmd_kernel. end
04-24 13:02:17.683 1176 1176 I QosMonitor: postEventFromNative: msg=100,arg1=0,arg2=10
04-24 13:02:17.683 1176 1176 D HuaweiWifiWatchdogStateMachine: setSampleRtt: unvalid rtt
04-24 13:02:17.684 1176 1176 I MQoS : rtt=320,tcp_tx_pkts=480976,tcp_rx_pkts=921438
04-24 13:02:17.685 1176 1406 D HuaweiWifiWatchdogStateMachine: dumpTcpResult: len=10,rtt=320,rttPkt=1,rttWn=85,cgt=0,cgtWn=0
04-24 13:02:17.686 1176 1406 I HuaweiWifiWatchdogStateMachine: PTcp RTT:0, rtt pkt=0, tcp_rx=0, tcp_tx=0, tcp_reTran=0, rtRate=0
04-24 13:02:17.686 1176 1406 D HuaweiWifiWatchdogStateMachine: mRssiBadCount =0, RSSI not bad.
04-24 13:02:17.686 1176 1406 D HuaweiWifiWatchdogStateMachine: detectNetworkAvailable:hw.wifipro.dns_fail_count = 131
04-24 13:02:17.686 1176 1406 D HuaweiWifiWatchdogStateMachine: bqeLevel = 2 rtt=0,rtt_pkts=0 speed=26 rssi=-30
04-24 13:02:17.686 1176 1406 D HuaweiWifiWatchdogStateMachine: Enter updateQoeLevel level = 2
04-24 13:02:17.686 1176 1406 D HuaweiWifiWatchdogStateMachine: updateQoeLevel current level equal to mLastDetectLevel, return
04-24 13:02:17.686 1176 1406 D HuaweiWifiWatchdogStateMachine: did not have any network action
04-24 13:02:17.698 1176 3515 I MQoS : QOS_level:0(0),wifi-link;SIM error;use level-0
04-24 13:02:17.980 777 777 E : [E/capacity_limit_control] not demo version, not set power control prop!
04-24 13:02:18.460 1176 1176 I TrafficMonitor: update:rxPkts:0,txPkts:0,rxBytes:0,txBytes:0
04-24 13:02:18.460 1176 1176 I TrafficMonitor: start expired. level:-1
04-24 13:02:18.460 1176 1176 I TrafficMonitor: gettimer:interval=5000
04-24 13:02:18.610 1176 1338 D HwWifiStatStore: handleMessage : 200
04-24 13:02:19.542 1176 1589 W Watchdog: hungtask: writing kick
04-24 13:02:19.547 1176 1202 I EventHub: EventHub monitor: no key events in the past 3073s, no motion events in the past 3074s
04-24 13:02:19.961 1176 1392 D HwArpVerifier: check_wifi_state_mode = 0 mCheckStateToken=25 token25
04-24 13:02:19.964 1176 1392 D wifiserviceimpl: netmask =16777215
04-24 13:02:20.022 1176 1392 D HWMultiGW: setGateWay 192.168.1.1
04-24 13:02:20.045 1106 1119 I OAM : [check_file_size:505]/data/log/wifi/wifi_log_1 log file beyond size=10240Byte, creat new file
04-24 13:02:20.045 1106 1119 I OAM : [rename_old_file:210]rename_old_file
04-24 13:02:20.045 1106 1119 I OAM :
04-24 13:02:21.024 1176 1392 D HwArpVerifier: getGateWayARPResponses: arp rtt = 19
04-24 13:02:21.025 1176 1392 E HwCHRWifiRSSIGroupSummery: updatArpSummery mRSSI:-30 HwCHRWifiRSSIGroup [rssi_index=4, rtt_tcp_packets=0, rtt_tcp_duration=0, rtt_lan_duration=8450, rtt_lan_failures=0, rtt_lan_succ=412, rtt_lan_max=939, rtt_lan_min=0,same_area_frequency=0,adjacent_area_frequency=0]
04-24 13:02:21.061 1176 1392 D HwArpVerifier: There are 1 mac address for gateway
04-24 13:02:21.062 1176 1392 D HwArpVerifier: from HEART_CHECK transmit to state:HEART_CHECK
04-24 13:02:21.062 1176 1392 D HwArpVerifier: msg what=124 arg1(token)=25 arg2(mode)=0 delay=30000
04-24 13:02:21.062 1176 1392 D HwArpVerifier: performPollAndLog:
04-24 13:02:21.066 1176 1392 D hw_netstat: total/0/0
04-24 13:02:21.615 1176 1338 D HwWifiStatStore: handleMessage : 200
04-24 13:02:22.990 777 777 E : [E/capacity_limit_control] not demo version, not set power control prop!
04-24 13:02:23.466 1176 1176 I TrafficMonitor: expired arrive. level:-1
04-24 13:02:23.469 1176 1176 I TrafficMonitor: update:rxPkts:0,txPkts:0,rxBytes:0,txBytes:0
04-24 13:02:23.469 1176 1176 I TrafficMonitor: start expired. level:-1
04-24 13:02:23.470 1176 1176 I TrafficMonitor: gettimer:interval=5000
04-24 13:02:23.470 1176 1176 I TrafficMonitor: during_ms:5010,period_ms:2000
04-24 13:02:23.470 1176 1176 I TrafficMonitor: count:43,rx_sum:0,tx_sum:0,rxBytes:0,during_ms:5010,rx_speed:0.0,tx_speed:0.0,rto:0.0
04-24 13:02:23.470 1176 1176 D HuaweiWifiWatchdogStateMachine: speed: rxpkt:0, rxSpd:0B/s, txpkt:0, txSpd:0
04-24 13:02:24.621 1176 1338 D HwWifiStatStore: handleMessage : 200
04-24 13:02:25.678 742 742 E wificond: Failed to get NL80211_RATE_INFO_NOISE
04-24 13:02:25.679 742 742 E wificond: Failed to get NL80211_RATE_INFO_SNR
04-24 13:02:25.679 742 742 E wificond: Failed to get NL80211_STA_INFO_CNAHLOAD
04-24 13:02:25.679 1176 1337 E WificondControl: Noise: 0, Snr: -1, Chload: -1
04-24 13:02:25.680 1176 1339 D HwWifiCHRStateManager: handleMessage : 1001
04-24 13:02:25.681 1176 1339 D HwWifiCHRStateManager: handleUpdateChannel:2412
04-24 13:02:25.681 1176 1339 V HwWifiServiceFactory: get AllImpl object = com.android.server.wifi.HwWifiServiceFactoryImpl@2205edc
04-24 13:02:25.686 742 742 E wificond: Failed to get NL80211_RATE_INFO_NOISE
04-24 13:02:25.686 742 742 E wificond: Failed to get NL80211_RATE_INFO_SNR
04-24 13:02:25.686 742 742 E wificond: Failed to get NL80211_STA_INFO_CNAHLOAD
04-24 13:02:25.688 1176 1406 D HuaweiWifiWatchdogStateMachine: LM mrssi=-28
04-24 13:02:25.689 1176 1406 D HuaweiWifiWatchdogStateMachine: a4:fa:**:**:eb:b0 current loss[-45]=0%, volume=1
04-24 13:02:25.689 1176 1406 D HuaweiWifiWatchdogStateMachine: a4:fa:**:**:eb:b0 history loss[-45]=0%, volume=13825675
04-24 13:02:25.689 1176 1406 I HuaweiWifiWatchdogStateMachine: spd good count:0, add sc:0.0, rate:1.0
04-24 13:02:25.689 1176 1406 I HuaweiWifiWatchdogStateMachine: current mHighDataFlowRate = 1.0
04-24 13:02:25.690 1176 1406 I HuaweiWifiWatchdogStateMachine: POta txb txg rxg:0, 32, 0. Lr =0% Totpkt=32
04-24 13:02:25.690 1176 1176 D WiFi_PRO: MSG_RETURN_AP_CURRY_RSSI rssi = -28
04-24 13:02:25.691 1176 1176 I QosMonitor: queryRtt: rtt_type = 3
04-24 13:02:25.691 1176 1176 I HwQoEJNI: send_cmd_kernel. begin
04-24 13:02:25.692 1176 1176 I HwQoEJNI: send_cmd_kernel. end
04-24 13:02:25.692 1176 1176 I QosMonitor: postEventFromNative: msg=100,arg1=4,arg2=10
04-24 13:02:25.692 1176 1176 I HwQoEJNI: send_cmd_kernel. begin
04-24 13:02:25.693 1176 1176 I HwQoEJNI: send_cmd_kernel. end
04-24 13:02:25.693 1176 1176 I QosMonitor: postEventFromNative: msg=100,arg1=0,arg2=10
04-24 13:02:25.693 1176 1176 D HuaweiWifiWatchdogStateMachine: setSampleRtt: unvalid rtt
04-24 13:02:25.693 1176 1176 I MQoS : rtt=320,tcp_tx_pkts=480976,tcp_rx_pkts=921438
04-24 13:02:25.697 1176 1406 D HuaweiWifiWatchdogStateMachine: dumpTcpResult: len=10,rtt=320,rttPkt=1,rttWn=93,cgt=0,cgtWn=0
04-24 13:02:25.697 1176 1406 I HuaweiWifiWatchdogStateMachine: PTcp RTT:0, rtt pkt=0, tcp_rx=0, tcp_tx=0, tcp_reTran=0, rtRate=0
04-24 13:02:25.697 1176 1406 D HuaweiWifiWatchdogStateMachine: mRssiBadCount =0, RSSI not bad.
04-24 13:02:25.698 1176 1406 D HuaweiWifiWatchdogStateMachine: detectNetworkAvailable:hw.wifipro.dns_fail_count = 131
04-24 13:02:25.698 1176 1406 D HuaweiWifiWatchdogStateMachine: bqeLevel = 2 rtt=0,rtt_pkts=0 speed=26 rssi=-28
04-24 13:02:25.698 1176 1406 D HuaweiWifiWatchdogStateMachine: Enter updateQoeLevel level = 2
04-24 13:02:25.698 1176 1406 D HuaweiWifiWatchdogStateMachine: updateQoeLevel current level equal to mLastDetectLevel, return
04-24 13:02:25.698 1176 1406 D HuaweiWifiWatchdogStateMachine: did not have any network action
04-24 13:02:25.705 1176 3515 I MQoS : QOS_level:0(0),wifi-link;SIM error;use level-0
04-24 13:02:26.072 1176 1392 D HwArpVerifier: performPollAndLog:
04-24 13:02:26.077 1176 1392 D hw_netstat: total/0/0
04-24 13:02:27.628 1176 1338 D HwWifiStatStore: handleMessage : 200
04-24 13:02:27.997 777 777 E : [E/capacity_limit_control] not demo version, not set power control prop!
04-24 13:02:28.038 1176 1288 D HwBatteryService: onUEvent fcpStatus = 0,scpStatus =0,ovpStatus=0
04-24 13:02:28.041 1176 1288 I UsbDeviceManager: water_intrused state= 0
04-24 13:02:28.056 1176 1176 D HwInnerWifiManagerImpl: SupplicantState = COMPLETED
04-24 13:02:28.057 1176 1176 D HwInnerWifiManagerImpl: isPhoneAP = false
04-24 13:02:28.058 1463 1463 D KeyguardUpdateMonitor: received broadcast android.intent.action.BATTERY_CHANGED
04-24 13:02:28.061 1463 1463 W KeyguardUpdateMonitor: ACTION_BATTERY_CHANGED AMP: 500000; Volt: 5000000
04-24 13:02:28.063 1729 1729 I MsgReceiver: intent action: android.intent.action.BATTERY_CHANGED
04-24 13:02:28.064 1176 1176 D HwInnerWifiManagerImpl: SupplicantState = COMPLETED
04-24 13:02:28.065 1176 1176 D HwInnerWifiManagerImpl: isPhoneAP = false
04-24 13:02:28.065 1176 1176 D WifiStateMachine: mBcastReceiver: PluggedType = 2 mIsScanCtrlPluggedin = true
04-24 13:02:28.065 5515 5671 E CloudAlbum[8.1.2.309]: [ReceiverManager] not log on ignore
04-24 13:02:28.066 1176 1176 D HwWifiService: mPluggedType =2
04-24 13:02:28.067 1176 1176 D WifiService: onReceive, action:android.intent.action.BATTERY_CHANGED
04-24 13:02:28.067 1176 1176 D WifiService: ACTION_BATTERY_CHANGED pluggedType: 2
04-24 13:02:28.070 1463 1463 V KeyguardUpdateMonitor: RefreshBatteryInfo isBatteryLow: 77
04-24 13:02:28.070 1463 1463 W KeyguardUpdateMonitor: ChargingSpeed Wattage: 2500000 ST: 5000000 --> 7500000
04-24 13:02:28.070 1463 1463 I KgBattery: BatteryInfo updated: 2lPc0
04-24 13:02:28.070 1463 1463 W AppHandler: sendMessage with obj100
04-24 13:02:28.070 1463 1463 D KeyguardUpdateMonitor: handleBatteryUpdate
04-24 13:02:28.072 1463 1463 W HwLockScreenPanel: Handle message: 100
04-24 13:02:28.072 1463 1463 W HwKeyguardBottomArea: updateBatteryInfo : false true
04-24 13:02:28.073 1463 1463 W KgBattery: getCharge info with type: text
04-24 13:02:28.078 1463 1463 W HwLockScreenPanel: refreshBatteryInfo: null
04-24 13:02:28.471 1176 1176 I TrafficMonitor: expired arrive. level:-1
04-24 13:02:28.475 1176 1176 I TrafficMonitor: update:rxPkts:0,txPkts:0,rxBytes:0,txBytes:0
04-24 13:02:28.475 1176 1176 I TrafficMonitor: start expired. level:-1
04-24 13:02:28.475 1176 1176 I TrafficMonitor: gettimer:interval=5000
04-24 13:02:28.476 1176 1176 I TrafficMonitor: during_ms:5005,period_ms:2000
04-24 13:02:28.476 1176 1176 I TrafficMonitor: count:44,rx_sum:0,tx_sum:0,rxBytes:0,during_ms:5005,rx_speed:0.0,tx_speed:0.0,rto:0.0
04-24 13:02:28.476 1176 1176 D HuaweiWifiWatchdogStateMachine: speed: rxpkt:0, rxSpd:0B/s, txpkt:0, txSpd:0
04-24 13:02:30.635 1176 1338 D HwWifiStatStore: handleMessage : 200
04-24 13:02:31.083 1176 1392 D HwArpVerifier: performPollAndLog:
04-24 13:02:31.090 1176 1392 D hw_netstat: total/0/0
04-24 13:02:33.039 777 777 E : [E/capacity_limit_control] not demo version, not set power control prop!
04-24 13:02:33.481 1176 1176 I TrafficMonitor: expired arrive. level:-1
04-24 13:02:33.484 1176 1176 I TrafficMonitor: update:rxPkts:0,txPkts:0,rxBytes:0,txBytes:0
04-24 13:02:33.484 1176 1176 I TrafficMonitor: start expired. level:-1
04-24 13:02:33.485 1176 1176 I TrafficMonitor: gettimer:interval=5000
04-24 13:02:33.485 1176 1176 I TrafficMonitor: during_ms:5010,period_ms:2000
04-24 13:02:33.485 1176 1176 I TrafficMonitor: count:45,rx_sum:0,tx_sum:0,rxBytes:0,during_ms:5010,rx_speed:0.0,tx_speed:0.0,rto:0.0
04-24 13:02:33.485 1176 1176 D HuaweiWifiWatchdogStateMachine: speed: rxpkt:0, rxSpd:0B/s, txpkt:0, txSpd:0
04-24 13:02:33.642 1176 1338 D HwWifiStatStore: handleMessage : 200
04-24 13:02:33.689 742 742 E wificond: Failed to get NL80211_RATE_INFO_NOISE
04-24 13:02:33.689 742 742 E wificond: Failed to get NL80211_RATE_INFO_SNR
04-24 13:02:33.689 742 742 E wificond: Failed to get NL80211_STA_INFO_CNAHLOAD
04-24 13:02:33.690 1176 1337 E WificondControl: Noise: 0, Snr: -1, Chload: -1
04-24 13:02:33.691 1176 1339 D HwWifiCHRStateManager: handleMessage : 1001
04-24 13:02:33.691 1176 1339 D HwWifiCHRStateManager: handleUpdateChannel:2412
04-24 13:02:33.691 1176 1339 V HwWifiServiceFactory: get AllImpl object = com.android.server.wifi.HwWifiServiceFactoryImpl@2205edc
04-24 13:02:33.696 742 742 E wificond: Failed to get NL80211_RATE_INFO_NOISE
04-24 13:02:33.696 742 742 E wificond: Failed to get NL80211_RATE_INFO_SNR
04-24 13:02:33.696 742 742 E wificond: Failed to get NL80211_STA_INFO_CNAHLOAD
04-24 13:02:33.698 1176 1406 D HuaweiWifiWatchdogStateMachine: LM mrssi=-29
04-24 13:02:33.698 1176 1176 D WiFi_PRO: MSG_RETURN_AP_CURRY_RSSI rssi = -29
04-24 13:02:33.698 1176 1176 I QosMonitor: queryRtt: rtt_type = 3
04-24 13:02:33.699 1176 1176 I HwQoEJNI: send_cmd_kernel. begin
04-24 13:02:33.699 1176 1406 I HuaweiWifiWatchdogStateMachine: spd good count:0, add sc:0.0, rate:1.0
04-24 13:02:33.699 1176 1176 I HwQoEJNI: send_cmd_kernel. end
04-24 13:02:33.699 1176 1176 I QosMonitor: postEventFromNative: msg=100,arg1=4,arg2=10
04-24 13:02:33.700 1176 1176 D HuaweiWifiWatchdogStateMachine: setSampleRtt: unvalid rtt
04-24 13:02:33.700 1176 1406 D HuaweiWifiWatchdogStateMachine: high data flow: protection_counter = 0, not_detect_counter = 400
04-24 13:02:33.700 1176 1406 D HuaweiWifiWatchdogStateMachine: high data flow scenario: 0 --> 0 rx bytes =0KB
04-24 13:02:33.700 1176 1406 I HuaweiWifiWatchdogStateMachine: current mHighDataFlowRate = 1.0
04-24 13:02:33.700 1176 1406 I HuaweiWifiWatchdogStateMachine: POta txb txg rxg:0, 32, 0. Lr =0% Totpkt=32
04-24 13:02:33.706 1176 1176 I HwQoEJNI: send_cmd_kernel. begin
04-24 13:02:33.706 1176 1176 I HwQoEJNI: send_cmd_kernel. end
04-24 13:02:33.707 1176 1176 I QosMonitor: postEventFromNative: msg=100,arg1=0,arg2=10
04-24 13:02:33.707 1176 1176 I MQoS : rtt=320,tcp_tx_pkts=480976,tcp_rx_pkts=921438
04-24 13:02:33.708 1176 1406 D HuaweiWifiWatchdogStateMachine: dumpTcpResult: len=10,rtt=320,rttPkt=1,rttWn=101,cgt=0,cgtWn=0
04-24 13:02:33.708 1176 1406 I HuaweiWifiWatchdogStateMachine: PTcp RTT:0, rtt pkt=0, tcp_rx=0, tcp_tx=0, tcp_reTran=0, rtRate=0
04-24 13:02:33.708 1176 1406 D HuaweiWifiWatchdogStateMachine: mRssiBadCount =0, RSSI not bad.
04-24 13:02:33.708 1176 1406 D HuaweiWifiWatchdogStateMachine: detectNetworkAvailable:hw.wifipro.dns_fail_count = 131
04-24 13:02:33.708 1176 1406 D HuaweiWifiWatchdogStateMachine: bqeLevel = 2 rtt=0,rtt_pkts=0 speed=26 rssi=-29
04-24 13:02:33.708 1176 1406 D HuaweiWifiWatchdogStateMachine: Enter updateQoeLevel level = 2
04-24 13:02:33.708 1176 1406 D HuaweiWifiWatchdogStateMachine: updateQoeLevel current level equal to mLastDetectLevel, return
04-24 13:02:33.708 1176 1406 D HuaweiWifiWatchdogStateMachine: did not have any network action
04-24 13:02:33.719 1176 3515 I MQoS : QOS_level:0(0),wifi-link;SIM error;use level-0
04-24 13:02:36.096 1176 1392 D HwArpVerifier: performPollAndLog:
04-24 13:02:36.100 1176 1392 D hw_netstat: total/0/0
04-24 13:02:36.273 1176 1392 D HwArpVerifier: getIpRouteTable
04-24 13:02:36.364 1176 1392 D HwArpVerifier: Notify wifi default route is ok
04-24 13:02:36.649 1176 1338 D HwWifiStatStore: handleMessage : 200
04-24 13:02:38.050 777 777 E : [E/capacity_limit_control] not demo version, not set power control prop!
04-24 13:02:38.490 1176 1176 I TrafficMonitor: expired arrive. level:-1
04-24 13:02:38.494 1176 1176 I TrafficMonitor: update:rxPkts:0,txPkts:0,rxBytes:0,txBytes:0
04-24 13:02:38.494 1176 1176 I TrafficMonitor: start expired. level:-1
04-24 13:02:38.494 1176 1176 I TrafficMonitor: gettimer:interval=5000
04-24 13:02:38.494 1176 1176 I TrafficMonitor: during_ms:5009,period_ms:2000
04-24 13:02:38.494 1176 1176 I TrafficMonitor: count:46,rx_sum:0,tx_sum:0,rxBytes:0,during_ms:5009,rx_speed:0.0,tx_speed:0.0,rto:0.0
04-24 13:02:38.495 1176 1176 D HuaweiWifiWatchdogStateMachine: speed: rxpkt:0, rxSpd:0B/s, txpkt:0, txSpd:0
04-24 13:02:39.655 1176 1338 D HwWifiStatStore: handleMessage : 200
04-24 13:02:41.103 1176 1392 D HwArpVerifier: performPollAndLog:
04-24 13:02:41.108 1176 1392 D hw_netstat: total/0/0
04-24 13:02:41.696 742 742 E wificond: Failed to get NL80211_RATE_INFO_NOISE
04-24 13:02:41.696 742 742 E wificond: Failed to get NL80211_RATE_INFO_SNR
04-24 13:02:41.696 742 742 E wificond: Failed to get NL80211_STA_INFO_CNAHLOAD
04-24 13:02:41.697 1176 1337 E WificondControl: Noise: 0, Snr: -1, Chload: -1
04-24 13:02:41.698 1176 1339 D HwWifiCHRStateManager: handleMessage : 1001
04-24 13:02:41.698 1176 1339 D HwWifiCHRStateManager: handleUpdateChannel:2412
04-24 13:02:41.698 1176 1339 V HwWifiServiceFactory: get AllImpl object = com.android.server.wifi.HwWifiServiceFactoryImpl@2205edc
04-24 13:02:41.703 742 742 E wificond: Failed to get NL80211_RATE_INFO_NOISE
04-24 13:02:41.703 742 742 E wificond: Failed to get NL80211_RATE_INFO_SNR
04-24 13:02:41.703 742 742 E wificond: Failed to get NL80211_STA_INFO_CNAHLOAD
04-24 13:02:41.705 1176 1176 D WiFi_PRO: MSG_RETURN_AP_CURRY_RSSI rssi = -29
04-24 13:02:41.705 1176 1406 D HuaweiWifiWatchdogStateMachine: LM mrssi=-29
04-24 13:02:41.706 1176 1176 I QosMonitor: queryRtt: rtt_type = 3
04-24 13:02:41.706 1176 1176 I HwQoEJNI: send_cmd_kernel. begin
04-24 13:02:41.706 1176 1176 I HwQoEJNI: send_cmd_kernel. end
04-24 13:02:41.707 1176 1176 I QosMonitor: postEventFromNative: msg=100,arg1=4,arg2=10
04-24 13:02:41.707 1176 1176 D HuaweiWifiWatchdogStateMachine: setSampleRtt: unvalid rtt
04-24 13:02:41.712 1176 1406 I HuaweiWifiWatchdogStateMachine: spd good count:0, add sc:0.0, rate:1.0
04-24 13:02:41.712 1176 1406 I HuaweiWifiWatchdogStateMachine: current mHighDataFlowRate = 1.0
04-24 13:02:41.712 1176 1406 I HuaweiWifiWatchdogStateMachine: POta txb txg rxg:0, 32, 0. Lr =0% Totpkt=32
04-24 13:02:41.713 1176 1176 I HwQoEJNI: send_cmd_kernel. begin
04-24 13:02:41.714 1176 1176 I HwQoEJNI: send_cmd_kernel. end
04-24 13:02:41.714 1176 1176 I QosMonitor: postEventFromNative: msg=100,arg1=0,arg2=10
04-24 13:02:41.715 1176 1176 I MQoS : rtt=320,tcp_tx_pkts=480976,tcp_rx_pkts=921438
04-24 13:02:41.715 1176 1406 D HuaweiWifiWatchdogStateMachine: dumpTcpResult: len=10,rtt=320,rttPkt=1,rttWn=109,cgt=0,cgtWn=0
04-24 13:02:41.715 1176 1406 I HuaweiWifiWatchdogStateMachine: PTcp RTT:0, rtt pkt=0, tcp_rx=0, tcp_tx=0, tcp_reTran=0, rtRate=0
04-24 13:02:41.715 1176 1406 D HuaweiWifiWatchdogStateMachine: mRssiBadCount =0, RSSI not bad.
04-24 13:02:41.715 1176 1406 D HuaweiWifiWatchdogStateMachine: detectNetworkAvailable:hw.wifipro.dns_fail_count = 131
04-24 13:02:41.716 1176 1406 D HuaweiWifiWatchdogStateMachine: bqeLevel = 2 rtt=0,rtt_pkts=0 speed=26 rssi=-29
04-24 13:02:41.716 1176 1406 D HuaweiWifiWatchdogStateMachine: Enter updateQoeLevel level = 2
04-24 13:02:41.716 1176 1406 D HuaweiWifiWatchdogStateMachine: updateQoeLevel current level equal to mLastDetectLevel, return
04-24 13:02:41.716 1176 1406 D HuaweiWifiWatchdogStateMachine: did not have any network action
04-24 13:02:41.724 1176 3515 I MQoS : QOS_level:0(0),wifi-link;SIM error;use level-0
04-24 13:02:42.662 1176 1338 D HwWifiStatStore: handleMessage : 200
04-24 13:02:43.061 777 777 E : [E/capacity_limit_control] not demo version, not set power control prop!
04-24 13:02:43.496 1176 1176 I TrafficMonitor: expired arrive. level:-1
04-24 13:02:43.499 1176 1176 I TrafficMonitor: update:rxPkts:0,txPkts:0,rxBytes:0,txBytes:0
04-24 13:02:43.499 1176 1176 I TrafficMonitor: start expired. level:-1
04-24 13:02:43.500 1176 1176 I TrafficMonitor: gettimer:interval=5000
04-24 13:02:43.500 1176 1176 I TrafficMonitor: during_ms:5006,period_ms:2000
04-24 13:02:43.500 1176 1176 I TrafficMonitor: count:47,rx_sum:0,tx_sum:0,rxBytes:0,during_ms:5006,rx_speed:0.0,tx_speed:0.0,rto:0.0
04-24 13:02:43.500 1176 1176 D HuaweiWifiWatchdogStateMachine: speed: rxpkt:0, rxSpd:0B/s, txpkt:0, txSpd:0
04-24 13:02:45.086 1176 1176 D HwInnerWifiManagerImpl: SupplicantState = COMPLETED
04-24 13:02:45.087 1176 1176 D HwInnerWifiManagerImpl: isPhoneAP = false
04-24 13:02:45.088 1176 1176 D HwInnerWifiManagerImpl: SupplicantState = COMPLETED
04-24 13:02:45.088 1176 1176 D HwInnerWifiManagerImpl: isPhoneAP = false
04-24 13:02:45.089 1176 1176 D WifiStateMachine: mBcastReceiver: PluggedType = 2 mIsScanCtrlPluggedin = true
04-24 13:02:45.089 1176 1176 D HwWifiService: mPluggedType =2
04-24 13:02:45.090 1463 1463 D KeyguardUpdateMonitor: received broadcast android.intent.action.BATTERY_CHANGED
04-24 13:02:45.091 1463 1463 W KeyguardUpdateMonitor: ACTION_BATTERY_CHANGED AMP: 500000; Volt: 5000000
04-24 13:02:45.091 1463 1463 V KeyguardUpdateMonitor: RefreshBatteryInfo isBatteryLow: 77
04-24 13:02:45.091 1463 1463 W KeyguardUpdateMonitor: ChargingSpeed Wattage: 2500000 ST: 5000000 --> 7500000
04-24 13:02:45.092 1463 1463 I KgBattery: BatteryInfo updated: 2lPc0
04-24 13:02:45.092 1176 1176 D WifiService: onReceive, action:android.intent.action.BATTERY_CHANGED
04-24 13:02:45.093 1176 1176 D WifiService: ACTION_BATTERY_CHANGED pluggedType: 2
04-24 13:02:45.095 1729 1729 I MsgReceiver: intent action: android.intent.action.BATTERY_CHANGED
04-24 13:02:45.092 1463 1463 W AppHandler: sendMessage with obj100
04-24 13:02:45.092 1176 1176 D WifiService: onReceive, action:android.intent.action.BATTERY_CHANGED
04-24 13:02:45.093 1176 1176 D WifiService: ACTION_BATTERY_CHANGED pluggedType: 2
04-24 13:02:45.095 1729 1729 I MsgReceiver: intent action: android.intent.action.BATTERY_CHANGED
04-24 13:02:45.100 1463 1463 D KeyguardUpdateMonitor: handleBatteryUpdate
04-24 13:02:45.102 5515 5671 E CloudAlbum[8.1.2.309]: [ReceiverManager] not log on ignore
04-24 13:02:45.106 1463 1463 W HwLockScreenPanel: Handle message: 100
04-24 13:02:45.106 1463 1463 W HwKeyguardBottomArea: updateBatteryInfo : false true
04-24 13:02:45.106 1463 1463 W KgBattery: getCharge info with type: text
04-24 13:02:45.110 1463 1463 W HwLockScreenPanel: refreshBatteryInfo: null
04-24 13:02:45.669 1176 1338 D HwWifiStatStore: handleMessage : 200
04-24 13:02:46.111 1176 1392 D HwArpVerifier: performPollAndLog:
04-24 13:02:46.116 1176 1392 D hw_netstat: total/0/0
04-24 13:02:48.069 777 777 E : [E/capacity_limit_control] not demo version, not set power control prop!
04-24 13:02:48.505 1176 1176 I TrafficMonitor: expired arrive. level:-1
04-24 13:02:48.508 1176 1176 I TrafficMonitor: update:rxPkts:0,txPkts:0,rxBytes:0,txBytes:0
04-24 13:02:48.508 1176 1176 I TrafficMonitor: start expired. level:-1
04-24 13:02:48.508 1176 1176 I TrafficMonitor: gettimer:interval=5000
04-24 13:02:48.508 1176 1176 I TrafficMonitor: during_ms:5008,period_ms:2000
04-24 13:02:48.508 1176 1176 I TrafficMonitor: count:48,rx_sum:0,tx_sum:0,rxBytes:0,during_ms:5008,rx_speed:0.0,tx_speed:0.0,rto:0.0
04-24 13:02:48.508 1176 1176 D HuaweiWifiWatchdogStateMachine: speed: rxpkt:0, rxSpd:0B/s, txpkt:0, txSpd:0
04-24 13:02:48.676 1176 1338 D HwWifiStatStore: handleMessage : 200
04-24 13:02:49.546 1176 1589 W Watchdog: hungtask: writing kick
04-24 13:02:49.548 1176 1202 I EventHub: EventHub monitor: no key events in the past 3103s, no motion events in the past 3104s
04-24 13:02:49.697 742 742 E wificond: Failed to get NL80211_RATE_INFO_NOISE
04-24 13:02:49.697 742 742 E wificond: Failed to get NL80211_RATE_INFO_SNR
04-24 13:02:49.697 742 742 E wificond: Failed to get NL80211_STA_INFO_CNAHLOAD
04-24 13:02:49.697 1176 1337 E WificondControl: Noise: 0, Snr: -1, Chload: -1
04-24 13:02:49.698 1176 1339 D HwWifiCHRStateManager: handleMessage : 1001
04-24 13:02:49.698 1176 1339 D HwWifiCHRStateManager: handleUpdateChannel:2412
04-24 13:02:49.698 1176 1339 V HwWifiServiceFactory: get AllImpl object = com.android.server.wifi.HwWifiServiceFactoryImpl@2205edc
04-24 13:02:49.700 742 742 E wificond: Failed to get NL80211_RATE_INFO_NOISE
04-24 13:02:49.701 742 742 E wificond: Failed to get NL80211_RATE_INFO_SNR
04-24 13:02:49.701 742 742 E wificond: Failed to get NL80211_STA_INFO_CNAHLOAD
04-24 13:02:49.703 1176 1406 D HuaweiWifiWatchdogStateMachine: LM mrssi=-29
04-24 13:02:49.703 1176 1176 D WiFi_PRO: MSG_RETURN_AP_CURRY_RSSI rssi = -29
04-24 13:02:49.704 1176 1176 I QosMonitor: queryRtt: rtt_type = 3
04-24 13:02:49.704 1176 1406 I HuaweiWifiWatchdogStateMachine: spd good count:0, add sc:0.0, rate:1.0
04-24 13:02:49.704 1176 1406 I HuaweiWifiWatchdogStateMachine: current mHighDataFlowRate = 1.0
04-24 13:02:49.704 1176 1176 I HwQoEJNI: send_cmd_kernel. begin
04-24 13:02:49.704 1176 1406 I HuaweiWifiWatchdogStateMachine: POta txb txg rxg:0, 32, 0. Lr =0% Totpkt=32
04-24 13:02:49.704 1176 1176 I HwQoEJNI: send_cmd_kernel. end
04-24 13:02:49.704 1176 1176 I QosMonitor: postEventFromNative: msg=100,arg1=4,arg2=10
04-24 13:02:49.704 1176 1176 I HwQoEJNI: send_cmd_kernel. begin
04-24 13:02:49.704 1176 1176 I HwQoEJNI: send_cmd_kernel. end
04-24 13:02:49.705 1176 1176 I QosMonitor: postEventFromNative: msg=100,arg1=0,arg2=10
04-24 13:02:49.705 1176 1176 D HuaweiWifiWatchdogStateMachine: setSampleRtt: unvalid rtt
04-24 13:02:49.705 1176 1176 I MQoS : rtt=320,tcp_tx_pkts=480976,tcp_rx_pkts=921438
04-24 13:02:49.706 1176 1406 D HuaweiWifiWatchdogStateMachine: dumpTcpResult: len=10,rtt=320,rttPkt=1,rttWn=117,cgt=0,cgtWn=0
04-24 13:02:49.707 1176 1406 I HuaweiWifiWatchdogStateMachine: PTcp RTT:0, rtt pkt=0, tcp_rx=0, tcp_tx=0, tcp_reTran=0, rtRate=0
04-24 13:02:49.707 1176 1406 D HuaweiWifiWatchdogStateMachine: mRssiBadCount =0, RSSI not bad.
04-24 13:02:49.707 1176 1406 D HuaweiWifiWatchdogStateMachine: detectNetworkAvailable:hw.wifipro.dns_fail_count = 131
04-24 13:02:49.707 1176 1406 D HuaweiWifiWatchdogStateMachine: bqeLevel = 2 rtt=0,rtt_pkts=0 speed=26 rssi=-29
04-24 13:02:49.707 1176 1406 D HuaweiWifiWatchdogStateMachine: Enter updateQoeLevel level = 2
04-24 13:02:49.707 1176 1406 D HuaweiWifiWatchdogStateMachine: updateQoeLevel current level equal to mLastDetectLevel, return
04-24 13:02:49.707 1176 1406 D HuaweiWifiWatchdogStateMachine: did not have any network action
04-24 13:02:49.711 1176 3515 I MQoS : QOS_level:0(0),wifi-link;SIM error;use level-0
04-24 13:02:49.711 1176 3515 I MQoS : skip-low-Level:0(0),wifi-link;SIM error;use level-0
04-24 13:02:51.068 1176 1392 D HwArpVerifier: check_wifi_state_mode = 0 mCheckStateToken=25 token25
04-24 13:02:51.071 1176 1392 D wifiserviceimpl: netmask =16777215
04-24 13:02:51.112 1176 1392 D HWMultiGW: setGateWay 192.168.1.1
04-24 13:02:51.683 1176 1338 D HwWifiStatStore: handleMessage : 200
04-24 13:02:51.706 487 620 W SocketListener: sending broadcast to Pid = 1176, Uid = 1000
04-24 13:02:51.713 1176 1332 D NetdConnector: RCV <- {613 IfaceClass active 1 354159860382261 10824}
04-24 13:02:51.717 1176 1332 D NetdConnector: RCV <- {613 IfaceClass active 1 354159860382261 10824}
04-24 13:02:51.722 1176 1202 D NetdConnector: RCV unsolicited event from native daemon, event = 613
04-24 13:02:52.113 1176 1392 D HwArpVerifier: getGateWayARPResponses: arp rtt = 17
04-24 13:02:52.114 1176 1392 E HwCHRWifiRSSIGroupSummery: updatArpSummery mRSSI:-29 HwCHRWifiRSSIGroup [rssi_index=4, rtt_tcp_packets=0, rtt_tcp_duration=0, rtt_lan_duration=8467, rtt_lan_failures=0, rtt_lan_succ=413, rtt_lan_max=939, rtt_lan_min=0,same_area_frequency=0,adjacent_area_frequency=0]
04-24 13:02:52.142 1176 1392 D HwArpVerifier: There are 1 mac address for gateway
04-24 13:02:52.142 1176 1392 D HwArpVerifier: from HEART_CHECK transmit to state:HEART_CHECK
04-24 13:02:52.143 1176 1392 D HwArpVerifier: msg what=124 arg1(token)=25 arg2(mode)=0 delay=30000
04-24 13:02:52.143 1176 1392 D HwArpVerifier: performPollAndLog:
04-24 13:02:52.147 1176 1392 D hw_netstat: total/56/84,unknown:0/56/84
04-24 13:02:53.077 777 777 E : [E/capacity_limit_control] not demo version, not set power control prop!
04-24 13:02:53.481 1729 23345 I DownloadState: 0 transmitting data speed : 28 bytes/s scroff: true
04-24 13:02:53.510 1176 1176 I TrafficMonitor: expired arrive. level:-1
04-24 13:02:53.514 1176 1176 I TrafficMonitor: update:rxPkts:1,txPkts:1,rxBytes:56,txBytes:84
04-24 13:02:53.514 1176 1176 I TrafficMonitor: start expired. level:-1
04-24 13:02:53.514 1176 1176 I TrafficMonitor: gettimer:interval=2000
04-24 13:02:53.514 1176 1176 I TrafficMonitor: during_ms:5006,period_ms:2000
04-24 13:02:53.515 1176 1176 I TrafficMonitor: count:49,rx_sum:1,tx_sum:1,rxBytes:56,during_ms:5006,rx_speed:11.186576108669597,tx_speed:16.779864163004394,rto:1.0
04-24 13:02:53.515 1176 1176 D HuaweiWifiWatchdogStateMachine: speed: rxpkt:1, rxSpd:11B/s, txpkt:1, txSpd:16
04-24 13:02:54.691 1176 1338 D HwWifiStatStore: handleMessage : 200
04-24 13:02:55.519 1176 1176 I TrafficMonitor: update:rxPkts:0,txPkts:0,rxBytes:0,txBytes:0
04-24 13:02:55.519 1176 1176 I TrafficMonitor: start expired. level:-1
04-24 13:02:55.520 1176 1176 I TrafficMonitor: gettimer:interval=2000
04-24 13:02:57.151 1176 1392 D HwArpVerifier: performPollAndLog:
04-24 13:02:57.156 1176 1392 D hw_netstat: total/0/0
04-24 13:02:57.525 1176 1176 I TrafficMonitor: update:rxPkts:0,txPkts:0,rxBytes:0,txBytes:0
04-24 13:02:57.526 1176 1176 I TrafficMonitor: start expired. level:-1
04-24 13:02:57.526 1176 1176 I TrafficMonitor: gettimer:interval=2000
04-24 13:02:57.697 1176 1338 D HwWifiStatStore: handleMessage : 200
04-24 13:02:57.713 742 742 E wificond: Failed to get NL80211_RATE_INFO_NOISE
04-24 13:02:57.714 742 742 E wificond: Failed to get NL80211_RATE_INFO_SNR
04-24 13:02:57.714 742 742 E wificond: Failed to get NL80211_STA_INFO_CNAHLOAD
04-24 13:02:57.715 1176 1337 E WificondControl: Noise: 0, Snr: -1, Chload: -1
04-24 13:02:57.716 1176 1339 D HwWifiCHRStateManager: handleMessage : 1001
04-24 13:02:57.716 1176 1339 D HwWifiCHRStateManager: handleUpdateChannel:2412
04-24 13:02:57.716 1176 1339 V HwWifiServiceFactory: get AllImpl object = com.android.server.wifi.HwWifiServiceFactoryImpl@2205edc
04-24 13:02:57.720 742 742 E wificond: Failed to get NL80211_RATE_INFO_NOISE
04-24 13:02:57.721 742 742 E wificond: Failed to get NL80211_RATE_INFO_SNR
04-24 13:02:57.721 742 742 E wificond: Failed to get NL80211_STA_INFO_CNAHLOAD
04-24 13:02:57.723 1176 1406 D HuaweiWifiWatchdogStateMachine: LM mrssi=-29
04-24 13:02:57.724 1176 1176 D WiFi_PRO: MSG_RETURN_AP_CURRY_RSSI rssi = -29
04-24 13:02:57.724 1176 1406 D HuaweiWifiWatchdogStateMachine: a4:fa:**:**:eb:b0 current loss[-45]=0%, volume=3
04-24 13:02:57.724 1176 1406 D HuaweiWifiWatchdogStateMachine: a4:fa:**:**:eb:b0 history loss[-45]=0%, volume=13825678
04-24 13:02:57.724 1176 1176 I QosMonitor: queryRtt: rtt_type = 3
04-24 13:02:57.725 1176 1406 I HuaweiWifiWatchdogStateMachine: spd good count:0, add sc:0.0, rate:1.0
04-24 13:02:57.725 1176 1406 I HuaweiWifiWatchdogStateMachine: current mHighDataFlowRate = 1.0
04-24 13:02:57.725 1176 1406 I HuaweiWifiWatchdogStateMachine: POta txb txg rxg:0, 35, 0. Lr =0% Totpkt=35
04-24 13:02:57.725 1176 1176 I HwQoEJNI: send_cmd_kernel. begin
04-24 13:02:57.725 1176 1176 I HwQoEJNI: send_cmd_kernel. end
04-24 13:02:57.725 1176 1176 I QosMonitor: postEventFromNative: msg=100,arg1=4,arg2=10
04-24 13:02:57.726 1176 1176 I HwQoEJNI: send_cmd_kernel. begin
04-24 13:02:57.726 1176 1176 I HwQoEJNI: send_cmd_kernel. end
04-24 13:02:57.726 1176 1176 I QosMonitor: postEventFromNative: msg=100,arg1=0,arg2=10
04-24 13:02:57.727 1176 1176 D HuaweiWifiWatchdogStateMachine: setSampleRtt: unvalid rtt
04-24 13:02:57.727 1176 1176 I MQoS : rtt=320,tcp_tx_pkts=480976,tcp_rx_pkts=921438
04-24 13:02:57.727 1176 1406 D HuaweiWifiWatchdogStateMachine: dumpTcpResult: len=10,rtt=320,rttPkt=1,rttWn=125,cgt=0,cgtWn=0
04-24 13:02:57.728 1176 1406 I HuaweiWifiWatchdogStateMachine: PTcp RTT:0, rtt pkt=0, tcp_rx=0, tcp_tx=0, tcp_reTran=0, rtRate=0
04-24 13:02:57.728 1176 1406 D HuaweiWifiWatchdogStateMachine: mRssiBadCount =0, RSSI not bad.
04-24 13:02:57.728 1176 1406 D HuaweiWifiWatchdogStateMachine: detectNetworkAvailable:hw.wifipro.dns_fail_count = 131
04-24 13:02:57.728 1176 1406 D HuaweiWifiWatchdogStateMachine: bqeLevel = 2 rtt=0,rtt_pkts=0 speed=26 rssi=-29
04-24 13:02:57.728 1176 1406 D HuaweiWifiWatchdogStateMachine: Enter updateQoeLevel level = 2
04-24 13:02:57.728 1176 1406 D HuaweiWifiWatchdogStateMachine: updateQoeLevel current level equal to mLastDetectLevel, return
04-24 13:02:57.728 1176 1406 D HuaweiWifiWatchdogStateMachine: did not have any network action
04-24 13:02:57.740 1176 3515 I MQoS : QOS_level:0(0),wifi-link;SIM error;use level-0
04-24 13:02:58.087 777 777 E : [E/capacity_limit_control] not demo version, not set power control prop!
04-24 13:02:58.108 1176 1288 D HwBatteryService: onUEvent fcpStatus = 0,scpStatus =0,ovpStatus=0
04-24 13:02:58.110 1176 1288 I UsbDeviceManager: water_intrused state= 0
04-24 13:02:58.124 1176 1176 D HwInnerWifiManagerImpl: SupplicantState = COMPLETED
04-24 13:02:58.125 1176 1176 D HwInnerWifiManagerImpl: isPhoneAP = false
04-24 13:02:58.126 1176 1176 D HwInnerWifiManagerImpl: SupplicantState = COMPLETED
04-24 13:02:58.126 1176 1176 D HwInnerWifiManagerImpl: isPhoneAP = false
04-24 13:02:58.126 1176 1176 D WifiStateMachine: mBcastReceiver: PluggedType = 2 mIsScanCtrlPluggedin = true
04-24 13:02:58.127 1463 1463 D KeyguardUpdateMonitor: received broadcast android.intent.action.BATTERY_CHANGED
04-24 13:02:58.127 1463 1463 W KeyguardUpdateMonitor: ACTION_BATTERY_CHANGED AMP: 500000; Volt: 5000000
04-24 13:02:58.128 1463 1463 V KeyguardUpdateMonitor: RefreshBatteryInfo isBatteryLow: 77
04-24 13:02:58.128 1463 1463 W KeyguardUpdateMonitor: ChargingSpeed Wattage: 2500000 ST: 5000000 --> 7500000
04-24 13:02:58.128 1463 1463 I KgBattery: BatteryInfo updated: 2lPc0
04-24 13:02:58.128 1463 1463 W AppHandler: sendMessage with obj100
04-24 13:02:58.128 1463 1463 D KeyguardUpdateMonitor: handleBatteryUpdate
04-24 13:02:58.128 1463 1463 W HwLockScreenPanel: Handle message: 100
04-24 13:02:58.128 1463 1463 W HwKeyguardBottomArea: updateBatteryInfo : false true
04-24 13:02:58.128 1463 1463 W KgBattery: getCharge info with type: text
04-24 13:02:58.128 1176 1176 D HwWifiService: mPluggedType =2
04-24 13:02:58.131 1176 1176 D WifiService: onReceive, action:android.intent.action.BATTERY_CHANGED
04-24 13:02:58.131 1176 1176 D WifiService: ACTION_BATTERY_CHANGED pluggedType: 2
04-24 13:02:58.137 1729 1729 I MsgReceiver: intent action: android.intent.action.BATTERY_CHANGED
04-24 13:02:58.139 5515 5671 E CloudAlbum[8.1.2.309]: [ReceiverManager] not log on ignore
04-24 13:02:58.144 1463 1463 W HwLockScreenPanel: refreshBatteryInfo: null
04-24 13:02:58.515 1176 1176 I TrafficMonitor: expired arrive. level:-1
04-24 13:02:58.516 1176 1176 I TrafficMonitor: during_ms:2006,period_ms:2000
04-24 13:02:58.516 1176 1176 I TrafficMonitor: count:51,rx_sum:0,tx_sum:0,rxBytes:0,during_ms:2006,rx_speed:0.0,tx_speed:0.0,rto:0.0
04-24 13:02:58.517 1176 1176 D HuaweiWifiWatchdogStateMachine: speed: rxpkt:0, rxSpd:0B/s, txpkt:0, txSpd:0
04-24 13:02:59.531 1176 1176 I TrafficMonitor: update:rxPkts:0,txPkts:0,rxBytes:0,txBytes:0
04-24 13:02:59.531 1176 1176 I TrafficMonitor: start expired. level:-1
04-24 13:02:59.532 1176 1176 I TrafficMonitor: gettimer:interval=2000
04-24 13:03:00.704 1176 1338 D HwWifiStatStore: handleMessage : 200
04-24 13:03:01.537 1176 1176 I TrafficMonitor: update:rxPkts:0,txPkts:0,rxBytes:0,txBytes:0
04-24 13:03:01.538 1176 1176 I TrafficMonitor: start expired. level:-1
04-24 13:03:01.538 1176 1176 I TrafficMonitor: gettimer:interval=2000
04-24 13:03:02.161 1176 1392 D HwArpVerifier: performPollAndLog:
04-24 13:03:02.165 1176 1392 D hw_netstat: total/0/0
04-24 13:03:03.109 777 777 E : [E/capacity_limit_control] not demo version, not set power control prop!
04-24 13:03:03.544 1176 1176 I TrafficMonitor: update:rxPkts:0,txPkts:0,rxBytes:0,txBytes:0
04-24 13:03:03.544 1176 1176 I TrafficMonitor: start expired. level:-1
04-24 13:03:03.544 1176 1176 I TrafficMonitor: gettimer:interval=2000
04-24 13:03:03.710 1176 1338 D HwWifiStatStore: handleMessage : 200
04-24 13:03:04.534 1176 1176 I TrafficMonitor: expired arrive. level:-1
04-24 13:03:04.535 1176 1176 I TrafficMonitor: during_ms:2006,period_ms:2000
04-24 13:03:04.535 1176 1176 I TrafficMonitor: count:54,rx_sum:0,tx_sum:0,rxBytes:0,during_ms:2006,rx_speed:0.0,tx_speed:0.0,rto:0.0
04-24 13:03:04.535 1176 1176 D HuaweiWifiWatchdogStateMachine: speed: rxpkt:0, rxSpd:0B/s, txpkt:0, txSpd:0
04-24 13:03:05.548 1176 1176 I TrafficMonitor: update:rxPkts:0,txPkts:0,rxBytes:0,txBytes:0
04-24 13:03:05.548 1176 1176 I TrafficMonitor: start expired. level:-1
04-24 13:03:05.548 1176 1176 I TrafficMonitor: gettimer:interval=2000
04-24 13:03:05.721 742 742 E wificond: Failed to get NL80211_RATE_INFO_NOISE
04-24 13:03:05.722 742 742 E wificond: Failed to get NL80211_RATE_INFO_SNR
04-24 13:03:05.722 742 742 E wificond: Failed to get NL80211_STA_INFO_CNAHLOAD
04-24 13:03:05.724 1176 1337 E WificondControl: Noise: 0, Snr: -1, Chload: -1
04-24 13:03:05.726 1176 1339 D HwWifiCHRStateManager: handleMessage : 1001
04-24 13:03:05.726 1176 1339 D HwWifiCHRStateManager: handleUpdateChannel:2412
04-24 13:03:05.726 1176 1339 V HwWifiServiceFactory: get AllImpl object = com.android.server.wifi.HwWifiServiceFactoryImpl@2205edc
04-24 13:03:05.730 742 742 E wificond: Failed to get NL80211_RATE_INFO_NOISE
04-24 13:03:05.730 742 742 E wificond: Failed to get NL80211_RATE_INFO_SNR
04-24 13:03:05.730 742 742 E wificond: Failed to get NL80211_STA_INFO_CNAHLOAD
04-24 13:03:05.733 1176 1406 D HuaweiWifiWatchdogStateMachine: LM mrssi=-29
