04-24 13:18:44.088 1176 1176 I TrafficMonitor: update:rxPkts:22,txPkts:7,rxBytes:1552,txBytes:687
04-24 13:18:44.088 1176 1176 I TrafficMonitor: start expired. level:-1
04-24 13:18:44.088 1176 1176 I TrafficMonitor: gettimer:interval=2000
04-24 13:18:44.092 683 683 E HWComposer: getLayerReleaseFence: Invalid display
04-24 13:18:44.092 683 683 E HWComposer: getPresentFence failed for invalid display -1
04-24 13:18:44.142 683 683 E HWComposer: getLayerReleaseFence: Invalid display
04-24 13:18:44.143 683 683 E HWComposer: getPresentFence failed for invalid display -1
04-24 13:18:44.157 683 683 E HWComposer: getLayerReleaseFence: Invalid display
04-24 13:18:44.157 683 683 E HWComposer: getPresentFence failed for invalid display -1
04-24 13:18:44.190 683 683 E HWComposer: getLayerReleaseFence: Invalid display
04-24 13:18:44.190 683 683 E HWComposer: getPresentFence failed for invalid display -1
04-24 13:18:44.241 683 683 E HWComposer: getLayerReleaseFence: Invalid display
04-24 13:18:44.242 683 683 E HWComposer: getPresentFence failed for invalid display -1
04-24 13:18:44.276 683 683 E HWComposer: getLayerReleaseFence: Invalid display
04-24 13:18:44.276 683 683 E HWComposer: getPresentFence failed for invalid display -1
04-24 13:18:44.308 683 683 E HWComposer: getLayerReleaseFence: Invalid display
04-24 13:18:44.308 683 683 E HWComposer: getPresentFence failed for invalid display -1
04-24 13:18:44.341 683 683 E HWComposer: getLayerReleaseFence: Invalid display
04-24 13:18:44.341 683 683 E HWComposer: getPresentFence failed for invalid display -1
04-24 13:18:44.373 683 683 E HWComposer: getLayerReleaseFence: Invalid display
04-24 13:18:44.374 683 683 E HWComposer: getPresentFence failed for invalid display -1
04-24 13:18:44.426 683 683 E HWComposer: getLayerReleaseFence: Invalid display
04-24 13:18:44.427 683 683 E HWComposer: getPresentFence failed for invalid display -1
04-24 13:18:44.446 683 683 E HWComposer: getLayerReleaseFence: Invalid display
04-24 13:18:44.446 683 683 E HWComposer: getPresentFence failed for invalid display -1
04-24 13:18:44.508 683 683 E HWComposer: getLayerReleaseFence: Invalid display
04-24 13:18:44.508 683 683 E HWComposer: getPresentFence failed for invalid display -1
04-24 13:18:44.540 683 683 E HWComposer: getLayerReleaseFence: Invalid display
04-24 13:18:44.540 683 683 E HWComposer: getPresentFence failed for invalid display -1
04-24 13:18:44.573 683 683 E HWComposer: getLayerReleaseFence: Invalid display
04-24 13:18:44.573 683 683 E HWComposer: getPresentFence failed for invalid display -1
04-24 13:18:44.623 683 683 E HWComposer: getLayerReleaseFence: Invalid display
04-24 13:18:44.623 683 683 E HWComposer: getPresentFence failed for invalid display -1
04-24 13:18:44.657 683 683 E HWComposer: getLayerReleaseFence: Invalid display
04-24 13:18:44.657 683 683 E HWComposer: getPresentFence failed for invalid display -1
04-24 13:18:44.706 683 683 E HWComposer: getLayerReleaseFence: Invalid display
04-24 13:18:44.706 683 683 E HWComposer: getPresentFence failed for invalid display -1
04-24 13:18:44.739 683 683 E HWComposer: getLayerReleaseFence: Invalid display
04-24 13:18:44.739 683 683 E HWComposer: getPresentFence failed for invalid display -1
04-24 13:18:44.792 683 683 E HWComposer: getLayerReleaseFence: Invalid display
04-24 13:18:44.792 683 683 E HWComposer: getPresentFence failed for invalid display -1
04-24 13:18:44.823 683 683 E HWComposer: getLayerReleaseFence: Invalid display
04-24 13:18:44.823 683 683 E HWComposer: getPresentFence failed for invalid display -1
04-24 13:18:44.873 683 683 E HWComposer: getLayerReleaseFence: Invalid display
04-24 13:18:44.873 683 683 E HWComposer: getPresentFence failed for invalid display -1
04-24 13:18:44.907 683 683 E HWComposer: getLayerReleaseFence: Invalid display
04-24 13:18:44.907 683 683 E HWComposer: getPresentFence failed for invalid display -1
04-24 13:18:44.957 683 683 E HWComposer: getLayerReleaseFence: Invalid display
04-24 13:18:44.957 683 683 E HWComposer: getPresentFence failed for invalid display -1
04-24 13:18:44.986 683 683 E HWComposer: getLayerReleaseFence: Invalid display
04-24 13:18:44.986 683 683 E HWComposer: getPresentFence failed for invalid display -1
04-24 13:18:45.006 683 683 E HWComposer: getLayerReleaseFence: Invalid display
04-24 13:18:45.006 683 683 E HWComposer: getPresentFence failed for invalid display -1
04-24 13:18:45.058 683 683 E HWComposer: getLayerReleaseFence: Invalid display
04-24 13:18:45.059 683 683 E HWComposer: getPresentFence failed for invalid display -1
04-24 13:18:45.076 1176 1176 D HwInnerWifiManagerImpl: SupplicantState = COMPLETED
04-24 13:18:45.076 1176 1176 D HwInnerWifiManagerImpl: isPhoneAP = false
04-24 13:18:45.076 683 683 E HWComposer: getLayerReleaseFence: Invalid display
04-24 13:18:45.076 683 683 E HWComposer: getPresentFence failed for invalid display -1
04-24 13:18:45.077 1176 1176 D HwInnerWifiManagerImpl: SupplicantState = COMPLETED
04-24 13:18:45.077 1176 1176 D HwInnerWifiManagerImpl: isPhoneAP = false
04-24 13:18:45.077 1176 1176 D WifiStateMachine: mBcastReceiver: PluggedType = 2 mIsScanCtrlPluggedin = true
04-24 13:18:45.077 1463 1463 D KeyguardUpdateMonitor: received broadcast android.intent.action.BATTERY_CHANGED
04-24 13:18:45.077 1463 1463 W KeyguardUpdateMonitor: ACTION_BATTERY_CHANGED AMP: 500000; Volt: 5000000
04-24 13:18:45.077 1176 1176 D HwWifiService: mPluggedType =2
04-24 13:18:45.077 1463 1463 V KeyguardUpdateMonitor: RefreshBatteryInfo isBatteryLow: 79
04-24 13:18:45.077 1463 1463 W KeyguardUpdateMonitor: ChargingSpeed Wattage: 2500000 ST: 5000000 --> 7500000
04-24 13:18:45.077 1463 1463 I KgBattery: BatteryInfo updated: 2lPc0
04-24 13:18:45.077 1463 1463 W AppHandler: sendMessage with obj100
04-24 13:18:45.077 1463 1463 D KeyguardUpdateMonitor: handleBatteryUpdate
04-24 13:18:45.077 1463 1463 W HwLockScreenPanel: Handle message: 100
04-24 13:18:45.077 1463 1463 W HwKeyguardBottomArea: updateBatteryInfo : false true
04-24 13:18:45.078 1176 1176 D WifiService: onReceive, action:android.intent.action.BATTERY_CHANGED
04-24 13:18:45.078 1176 1176 D WifiService: ACTION_BATTERY_CHANGED pluggedType: 2
04-24 13:18:45.079 5515 5671 E CloudAlbum[8.1.2.309]: [ReceiverManager] not log on ignore
04-24 13:18:45.079 1729 1729 I MsgReceiver: intent action: android.intent.action.BATTERY_CHANGED
04-24 13:18:45.081 1463 1463 W HwLockScreenPanel: refreshBatteryInfo: null
04-24 13:18:45.085 1176 1176 I TrafficMonitor: expired arrive. level:-1
04-24 13:18:45.085 1176 1176 I TrafficMonitor: during_ms:2002,period_ms:2000
04-24 13:18:45.085 1176 1176 I TrafficMonitor: count:399,rx_sum:22,tx_sum:7,rxBytes:1552,during_ms:2002,rx_speed:775.2247752247753,tx_speed:343.1568431568432,rto:3.142857142857143
04-24 13:18:45.085 1176 1176 D HuaweiWifiWatchdogStateMachine: speed: rxpkt:22, rxSpd:775B/s, txpkt:7, txSpd:343
04-24 13:18:45.123 683 683 E HWComposer: getLayerReleaseFence: Invalid display
04-24 13:18:45.123 683 683 E HWComposer: getPresentFence failed for invalid display -1
04-24 13:18:45.156 683 683 E HWComposer: getLayerReleaseFence: Invalid display
04-24 13:18:45.156 683 683 E HWComposer: getPresentFence failed for invalid display -1
04-24 13:18:45.216 1729 2560 I LogPowerAdapter: do thermal temperature:26action:app_ctrl value:0 to PG
04-24 13:18:45.216 1729 2560 D HwPolicyDispatcher: send ctrl to PG,0
04-24 13:18:45.218 1729 2056 I TClean : TClean trigger policy = 0
04-24 13:18:45.218 1729 2056 I HardwareAdapter: file:/sys/class/hw_power/charger/direct_charger/adaptor_detect, fileExists:false, fileCanRead:false
04-24 13:18:45.218 1729 2056 I HardwareAdapter: isOnlyChargingType adaptor_detect=null
04-24 13:18:45.219 1729 2056 I HardwareAdapter: isOnlyChargingType chargerType=0
04-24 13:18:45.219 1729 2056 I ash : not only power charing.
04-24 13:18:45.241 683 683 E HWComposer: getLayerReleaseFence: Invalid display
04-24 13:18:45.241 683 683 E HWComposer: getPresentFence failed for invalid display -1
04-24 13:18:45.274 683 683 E HWComposer: getLayerReleaseFence: Invalid display
04-24 13:18:45.274 683 683 E HWComposer: getPresentFence failed for invalid display -1
04-24 13:18:45.297 683 683 E HWComposer: getLayerReleaseFence: Invalid display
04-24 13:18:45.297 683 683 E HWComposer: getPresentFence failed for invalid display -1
04-24 13:18:45.340 683 683 E HWComposer: getLayerReleaseFence: Invalid display
04-24 13:18:45.340 683 683 E HWComposer: getPresentFence failed for invalid display -1
04-24 13:18:45.373 683 683 E HWComposer: getLayerReleaseFence: Invalid display
04-24 13:18:45.373 683 683 E HWComposer: getPresentFence failed for invalid display -1
04-24 13:18:45.408 683 683 E HWComposer: getLayerReleaseFence: Invalid display
04-24 13:18:45.408 683 683 E HWComposer: getPresentFence failed for invalid display -1
04-24 13:18:45.455 683 683 E HWComposer: getLayerReleaseFence: Invalid display
04-24 13:18:45.455 683 683 E HWComposer: getPresentFence failed for invalid display -1
04-24 13:18:45.488 683 683 E HWComposer: getLayerReleaseFence: Invalid display
04-24 13:18:45.488 683 683 E HWComposer: getPresentFence failed for invalid display -1
04-24 13:18:45.506 683 683 E HWComposer: getLayerReleaseFence: Invalid display
04-24 13:18:45.507 683 683 E HWComposer: getPresentFence failed for invalid display -1
04-24 13:18:45.533 1176 1392 D HwArpVerifier: performPollAndLog:
04-24 13:18:45.535 1176 1392 D hw_netstat: total/626/1251,com.jiansheng.blmn.demo/112/1251,unknown:0/514/0
04-24 13:18:45.553 683 683 E HWComposer: getLayerReleaseFence: Invalid display
04-24 13:18:45.553 683 683 E HWComposer: getPresentFence failed for invalid display -1
04-24 13:18:45.585 683 683 E HWComposer: getLayerReleaseFence: Invalid display
04-24 13:18:45.585 683 683 E HWComposer: getPresentFence failed for invalid display -1
04-24 13:18:45.619 683 683 E HWComposer: getLayerReleaseFence: Invalid display
04-24 13:18:45.619 683 683 E HWComposer: getPresentFence failed for invalid display -1
04-24 13:18:45.653 683 683 E HWComposer: getLayerReleaseFence: Invalid display
04-24 13:18:45.654 683 683 E HWComposer: getPresentFence failed for invalid display -1
04-24 13:18:45.661 777 777 E : [E/capacity_limit_control] not demo version, not set power control prop!
04-24 13:18:45.685 683 683 E HWComposer: getLayerReleaseFence: Invalid display
04-24 13:18:45.685 683 683 E HWComposer: getPresentFence failed for invalid display -1
04-24 13:18:45.704 683 683 E HWComposer: getLayerReleaseFence: Invalid display
04-24 13:18:45.704 683 683 E HWComposer: getPresentFence failed for invalid display -1
04-24 13:18:45.747 683 683 E HWComposer: getLayerReleaseFence: Invalid display
04-24 13:18:45.748 683 683 E HWComposer: getPresentFence failed for invalid display -1
04-24 13:18:45.780 683 683 E HWComposer: getLayerReleaseFence: Invalid display
04-24 13:18:45.780 683 683 E HWComposer: getPresentFence failed for invalid display -1
04-24 13:18:45.813 683 683 E HWComposer: getLayerReleaseFence: Invalid display
04-24 13:18:45.813 683 683 E HWComposer: getPresentFence failed for invalid display -1
04-24 13:18:45.843 683 683 E HWComposer: getLayerReleaseFence: Invalid display
04-24 13:18:45.843 683 683 E HWComposer: getPresentFence failed for invalid display -1
04-24 13:18:45.875 683 683 E HWComposer: getLayerReleaseFence: Invalid display
04-24 13:18:45.875 683 683 E HWComposer: getPresentFence failed for invalid display -1
04-24 13:18:45.906 683 683 E HWComposer: getLayerReleaseFence: Invalid display
04-24 13:18:45.906 683 683 E HWComposer: getPresentFence failed for invalid display -1
04-24 13:18:45.937 683 683 E HWComposer: getLayerReleaseFence: Invalid display
04-24 13:18:45.937 683 683 E HWComposer: getPresentFence failed for invalid display -1
04-24 13:18:45.968 683 683 E HWComposer: getLayerReleaseFence: Invalid display
04-24 13:18:45.968 683 683 E HWComposer: getPresentFence failed for invalid display -1
04-24 13:18:45.989 683 683 E HWComposer: getLayerReleaseFence: Invalid display
04-24 13:18:45.989 683 683 E HWComposer: getPresentFence failed for invalid display -1
04-24 13:18:46.033 683 683 E HWComposer: getLayerReleaseFence: Invalid display
04-24 13:18:46.033 683 683 E HWComposer: getPresentFence failed for invalid display -1
04-24 13:18:46.066 683 683 E HWComposer: getLayerReleaseFence: Invalid display
04-24 13:18:46.066 683 683 E HWComposer: getPresentFence failed for invalid display -1
04-24 13:18:46.089 1176 1176 I TrafficMonitor: update:rxPkts:26,txPkts:2,rxBytes:1776,txBytes:376
04-24 13:18:46.089 1176 1176 I TrafficMonitor: start expired. level:-1
04-24 13:18:46.089 1176 1176 I TrafficMonitor: gettimer:interval=2000
04-24 13:18:46.099 683 683 E HWComposer: getLayerReleaseFence: Invalid display
04-24 13:18:46.099 683 683 E HWComposer: getPresentFence failed for invalid display -1
04-24 13:18:46.132 683 683 E HWComposer: getLayerReleaseFence: Invalid display
04-24 13:18:46.132 683 683 E HWComposer: getPresentFence failed for invalid display -1
04-24 13:18:46.155 683 683 E HWComposer: getLayerReleaseFence: Invalid display
04-24 13:18:46.156 683 683 E HWComposer: getPresentFence failed for invalid display -1
04-24 13:18:46.190 683 683 E HWComposer: getLayerReleaseFence: Invalid display
04-24 13:18:46.190 683 683 E HWComposer: getPresentFence failed for invalid display -1
04-24 13:18:46.223 683 683 E HWComposer: getLayerReleaseFence: Invalid display
04-24 13:18:46.223 683 683 E HWComposer: getPresentFence failed for invalid display -1
04-24 13:18:46.242 1176 1338 D HwWifiStatStore: handleMessage : 200
04-24 13:18:46.257 683 683 E HWComposer: getLayerReleaseFence: Invalid display
04-24 13:18:46.258 683 683 E HWComposer: getPresentFence failed for invalid display -1
04-24 13:18:46.283 683 683 E HWComposer: getLayerReleaseFence: Invalid display
04-24 13:18:46.284 683 683 E HWComposer: getPresentFence failed for invalid display -1
04-24 13:18:46.325 683 683 E HWComposer: getLayerReleaseFence: Invalid display
04-24 13:18:46.325 683 683 E HWComposer: getPresentFence failed for invalid display -1
04-24 13:18:46.345 683 683 E HWComposer: getLayerReleaseFence: Invalid display
04-24 13:18:46.345 683 683 E HWComposer: getPresentFence failed for invalid display -1
04-24 13:18:46.385 683 683 E HWComposer: getLayerReleaseFence: Invalid display
04-24 13:18:46.385 683 683 E HWComposer: getPresentFence failed for invalid display -1
04-24 13:18:46.422 683 683 E HWComposer: getLayerReleaseFence: Invalid display
04-24 13:18:46.422 683 683 E HWComposer: getPresentFence failed for invalid display -1
04-24 13:18:46.455 683 683 E HWComposer: getLayerReleaseFence: Invalid display
04-24 13:18:46.455 683 683 E HWComposer: getPresentFence failed for invalid display -1
04-24 13:18:46.489 683 683 E HWComposer: getLayerReleaseFence: Invalid display
04-24 13:18:46.489 683 683 E HWComposer: getPresentFence failed for invalid display -1
04-24 13:18:46.523 683 683 E HWComposer: getLayerReleaseFence: Invalid display
04-24 13:18:46.523 683 683 E HWComposer: getPresentFence failed for invalid display -1
04-24 13:18:46.555 683 683 E HWComposer: getLayerReleaseFence: Invalid display
04-24 13:18:46.556 683 683 E HWComposer: getPresentFence failed for invalid display -1
04-24 13:18:46.589 683 683 E HWComposer: getLayerReleaseFence: Invalid display
04-24 13:18:46.589 683 683 E HWComposer: getPresentFence failed for invalid display -1
04-24 13:18:46.641 683 683 E HWComposer: getLayerReleaseFence: Invalid display
04-24 13:18:46.642 683 683 E HWComposer: getPresentFence failed for invalid display -1
04-24 13:18:46.674 683 683 E HWComposer: getLayerReleaseFence: Invalid display
04-24 13:18:46.675 683 683 E HWComposer: getPresentFence failed for invalid display -1
04-24 13:18:46.705 679 679 E WifiHAL : enter wifi_get_link_stats
04-24 13:18:46.708 683 683 E HWComposer: getLayerReleaseFence: Invalid display
04-24 13:18:46.709 683 683 E HWComposer: getPresentFence failed for invalid display -1
04-24 13:18:46.710 742 742 E wificond: Failed to get NL80211_RATE_INFO_NOISE
04-24 13:18:46.710 742 742 E wificond: Failed to get NL80211_RATE_INFO_SNR
04-24 13:18:46.710 742 742 E wificond: Failed to get NL80211_STA_INFO_CNAHLOAD
04-24 13:18:46.710 1176 1337 E WificondControl: Noise: 0, Snr: -1, Chload: -1
04-24 13:18:46.711 1176 1339 D HwWifiCHRStateManager: handleMessage : 1001
04-24 13:18:46.711 1176 1339 D HwWifiCHRStateManager: handleUpdateChannel:2412
04-24 13:18:46.712 1176 1339 V HwWifiServiceFactory: get AllImpl object = com.android.server.wifi.HwWifiServiceFactoryImpl@2205edc
04-24 13:18:46.712 1176 1337 D HwCustWifiStateMachineReferenceImpl: checkRssiOverThreshold newRssi = -29
04-24 13:18:46.713 1176 1337 D WifiScoreReport: Score = 100, wifiConnectivityManagerEnabled = false, lowScoreCount = 0
04-24 13:18:46.741 683 683 E HWComposer: getLayerReleaseFence: Invalid display
04-24 13:18:46.741 683 683 E HWComposer: getPresentFence failed for invalid display -1
04-24 13:18:46.762 683 683 E HWComposer: getLayerReleaseFence: Invalid display
04-24 13:18:46.763 683 683 E HWComposer: getPresentFence failed for invalid display -1
04-24 13:18:46.876 683 683 E HWComposer: getLayerReleaseFence: Invalid display
04-24 13:18:46.876 683 683 E HWComposer: getPresentFence failed for invalid display -1
04-24 13:18:46.892 683 683 E HWComposer: getLayerReleaseFence: Invalid display
04-24 13:18:46.892 683 683 E HWComposer: getPresentFence failed for invalid display -1
04-24 13:18:46.924 683 683 E HWComposer: getLayerReleaseFence: Invalid display
04-24 13:18:46.924 683 683 E HWComposer: getPresentFence failed for invalid display -1
04-24 13:18:46.946 683 683 E HWComposer: getLayerReleaseFence: Invalid display
04-24 13:18:46.946 683 683 E HWComposer: getPresentFence failed for invalid display -1
04-24 13:18:46.974 683 683 E HWComposer: getLayerReleaseFence: Invalid display
04-24 13:18:46.975 683 683 E HWComposer: getPresentFence failed for invalid display -1
04-24 13:18:47.007 683 683 E HWComposer: getLayerReleaseFence: Invalid display
04-24 13:18:47.007 683 683 E HWComposer: getPresentFence failed for invalid display -1
04-24 13:18:47.044 683 683 E HWComposer: getLayerReleaseFence: Invalid display
04-24 13:18:47.044 683 683 E HWComposer: getPresentFence failed for invalid display -1
04-24 13:18:47.066 683 683 E HWComposer: getLayerReleaseFence: Invalid display
04-24 13:18:47.066 683 683 E HWComposer: getPresentFence failed for invalid display -1
04-24 13:18:47.106 683 683 E HWComposer: getLayerReleaseFence: Invalid display
04-24 13:18:47.106 683 683 E HWComposer: getPresentFence failed for invalid display -1
04-24 13:18:47.136 683 683 E HWComposer: getLayerReleaseFence: Invalid display
04-24 13:18:47.136 683 683 E HWComposer: getPresentFence failed for invalid display -1
04-24 13:18:47.165 683 683 E HWComposer: getLayerReleaseFence: Invalid display
04-24 13:18:47.165 683 683 E HWComposer: getPresentFence failed for invalid display -1
04-24 13:18:47.189 683 683 E HWComposer: getLayerReleaseFence: Invalid display
04-24 13:18:47.189 683 683 E HWComposer: getPresentFence failed for invalid display -1
04-24 13:18:47.222 683 683 E HWComposer: getLayerReleaseFence: Invalid display
04-24 13:18:47.222 683 683 E HWComposer: getPresentFence failed for invalid display -1
04-24 13:18:47.256 683 683 E HWComposer: getLayerReleaseFence: Invalid display
04-24 13:18:47.256 683 683 E HWComposer: getPresentFence failed for invalid display -1
04-24 13:18:47.307 683 683 E HWComposer: getLayerReleaseFence: Invalid display
04-24 13:18:47.307 683 683 E HWComposer: getPresentFence failed for invalid display -1
04-24 13:18:47.326 683 683 E HWComposer: getLayerReleaseFence: Invalid display
04-24 13:18:47.326 683 683 E HWComposer: getPresentFence failed for invalid display -1
04-24 13:18:47.357 683 683 E HWComposer: getLayerReleaseFence: Invalid display
04-24 13:18:47.357 683 683 E HWComposer: getPresentFence failed for invalid display -1
04-24 13:18:47.390 683 683 E HWComposer: getLayerReleaseFence: Invalid display
04-24 13:18:47.390 683 683 E HWComposer: getPresentFence failed for invalid display -1
04-24 13:18:47.406 683 683 E HWComposer: getLayerReleaseFence: Invalid display
04-24 13:18:47.406 683 683 E HWComposer: getPresentFence failed for invalid display -1
04-24 13:18:47.457 683 683 E HWComposer: getLayerReleaseFence: Invalid display
04-24 13:18:47.457 683 683 E HWComposer: getPresentFence failed for invalid display -1
04-24 13:18:47.491 683 683 E HWComposer: getLayerReleaseFence: Invalid display
04-24 13:18:47.491 683 683 E HWComposer: getPresentFence failed for invalid display -1
04-24 13:18:47.525 683 683 E HWComposer: getLayerReleaseFence: Invalid display
04-24 13:18:47.525 683 683 E HWComposer: getPresentFence failed for invalid display -1
04-24 13:18:47.542 683 683 E HWComposer: getLayerReleaseFence: Invalid display
04-24 13:18:47.542 683 683 E HWComposer: getPresentFence failed for invalid display -1
04-24 13:18:47.572 683 683 E HWComposer: getLayerReleaseFence: Invalid display
04-24 13:18:47.572 683 683 E HWComposer: getPresentFence failed for invalid display -1
04-24 13:18:47.605 683 683 E HWComposer: getLayerReleaseFence: Invalid display
04-24 13:18:47.605 683 683 E HWComposer: getPresentFence failed for invalid display -1
04-24 13:18:47.639 683 683 E HWComposer: getLayerReleaseFence: Invalid display
04-24 13:18:47.639 683 683 E HWComposer: getPresentFence failed for invalid display -1
04-24 13:18:47.672 683 683 E HWComposer: getLayerReleaseFence: Invalid display
04-24 13:18:47.672 683 683 E HWComposer: getPresentFence failed for invalid display -1
04-24 13:18:47.698 683 683 E HWComposer: getLayerReleaseFence: Invalid display
04-24 13:18:47.698 683 683 E HWComposer: getPresentFence failed for invalid display -1
04-24 13:18:47.729 683 683 E HWComposer: getLayerReleaseFence: Invalid display
04-24 13:18:47.729 683 683 E HWComposer: getPresentFence failed for invalid display -1
04-24 13:18:47.759 683 683 E HWComposer: getLayerReleaseFence: Invalid display
04-24 13:18:47.759 683 683 E HWComposer: getPresentFence failed for invalid display -1
04-24 13:18:47.792 683 683 E HWComposer: getLayerReleaseFence: Invalid display
04-24 13:18:47.792 683 683 E HWComposer: getPresentFence failed for invalid display -1
04-24 13:18:47.825 683 683 E HWComposer: getLayerReleaseFence: Invalid display
04-24 13:18:47.825 683 683 E HWComposer: getPresentFence failed for invalid display -1
04-24 13:18:47.863 683 683 E HWComposer: getLayerReleaseFence: Invalid display
04-24 13:18:47.864 683 683 E HWComposer: getPresentFence failed for invalid display -1
04-24 13:18:47.893 683 683 E HWComposer: getLayerReleaseFence: Invalid display
04-24 13:18:47.893 683 683 E HWComposer: getPresentFence failed for invalid display -1
04-24 13:18:47.914 683 683 E HWComposer: getLayerReleaseFence: Invalid display
04-24 13:18:47.914 683 683 E HWComposer: getPresentFence failed for invalid display -1
04-24 13:18:47.954 683 683 E HWComposer: getLayerReleaseFence: Invalid display
04-24 13:18:47.954 683 683 E HWComposer: getPresentFence failed for invalid display -1
04-24 13:18:47.984 1176 1176 I MQoS : onSignal: mSubId=1,currDataSubID=1
04-24 13:18:47.984 1176 1176 I MQoS : received cell-signal:5
04-24 13:18:47.985 1176 1204 D SmartcareProc: onSignalStrengthsChanged: signalStrength is: SignalStrength: 99 -1 0 0 -64 -70 32767 -1 32767 99 0 0 0 2147483647 0 -1 true cdma , on sub: 1
04-24 13:18:47.987 683 683 E HWComposer: getLayerReleaseFence: Invalid display
04-24 13:18:47.987 1176 1204 D SmartcareProc: SignalStrength update result, ss: SignalStrengthInfo:68043809 mGsmSignalStrength: -1 mWcdmaRscp: -1 mWcdmaEcio: -1 mLteRsrp: -1 mLteRsrq: -1 mCdmaDbm: -64 mCdmaEcio: -70 mEvdoDbm: 32767mEvdoEcio: -1mLteRssnr: -1
04-24 13:18:47.987 683 683 E HWComposer: getPresentFence failed for invalid display -1
04-24 13:18:48.006 683 683 E HWComposer: getLayerReleaseFence: Invalid display
04-24 13:18:48.007 683 683 E HWComposer: getPresentFence failed for invalid display -1
04-24 13:18:48.049 683 683 E HWComposer: getLayerReleaseFence: Invalid display
04-24 13:18:48.049 683 683 E HWComposer: getPresentFence failed for invalid display -1
04-24 13:18:48.074 683 683 E HWComposer: getLayerReleaseFence: Invalid display
04-24 13:18:48.074 683 683 E HWComposer: getPresentFence failed for invalid display -1
04-24 13:18:48.090 1176 1176 I TrafficMonitor: update:rxPkts:14,txPkts:2,rxBytes:1008,txBytes:376
04-24 13:18:48.090 1176 1176 I TrafficMonitor: start expired. level:-1
04-24 13:18:48.090 1176 1176 I TrafficMonitor: gettimer:interval=2000
04-24 13:18:48.108 683 683 E HWComposer: getLayerReleaseFence: Invalid display
04-24 13:18:48.108 683 683 E HWComposer: getPresentFence failed for invalid display -1
04-24 13:18:48.141 683 683 E HWComposer: getLayerReleaseFence: Invalid display
04-24 13:18:48.141 683 683 E HWComposer: getPresentFence failed for invalid display -1
04-24 13:18:48.161 683 683 E HWComposer: getLayerReleaseFence: Invalid display
04-24 13:18:48.161 683 683 E HWComposer: getPresentFence failed for invalid display -1
04-24 13:18:48.222 683 683 E HWComposer: getLayerReleaseFence: Invalid display
04-24 13:18:48.222 683 683 E HWComposer: getPresentFence failed for invalid display -1
04-24 13:18:48.255 683 683 E HWComposer: getLayerReleaseFence: Invalid display
04-24 13:18:48.255 683 683 E HWComposer: getPresentFence failed for invalid display -1
04-24 13:18:48.288 683 683 E HWComposer: getLayerReleaseFence: Invalid display
04-24 13:18:48.289 683 683 E HWComposer: getPresentFence failed for invalid display -1
04-24 13:18:48.322 683 683 E HWComposer: getLayerReleaseFence: Invalid display
04-24 13:18:48.322 683 683 E HWComposer: getPresentFence failed for invalid display -1
04-24 13:18:48.355 683 683 E HWComposer: getLayerReleaseFence: Invalid display
04-24 13:18:48.355 683 683 E HWComposer: getPresentFence failed for invalid display -1
04-24 13:18:48.389 683 683 E HWComposer: getLayerReleaseFence: Invalid display
04-24 13:18:48.389 683 683 E HWComposer: getPresentFence failed for invalid display -1
04-24 13:18:48.456 683 683 E HWComposer: getLayerReleaseFence: Invalid display
04-24 13:18:48.456 683 683 E HWComposer: getPresentFence failed for invalid display -1
04-24 13:18:48.488 683 683 E HWComposer: getLayerReleaseFence: Invalid display
04-24 13:18:48.488 683 683 E HWComposer: getPresentFence failed for invalid display -1
04-24 13:18:48.523 683 683 E HWComposer: getLayerReleaseFence: Invalid display
04-24 13:18:48.523 683 683 E HWComposer: getPresentFence failed for invalid display -1
04-24 13:18:48.556 683 683 E HWComposer: getLayerReleaseFence: Invalid display
04-24 13:18:48.556 683 683 E HWComposer: getPresentFence failed for invalid display -1
04-24 13:18:48.588 683 683 E HWComposer: getLayerReleaseFence: Invalid display
04-24 13:18:48.589 683 683 E HWComposer: getPresentFence failed for invalid display -1
04-24 13:18:48.622 683 683 E HWComposer: getLayerReleaseFence: Invalid display
04-24 13:18:48.623 683 683 E HWComposer: getPresentFence failed for invalid display -1
04-24 13:18:48.657 683 683 E HWComposer: getLayerReleaseFence: Invalid display
04-24 13:18:48.657 683 683 E HWComposer: getPresentFence failed for invalid display -1
04-24 13:18:48.689 683 683 E HWComposer: getLayerReleaseFence: Invalid display
04-24 13:18:48.689 683 683 E HWComposer: getPresentFence failed for invalid display -1
04-24 13:18:48.722 683 683 E HWComposer: getLayerReleaseFence: Invalid display
04-24 13:18:48.722 683 683 E HWComposer: getPresentFence failed for invalid display -1
04-24 13:18:48.757 683 683 E HWComposer: getLayerReleaseFence: Invalid display
04-24 13:18:48.757 683 683 E HWComposer: getPresentFence failed for invalid display -1
04-24 13:18:48.778 683 683 E HWComposer: getLayerReleaseFence: Invalid display
04-24 13:18:48.778 683 683 E HWComposer: getPresentFence failed for invalid display -1
04-24 13:18:48.809 683 683 E HWComposer: getLayerReleaseFence: Invalid display
04-24 13:18:48.809 683 683 E HWComposer: getPresentFence failed for invalid display -1
04-24 13:18:48.851 683 683 E HWComposer: getLayerReleaseFence: Invalid display
04-24 13:18:48.851 683 683 E HWComposer: getPresentFence failed for invalid display -1
04-24 13:18:48.880 683 683 E HWComposer: getLayerReleaseFence: Invalid display
04-24 13:18:48.880 683 683 E HWComposer: getPresentFence failed for invalid display -1
04-24 13:18:48.899 683 683 E HWComposer: getLayerReleaseFence: Invalid display
04-24 13:18:48.899 683 683 E HWComposer: getPresentFence failed for invalid display -1
04-24 13:18:48.939 683 683 E HWComposer: getLayerReleaseFence: Invalid display
04-24 13:18:48.939 683 683 E HWComposer: getPresentFence failed for invalid display -1
04-24 13:18:48.968 683 683 E HWComposer: getLayerReleaseFence: Invalid display
04-24 13:18:48.968 683 683 E HWComposer: getPresentFence failed for invalid display -1
04-24 13:18:48.987 683 683 E HWComposer: getLayerReleaseFence: Invalid display
04-24 13:18:48.988 683 683 E HWComposer: getPresentFence failed for invalid display -1
04-24 13:18:49.028 683 683 E HWComposer: getLayerReleaseFence: Invalid display
04-24 13:18:49.028 683 683 E HWComposer: getPresentFence failed for invalid display -1
04-24 13:18:49.059 683 683 E HWComposer: getLayerReleaseFence: Invalid display
04-24 13:18:49.059 683 683 E HWComposer: getPresentFence failed for invalid display -1
04-24 13:18:49.089 683 683 E HWComposer: getLayerReleaseFence: Invalid display
04-24 13:18:49.089 683 683 E HWComposer: getPresentFence failed for invalid display -1
04-24 13:18:49.123 683 683 E HWComposer: getLayerReleaseFence: Invalid display
04-24 13:18:49.123 683 683 E HWComposer: getPresentFence failed for invalid display -1
04-24 13:18:49.158 683 683 E HWComposer: getLayerReleaseFence: Invalid display
04-24 13:18:49.158 683 683 E HWComposer: getPresentFence failed for invalid display -1
04-24 13:18:49.173 683 683 E HWComposer: getLayerReleaseFence: Invalid display
04-24 13:18:49.173 683 683 E HWComposer: getPresentFence failed for invalid display -1
04-24 13:18:49.206 683 683 E HWComposer: getLayerReleaseFence: Invalid display
04-24 13:18:49.206 683 683 E HWComposer: getPresentFence failed for invalid display -1
04-24 13:18:49.245 683 683 E HWComposer: getLayerReleaseFence: Invalid display
04-24 13:18:49.245 683 683 E HWComposer: getPresentFence failed for invalid display -1
04-24 13:18:49.246 1176 1338 D HwWifiStatStore: handleMessage : 200
04-24 13:18:49.275 683 683 E HWComposer: getLayerReleaseFence: Invalid display
04-24 13:18:49.275 683 683 E HWComposer: getPresentFence failed for invalid display -1
04-24 13:18:49.308 683 683 E HWComposer: getLayerReleaseFence: Invalid display
04-24 13:18:49.308 683 683 E HWComposer: getPresentFence failed for invalid display -1
04-24 13:18:49.325 683 683 E HWComposer: getLayerReleaseFence: Invalid display
04-24 13:18:49.325 683 683 E HWComposer: getPresentFence failed for invalid display -1
04-24 13:18:49.368 683 683 E HWComposer: getLayerReleaseFence: Invalid display
04-24 13:18:49.368 683 683 E HWComposer: getPresentFence failed for invalid display -1
04-24 13:18:49.388 683 683 E HWComposer: getLayerReleaseFence: Invalid display
04-24 13:18:49.388 683 683 E HWComposer: getPresentFence failed for invalid display -1
04-24 13:18:49.421 683 683 E HWComposer: getLayerReleaseFence: Invalid display
04-24 13:18:49.421 683 683 E HWComposer: getPresentFence failed for invalid display -1
04-24 13:18:49.455 683 683 E HWComposer: getLayerReleaseFence: Invalid display
04-24 13:18:49.455 683 683 E HWComposer: getPresentFence failed for invalid display -1
04-24 13:18:49.490 683 683 E HWComposer: getLayerReleaseFence: Invalid display
04-24 13:18:49.490 683 683 E HWComposer: getPresentFence failed for invalid display -1
04-24 13:18:49.522 683 683 E HWComposer: getLayerReleaseFence: Invalid display
04-24 13:18:49.523 683 683 E HWComposer: getPresentFence failed for invalid display -1
04-24 13:18:49.554 683 683 E HWComposer: getLayerReleaseFence: Invalid display
04-24 13:18:49.554 683 683 E HWComposer: getPresentFence failed for invalid display -1
04-24 13:18:49.588 683 683 E HWComposer: getLayerReleaseFence: Invalid display
04-24 13:18:49.589 683 683 E HWComposer: getPresentFence failed for invalid display -1
04-24 13:18:49.621 683 683 E HWComposer: getLayerReleaseFence: Invalid display
04-24 13:18:49.622 683 683 E HWComposer: getPresentFence failed for invalid display -1
04-24 13:18:49.644 1176 1589 W Watchdog: hungtask: writing kick
04-24 13:18:49.646 1176 1202 I EventHub: EventHub monitor: no key events in the past 234s, no motion events in the past 57s
04-24 13:18:49.655 683 683 E HWComposer: getLayerReleaseFence: Invalid display
04-24 13:18:49.655 683 683 E HWComposer: getPresentFence failed for invalid display -1
04-24 13:18:49.687 683 683 E HWComposer: getLayerReleaseFence: Invalid display
04-24 13:18:49.687 683 683 E HWComposer: getPresentFence failed for invalid display -1
04-24 13:18:49.717 679 679 E WifiHAL : enter wifi_get_link_stats
04-24 13:18:49.721 742 742 E wificond: Failed to get NL80211_RATE_INFO_NOISE
04-24 13:18:49.721 742 742 E wificond: Failed to get NL80211_RATE_INFO_SNR
04-24 13:18:49.721 742 742 E wificond: Failed to get NL80211_STA_INFO_CNAHLOAD
04-24 13:18:49.721 1176 1337 E WificondControl: Noise: 0, Snr: -1, Chload: -1
04-24 13:18:49.722 683 683 E HWComposer: getLayerReleaseFence: Invalid display
04-24 13:18:49.722 683 683 E HWComposer: getPresentFence failed for invalid display -1
04-24 13:18:49.722 1176 1339 D HwWifiCHRStateManager: handleMessage : 1001
04-24 13:18:49.722 1176 1339 D HwWifiCHRStateManager: handleUpdateChannel:2412
04-24 13:18:49.722 1176 1339 V HwWifiServiceFactory: get AllImpl object = com.android.server.wifi.HwWifiServiceFactoryImpl@2205edc
04-24 13:18:49.723 1176 1337 D HwCustWifiStateMachineReferenceImpl: checkRssiOverThreshold newRssi = -29
04-24 13:18:49.723 1176 1337 D WifiScoreReport: Score = 100, wifiConnectivityManagerEnabled = false, lowScoreCount = 0
04-24 13:18:49.754 683 683 E HWComposer: getLayerReleaseFence: Invalid display
04-24 13:18:49.754 683 683 E HWComposer: getPresentFence failed for invalid display -1
04-24 13:18:49.787 683 683 E HWComposer: getLayerReleaseFence: Invalid display
04-24 13:18:49.787 683 683 E HWComposer: getPresentFence failed for invalid display -1
04-24 13:18:49.821 683 683 E HWComposer: getLayerReleaseFence: Invalid display
04-24 13:18:49.821 683 683 E HWComposer: getPresentFence failed for invalid display -1
04-24 13:18:49.872 683 683 E HWComposer: getLayerReleaseFence: Invalid display
04-24 13:18:49.872 683 683 E HWComposer: getPresentFence failed for invalid display -1
04-24 13:18:49.887 683 683 E HWComposer: getLayerReleaseFence: Invalid display
04-24 13:18:49.887 683 683 E HWComposer: getPresentFence failed for invalid display -1
04-24 13:18:49.921 683 683 E HWComposer: getLayerReleaseFence: Invalid display
04-24 13:18:49.921 683 683 E HWComposer: getPresentFence failed for invalid display -1
04-24 13:18:49.956 683 683 E HWComposer: getLayerReleaseFence: Invalid display
04-24 13:18:49.956 683 683 E HWComposer: getPresentFence failed for invalid display -1
04-24 13:18:49.992 683 683 E HWComposer: getLayerReleaseFence: Invalid display
04-24 13:18:49.992 683 683 E HWComposer: getPresentFence failed for invalid display -1
04-24 13:18:50.021 683 683 E HWComposer: getLayerReleaseFence: Invalid display
04-24 13:18:50.021 683 683 E HWComposer: getPresentFence failed for invalid display -1
04-24 13:18:50.039 683 683 E HWComposer: getLayerReleaseFence: Invalid display
04-24 13:18:50.039 683 683 E HWComposer: getPresentFence failed for invalid display -1
04-24 13:18:50.080 683 683 E HWComposer: getLayerReleaseFence: Invalid display
04-24 13:18:50.080 683 683 E HWComposer: getPresentFence failed for invalid display -1
04-24 13:18:50.091 1176 1176 I TrafficMonitor: update:rxPkts:23,txPkts:2,rxBytes:1784,txBytes:376
04-24 13:18:50.092 1176 1176 I TrafficMonitor: start expired. level:-1
04-24 13:18:50.092 1176 1176 I TrafficMonitor: gettimer:interval=2000
04-24 13:18:50.104 683 683 E HWComposer: getLayerReleaseFence: Invalid display
04-24 13:18:50.104 683 683 E HWComposer: getPresentFence failed for invalid display -1
04-24 13:18:50.137 683 683 E HWComposer: getLayerReleaseFence: Invalid display
04-24 13:18:50.137 683 683 E HWComposer: getPresentFence failed for invalid display -1
04-24 13:18:50.172 683 683 E HWComposer: getLayerReleaseFence: Invalid display
04-24 13:18:50.172 683 683 E HWComposer: getPresentFence failed for invalid display -1
04-24 13:18:50.271 683 683 E HWComposer: getLayerReleaseFence: Invalid display
04-24 13:18:50.271 683 683 E HWComposer: getPresentFence failed for invalid display -1
04-24 13:18:50.337 683 683 E HWComposer: getLayerReleaseFence: Invalid display
04-24 13:18:50.337 683 683 E HWComposer: getPresentFence failed for invalid display -1
04-24 13:18:50.387 683 683 E HWComposer: getLayerReleaseFence: Invalid display
04-24 13:18:50.387 683 683 E HWComposer: getPresentFence failed for invalid display -1
04-24 13:18:50.438 683 683 E HWComposer: getLayerReleaseFence: Invalid display
04-24 13:18:50.438 683 683 E HWComposer: getPresentFence failed for invalid display -1
04-24 13:18:50.471 683 683 E HWComposer: getLayerReleaseFence: Invalid display
04-24 13:18:50.472 683 683 E HWComposer: getPresentFence failed for invalid display -1
04-24 13:18:50.488 741 741 E Thermal-daemon: [ap] temp_new :41 temp_old :40
04-24 13:18:50.488 1729 4039 I ThermalService: Receive temperature change, type: 0, temp: 41 from thermald
04-24 13:18:50.488 1729 2560 D HwThermalStateManager: Thermal type: 0 cur_temperature:41
04-24 13:18:50.488 741 741 E Thermal-daemon: Report temperature: [ap] temp :41 report_threshold:1
04-24 13:18:50.521 742 742 E wificond: Failed to get NL80211_RATE_INFO_NOISE
04-24 13:18:50.522 742 742 E wificond: Failed to get NL80211_RATE_INFO_SNR
04-24 13:18:50.522 742 742 E wificond: Failed to get NL80211_STA_INFO_CNAHLOAD
04-24 13:18:50.522 1176 1337 E WificondControl: Noise: 0, Snr: -1, Chload: -1
04-24 13:18:50.523 1176 1339 D HwWifiCHRStateManager: handleMessage : 1001
04-24 13:18:50.523 1176 1339 D HwWifiCHRStateManager: handleUpdateChannel:2412
04-24 13:18:50.523 1176 1339 V HwWifiServiceFactory: get AllImpl object = com.android.server.wifi.HwWifiServiceFactoryImpl@2205edc
04-24 13:18:50.524 742 742 E wificond: Failed to get NL80211_RATE_INFO_NOISE
04-24 13:18:50.524 742 742 E wificond: Failed to get NL80211_RATE_INFO_SNR
04-24 13:18:50.524 742 742 E wificond: Failed to get NL80211_STA_INFO_CNAHLOAD
04-24 13:18:50.525 1176 1406 D HuaweiWifiWatchdogStateMachine: LM mrssi=-29
04-24 13:18:50.525 1176 1406 D HuaweiWifiWatchdogStateMachine: a4:fa:**:**:eb:b0 current loss[-45]=0%, volume=10
04-24 13:18:50.526 1176 1406 D HuaweiWifiWatchdogStateMachine: a4:fa:**:**:eb:b0 history loss[-45]=0%, volume=13826274
04-24 13:18:50.526 1176 1406 I HuaweiWifiWatchdogStateMachine: spd good count:0, add sc:0.0, rate:1.0
04-24 13:18:50.526 1176 1406 I HuaweiWifiWatchdogStateMachine: current mHighDataFlowRate = 1.0
04-24 13:18:50.526 1176 1406 I HuaweiWifiWatchdogStateMachine: POta txb txg rxg:0, 87, 0. Lr =0% Totpkt=87
04-24 13:18:50.527 1176 1176 D WiFi_PRO: MSG_RETURN_AP_CURRY_RSSI rssi = -29
04-24 13:18:50.527 1176 1176 I QosMonitor: queryRtt: rtt_type = 3
04-24 13:18:50.527 1176 1176 I HwQoEJNI: send_cmd_kernel. begin
04-24 13:18:50.528 1176 1176 I HwQoEJNI: send_cmd_kernel. end
04-24 13:18:50.528 1176 1176 I QosMonitor: postEventFromNative: msg=100,arg1=4,arg2=10
04-24 13:18:50.528 1176 1176 I HwQoEJNI: send_cmd_kernel. begin
04-24 13:18:50.528 1176 1176 I HwQoEJNI: send_cmd_kernel. end
04-24 13:18:50.528 1176 1176 I QosMonitor: postEventFromNative: msg=100,arg1=0,arg2=10
04-24 13:18:50.528 1176 1176 D HuaweiWifiWatchdogStateMachine: setSampleRtt: unvalid rtt
04-24 13:18:50.528 1176 1176 I MQoS : rtt=160,tcp_tx_pkts=481233,tcp_rx_pkts=921673
04-24 13:18:50.530 1176 1406 D HuaweiWifiWatchdogStateMachine: dumpTcpResult: len=10,rtt=160,rttPkt=1,rttWn=13,cgt=0,cgtWn=0
04-24 13:18:50.530 1176 1406 I HuaweiWifiWatchdogStateMachine: PTcp RTT:0, rtt pkt=0, tcp_rx=0, tcp_tx=0, tcp_reTran=0, rtRate=0
04-24 13:18:50.530 1176 1406 D HuaweiWifiWatchdogStateMachine: mRssiBadCount =0, RSSI not bad.
04-24 13:18:50.530 1176 1406 D HuaweiWifiWatchdogStateMachine: detectNetworkAvailable:hw.wifipro.dns_fail_count = 131
04-24 13:18:50.530 1176 1406 D HuaweiWifiWatchdogStateMachine: bqeLevel = 2 rtt=0,rtt_pkts=0 speed=1533 rssi=-29
04-24 13:18:50.530 1176 1406 D HuaweiWifiWatchdogStateMachine: Enter updateQoeLevel level = 2
04-24 13:18:50.530 1176 1406 D HuaweiWifiWatchdogStateMachine: updateQoeLevel current level equal to mLastDetectLevel, return
04-24 13:18:50.530 1176 1406 D HuaweiWifiWatchdogStateMachine: did not have any network action
04-24 13:18:50.532 1176 3515 I MQoS : QOS_level:0(0),wifi-link;SIM error;use level-0
04-24 13:18:50.538 683 683 E HWComposer: getLayerReleaseFence: Invalid display
04-24 13:18:50.538 683 683 E HWComposer: getPresentFence failed for invalid display -1
04-24 13:18:50.540 1176 1392 D HwArpVerifier: performPollAndLog:
04-24 13:18:50.542 1176 1392 D hw_netstat: total/135/940,com.jiansheng.blmn.demo/0/940,unknown:0/135/0
04-24 13:18:50.604 683 683 E HWComposer: getLayerReleaseFence: Invalid display
04-24 13:18:50.604 683 683 E HWComposer: getPresentFence failed for invalid display -1
04-24 13:18:50.654 683 683 E HWComposer: getLayerReleaseFence: Invalid display
04-24 13:18:50.654 683 683 E HWComposer: getPresentFence failed for invalid display -1
04-24 13:18:50.667 777 777 E : [E/capacity_limit_control] not demo version, not set power control prop!
04-24 13:18:50.704 683 683 E HWComposer: getLayerReleaseFence: Invalid display
04-24 13:18:50.704 683 683 E HWComposer: getPresentFence failed for invalid display -1
04-24 13:18:50.754 683 683 E HWComposer: getLayerReleaseFence: Invalid display
04-24 13:18:50.754 683 683 E HWComposer: getPresentFence failed for invalid display -1
04-24 13:18:50.803 683 683 E HWComposer: getLayerReleaseFence: Invalid display
04-24 13:18:50.803 683 683 E HWComposer: getPresentFence failed for invalid display -1
04-24 13:18:50.853 683 683 E HWComposer: getLayerReleaseFence: Invalid display
04-24 13:18:50.853 683 683 E HWComposer: getPresentFence failed for invalid display -1
04-24 13:18:50.887 683 683 E HWComposer: getLayerReleaseFence: Invalid display
04-24 13:18:50.887 683 683 E HWComposer: getPresentFence failed for invalid display -1
04-24 13:18:50.937 683 683 E HWComposer: getLayerReleaseFence: Invalid display
04-24 13:18:50.937 683 683 E HWComposer: getPresentFence failed for invalid display -1
04-24 13:18:50.987 683 683 E HWComposer: getLayerReleaseFence: Invalid display
04-24 13:18:50.987 683 683 E HWComposer: getPresentFence failed for invalid display -1
04-24 13:18:51.037 683 683 E HWComposer: getLayerReleaseFence: Invalid display
04-24 13:18:51.037 683 683 E HWComposer: getPresentFence failed for invalid display -1
04-24 13:18:51.087 683 683 E HWComposer: getLayerReleaseFence: Invalid display
04-24 13:18:51.087 683 683 E HWComposer: getPresentFence failed for invalid display -1
04-24 13:18:51.089 1176 1176 I TrafficMonitor: expired arrive. level:-1
04-24 13:18:51.089 1176 1176 I TrafficMonitor: during_ms:2001,period_ms:2000
04-24 13:18:51.089 1176 1176 I TrafficMonitor: count:402,rx_sum:23,tx_sum:2,rxBytes:1784,during_ms:2001,rx_speed:891.5542228885557,tx_speed:187.90604697651176,rto:11.5
04-24 13:18:51.089 1176 1176 D HuaweiWifiWatchdogStateMachine: speed: rxpkt:23, rxSpd:891B/s, txpkt:2, txSpd:187
04-24 13:18:51.120 683 683 E HWComposer: getLayerReleaseFence: Invalid display
04-24 13:18:51.120 683 683 E HWComposer: getPresentFence failed for invalid display -1
04-24 13:18:51.170 683 683 E HWComposer: getLayerReleaseFence: Invalid display
04-24 13:18:51.170 683 683 E HWComposer: getPresentFence failed for invalid display -1
04-24 13:18:51.232 683 683 E HWComposer: getLayerReleaseFence: Invalid display
04-24 13:18:51.233 683 683 E HWComposer: getPresentFence failed for invalid display -1
04-24 13:18:51.279 683 683 E HWComposer: getLayerReleaseFence: Invalid display
04-24 13:18:51.279 683 683 E HWComposer: getPresentFence failed for invalid display -1
04-24 13:18:51.327 683 683 E HWComposer: getLayerReleaseFence: Invalid display
04-24 13:18:51.327 683 683 E HWComposer: getPresentFence failed for invalid display -1
04-24 13:18:51.348 683 683 E HWComposer: getLayerReleaseFence: Invalid display
04-24 13:18:51.348 683 683 E HWComposer: getPresentFence failed for invalid display -1
04-24 13:18:51.416 683 683 E HWComposer: getLayerReleaseFence: Invalid display
04-24 13:18:51.416 683 683 E HWComposer: getPresentFence failed for invalid display -1
04-24 13:18:51.462 683 683 E HWComposer: getLayerReleaseFence: Invalid display
04-24 13:18:51.462 683 683 E HWComposer: getPresentFence failed for invalid display -1
04-24 13:18:51.506 683 683 E HWComposer: getLayerReleaseFence: Invalid display
04-24 13:18:51.506 683 683 E HWComposer: getPresentFence failed for invalid display -1
04-24 13:18:51.525 683 683 E HWComposer: getLayerReleaseFence: Invalid display
04-24 13:18:51.525 683 683 E HWComposer: getPresentFence failed for invalid display -1
04-24 13:18:51.595 683 683 E HWComposer: getLayerReleaseFence: Invalid display
04-24 13:18:51.595 683 683 E HWComposer: getPresentFence failed for invalid display -1
04-24 13:18:51.639 683 683 E HWComposer: getLayerReleaseFence: Invalid display
04-24 13:18:51.639 683 683 E HWComposer: getPresentFence failed for invalid display -1
04-24 13:18:51.685 683 683 E HWComposer: getLayerReleaseFence: Invalid display
04-24 13:18:51.685 683 683 E HWComposer: getPresentFence failed for invalid display -1
04-24 13:18:51.728 683 683 E HWComposer: getLayerReleaseFence: Invalid display
04-24 13:18:51.728 683 683 E HWComposer: getPresentFence failed for invalid display -1
04-24 13:18:51.769 683 683 E HWComposer: getLayerReleaseFence: Invalid display
04-24 13:18:51.769 683 683 E HWComposer: getPresentFence failed for invalid display -1
04-24 13:18:51.804 683 683 E HWComposer: getLayerReleaseFence: Invalid display
04-24 13:18:51.804 683 683 E HWComposer: getPresentFence failed for invalid display -1
04-24 13:18:51.904 683 683 E HWComposer: getLayerReleaseFence: Invalid display
04-24 13:18:51.904 683 683 E HWComposer: getPresentFence failed for invalid display -1
04-24 13:18:51.954 683 683 E HWComposer: getLayerReleaseFence: Invalid display
04-24 13:18:51.954 683 683 E HWComposer: getPresentFence failed for invalid display -1
04-24 13:18:51.988 683 683 E HWComposer: getLayerReleaseFence: Invalid display
04-24 13:18:51.988 683 683 E HWComposer: getPresentFence failed for invalid display -1
04-24 13:18:52.023 683 683 E HWComposer: getLayerReleaseFence: Invalid display
04-24 13:18:52.023 683 683 E HWComposer: getPresentFence failed for invalid display -1
04-24 13:18:52.092 683 683 E HWComposer: getLayerReleaseFence: Invalid display
04-24 13:18:52.092 683 683 E HWComposer: getPresentFence failed for invalid display -1
04-24 13:18:52.094 1176 1176 I TrafficMonitor: update:rxPkts:27,txPkts:3,rxBytes:2349,txBytes:460
04-24 13:18:52.094 1176 1176 I TrafficMonitor: start expired. level:-1
04-24 13:18:52.094 1176 1176 I TrafficMonitor: gettimer:interval=2000
04-24 13:18:52.122 683 683 E HWComposer: getLayerReleaseFence: Invalid display
04-24 13:18:52.123 683 683 E HWComposer: getPresentFence failed for invalid display -1
04-24 13:18:52.180 683 683 E HWComposer: getLayerReleaseFence: Invalid display
04-24 13:18:52.180 683 683 E HWComposer: getPresentFence failed for invalid display -1
04-24 13:18:52.200 683 683 E HWComposer: getLayerReleaseFence: Invalid display
04-24 13:18:52.200 683 683 E HWComposer: getPresentFence failed for invalid display -1
04-24 13:18:52.250 1176 1338 D HwWifiStatStore: handleMessage : 200
04-24 13:18:52.265 683 683 E HWComposer: getLayerReleaseFence: Invalid display
04-24 13:18:52.265 683 683 E HWComposer: getPresentFence failed for invalid display -1
04-24 13:18:52.306 683 683 E HWComposer: getLayerReleaseFence: Invalid display
04-24 13:18:52.306 683 683 E HWComposer: getPresentFence failed for invalid display -1
04-24 13:18:52.327 683 683 E HWComposer: getLayerReleaseFence: Invalid display
04-24 13:18:52.327 683 683 E HWComposer: getPresentFence failed for invalid display -1
04-24 13:18:52.389 683 683 E HWComposer: getLayerReleaseFence: Invalid display
04-24 13:18:52.389 683 683 E HWComposer: getPresentFence failed for invalid display -1
04-24 13:18:52.409 683 683 E HWComposer: getLayerReleaseFence: Invalid display
04-24 13:18:52.409 683 683 E HWComposer: getPresentFence failed for invalid display -1
04-24 13:18:52.464 683 683 E HWComposer: getLayerReleaseFence: Invalid display
04-24 13:18:52.464 683 683 E HWComposer: getPresentFence failed for invalid display -1
04-24 13:18:52.503 683 683 E HWComposer: getLayerReleaseFence: Invalid display
04-24 13:18:52.503 683 683 E HWComposer: getPresentFence failed for invalid display -1
04-24 13:18:52.522 683 683 E HWComposer: getLayerReleaseFence: Invalid display
04-24 13:18:52.522 683 683 E HWComposer: getPresentFence failed for invalid display -1
04-24 13:18:52.579 683 683 E HWComposer: getLayerReleaseFence: Invalid display
04-24 13:18:52.579 683 683 E HWComposer: getPresentFence failed for invalid display -1
04-24 13:18:52.620 683 683 E HWComposer: getLayerReleaseFence: Invalid display
04-24 13:18:52.620 683 683 E HWComposer: getPresentFence failed for invalid display -1
04-24 13:18:52.661 683 683 E HWComposer: getLayerReleaseFence: Invalid display
04-24 13:18:52.661 683 683 E HWComposer: getPresentFence failed for invalid display -1
04-24 13:18:52.685 683 683 E HWComposer: getLayerReleaseFence: Invalid display
04-24 13:18:52.685 683 683 E HWComposer: getPresentFence failed for invalid display -1
04-24 13:18:52.726 679 679 E WifiHAL : enter wifi_get_link_stats
