04-24 13:11:59.559 1176 1176 D HwInnerWifiManagerImpl: SupplicantState = COMPLETED
04-24 13:11:59.559 1176 1176 D HwInnerWifiManagerImpl: isPhoneAP = false
04-24 13:11:59.561 1176 1176 D HwInnerWifiManagerImpl: SupplicantState = COMPLETED
04-24 13:11:59.562 1176 1176 D HwInnerWifiManagerImpl: isPhoneAP = false
04-24 13:11:59.562 1176 1176 D WifiStateMachine: mBcastReceiver: PluggedType = 2 mIsScanCtrlPluggedin = true
04-24 13:11:59.562 1176 1176 D HwWifiService: mPluggedType =2
04-24 13:11:59.563 1176 1176 D WifiService: onReceive, action:android.intent.action.BATTERY_CHANGED
04-24 13:11:59.563 1176 1176 D WifiService: ACTION_BATTERY_CHANGED pluggedType: 2
04-24 13:11:59.564 1463 1463 D KeyguardUpdateMonitor: received broadcast android.intent.action.BATTERY_CHANGED
04-24 13:11:59.566 1463 1463 W KeyguardUpdateMonitor: ACTION_BATTERY_CHANGED AMP: 500000; Volt: 5000000
04-24 13:11:59.568 1463 1463 V KeyguardUpdateMonitor: RefreshBatteryInfo isBatteryLow: 78
04-24 13:11:59.568 1463 1463 W KeyguardUpdateMonitor: ChargingSpeed Wattage: 2500000 ST: 5000000 --> 7500000
04-24 13:11:59.568 1463 1463 I KgBattery: BatteryInfo updated: 2lPc0
04-24 13:11:59.568 1463 1463 W AppHandler: sendMessage with obj100
04-24 13:11:59.568 1463 1463 D KeyguardUpdateMonitor: handleBatteryUpdate
04-24 13:11:59.569 1463 1463 W HwLockScreenPanel: Handle message: 100
04-24 13:11:59.569 1463 1463 W HwKeyguardBottomArea: updateBatteryInfo : false true
04-24 13:11:59.569 1729 1729 I MsgReceiver: intent action: android.intent.action.BATTERY_CHANGED
04-24 13:11:59.569 1463 1463 W KgBattery: getCharge info with type: text
04-24 13:11:59.570 5515 5671 E CloudAlbum[8.1.2.309]: [ReceiverManager] not log on ignore
04-24 13:11:59.574 1463 1463 W HwLockScreenPanel: refreshBatteryInfo: null
04-24 13:12:01.122 1176 1392 D HwArpVerifier: performPollAndLog:
04-24 13:12:01.126 1176 1392 D hw_netstat: total/0/0
04-24 13:12:01.531 1176 1288 D HwBatteryService: onUEvent fcpStatus = 0,scpStatus =0,ovpStatus=0
04-24 13:12:01.533 1176 1288 I UsbDeviceManager: water_intrused state= 0
04-24 13:12:01.537 1176 1176 I TrafficMonitor: update:rxPkts:0,txPkts:0,rxBytes:0,txBytes:0
04-24 13:12:01.537 1176 1176 I TrafficMonitor: start expired. level:-1
04-24 13:12:01.538 1176 1176 I TrafficMonitor: gettimer:interval=2000
04-24 13:12:01.542 761 1308 D dubaid : [HourlyRoutine.cpp] handleRequestOffset# timestamp=1587704400001, expire=2878458
04-24 13:12:01.544 761 1306 I dubaid : [PollingRoutine.cpp] notifyPolling# Polling routine start, timestamp: 1587705121541, reason: 1
04-24 13:12:01.548 679 679 E WifiHAL : enter wifi_get_link_stats
04-24 13:12:01.556 1176 1200 E BatteryStatsService: no controller energy info supplied
04-24 13:12:01.556 1729 1883 I APwBatteryMonitor: screen off charging battery level : 79
04-24 13:12:01.567 1176 1176 D HwInnerWifiManagerImpl: SupplicantState = COMPLETED
04-24 13:12:01.567 1176 1176 D HwInnerWifiManagerImpl: isPhoneAP = false
04-24 13:12:01.568 1176 1176 D HwInnerWifiManagerImpl: SupplicantState = COMPLETED
04-24 13:12:01.568 1176 1176 D HwInnerWifiManagerImpl: isPhoneAP = false
04-24 13:12:01.568 1176 1176 D WifiStateMachine: mBcastReceiver: PluggedType = 2 mIsScanCtrlPluggedin = true
04-24 13:12:01.568 1463 1463 D KeyguardUpdateMonitor: received broadcast android.intent.action.BATTERY_CHANGED
04-24 13:12:01.568 1176 1176 D HwWifiService: mPluggedType =2
04-24 13:12:01.568 1463 1463 W KeyguardUpdateMonitor: ACTION_BATTERY_CHANGED AMP: 500000; Volt: 5000000
04-24 13:12:01.568 1463 1463 V KeyguardUpdateMonitor: RefreshBatteryInfo isBatteryLow: 79
04-24 13:12:01.568 1463 1463 W KeyguardUpdateMonitor: ChargingSpeed Wattage: 2500000 ST: 5000000 --> 7500000
04-24 13:12:01.568 1463 1463 I KgBattery: BatteryInfo updated: 2lPc0
04-24 13:12:01.568 1463 1463 W AppHandler: sendMessage with obj100
04-24 13:12:01.568 1463 1463 D KeyguardUpdateMonitor: handleBatteryUpdate
04-24 13:12:01.569 1463 1463 V KeyguardUpdateMonitor: RefreshBatteryInfo isBatteryLow: 79
04-24 13:12:01.569 1176 1176 D WifiService: onReceive, action:android.intent.action.BATTERY_CHANGED
04-24 13:12:01.569 1176 1176 D WifiService: ACTION_BATTERY_CHANGED pluggedType: 2
04-24 13:12:01.570 1463 1463 W HwKeyguardBottomArea: updateBatteryInfo : false true
04-24 13:12:01.570 1463 1463 W HwLockScreenPanel: Handle message: 100
04-24 13:12:01.570 1463 1463 W HwKeyguardBottomArea: updateBatteryInfo : false true
04-24 13:12:01.570 1463 1463 W KgBattery: getCharge info with type: text
04-24 13:12:01.572 1729 1729 I MsgReceiver: intent action: android.intent.action.BATTERY_CHANGED
04-24 13:12:01.574 1463 1463 W HwLockScreenPanel: refreshBatteryInfo: null
04-24 13:12:01.575 1729 8796 W libc : Set property "debug.aps.current_battery" to "79"
04-24 13:12:01.575 5515 5671 E CloudAlbum[8.1.2.309]: [ReceiverManager] not log on ignore
04-24 13:12:01.593 1729 1883 I APwTrigger: no high cpu load
04-24 13:12:01.594 1176 11623 W ActivityManager: Sending non-protected broadcast com.huawei.intent.action.PG_THERMAL_MSG_ACTION from system 1729:com.huawei.powergenie/1000 pkg com.huawei.powergenie
04-24 13:12:01.595 1729 1883 I BroadcastAdapter: send hight cpu load msg to thermal!
04-24 13:12:01.596 1176 1200 E BatteryStatsService: modem info is invalid: ModemActivityInfo{ mTimestamp=0 mSleepTimeMs=0 mIdleTimeMs=0 mTxTimeMs[]=[0, 0, 0, 0, 0] mRxTimeMs=0 mEnergyUsed=0}
04-24 13:12:01.910 1176 1338 D HwWifiStatStore: handleMessage : 200
04-24 13:12:02.205 742 742 E wificond: Failed to get NL80211_RATE_INFO_NOISE
04-24 13:12:02.205 742 742 E wificond: Failed to get NL80211_RATE_INFO_SNR
04-24 13:12:02.205 742 742 E wificond: Failed to get NL80211_STA_INFO_CNAHLOAD
04-24 13:12:02.206 1176 1337 E WificondControl: Noise: 0, Snr: -1, Chload: -1
04-24 13:12:02.208 1176 1339 D HwWifiCHRStateManager: handleMessage : 1001
04-24 13:12:02.208 1176 1339 D HwWifiCHRStateManager: handleUpdateChannel:2412
04-24 13:12:02.208 1176 1339 V HwWifiServiceFactory: get AllImpl object = com.android.server.wifi.HwWifiServiceFactoryImpl@2205edc
04-24 13:12:02.212 742 742 E wificond: Failed to get NL80211_RATE_INFO_NOISE
04-24 13:12:02.212 742 742 E wificond: Failed to get NL80211_RATE_INFO_SNR
04-24 13:12:02.212 742 742 E wificond: Failed to get NL80211_STA_INFO_CNAHLOAD
04-24 13:12:02.214 1176 1406 D HuaweiWifiWatchdogStateMachine: LM mrssi=-32
04-24 13:12:02.214 1176 1176 D WiFi_PRO: MSG_RETURN_AP_CURRY_RSSI rssi = -32
04-24 13:12:02.214 1176 1176 I QosMonitor: queryRtt: rtt_type = 3
04-24 13:12:02.214 1176 1406 D HuaweiWifiWatchdogStateMachine: a4:fa:**:**:eb:b0 current loss[-45]=0%, volume=1
04-24 13:12:02.214 1176 1406 D HuaweiWifiWatchdogStateMachine: a4:fa:**:**:eb:b0 history loss[-45]=0%, volume=13825723
04-24 13:12:02.214 1176 1176 I HwQoEJNI: send_cmd_kernel. begin
04-24 13:12:02.215 1176 1176 I HwQoEJNI: send_cmd_kernel. end
04-24 13:12:02.215 1176 1176 I QosMonitor: postEventFromNative: msg=100,arg1=4,arg2=10
04-24 13:12:02.215 1176 1406 I HuaweiWifiWatchdogStateMachine: spd good count:0, add sc:0.0, rate:1.0
04-24 13:12:02.215 1176 1176 D HuaweiWifiWatchdogStateMachine: setSampleRtt: unvalid rtt
04-24 13:12:02.215 1176 1406 I HuaweiWifiWatchdogStateMachine: current mHighDataFlowRate = 1.0
04-24 13:12:02.215 1176 1406 I HuaweiWifiWatchdogStateMachine: POta txb txg rxg:0, 80, 0. Lr =0% Totpkt=80
04-24 13:12:02.216 1176 1176 I HwQoEJNI: send_cmd_kernel. begin
04-24 13:12:02.216 1176 1176 I HwQoEJNI: send_cmd_kernel. end
04-24 13:12:02.216 1176 1176 I QosMonitor: postEventFromNative: msg=100,arg1=0,arg2=10
04-24 13:12:02.217 1176 1176 I MQoS : rtt=280,tcp_tx_pkts=480986,tcp_rx_pkts=921443
04-24 13:12:02.219 1176 1406 D HuaweiWifiWatchdogStateMachine: dumpTcpResult: len=10,rtt=280,rttPkt=2,rttWn=69,cgt=0,cgtWn=0
04-24 13:12:02.219 1176 1406 I HuaweiWifiWatchdogStateMachine: PTcp RTT:0, rtt pkt=0, tcp_rx=0, tcp_tx=0, tcp_reTran=0, rtRate=0
04-24 13:12:02.219 1176 1406 D HuaweiWifiWatchdogStateMachine: mRssiBadCount =0, RSSI not bad.
04-24 13:12:02.219 1176 1406 D HuaweiWifiWatchdogStateMachine: detectNetworkAvailable:hw.wifipro.dns_fail_count = 131
04-24 13:12:02.220 1176 1406 D HuaweiWifiWatchdogStateMachine: bqeLevel = 2 rtt=0,rtt_pkts=0 speed=65 rssi=-32
04-24 13:12:02.220 1176 1406 D HuaweiWifiWatchdogStateMachine: Enter updateQoeLevel level = 2
04-24 13:12:02.220 1176 1406 D HuaweiWifiWatchdogStateMachine: updateQoeLevel current level equal to mLastDetectLevel, return
04-24 13:12:02.220 1176 1406 D HuaweiWifiWatchdogStateMachine: did not have any network action
04-24 13:12:02.232 1176 3515 I MQoS : QOS_level:0(0),wifi-link;SIM error;use level-0
04-24 13:12:02.232 1176 3515 I MQoS : skip-low-Level:0(0),wifi-link;SIM error;use level-0
04-24 13:12:03.543 1176 1176 I TrafficMonitor: update:rxPkts:0,txPkts:0,rxBytes:0,txBytes:0
04-24 13:12:03.543 1176 1176 I TrafficMonitor: start expired. level:-1
04-24 13:12:03.543 1176 1176 I TrafficMonitor: gettimer:interval=2000
04-24 13:12:04.532 1176 1176 I TrafficMonitor: expired arrive. level:-1
04-24 13:12:04.533 1176 1176 I TrafficMonitor: during_ms:2006,period_ms:2000
04-24 13:12:04.533 1176 1176 I TrafficMonitor: count:229,rx_sum:0,tx_sum:0,rxBytes:0,during_ms:2006,rx_speed:0.0,tx_speed:0.0,rto:0.0
04-24 13:12:04.533 1176 1176 D HuaweiWifiWatchdogStateMachine: speed: rxpkt:0, rxSpd:0B/s, txpkt:0, txSpd:0
04-24 13:12:04.550 777 777 E : [E/capacity_limit_control] not demo version, not set power control prop!
04-24 13:12:04.917 1176 1338 D HwWifiStatStore: handleMessage : 200
04-24 13:12:05.548 1176 1176 I TrafficMonitor: update:rxPkts:0,txPkts:0,rxBytes:0,txBytes:0
04-24 13:12:05.548 1176 1176 I TrafficMonitor: start expired. level:-1
04-24 13:12:05.548 1176 1176 I TrafficMonitor: gettimer:interval=2000
04-24 13:12:06.133 1176 1392 D HwArpVerifier: performPollAndLog:
04-24 13:12:06.137 1176 1392 D hw_netstat: total/0/0
04-24 13:12:06.927 487 620 W SocketListener: sending broadcast to Pid = 1176, Uid = 1000
04-24 13:12:06.930 1176 1332 D NetdConnector: RCV <- {613 IfaceClass idle 1 354715078986864}
04-24 13:12:06.935 1176 1332 D NetdConnector: RCV <- {613 IfaceClass idle 1 354715078986864}
04-24 13:12:06.941 1176 1202 D NetdConnector: RCV unsolicited event from native daemon, event = 613
04-24 13:12:07.554 1176 1176 I TrafficMonitor: update:rxPkts:0,txPkts:0,rxBytes:0,txBytes:0
04-24 13:12:07.554 1176 1176 I TrafficMonitor: start expired. level:-1
04-24 13:12:07.554 1176 1176 I TrafficMonitor: gettimer:interval=2000
04-24 13:12:07.925 1176 1338 D HwWifiStatStore: handleMessage : 200
04-24 13:12:09.560 1176 1176 I TrafficMonitor: update:rxPkts:0,txPkts:0,rxBytes:0,txBytes:0
04-24 13:12:09.560 1176 1176 I TrafficMonitor: start expired. level:-1
04-24 13:12:09.560 777 777 E : [E/capacity_limit_control] not demo version, not set power control prop!
04-24 13:12:09.560 1176 1176 I TrafficMonitor: gettimer:interval=2000
04-24 13:12:10.213 742 742 E wificond: Failed to get NL80211_RATE_INFO_NOISE
04-24 13:12:10.213 742 742 E wificond: Failed to get NL80211_RATE_INFO_SNR
04-24 13:12:10.213 742 742 E wificond: Failed to get NL80211_STA_INFO_CNAHLOAD
04-24 13:12:10.214 1176 1337 E WificondControl: Noise: 0, Snr: -1, Chload: -1
04-24 13:12:10.215 1176 1339 D HwWifiCHRStateManager: handleMessage : 1001
04-24 13:12:10.215 1176 1339 D HwWifiCHRStateManager: handleUpdateChannel:2412
04-24 13:12:10.215 1176 1339 V HwWifiServiceFactory: get AllImpl object = com.android.server.wifi.HwWifiServiceFactoryImpl@2205edc
04-24 13:12:10.219 742 742 E wificond: Failed to get NL80211_RATE_INFO_NOISE
04-24 13:12:10.220 742 742 E wificond: Failed to get NL80211_RATE_INFO_SNR
04-24 13:12:10.220 742 742 E wificond: Failed to get NL80211_STA_INFO_CNAHLOAD
04-24 13:12:10.222 1176 1406 D HuaweiWifiWatchdogStateMachine: LM mrssi=-31
04-24 13:12:10.222 1176 1176 D WiFi_PRO: MSG_RETURN_AP_CURRY_RSSI rssi = -31
04-24 13:12:10.222 1176 1406 I HuaweiWifiWatchdogStateMachine: spd good count:0, add sc:0.0, rate:1.0
04-24 13:12:10.222 1176 1176 I QosMonitor: queryRtt: rtt_type = 3
04-24 13:12:10.223 1176 1176 I HwQoEJNI: send_cmd_kernel. begin
04-24 13:12:10.223 1176 1176 I HwQoEJNI: send_cmd_kernel. end
04-24 13:12:10.223 1176 1176 I QosMonitor: postEventFromNative: msg=100,arg1=4,arg2=10
04-24 13:12:10.223 1176 1406 D HuaweiWifiWatchdogStateMachine: high data flow: protection_counter = 0, not_detect_counter = 418
04-24 13:12:10.223 1176 1406 D HuaweiWifiWatchdogStateMachine: high data flow scenario: 0 --> 0 rx bytes =0KB
04-24 13:12:10.224 1176 1406 I HuaweiWifiWatchdogStateMachine: current mHighDataFlowRate = 1.0
04-24 13:12:10.224 1176 1176 D HuaweiWifiWatchdogStateMachine: setSampleRtt: unvalid rtt
04-24 13:12:10.224 1176 1406 I HuaweiWifiWatchdogStateMachine: POta txb txg rxg:0, 80, 0. Lr =0% Totpkt=80
04-24 13:12:10.225 1176 1176 I HwQoEJNI: send_cmd_kernel. begin
04-24 13:12:10.225 1176 1176 I HwQoEJNI: send_cmd_kernel. end
04-24 13:12:10.225 1176 1176 I QosMonitor: postEventFromNative: msg=100,arg1=0,arg2=10
04-24 13:12:10.226 1176 1176 I MQoS : rtt=280,tcp_tx_pkts=480986,tcp_rx_pkts=921443
04-24 13:12:10.228 1176 1406 D HuaweiWifiWatchdogStateMachine: dumpTcpResult: len=10,rtt=280,rttPkt=2,rttWn=78,cgt=0,cgtWn=0
04-24 13:12:10.228 1176 1406 I HuaweiWifiWatchdogStateMachine: PTcp RTT:0, rtt pkt=0, tcp_rx=0, tcp_tx=0, tcp_reTran=0, rtRate=0
04-24 13:12:10.228 1176 1406 D HuaweiWifiWatchdogStateMachine: mRssiBadCount =0, RSSI not bad.
04-24 13:12:10.228 1176 1406 D HuaweiWifiWatchdogStateMachine: detectNetworkAvailable:hw.wifipro.dns_fail_count = 131
04-24 13:12:10.228 1176 1406 D HuaweiWifiWatchdogStateMachine: bqeLevel = 2 rtt=0,rtt_pkts=0 speed=65 rssi=-31
04-24 13:12:10.228 1176 1406 D HuaweiWifiWatchdogStateMachine: Enter updateQoeLevel level = 2
04-24 13:12:10.229 1176 1406 D HuaweiWifiWatchdogStateMachine: updateQoeLevel current level equal to mLastDetectLevel, return
04-24 13:12:10.229 1176 1406 D HuaweiWifiWatchdogStateMachine: did not have any network action
04-24 13:12:10.239 1176 3515 I MQoS : QOS_level:0(0),wifi-link;SIM error;use level-0
04-24 13:12:10.549 1176 1176 I TrafficMonitor: expired arrive. level:-1
04-24 13:12:10.550 1176 1176 I TrafficMonitor: during_ms:2006,period_ms:2000
04-24 13:12:10.550 1176 1176 I TrafficMonitor: count:232,rx_sum:0,tx_sum:0,rxBytes:0,during_ms:2006,rx_speed:0.0,tx_speed:0.0,rto:0.0
04-24 13:12:10.550 1176 1176 D HuaweiWifiWatchdogStateMachine: speed: rxpkt:0, rxSpd:0B/s, txpkt:0, txSpd:0
04-24 13:12:10.931 1176 1338 D HwWifiStatStore: handleMessage : 200
04-24 13:12:11.088 1176 1392 D HwArpVerifier: check_wifi_state_mode = 0 mCheckStateToken=25 token25
04-24 13:12:11.091 1176 1392 D wifiserviceimpl: netmask =16777215
04-24 13:12:11.131 1176 1392 D HWMultiGW: setGateWay 192.168.1.1
04-24 13:12:11.564 1176 1176 I TrafficMonitor: update:rxPkts:0,txPkts:0,rxBytes:0,txBytes:0
04-24 13:12:11.565 1176 1176 I TrafficMonitor: start expired. level:-1
04-24 13:12:11.565 1176 1176 I TrafficMonitor: gettimer:interval=2000
04-24 13:12:12.133 1176 1392 D HwArpVerifier: getGateWayARPResponses: arp rtt = 12
04-24 13:12:12.134 1176 1392 E HwCHRWifiRSSIGroupSummery: updatArpSummery mRSSI:-31 HwCHRWifiRSSIGroup [rssi_index=4, rtt_tcp_packets=0, rtt_tcp_duration=0, rtt_lan_duration=8907, rtt_lan_failures=0, rtt_lan_succ=431, rtt_lan_max=939, rtt_lan_min=0,same_area_frequency=0,adjacent_area_frequency=0]
04-24 13:12:12.172 1176 1392 D HwArpVerifier: There are 1 mac address for gateway
04-24 13:12:12.172 1176 1392 D HwArpVerifier: from HEART_CHECK transmit to state:HEART_CHECK
04-24 13:12:12.173 1176 1392 D HwArpVerifier: msg what=124 arg1(token)=25 arg2(mode)=0 delay=30000
04-24 13:12:12.173 1176 1392 D HwArpVerifier: performPollAndLog:
04-24 13:12:12.177 1176 1392 D hw_netstat: total/0/0
04-24 13:12:13.571 1176 1176 I TrafficMonitor: update:rxPkts:0,txPkts:0,rxBytes:0,txBytes:0
04-24 13:12:13.572 1176 1176 I TrafficMonitor: start expired. level:-1
04-24 13:12:13.572 1176 1176 I TrafficMonitor: gettimer:interval=5000
04-24 13:12:13.938 1176 1338 D HwWifiStatStore: handleMessage : 200
04-24 13:12:14.570 777 777 E : [E/capacity_limit_control] not demo version, not set power control prop!
04-24 13:12:16.569 1176 1176 I TrafficMonitor: expired arrive. level:-1
04-24 13:12:16.570 1176 1176 I TrafficMonitor: during_ms:2006,period_ms:2000
04-24 13:12:16.570 1176 1176 I TrafficMonitor: count:234,rx_sum:0,tx_sum:0,rxBytes:0,during_ms:2006,rx_speed:0.0,tx_speed:0.0,rto:0.0
04-24 13:12:16.570 1176 1176 D HuaweiWifiWatchdogStateMachine: speed: rxpkt:0, rxSpd:0B/s, txpkt:0, txSpd:0
04-24 13:12:16.945 1176 1338 D HwWifiStatStore: handleMessage : 200
04-24 13:12:17.181 1176 1392 D HwArpVerifier: performPollAndLog:
04-24 13:12:17.186 1176 1392 D hw_netstat: total/0/0
04-24 13:12:18.214 742 742 E wificond: Failed to get NL80211_RATE_INFO_NOISE
04-24 13:12:18.215 742 742 E wificond: Failed to get NL80211_RATE_INFO_SNR
04-24 13:12:18.215 742 742 E wificond: Failed to get NL80211_STA_INFO_CNAHLOAD
04-24 13:12:18.216 1176 1337 E WificondControl: Noise: 0, Snr: -1, Chload: -1
04-24 13:12:18.218 1176 1339 D HwWifiCHRStateManager: handleMessage : 1001
04-24 13:12:18.218 1176 1339 D HwWifiCHRStateManager: handleUpdateChannel:2412
04-24 13:12:18.219 1176 1339 V HwWifiServiceFactory: get AllImpl object = com.android.server.wifi.HwWifiServiceFactoryImpl@2205edc
04-24 13:12:18.223 742 742 E wificond: Failed to get NL80211_RATE_INFO_NOISE
04-24 13:12:18.223 742 742 E wificond: Failed to get NL80211_RATE_INFO_SNR
04-24 13:12:18.223 742 742 E wificond: Failed to get NL80211_STA_INFO_CNAHLOAD
04-24 13:12:18.225 1176 1406 D HuaweiWifiWatchdogStateMachine: LM mrssi=-28
04-24 13:12:18.225 1176 1176 D WiFi_PRO: MSG_RETURN_AP_CURRY_RSSI rssi = -28
04-24 13:12:18.225 1176 1406 D HuaweiWifiWatchdogStateMachine: a4:fa:**:**:eb:b0 current loss[-45]=0%, volume=1
04-24 13:12:18.225 1176 1176 I QosMonitor: queryRtt: rtt_type = 3
04-24 13:12:18.226 1176 1406 D HuaweiWifiWatchdogStateMachine: a4:fa:**:**:eb:b0 history loss[-45]=0%, volume=13825724
04-24 13:12:18.226 1176 1176 I HwQoEJNI: send_cmd_kernel. begin
04-24 13:12:18.226 1176 1176 I HwQoEJNI: send_cmd_kernel. end
04-24 13:12:18.226 1176 1176 I QosMonitor: postEventFromNative: msg=100,arg1=4,arg2=10
04-24 13:12:18.226 1176 1406 I HuaweiWifiWatchdogStateMachine: spd good count:0, add sc:0.0, rate:1.0
04-24 13:12:18.226 1176 1406 I HuaweiWifiWatchdogStateMachine: current mHighDataFlowRate = 1.0
04-24 13:12:18.227 1176 1406 I HuaweiWifiWatchdogStateMachine: POta txb txg rxg:0, 81, 0. Lr =0% Totpkt=81
04-24 13:12:18.227 1176 1176 D HuaweiWifiWatchdogStateMachine: setSampleRtt: unvalid rtt
04-24 13:12:18.227 1176 1176 I HwQoEJNI: send_cmd_kernel. begin
04-24 13:12:18.227 1176 1176 I HwQoEJNI: send_cmd_kernel. end
04-24 13:12:18.227 1176 1176 I QosMonitor: postEventFromNative: msg=100,arg1=0,arg2=10
04-24 13:12:18.228 1176 1176 I MQoS : rtt=280,tcp_tx_pkts=480986,tcp_rx_pkts=921443
04-24 13:12:18.230 1176 1406 D HuaweiWifiWatchdogStateMachine: dumpTcpResult: len=10,rtt=280,rttPkt=2,rttWn=86,cgt=0,cgtWn=0
04-24 13:12:18.231 1176 1406 I HuaweiWifiWatchdogStateMachine: PTcp RTT:0, rtt pkt=0, tcp_rx=0, tcp_tx=0, tcp_reTran=0, rtRate=0
04-24 13:12:18.231 1176 1406 D HuaweiWifiWatchdogStateMachine: mRssiBadCount =0, RSSI not bad.
04-24 13:12:18.231 1176 1406 D HuaweiWifiWatchdogStateMachine: detectNetworkAvailable:hw.wifipro.dns_fail_count = 131
04-24 13:12:18.232 1176 1406 D HuaweiWifiWatchdogStateMachine: bqeLevel = 2 rtt=0,rtt_pkts=0 speed=65 rssi=-28
04-24 13:12:18.232 1176 1406 D HuaweiWifiWatchdogStateMachine: Enter updateQoeLevel level = 2
04-24 13:12:18.232 1176 1406 D HuaweiWifiWatchdogStateMachine: updateQoeLevel current level equal to mLastDetectLevel, return
04-24 13:12:18.232 1176 1406 D HuaweiWifiWatchdogStateMachine: did not have any network action
04-24 13:12:18.242 1176 3515 I MQoS : QOS_level:0(0),wifi-link;SIM error;use level-0
04-24 13:12:18.576 1176 1176 I TrafficMonitor: update:rxPkts:0,txPkts:0,rxBytes:0,txBytes:0
04-24 13:12:18.576 1176 1176 I TrafficMonitor: start expired. level:-1
04-24 13:12:18.576 1176 1176 I TrafficMonitor: gettimer:interval=5000
04-24 13:12:19.580 777 777 E : [E/capacity_limit_control] not demo version, not set power control prop!
04-24 13:12:19.614 1176 1589 W Watchdog: hungtask: writing kick
04-24 13:12:19.619 1176 1202 I EventHub: EventHub monitor: no key events in the past 3673s, no motion events in the past 3674s
04-24 13:12:19.952 1176 1338 D HwWifiStatStore: handleMessage : 200
04-24 13:12:22.191 1176 1392 D HwArpVerifier: performPollAndLog:
04-24 13:12:22.195 1176 1392 D hw_netstat: total/0/0
04-24 13:12:22.959 1176 1338 D HwWifiStatStore: handleMessage : 200
04-24 13:12:23.583 1176 1176 I TrafficMonitor: expired arrive. level:-1
04-24 13:12:23.586 1176 1176 I TrafficMonitor: update:rxPkts:0,txPkts:0,rxBytes:0,txBytes:0
04-24 13:12:23.586 1176 1176 I TrafficMonitor: start expired. level:-1
04-24 13:12:23.586 1176 1176 I TrafficMonitor: gettimer:interval=5000
04-24 13:12:23.586 1176 1176 I TrafficMonitor: during_ms:5010,period_ms:2000
04-24 13:12:23.587 1176 1176 I TrafficMonitor: count:236,rx_sum:0,tx_sum:0,rxBytes:0,during_ms:5010,rx_speed:0.0,tx_speed:0.0,rto:0.0
04-24 13:12:23.587 1176 1176 D HuaweiWifiWatchdogStateMachine: speed: rxpkt:0, rxSpd:0B/s, txpkt:0, txSpd:0
04-24 13:12:24.587 777 777 E : [E/capacity_limit_control] not demo version, not set power control prop!
04-24 13:12:25.966 1176 1338 D HwWifiStatStore: handleMessage : 200
04-24 13:12:26.221 742 742 E wificond: Failed to get NL80211_RATE_INFO_NOISE
04-24 13:12:26.221 742 742 E wificond: Failed to get NL80211_RATE_INFO_SNR
04-24 13:12:26.221 742 742 E wificond: Failed to get NL80211_STA_INFO_CNAHLOAD
04-24 13:12:26.222 1176 1337 E WificondControl: Noise: 0, Snr: -1, Chload: -1
04-24 13:12:26.224 1176 1339 D HwWifiCHRStateManager: handleMessage : 1001
04-24 13:12:26.224 1176 1339 D HwWifiCHRStateManager: handleUpdateChannel:2412
04-24 13:12:26.224 1176 1339 V HwWifiServiceFactory: get AllImpl object = com.android.server.wifi.HwWifiServiceFactoryImpl@2205edc
04-24 13:12:26.228 742 742 E wificond: Failed to get NL80211_RATE_INFO_NOISE
04-24 13:12:26.228 742 742 E wificond: Failed to get NL80211_RATE_INFO_SNR
04-24 13:12:26.228 742 742 E wificond: Failed to get NL80211_STA_INFO_CNAHLOAD
04-24 13:12:26.229 1176 1406 D HuaweiWifiWatchdogStateMachine: LM mrssi=-30
04-24 13:12:26.229 1176 1176 D WiFi_PRO: MSG_RETURN_AP_CURRY_RSSI rssi = -30
04-24 13:12:26.230 1176 1176 I QosMonitor: queryRtt: rtt_type = 3
04-24 13:12:26.230 1176 1176 I HwQoEJNI: send_cmd_kernel. begin
04-24 13:12:26.230 1176 1406 I HuaweiWifiWatchdogStateMachine: spd good count:0, add sc:0.0, rate:1.0
04-24 13:12:26.230 1176 1176 I HwQoEJNI: send_cmd_kernel. end
04-24 13:12:26.231 1176 1406 I HuaweiWifiWatchdogStateMachine: current mHighDataFlowRate = 1.0
04-24 13:12:26.231 1176 1176 I QosMonitor: postEventFromNative: msg=100,arg1=4,arg2=10
04-24 13:12:26.231 1176 1176 D HuaweiWifiWatchdogStateMachine: setSampleRtt: unvalid rtt
04-24 13:12:26.231 1176 1406 I HuaweiWifiWatchdogStateMachine: POta txb txg rxg:0, 81, 0. Lr =0% Totpkt=81
04-24 13:12:26.232 1176 1176 I HwQoEJNI: send_cmd_kernel. begin
04-24 13:12:26.232 1176 1176 I HwQoEJNI: send_cmd_kernel. end
04-24 13:12:26.232 1176 1176 I QosMonitor: postEventFromNative: msg=100,arg1=0,arg2=10
04-24 13:12:26.233 1176 1176 I MQoS : rtt=280,tcp_tx_pkts=480986,tcp_rx_pkts=921443
04-24 13:12:26.234 1176 1406 D HuaweiWifiWatchdogStateMachine: dumpTcpResult: len=10,rtt=280,rttPkt=2,rttWn=94,cgt=0,cgtWn=0
04-24 13:12:26.235 1176 1406 I HuaweiWifiWatchdogStateMachine: PTcp RTT:0, rtt pkt=0, tcp_rx=0, tcp_tx=0, tcp_reTran=0, rtRate=0
04-24 13:12:26.235 1176 1406 D HuaweiWifiWatchdogStateMachine: mRssiBadCount =0, RSSI not bad.
04-24 13:12:26.235 1176 1406 D HuaweiWifiWatchdogStateMachine: detectNetworkAvailable:hw.wifipro.dns_fail_count = 131
04-24 13:12:26.235 1176 1406 D HuaweiWifiWatchdogStateMachine: bqeLevel = 2 rtt=0,rtt_pkts=0 speed=65 rssi=-30
04-24 13:12:26.235 1176 1406 D HuaweiWifiWatchdogStateMachine: Enter updateQoeLevel level = 2
04-24 13:12:26.235 1176 1406 D HuaweiWifiWatchdogStateMachine: updateQoeLevel current level equal to mLastDetectLevel, return
04-24 13:12:26.235 1176 1406 D HuaweiWifiWatchdogStateMachine: did not have any network action
04-24 13:12:26.246 1176 3515 I MQoS : QOS_level:0(0),wifi-link;SIM error;use level-0
04-24 13:12:27.201 1176 1392 D HwArpVerifier: performPollAndLog:
04-24 13:12:27.206 1176 1392 D hw_netstat: total/0/0
04-24 13:12:28.589 1176 1176 I TrafficMonitor: expired arrive. level:-1
04-24 13:12:28.592 1176 1176 I TrafficMonitor: update:rxPkts:0,txPkts:0,rxBytes:0,txBytes:0
04-24 13:12:28.592 1176 1176 I TrafficMonitor: start expired. level:-1
04-24 13:12:28.592 1176 1176 I TrafficMonitor: gettimer:interval=5000
04-24 13:12:28.593 1176 1176 I TrafficMonitor: during_ms:5006,period_ms:2000
04-24 13:12:28.593 1176 1176 I TrafficMonitor: count:237,rx_sum:0,tx_sum:0,rxBytes:0,during_ms:5006,rx_speed:0.0,tx_speed:0.0,rto:0.0
04-24 13:12:28.593 1176 1176 D HuaweiWifiWatchdogStateMachine: speed: rxpkt:0, rxSpd:0B/s, txpkt:0, txSpd:0
04-24 13:12:28.973 1176 1338 D HwWifiStatStore: handleMessage : 200
04-24 13:12:29.597 777 777 E : [E/capacity_limit_control] not demo version, not set power control prop!
04-24 13:12:29.632 1176 1288 D HwBatteryService: onUEvent fcpStatus = 0,scpStatus =0,ovpStatus=0
04-24 13:12:29.635 1176 1288 I UsbDeviceManager: water_intrused state= 0
04-24 13:12:29.648 1176 1176 D HwInnerWifiManagerImpl: SupplicantState = COMPLETED
04-24 13:12:29.648 1176 1176 D HwInnerWifiManagerImpl: isPhoneAP = false
04-24 13:12:29.649 1176 1176 D HwInnerWifiManagerImpl: SupplicantState = COMPLETED
04-24 13:12:29.649 1176 1176 D HwInnerWifiManagerImpl: isPhoneAP = false
04-24 13:12:29.650 1176 1176 D WifiStateMachine: mBcastReceiver: PluggedType = 2 mIsScanCtrlPluggedin = true
04-24 13:12:29.650 1176 1176 D HwWifiService: mPluggedType =2
04-24 13:12:29.652 1729 1729 I MsgReceiver: intent action: android.intent.action.BATTERY_CHANGED
04-24 13:12:29.653 1176 1176 D WifiService: onReceive, action:android.intent.action.BATTERY_CHANGED
04-24 13:12:29.653 1176 1176 D WifiService: ACTION_BATTERY_CHANGED pluggedType: 2
04-24 13:12:29.653 5515 5671 E CloudAlbum[8.1.2.309]: [ReceiverManager] not log on ignore
04-24 13:12:29.654 1463 1463 W KeyguardUpdateMonitor: ACTION_BATTERY_CHANGED AMP: 500000; Volt: 5000000
04-24 13:12:29.657 1463 1463 V KeyguardUpdateMonitor: RefreshBatteryInfo isBatteryLow: 79
04-24 13:12:29.658 1463 1463 W KeyguardUpdateMonitor: ChargingSpeed Wattage: 2500000 ST: 5000000 --> 7500000
04-24 13:12:29.658 1463 1463 I KgBattery: BatteryInfo updated: 2lPc0
04-24 13:12:29.658 1463 1463 W AppHandler: sendMessage with obj100
04-24 13:12:29.658 1463 1463 D KeyguardUpdateMonitor: handleBatteryUpdate
04-24 13:12:29.658 1463 1463 W HwLockScreenPanel: Handle message: 100
04-24 13:12:29.658 1463 1463 W HwKeyguardBottomArea: updateBatteryInfo : false true
04-24 13:12:29.659 1463 1463 W KgBattery: getCharge info with type: text
04-24 13:12:29.666 1463 1463 W HwLockScreenPanel: refreshBatteryInfo: null
04-24 13:12:31.980 1176 1338 D HwWifiStatStore: handleMessage : 200
04-24 13:12:32.211 1176 1392 D HwArpVerifier: performPollAndLog:
04-24 13:12:32.216 1176 1392 D hw_netstat: total/0/0
04-24 13:12:33.322 1176 1204 D SmartcareProc: onSignalStrengthsChanged: signalStrength is: SignalStrength: 99 -1 0 0 -61 -51 32767 -1 32767 99 0 0 0 2147483647 0 -1 true cdma , on sub: 1
04-24 13:12:33.322 1176 1204 D SmartcareProc: SignalStrength update result, ss: SignalStrengthInfo:68043809 mGsmSignalStrength: -1 mWcdmaRscp: -1 mWcdmaEcio: -1 mLteRsrp: -1 mLteRsrq: -1 mCdmaDbm: -61 mCdmaEcio: -51 mEvdoDbm: 32767mEvdoEcio: -1mLteRssnr: -1
04-24 13:12:33.323 1176 1176 I MQoS : onSignal: mSubId=1,currDataSubID=1
04-24 13:12:33.324 1176 1176 I MQoS : received cell-signal:5
04-24 13:12:33.593 1176 1176 I TrafficMonitor: expired arrive. level:-1
04-24 13:12:33.596 1176 1176 I TrafficMonitor: update:rxPkts:0,txPkts:0,rxBytes:0,txBytes:0
04-24 13:12:33.596 1176 1176 I TrafficMonitor: start expired. level:-1
04-24 13:12:33.597 1176 1176 I TrafficMonitor: gettimer:interval=5000
04-24 13:12:33.597 1176 1176 I TrafficMonitor: during_ms:5005,period_ms:2000
04-24 13:12:33.597 1176 1176 I TrafficMonitor: count:238,rx_sum:0,tx_sum:0,rxBytes:0,during_ms:5005,rx_speed:0.0,tx_speed:0.0,rto:0.0
04-24 13:12:33.597 1176 1176 D HuaweiWifiWatchdogStateMachine: speed: rxpkt:0, rxSpd:0B/s, txpkt:0, txSpd:0
04-24 13:12:34.224 742 742 E wificond: Failed to get NL80211_RATE_INFO_NOISE
04-24 13:12:34.225 742 742 E wificond: Failed to get NL80211_RATE_INFO_SNR
04-24 13:12:34.225 742 742 E wificond: Failed to get NL80211_STA_INFO_CNAHLOAD
04-24 13:12:34.226 1176 1337 E WificondControl: Noise: 0, Snr: -1, Chload: -1
04-24 13:12:34.227 1176 1339 D HwWifiCHRStateManager: handleMessage : 1001
04-24 13:12:34.227 1176 1339 D HwWifiCHRStateManager: handleUpdateChannel:2412
04-24 13:12:34.227 1176 1339 V HwWifiServiceFactory: get AllImpl object = com.android.server.wifi.HwWifiServiceFactoryImpl@2205edc
04-24 13:12:34.231 742 742 E wificond: Failed to get NL80211_RATE_INFO_NOISE
04-24 13:12:34.232 742 742 E wificond: Failed to get NL80211_RATE_INFO_SNR
04-24 13:12:34.232 742 742 E wificond: Failed to get NL80211_STA_INFO_CNAHLOAD
04-24 13:12:34.233 1176 1406 D HuaweiWifiWatchdogStateMachine: LM mrssi=-31
04-24 13:12:34.234 1176 1176 D WiFi_PRO: MSG_RETURN_AP_CURRY_RSSI rssi = -31
04-24 13:12:34.234 1176 1176 I QosMonitor: queryRtt: rtt_type = 3
04-24 13:12:34.235 1176 1176 I HwQoEJNI: send_cmd_kernel. begin
04-24 13:12:34.235 1176 1176 I HwQoEJNI: send_cmd_kernel. end
04-24 13:12:34.235 1176 1176 I QosMonitor: postEventFromNative: msg=100,arg1=4,arg2=10
04-24 13:12:34.235 1176 1406 I HuaweiWifiWatchdogStateMachine: spd good count:0, add sc:0.0, rate:1.0
04-24 13:12:34.235 1176 1406 I HuaweiWifiWatchdogStateMachine: current mHighDataFlowRate = 1.0
04-24 13:12:34.235 1176 1406 I HuaweiWifiWatchdogStateMachine: POta txb txg rxg:0, 81, 0. Lr =0% Totpkt=81
04-24 13:12:34.235 1176 1176 D HuaweiWifiWatchdogStateMachine: setSampleRtt: unvalid rtt
04-24 13:12:34.236 1176 1176 I HwQoEJNI: send_cmd_kernel. begin
04-24 13:12:34.236 1176 1176 I HwQoEJNI: send_cmd_kernel. end
04-24 13:12:34.236 1176 1176 I QosMonitor: postEventFromNative: msg=100,arg1=0,arg2=10
04-24 13:12:34.237 1176 1176 I MQoS : rtt=280,tcp_tx_pkts=480986,tcp_rx_pkts=921443
04-24 13:12:34.238 1176 1406 D HuaweiWifiWatchdogStateMachine: dumpTcpResult: len=10,rtt=280,rttPkt=2,rttWn=102,cgt=0,cgtWn=0
04-24 13:12:34.239 1176 1406 I HuaweiWifiWatchdogStateMachine: PTcp RTT:0, rtt pkt=0, tcp_rx=0, tcp_tx=0, tcp_reTran=0, rtRate=0
04-24 13:12:34.239 1176 1406 D HuaweiWifiWatchdogStateMachine: mRssiBadCount =0, RSSI not bad.
04-24 13:12:34.239 1176 1406 D HuaweiWifiWatchdogStateMachine: detectNetworkAvailable:hw.wifipro.dns_fail_count = 131
04-24 13:12:34.239 1176 1406 D HuaweiWifiWatchdogStateMachine: bqeLevel = 2 rtt=0,rtt_pkts=0 speed=65 rssi=-31
04-24 13:12:34.239 1176 1406 D HuaweiWifiWatchdogStateMachine: Enter updateQoeLevel level = 2
04-24 13:12:34.239 1176 1406 D HuaweiWifiWatchdogStateMachine: updateQoeLevel current level equal to mLastDetectLevel, return
04-24 13:12:34.239 1176 1406 D HuaweiWifiWatchdogStateMachine: did not have any network action
04-24 13:12:34.248 1176 3515 I MQoS : QOS_level:0(0),wifi-link;SIM error;use level-0
04-24 13:12:34.639 777 777 E : [E/capacity_limit_control] not demo version, not set power control prop!
04-24 13:12:34.990 1176 1338 D HwWifiStatStore: handleMessage : 200
04-24 13:12:37.221 1176 1392 D HwArpVerifier: performPollAndLog:
04-24 13:12:37.227 1176 1392 D hw_netstat: total/0/0
04-24 13:12:37.905 1176 1392 D HwArpVerifier: getIpRouteTable
04-24 13:12:37.997 1176 1338 D HwWifiStatStore: handleMessage : 200
04-24 13:12:38.001 1176 1392 D HwArpVerifier: Notify wifi default route is ok
04-24 13:12:38.601 1176 1176 I TrafficMonitor: expired arrive. level:-1
04-24 13:12:38.604 1176 1176 I TrafficMonitor: update:rxPkts:0,txPkts:0,rxBytes:0,txBytes:0
04-24 13:12:38.604 1176 1176 I TrafficMonitor: start expired. level:-1
04-24 13:12:38.605 1176 1176 I TrafficMonitor: gettimer:interval=5000
04-24 13:12:38.605 1176 1176 I TrafficMonitor: during_ms:5008,period_ms:2000
04-24 13:12:38.605 1176 1176 I TrafficMonitor: count:239,rx_sum:0,tx_sum:0,rxBytes:0,during_ms:5008,rx_speed:0.0,tx_speed:0.0,rto:0.0
04-24 13:12:38.605 1176 1176 D HuaweiWifiWatchdogStateMachine: speed: rxpkt:0, rxSpd:0B/s, txpkt:0, txSpd:0
04-24 13:12:39.326 1176 1204 D SmartcareProc: onSignalStrengthsChanged: signalStrength is: SignalStrength: 99 -1 0 0 -61 -51 32767 -1 32767 99 0 0 0 2147483647 0 -1 true cdma , on sub: 1
04-24 13:12:39.327 1176 1204 D SmartcareProc: SignalStrength update result, ss: SignalStrengthInfo:68043809 mGsmSignalStrength: -1 mWcdmaRscp: -1 mWcdmaEcio: -1 mLteRsrp: -1 mLteRsrq: -1 mCdmaDbm: -61 mCdmaEcio: -51 mEvdoDbm: 32767mEvdoEcio: -1mLteRssnr: -1
04-24 13:12:39.327 1176 1176 I MQoS : onSignal: mSubId=1,currDataSubID=1
04-24 13:12:39.328 1176 1176 I MQoS : received cell-signal:5
04-24 13:12:39.650 777 777 E : [E/capacity_limit_control] not demo version, not set power control prop!
04-24 13:12:41.002 1176 1338 D HwWifiStatStore: handleMessage : 200
04-24 13:12:42.177 1176 1392 D HwArpVerifier: check_wifi_state_mode = 0 mCheckStateToken=25 token25
04-24 13:12:42.180 1176 1392 D wifiserviceimpl: netmask =16777215
04-24 13:12:42.228 742 742 E wificond: Failed to get NL80211_RATE_INFO_NOISE
04-24 13:12:42.228 742 742 E wificond: Failed to get NL80211_RATE_INFO_SNR
04-24 13:12:42.228 742 742 E wificond: Failed to get NL80211_STA_INFO_CNAHLOAD
04-24 13:12:42.229 1176 1337 E WificondControl: Noise: 0, Snr: -1, Chload: -1
04-24 13:12:42.231 1176 1339 D HwWifiCHRStateManager: handleMessage : 1001
04-24 13:12:42.231 1176 1339 D HwWifiCHRStateManager: handleUpdateChannel:2412
04-24 13:12:42.231 1176 1339 V HwWifiServiceFactory: get AllImpl object = com.android.server.wifi.HwWifiServiceFactoryImpl@2205edc
04-24 13:12:42.235 742 742 E wificond: Failed to get NL80211_RATE_INFO_NOISE
04-24 13:12:42.235 742 742 E wificond: Failed to get NL80211_RATE_INFO_SNR
04-24 13:12:42.235 742 742 E wificond: Failed to get NL80211_STA_INFO_CNAHLOAD
04-24 13:12:42.238 1176 1406 D HuaweiWifiWatchdogStateMachine: LM mrssi=-30
04-24 13:12:42.238 1176 1176 D WiFi_PRO: MSG_RETURN_AP_CURRY_RSSI rssi = -30
04-24 13:12:42.239 1176 1176 I QosMonitor: queryRtt: rtt_type = 3
04-24 13:12:42.239 1176 1406 I HuaweiWifiWatchdogStateMachine: spd good count:0, add sc:0.0, rate:1.0
04-24 13:12:42.239 1176 1176 I HwQoEJNI: send_cmd_kernel. begin
04-24 13:12:42.239 1176 1176 I HwQoEJNI: send_cmd_kernel. end
04-24 13:12:42.240 1176 1176 I QosMonitor: postEventFromNative: msg=100,arg1=4,arg2=10
04-24 13:12:42.240 1176 1176 D HuaweiWifiWatchdogStateMachine: setSampleRtt: unvalid rtt
04-24 13:12:42.240 1176 1406 D HuaweiWifiWatchdogStateMachine: high data flow: protection_counter = 0, not_detect_counter = 419
04-24 13:12:42.240 1176 1406 D HuaweiWifiWatchdogStateMachine: high data flow scenario: 0 --> 0 rx bytes =0KB
04-24 13:12:42.240 1176 1406 I HuaweiWifiWatchdogStateMachine: current mHighDataFlowRate = 1.0
04-24 13:12:42.241 1176 1406 I HuaweiWifiWatchdogStateMachine: POta txb txg rxg:0, 81, 0. Lr =0% Totpkt=81
04-24 13:12:42.242 1176 1392 D HWMultiGW: setGateWay 192.168.1.1
04-24 13:12:42.242 1176 1176 I HwQoEJNI: send_cmd_kernel. begin
04-24 13:12:42.242 1176 1176 I HwQoEJNI: send_cmd_kernel. end
04-24 13:12:42.242 1176 1176 I QosMonitor: postEventFromNative: msg=100,arg1=0,arg2=10
04-24 13:12:42.243 1176 1176 I MQoS : rtt=280,tcp_tx_pkts=480986,tcp_rx_pkts=921443
04-24 13:12:42.246 1176 1406 D HuaweiWifiWatchdogStateMachine: dumpTcpResult: len=10,rtt=280,rttPkt=2,rttWn=110,cgt=0,cgtWn=0
04-24 13:12:42.246 1176 1406 I HuaweiWifiWatchdogStateMachine: PTcp RTT:0, rtt pkt=0, tcp_rx=0, tcp_tx=0, tcp_reTran=0, rtRate=0
04-24 13:12:42.246 1176 1406 D HuaweiWifiWatchdogStateMachine: mRssiBadCount =0, RSSI not bad.
04-24 13:12:42.246 1176 1406 D HuaweiWifiWatchdogStateMachine: detectNetworkAvailable:hw.wifipro.dns_fail_count = 131
04-24 13:12:42.246 1176 1406 D HuaweiWifiWatchdogStateMachine: bqeLevel = 2 rtt=0,rtt_pkts=0 speed=65 rssi=-30
04-24 13:12:42.246 1176 1406 D HuaweiWifiWatchdogStateMachine: Enter updateQoeLevel level = 2
04-24 13:12:42.246 1176 1406 D HuaweiWifiWatchdogStateMachine: updateQoeLevel current level equal to mLastDetectLevel, return
04-24 13:12:42.246 1176 1406 D HuaweiWifiWatchdogStateMachine: did not have any network action
04-24 13:12:42.256 1106 1119 I OAM : [check_file_size:505]/data/log/wifi/wifi_log_1 log file beyond size=10240Byte, creat new file
04-24 13:12:42.256 1106 1119 I OAM : [rename_old_file:210]rename_old_file
04-24 13:12:42.256 1106 1119 I OAM :
04-24 13:12:42.257 1176 3515 I MQoS : QOS_level:0(0),wifi-link;SIM error;use level-0
04-24 13:12:43.244 1176 1392 D HwArpVerifier: getGateWayARPResponses: arp rtt = 5
04-24 13:12:43.245 1176 1392 E HwCHRWifiRSSIGroupSummery: updatArpSummery mRSSI:-30 HwCHRWifiRSSIGroup [rssi_index=4, rtt_tcp_packets=0, rtt_tcp_duration=0, rtt_lan_duration=8912, rtt_lan_failures=0, rtt_lan_succ=432, rtt_lan_max=939, rtt_lan_min=0,same_area_frequency=0,adjacent_area_frequency=0]
04-24 13:12:43.276 1176 1392 D HwArpVerifier: There are 1 mac address for gateway
04-24 13:12:43.277 1176 1392 D HwArpVerifier: from HEART_CHECK transmit to state:HEART_CHECK
04-24 13:12:43.277 1176 1392 D HwArpVerifier: msg what=124 arg1(token)=25 arg2(mode)=0 delay=30000
04-24 13:12:43.277 1176 1392 D HwArpVerifier: performPollAndLog:
04-24 13:12:43.281 1176 1392 D hw_netstat: total/0/0
04-24 13:12:43.606 1176 1176 I TrafficMonitor: expired arrive. level:-1
04-24 13:12:43.609 1176 1176 I TrafficMonitor: update:rxPkts:0,txPkts:0,rxBytes:0,txBytes:0
04-24 13:12:43.609 1176 1176 I TrafficMonitor: start expired. level:-1
04-24 13:12:43.609 1176 1176 I TrafficMonitor: gettimer:interval=5000
04-24 13:12:43.609 1176 1176 I TrafficMonitor: during_ms:5005,period_ms:2000
04-24 13:12:43.610 1176 1176 I TrafficMonitor: count:240,rx_sum:0,tx_sum:0,rxBytes:0,during_ms:5005,rx_speed:0.0,tx_speed:0.0,rto:0.0
04-24 13:12:43.610 1176 1176 D HuaweiWifiWatchdogStateMachine: speed: rxpkt:0, rxSpd:0B/s, txpkt:0, txSpd:0
04-24 13:12:44.009 1176 1338 D HwWifiStatStore: handleMessage : 200
04-24 13:12:44.660 777 777 E : [E/capacity_limit_control] not demo version, not set power control prop!
04-24 13:12:45.087 1176 1176 D HwInnerWifiManagerImpl: SupplicantState = COMPLETED
04-24 13:12:45.088 1176 1176 D HwInnerWifiManagerImpl: isPhoneAP = false
04-24 13:12:45.089 1176 1176 D HwInnerWifiManagerImpl: SupplicantState = COMPLETED
04-24 13:12:45.089 1176 1176 D HwInnerWifiManagerImpl: isPhoneAP = false
04-24 13:12:45.089 1176 1176 D WifiStateMachine: mBcastReceiver: PluggedType = 2 mIsScanCtrlPluggedin = true
04-24 13:12:45.090 1176 1176 D HwWifiService: mPluggedType =2
04-24 13:12:45.090 1463 1463 D KeyguardUpdateMonitor: received broadcast android.intent.action.BATTERY_CHANGED
04-24 13:12:45.090 1463 1463 W KeyguardUpdateMonitor: ACTION_BATTERY_CHANGED AMP: 500000; Volt: 5000000
04-24 13:12:45.090 1463 1463 V KeyguardUpdateMonitor: RefreshBatteryInfo isBatteryLow: 79
04-24 13:12:45.090 1463 1463 W KeyguardUpdateMonitor: ChargingSpeed Wattage: 2500000 ST: 5000000 --> 7500000
04-24 13:12:45.091 1176 1176 D WifiService: onReceive, action:android.intent.action.BATTERY_CHANGED
04-24 13:12:45.091 1463 1463 I KgBattery: BatteryInfo updated: 2lPc0
04-24 13:12:45.091 1463 1463 W AppHandler: sendMessage with obj100
04-24 13:12:45.091 1176 1176 D WifiService: ACTION_BATTERY_CHANGED pluggedType: 2
04-24 13:12:45.091 1463 1463 D KeyguardUpdateMonitor: handleBatteryUpdate
04-24 13:12:45.092 1463 1463 W HwLockScreenPanel: Handle message: 100
04-24 13:12:45.092 1463 1463 W HwKeyguardBottomArea: updateBatteryInfo : false true
04-24 13:12:45.093 1729 1729 I MsgReceiver: intent action: android.intent.action.BATTERY_CHANGED
04-24 13:12:45.092 1463 1463 W KgBattery: getCharge info with type: text
04-24 13:12:45.097 5515 5671 E CloudAlbum[8.1.2.309]: [ReceiverManager] not log on ignore
04-24 13:12:45.105 1463 1463 W HwLockScreenPanel: refreshBatteryInfo: null
04-24 13:12:47.016 1176 1338 D HwWifiStatStore: handleMessage : 200
04-24 13:12:48.287 1176 1392 D HwArpVerifier: performPollAndLog:
04-24 13:12:48.291 1176 1392 D hw_netstat: total/0/0
04-24 13:12:48.614 1176 1176 I TrafficMonitor: expired arrive. level:-1
04-24 13:12:48.617 1176 1176 I TrafficMonitor: update:rxPkts:0,txPkts:0,rxBytes:0,txBytes:0
04-24 13:12:48.617 1176 1176 I TrafficMonitor: start expired. level:-1
04-24 13:12:48.618 1176 1176 I TrafficMonitor: gettimer:interval=5000
04-24 13:12:48.618 1176 1176 I TrafficMonitor: during_ms:5008,period_ms:2000
04-24 13:12:48.618 1176 1176 I TrafficMonitor: count:241,rx_sum:0,tx_sum:0,rxBytes:0,during_ms:5008,rx_speed:0.0,tx_speed:0.0,rto:0.0
04-24 13:12:48.618 1176 1176 D HuaweiWifiWatchdogStateMachine: speed: rxpkt:0, rxSpd:0B/s, txpkt:0, txSpd:0
04-24 13:12:49.617 1176 1589 W Watchdog: hungtask: writing kick
04-24 13:12:49.620 1176 1202 I EventHub: EventHub monitor: no key events in the past 3703s, no motion events in the past 3704s
04-24 13:12:49.670 777 777 E : [E/capacity_limit_control] not demo version, not set power control prop!
04-24 13:12:50.023 1176 1338 D HwWifiStatStore: handleMessage : 200
04-24 13:12:50.239 742 742 E wificond: Failed to get NL80211_RATE_INFO_NOISE
04-24 13:12:50.240 742 742 E wificond: Failed to get NL80211_RATE_INFO_SNR
04-24 13:12:50.240 742 742 E wificond: Failed to get NL80211_STA_INFO_CNAHLOAD
04-24 13:12:50.241 1176 1337 E WificondControl: Noise: 0, Snr: -1, Chload: -1
04-24 13:12:50.242 1176 1339 D HwWifiCHRStateManager: handleMessage : 1001
04-24 13:12:50.242 1176 1339 D HwWifiCHRStateManager: handleUpdateChannel:2412
04-24 13:12:50.242 1176 1339 V HwWifiServiceFactory: get AllImpl object = com.android.server.wifi.HwWifiServiceFactoryImpl@2205edc
04-24 13:12:50.248 742 742 E wificond: Failed to get NL80211_RATE_INFO_NOISE
04-24 13:12:50.248 742 742 E wificond: Failed to get NL80211_RATE_INFO_SNR
04-24 13:12:50.248 742 742 E wificond: Failed to get NL80211_STA_INFO_CNAHLOAD
04-24 13:12:50.250 1176 1176 D WiFi_PRO: MSG_RETURN_AP_CURRY_RSSI rssi = -30
04-24 13:12:50.250 1176 1406 D HuaweiWifiWatchdogStateMachine: LM mrssi=-30
04-24 13:12:50.250 1176 1406 D HuaweiWifiWatchdogStateMachine: a4:fa:**:**:eb:b0 current loss[-45]=0%, volume=1
04-24 13:12:50.250 1176 1176 I QosMonitor: queryRtt: rtt_type = 3
04-24 13:12:50.251 1176 1406 D HuaweiWifiWatchdogStateMachine: a4:fa:**:**:eb:b0 history loss[-45]=0%, volume=13825725
04-24 13:12:50.251 1176 1176 I HwQoEJNI: send_cmd_kernel. begin
04-24 13:12:50.251 1176 1406 I HuaweiWifiWatchdogStateMachine: spd good count:0, add sc:0.0, rate:1.0
04-24 13:12:50.251 1176 1176 I HwQoEJNI: send_cmd_kernel. end
04-24 13:12:50.251 1176 1406 I HuaweiWifiWatchdogStateMachine: current mHighDataFlowRate = 1.0
04-24 13:12:50.252 1176 1406 I HuaweiWifiWatchdogStateMachine: POta txb txg rxg:0, 82, 0. Lr =0% Totpkt=82
04-24 13:12:50.252 1176 1176 I QosMonitor: postEventFromNative: msg=100,arg1=4,arg2=10
04-24 13:12:50.252 1176 1176 D HuaweiWifiWatchdogStateMachine: setSampleRtt: unvalid rtt
04-24 13:12:50.252 1176 1176 I HwQoEJNI: send_cmd_kernel. begin
04-24 13:12:50.252 1176 1176 I HwQoEJNI: send_cmd_kernel. end
04-24 13:12:50.253 1176 1176 I QosMonitor: postEventFromNative: msg=100,arg1=0,arg2=10
04-24 13:12:50.253 1176 1176 I MQoS : rtt=280,tcp_tx_pkts=480986,tcp_rx_pkts=921443
04-24 13:12:50.254 1176 1406 D HuaweiWifiWatchdogStateMachine: dumpTcpResult: len=10,rtt=280,rttPkt=2,rttWn=118,cgt=0,cgtWn=0
04-24 13:12:50.255 1176 1406 I HuaweiWifiWatchdogStateMachine: PTcp RTT:0, rtt pkt=0, tcp_rx=0, tcp_tx=0, tcp_reTran=0, rtRate=0
04-24 13:12:50.255 1176 1406 D HuaweiWifiWatchdogStateMachine: mRssiBadCount =0, RSSI not bad.
04-24 13:12:50.255 1176 1406 D HuaweiWifiWatchdogStateMachine: detectNetworkAvailable:hw.wifipro.dns_fail_count = 131
04-24 13:12:50.255 1176 1406 D HuaweiWifiWatchdogStateMachine: bqeLevel = 2 rtt=0,rtt_pkts=0 speed=65 rssi=-30
04-24 13:12:50.255 1176 1406 D HuaweiWifiWatchdogStateMachine: Enter updateQoeLevel level = 2
04-24 13:12:50.255 1176 1406 D HuaweiWifiWatchdogStateMachine: updateQoeLevel current level equal to mLastDetectLevel, return
04-24 13:12:50.255 1176 1406 D HuaweiWifiWatchdogStateMachine: did not have any network action
04-24 13:12:50.264 1176 3515 I MQoS : QOS_level:0(0),wifi-link;SIM error;use level-0
04-24 13:12:51.922 487 620 W SocketListener: sending broadcast to Pid = 1176, Uid = 1000
04-24 13:12:51.928 1176 1332 D NetdConnector: RCV <- {613 IfaceClass active 1 354760076217065 10824}
04-24 13:12:51.932 1176 1332 D NetdConnector: RCV <- {613 IfaceClass active 1 354760076217065 10824}
04-24 13:12:51.936 1176 1202 D NetdConnector: RCV unsolicited event from native daemon, event = 613
04-24 13:12:53.030 1176 1338 D HwWifiStatStore: handleMessage : 200
04-24 13:12:53.293 1176 1392 D HwArpVerifier: performPollAndLog:
04-24 13:12:53.298 1176 1392 D hw_netstat: total/56/84,unknown:0/56/84
04-24 13:12:53.619 1176 1176 I TrafficMonitor: expired arrive. level:-1
04-24 13:12:53.622 1176 1176 I TrafficMonitor: update:rxPkts:1,txPkts:1,rxBytes:56,txBytes:84
04-24 13:12:53.623 1176 1176 I TrafficMonitor: start expired. level:-1
04-24 13:12:53.623 1176 1176 I TrafficMonitor: gettimer:interval=2000
04-24 13:12:53.623 1176 1176 I TrafficMonitor: during_ms:5005,period_ms:2000
04-24 13:12:53.623 1176 1176 I TrafficMonitor: count:242,rx_sum:1,tx_sum:1,rxBytes:56,during_ms:5005,rx_speed:11.188811188811188,tx_speed:16.783216783216783,rto:1.0
04-24 13:12:53.624 1176 1176 D HuaweiWifiWatchdogStateMachine: speed: rxpkt:1, rxSpd:11B/s, txpkt:1, txSpd:16
04-24 13:12:54.066 1729 23345 I DownloadState: 0 transmitting data speed : 28 bytes/s scroff: true
04-24 13:12:54.680 777 777 E : [E/capacity_limit_control] not demo version, not set power control prop!
04-24 13:12:55.162 741 741 E Thermal-daemon: [battery] temp_new :27 temp_old :26
04-24 13:12:55.164 1729 2125 I ThermalService: Receive temperature change, type: 9, temp: 27 from thermald
04-24 13:12:55.164 1729 2125 I ThermalTrace_ThermalRaise: Battery:27
04-24 13:12:55.167 741 741 E Thermal-daemon: Report temperature: [battery] temp :27 report_threshold:1
04-24 13:12:55.629 1176 1176 I TrafficMonitor: update:rxPkts:0,txPkts:0,rxBytes:0,txBytes:0
04-24 13:12:55.629 1176 1176 I TrafficMonitor: start expired. level:-1
04-24 13:12:55.630 1176 1176 I TrafficMonitor: gettimer:interval=2000
04-24 13:12:56.037 1176 1338 D HwWifiStatStore: handleMessage : 200
04-24 13:12:57.635 1176 1176 I TrafficMonitor: update:rxPkts:0,txPkts:0,rxBytes:0,txBytes:0
04-24 13:12:57.635 1176 1176 I TrafficMonitor: start expired. level:-1
04-24 13:12:57.636 1176 1176 I TrafficMonitor: gettimer:interval=2000
04-24 13:12:58.248 742 742 E wificond: Failed to get NL80211_RATE_INFO_NOISE
04-24 13:12:58.248 742 742 E wificond: Failed to get NL80211_RATE_INFO_SNR
04-24 13:12:58.248 742 742 E wificond: Failed to get NL80211_STA_INFO_CNAHLOAD
04-24 13:12:58.249 1176 1337 E WificondControl: Noise: 0, Snr: -1, Chload: -1
04-24 13:12:58.251 1176 1339 D HwWifiCHRStateManager: handleMessage : 1001
04-24 13:12:58.251 1176 1339 D HwWifiCHRStateManager: handleUpdateChannel:2412
04-24 13:12:58.251 1176 1339 V HwWifiServiceFactory: get AllImpl object = com.android.server.wifi.HwWifiServiceFactoryImpl@2205edc
04-24 13:12:58.255 742 742 E wificond: Failed to get NL80211_RATE_INFO_NOISE
04-24 13:12:58.255 742 742 E wificond: Failed to get NL80211_RATE_INFO_SNR
04-24 13:12:58.256 742 742 E wificond: Failed to get NL80211_STA_INFO_CNAHLOAD
04-24 13:12:58.257 1176 1406 D HuaweiWifiWatchdogStateMachine: LM mrssi=-29
04-24 13:12:58.257 1176 1176 D WiFi_PRO: MSG_RETURN_AP_CURRY_RSSI rssi = -29
04-24 13:12:58.257 1176 1406 D HuaweiWifiWatchdogStateMachine: a4:fa:**:**:eb:b0 current loss[-45]=0%, volume=2
04-24 13:12:58.258 1176 1176 I QosMonitor: queryRtt: rtt_type = 3
04-24 13:12:58.258 1176 1406 D HuaweiWifiWatchdogStateMachine: a4:fa:**:**:eb:b0 history loss[-45]=0%, volume=13825727
04-24 13:12:58.258 1176 1406 I HuaweiWifiWatchdogStateMachine: spd good count:0, add sc:0.0, rate:1.0
04-24 13:12:58.258 1176 1176 I HwQoEJNI: send_cmd_kernel. begin
04-24 13:12:58.258 1176 1406 I HuaweiWifiWatchdogStateMachine: current mHighDataFlowRate = 1.0
04-24 13:12:58.258 1176 1406 I HuaweiWifiWatchdogStateMachine: POta txb txg rxg:0, 84, 0. Lr =0% Totpkt=84
04-24 13:12:58.258 1176 1176 I HwQoEJNI: send_cmd_kernel. end
04-24 13:12:58.259 1176 1176 I QosMonitor: postEventFromNative: msg=100,arg1=4,arg2=10
04-24 13:12:58.259 1176 1176 I HwQoEJNI: send_cmd_kernel. begin
04-24 13:12:58.259 1176 1176 I HwQoEJNI: send_cmd_kernel. end
04-24 13:12:58.259 1176 1176 I QosMonitor: postEventFromNative: msg=100,arg1=0,arg2=10
04-24 13:12:58.260 1176 1176 D HuaweiWifiWatchdogStateMachine: setSampleRtt: unvalid rtt
04-24 13:12:58.260 1176 1176 I MQoS : rtt=280,tcp_tx_pkts=480986,tcp_rx_pkts=921443
04-24 13:12:58.262 1176 1406 D HuaweiWifiWatchdogStateMachine: dumpTcpResult: len=10,rtt=280,rttPkt=2,rttWn=126,cgt=0,cgtWn=0
04-24 13:12:58.263 1176 1406 I HuaweiWifiWatchdogStateMachine: PTcp RTT:0, rtt pkt=0, tcp_rx=0, tcp_tx=0, tcp_reTran=0, rtRate=0
04-24 13:12:58.263 1176 1406 D HuaweiWifiWatchdogStateMachine: mRssiBadCount =0, RSSI not bad.
04-24 13:12:58.263 1176 1406 D HuaweiWifiWatchdogStateMachine: detectNetworkAvailable:hw.wifipro.dns_fail_count = 131
04-24 13:12:58.264 1176 1406 D HuaweiWifiWatchdogStateMachine: bqeLevel = 2 rtt=0,rtt_pkts=0 speed=65 rssi=-29
04-24 13:12:58.264 1176 1406 D HuaweiWifiWatchdogStateMachine: Enter updateQoeLevel level = 2
04-24 13:12:58.266 1176 1406 D HuaweiWifiWatchdogStateMachine: updateQoeLevel current level equal to mLastDetectLevel, return
