04-24 13:10:54.391 1176 1176 I TrafficMonitor: count:206,rx_sum:2,tx_sum:3,rxBytes:131,during_ms:2005,rx_speed:65.33665835411472,tx_speed:99.25187032418953,rto:0.6666666666666666
04-24 13:10:54.391 1176 1176 D HuaweiWifiWatchdogStateMachine: speed: rxpkt:2, rxSpd:65B/s, txpkt:3, txSpd:99
04-24 13:10:54.590 1176 6416 V BroadcastQueue: Finished with ordered broadcast BroadcastRecord{41aec4d u0 com.tencent.mm.plugin.report.service.KVCommCrossProcessReceiver}
04-24 13:10:55.404 1176 1176 I TrafficMonitor: update:rxPkts:0,txPkts:0,rxBytes:0,txBytes:0
04-24 13:10:55.405 1176 1176 I TrafficMonitor: start expired. level:-1
04-24 13:10:55.405 1176 1176 I TrafficMonitor: gettimer:interval=2000
04-24 13:10:55.755 1176 1338 D HwWifiStatStore: handleMessage : 200
04-24 13:10:57.410 1176 1176 I TrafficMonitor: update:rxPkts:0,txPkts:0,rxBytes:0,txBytes:0
04-24 13:10:57.410 1176 1176 I TrafficMonitor: start expired. level:-1
04-24 13:10:57.411 1176 1176 I TrafficMonitor: gettimer:interval=2000
04-24 13:10:57.718 1176 1392 D HwArpVerifier: getIpRouteTable
04-24 13:10:57.804 1176 1392 D HwArpVerifier: Notify wifi default route is ok
04-24 13:10:58.160 742 742 E wificond: Failed to get NL80211_RATE_INFO_NOISE
04-24 13:10:58.161 742 742 E wificond: Failed to get NL80211_RATE_INFO_SNR
04-24 13:10:58.161 742 742 E wificond: Failed to get NL80211_STA_INFO_CNAHLOAD
04-24 13:10:58.162 1176 1337 E WificondControl: Noise: 0, Snr: -1, Chload: -1
04-24 13:10:58.163 1176 1339 D HwWifiCHRStateManager: handleMessage : 1001
04-24 13:10:58.163 1176 1339 D HwWifiCHRStateManager: handleUpdateChannel:2412
04-24 13:10:58.164 1176 1339 V HwWifiServiceFactory: get AllImpl object = com.android.server.wifi.HwWifiServiceFactoryImpl@2205edc
04-24 13:10:58.167 742 742 E wificond: Failed to get NL80211_RATE_INFO_NOISE
04-24 13:10:58.168 742 742 E wificond: Failed to get NL80211_RATE_INFO_SNR
04-24 13:10:58.168 742 742 E wificond: Failed to get NL80211_STA_INFO_CNAHLOAD
04-24 13:10:58.170 1176 1406 D HuaweiWifiWatchdogStateMachine: LM mrssi=-34
04-24 13:10:58.171 1176 1406 D HuaweiWifiWatchdogStateMachine: a4:fa:**:**:eb:b0 current loss[-45]=0%, volume=4
04-24 13:10:58.171 1176 1406 D HuaweiWifiWatchdogStateMachine: a4:fa:**:**:eb:b0 history loss[-45]=0%, volume=13825719
04-24 13:10:58.172 1176 1406 I HuaweiWifiWatchdogStateMachine: spd good count:0, add sc:0.0, rate:1.0
04-24 13:10:58.172 1176 1176 D WiFi_PRO: MSG_RETURN_AP_CURRY_RSSI rssi = -34
04-24 13:10:58.172 1176 1406 I HuaweiWifiWatchdogStateMachine: current mHighDataFlowRate = 1.0
04-24 13:10:58.172 1176 1406 I HuaweiWifiWatchdogStateMachine: POta txb txg rxg:0, 76, 0. Lr =0% Totpkt=76
04-24 13:10:58.172 1176 1176 I QosMonitor: queryRtt: rtt_type = 3
04-24 13:10:58.173 1176 1176 I HwQoEJNI: send_cmd_kernel. begin
04-24 13:10:58.173 1176 1176 I HwQoEJNI: send_cmd_kernel. end
04-24 13:10:58.173 1176 1176 I QosMonitor: postEventFromNative: msg=100,arg1=4,arg2=10
04-24 13:10:58.173 1176 1176 I HwQoEJNI: send_cmd_kernel. begin
04-24 13:10:58.174 1176 1176 I HwQoEJNI: send_cmd_kernel. end
04-24 13:10:58.174 1176 1176 I QosMonitor: postEventFromNative: msg=100,arg1=0,arg2=10
04-24 13:10:58.174 1176 1176 D HuaweiWifiWatchdogStateMachine: a4:fa:**:**:eb:b0 current RTT[-45]=320, volume=1
04-24 13:10:58.174 1176 1176 D HuaweiWifiWatchdogStateMachine: a4:fa:**:**:eb:b0 history RTT[-45]=510, volume=60870
04-24 13:10:58.174 1176 1176 D HuaweiWifiWatchdogStateMachine: setSampleRtt: rtt=320,rtt_pkts =1,rtt_when=5
04-24 13:10:58.175 1176 1176 I MQoS : rtt=280,tcp_tx_pkts=480986,tcp_rx_pkts=921443
04-24 13:10:58.175 1176 1176 I QosMonitor: resetRtt: rtt_type = 3
04-24 13:10:58.175 1176 1406 D HuaweiWifiWatchdogStateMachine: dumpTcpResult: len=10,rtt=280,rttPkt=2,rttWn=5,cgt=0,cgtWn=0
04-24 13:10:58.175 1176 1176 I HwQoEJNI: send_cmd_kernel. begin
04-24 13:10:58.175 1176 1406 I HuaweiWifiWatchdogStateMachine: PTcp RTT:0, rtt pkt=0, tcp_rx=1, tcp_tx=2, tcp_reTran=0, rtRate=0
04-24 13:10:58.175 1176 1406 D HuaweiWifiWatchdogStateMachine: mRssiBadCount =0, RSSI not bad.
04-24 13:10:58.175 1176 1176 I HwQoEJNI: send_cmd_kernel. end
04-24 13:10:58.175 1176 1406 D HuaweiWifiWatchdogStateMachine: detectNetworkAvailable:hw.wifipro.dns_fail_count = 131
04-24 13:10:58.175 1176 1406 D HuaweiWifiWatchdogStateMachine: detectNetworkAvailable: tcpRxPkts != 0, reset
04-24 13:10:58.175 1176 1406 D HuaweiWifiWatchdogStateMachine: bqeLevel = 2 rtt=0,rtt_pkts=0 speed=65 rssi=-34
04-24 13:10:58.175 1176 1406 D HuaweiWifiWatchdogStateMachine: Enter updateQoeLevel level = 2
04-24 13:10:58.175 1176 1406 D HuaweiWifiWatchdogStateMachine: updateQoeLevel current level equal to mLastDetectLevel, return
04-24 13:10:58.176 1176 1406 D HuaweiWifiWatchdogStateMachine: did not have any network action
04-24 13:10:58.187 1176 3515 I MQoS : QOS_level:0(0),wifi-link;SIM error;use level-0
04-24 13:10:58.762 1176 1338 D HwWifiStatStore: handleMessage : 200
04-24 13:10:58.767 1176 1392 D HwArpVerifier: performPollAndLog:
04-24 13:10:58.772 1176 1392 D hw_netstat: total/0/0
04-24 13:10:59.350 777 777 E : [E/capacity_limit_control] not demo version, not set power control prop!
04-24 13:10:59.398 1176 1288 D HwBatteryService: onUEvent fcpStatus = 0,scpStatus =0,ovpStatus=0
04-24 13:10:59.400 1176 1288 I UsbDeviceManager: water_intrused state= 0
04-24 13:10:59.415 1176 1176 I TrafficMonitor: update:rxPkts:0,txPkts:0,rxBytes:0,txBytes:0
04-24 13:10:59.415 1176 1176 I TrafficMonitor: start expired. level:-1
04-24 13:10:59.416 1176 1176 I TrafficMonitor: gettimer:interval=2000
04-24 13:10:59.418 1176 1176 D HwInnerWifiManagerImpl: SupplicantState = COMPLETED
04-24 13:10:59.418 1176 1176 D HwInnerWifiManagerImpl: isPhoneAP = false
04-24 13:10:59.419 1176 1176 D HwInnerWifiManagerImpl: SupplicantState = COMPLETED
04-24 13:10:59.420 1176 1176 D HwInnerWifiManagerImpl: isPhoneAP = false
04-24 13:10:59.420 1176 1176 D WifiStateMachine: mBcastReceiver: PluggedType = 2 mIsScanCtrlPluggedin = true
04-24 13:10:59.420 5515 5671 E CloudAlbum[8.1.2.309]: [ReceiverManager] not log on ignore
04-24 13:10:59.420 1176 1176 D HwWifiService: mPluggedType =2
04-24 13:10:59.423 1729 1729 I MsgReceiver: intent action: android.intent.action.BATTERY_CHANGED
04-24 13:10:59.426 1176 1176 D WifiService: onReceive, action:android.intent.action.BATTERY_CHANGED
04-24 13:10:59.426 1463 1463 D KeyguardUpdateMonitor: received broadcast android.intent.action.BATTERY_CHANGED
04-24 13:10:59.426 1176 1176 D WifiService: ACTION_BATTERY_CHANGED pluggedType: 2
04-24 13:10:59.427 1463 1463 W KeyguardUpdateMonitor: ACTION_BATTERY_CHANGED AMP: 500000; Volt: 5000000
04-24 13:10:59.428 1463 1463 V KeyguardUpdateMonitor: RefreshBatteryInfo isBatteryLow: 78
04-24 13:10:59.429 1463 1463 W KeyguardUpdateMonitor: ChargingSpeed Wattage: 2500000 ST: 5000000 --> 7500000
04-24 13:10:59.429 1463 1463 I KgBattery: BatteryInfo updated: 2lPc0
04-24 13:10:59.429 1463 1463 W AppHandler: sendMessage with obj100
04-24 13:10:59.429 1463 1463 D KeyguardUpdateMonitor: handleBatteryUpdate
04-24 13:10:59.429 1463 1463 W HwLockScreenPanel: Handle message: 100
04-24 13:10:59.429 1463 1463 W HwKeyguardBottomArea: updateBatteryInfo : false true
04-24 13:10:59.429 1463 1463 W KgBattery: getCharge info with type: text
04-24 13:10:59.432 1463 1463 W HwLockScreenPanel: refreshBatteryInfo: null
04-24 13:11:00.407 1176 1176 I TrafficMonitor: expired arrive. level:-1
04-24 13:11:00.407 1176 1176 I TrafficMonitor: during_ms:2005,period_ms:2000
04-24 13:11:00.407 1176 1176 I TrafficMonitor: count:209,rx_sum:0,tx_sum:0,rxBytes:0,during_ms:2005,rx_speed:0.0,tx_speed:0.0,rto:0.0
04-24 13:11:00.407 1176 1176 D HuaweiWifiWatchdogStateMachine: speed: rxpkt:0, rxSpd:0B/s, txpkt:0, txSpd:0
04-24 13:11:01.420 1176 1176 I TrafficMonitor: update:rxPkts:0,txPkts:0,rxBytes:0,txBytes:0
04-24 13:11:01.420 1176 1176 I TrafficMonitor: start expired. level:-1
04-24 13:11:01.421 1176 1176 I TrafficMonitor: gettimer:interval=2000
04-24 13:11:01.769 1176 1338 D HwWifiStatStore: handleMessage : 200
04-24 13:11:03.425 1176 1176 I TrafficMonitor: update:rxPkts:0,txPkts:0,rxBytes:0,txBytes:0
04-24 13:11:03.425 1176 1176 I TrafficMonitor: start expired. level:-1
04-24 13:11:03.426 1176 1176 I TrafficMonitor: gettimer:interval=2000
04-24 13:11:03.778 1176 1392 D HwArpVerifier: performPollAndLog:
04-24 13:11:03.783 1176 1392 D hw_netstat: total/0/0
04-24 13:11:04.400 777 777 E : [E/capacity_limit_control] not demo version, not set power control prop!
04-24 13:11:04.776 1176 1338 D HwWifiStatStore: handleMessage : 200
04-24 13:11:05.074 741 741 E Thermal-daemon: [battery] temp_new :27 temp_old :26
04-24 13:11:05.076 1729 18882 I ThermalService: Receive temperature change, type: 9, temp: 27 from thermald
04-24 13:11:05.077 1729 18882 I ThermalTrace_ThermalRaise: Battery:27
04-24 13:11:05.079 741 741 E Thermal-daemon: Report temperature: [battery] temp :27 report_threshold:1
04-24 13:11:05.431 1176 1176 I TrafficMonitor: update:rxPkts:0,txPkts:0,rxBytes:0,txBytes:0
04-24 13:11:05.432 1176 1176 I TrafficMonitor: start expired. level:-1
04-24 13:11:05.432 1176 1176 I TrafficMonitor: gettimer:interval=2000
04-24 13:11:06.170 742 742 E wificond: Failed to get NL80211_RATE_INFO_NOISE
04-24 13:11:06.170 742 742 E wificond: Failed to get NL80211_RATE_INFO_SNR
04-24 13:11:06.170 742 742 E wificond: Failed to get NL80211_STA_INFO_CNAHLOAD
04-24 13:11:06.171 1176 1337 E WificondControl: Noise: 0, Snr: -1, Chload: -1
04-24 13:11:06.172 1176 1339 D HwWifiCHRStateManager: handleMessage : 1001
04-24 13:11:06.172 1176 1339 D HwWifiCHRStateManager: handleUpdateChannel:2412
04-24 13:11:06.173 1176 1339 V HwWifiServiceFactory: get AllImpl object = com.android.server.wifi.HwWifiServiceFactoryImpl@2205edc
04-24 13:11:06.176 742 742 E wificond: Failed to get NL80211_RATE_INFO_NOISE
04-24 13:11:06.177 742 742 E wificond: Failed to get NL80211_RATE_INFO_SNR
04-24 13:11:06.177 742 742 E wificond: Failed to get NL80211_STA_INFO_CNAHLOAD
04-24 13:11:06.178 1176 1406 D HuaweiWifiWatchdogStateMachine: LM mrssi=-33
04-24 13:11:06.179 1176 1406 I HuaweiWifiWatchdogStateMachine: spd good count:0, add sc:0.0, rate:1.0
04-24 13:11:06.180 1176 1406 D HuaweiWifiWatchdogStateMachine: high data flow: protection_counter = 0, not_detect_counter = 416
04-24 13:11:06.180 1176 1406 D HuaweiWifiWatchdogStateMachine: high data flow scenario: 0 --> 0 rx bytes =0KB
04-24 13:11:06.180 1176 1406 I HuaweiWifiWatchdogStateMachine: current mHighDataFlowRate = 1.0
04-24 13:11:06.180 1176 1406 I HuaweiWifiWatchdogStateMachine: POta txb txg rxg:0, 76, 0. Lr =0% Totpkt=76
04-24 13:11:06.181 1176 1176 D WiFi_PRO: MSG_RETURN_AP_CURRY_RSSI rssi = -33
04-24 13:11:06.182 1176 1176 I QosMonitor: queryRtt: rtt_type = 3
04-24 13:11:06.183 1176 1176 I HwQoEJNI: send_cmd_kernel. begin
04-24 13:11:06.183 1176 1176 I HwQoEJNI: send_cmd_kernel. end
04-24 13:11:06.183 1176 1176 I QosMonitor: postEventFromNative: msg=100,arg1=4,arg2=10
04-24 13:11:06.184 1176 1176 I HwQoEJNI: send_cmd_kernel. begin
04-24 13:11:06.184 1176 1176 I HwQoEJNI: send_cmd_kernel. end
04-24 13:11:06.184 1176 1176 I QosMonitor: postEventFromNative: msg=100,arg1=0,arg2=10
04-24 13:11:06.184 1176 1176 D HuaweiWifiWatchdogStateMachine: setSampleRtt: unvalid rtt
04-24 13:11:06.185 1176 1176 I MQoS : rtt=280,tcp_tx_pkts=480986,tcp_rx_pkts=921443
04-24 13:11:06.186 1176 1406 D HuaweiWifiWatchdogStateMachine: dumpTcpResult: len=10,rtt=280,rttPkt=2,rttWn=13,cgt=0,cgtWn=0
04-24 13:11:06.187 1176 1406 I HuaweiWifiWatchdogStateMachine: PTcp RTT:0, rtt pkt=0, tcp_rx=0, tcp_tx=0, tcp_reTran=0, rtRate=0
04-24 13:11:06.187 1176 1406 D HuaweiWifiWatchdogStateMachine: mRssiBadCount =0, RSSI not bad.
04-24 13:11:06.187 1176 1406 D HuaweiWifiWatchdogStateMachine: detectNetworkAvailable:hw.wifipro.dns_fail_count = 131
04-24 13:11:06.187 1176 1406 D HuaweiWifiWatchdogStateMachine: bqeLevel = 2 rtt=0,rtt_pkts=0 speed=65 rssi=-33
04-24 13:11:06.187 1176 1406 D HuaweiWifiWatchdogStateMachine: Enter updateQoeLevel level = 2
04-24 13:11:06.187 1176 1406 D HuaweiWifiWatchdogStateMachine: updateQoeLevel current level equal to mLastDetectLevel, return
04-24 13:11:06.187 1176 1406 D HuaweiWifiWatchdogStateMachine: did not have any network action
04-24 13:11:06.198 1176 3515 I MQoS : QOS_level:0(0),wifi-link;SIM error;use level-0
04-24 13:11:06.421 1176 1176 I TrafficMonitor: expired arrive. level:-1
04-24 13:11:06.422 1176 1176 I TrafficMonitor: during_ms:2006,period_ms:2000
04-24 13:11:06.422 1176 1176 I TrafficMonitor: count:212,rx_sum:0,tx_sum:0,rxBytes:0,during_ms:2006,rx_speed:0.0,tx_speed:0.0,rto:0.0
04-24 13:11:06.422 1176 1176 D HuaweiWifiWatchdogStateMachine: speed: rxpkt:0, rxSpd:0B/s, txpkt:0, txSpd:0
04-24 13:11:07.244 487 620 W SocketListener: sending broadcast to Pid = 1176, Uid = 1000
04-24 13:11:07.249 1176 1332 D NetdConnector: RCV <- {613 IfaceClass idle 1 354655398795727}
04-24 13:11:07.253 1176 1332 D NetdConnector: RCV <- {613 IfaceClass idle 1 354655398795727}
04-24 13:11:07.258 1176 1202 D NetdConnector: RCV unsolicited event from native daemon, event = 613
04-24 13:11:07.436 1176 1176 I TrafficMonitor: update:rxPkts:0,txPkts:0,rxBytes:0,txBytes:0
04-24 13:11:07.436 1176 1176 I TrafficMonitor: start expired. level:-1
04-24 13:11:07.437 1176 1176 I TrafficMonitor: gettimer:interval=2000
04-24 13:11:07.783 1176 1338 D HwWifiStatStore: handleMessage : 200
04-24 13:11:08.391 1729 2056 D SleepClean: run sleepClean start
04-24 13:11:08.738 1176 1392 D HwArpVerifier: check_wifi_state_mode = 0 mCheckStateToken=25 token25
04-24 13:11:08.741 1176 1392 D wifiserviceimpl: netmask =16777215
04-24 13:11:08.842 1176 1392 D HWMultiGW: setGateWay 192.168.1.1
04-24 13:11:09.410 777 777 E : [E/capacity_limit_control] not demo version, not set power control prop!
04-24 13:11:09.442 1176 1176 I TrafficMonitor: update:rxPkts:0,txPkts:0,rxBytes:0,txBytes:0
04-24 13:11:09.443 1176 1176 I TrafficMonitor: start expired. level:-1
04-24 13:11:09.443 1176 1176 I TrafficMonitor: gettimer:interval=2000
04-24 13:11:09.844 1176 1392 D HwArpVerifier: getGateWayARPResponses: arp rtt = 16
04-24 13:11:09.845 1176 1392 E HwCHRWifiRSSIGroupSummery: updatArpSummery mRSSI:-33 HwCHRWifiRSSIGroup [rssi_index=4, rtt_tcp_packets=0, rtt_tcp_duration=0, rtt_lan_duration=8878, rtt_lan_failures=0, rtt_lan_succ=429, rtt_lan_max=939, rtt_lan_min=0,same_area_frequency=0,adjacent_area_frequency=0]
04-24 13:11:09.962 1176 1392 D HwArpVerifier: There are 1 mac address for gateway
04-24 13:11:09.962 1176 1392 D HwArpVerifier: from HEART_CHECK transmit to state:HEART_CHECK
04-24 13:11:09.963 1176 1392 D HwArpVerifier: msg what=124 arg1(token)=25 arg2(mode)=0 delay=30000
04-24 13:11:09.963 1176 1392 D HwArpVerifier: performPollAndLog:
04-24 13:11:09.967 1176 1392 D hw_netstat: total/0/0
04-24 13:11:10.790 1176 1338 D HwWifiStatStore: handleMessage : 200
04-24 13:11:11.448 1176 1176 I TrafficMonitor: update:rxPkts:0,txPkts:0,rxBytes:0,txBytes:0
04-24 13:11:11.449 1176 1176 I TrafficMonitor: start expired. level:-1
04-24 13:11:11.449 1176 1176 I TrafficMonitor: gettimer:interval=2000
04-24 13:11:12.439 1176 1176 I TrafficMonitor: expired arrive. level:-1
04-24 13:11:12.439 1176 1176 I TrafficMonitor: during_ms:2006,period_ms:2000
04-24 13:11:12.439 1176 1176 I TrafficMonitor: count:215,rx_sum:0,tx_sum:0,rxBytes:0,during_ms:2006,rx_speed:0.0,tx_speed:0.0,rto:0.0
04-24 13:11:12.439 1176 1176 D HuaweiWifiWatchdogStateMachine: speed: rxpkt:0, rxSpd:0B/s, txpkt:0, txSpd:0
04-24 13:11:13.454 1176 1176 I TrafficMonitor: update:rxPkts:0,txPkts:0,rxBytes:0,txBytes:0
04-24 13:11:13.454 1176 1176 I TrafficMonitor: start expired. level:-1
04-24 13:11:13.455 1176 1176 I TrafficMonitor: gettimer:interval=5000
04-24 13:11:13.797 1176 1338 D HwWifiStatStore: handleMessage : 200
04-24 13:11:14.176 742 742 E wificond: Failed to get NL80211_RATE_INFO_NOISE
04-24 13:11:14.177 742 742 E wificond: Failed to get NL80211_RATE_INFO_SNR
04-24 13:11:14.177 742 742 E wificond: Failed to get NL80211_STA_INFO_CNAHLOAD
04-24 13:11:14.178 1176 1337 E WificondControl: Noise: 0, Snr: -1, Chload: -1
04-24 13:11:14.179 1176 1339 D HwWifiCHRStateManager: handleMessage : 1001
04-24 13:11:14.179 1176 1339 D HwWifiCHRStateManager: handleUpdateChannel:2412
04-24 13:11:14.179 1176 1339 V HwWifiServiceFactory: get AllImpl object = com.android.server.wifi.HwWifiServiceFactoryImpl@2205edc
04-24 13:11:14.184 742 742 E wificond: Failed to get NL80211_RATE_INFO_NOISE
04-24 13:11:14.184 742 742 E wificond: Failed to get NL80211_RATE_INFO_SNR
04-24 13:11:14.184 742 742 E wificond: Failed to get NL80211_STA_INFO_CNAHLOAD
04-24 13:11:14.187 1176 1176 D WiFi_PRO: MSG_RETURN_AP_CURRY_RSSI rssi = -34
04-24 13:11:14.188 1176 1406 D HuaweiWifiWatchdogStateMachine: LM mrssi=-34
04-24 13:11:14.188 1176 1176 I QosMonitor: queryRtt: rtt_type = 3
04-24 13:11:14.189 1176 1406 D HuaweiWifiWatchdogStateMachine: a4:fa:**:**:eb:b0 current loss[-45]=0%, volume=1
04-24 13:11:14.189 1176 1176 I HwQoEJNI: send_cmd_kernel. begin
04-24 13:11:14.189 1176 1406 D HuaweiWifiWatchdogStateMachine: a4:fa:**:**:eb:b0 history loss[-45]=0%, volume=13825720
04-24 13:11:14.189 1176 1176 I HwQoEJNI: send_cmd_kernel. end
04-24 13:11:14.189 1176 1176 I QosMonitor: postEventFromNative: msg=100,arg1=4,arg2=10
04-24 13:11:14.189 1176 1406 I HuaweiWifiWatchdogStateMachine: spd good count:0, add sc:0.0, rate:1.0
04-24 13:11:14.189 1176 1406 I HuaweiWifiWatchdogStateMachine: current mHighDataFlowRate = 1.0
04-24 13:11:14.190 1176 1176 D HuaweiWifiWatchdogStateMachine: setSampleRtt: unvalid rtt
04-24 13:11:14.190 1176 1406 I HuaweiWifiWatchdogStateMachine: POta txb txg rxg:0, 77, 0. Lr =0% Totpkt=77
04-24 13:11:14.190 1176 1176 I HwQoEJNI: send_cmd_kernel. begin
04-24 13:11:14.190 1176 1176 I HwQoEJNI: send_cmd_kernel. end
04-24 13:11:14.191 1176 1176 I QosMonitor: postEventFromNative: msg=100,arg1=0,arg2=10
04-24 13:11:14.192 1176 1176 I MQoS : rtt=280,tcp_tx_pkts=480986,tcp_rx_pkts=921443
04-24 13:11:14.192 1176 1406 D HuaweiWifiWatchdogStateMachine: dumpTcpResult: len=10,rtt=280,rttPkt=2,rttWn=21,cgt=0,cgtWn=0
04-24 13:11:14.193 1176 1406 I HuaweiWifiWatchdogStateMachine: PTcp RTT:0, rtt pkt=0, tcp_rx=0, tcp_tx=0, tcp_reTran=0, rtRate=0
04-24 13:11:14.193 1176 1406 D HuaweiWifiWatchdogStateMachine: mRssiBadCount =0, RSSI not bad.
04-24 13:11:14.193 1176 1406 D HuaweiWifiWatchdogStateMachine: detectNetworkAvailable:hw.wifipro.dns_fail_count = 131
04-24 13:11:14.193 1176 1406 D HuaweiWifiWatchdogStateMachine: bqeLevel = 2 rtt=0,rtt_pkts=0 speed=65 rssi=-34
04-24 13:11:14.193 1176 1406 D HuaweiWifiWatchdogStateMachine: Enter updateQoeLevel level = 2
04-24 13:11:14.193 1176 1406 D HuaweiWifiWatchdogStateMachine: updateQoeLevel current level equal to mLastDetectLevel, return
04-24 13:11:14.193 1176 1406 D HuaweiWifiWatchdogStateMachine: did not have any network action
04-24 13:11:14.203 1176 3515 I MQoS : QOS_level:0(0),wifi-link;SIM error;use level-0
04-24 13:11:14.417 777 777 E : [E/capacity_limit_control] not demo version, not set power control prop!
04-24 13:11:14.972 1176 1392 D HwArpVerifier: performPollAndLog:
04-24 13:11:14.977 1176 1392 D hw_netstat: total/0/0
04-24 13:11:16.804 1176 1338 D HwWifiStatStore: handleMessage : 200
04-24 13:11:18.459 1176 1176 I TrafficMonitor: expired arrive. level:-1
04-24 13:11:18.462 1176 1176 I TrafficMonitor: update:rxPkts:0,txPkts:0,rxBytes:0,txBytes:0
04-24 13:11:18.462 1176 1176 I TrafficMonitor: start expired. level:-1
04-24 13:11:18.463 1176 1176 I TrafficMonitor: gettimer:interval=5000
04-24 13:11:18.463 1176 1176 I TrafficMonitor: during_ms:5009,period_ms:2000
04-24 13:11:18.463 1176 1176 I TrafficMonitor: count:217,rx_sum:0,tx_sum:0,rxBytes:0,during_ms:5009,rx_speed:0.0,tx_speed:0.0,rto:0.0
04-24 13:11:18.463 1176 1176 D HuaweiWifiWatchdogStateMachine: speed: rxpkt:0, rxSpd:0B/s, txpkt:0, txSpd:0
04-24 13:11:19.427 777 777 E : [E/capacity_limit_control] not demo version, not set power control prop!
04-24 13:11:19.606 1176 1589 W Watchdog: hungtask: writing kick
04-24 13:11:19.611 1176 1202 I EventHub: EventHub monitor: no key events in the past 3613s, no motion events in the past 3614s
04-24 13:11:19.811 1176 1338 D HwWifiStatStore: handleMessage : 200
04-24 13:11:19.981 1176 1392 D HwArpVerifier: performPollAndLog:
04-24 13:11:19.985 1176 1392 D hw_netstat: total/0/0
04-24 13:11:22.183 742 742 E wificond: Failed to get NL80211_RATE_INFO_NOISE
04-24 13:11:22.183 742 742 E wificond: Failed to get NL80211_RATE_INFO_SNR
04-24 13:11:22.183 742 742 E wificond: Failed to get NL80211_STA_INFO_CNAHLOAD
04-24 13:11:22.184 1176 1337 E WificondControl: Noise: 0, Snr: -1, Chload: -1
04-24 13:11:22.186 1176 1339 D HwWifiCHRStateManager: handleMessage : 1001
04-24 13:11:22.186 1176 1339 D HwWifiCHRStateManager: handleUpdateChannel:2412
04-24 13:11:22.186 1176 1339 V HwWifiServiceFactory: get AllImpl object = com.android.server.wifi.HwWifiServiceFactoryImpl@2205edc
04-24 13:11:22.190 742 742 E wificond: Failed to get NL80211_RATE_INFO_NOISE
04-24 13:11:22.190 742 742 E wificond: Failed to get NL80211_RATE_INFO_SNR
04-24 13:11:22.190 742 742 E wificond: Failed to get NL80211_STA_INFO_CNAHLOAD
04-24 13:11:22.193 1176 1176 D WiFi_PRO: MSG_RETURN_AP_CURRY_RSSI rssi = -30
04-24 13:11:22.193 1176 1176 I QosMonitor: queryRtt: rtt_type = 3
04-24 13:11:22.194 1176 1176 I HwQoEJNI: send_cmd_kernel. begin
04-24 13:11:22.194 1176 1176 I HwQoEJNI: send_cmd_kernel. end
04-24 13:11:22.194 1176 1176 I QosMonitor: postEventFromNative: msg=100,arg1=4,arg2=10
04-24 13:11:22.195 1176 1176 D HuaweiWifiWatchdogStateMachine: setSampleRtt: unvalid rtt
04-24 13:11:22.193 1176 1406 D HuaweiWifiWatchdogStateMachine: LM mrssi=-30
04-24 13:11:22.196 1176 1406 I HuaweiWifiWatchdogStateMachine: spd good count:0, add sc:0.0, rate:1.0
04-24 13:11:22.196 1176 1406 I HuaweiWifiWatchdogStateMachine: current mHighDataFlowRate = 1.0
04-24 13:11:22.196 1176 1406 I HuaweiWifiWatchdogStateMachine: POta txb txg rxg:0, 77, 0. Lr =0% Totpkt=77
04-24 13:11:22.197 1176 1176 I HwQoEJNI: send_cmd_kernel. begin
04-24 13:11:22.198 1176 1176 I HwQoEJNI: send_cmd_kernel. end
04-24 13:11:22.198 1176 1176 I QosMonitor: postEventFromNative: msg=100,arg1=0,arg2=10
04-24 13:11:22.199 1176 1176 I MQoS : rtt=280,tcp_tx_pkts=480986,tcp_rx_pkts=921443
04-24 13:11:22.199 1176 1406 D HuaweiWifiWatchdogStateMachine: dumpTcpResult: len=10,rtt=280,rttPkt=2,rttWn=29,cgt=0,cgtWn=0
04-24 13:11:22.199 1176 1406 I HuaweiWifiWatchdogStateMachine: PTcp RTT:0, rtt pkt=0, tcp_rx=0, tcp_tx=0, tcp_reTran=0, rtRate=0
04-24 13:11:22.200 1176 1406 D HuaweiWifiWatchdogStateMachine: mRssiBadCount =0, RSSI not bad.
04-24 13:11:22.200 1176 1406 D HuaweiWifiWatchdogStateMachine: detectNetworkAvailable:hw.wifipro.dns_fail_count = 131
04-24 13:11:22.200 1176 1406 D HuaweiWifiWatchdogStateMachine: bqeLevel = 2 rtt=0,rtt_pkts=0 speed=65 rssi=-30
04-24 13:11:22.200 1176 1406 D HuaweiWifiWatchdogStateMachine: Enter updateQoeLevel level = 2
04-24 13:11:22.200 1176 1406 D HuaweiWifiWatchdogStateMachine: updateQoeLevel current level equal to mLastDetectLevel, return
04-24 13:11:22.200 1176 1406 D HuaweiWifiWatchdogStateMachine: did not have any network action
04-24 13:11:22.209 1176 3515 I MQoS : QOS_level:0(0),wifi-link;SIM error;use level-0
04-24 13:11:22.818 1176 1338 D HwWifiStatStore: handleMessage : 200
04-24 13:11:23.465 1176 1176 I TrafficMonitor: expired arrive. level:-1
04-24 13:11:23.468 1176 1176 I TrafficMonitor: update:rxPkts:0,txPkts:0,rxBytes:0,txBytes:0
04-24 13:11:23.468 1176 1176 I TrafficMonitor: start expired. level:-1
04-24 13:11:23.468 1176 1176 I TrafficMonitor: gettimer:interval=5000
04-24 13:11:23.468 1176 1176 I TrafficMonitor: during_ms:5005,period_ms:2000
04-24 13:11:23.468 1176 1176 I TrafficMonitor: count:218,rx_sum:0,tx_sum:0,rxBytes:0,during_ms:5005,rx_speed:0.0,tx_speed:0.0,rto:0.0
04-24 13:11:23.468 1176 1176 D HuaweiWifiWatchdogStateMachine: speed: rxpkt:0, rxSpd:0B/s, txpkt:0, txSpd:0
04-24 13:11:24.437 777 777 E : [E/capacity_limit_control] not demo version, not set power control prop!
04-24 13:11:24.992 1176 1392 D HwArpVerifier: performPollAndLog:
04-24 13:11:24.996 1176 1392 D hw_netstat: total/0/0
04-24 13:11:25.825 1176 1338 D HwWifiStatStore: handleMessage : 200
04-24 13:11:28.474 1176 1176 I TrafficMonitor: expired arrive. level:-1
04-24 13:11:28.477 1176 1176 I TrafficMonitor: update:rxPkts:0,txPkts:0,rxBytes:0,txBytes:0
04-24 13:11:28.478 1176 1176 I TrafficMonitor: start expired. level:-1
04-24 13:11:28.478 1176 1176 I TrafficMonitor: gettimer:interval=5000
04-24 13:11:28.478 1176 1176 I TrafficMonitor: during_ms:5010,period_ms:2000
04-24 13:11:28.478 1176 1176 I TrafficMonitor: count:219,rx_sum:0,tx_sum:0,rxBytes:0,during_ms:5010,rx_speed:0.0,tx_speed:0.0,rto:0.0
04-24 13:11:28.478 1176 1176 D HuaweiWifiWatchdogStateMachine: speed: rxpkt:0, rxSpd:0B/s, txpkt:0, txSpd:0
04-24 13:11:28.832 1176 1338 D HwWifiStatStore: handleMessage : 200
04-24 13:11:29.442 777 777 E : [E/capacity_limit_control] not demo version, not set power control prop!
04-24 13:11:29.472 1176 1288 D HwBatteryService: onUEvent fcpStatus = 0,scpStatus =0,ovpStatus=0
04-24 13:11:29.474 1176 1288 I UsbDeviceManager: water_intrused state= 0
04-24 13:11:29.485 1176 1176 D HwInnerWifiManagerImpl: SupplicantState = COMPLETED
04-24 13:11:29.485 1176 1176 D HwInnerWifiManagerImpl: isPhoneAP = false
04-24 13:11:29.487 1176 1176 D HwInnerWifiManagerImpl: SupplicantState = COMPLETED
04-24 13:11:29.488 1176 1176 D HwInnerWifiManagerImpl: isPhoneAP = false
04-24 13:11:29.488 1176 1176 D WifiStateMachine: mBcastReceiver: PluggedType = 2 mIsScanCtrlPluggedin = true
04-24 13:11:29.488 1463 1463 D KeyguardUpdateMonitor: received broadcast android.intent.action.BATTERY_CHANGED
04-24 13:11:29.489 1463 1463 W KeyguardUpdateMonitor: ACTION_BATTERY_CHANGED AMP: 500000; Volt: 5000000
04-24 13:11:29.489 1463 1463 V KeyguardUpdateMonitor: RefreshBatteryInfo isBatteryLow: 78
04-24 13:11:29.489 1463 1463 W KeyguardUpdateMonitor: ChargingSpeed Wattage: 2500000 ST: 5000000 --> 7500000
04-24 13:11:29.489 1463 1463 I KgBattery: BatteryInfo updated: 2lPc0
04-24 13:11:29.489 1463 1463 W AppHandler: sendMessage with obj100
04-24 13:11:29.489 1463 1463 D KeyguardUpdateMonitor: handleBatteryUpdate
04-24 13:11:29.489 1176 1176 D HwWifiService: mPluggedType =2
04-24 13:11:29.490 1463 1463 W HwLockScreenPanel: Handle message: 100
04-24 13:11:29.490 1463 1463 W HwKeyguardBottomArea: updateBatteryInfo : false true
04-24 13:11:29.490 1463 1463 W KgBattery: getCharge info with type: text
04-24 13:11:29.491 1176 1176 D WifiService: onReceive, action:android.intent.action.BATTERY_CHANGED
04-24 13:11:29.491 1176 1176 D WifiService: ACTION_BATTERY_CHANGED pluggedType: 2
04-24 13:11:29.496 1729 1729 I MsgReceiver: intent action: android.intent.action.BATTERY_CHANGED
04-24 13:11:29.502 5515 5671 E CloudAlbum[8.1.2.309]: [ReceiverManager] not log on ignore
04-24 13:11:29.504 1463 1463 W HwLockScreenPanel: refreshBatteryInfo: null
04-24 13:11:30.003 1176 1392 D HwArpVerifier: performPollAndLog:
04-24 13:11:30.007 1176 1392 D hw_netstat: total/0/0
04-24 13:11:30.192 742 742 E wificond: Failed to get NL80211_RATE_INFO_NOISE
04-24 13:11:30.192 742 742 E wificond: Failed to get NL80211_RATE_INFO_SNR
04-24 13:11:30.192 742 742 E wificond: Failed to get NL80211_STA_INFO_CNAHLOAD
04-24 13:11:30.193 1176 1337 E WificondControl: Noise: 0, Snr: -1, Chload: -1
04-24 13:11:30.194 1176 1339 D HwWifiCHRStateManager: handleMessage : 1001
04-24 13:11:30.194 1176 1339 D HwWifiCHRStateManager: handleUpdateChannel:2412
04-24 13:11:30.195 1176 1339 V HwWifiServiceFactory: get AllImpl object = com.android.server.wifi.HwWifiServiceFactoryImpl@2205edc
04-24 13:11:30.198 742 742 E wificond: Failed to get NL80211_RATE_INFO_NOISE
04-24 13:11:30.198 742 742 E wificond: Failed to get NL80211_RATE_INFO_SNR
04-24 13:11:30.199 742 742 E wificond: Failed to get NL80211_STA_INFO_CNAHLOAD
04-24 13:11:30.200 1176 1176 D WiFi_PRO: MSG_RETURN_AP_CURRY_RSSI rssi = -28
04-24 13:11:30.200 1176 1406 D HuaweiWifiWatchdogStateMachine: LM mrssi=-28
04-24 13:11:30.200 1176 1176 I QosMonitor: queryRtt: rtt_type = 3
04-24 13:11:30.201 1176 1176 I HwQoEJNI: send_cmd_kernel. begin
04-24 13:11:30.201 1176 1176 I HwQoEJNI: send_cmd_kernel. end
04-24 13:11:30.201 1176 1176 I QosMonitor: postEventFromNative: msg=100,arg1=4,arg2=10
04-24 13:11:30.202 1176 1176 D HuaweiWifiWatchdogStateMachine: setSampleRtt: unvalid rtt
04-24 13:11:30.202 1176 1406 I HuaweiWifiWatchdogStateMachine: spd good count:0, add sc:0.0, rate:1.0
04-24 13:11:30.202 1176 1406 I HuaweiWifiWatchdogStateMachine: current mHighDataFlowRate = 1.0
04-24 13:11:30.202 1176 1406 I HuaweiWifiWatchdogStateMachine: POta txb txg rxg:0, 77, 0. Lr =0% Totpkt=77
04-24 13:11:30.203 1176 1176 I HwQoEJNI: send_cmd_kernel. begin
04-24 13:11:30.203 1176 1176 I HwQoEJNI: send_cmd_kernel. end
04-24 13:11:30.203 1176 1176 I QosMonitor: postEventFromNative: msg=100,arg1=0,arg2=10
04-24 13:11:30.204 1176 1176 I MQoS : rtt=280,tcp_tx_pkts=480986,tcp_rx_pkts=921443
04-24 13:11:30.205 1176 1406 D HuaweiWifiWatchdogStateMachine: dumpTcpResult: len=10,rtt=280,rttPkt=2,rttWn=37,cgt=0,cgtWn=0
04-24 13:11:30.205 1176 1406 I HuaweiWifiWatchdogStateMachine: PTcp RTT:0, rtt pkt=0, tcp_rx=0, tcp_tx=0, tcp_reTran=0, rtRate=0
04-24 13:11:30.206 1176 1406 D HuaweiWifiWatchdogStateMachine: mRssiBadCount =0, RSSI not bad.
04-24 13:11:30.206 1176 1406 D HuaweiWifiWatchdogStateMachine: detectNetworkAvailable:hw.wifipro.dns_fail_count = 131
04-24 13:11:30.206 1176 1406 D HuaweiWifiWatchdogStateMachine: bqeLevel = 2 rtt=0,rtt_pkts=0 speed=65 rssi=-28
04-24 13:11:30.206 1176 1406 D HuaweiWifiWatchdogStateMachine: Enter updateQoeLevel level = 2
04-24 13:11:30.206 1176 1406 D HuaweiWifiWatchdogStateMachine: updateQoeLevel current level equal to mLastDetectLevel, return
04-24 13:11:30.206 1176 1406 D HuaweiWifiWatchdogStateMachine: did not have any network action
04-24 13:11:30.215 1176 3515 I MQoS : QOS_level:0(0),wifi-link;SIM error;use level-0
04-24 13:11:31.839 1176 1338 D HwWifiStatStore: handleMessage : 200
04-24 13:11:33.482 1176 1176 I TrafficMonitor: expired arrive. level:-1
04-24 13:11:33.485 1176 1176 I TrafficMonitor: update:rxPkts:0,txPkts:0,rxBytes:0,txBytes:0
04-24 13:11:33.485 1176 1176 I TrafficMonitor: start expired. level:-1
04-24 13:11:33.486 1176 1176 I TrafficMonitor: gettimer:interval=5000
04-24 13:11:33.486 1176 1176 I TrafficMonitor: during_ms:5008,period_ms:2000
04-24 13:11:33.486 1176 1176 I TrafficMonitor: count:220,rx_sum:0,tx_sum:0,rxBytes:0,during_ms:5008,rx_speed:0.0,tx_speed:0.0,rto:0.0
04-24 13:11:33.486 1176 1176 D HuaweiWifiWatchdogStateMachine: speed: rxpkt:0, rxSpd:0B/s, txpkt:0, txSpd:0
04-24 13:11:34.473 777 777 E : [E/capacity_limit_control] not demo version, not set power control prop!
04-24 13:11:34.846 1176 1338 D HwWifiStatStore: handleMessage : 200
04-24 13:11:35.013 1176 1392 D HwArpVerifier: performPollAndLog:
04-24 13:11:35.017 1176 1392 D hw_netstat: total/0/0
04-24 13:11:37.853 1176 1338 D HwWifiStatStore: handleMessage : 200
04-24 13:11:38.194 742 742 E wificond: Failed to get NL80211_RATE_INFO_NOISE
04-24 13:11:38.195 742 742 E wificond: Failed to get NL80211_RATE_INFO_SNR
04-24 13:11:38.195 742 742 E wificond: Failed to get NL80211_STA_INFO_CNAHLOAD
04-24 13:11:38.196 1176 1337 E WificondControl: Noise: 0, Snr: -1, Chload: -1
04-24 13:11:38.197 1176 1339 D HwWifiCHRStateManager: handleMessage : 1001
04-24 13:11:38.197 1176 1339 D HwWifiCHRStateManager: handleUpdateChannel:2412
04-24 13:11:38.197 1176 1339 V HwWifiServiceFactory: get AllImpl object = com.android.server.wifi.HwWifiServiceFactoryImpl@2205edc
04-24 13:11:38.201 742 742 E wificond: Failed to get NL80211_RATE_INFO_NOISE
04-24 13:11:38.202 742 742 E wificond: Failed to get NL80211_RATE_INFO_SNR
04-24 13:11:38.202 742 742 E wificond: Failed to get NL80211_STA_INFO_CNAHLOAD
04-24 13:11:38.203 1176 1176 D WiFi_PRO: MSG_RETURN_AP_CURRY_RSSI rssi = -28
04-24 13:11:38.203 1176 1406 D HuaweiWifiWatchdogStateMachine: LM mrssi=-28
04-24 13:11:38.204 1176 1176 I QosMonitor: queryRtt: rtt_type = 3
04-24 13:11:38.204 1176 1176 I HwQoEJNI: send_cmd_kernel. begin
04-24 13:11:38.204 1176 1176 I HwQoEJNI: send_cmd_kernel. end
04-24 13:11:38.205 1176 1176 I QosMonitor: postEventFromNative: msg=100,arg1=4,arg2=10
04-24 13:11:38.205 1176 1406 I HuaweiWifiWatchdogStateMachine: spd good count:0, add sc:0.0, rate:1.0
04-24 13:11:38.205 1176 1176 D HuaweiWifiWatchdogStateMachine: setSampleRtt: unvalid rtt
04-24 13:11:38.206 1176 1406 D HuaweiWifiWatchdogStateMachine: high data flow: protection_counter = 0, not_detect_counter = 417
04-24 13:11:38.206 1176 1406 D HuaweiWifiWatchdogStateMachine: high data flow scenario: 0 --> 0 rx bytes =0KB
04-24 13:11:38.206 1176 1406 I HuaweiWifiWatchdogStateMachine: current mHighDataFlowRate = 1.0
04-24 13:11:38.207 1176 1406 I HuaweiWifiWatchdogStateMachine: POta txb txg rxg:0, 77, 0. Lr =0% Totpkt=77
04-24 13:11:38.208 1176 1176 I HwQoEJNI: send_cmd_kernel. begin
04-24 13:11:38.208 1176 1176 I HwQoEJNI: send_cmd_kernel. end
04-24 13:11:38.208 1176 1176 I QosMonitor: postEventFromNative: msg=100,arg1=0,arg2=10
04-24 13:11:38.209 1176 1176 I MQoS : rtt=280,tcp_tx_pkts=480986,tcp_rx_pkts=921443
04-24 13:11:38.211 1176 1406 D HuaweiWifiWatchdogStateMachine: dumpTcpResult: len=10,rtt=280,rttPkt=2,rttWn=45,cgt=0,cgtWn=0
04-24 13:11:38.212 1176 1406 I HuaweiWifiWatchdogStateMachine: PTcp RTT:0, rtt pkt=0, tcp_rx=0, tcp_tx=0, tcp_reTran=0, rtRate=0
04-24 13:11:38.212 1176 1406 D HuaweiWifiWatchdogStateMachine: mRssiBadCount =0, RSSI not bad.
04-24 13:11:38.212 1176 1406 D HuaweiWifiWatchdogStateMachine: detectNetworkAvailable:hw.wifipro.dns_fail_count = 131
04-24 13:11:38.213 1176 1406 D HuaweiWifiWatchdogStateMachine: bqeLevel = 2 rtt=0,rtt_pkts=0 speed=65 rssi=-28
04-24 13:11:38.213 1176 1406 D HuaweiWifiWatchdogStateMachine: Enter updateQoeLevel level = 2
04-24 13:11:38.213 1176 1406 D HuaweiWifiWatchdogStateMachine: updateQoeLevel current level equal to mLastDetectLevel, return
04-24 13:11:38.213 1176 1406 D HuaweiWifiWatchdogStateMachine: did not have any network action
04-24 13:11:38.222 1176 3515 I MQoS : QOS_level:0(0),wifi-link;SIM error;use level-0
04-24 13:11:38.486 1176 1176 I TrafficMonitor: expired arrive. level:-1
04-24 13:11:38.488 1176 1176 I TrafficMonitor: update:rxPkts:0,txPkts:0,rxBytes:0,txBytes:0
04-24 13:11:38.488 1176 1176 I TrafficMonitor: start expired. level:-1
04-24 13:11:38.488 1176 1176 I TrafficMonitor: gettimer:interval=5000
04-24 13:11:38.488 1176 1176 I TrafficMonitor: during_ms:5002,period_ms:2000
04-24 13:11:38.488 1176 1176 I TrafficMonitor: count:221,rx_sum:0,tx_sum:0,rxBytes:0,during_ms:5002,rx_speed:0.0,tx_speed:0.0,rto:0.0
04-24 13:11:38.488 1176 1176 D HuaweiWifiWatchdogStateMachine: speed: rxpkt:0, rxSpd:0B/s, txpkt:0, txSpd:0
04-24 13:11:39.484 777 777 E : [E/capacity_limit_control] not demo version, not set power control prop!
04-24 13:11:39.968 1176 1392 D HwArpVerifier: check_wifi_state_mode = 0 mCheckStateToken=25 token25
04-24 13:11:39.971 1176 1392 D wifiserviceimpl: netmask =16777215
04-24 13:11:40.045 1176 1392 D HWMultiGW: setGateWay 192.168.1.1
04-24 13:11:40.068 1106 1119 I OAM : [check_file_size:505]/data/log/wifi/wifi_log_1 log file beyond size=10240Byte, creat new file
04-24 13:11:40.068 1106 1119 I OAM : [rename_old_file:210]rename_old_file
04-24 13:11:40.068 1106 1119 I OAM :
04-24 13:11:40.860 1176 1338 D HwWifiStatStore: handleMessage : 200
04-24 13:11:41.047 1176 1392 D HwArpVerifier: getGateWayARPResponses: arp rtt = 17
04-24 13:11:41.048 1176 1392 E HwCHRWifiRSSIGroupSummery: updatArpSummery mRSSI:-28 HwCHRWifiRSSIGroup [rssi_index=4, rtt_tcp_packets=0, rtt_tcp_duration=0, rtt_lan_duration=8895, rtt_lan_failures=0, rtt_lan_succ=430, rtt_lan_max=939, rtt_lan_min=0,same_area_frequency=0,adjacent_area_frequency=0]
04-24 13:11:41.082 1176 1392 D HwArpVerifier: There are 1 mac address for gateway
04-24 13:11:41.082 1176 1392 D HwArpVerifier: from HEART_CHECK transmit to state:HEART_CHECK
04-24 13:11:41.083 1176 1392 D HwArpVerifier: msg what=124 arg1(token)=25 arg2(mode)=0 delay=30000
04-24 13:11:41.083 1176 1392 D HwArpVerifier: performPollAndLog:
04-24 13:11:41.087 1176 1392 D hw_netstat: total/0/0
04-24 13:11:43.494 1176 1176 I TrafficMonitor: expired arrive. level:-1
04-24 13:11:43.497 1176 1176 I TrafficMonitor: update:rxPkts:0,txPkts:0,rxBytes:0,txBytes:0
04-24 13:11:43.498 1176 1176 I TrafficMonitor: start expired. level:-1
04-24 13:11:43.498 1176 1176 I TrafficMonitor: gettimer:interval=5000
04-24 13:11:43.498 1176 1176 I TrafficMonitor: during_ms:5010,period_ms:2000
04-24 13:11:43.498 1176 1176 I TrafficMonitor: count:222,rx_sum:0,tx_sum:0,rxBytes:0,during_ms:5010,rx_speed:0.0,tx_speed:0.0,rto:0.0
04-24 13:11:43.498 1176 1176 D HuaweiWifiWatchdogStateMachine: speed: rxpkt:0, rxSpd:0B/s, txpkt:0, txSpd:0
04-24 13:11:43.867 1176 1338 D HwWifiStatStore: handleMessage : 200
04-24 13:11:44.494 777 777 E : [E/capacity_limit_control] not demo version, not set power control prop!
04-24 13:11:45.088 1176 1176 D HwInnerWifiManagerImpl: SupplicantState = COMPLETED
04-24 13:11:45.088 1176 1176 D HwInnerWifiManagerImpl: isPhoneAP = false
04-24 13:11:45.089 1176 1176 D HwInnerWifiManagerImpl: SupplicantState = COMPLETED
04-24 13:11:45.089 1176 1176 D HwInnerWifiManagerImpl: isPhoneAP = false
04-24 13:11:45.090 1176 1176 D WifiStateMachine: mBcastReceiver: PluggedType = 2 mIsScanCtrlPluggedin = true
04-24 13:11:45.093 1463 1463 D KeyguardUpdateMonitor: received broadcast android.intent.action.BATTERY_CHANGED
04-24 13:11:45.093 1729 1729 I MsgReceiver: intent action: android.intent.action.BATTERY_CHANGED
04-24 13:11:45.093 1463 1463 W KeyguardUpdateMonitor: ACTION_BATTERY_CHANGED AMP: 500000; Volt: 5000000
04-24 13:11:45.093 5515 5671 E CloudAlbum[8.1.2.309]: [ReceiverManager] not log on ignore
04-24 13:11:45.094 1176 1176 D HwWifiService: mPluggedType =2
04-24 13:11:45.095 1176 1176 D WifiService: onReceive, action:android.intent.action.BATTERY_CHANGED
04-24 13:11:45.095 1176 1176 D WifiService: ACTION_BATTERY_CHANGED pluggedType: 2
04-24 13:11:45.101 1463 1463 V KeyguardUpdateMonitor: RefreshBatteryInfo isBatteryLow: 78
04-24 13:11:45.101 1463 1463 W KeyguardUpdateMonitor: ChargingSpeed Wattage: 2500000 ST: 5000000 --> 7500000
04-24 13:11:45.101 1463 1463 I KgBattery: BatteryInfo updated: 2lPc0
04-24 13:11:45.102 1463 1463 W AppHandler: sendMessage with obj100
04-24 13:11:45.102 1463 1463 D KeyguardUpdateMonitor: handleBatteryUpdate
04-24 13:11:45.102 1463 1463 W HwLockScreenPanel: Handle message: 100
04-24 13:11:45.102 1463 1463 W HwKeyguardBottomArea: updateBatteryInfo : false true
04-24 13:11:45.103 1463 1463 W KgBattery: getCharge info with type: text
04-24 13:11:45.108 1463 1463 W HwLockScreenPanel: refreshBatteryInfo: null
04-24 13:11:46.091 1176 1392 D HwArpVerifier: performPollAndLog:
04-24 13:11:46.096 1176 1392 D hw_netstat: total/0/0
04-24 13:11:46.198 742 742 E wificond: Failed to get NL80211_RATE_INFO_NOISE
04-24 13:11:46.199 742 742 E wificond: Failed to get NL80211_RATE_INFO_SNR
04-24 13:11:46.199 742 742 E wificond: Failed to get NL80211_STA_INFO_CNAHLOAD
04-24 13:11:46.200 1176 1337 E WificondControl: Noise: 0, Snr: -1, Chload: -1
04-24 13:11:46.200 1176 1339 D HwWifiCHRStateManager: handleMessage : 1001
04-24 13:11:46.201 1176 1339 D HwWifiCHRStateManager: handleUpdateChannel:2412
04-24 13:11:46.201 1176 1339 V HwWifiServiceFactory: get AllImpl object = com.android.server.wifi.HwWifiServiceFactoryImpl@2205edc
04-24 13:11:46.205 742 742 E wificond: Failed to get NL80211_RATE_INFO_NOISE
04-24 13:11:46.205 742 742 E wificond: Failed to get NL80211_RATE_INFO_SNR
04-24 13:11:46.205 742 742 E wificond: Failed to get NL80211_STA_INFO_CNAHLOAD
04-24 13:11:46.207 1176 1406 D HuaweiWifiWatchdogStateMachine: LM mrssi=-27
04-24 13:11:46.207 1176 1176 D WiFi_PRO: MSG_RETURN_AP_CURRY_RSSI rssi = -27
04-24 13:11:46.208 1176 1406 D HuaweiWifiWatchdogStateMachine: a4:fa:**:**:eb:b0 current loss[-45]=0%, volume=1
04-24 13:11:46.208 1176 1176 I QosMonitor: queryRtt: rtt_type = 3
04-24 13:11:46.208 1176 1406 D HuaweiWifiWatchdogStateMachine: a4:fa:**:**:eb:b0 history loss[-45]=0%, volume=13825721
04-24 13:11:46.208 1176 1176 I HwQoEJNI: send_cmd_kernel. begin
04-24 13:11:46.208 1176 1176 I HwQoEJNI: send_cmd_kernel. end
04-24 13:11:46.208 1176 1406 I HuaweiWifiWatchdogStateMachine: spd good count:0, add sc:0.0, rate:1.0
04-24 13:11:46.208 1176 1406 I HuaweiWifiWatchdogStateMachine: current mHighDataFlowRate = 1.0
04-24 13:11:46.208 1176 1176 I QosMonitor: postEventFromNative: msg=100,arg1=4,arg2=10
04-24 13:11:46.209 1176 1406 I HuaweiWifiWatchdogStateMachine: POta txb txg rxg:0, 78, 0. Lr =0% Totpkt=78
04-24 13:11:46.209 1176 1176 D HuaweiWifiWatchdogStateMachine: setSampleRtt: unvalid rtt
04-24 13:11:46.209 1176 1176 I HwQoEJNI: send_cmd_kernel. begin
04-24 13:11:46.209 1176 1176 I HwQoEJNI: send_cmd_kernel. end
04-24 13:11:46.209 1176 1176 I QosMonitor: postEventFromNative: msg=100,arg1=0,arg2=10
04-24 13:11:46.210 1176 1176 I MQoS : rtt=280,tcp_tx_pkts=480986,tcp_rx_pkts=921443
04-24 13:11:46.211 1176 1406 D HuaweiWifiWatchdogStateMachine: dumpTcpResult: len=10,rtt=280,rttPkt=2,rttWn=53,cgt=0,cgtWn=0
04-24 13:11:46.212 1176 1406 I HuaweiWifiWatchdogStateMachine: PTcp RTT:0, rtt pkt=0, tcp_rx=0, tcp_tx=0, tcp_reTran=0, rtRate=0
04-24 13:11:46.212 1176 1406 D HuaweiWifiWatchdogStateMachine: mRssiBadCount =0, RSSI not bad.
04-24 13:11:46.212 1176 1406 D HuaweiWifiWatchdogStateMachine: detectNetworkAvailable:hw.wifipro.dns_fail_count = 131
04-24 13:11:46.213 1176 1406 D HuaweiWifiWatchdogStateMachine: bqeLevel = 2 rtt=0,rtt_pkts=0 speed=65 rssi=-27
04-24 13:11:46.213 1176 1406 D HuaweiWifiWatchdogStateMachine: Enter updateQoeLevel level = 2
04-24 13:11:46.213 1176 1406 D HuaweiWifiWatchdogStateMachine: updateQoeLevel current level equal to mLastDetectLevel, return
04-24 13:11:46.213 1176 1406 D HuaweiWifiWatchdogStateMachine: did not have any network action
04-24 13:11:46.225 1176 3515 I MQoS : QOS_level:0(0),wifi-link;SIM error;use level-0
04-24 13:11:46.875 1176 1338 D HwWifiStatStore: handleMessage : 200
04-24 13:11:47.806 1176 1392 D HwArpVerifier: getIpRouteTable
04-24 13:11:47.904 1176 1392 D HwArpVerifier: Notify wifi default route is ok
04-24 13:11:48.501 1176 1176 I TrafficMonitor: expired arrive. level:-1
04-24 13:11:48.504 1176 1176 I TrafficMonitor: update:rxPkts:0,txPkts:0,rxBytes:0,txBytes:0
04-24 13:11:48.504 1176 1176 I TrafficMonitor: start expired. level:-1
04-24 13:11:48.505 1176 1176 I TrafficMonitor: gettimer:interval=5000
04-24 13:11:48.505 1176 1176 I TrafficMonitor: during_ms:5007,period_ms:2000
04-24 13:11:48.505 1176 1176 I TrafficMonitor: count:223,rx_sum:0,tx_sum:0,rxBytes:0,during_ms:5007,rx_speed:0.0,tx_speed:0.0,rto:0.0
04-24 13:11:48.505 1176 1176 D HuaweiWifiWatchdogStateMachine: speed: rxpkt:0, rxSpd:0B/s, txpkt:0, txSpd:0
04-24 13:11:49.504 777 777 E : [E/capacity_limit_control] not demo version, not set power control prop!
04-24 13:11:49.609 1176 1589 W Watchdog: hungtask: writing kick
04-24 13:11:49.612 1176 1202 I EventHub: EventHub monitor: no key events in the past 3643s, no motion events in the past 3644s
04-24 13:11:49.882 1176 1338 D HwWifiStatStore: handleMessage : 200
04-24 13:11:51.100 1176 1392 D HwArpVerifier: performPollAndLog:
04-24 13:11:51.104 1176 1392 D hw_netstat: total/0/0
04-24 13:11:51.913 487 620 W SocketListener: sending broadcast to Pid = 1176, Uid = 1000
04-24 13:11:51.920 1176 1332 D NetdConnector: RCV <- {613 IfaceClass active 1 354700067830095 10824}
04-24 13:11:51.924 1176 1332 D NetdConnector: RCV <- {613 IfaceClass active 1 354700067830095 10824}
04-24 13:11:51.928 1176 1202 D NetdConnector: RCV unsolicited event from native daemon, event = 613
04-24 13:11:52.889 1176 1338 D HwWifiStatStore: handleMessage : 200
04-24 13:11:53.510 1176 1176 I TrafficMonitor: expired arrive. level:-1
04-24 13:11:53.513 1176 1176 I TrafficMonitor: update:rxPkts:1,txPkts:1,rxBytes:56,txBytes:84
04-24 13:11:53.514 1176 1176 I TrafficMonitor: start expired. level:-1
04-24 13:11:53.514 1176 1176 I TrafficMonitor: gettimer:interval=2000
04-24 13:11:53.514 1176 1176 I TrafficMonitor: during_ms:5009,period_ms:2000
04-24 13:11:53.514 1176 1176 I TrafficMonitor: count:224,rx_sum:1,tx_sum:1,rxBytes:56,during_ms:5009,rx_speed:11.179876222798962,tx_speed:16.769814334198443,rto:1.0
04-24 13:11:53.515 1176 1176 D HuaweiWifiWatchdogStateMachine: speed: rxpkt:1, rxSpd:11B/s, txpkt:1, txSpd:16
04-24 13:11:54.006 1729 23345 I DownloadState: 0 transmitting data speed : 28 bytes/s scroff: true
04-24 13:11:54.204 742 742 E wificond: Failed to get NL80211_RATE_INFO_NOISE
04-24 13:11:54.205 742 742 E wificond: Failed to get NL80211_RATE_INFO_SNR
04-24 13:11:54.205 742 742 E wificond: Failed to get NL80211_STA_INFO_CNAHLOAD
04-24 13:11:54.206 1176 1337 E WificondControl: Noise: 0, Snr: -1, Chload: -1
04-24 13:11:54.208 1176 1339 D HwWifiCHRStateManager: handleMessage : 1001
04-24 13:11:54.208 1176 1339 D HwWifiCHRStateManager: handleUpdateChannel:2412
04-24 13:11:54.208 1176 1339 V HwWifiServiceFactory: get AllImpl object = com.android.server.wifi.HwWifiServiceFactoryImpl@2205edc
04-24 13:11:54.212 742 742 E wificond: Failed to get NL80211_RATE_INFO_NOISE
04-24 13:11:54.212 742 742 E wificond: Failed to get NL80211_RATE_INFO_SNR
04-24 13:11:54.212 742 742 E wificond: Failed to get NL80211_STA_INFO_CNAHLOAD
04-24 13:11:54.214 1176 1176 D WiFi_PRO: MSG_RETURN_AP_CURRY_RSSI rssi = -29
04-24 13:11:54.214 1176 1406 D HuaweiWifiWatchdogStateMachine: LM mrssi=-29
04-24 13:11:54.215 1176 1176 I QosMonitor: queryRtt: rtt_type = 3
04-24 13:11:54.215 1176 1406 D HuaweiWifiWatchdogStateMachine: a4:fa:**:**:eb:b0 current loss[-45]=0%, volume=1
04-24 13:11:54.215 1176 1176 I HwQoEJNI: send_cmd_kernel. begin
04-24 13:11:54.215 1176 1406 D HuaweiWifiWatchdogStateMachine: a4:fa:**:**:eb:b0 history loss[-45]=0%, volume=13825722
04-24 13:11:54.215 1176 1176 I HwQoEJNI: send_cmd_kernel. end
04-24 13:11:54.216 1176 1176 I QosMonitor: postEventFromNative: msg=100,arg1=4,arg2=10
04-24 13:11:54.216 1176 1406 I HuaweiWifiWatchdogStateMachine: spd good count:0, add sc:0.0, rate:1.0
04-24 13:11:54.216 1176 1406 I HuaweiWifiWatchdogStateMachine: current mHighDataFlowRate = 1.0
04-24 13:11:54.216 1176 1176 D HuaweiWifiWatchdogStateMachine: setSampleRtt: unvalid rtt
04-24 13:11:54.216 1176 1406 I HuaweiWifiWatchdogStateMachine: POta txb txg rxg:0, 79, 0. Lr =0% Totpkt=79
04-24 13:11:54.217 1176 1176 I HwQoEJNI: send_cmd_kernel. begin
04-24 13:11:54.217 1176 1176 I HwQoEJNI: send_cmd_kernel. end
04-24 13:11:54.217 1176 1176 I QosMonitor: postEventFromNative: msg=100,arg1=0,arg2=10
04-24 13:11:54.218 1176 1176 I MQoS : rtt=280,tcp_tx_pkts=480986,tcp_rx_pkts=921443
04-24 13:11:54.219 1176 1406 D HuaweiWifiWatchdogStateMachine: dumpTcpResult: len=10,rtt=280,rttPkt=2,rttWn=61,cgt=0,cgtWn=0
04-24 13:11:54.220 1176 1406 I HuaweiWifiWatchdogStateMachine: PTcp RTT:0, rtt pkt=0, tcp_rx=0, tcp_tx=0, tcp_reTran=0, rtRate=0
04-24 13:11:54.220 1176 1406 D HuaweiWifiWatchdogStateMachine: mRssiBadCount =0, RSSI not bad.
04-24 13:11:54.220 1176 1406 D HuaweiWifiWatchdogStateMachine: detectNetworkAvailable:hw.wifipro.dns_fail_count = 131
04-24 13:11:54.220 1176 1406 D HuaweiWifiWatchdogStateMachine: bqeLevel = 2 rtt=0,rtt_pkts=0 speed=65 rssi=-29
04-24 13:11:54.220 1176 1406 D HuaweiWifiWatchdogStateMachine: Enter updateQoeLevel level = 2
04-24 13:11:54.220 1176 1406 D HuaweiWifiWatchdogStateMachine: updateQoeLevel current level equal to mLastDetectLevel, return
04-24 13:11:54.220 1176 1406 D HuaweiWifiWatchdogStateMachine: did not have any network action
04-24 13:11:54.233 1176 3515 I MQoS : QOS_level:0(0),wifi-link;SIM error;use level-0
04-24 13:11:54.515 777 777 E : [E/capacity_limit_control] not demo version, not set power control prop!
04-24 13:11:55.115 741 741 E Thermal-daemon: [battery] temp_new :26 temp_old :27
04-24 13:11:55.118 1729 18882 I ThermalService: Receive temperature change, type: 9, temp: 26 from thermald
04-24 13:11:55.118 1729 18882 I ThermalTrace_ThermalRaise: Battery:26
04-24 13:11:55.119 741 741 E Thermal-daemon: Report temperature: [battery] temp :26 report_threshold:1
04-24 13:11:55.518 1176 1176 I TrafficMonitor: update:rxPkts:0,txPkts:0,rxBytes:0,txBytes:0
04-24 13:11:55.519 1176 1176 I TrafficMonitor: start expired. level:-1
04-24 13:11:55.519 1176 1176 I TrafficMonitor: gettimer:interval=2000
04-24 13:11:55.896 1176 1338 D HwWifiStatStore: handleMessage : 200
04-24 13:11:56.112 1176 1392 D HwArpVerifier: performPollAndLog:
04-24 13:11:56.116 1176 1392 D hw_netstat: total/56/84,unknown:0/56/84
04-24 13:11:57.525 1176 1176 I TrafficMonitor: update:rxPkts:0,txPkts:0,rxBytes:0,txBytes:0
04-24 13:11:57.525 1176 1176 I TrafficMonitor: start expired. level:-1
04-24 13:11:57.526 1176 1176 I TrafficMonitor: gettimer:interval=2000
04-24 13:11:58.516 1176 1176 I TrafficMonitor: expired arrive. level:-1
04-24 13:11:58.516 1176 1176 I TrafficMonitor: during_ms:2007,period_ms:2000
04-24 13:11:58.517 1176 1176 I TrafficMonitor: count:226,rx_sum:0,tx_sum:0,rxBytes:0,during_ms:2007,rx_speed:0.0,tx_speed:0.0,rto:0.0
04-24 13:11:58.517 1176 1176 D HuaweiWifiWatchdogStateMachine: speed: rxpkt:0, rxSpd:0B/s, txpkt:0, txSpd:0
04-24 13:11:58.903 1176 1338 D HwWifiStatStore: handleMessage : 200
04-24 13:11:59.526 777 777 E : [E/capacity_limit_control] not demo version, not set power control prop!
04-24 13:11:59.530 1176 1176 I TrafficMonitor: update:rxPkts:0,txPkts:0,rxBytes:0,txBytes:0
04-24 13:11:59.530 1176 1176 I TrafficMonitor: start expired. level:-1
04-24 13:11:59.530 1176 1176 I TrafficMonitor: gettimer:interval=2000
04-24 13:11:59.540 777 777 E : [E/capacity_limit_control] not demo version, not set power control prop!
04-24 13:11:59.544 1176 1288 D HwBatteryService: onUEvent fcpStatus = 0,scpStatus =0,ovpStatus=0
04-24 13:11:59.546 1176 1288 I UsbDeviceManager: water_intrused state= 0
