04-24 13:14:02.324 1176 1176 I QosMonitor: postEventFromNative: msg=100,arg1=0,arg2=10
04-24 13:14:02.324 1176 1176 D HuaweiWifiWatchdogStateMachine: setSampleRtt: unvalid rtt
04-24 13:14:02.324 1176 1176 I MQoS : rtt=280,tcp_tx_pkts=480986,tcp_rx_pkts=921443
04-24 13:14:02.324 1176 1406 D HuaweiWifiWatchdogStateMachine: dumpTcpResult: len=10,rtt=280,rttPkt=2,rttWn=190,cgt=0,cgtWn=0
04-24 13:14:02.325 1176 1406 I HuaweiWifiWatchdogStateMachine: PTcp RTT:0, rtt pkt=0, tcp_rx=0, tcp_tx=0, tcp_reTran=0, rtRate=0
04-24 13:14:02.325 1176 1406 D HuaweiWifiWatchdogStateMachine: mRssiBadCount =0, RSSI not bad.
04-24 13:14:02.325 1176 1406 D HuaweiWifiWatchdogStateMachine: detectNetworkAvailable:hw.wifipro.dns_fail_count = 131
04-24 13:14:02.325 1176 1406 D HuaweiWifiWatchdogStateMachine: bqeLevel = 2 rtt=0,rtt_pkts=0 speed=65 rssi=-30
04-24 13:14:02.325 1176 1406 D HuaweiWifiWatchdogStateMachine: Enter updateQoeLevel level = 2
04-24 13:14:02.325 1176 1406 D HuaweiWifiWatchdogStateMachine: updateQoeLevel current level equal to mLastDetectLevel, return
04-24 13:14:02.325 1176 1406 D HuaweiWifiWatchdogStateMachine: did not have any network action
04-24 13:14:02.336 1176 3515 I MQoS : QOS_level:0(0),wifi-link;SIM error;use level-0
04-24 13:14:03.762 1176 1176 I TrafficMonitor: update:rxPkts:0,txPkts:0,rxBytes:0,txBytes:0
04-24 13:14:03.762 1176 1176 I TrafficMonitor: start expired. level:-1
04-24 13:14:03.763 1176 1176 I TrafficMonitor: gettimer:interval=2000
04-24 13:14:04.753 1176 1176 I TrafficMonitor: expired arrive. level:-1
04-24 13:14:04.754 1176 1176 I TrafficMonitor: during_ms:2006,period_ms:2000
04-24 13:14:04.754 1176 1176 I TrafficMonitor: count:265,rx_sum:0,tx_sum:0,rxBytes:0,during_ms:2006,rx_speed:0.0,tx_speed:0.0,rto:0.0
04-24 13:14:04.754 1176 1176 D HuaweiWifiWatchdogStateMachine: speed: rxpkt:0, rxSpd:0B/s, txpkt:0, txSpd:0
04-24 13:14:04.870 777 777 E : [E/capacity_limit_control] not demo version, not set power control prop!
04-24 13:14:05.187 1176 1338 D HwWifiStatStore: handleMessage : 200
04-24 13:14:05.604 1176 1392 D HwArpVerifier: performPollAndLog:
04-24 13:14:05.608 1176 1392 D hw_netstat: total/0/0
04-24 13:14:05.767 1176 1176 I TrafficMonitor: update:rxPkts:0,txPkts:0,rxBytes:0,txBytes:0
04-24 13:14:05.768 1176 1176 I TrafficMonitor: start expired. level:-1
04-24 13:14:05.768 1176 1176 I TrafficMonitor: gettimer:interval=2000
04-24 13:14:06.844 487 620 W SocketListener: sending broadcast to Pid = 1176, Uid = 1000
04-24 13:14:06.848 1176 1332 D NetdConnector: RCV <- {613 IfaceClass idle 1 354834998893095}
04-24 13:14:06.852 1176 1332 D NetdConnector: RCV <- {613 IfaceClass idle 1 354834998893095}
04-24 13:14:06.855 1176 1202 D NetdConnector: RCV unsolicited event from native daemon, event = 613
04-24 13:14:07.774 1176 1176 I TrafficMonitor: update:rxPkts:0,txPkts:0,rxBytes:0,txBytes:0
04-24 13:14:07.774 1176 1176 I TrafficMonitor: start expired. level:-1
04-24 13:14:07.774 1176 1176 I TrafficMonitor: gettimer:interval=2000
04-24 13:14:08.194 1176 1338 D HwWifiStatStore: handleMessage : 200
04-24 13:14:09.779 1176 1176 I TrafficMonitor: update:rxPkts:0,txPkts:0,rxBytes:0,txBytes:0
04-24 13:14:09.780 1176 1176 I TrafficMonitor: start expired. level:-1
04-24 13:14:09.780 1176 1176 I TrafficMonitor: gettimer:interval=2000
04-24 13:14:09.881 777 777 E : [E/capacity_limit_control] not demo version, not set power control prop!
04-24 13:14:10.317 742 742 E wificond: Failed to get NL80211_RATE_INFO_NOISE
04-24 13:14:10.318 742 742 E wificond: Failed to get NL80211_RATE_INFO_SNR
04-24 13:14:10.318 742 742 E wificond: Failed to get NL80211_STA_INFO_CNAHLOAD
04-24 13:14:10.319 1176 1337 E WificondControl: Noise: 0, Snr: -1, Chload: -1
04-24 13:14:10.320 1176 1339 D HwWifiCHRStateManager: handleMessage : 1001
04-24 13:14:10.320 1176 1339 D HwWifiCHRStateManager: handleUpdateChannel:2412
04-24 13:14:10.320 1176 1339 V HwWifiServiceFactory: get AllImpl object = com.android.server.wifi.HwWifiServiceFactoryImpl@2205edc
04-24 13:14:10.324 742 742 E wificond: Failed to get NL80211_RATE_INFO_NOISE
04-24 13:14:10.325 742 742 E wificond: Failed to get NL80211_RATE_INFO_SNR
04-24 13:14:10.325 742 742 E wificond: Failed to get NL80211_STA_INFO_CNAHLOAD
04-24 13:14:10.326 1176 1406 D HuaweiWifiWatchdogStateMachine: LM mrssi=-29
04-24 13:14:10.327 1176 1406 I HuaweiWifiWatchdogStateMachine: spd good count:0, add sc:0.0, rate:1.0
04-24 13:14:10.328 1176 1406 I HuaweiWifiWatchdogStateMachine: current mHighDataFlowRate = 1.0
04-24 13:14:10.328 1176 1406 I HuaweiWifiWatchdogStateMachine: POta txb txg rxg:0, 88, 0. Lr =0% Totpkt=88
04-24 13:14:10.330 1176 1176 D WiFi_PRO: MSG_RETURN_AP_CURRY_RSSI rssi = -29
04-24 13:14:10.331 1176 1176 I QosMonitor: queryRtt: rtt_type = 3
04-24 13:14:10.334 1176 1176 I HwQoEJNI: send_cmd_kernel. begin
04-24 13:14:10.334 1176 1176 I HwQoEJNI: send_cmd_kernel. end
04-24 13:14:10.335 1176 1176 I QosMonitor: postEventFromNative: msg=100,arg1=4,arg2=10
04-24 13:14:10.336 1176 1176 I HwQoEJNI: send_cmd_kernel. begin
04-24 13:14:10.336 1176 1176 I HwQoEJNI: send_cmd_kernel. end
04-24 13:14:10.336 1176 1176 I QosMonitor: postEventFromNative: msg=100,arg1=0,arg2=10
04-24 13:14:10.336 1176 1176 D HuaweiWifiWatchdogStateMachine: setSampleRtt: unvalid rtt
04-24 13:14:10.338 1176 1406 D HuaweiWifiWatchdogStateMachine: dumpTcpResult: len=10,rtt=280,rttPkt=2,rttWn=198,cgt=0,cgtWn=0
04-24 13:14:10.339 1176 1406 I HuaweiWifiWatchdogStateMachine: PTcp RTT:0, rtt pkt=0, tcp_rx=0, tcp_tx=0, tcp_reTran=0, rtRate=0
04-24 13:14:10.339 1176 1406 D HuaweiWifiWatchdogStateMachine: mRssiBadCount =0, RSSI not bad.
04-24 13:14:10.339 1176 1406 D HuaweiWifiWatchdogStateMachine: detectNetworkAvailable:hw.wifipro.dns_fail_count = 131
04-24 13:14:10.339 1176 1406 D HuaweiWifiWatchdogStateMachine: bqeLevel = 2 rtt=0,rtt_pkts=0 speed=65 rssi=-29
04-24 13:14:10.339 1176 1406 D HuaweiWifiWatchdogStateMachine: Enter updateQoeLevel level = 2
04-24 13:14:10.339 1176 1406 D HuaweiWifiWatchdogStateMachine: updateQoeLevel current level equal to mLastDetectLevel, return
04-24 13:14:10.339 1176 1406 D HuaweiWifiWatchdogStateMachine: did not have any network action
04-24 13:14:10.342 1176 1176 I MQoS : rtt=280,tcp_tx_pkts=480986,tcp_rx_pkts=921443
04-24 13:14:10.345 1176 3515 I MQoS : QOS_level:0(0),wifi-link;SIM error;use level-0
04-24 13:14:10.614 1176 1392 D HwArpVerifier: performPollAndLog:
04-24 13:14:10.618 1176 1392 D hw_netstat: total/0/0
04-24 13:14:10.769 1176 1176 I TrafficMonitor: expired arrive. level:-1
04-24 13:14:10.770 1176 1176 I TrafficMonitor: during_ms:2006,period_ms:2000
04-24 13:14:10.770 1176 1176 I TrafficMonitor: count:268,rx_sum:0,tx_sum:0,rxBytes:0,during_ms:2006,rx_speed:0.0,tx_speed:0.0,rto:0.0
04-24 13:14:10.770 1176 1176 D HuaweiWifiWatchdogStateMachine: speed: rxpkt:0, rxSpd:0B/s, txpkt:0, txSpd:0
04-24 13:14:11.201 1176 1338 D HwWifiStatStore: handleMessage : 200
04-24 13:14:11.785 1176 1176 I TrafficMonitor: update:rxPkts:0,txPkts:0,rxBytes:0,txBytes:0
04-24 13:14:11.785 1176 1176 I TrafficMonitor: start expired. level:-1
04-24 13:14:11.785 1176 1176 I TrafficMonitor: gettimer:interval=2000
04-24 13:14:13.791 1176 1176 I TrafficMonitor: update:rxPkts:0,txPkts:0,rxBytes:0,txBytes:0
04-24 13:14:13.791 1176 1176 I TrafficMonitor: start expired. level:-1
04-24 13:14:13.792 1176 1176 I TrafficMonitor: gettimer:interval=5000
04-24 13:14:14.208 1176 1338 D HwWifiStatStore: handleMessage : 200
04-24 13:14:14.570 1176 1302 W AlarmManager: mIsScreenOn is: false, WAKEUP alarm trigger action = ALARM_ACTION(27905) package name is: com.tencent.mm
04-24 13:14:14.576 27905 27971 I longlink_progress: on_heartbeat_alarm, time: 354842732, is_noop_timeout:0
04-24 13:14:14.576 1176 1176 V AlarmManager: Received TIME_TICK alarm; rescheduling
04-24 13:14:14.600 1176 1176 I HwAlarmManagerService: hwSetAlarm listenerTag: time_tick
04-24 13:14:14.604 1463 1463 E DateView: DateView,mCurrentTime: 1587705254603
04-24 13:14:14.609 1463 1463 I EventCenter: EventCenter Get :android.intent.action.TIME_TICK
04-24 13:14:14.616 1176 1490 W ProcBatteryStats: timer is running , not start, name: com.tencent.mm, uid: 10824, tag: PlatformComm
04-24 13:14:14.626 1463 1463 W HwKeyguardDragHelper: AnimationBlocked
04-24 13:14:14.629 1463 1463 W ResourceType: No known package when getting value for resource number 0xffffffff
04-24 13:14:14.629 1463 1463 E DateLunarView: mDateString is: 4月24日星期五
04-24 13:14:14.630 1463 1463 W ResourceType: No known package when getting value for resource number 0xffffffff
04-24 13:14:14.630 1463 1463 E DateLunarView: mDateString is: 4月24日星期五
04-24 13:14:14.633 1463 1463 D WeatherHelper: City info empty
04-24 13:14:14.635 1176 6416 V BroadcastQueue: Finished with ordered broadcast BroadcastRecord{5f78d4e u0 ALARM_ACTION(27905)}
04-24 13:14:14.637 1463 1463 D WeatherHelper: City info empty
04-24 13:14:14.637 1463 1463 D KeyguardUpdateMonitor: received broadcast android.intent.action.TIME_TICK
04-24 13:14:14.637 1463 1463 D KeyguardUpdateMonitor: handleTimeUpdate
04-24 13:14:14.638 1463 1782 I KeyguardStatusView: Runnable for refresh
04-24 13:14:14.639 1770 1770 I HwLauncher: Model onReceive intent=Intent { act=android.intent.action.TIME_TICK flg=0x50200014 hwFlg=0x900 (has extras) }
04-24 13:14:14.639 1770 1770 I HwLauncher: Model onReceive user=UserHandle{0}
04-24 13:14:14.642 1463 1463 D WeatherHelper: City info empty
04-24 13:14:14.642 27905 28003 I longlink_progress: on_heartbeat_set, time: 354842799, time interval:210000
04-24 13:14:14.644 487 620 W SocketListener: sending broadcast to Pid = 1176, Uid = 1000
04-24 13:14:14.646 1176 1332 D NetdConnector: RCV <- {613 IfaceClass active 1 354842801013407 10824}
04-24 13:14:14.647 1176 1332 D NetdConnector: RCV <- {613 IfaceClass active 1 354842801013407 10824}
04-24 13:14:14.648 1176 1202 D NetdConnector: RCV unsolicited event from native daemon, event = 613
04-24 13:14:14.652 3756 3806 I Step_LSC: 80001355|processHandleBroadcastAction action:android.intent.action.TIME_TICK
04-24 13:14:14.659 1176 1490 V BroadcastQueue: Finished with ordered broadcast BroadcastRecord{7370049 u-1 android.intent.action.TIME_TICK}
04-24 13:14:14.661 27905 28003 I longlink_progress: on_heartbeat_set, time: 354842818, time interval:210000
04-24 13:14:14.710 1463 1463 D WeatherHelper: City info empty
04-24 13:14:14.711 1463 1463 D DateTimeView: Change to single clock mode!
04-24 13:14:14.713 1463 1463 D WeatherHelper: City info empty
04-24 13:14:14.713 1463 1463 D WeatherHelper: City info empty
04-24 13:14:14.714 1463 1463 D DateTimeView: Change to single clock mode!
04-24 13:14:14.715 1463 1463 D WeatherHelper: City info empty
04-24 13:14:14.891 777 777 E : [E/capacity_limit_control] not demo version, not set power control prop!
04-24 13:14:15.568 1176 1392 D HwArpVerifier: check_wifi_state_mode = 0 mCheckStateToken=25 token25
04-24 13:14:15.571 1176 1392 D wifiserviceimpl: netmask =16777215
04-24 13:14:15.617 1176 1392 D HWMultiGW: setGateWay 192.168.1.1
04-24 13:14:15.632 1176 6416 W ProcBatteryStats: timer is not running , not stop, name: com.tencent.mm, uid: 10824, tag: PlatformComm
04-24 13:14:16.620 1176 1392 D HwArpVerifier: getGateWayARPResponses: arp rtt = 18
04-24 13:14:16.621 1176 1392 E HwCHRWifiRSSIGroupSummery: updatArpSummery mRSSI:-29 HwCHRWifiRSSIGroup [rssi_index=4, rtt_tcp_packets=0, rtt_tcp_duration=0, rtt_lan_duration=8957, rtt_lan_failures=0, rtt_lan_succ=435, rtt_lan_max=939, rtt_lan_min=0,same_area_frequency=0,adjacent_area_frequency=0]
04-24 13:14:16.722 1176 1392 D HwArpVerifier: There are 1 mac address for gateway
04-24 13:14:16.722 1176 1392 D HwArpVerifier: from HEART_CHECK transmit to state:HEART_CHECK
04-24 13:14:16.723 1176 1392 D HwArpVerifier: msg what=124 arg1(token)=25 arg2(mode)=0 delay=30000
04-24 13:14:16.723 1176 1392 D HwArpVerifier: performPollAndLog:
04-24 13:14:16.727 1176 1392 D hw_netstat: total/77/117,com.tencent.mm/77/117
04-24 13:14:16.789 1176 1176 I TrafficMonitor: expired arrive. level:-1
04-24 13:14:16.789 1176 1176 I TrafficMonitor: during_ms:2006,period_ms:2000
04-24 13:14:16.789 1176 1176 I TrafficMonitor: count:270,rx_sum:0,tx_sum:0,rxBytes:0,during_ms:2006,rx_speed:0.0,tx_speed:0.0,rto:0.0
04-24 13:14:16.789 1176 1176 D HuaweiWifiWatchdogStateMachine: speed: rxpkt:0, rxSpd:0B/s, txpkt:0, txSpd:0
04-24 13:14:17.215 1176 1338 D HwWifiStatStore: handleMessage : 200
04-24 13:14:18.091 1176 1392 D HwArpVerifier: getIpRouteTable
04-24 13:14:18.183 1176 1392 D HwArpVerifier: Notify wifi default route is ok
04-24 13:14:18.322 742 742 E wificond: Failed to get NL80211_RATE_INFO_NOISE
04-24 13:14:18.322 742 742 E wificond: Failed to get NL80211_RATE_INFO_SNR
04-24 13:14:18.322 742 742 E wificond: Failed to get NL80211_STA_INFO_CNAHLOAD
04-24 13:14:18.322 1176 1337 E WificondControl: Noise: 0, Snr: -1, Chload: -1
04-24 13:14:18.323 1176 1339 D HwWifiCHRStateManager: handleMessage : 1001
04-24 13:14:18.323 1176 1339 D HwWifiCHRStateManager: handleUpdateChannel:2412
04-24 13:14:18.323 1176 1339 V HwWifiServiceFactory: get AllImpl object = com.android.server.wifi.HwWifiServiceFactoryImpl@2205edc
04-24 13:14:18.324 742 742 E wificond: Failed to get NL80211_RATE_INFO_NOISE
04-24 13:14:18.324 742 742 E wificond: Failed to get NL80211_RATE_INFO_SNR
04-24 13:14:18.324 742 742 E wificond: Failed to get NL80211_STA_INFO_CNAHLOAD
04-24 13:14:18.325 1176 1406 D HuaweiWifiWatchdogStateMachine: LM mrssi=-30
04-24 13:14:18.325 1176 1176 D WiFi_PRO: MSG_RETURN_AP_CURRY_RSSI rssi = -30
04-24 13:14:18.325 1176 1406 D HuaweiWifiWatchdogStateMachine: a4:fa:**:**:eb:b0 current loss[-45]=0%, volume=3
04-24 13:14:18.325 1176 1406 D HuaweiWifiWatchdogStateMachine: a4:fa:**:**:eb:b0 history loss[-45]=0%, volume=13825734
04-24 13:14:18.325 1176 1176 I QosMonitor: queryRtt: rtt_type = 3
04-24 13:14:18.325 1176 1176 I HwQoEJNI: send_cmd_kernel. begin
04-24 13:14:18.326 1176 1176 I HwQoEJNI: send_cmd_kernel. end
04-24 13:14:18.326 1176 1406 I HuaweiWifiWatchdogStateMachine: spd good count:0, add sc:0.0, rate:1.0
04-24 13:14:18.326 1176 1176 I QosMonitor: postEventFromNative: msg=100,arg1=4,arg2=10
04-24 13:14:18.326 1176 1176 D HuaweiWifiWatchdogStateMachine: a4:fa:**:**:eb:b0 current RTT[-45]=160, volume=1
04-24 13:14:18.326 1176 1176 D HuaweiWifiWatchdogStateMachine: a4:fa:**:**:eb:b0 history RTT[-45]=510, volume=60871
04-24 13:14:18.326 1176 1176 D HuaweiWifiWatchdogStateMachine: setSampleRtt: rtt=160,rtt_pkts =1,rtt_when=3
04-24 13:14:18.326 1176 1406 D HuaweiWifiWatchdogStateMachine: high data flow: protection_counter = 0, not_detect_counter = 422
04-24 13:14:18.326 1176 1176 I QosMonitor: resetRtt: rtt_type = 3
04-24 13:14:18.326 1176 1406 D HuaweiWifiWatchdogStateMachine: high data flow scenario: 0 --> 0 rx bytes =0KB
04-24 13:14:18.326 1176 1406 I HuaweiWifiWatchdogStateMachine: current mHighDataFlowRate = 1.0
04-24 13:14:18.326 1176 1176 I HwQoEJNI: send_cmd_kernel. begin
04-24 13:14:18.326 1176 1406 I HuaweiWifiWatchdogStateMachine: POta txb txg rxg:0, 91, 0. Lr =0% Totpkt=91
04-24 13:14:18.326 1176 1176 I HwQoEJNI: send_cmd_kernel. end
04-24 13:14:18.326 1176 1176 I HwQoEJNI: send_cmd_kernel. begin
04-24 13:14:18.326 1176 1176 I HwQoEJNI: send_cmd_kernel. end
04-24 13:14:18.326 1176 1176 I QosMonitor: postEventFromNative: msg=100,arg1=0,arg2=10
04-24 13:14:18.326 1176 3109 D HwUidTcpMonitor: parseWlanUidTcpStatistics lastUidTcpStatInfo = [ mUid = 10824 mPacketName = com.tencent.mm mSendSegs = 237 mResendSegs = 0 mRcvSegs = 173 ]
04-24 13:14:18.326 1176 1176 I MQoS : rtt=160,tcp_tx_pkts=480988,tcp_rx_pkts=921444
04-24 13:14:18.328 1176 1406 D HuaweiWifiWatchdogStateMachine: dumpTcpResult: len=10,rtt=160,rttPkt=1,rttWn=3,cgt=0,cgtWn=0
04-24 13:14:18.328 1176 1406 I HuaweiWifiWatchdogStateMachine: PTcp RTT:0, rtt pkt=0, tcp_rx=1, tcp_tx=2, tcp_reTran=0, rtRate=0
04-24 13:14:18.329 1176 1406 D HuaweiWifiWatchdogStateMachine: mRssiBadCount =0, RSSI not bad.
04-24 13:14:18.329 1176 1406 D HuaweiWifiWatchdogStateMachine: detectNetworkAvailable:hw.wifipro.dns_fail_count = 131
04-24 13:14:18.329 1176 1406 D HuaweiWifiWatchdogStateMachine: detectNetworkAvailable: tcpRxPkts != 0, reset
04-24 13:14:18.329 1176 1406 D HuaweiWifiWatchdogStateMachine: bqeLevel = 2 rtt=0,rtt_pkts=0 speed=65 rssi=-30
04-24 13:14:18.329 1176 1406 D HuaweiWifiWatchdogStateMachine: Enter updateQoeLevel level = 2
04-24 13:14:18.329 1176 1406 D HuaweiWifiWatchdogStateMachine: updateQoeLevel current level equal to mLastDetectLevel, return
04-24 13:14:18.329 1176 1406 D HuaweiWifiWatchdogStateMachine: did not have any network action
04-24 13:14:18.329 1176 3515 I MQoS : QOS_level:0(0),wifi-link;SIM error;use level-0
04-24 13:14:18.329 1176 3515 I MQoS : skip-low-Level:0(0),wifi-link;SIM error;use level-0
04-24 13:14:18.423 1176 1185 I zygote64: Background concurrent copying GC freed 478155(21MB) AllocSpace objects, 95(1932KB) LOS objects, 42% free, 31MB/54MB, paused 1.135ms total 283.432ms
04-24 13:14:18.796 1176 1176 I TrafficMonitor: update:rxPkts:1,txPkts:2,rxBytes:77,txBytes:117
04-24 13:14:18.796 1176 1176 I TrafficMonitor: start expired. level:-1
04-24 13:14:18.797 1176 1176 I TrafficMonitor: gettimer:interval=2000
04-24 13:14:19.077 3756 3774 D LogUtil_LogConfig: obtainSavePath(): path = 1
04-24 13:14:19.080 3756 3774 D LogUtil_LogConfig: getLogFile(): logFilePath = /data/data/com.huawei.health/files/com.huawei.health/com.huawei.health_DaemonService/
04-24 13:14:19.081 3756 3774 D LogUtil_LogConfig: obtainSavePath(): path = 1
04-24 13:14:19.082 3756 3774 D LogUtil_LogConfig: acquireMaxLogFileLengthContainsOffset describe: com.huawei.health:DaemonService result:5242880
04-24 13:14:19.082 3756 3774 D LogUtil_LogConfig: obtainSavePath(): path = 1
04-24 13:14:19.084 3756 3774 D LogUtil_LogConfig: getLogFileRoot(): logFilePath = /data/data/com.huawei.health/files/com.huawei.health/com.huawei.health_DaemonService/
04-24 13:14:19.150 1729 23345 I DownloadState: 10824 transmitting data speed : 38 bytes/s scroff: true
04-24 13:14:19.627 1176 1589 W Watchdog: hungtask: writing kick
04-24 13:14:19.630 1176 1202 I EventHub: EventHub monitor: no key events in the past 3793s, no motion events in the past 3794s
04-24 13:14:19.900 777 777 E : [E/capacity_limit_control] not demo version, not set power control prop!
04-24 13:14:20.221 1176 1338 D HwWifiStatStore: handleMessage : 200
04-24 13:14:20.801 1176 1176 I TrafficMonitor: update:rxPkts:0,txPkts:0,rxBytes:0,txBytes:0
04-24 13:14:20.801 1176 1176 I TrafficMonitor: start expired. level:-1
04-24 13:14:20.802 1176 1176 I TrafficMonitor: gettimer:interval=2000
04-24 13:14:21.731 1176 1392 D HwArpVerifier: performPollAndLog:
04-24 13:14:21.735 1176 1392 D hw_netstat: total/0/0
04-24 13:14:22.808 1176 1176 I TrafficMonitor: update:rxPkts:0,txPkts:0,rxBytes:0,txBytes:0
04-24 13:14:22.808 1176 1176 I TrafficMonitor: start expired. level:-1
04-24 13:14:22.808 1176 1176 I TrafficMonitor: gettimer:interval=2000
04-24 13:14:23.228 1176 1338 D HwWifiStatStore: handleMessage : 200
04-24 13:14:23.798 1176 1176 I TrafficMonitor: expired arrive. level:-1
04-24 13:14:23.799 1176 1176 I TrafficMonitor: during_ms:2006,period_ms:2000
04-24 13:14:23.799 1176 1176 I TrafficMonitor: count:273,rx_sum:0,tx_sum:0,rxBytes:0,during_ms:2006,rx_speed:0.0,tx_speed:0.0,rto:0.0
04-24 13:14:23.799 1176 1176 D HuaweiWifiWatchdogStateMachine: speed: rxpkt:0, rxSpd:0B/s, txpkt:0, txSpd:0
04-24 13:14:24.650 1176 11623 V BroadcastQueue: Finished with ordered broadcast BroadcastRecord{e606c67 u0 com.tencent.mm.plugin.report.service.KVCommCrossProcessReceiver}
04-24 13:14:24.810 1176 1176 I TrafficMonitor: update:rxPkts:0,txPkts:0,rxBytes:0,txBytes:0
04-24 13:14:24.811 1176 1176 I TrafficMonitor: start expired. level:-1
04-24 13:14:24.811 1176 1176 I TrafficMonitor: gettimer:interval=2000
04-24 13:14:24.910 777 777 E : [E/capacity_limit_control] not demo version, not set power control prop!
04-24 13:14:26.235 1176 1338 D HwWifiStatStore: handleMessage : 200
04-24 13:14:26.334 742 742 E wificond: Failed to get NL80211_RATE_INFO_NOISE
04-24 13:14:26.334 742 742 E wificond: Failed to get NL80211_RATE_INFO_SNR
04-24 13:14:26.334 742 742 E wificond: Failed to get NL80211_STA_INFO_CNAHLOAD
04-24 13:14:26.335 1176 1337 E WificondControl: Noise: 0, Snr: -1, Chload: -1
04-24 13:14:26.336 1176 1339 D HwWifiCHRStateManager: handleMessage : 1001
04-24 13:14:26.336 1176 1339 D HwWifiCHRStateManager: handleUpdateChannel:2412
04-24 13:14:26.336 1176 1339 V HwWifiServiceFactory: get AllImpl object = com.android.server.wifi.HwWifiServiceFactoryImpl@2205edc
04-24 13:14:26.340 742 742 E wificond: Failed to get NL80211_RATE_INFO_NOISE
04-24 13:14:26.340 742 742 E wificond: Failed to get NL80211_RATE_INFO_SNR
04-24 13:14:26.340 742 742 E wificond: Failed to get NL80211_STA_INFO_CNAHLOAD
04-24 13:14:26.342 1176 1406 D HuaweiWifiWatchdogStateMachine: LM mrssi=-29
04-24 13:14:26.343 1176 1176 D WiFi_PRO: MSG_RETURN_AP_CURRY_RSSI rssi = -29
04-24 13:14:26.343 1176 1176 I QosMonitor: queryRtt: rtt_type = 3
04-24 13:14:26.343 1176 1176 I HwQoEJNI: send_cmd_kernel. begin
04-24 13:14:26.343 1176 1406 I HuaweiWifiWatchdogStateMachine: spd good count:0, add sc:0.0, rate:1.0
04-24 13:14:26.344 1176 1406 I HuaweiWifiWatchdogStateMachine: current mHighDataFlowRate = 1.0
04-24 13:14:26.344 1176 1176 I HwQoEJNI: send_cmd_kernel. end
04-24 13:14:26.344 1176 1406 I HuaweiWifiWatchdogStateMachine: POta txb txg rxg:0, 91, 0. Lr =0% Totpkt=91
04-24 13:14:26.344 1176 1176 I QosMonitor: postEventFromNative: msg=100,arg1=4,arg2=10
04-24 13:14:26.344 1176 1176 I HwQoEJNI: send_cmd_kernel. begin
04-24 13:14:26.344 1176 1176 I HwQoEJNI: send_cmd_kernel. end
04-24 13:14:26.344 1176 1176 I QosMonitor: postEventFromNative: msg=100,arg1=0,arg2=10
04-24 13:14:26.345 1176 1176 D HuaweiWifiWatchdogStateMachine: setSampleRtt: unvalid rtt
04-24 13:14:26.345 1176 1176 I MQoS : rtt=160,tcp_tx_pkts=480988,tcp_rx_pkts=921444
04-24 13:14:26.346 1176 1406 D HuaweiWifiWatchdogStateMachine: dumpTcpResult: len=10,rtt=160,rttPkt=1,rttWn=11,cgt=0,cgtWn=0
04-24 13:14:26.347 1176 1406 I HuaweiWifiWatchdogStateMachine: PTcp RTT:0, rtt pkt=0, tcp_rx=0, tcp_tx=0, tcp_reTran=0, rtRate=0
04-24 13:14:26.347 1176 1406 D HuaweiWifiWatchdogStateMachine: mRssiBadCount =0, RSSI not bad.
04-24 13:14:26.347 1176 1406 D HuaweiWifiWatchdogStateMachine: detectNetworkAvailable:hw.wifipro.dns_fail_count = 131
04-24 13:14:26.347 1176 1406 D HuaweiWifiWatchdogStateMachine: bqeLevel = 2 rtt=0,rtt_pkts=0 speed=65 rssi=-29
04-24 13:14:26.347 1176 1406 D HuaweiWifiWatchdogStateMachine: Enter updateQoeLevel level = 2
04-24 13:14:26.347 1176 1406 D HuaweiWifiWatchdogStateMachine: updateQoeLevel current level equal to mLastDetectLevel, return
04-24 13:14:26.347 1176 1406 D HuaweiWifiWatchdogStateMachine: did not have any network action
04-24 13:14:26.355 1176 3515 I MQoS : QOS_level:0(0),wifi-link;SIM error;use level-0
04-24 13:14:26.741 1176 1392 D HwArpVerifier: performPollAndLog:
04-24 13:14:26.745 1176 1392 D hw_netstat: total/0/0
04-24 13:14:26.815 1176 1176 I TrafficMonitor: update:rxPkts:0,txPkts:0,rxBytes:0,txBytes:0
04-24 13:14:26.816 1176 1176 I TrafficMonitor: start expired. level:-1
04-24 13:14:26.816 1176 1176 I TrafficMonitor: gettimer:interval=2000
04-24 13:14:28.821 1176 1176 I TrafficMonitor: update:rxPkts:0,txPkts:0,rxBytes:0,txBytes:0
04-24 13:14:28.822 1176 1176 I TrafficMonitor: start expired. level:-1
04-24 13:14:28.822 1176 1176 I TrafficMonitor: gettimer:interval=2000
04-24 13:14:29.242 1176 1338 D HwWifiStatStore: handleMessage : 200
04-24 13:14:29.694 487 620 W SocketListener: sending broadcast to Pid = 1176, Uid = 1000
04-24 13:14:29.698 1176 1332 D NetdConnector: RCV <- {613 IfaceClass idle 1 354857848731113}
04-24 13:14:29.703 1176 1332 D NetdConnector: RCV <- {613 IfaceClass idle 1 354857848731113}
04-24 13:14:29.707 1176 1202 D NetdConnector: RCV unsolicited event from native daemon, event = 613
04-24 13:14:29.813 1176 1176 I TrafficMonitor: expired arrive. level:-1
04-24 13:14:29.814 1176 1176 I TrafficMonitor: during_ms:2006,period_ms:2000
04-24 13:14:29.814 1176 1176 I TrafficMonitor: count:276,rx_sum:0,tx_sum:0,rxBytes:0,during_ms:2006,rx_speed:0.0,tx_speed:0.0,rto:0.0
04-24 13:14:29.814 1176 1176 D HuaweiWifiWatchdogStateMachine: speed: rxpkt:0, rxSpd:0B/s, txpkt:0, txSpd:0
04-24 13:14:29.920 777 777 E : [E/capacity_limit_control] not demo version, not set power control prop!
04-24 13:14:29.942 1176 1288 D HwBatteryService: onUEvent fcpStatus = 0,scpStatus =0,ovpStatus=0
04-24 13:14:29.945 1176 1288 I UsbDeviceManager: water_intrused state= 0
04-24 13:14:29.958 1176 1176 D HwInnerWifiManagerImpl: SupplicantState = COMPLETED
04-24 13:14:29.959 1176 1176 D HwInnerWifiManagerImpl: isPhoneAP = false
04-24 13:14:29.960 1463 1463 D KeyguardUpdateMonitor: received broadcast android.intent.action.BATTERY_CHANGED
04-24 13:14:29.960 1176 1176 D HwInnerWifiManagerImpl: SupplicantState = COMPLETED
04-24 13:14:29.960 1463 1463 W KeyguardUpdateMonitor: ACTION_BATTERY_CHANGED AMP: 500000; Volt: 5000000
04-24 13:14:29.960 1176 1176 D HwInnerWifiManagerImpl: isPhoneAP = false
04-24 13:14:29.960 1176 1176 D WifiStateMachine: mBcastReceiver: PluggedType = 2 mIsScanCtrlPluggedin = true
04-24 13:14:29.960 1463 1463 V KeyguardUpdateMonitor: RefreshBatteryInfo isBatteryLow: 79
04-24 13:14:29.960 1463 1463 W KeyguardUpdateMonitor: ChargingSpeed Wattage: 2500000 ST: 5000000 --> 7500000
04-24 13:14:29.960 1463 1463 I KgBattery: BatteryInfo updated: 2lPc0
04-24 13:14:29.961 1176 1176 D HwWifiService: mPluggedType =2
04-24 13:14:29.961 1463 1463 W AppHandler: sendMessage with obj100
04-24 13:14:29.961 1463 1463 D KeyguardUpdateMonitor: handleBatteryUpdate
04-24 13:14:29.961 1463 1463 W HwLockScreenPanel: Handle message: 100
04-24 13:14:29.961 1463 1463 W HwKeyguardBottomArea: updateBatteryInfo : false true
04-24 13:14:29.962 1463 1463 W KgBattery: getCharge info with type: text
04-24 13:14:29.962 1176 1176 D WifiService: onReceive, action:android.intent.action.BATTERY_CHANGED
04-24 13:14:29.962 1176 1176 D WifiService: ACTION_BATTERY_CHANGED pluggedType: 2
04-24 13:14:29.967 5515 5671 E CloudAlbum[8.1.2.309]: [ReceiverManager] not log on ignore
04-24 13:14:29.969 1729 1729 I MsgReceiver: intent action: android.intent.action.BATTERY_CHANGED
04-24 13:14:29.976 1463 1463 W HwLockScreenPanel: refreshBatteryInfo: null
04-24 13:14:30.826 1176 1176 I TrafficMonitor: update:rxPkts:0,txPkts:0,rxBytes:0,txBytes:0
04-24 13:14:30.826 1176 1176 I TrafficMonitor: start expired. level:-1
04-24 13:14:30.826 1176 1176 I TrafficMonitor: gettimer:interval=2000
04-24 13:14:31.751 1176 1392 D HwArpVerifier: performPollAndLog:
04-24 13:14:31.756 1176 1392 D hw_netstat: total/0/0
04-24 13:14:32.249 1176 1338 D HwWifiStatStore: handleMessage : 200
04-24 13:14:32.832 1176 1176 I TrafficMonitor: update:rxPkts:0,txPkts:0,rxBytes:0,txBytes:0
04-24 13:14:32.832 1176 1176 I TrafficMonitor: start expired. level:-1
04-24 13:14:32.833 1176 1176 I TrafficMonitor: gettimer:interval=2000
04-24 13:14:34.342 742 742 E wificond: Failed to get NL80211_RATE_INFO_NOISE
04-24 13:14:34.342 742 742 E wificond: Failed to get NL80211_RATE_INFO_SNR
04-24 13:14:34.342 742 742 E wificond: Failed to get NL80211_STA_INFO_CNAHLOAD
04-24 13:14:34.344 1176 1337 E WificondControl: Noise: 0, Snr: -1, Chload: -1
04-24 13:14:34.345 1176 1339 D HwWifiCHRStateManager: handleMessage : 1001
04-24 13:14:34.345 1176 1339 D HwWifiCHRStateManager: handleUpdateChannel:2412
04-24 13:14:34.345 1176 1339 V HwWifiServiceFactory: get AllImpl object = com.android.server.wifi.HwWifiServiceFactoryImpl@2205edc
04-24 13:14:34.349 742 742 E wificond: Failed to get NL80211_RATE_INFO_NOISE
04-24 13:14:34.350 742 742 E wificond: Failed to get NL80211_RATE_INFO_SNR
04-24 13:14:34.350 742 742 E wificond: Failed to get NL80211_STA_INFO_CNAHLOAD
04-24 13:14:34.352 1176 1406 D HuaweiWifiWatchdogStateMachine: LM mrssi=-30
04-24 13:14:34.352 1176 1176 D WiFi_PRO: MSG_RETURN_AP_CURRY_RSSI rssi = -30
04-24 13:14:34.352 1176 1176 I QosMonitor: queryRtt: rtt_type = 3
04-24 13:14:34.353 1176 1176 I HwQoEJNI: send_cmd_kernel. begin
04-24 13:14:34.353 1176 1406 I HuaweiWifiWatchdogStateMachine: spd good count:0, add sc:0.0, rate:1.0
04-24 13:14:34.353 1176 1176 I HwQoEJNI: send_cmd_kernel. end
04-24 13:14:34.353 1176 1406 I HuaweiWifiWatchdogStateMachine: current mHighDataFlowRate = 1.0
04-24 13:14:34.353 1176 1406 I HuaweiWifiWatchdogStateMachine: POta txb txg rxg:0, 91, 0. Lr =0% Totpkt=91
04-24 13:14:34.353 1176 1176 I QosMonitor: postEventFromNative: msg=100,arg1=4,arg2=10
04-24 13:14:34.354 1176 1176 I HwQoEJNI: send_cmd_kernel. begin
04-24 13:14:34.354 1176 1176 I HwQoEJNI: send_cmd_kernel. end
04-24 13:14:34.354 1176 1176 I QosMonitor: postEventFromNative: msg=100,arg1=0,arg2=10
04-24 13:14:34.354 1176 1176 D HuaweiWifiWatchdogStateMachine: setSampleRtt: unvalid rtt
04-24 13:14:34.354 1176 1176 I MQoS : rtt=160,tcp_tx_pkts=480988,tcp_rx_pkts=921444
04-24 13:14:34.356 1176 1406 D HuaweiWifiWatchdogStateMachine: dumpTcpResult: len=10,rtt=160,rttPkt=1,rttWn=19,cgt=0,cgtWn=0
04-24 13:14:34.357 1176 1406 I HuaweiWifiWatchdogStateMachine: PTcp RTT:0, rtt pkt=0, tcp_rx=0, tcp_tx=0, tcp_reTran=0, rtRate=0
04-24 13:14:34.357 1176 1406 D HuaweiWifiWatchdogStateMachine: mRssiBadCount =0, RSSI not bad.
04-24 13:14:34.357 1176 1406 D HuaweiWifiWatchdogStateMachine: detectNetworkAvailable:hw.wifipro.dns_fail_count = 131
04-24 13:14:34.357 1176 1406 D HuaweiWifiWatchdogStateMachine: bqeLevel = 2 rtt=0,rtt_pkts=0 speed=65 rssi=-30
04-24 13:14:34.357 1176 1406 D HuaweiWifiWatchdogStateMachine: Enter updateQoeLevel level = 2
04-24 13:14:34.357 1176 1406 D HuaweiWifiWatchdogStateMachine: updateQoeLevel current level equal to mLastDetectLevel, return
04-24 13:14:34.357 1176 1406 D HuaweiWifiWatchdogStateMachine: did not have any network action
04-24 13:14:34.365 1176 3515 I MQoS : QOS_level:0(0),wifi-link;SIM error;use level-0
04-24 13:14:34.837 1176 1176 I TrafficMonitor: update:rxPkts:0,txPkts:0,rxBytes:0,txBytes:0
04-24 13:14:34.837 1176 1176 I TrafficMonitor: start expired. level:-1
04-24 13:14:34.838 1176 1176 I TrafficMonitor: gettimer:interval=2000
04-24 13:14:34.948 777 777 E : [E/capacity_limit_control] not demo version, not set power control prop!
04-24 13:14:35.256 1176 1338 D HwWifiStatStore: handleMessage : 200
04-24 13:14:35.828 1176 1176 I TrafficMonitor: expired arrive. level:-1
04-24 13:14:35.828 1176 1176 I TrafficMonitor: during_ms:2005,period_ms:2000
04-24 13:14:35.828 1176 1176 I TrafficMonitor: count:279,rx_sum:0,tx_sum:0,rxBytes:0,during_ms:2005,rx_speed:0.0,tx_speed:0.0,rto:0.0
04-24 13:14:35.828 1176 1176 D HuaweiWifiWatchdogStateMachine: speed: rxpkt:0, rxSpd:0B/s, txpkt:0, txSpd:0
04-24 13:14:36.228 1176 1204 D SmartcareProc: onSignalStrengthsChanged: signalStrength is: SignalStrength: 99 -1 0 0 -61 -52 32767 -1 32767 99 0 0 0 2147483647 0 -1 true cdma , on sub: 1
04-24 13:14:36.228 1176 1176 I MQoS : onSignal: mSubId=1,currDataSubID=1
04-24 13:14:36.228 1176 1204 D SmartcareProc: SignalStrength update result, ss: SignalStrengthInfo:68043809 mGsmSignalStrength: -1 mWcdmaRscp: -1 mWcdmaEcio: -1 mLteRsrp: -1 mLteRsrq: -1 mCdmaDbm: -61 mCdmaEcio: -52 mEvdoDbm: 32767mEvdoEcio: -1mLteRssnr: -1
04-24 13:14:36.228 1176 1176 I MQoS : received cell-signal:5
04-24 13:14:36.762 1176 1392 D HwArpVerifier: performPollAndLog:
04-24 13:14:36.766 1176 1392 D hw_netstat: total/0/0
04-24 13:14:36.843 1176 1176 I TrafficMonitor: update:rxPkts:0,txPkts:0,rxBytes:0,txBytes:0
04-24 13:14:36.843 1176 1176 I TrafficMonitor: start expired. level:-1
04-24 13:14:36.843 1176 1176 I TrafficMonitor: gettimer:interval=2000
04-24 13:14:38.263 1176 1338 D HwWifiStatStore: handleMessage : 200
04-24 13:14:38.849 1176 1176 I TrafficMonitor: update:rxPkts:0,txPkts:0,rxBytes:0,txBytes:0
04-24 13:14:38.849 1176 1176 I TrafficMonitor: start expired. level:-1
04-24 13:14:38.849 1176 1176 I TrafficMonitor: gettimer:interval=5000
04-24 13:14:39.959 777 777 E : [E/capacity_limit_control] not demo version, not set power control prop!
04-24 13:14:41.269 1176 1338 D HwWifiStatStore: handleMessage : 200
04-24 13:14:41.772 1176 1392 D HwArpVerifier: performPollAndLog:
04-24 13:14:41.776 1176 1392 D hw_netstat: total/0/0
04-24 13:14:41.847 1176 1176 I TrafficMonitor: expired arrive. level:-1
04-24 13:14:41.848 1176 1176 I TrafficMonitor: during_ms:2006,period_ms:2000
04-24 13:14:41.848 1176 1176 I TrafficMonitor: count:281,rx_sum:0,tx_sum:0,rxBytes:0,during_ms:2006,rx_speed:0.0,tx_speed:0.0,rto:0.0
04-24 13:14:41.848 1176 1176 D HuaweiWifiWatchdogStateMachine: speed: rxpkt:0, rxSpd:0B/s, txpkt:0, txSpd:0
04-24 13:14:42.233 1176 1204 D SmartcareProc: onSignalStrengthsChanged: signalStrength is: SignalStrength: 99 -1 0 0 -59 -52 32767 -1 32767 99 0 0 0 2147483647 0 -1 true cdma , on sub: 1
04-24 13:14:42.234 1176 1204 D SmartcareProc: SignalStrength update result, ss: SignalStrengthInfo:68043809 mGsmSignalStrength: -1 mWcdmaRscp: -1 mWcdmaEcio: -1 mLteRsrp: -1 mLteRsrq: -1 mCdmaDbm: -59 mCdmaEcio: -52 mEvdoDbm: 32767mEvdoEcio: -1mLteRssnr: -1
04-24 13:14:42.236 1176 1176 I MQoS : onSignal: mSubId=1,currDataSubID=1
04-24 13:14:42.237 1176 1176 I MQoS : received cell-signal:5
04-24 13:14:42.348 742 742 E wificond: Failed to get NL80211_RATE_INFO_NOISE
04-24 13:14:42.348 742 742 E wificond: Failed to get NL80211_RATE_INFO_SNR
04-24 13:14:42.348 742 742 E wificond: Failed to get NL80211_STA_INFO_CNAHLOAD
04-24 13:14:42.349 1176 1337 E WificondControl: Noise: 0, Snr: -1, Chload: -1
04-24 13:14:42.349 1176 1339 D HwWifiCHRStateManager: handleMessage : 1001
04-24 13:14:42.349 1176 1339 D HwWifiCHRStateManager: handleUpdateChannel:2412
04-24 13:14:42.350 1176 1339 V HwWifiServiceFactory: get AllImpl object = com.android.server.wifi.HwWifiServiceFactoryImpl@2205edc
04-24 13:14:42.351 742 742 E wificond: Failed to get NL80211_RATE_INFO_NOISE
04-24 13:14:42.351 742 742 E wificond: Failed to get NL80211_RATE_INFO_SNR
04-24 13:14:42.351 742 742 E wificond: Failed to get NL80211_STA_INFO_CNAHLOAD
04-24 13:14:42.354 1176 1406 D HuaweiWifiWatchdogStateMachine: LM mrssi=-38
04-24 13:14:42.354 1176 1176 D WiFi_PRO: MSG_RETURN_AP_CURRY_RSSI rssi = -38
04-24 13:14:42.355 1176 1176 I QosMonitor: queryRtt: rtt_type = 3
04-24 13:14:42.355 1176 1406 I HuaweiWifiWatchdogStateMachine: spd good count:0, add sc:0.0, rate:1.0
04-24 13:14:42.355 1176 1406 I HuaweiWifiWatchdogStateMachine: current mHighDataFlowRate = 1.0
04-24 13:14:42.355 1176 1176 I HwQoEJNI: send_cmd_kernel. begin
04-24 13:14:42.355 1176 1406 I HuaweiWifiWatchdogStateMachine: POta txb txg rxg:0, 91, 0. Lr =0% Totpkt=91
04-24 13:14:42.355 1176 1176 I HwQoEJNI: send_cmd_kernel. end
04-24 13:14:42.355 1176 1176 I QosMonitor: postEventFromNative: msg=100,arg1=4,arg2=10
04-24 13:14:42.355 1176 1176 I HwQoEJNI: send_cmd_kernel. begin
04-24 13:14:42.356 1176 1176 I HwQoEJNI: send_cmd_kernel. end
04-24 13:14:42.356 1176 1176 I QosMonitor: postEventFromNative: msg=100,arg1=0,arg2=10
04-24 13:14:42.356 1176 1176 D HuaweiWifiWatchdogStateMachine: setSampleRtt: unvalid rtt
04-24 13:14:42.356 1176 1176 I MQoS : rtt=160,tcp_tx_pkts=480988,tcp_rx_pkts=921444
04-24 13:14:42.357 1176 1406 D HuaweiWifiWatchdogStateMachine: dumpTcpResult: len=10,rtt=160,rttPkt=1,rttWn=27,cgt=0,cgtWn=0
04-24 13:14:42.357 1176 1406 I HuaweiWifiWatchdogStateMachine: PTcp RTT:0, rtt pkt=0, tcp_rx=0, tcp_tx=0, tcp_reTran=0, rtRate=0
04-24 13:14:42.358 1176 1406 D HuaweiWifiWatchdogStateMachine: mRssiBadCount =0, RSSI not bad.
04-24 13:14:42.358 1176 1406 D HuaweiWifiWatchdogStateMachine: detectNetworkAvailable:hw.wifipro.dns_fail_count = 131
04-24 13:14:42.358 1176 1406 D HuaweiWifiWatchdogStateMachine: bqeLevel = 2 rtt=0,rtt_pkts=0 speed=65 rssi=-38
04-24 13:14:42.358 1176 1406 D HuaweiWifiWatchdogStateMachine: Enter updateQoeLevel level = 2
04-24 13:14:42.358 1176 1406 D HuaweiWifiWatchdogStateMachine: updateQoeLevel current level equal to mLastDetectLevel, return
04-24 13:14:42.358 1176 1406 D HuaweiWifiWatchdogStateMachine: did not have any network action
04-24 13:14:42.362 1176 3515 I MQoS : QOS_level:0(0),wifi-link;SIM error;use level-0
04-24 13:14:42.362 1176 3515 I MQoS : skip-low-Level:0(0),wifi-link;SIM error;use level-0
04-24 13:14:43.855 1176 1176 I TrafficMonitor: update:rxPkts:0,txPkts:0,rxBytes:0,txBytes:0
04-24 13:14:43.855 1176 1176 I TrafficMonitor: start expired. level:-1
04-24 13:14:43.855 1176 1176 I TrafficMonitor: gettimer:interval=5000
04-24 13:14:44.277 1176 1338 D HwWifiStatStore: handleMessage : 200
04-24 13:14:44.969 777 777 E : [E/capacity_limit_control] not demo version, not set power control prop!
04-24 13:14:45.084 1176 1176 D HwInnerWifiManagerImpl: SupplicantState = COMPLETED
04-24 13:14:45.085 1176 1176 D HwInnerWifiManagerImpl: isPhoneAP = false
04-24 13:14:45.086 1176 1176 D HwInnerWifiManagerImpl: SupplicantState = COMPLETED
04-24 13:14:45.086 1176 1176 D HwInnerWifiManagerImpl: isPhoneAP = false
04-24 13:14:45.087 1176 1176 D WifiStateMachine: mBcastReceiver: PluggedType = 2 mIsScanCtrlPluggedin = true
04-24 13:14:45.087 1176 1176 D HwWifiService: mPluggedType =2
04-24 13:14:45.088 1176 1176 D WifiService: onReceive, action:android.intent.action.BATTERY_CHANGED
04-24 13:14:45.088 1176 1176 D WifiService: ACTION_BATTERY_CHANGED pluggedType: 2
04-24 13:14:45.090 1463 1463 D KeyguardUpdateMonitor: received broadcast android.intent.action.BATTERY_CHANGED
04-24 13:14:45.092 1729 1729 I MsgReceiver: intent action: android.intent.action.BATTERY_CHANGED
04-24 13:14:45.092 1463 1463 W KeyguardUpdateMonitor: ACTION_BATTERY_CHANGED AMP: 500000; Volt: 5000000
04-24 13:14:45.095 1463 1463 V KeyguardUpdateMonitor: RefreshBatteryInfo isBatteryLow: 79
04-24 13:14:45.095 1463 1463 W KeyguardUpdateMonitor: ChargingSpeed Wattage: 2500000 ST: 5000000 --> 7500000
04-24 13:14:45.095 1463 1463 I KgBattery: BatteryInfo updated: 2lPc0
04-24 13:14:45.095 1463 1463 W AppHandler: sendMessage with obj100
04-24 13:14:45.095 1463 1463 D KeyguardUpdateMonitor: handleBatteryUpdate
04-24 13:14:45.095 1463 1463 W HwLockScreenPanel: Handle message: 100
04-24 13:14:45.095 1463 1463 W HwKeyguardBottomArea: updateBatteryInfo : false true
04-24 13:14:45.095 5515 5671 E CloudAlbum[8.1.2.309]: [ReceiverManager] not log on ignore
04-24 13:14:45.095 1463 1463 W KgBattery: getCharge info with type: text
04-24 13:14:45.104 1463 1463 W HwLockScreenPanel: refreshBatteryInfo: null
04-24 13:14:46.462 1176 1204 D SmartcareProc: onSignalStrengthsChanged: signalStrength is: SignalStrength: 99 -1 0 0 -59 -42 32767 -1 32767 99 0 0 0 2147483647 0 -1 true cdma , on sub: 1
04-24 13:14:46.462 1176 1204 D SmartcareProc: SignalStrength update result, ss: SignalStrengthInfo:68043809 mGsmSignalStrength: -1 mWcdmaRscp: -1 mWcdmaEcio: -1 mLteRsrp: -1 mLteRsrq: -1 mCdmaDbm: -59 mCdmaEcio: -42 mEvdoDbm: 32767mEvdoEcio: -1mLteRssnr: -1
04-24 13:14:46.463 1176 1176 I MQoS : onSignal: mSubId=1,currDataSubID=1
04-24 13:14:46.463 1176 1176 I MQoS : received cell-signal:5
04-24 13:14:46.728 1176 1392 D HwArpVerifier: check_wifi_state_mode = 0 mCheckStateToken=25 token25
04-24 13:14:46.730 1176 1392 D wifiserviceimpl: netmask =16777215
04-24 13:14:46.842 1176 1392 D HWMultiGW: setGateWay 192.168.1.1
04-24 13:14:47.284 1176 1338 D HwWifiStatStore: handleMessage : 200
04-24 13:14:47.843 1176 1392 D HwArpVerifier: getGateWayARPResponses: arp rtt = 27
04-24 13:14:47.844 1176 1392 E HwCHRWifiRSSIGroupSummery: updatArpSummery mRSSI:-38 HwCHRWifiRSSIGroup [rssi_index=4, rtt_tcp_packets=0, rtt_tcp_duration=0, rtt_lan_duration=8984, rtt_lan_failures=0, rtt_lan_succ=436, rtt_lan_max=939, rtt_lan_min=0,same_area_frequency=0,adjacent_area_frequency=0]
04-24 13:14:47.872 1176 1392 D HwArpVerifier: There are 1 mac address for gateway
04-24 13:14:47.872 1176 1392 D HwArpVerifier: from HEART_CHECK transmit to state:HEART_CHECK
04-24 13:14:47.873 1176 1392 D HwArpVerifier: msg what=124 arg1(token)=25 arg2(mode)=0 delay=30000
04-24 13:14:47.873 1176 1392 D HwArpVerifier: performPollAndLog:
04-24 13:14:47.879 1176 1392 D hw_netstat: total/0/0
04-24 13:14:48.859 1176 1176 I TrafficMonitor: expired arrive. level:-1
04-24 13:14:48.862 1176 1176 I TrafficMonitor: update:rxPkts:0,txPkts:0,rxBytes:0,txBytes:0
04-24 13:14:48.862 1176 1176 I TrafficMonitor: start expired. level:-1
04-24 13:14:48.862 1176 1176 I TrafficMonitor: gettimer:interval=5000
04-24 13:14:48.863 1176 1176 I TrafficMonitor: during_ms:5008,period_ms:2000
04-24 13:14:48.863 1176 1176 I TrafficMonitor: count:283,rx_sum:0,tx_sum:0,rxBytes:0,during_ms:5008,rx_speed:0.0,tx_speed:0.0,rto:0.0
04-24 13:14:48.863 1176 1176 D HuaweiWifiWatchdogStateMachine: speed: rxpkt:0, rxSpd:0B/s, txpkt:0, txSpd:0
04-24 13:14:49.631 1176 1589 W Watchdog: hungtask: writing kick
04-24 13:14:49.634 1176 1202 I EventHub: EventHub monitor: no key events in the past 3823s, no motion events in the past 3824s
04-24 13:14:49.979 777 777 E : [E/capacity_limit_control] not demo version, not set power control prop!
04-24 13:14:50.291 1176 1338 D HwWifiStatStore: handleMessage : 200
04-24 13:14:50.359 742 742 E wificond: Failed to get NL80211_RATE_INFO_NOISE
04-24 13:14:50.359 1106 1119 I OAM : [check_file_size:505]/data/log/wifi/wifi_log_1 log file beyond size=10240Byte, creat new file
04-24 13:14:50.359 742 742 E wificond: Failed to get NL80211_RATE_INFO_SNR
04-24 13:14:50.359 1106 1119 I OAM : [rename_old_file:210]rename_old_file
04-24 13:14:50.359 1106 1119 I OAM :
04-24 13:14:50.359 742 742 E wificond: Failed to get NL80211_STA_INFO_CNAHLOAD
04-24 13:14:50.360 1176 1337 E WificondControl: Noise: 0, Snr: -1, Chload: -1
04-24 13:14:50.361 1176 1339 D HwWifiCHRStateManager: handleMessage : 1001
04-24 13:14:50.362 1176 1339 D HwWifiCHRStateManager: handleUpdateChannel:2412
04-24 13:14:50.362 1176 1339 V HwWifiServiceFactory: get AllImpl object = com.android.server.wifi.HwWifiServiceFactoryImpl@2205edc
04-24 13:14:50.366 742 742 E wificond: Failed to get NL80211_RATE_INFO_NOISE
04-24 13:14:50.366 742 742 E wificond: Failed to get NL80211_RATE_INFO_SNR
04-24 13:14:50.366 742 742 E wificond: Failed to get NL80211_STA_INFO_CNAHLOAD
04-24 13:14:50.368 1176 1406 D HuaweiWifiWatchdogStateMachine: LM mrssi=-29
04-24 13:14:50.368 1176 1176 D WiFi_PRO: MSG_RETURN_AP_CURRY_RSSI rssi = -29
04-24 13:14:50.368 1176 1406 D HuaweiWifiWatchdogStateMachine: a4:fa:**:**:eb:b0 current loss[-45]=0%, volume=1
04-24 13:14:50.368 1176 1176 I QosMonitor: queryRtt: rtt_type = 3
04-24 13:14:50.368 1176 1406 D HuaweiWifiWatchdogStateMachine: a4:fa:**:**:eb:b0 history loss[-45]=0%, volume=13825735
04-24 13:14:50.369 1176 1176 I HwQoEJNI: send_cmd_kernel. begin
04-24 13:14:50.369 1176 1406 I HuaweiWifiWatchdogStateMachine: spd good count:0, add sc:0.0, rate:1.0
04-24 13:14:50.369 1176 1176 I HwQoEJNI: send_cmd_kernel. end
04-24 13:14:50.369 1176 1176 I QosMonitor: postEventFromNative: msg=100,arg1=4,arg2=10
04-24 13:14:50.369 1176 1176 D HuaweiWifiWatchdogStateMachine: setSampleRtt: unvalid rtt
04-24 13:14:50.370 1176 1406 D HuaweiWifiWatchdogStateMachine: high data flow: protection_counter = 0, not_detect_counter = 423
04-24 13:14:50.370 1176 1406 D HuaweiWifiWatchdogStateMachine: high data flow scenario: 0 --> 0 rx bytes =0KB
04-24 13:14:50.370 1176 1406 I HuaweiWifiWatchdogStateMachine: current mHighDataFlowRate = 1.0
04-24 13:14:50.370 1176 1406 I HuaweiWifiWatchdogStateMachine: POta txb txg rxg:0, 92, 0. Lr =0% Totpkt=92
04-24 13:14:50.371 1176 1176 I HwQoEJNI: send_cmd_kernel. begin
04-24 13:14:50.372 1176 1176 I HwQoEJNI: send_cmd_kernel. end
04-24 13:14:50.372 1176 1176 I QosMonitor: postEventFromNative: msg=100,arg1=0,arg2=10
04-24 13:14:50.373 1176 1176 I MQoS : rtt=160,tcp_tx_pkts=480988,tcp_rx_pkts=921444
04-24 13:14:50.375 1176 1406 D HuaweiWifiWatchdogStateMachine: dumpTcpResult: len=10,rtt=160,rttPkt=1,rttWn=35,cgt=0,cgtWn=0
04-24 13:14:50.375 1176 1406 I HuaweiWifiWatchdogStateMachine: PTcp RTT:0, rtt pkt=0, tcp_rx=0, tcp_tx=0, tcp_reTran=0, rtRate=0
04-24 13:14:50.375 1176 1406 D HuaweiWifiWatchdogStateMachine: mRssiBadCount =0, RSSI not bad.
04-24 13:14:50.376 1176 1406 D HuaweiWifiWatchdogStateMachine: detectNetworkAvailable:hw.wifipro.dns_fail_count = 131
04-24 13:14:50.376 1176 1406 D HuaweiWifiWatchdogStateMachine: bqeLevel = 2 rtt=0,rtt_pkts=0 speed=65 rssi=-29
04-24 13:14:50.376 1176 1406 D HuaweiWifiWatchdogStateMachine: Enter updateQoeLevel level = 2
04-24 13:14:50.376 1176 1406 D HuaweiWifiWatchdogStateMachine: updateQoeLevel current level equal to mLastDetectLevel, return
04-24 13:14:50.376 1176 1406 D HuaweiWifiWatchdogStateMachine: did not have any network action
04-24 13:14:50.385 1176 3515 I MQoS : QOS_level:0(0),wifi-link;SIM error;use level-0
04-24 13:14:51.831 487 620 W SocketListener: sending broadcast to Pid = 1176, Uid = 1000
04-24 13:14:51.835 1176 1332 D NetdConnector: RCV <- {613 IfaceClass active 1 354879986004026 10824}
04-24 13:14:51.839 1176 1332 D NetdConnector: RCV <- {613 IfaceClass active 1 354879986004026 10824}
04-24 13:14:51.843 1176 1202 D NetdConnector: RCV unsolicited event from native daemon, event = 613
04-24 13:14:52.473 1176 1204 D SmartcareProc: onSignalStrengthsChanged: signalStrength is: SignalStrength: 99 -1 0 0 -61 -42 32767 -1 32767 99 0 0 0 2147483647 0 -1 true cdma , on sub: 1
04-24 13:14:52.474 1176 1204 D SmartcareProc: SignalStrength update result, ss: SignalStrengthInfo:68043809 mGsmSignalStrength: -1 mWcdmaRscp: -1 mWcdmaEcio: -1 mLteRsrp: -1 mLteRsrq: -1 mCdmaDbm: -61 mCdmaEcio: -42 mEvdoDbm: 32767mEvdoEcio: -1mLteRssnr: -1
04-24 13:14:52.474 1176 1176 I MQoS : onSignal: mSubId=1,currDataSubID=1
04-24 13:14:52.474 1176 1176 I MQoS : received cell-signal:5
04-24 13:14:52.882 1176 1392 D HwArpVerifier: performPollAndLog:
04-24 13:14:52.886 1176 1392 D hw_netstat: total/56/84,unknown:0/56/84
04-24 13:14:53.298 1176 1338 D HwWifiStatStore: handleMessage : 200
04-24 13:14:53.864 1176 1176 I TrafficMonitor: expired arrive. level:-1
04-24 13:14:53.868 1176 1176 I TrafficMonitor: update:rxPkts:1,txPkts:1,rxBytes:56,txBytes:84
04-24 13:14:53.868 1176 1176 I TrafficMonitor: start expired. level:-1
04-24 13:14:53.868 1176 1176 I TrafficMonitor: gettimer:interval=2000
04-24 13:14:53.868 1176 1176 I TrafficMonitor: during_ms:5005,period_ms:2000
04-24 13:14:53.868 1176 1176 I TrafficMonitor: count:284,rx_sum:1,tx_sum:1,rxBytes:56,during_ms:5005,rx_speed:11.188811188811188,tx_speed:16.783216783216783,rto:1.0
04-24 13:14:53.868 1176 1176 D HuaweiWifiWatchdogStateMachine: speed: rxpkt:1, rxSpd:11B/s, txpkt:1, txSpd:16
04-24 13:14:54.184 1729 23345 I DownloadState: 0 transmitting data speed : 28 bytes/s scroff: true
04-24 13:14:54.714 1176 1323 D InputReader: L1:116
04-24 13:14:54.715 1176 1323 D InputDispatcher: notifyKey - action=0x0, keyCode=0x1a
04-24 13:14:54.715 1176 1323 D KeyEvent: obtain, mHwFlags=-433773760
04-24 13:14:54.716 1176 1323 D HwCustPhoneWindowManager: answer call by keyCode = 26, down = true, isSupVolumnkeyAnswerCall = false
04-24 13:14:54.721 1729 1883 I SubScenario: power key speed
04-24 13:14:54.724 669 765 I uniperf server: setConfig clientId=1, tagLen=1, tags[0]=2, configs[0]=1709000
04-24 13:14:54.726 1729 2056 I ScalingFreqAdapterUniPerf: ===success setFreq: lcpumax:2->1709000
04-24 13:14:54.727 1176 1323 I WindowManager: hungUp=false, mScreenshotChordVolumeDownKeyTriggered=false, mA11yShortcutChordVolumeUpKeyTriggered=false, gesturedServiceIntercepted=false
04-24 13:14:54.728 669 765 I uniperf server: setConfig clientId=1, tagLen=1, tags[0]=1, configs[0]=1709000
04-24 13:14:54.728 1176 1323 D PickUpWakeScreenManager: isPickupSensorSupport isSensorSupport = true
04-24 13:14:54.729 1729 2056 I ScalingFreqAdapterUniPerf: ===success setFreq: lcpumin:1->1709000
04-24 13:14:54.734 1176 1207 D PowerManagerService: Face Dectect wakeUpInternal type:android.policy:POWER#1000
04-24 13:14:54.734 1176 1323 D PowerManagerService: setColorTemperatureAccordingToSetting
04-24 13:14:54.734 1176 1323 D HwPowerManagerService: setColorTemperatureAccordingToSetting
04-24 13:14:54.734 1176 1323 I HwPowerManagerService: setColorTemperatureAccordingToSetting new from displayengine.
04-24 13:14:54.735 1770 1770 W InputMethodManager: startInputReason = 7
04-24 13:14:54.736 1176 1323 W HwPowerManagerService: ColorTemperature read from setting failed, and set default values
04-24 13:14:54.737 1463 2263 D KeyguardService: Caller checkPermission fail
04-24 13:14:54.737 1463 2263 I KeyguardService: KGSvcCall onStartedWakingUp.
04-24 13:14:54.737 1176 11623 D HwInputMethodManagerService: ------------startInput--------------
04-24 13:14:54.745 722 722 D DE N SR : immidiatelyActionIntent:262: DE_SCENE_ACTION_3D_COLORTMP_CHANGE intent.int:0
04-24 13:14:54.745 722 1380 D DE N VH : start:45: Wake up
04-24 13:14:54.745 722 722 D DE N SR : setThreeDimensionColorTemperature:1090: R=32768 G=32768 B=32768 len=12
04-24 13:14:54.745 722 1422 D DE N VH : run:118: Start
04-24 13:14:54.746 1176 1323 I HwPowerManagerService: setColorTemperatureAccordingToSetting and setColorRGB sucessfully:red=1.0, green=1.0, blue=1.0
04-24 13:14:54.746 1176 1323 D WindowManager: interceptKeyBeforeQueueing: key 26 , result : 0
04-24 13:14:54.746 1176 1323 D KeyEvent: obtain, mHwFlags=-433773760
04-24 13:14:54.747 1176 1207 I DisplayPowerController: LightSensorEnable change false -> true
04-24 13:14:54.748 1463 2263 W HwLockScreenReporter: report result: true type:122 msg:
04-24 13:14:54.749 1463 2263 D KeyguardViewMediator: onStartedWakingUp, seq = 72
04-24 13:14:54.749 1463 2263 D KeyguardViewMediator: notifyStartedWakingUp
04-24 13:14:54.749 1463 2263 W AppHandler: sendMessage 14
04-24 13:14:54.749 1463 2263 I KeyguardUpdateMonitor: faceDetectWithWakingUp skiped: false false
04-24 13:14:54.749 1463 1463 D KeyguardViewMediator: handleNotifyWakingUp
04-24 13:14:54.750 722 722 D DE N SR : immidiatelyAction:243: DE_SCENE_ACTION_SCREEN_ON
04-24 13:14:54.751 1463 2263 W AppHandler: sendMessage 16
