04-24 13:18:27.074 1176 1176 D HuaweiWifiWatchdogStateMachine: speed: rxpkt:30, rxSpd:1216B/s, txpkt:2, txSpd:187
04-24 13:18:27.085 683 683 E HWComposer: getLayerReleaseFence: Invalid display
04-24 13:18:27.085 683 683 E HWComposer: getPresentFence failed for invalid display -1
04-24 13:18:27.117 683 683 E HWComposer: getLayerReleaseFence: Invalid display
04-24 13:18:27.118 683 683 E HWComposer: getPresentFence failed for invalid display -1
04-24 13:18:27.150 683 683 E HWComposer: getLayerReleaseFence: Invalid display
04-24 13:18:27.150 683 683 E HWComposer: getPresentFence failed for invalid display -1
04-24 13:18:27.183 683 683 E HWComposer: getLayerReleaseFence: Invalid display
04-24 13:18:27.184 683 683 E HWComposer: getPresentFence failed for invalid display -1
04-24 13:18:27.202 683 683 E HWComposer: getLayerReleaseFence: Invalid display
04-24 13:18:27.202 683 683 E HWComposer: getPresentFence failed for invalid display -1
04-24 13:18:27.255 683 683 E HWComposer: getLayerReleaseFence: Invalid display
04-24 13:18:27.255 683 683 E HWComposer: getPresentFence failed for invalid display -1
04-24 13:18:27.299 683 683 E HWComposer: getLayerReleaseFence: Invalid display
04-24 13:18:27.299 683 683 E HWComposer: getPresentFence failed for invalid display -1
04-24 13:18:27.332 683 683 E HWComposer: getLayerReleaseFence: Invalid display
04-24 13:18:27.332 683 683 E HWComposer: getPresentFence failed for invalid display -1
04-24 13:18:27.365 683 683 E HWComposer: getLayerReleaseFence: Invalid display
04-24 13:18:27.365 683 683 E HWComposer: getPresentFence failed for invalid display -1
04-24 13:18:27.401 683 683 E HWComposer: getLayerReleaseFence: Invalid display
04-24 13:18:27.402 683 683 E HWComposer: getPresentFence failed for invalid display -1
04-24 13:18:27.464 683 683 E HWComposer: getLayerReleaseFence: Invalid display
04-24 13:18:27.464 683 683 E HWComposer: getPresentFence failed for invalid display -1
04-24 13:18:27.486 683 683 E HWComposer: getLayerReleaseFence: Invalid display
04-24 13:18:27.486 683 683 E HWComposer: getPresentFence failed for invalid display -1
04-24 13:18:27.549 683 683 E HWComposer: getLayerReleaseFence: Invalid display
04-24 13:18:27.549 683 683 E HWComposer: getPresentFence failed for invalid display -1
04-24 13:18:27.572 683 683 E HWComposer: getLayerReleaseFence: Invalid display
04-24 13:18:27.572 683 683 E HWComposer: getPresentFence failed for invalid display -1
04-24 13:18:27.634 683 683 E HWComposer: getLayerReleaseFence: Invalid display
04-24 13:18:27.634 683 683 E HWComposer: getPresentFence failed for invalid display -1
04-24 13:18:27.655 683 683 E HWComposer: getLayerReleaseFence: Invalid display
04-24 13:18:27.655 683 683 E HWComposer: getPresentFence failed for invalid display -1
04-24 13:18:27.723 683 683 E HWComposer: getLayerReleaseFence: Invalid display
04-24 13:18:27.723 683 683 E HWComposer: getPresentFence failed for invalid display -1
04-24 13:18:27.744 683 683 E HWComposer: getLayerReleaseFence: Invalid display
04-24 13:18:27.744 683 683 E HWComposer: getPresentFence failed for invalid display -1
04-24 13:18:27.811 683 683 E HWComposer: getLayerReleaseFence: Invalid display
04-24 13:18:27.811 683 683 E HWComposer: getPresentFence failed for invalid display -1
04-24 13:18:27.830 683 683 E HWComposer: getLayerReleaseFence: Invalid display
04-24 13:18:27.831 683 683 E HWComposer: getPresentFence failed for invalid display -1
04-24 13:18:27.897 683 683 E HWComposer: getLayerReleaseFence: Invalid display
04-24 13:18:27.897 683 683 E HWComposer: getPresentFence failed for invalid display -1
04-24 13:18:27.941 683 683 E HWComposer: getLayerReleaseFence: Invalid display
04-24 13:18:27.941 683 683 E HWComposer: getPresentFence failed for invalid display -1
04-24 13:18:27.965 683 683 E HWComposer: getLayerReleaseFence: Invalid display
04-24 13:18:27.965 683 683 E HWComposer: getPresentFence failed for invalid display -1
04-24 13:18:28.003 683 683 E HWComposer: getLayerReleaseFence: Invalid display
04-24 13:18:28.003 683 683 E HWComposer: getPresentFence failed for invalid display -1
04-24 13:18:28.072 683 683 E HWComposer: getLayerReleaseFence: Invalid display
04-24 13:18:28.072 683 683 E HWComposer: getPresentFence failed for invalid display -1
04-24 13:18:28.076 1176 1176 I TrafficMonitor: update:rxPkts:14,txPkts:2,rxBytes:1131,txBytes:376
04-24 13:18:28.076 1176 1176 I TrafficMonitor: start expired. level:-1
04-24 13:18:28.077 1176 1176 I TrafficMonitor: gettimer:interval=2000
04-24 13:18:28.115 683 683 E HWComposer: getLayerReleaseFence: Invalid display
04-24 13:18:28.116 683 683 E HWComposer: getPresentFence failed for invalid display -1
04-24 13:18:28.158 683 683 E HWComposer: getLayerReleaseFence: Invalid display
04-24 13:18:28.158 683 683 E HWComposer: getPresentFence failed for invalid display -1
04-24 13:18:28.205 683 683 E HWComposer: getLayerReleaseFence: Invalid display
04-24 13:18:28.205 683 683 E HWComposer: getPresentFence failed for invalid display -1
04-24 13:18:28.216 1176 1338 D HwWifiStatStore: handleMessage : 200
04-24 13:18:28.226 683 683 E HWComposer: getLayerReleaseFence: Invalid display
04-24 13:18:28.227 683 683 E HWComposer: getPresentFence failed for invalid display -1
04-24 13:18:28.293 683 683 E HWComposer: getLayerReleaseFence: Invalid display
04-24 13:18:28.294 683 683 E HWComposer: getPresentFence failed for invalid display -1
04-24 13:18:28.315 683 683 E HWComposer: getLayerReleaseFence: Invalid display
04-24 13:18:28.315 683 683 E HWComposer: getPresentFence failed for invalid display -1
04-24 13:18:28.377 683 683 E HWComposer: getLayerReleaseFence: Invalid display
04-24 13:18:28.377 683 683 E HWComposer: getPresentFence failed for invalid display -1
04-24 13:18:28.421 683 683 E HWComposer: getLayerReleaseFence: Invalid display
04-24 13:18:28.421 683 683 E HWComposer: getPresentFence failed for invalid display -1
04-24 13:18:28.441 683 683 E HWComposer: getLayerReleaseFence: Invalid display
04-24 13:18:28.441 683 683 E HWComposer: getPresentFence failed for invalid display -1
04-24 13:18:28.503 683 683 E HWComposer: getLayerReleaseFence: Invalid display
04-24 13:18:28.503 683 683 E HWComposer: getPresentFence failed for invalid display -1
04-24 13:18:28.547 683 683 E HWComposer: getLayerReleaseFence: Invalid display
04-24 13:18:28.547 683 683 E HWComposer: getPresentFence failed for invalid display -1
04-24 13:18:28.567 683 683 E HWComposer: getLayerReleaseFence: Invalid display
04-24 13:18:28.568 683 683 E HWComposer: getPresentFence failed for invalid display -1
04-24 13:18:28.631 683 683 E HWComposer: getLayerReleaseFence: Invalid display
04-24 13:18:28.631 683 683 E HWComposer: getPresentFence failed for invalid display -1
04-24 13:18:28.644 679 679 E WifiHAL : enter wifi_get_link_stats
04-24 13:18:28.649 742 742 E wificond: Failed to get NL80211_RATE_INFO_NOISE
04-24 13:18:28.649 742 742 E wificond: Failed to get NL80211_RATE_INFO_SNR
04-24 13:18:28.649 742 742 E wificond: Failed to get NL80211_STA_INFO_CNAHLOAD
04-24 13:18:28.650 1176 1337 E WificondControl: Noise: 0, Snr: -1, Chload: -1
04-24 13:18:28.651 1176 1339 D HwWifiCHRStateManager: handleMessage : 1001
04-24 13:18:28.651 1176 1339 D HwWifiCHRStateManager: handleUpdateChannel:2412
04-24 13:18:28.651 1176 1339 V HwWifiServiceFactory: get AllImpl object = com.android.server.wifi.HwWifiServiceFactoryImpl@2205edc
04-24 13:18:28.652 1176 1337 D HwCustWifiStateMachineReferenceImpl: checkRssiOverThreshold newRssi = -29
04-24 13:18:28.653 1176 1337 D WifiScoreReport: Score = 100, wifiConnectivityManagerEnabled = false, lowScoreCount = 0
04-24 13:18:28.673 683 683 E HWComposer: getLayerReleaseFence: Invalid display
04-24 13:18:28.673 683 683 E HWComposer: getPresentFence failed for invalid display -1
04-24 13:18:28.693 683 683 E HWComposer: getLayerReleaseFence: Invalid display
04-24 13:18:28.693 683 683 E HWComposer: getPresentFence failed for invalid display -1
04-24 13:18:28.756 683 683 E HWComposer: getLayerReleaseFence: Invalid display
04-24 13:18:28.756 683 683 E HWComposer: getPresentFence failed for invalid display -1
04-24 13:18:28.797 683 683 E HWComposer: getLayerReleaseFence: Invalid display
04-24 13:18:28.797 683 683 E HWComposer: getPresentFence failed for invalid display -1
04-24 13:18:28.818 683 683 E HWComposer: getLayerReleaseFence: Invalid display
04-24 13:18:28.818 683 683 E HWComposer: getPresentFence failed for invalid display -1
04-24 13:18:28.880 683 683 E HWComposer: getLayerReleaseFence: Invalid display
04-24 13:18:28.880 683 683 E HWComposer: getPresentFence failed for invalid display -1
04-24 13:18:28.922 683 683 E HWComposer: getLayerReleaseFence: Invalid display
04-24 13:18:28.922 683 683 E HWComposer: getPresentFence failed for invalid display -1
04-24 13:18:28.965 683 683 E HWComposer: getLayerReleaseFence: Invalid display
04-24 13:18:28.965 683 683 E HWComposer: getPresentFence failed for invalid display -1
04-24 13:18:29.005 683 683 E HWComposer: getLayerReleaseFence: Invalid display
04-24 13:18:29.005 683 683 E HWComposer: getPresentFence failed for invalid display -1
04-24 13:18:29.047 683 683 E HWComposer: getLayerReleaseFence: Invalid display
04-24 13:18:29.047 683 683 E HWComposer: getPresentFence failed for invalid display -1
04-24 13:18:29.069 683 683 E HWComposer: getLayerReleaseFence: Invalid display
04-24 13:18:29.069 683 683 E HWComposer: getPresentFence failed for invalid display -1
04-24 13:18:29.128 683 683 E HWComposer: getLayerReleaseFence: Invalid display
04-24 13:18:29.128 683 683 E HWComposer: getPresentFence failed for invalid display -1
04-24 13:18:29.168 683 683 E HWComposer: getLayerReleaseFence: Invalid display
04-24 13:18:29.168 683 683 E HWComposer: getPresentFence failed for invalid display -1
04-24 13:18:29.211 683 683 E HWComposer: getLayerReleaseFence: Invalid display
04-24 13:18:29.212 683 683 E HWComposer: getPresentFence failed for invalid display -1
04-24 13:18:29.251 683 683 E HWComposer: getLayerReleaseFence: Invalid display
04-24 13:18:29.251 683 683 E HWComposer: getPresentFence failed for invalid display -1
04-24 13:18:29.274 683 683 E HWComposer: getLayerReleaseFence: Invalid display
04-24 13:18:29.274 683 683 E HWComposer: getPresentFence failed for invalid display -1
04-24 13:18:29.335 683 683 E HWComposer: getLayerReleaseFence: Invalid display
04-24 13:18:29.335 683 683 E HWComposer: getPresentFence failed for invalid display -1
04-24 13:18:29.357 683 683 E HWComposer: getLayerReleaseFence: Invalid display
04-24 13:18:29.357 683 683 E HWComposer: getPresentFence failed for invalid display -1
04-24 13:18:29.422 683 683 E HWComposer: getLayerReleaseFence: Invalid display
04-24 13:18:29.422 683 683 E HWComposer: getPresentFence failed for invalid display -1
04-24 13:18:29.468 683 683 E HWComposer: getLayerReleaseFence: Invalid display
04-24 13:18:29.468 683 683 E HWComposer: getPresentFence failed for invalid display -1
04-24 13:18:29.510 683 683 E HWComposer: getLayerReleaseFence: Invalid display
04-24 13:18:29.510 683 683 E HWComposer: getPresentFence failed for invalid display -1
04-24 13:18:29.551 683 683 E HWComposer: getLayerReleaseFence: Invalid display
04-24 13:18:29.552 683 683 E HWComposer: getPresentFence failed for invalid display -1
04-24 13:18:29.576 683 683 E HWComposer: getLayerReleaseFence: Invalid display
04-24 13:18:29.577 683 683 E HWComposer: getPresentFence failed for invalid display -1
04-24 13:18:29.631 683 683 E HWComposer: getLayerReleaseFence: Invalid display
04-24 13:18:29.631 683 683 E HWComposer: getPresentFence failed for invalid display -1
04-24 13:18:29.648 683 683 E HWComposer: getLayerReleaseFence: Invalid display
04-24 13:18:29.648 683 683 E HWComposer: getPresentFence failed for invalid display -1
04-24 13:18:29.747 683 683 E HWComposer: getLayerReleaseFence: Invalid display
04-24 13:18:29.747 683 683 E HWComposer: getPresentFence failed for invalid display -1
04-24 13:18:29.798 683 683 E HWComposer: getLayerReleaseFence: Invalid display
04-24 13:18:29.798 683 683 E HWComposer: getPresentFence failed for invalid display -1
04-24 13:18:29.829 683 683 E HWComposer: getLayerReleaseFence: Invalid display
04-24 13:18:29.829 683 683 E HWComposer: getPresentFence failed for invalid display -1
04-24 13:18:29.886 683 683 E HWComposer: getLayerReleaseFence: Invalid display
04-24 13:18:29.886 683 683 E HWComposer: getPresentFence failed for invalid display -1
04-24 13:18:29.904 683 683 E HWComposer: getLayerReleaseFence: Invalid display
04-24 13:18:29.904 683 683 E HWComposer: getPresentFence failed for invalid display -1
04-24 13:18:29.955 683 683 E HWComposer: getLayerReleaseFence: Invalid display
04-24 13:18:29.955 683 683 E HWComposer: getPresentFence failed for invalid display -1
04-24 13:18:29.988 683 683 E HWComposer: getLayerReleaseFence: Invalid display
04-24 13:18:29.988 683 683 E HWComposer: getPresentFence failed for invalid display -1
04-24 13:18:30.021 683 683 E HWComposer: getLayerReleaseFence: Invalid display
04-24 13:18:30.021 683 683 E HWComposer: getPresentFence failed for invalid display -1
04-24 13:18:30.036 683 683 E HWComposer: getLayerReleaseFence: Invalid display
04-24 13:18:30.036 683 683 E HWComposer: getPresentFence failed for invalid display -1
04-24 13:18:30.078 1176 1176 I TrafficMonitor: update:rxPkts:20,txPkts:2,rxBytes:2241,txBytes:376
04-24 13:18:30.078 1176 1176 I TrafficMonitor: start expired. level:-1
04-24 13:18:30.078 1176 1176 I TrafficMonitor: gettimer:interval=2000
04-24 13:18:30.081 683 683 E HWComposer: getLayerReleaseFence: Invalid display
04-24 13:18:30.081 683 683 E HWComposer: getPresentFence failed for invalid display -1
04-24 13:18:30.111 683 683 E HWComposer: getLayerReleaseFence: Invalid display
04-24 13:18:30.111 683 683 E HWComposer: getPresentFence failed for invalid display -1
04-24 13:18:30.141 683 683 E HWComposer: getLayerReleaseFence: Invalid display
04-24 13:18:30.141 683 683 E HWComposer: getPresentFence failed for invalid display -1
04-24 13:18:30.157 683 683 E HWComposer: getLayerReleaseFence: Invalid display
04-24 13:18:30.157 683 683 E HWComposer: getPresentFence failed for invalid display -1
04-24 13:18:30.197 683 683 E HWComposer: getLayerReleaseFence: Invalid display
04-24 13:18:30.197 683 683 E HWComposer: getPresentFence failed for invalid display -1
04-24 13:18:30.226 683 683 E HWComposer: getLayerReleaseFence: Invalid display
04-24 13:18:30.226 683 683 E HWComposer: getPresentFence failed for invalid display -1
04-24 13:18:30.242 683 683 E HWComposer: getLayerReleaseFence: Invalid display
04-24 13:18:30.243 683 683 E HWComposer: getPresentFence failed for invalid display -1
04-24 13:18:30.281 683 683 E HWComposer: getLayerReleaseFence: Invalid display
04-24 13:18:30.281 683 683 E HWComposer: getPresentFence failed for invalid display -1
04-24 13:18:30.310 683 683 E HWComposer: getLayerReleaseFence: Invalid display
04-24 13:18:30.310 683 683 E HWComposer: getPresentFence failed for invalid display -1
04-24 13:18:30.338 683 683 E HWComposer: getLayerReleaseFence: Invalid display
04-24 13:18:30.338 683 683 E HWComposer: getPresentFence failed for invalid display -1
04-24 13:18:30.374 683 683 E HWComposer: getLayerReleaseFence: Invalid display
04-24 13:18:30.374 683 683 E HWComposer: getPresentFence failed for invalid display -1
04-24 13:18:30.397 683 683 E HWComposer: getLayerReleaseFence: Invalid display
04-24 13:18:30.397 683 683 E HWComposer: getPresentFence failed for invalid display -1
04-24 13:18:30.431 683 683 E HWComposer: getLayerReleaseFence: Invalid display
04-24 13:18:30.431 683 683 E HWComposer: getPresentFence failed for invalid display -1
04-24 13:18:30.463 683 683 E HWComposer: getLayerReleaseFence: Invalid display
04-24 13:18:30.463 683 683 E HWComposer: getPresentFence failed for invalid display -1
04-24 13:18:30.519 1176 1392 D HwArpVerifier: performPollAndLog:
04-24 13:18:30.519 683 683 E HWComposer: getLayerReleaseFence: Invalid display
04-24 13:18:30.519 683 683 E HWComposer: getPresentFence failed for invalid display -1
04-24 13:18:30.522 1176 1392 D hw_netstat: total/231/940,com.jiansheng.blmn.demo/0/940,unknown:0/231/0
04-24 13:18:30.542 683 683 E HWComposer: getLayerReleaseFence: Invalid display
04-24 13:18:30.542 683 683 E HWComposer: getPresentFence failed for invalid display -1
04-24 13:18:30.597 683 683 E HWComposer: getLayerReleaseFence: Invalid display
04-24 13:18:30.597 683 683 E HWComposer: getPresentFence failed for invalid display -1
04-24 13:18:30.601 777 777 E : [E/capacity_limit_control] not demo version, not set power control prop!
04-24 13:18:30.638 683 683 E HWComposer: getLayerReleaseFence: Invalid display
04-24 13:18:30.638 683 683 E HWComposer: getPresentFence failed for invalid display -1
04-24 13:18:30.647 777 777 E : [E/capacity_limit_control] not demo version, not set power control prop!
04-24 13:18:30.650 1176 1288 D HwBatteryService: onUEvent fcpStatus = 0,scpStatus =0,ovpStatus=0
04-24 13:18:30.652 1176 1288 I UsbDeviceManager: water_intrused state= 0
04-24 13:18:30.659 1176 1176 D HwInnerWifiManagerImpl: SupplicantState = COMPLETED
04-24 13:18:30.659 1176 1176 D HwInnerWifiManagerImpl: isPhoneAP = false
04-24 13:18:30.661 1176 1176 D HwInnerWifiManagerImpl: SupplicantState = COMPLETED
04-24 13:18:30.661 1176 1176 D HwInnerWifiManagerImpl: isPhoneAP = false
04-24 13:18:30.661 1176 1176 D WifiStateMachine: mBcastReceiver: PluggedType = 2 mIsScanCtrlPluggedin = true
04-24 13:18:30.661 1176 1176 D HwWifiService: mPluggedType =2
04-24 13:18:30.661 683 683 E HWComposer: getLayerReleaseFence: Invalid display
04-24 13:18:30.662 683 683 E HWComposer: getPresentFence failed for invalid display -1
04-24 13:18:30.662 1176 1176 D WifiService: onReceive, action:android.intent.action.BATTERY_CHANGED
04-24 13:18:30.662 1176 1176 D WifiService: ACTION_BATTERY_CHANGED pluggedType: 2
04-24 13:18:30.664 5515 5671 E CloudAlbum[8.1.2.309]: [ReceiverManager] not log on ignore
04-24 13:18:30.667 1729 1729 I MsgReceiver: intent action: android.intent.action.BATTERY_CHANGED
04-24 13:18:30.667 1463 1463 D KeyguardUpdateMonitor: received broadcast android.intent.action.BATTERY_CHANGED
04-24 13:18:30.667 1463 1463 W KeyguardUpdateMonitor: ACTION_BATTERY_CHANGED AMP: 500000; Volt: 5000000
04-24 13:18:30.668 1463 1463 V KeyguardUpdateMonitor: RefreshBatteryInfo isBatteryLow: 79
04-24 13:18:30.668 1463 1463 W KeyguardUpdateMonitor: ChargingSpeed Wattage: 2500000 ST: 5000000 --> 7500000
04-24 13:18:30.668 1463 1463 I KgBattery: BatteryInfo updated: 2lPc0
04-24 13:18:30.668 1463 1463 W AppHandler: sendMessage with obj100
04-24 13:18:30.668 1463 1463 D KeyguardUpdateMonitor: handleBatteryUpdate
04-24 13:18:30.668 1463 1463 W HwLockScreenPanel: Handle message: 100
04-24 13:18:30.668 1463 1463 W HwKeyguardBottomArea: updateBatteryInfo : false true
04-24 13:18:30.668 1463 1463 W KgBattery: getCharge info with type: text
04-24 13:18:30.671 1463 1463 W HwLockScreenPanel: refreshBatteryInfo: null
04-24 13:18:30.718 683 683 E HWComposer: getLayerReleaseFence: Invalid display
04-24 13:18:30.718 683 683 E HWComposer: getPresentFence failed for invalid display -1
04-24 13:18:30.757 683 683 E HWComposer: getLayerReleaseFence: Invalid display
04-24 13:18:30.757 683 683 E HWComposer: getPresentFence failed for invalid display -1
04-24 13:18:30.774 683 683 E HWComposer: getLayerReleaseFence: Invalid display
04-24 13:18:30.774 683 683 E HWComposer: getPresentFence failed for invalid display -1
04-24 13:18:30.838 683 683 E HWComposer: getLayerReleaseFence: Invalid display
04-24 13:18:30.838 683 683 E HWComposer: getPresentFence failed for invalid display -1
04-24 13:18:30.853 683 683 E HWComposer: getLayerReleaseFence: Invalid display
04-24 13:18:30.854 683 683 E HWComposer: getPresentFence failed for invalid display -1
04-24 13:18:30.918 683 683 E HWComposer: getLayerReleaseFence: Invalid display
04-24 13:18:30.918 683 683 E HWComposer: getPresentFence failed for invalid display -1
04-24 13:18:30.940 683 683 E HWComposer: getLayerReleaseFence: Invalid display
04-24 13:18:30.940 683 683 E HWComposer: getPresentFence failed for invalid display -1
04-24 13:18:31.003 683 683 E HWComposer: getLayerReleaseFence: Invalid display
04-24 13:18:31.003 683 683 E HWComposer: getPresentFence failed for invalid display -1
04-24 13:18:31.045 683 683 E HWComposer: getLayerReleaseFence: Invalid display
04-24 13:18:31.045 683 683 E HWComposer: getPresentFence failed for invalid display -1
04-24 13:18:31.066 683 683 E HWComposer: getLayerReleaseFence: Invalid display
04-24 13:18:31.066 683 683 E HWComposer: getPresentFence failed for invalid display -1
04-24 13:18:31.127 683 683 E HWComposer: getLayerReleaseFence: Invalid display
04-24 13:18:31.127 683 683 E HWComposer: getPresentFence failed for invalid display -1
04-24 13:18:31.143 683 683 E HWComposer: getLayerReleaseFence: Invalid display
04-24 13:18:31.143 683 683 E HWComposer: getPresentFence failed for invalid display -1
04-24 13:18:31.210 683 683 E HWComposer: getLayerReleaseFence: Invalid display
04-24 13:18:31.210 683 683 E HWComposer: getPresentFence failed for invalid display -1
04-24 13:18:31.221 1176 1338 D HwWifiStatStore: handleMessage : 200
04-24 13:18:31.226 683 683 E HWComposer: getLayerReleaseFence: Invalid display
04-24 13:18:31.226 683 683 E HWComposer: getPresentFence failed for invalid display -1
04-24 13:18:31.291 683 683 E HWComposer: getLayerReleaseFence: Invalid display
04-24 13:18:31.291 683 683 E HWComposer: getPresentFence failed for invalid display -1
04-24 13:18:31.331 683 683 E HWComposer: getLayerReleaseFence: Invalid display
04-24 13:18:31.331 683 683 E HWComposer: getPresentFence failed for invalid display -1
04-24 13:18:31.351 683 683 E HWComposer: getLayerReleaseFence: Invalid display
04-24 13:18:31.351 683 683 E HWComposer: getPresentFence failed for invalid display -1
04-24 13:18:31.412 683 683 E HWComposer: getLayerReleaseFence: Invalid display
04-24 13:18:31.412 683 683 E HWComposer: getPresentFence failed for invalid display -1
04-24 13:18:31.452 683 683 E HWComposer: getLayerReleaseFence: Invalid display
04-24 13:18:31.452 683 683 E HWComposer: getPresentFence failed for invalid display -1
04-24 13:18:31.467 683 683 E HWComposer: getLayerReleaseFence: Invalid display
04-24 13:18:31.467 683 683 E HWComposer: getPresentFence failed for invalid display -1
04-24 13:18:31.529 683 683 E HWComposer: getLayerReleaseFence: Invalid display
04-24 13:18:31.530 683 683 E HWComposer: getPresentFence failed for invalid display -1
04-24 13:18:31.544 683 683 E HWComposer: getLayerReleaseFence: Invalid display
04-24 13:18:31.544 683 683 E HWComposer: getPresentFence failed for invalid display -1
04-24 13:18:31.612 683 683 E HWComposer: getLayerReleaseFence: Invalid display
04-24 13:18:31.612 683 683 E HWComposer: getPresentFence failed for invalid display -1
04-24 13:18:31.626 683 683 E HWComposer: getLayerReleaseFence: Invalid display
04-24 13:18:31.626 683 683 E HWComposer: getPresentFence failed for invalid display -1
04-24 13:18:31.656 679 679 E WifiHAL : enter wifi_get_link_stats
04-24 13:18:31.661 742 742 E wificond: Failed to get NL80211_RATE_INFO_NOISE
04-24 13:18:31.662 742 742 E wificond: Failed to get NL80211_RATE_INFO_SNR
04-24 13:18:31.662 742 742 E wificond: Failed to get NL80211_STA_INFO_CNAHLOAD
04-24 13:18:31.662 1176 1337 E WificondControl: Noise: 0, Snr: -1, Chload: -1
04-24 13:18:31.663 1176 1339 D HwWifiCHRStateManager: handleMessage : 1001
04-24 13:18:31.663 1176 1339 D HwWifiCHRStateManager: handleUpdateChannel:2412
04-24 13:18:31.663 1176 1339 V HwWifiServiceFactory: get AllImpl object = com.android.server.wifi.HwWifiServiceFactoryImpl@2205edc
04-24 13:18:31.664 1176 1337 D HwCustWifiStateMachineReferenceImpl: checkRssiOverThreshold newRssi = -30
04-24 13:18:31.665 1176 1337 D WifiScoreReport: Score = 100, wifiConnectivityManagerEnabled = false, lowScoreCount = 0
04-24 13:18:31.692 683 683 E HWComposer: getLayerReleaseFence: Invalid display
04-24 13:18:31.692 683 683 E HWComposer: getPresentFence failed for invalid display -1
04-24 13:18:31.705 683 683 E HWComposer: getLayerReleaseFence: Invalid display
04-24 13:18:31.706 683 683 E HWComposer: getPresentFence failed for invalid display -1
04-24 13:18:31.768 683 683 E HWComposer: getLayerReleaseFence: Invalid display
04-24 13:18:31.769 683 683 E HWComposer: getPresentFence failed for invalid display -1
04-24 13:18:31.809 683 683 E HWComposer: getLayerReleaseFence: Invalid display
04-24 13:18:31.809 683 683 E HWComposer: getPresentFence failed for invalid display -1
04-24 13:18:31.829 683 683 E HWComposer: getLayerReleaseFence: Invalid display
04-24 13:18:31.829 683 683 E HWComposer: getPresentFence failed for invalid display -1
04-24 13:18:31.890 683 683 E HWComposer: getLayerReleaseFence: Invalid display
04-24 13:18:31.890 683 683 E HWComposer: getPresentFence failed for invalid display -1
04-24 13:18:31.906 683 683 E HWComposer: getLayerReleaseFence: Invalid display
04-24 13:18:31.906 683 683 E HWComposer: getPresentFence failed for invalid display -1
04-24 13:18:31.969 683 683 E HWComposer: getLayerReleaseFence: Invalid display
04-24 13:18:31.969 683 683 E HWComposer: getPresentFence failed for invalid display -1
04-24 13:18:31.989 683 683 E HWComposer: getLayerReleaseFence: Invalid display
04-24 13:18:31.989 683 683 E HWComposer: getPresentFence failed for invalid display -1
04-24 13:18:32.049 683 683 E HWComposer: getLayerReleaseFence: Invalid display
04-24 13:18:32.049 683 683 E HWComposer: getPresentFence failed for invalid display -1
04-24 13:18:32.064 683 683 E HWComposer: getLayerReleaseFence: Invalid display
04-24 13:18:32.065 683 683 E HWComposer: getPresentFence failed for invalid display -1
04-24 13:18:32.079 1176 1176 I TrafficMonitor: update:rxPkts:21,txPkts:2,rxBytes:1618,txBytes:376
04-24 13:18:32.079 1176 1176 I TrafficMonitor: start expired. level:-1
04-24 13:18:32.079 1176 1176 I TrafficMonitor: gettimer:interval=2000
04-24 13:18:32.127 683 683 E HWComposer: getLayerReleaseFence: Invalid display
04-24 13:18:32.127 683 683 E HWComposer: getPresentFence failed for invalid display -1
04-24 13:18:32.166 683 683 E HWComposer: getLayerReleaseFence: Invalid display
04-24 13:18:32.166 683 683 E HWComposer: getPresentFence failed for invalid display -1
04-24 13:18:32.207 683 683 E HWComposer: getLayerReleaseFence: Invalid display
04-24 13:18:32.207 683 683 E HWComposer: getPresentFence failed for invalid display -1
04-24 13:18:32.222 683 683 E HWComposer: getLayerReleaseFence: Invalid display
04-24 13:18:32.222 683 683 E HWComposer: getPresentFence failed for invalid display -1
04-24 13:18:32.289 683 683 E HWComposer: getLayerReleaseFence: Invalid display
04-24 13:18:32.289 683 683 E HWComposer: getPresentFence failed for invalid display -1
04-24 13:18:32.308 683 683 E HWComposer: getLayerReleaseFence: Invalid display
04-24 13:18:32.308 683 683 E HWComposer: getPresentFence failed for invalid display -1
04-24 13:18:32.370 683 683 E HWComposer: getLayerReleaseFence: Invalid display
04-24 13:18:32.370 683 683 E HWComposer: getPresentFence failed for invalid display -1
04-24 13:18:32.411 683 683 E HWComposer: getLayerReleaseFence: Invalid display
04-24 13:18:32.411 683 683 E HWComposer: getPresentFence failed for invalid display -1
04-24 13:18:32.430 683 683 E HWComposer: getLayerReleaseFence: Invalid display
04-24 13:18:32.430 683 683 E HWComposer: getPresentFence failed for invalid display -1
04-24 13:18:32.486 683 683 E HWComposer: getLayerReleaseFence: Invalid display
04-24 13:18:32.486 683 683 E HWComposer: getPresentFence failed for invalid display -1
04-24 13:18:32.505 683 683 E HWComposer: getLayerReleaseFence: Invalid display
04-24 13:18:32.505 683 683 E HWComposer: getPresentFence failed for invalid display -1
04-24 13:18:32.560 683 683 E HWComposer: getLayerReleaseFence: Invalid display
04-24 13:18:32.560 683 683 E HWComposer: getPresentFence failed for invalid display -1
04-24 13:18:32.596 683 683 E HWComposer: getLayerReleaseFence: Invalid display
04-24 13:18:32.597 683 683 E HWComposer: getPresentFence failed for invalid display -1
04-24 13:18:32.633 683 683 E HWComposer: getLayerReleaseFence: Invalid display
04-24 13:18:32.633 683 683 E HWComposer: getPresentFence failed for invalid display -1
04-24 13:18:32.663 683 683 E HWComposer: getLayerReleaseFence: Invalid display
04-24 13:18:32.663 683 683 E HWComposer: getPresentFence failed for invalid display -1
04-24 13:18:32.696 683 683 E HWComposer: getLayerReleaseFence: Invalid display
04-24 13:18:32.696 683 683 E HWComposer: getPresentFence failed for invalid display -1
04-24 13:18:32.730 683 683 E HWComposer: getLayerReleaseFence: Invalid display
04-24 13:18:32.730 683 683 E HWComposer: getPresentFence failed for invalid display -1
04-24 13:18:32.751 683 683 E HWComposer: getLayerReleaseFence: Invalid display
04-24 13:18:32.751 683 683 E HWComposer: getPresentFence failed for invalid display -1
04-24 13:18:32.795 683 683 E HWComposer: getLayerReleaseFence: Invalid display
04-24 13:18:32.795 683 683 E HWComposer: getPresentFence failed for invalid display -1
04-24 13:18:32.862 683 683 E HWComposer: getLayerReleaseFence: Invalid display
04-24 13:18:32.862 683 683 E HWComposer: getPresentFence failed for invalid display -1
04-24 13:18:32.945 683 683 E HWComposer: getLayerReleaseFence: Invalid display
04-24 13:18:32.945 683 683 E HWComposer: getPresentFence failed for invalid display -1
04-24 13:18:32.995 683 683 E HWComposer: getLayerReleaseFence: Invalid display
04-24 13:18:32.996 683 683 E HWComposer: getPresentFence failed for invalid display -1
04-24 13:18:33.076 1176 1176 I TrafficMonitor: expired arrive. level:-1
04-24 13:18:33.077 1176 1176 I TrafficMonitor: during_ms:2002,period_ms:2000
04-24 13:18:33.077 1176 1176 I TrafficMonitor: count:393,rx_sum:21,tx_sum:2,rxBytes:1618,during_ms:2002,rx_speed:808.1918081918083,tx_speed:187.81218781218783,rto:10.5
04-24 13:18:33.077 1176 1176 D HuaweiWifiWatchdogStateMachine: speed: rxpkt:21, rxSpd:808B/s, txpkt:2, txSpd:187
04-24 13:18:33.079 683 683 E HWComposer: getLayerReleaseFence: Invalid display
04-24 13:18:33.079 683 683 E HWComposer: getPresentFence failed for invalid display -1
04-24 13:18:33.213 683 683 E HWComposer: getLayerReleaseFence: Invalid display
04-24 13:18:33.213 683 683 E HWComposer: getPresentFence failed for invalid display -1
04-24 13:18:33.229 683 683 E HWComposer: getLayerReleaseFence: Invalid display
04-24 13:18:33.230 683 683 E HWComposer: getPresentFence failed for invalid display -1
04-24 13:18:33.313 683 683 E HWComposer: getLayerReleaseFence: Invalid display
04-24 13:18:33.313 683 683 E HWComposer: getPresentFence failed for invalid display -1
04-24 13:18:33.383 683 683 E HWComposer: getLayerReleaseFence: Invalid display
04-24 13:18:33.383 683 683 E HWComposer: getPresentFence failed for invalid display -1
04-24 13:18:33.422 683 683 E HWComposer: getLayerReleaseFence: Invalid display
04-24 13:18:33.422 683 683 E HWComposer: getPresentFence failed for invalid display -1
04-24 13:18:33.459 683 683 E HWComposer: getLayerReleaseFence: Invalid display
04-24 13:18:33.459 683 683 E HWComposer: getPresentFence failed for invalid display -1
04-24 13:18:33.496 683 683 E HWComposer: getLayerReleaseFence: Invalid display
04-24 13:18:33.496 683 683 E HWComposer: getPresentFence failed for invalid display -1
04-24 13:18:33.516 683 683 E HWComposer: getLayerReleaseFence: Invalid display
04-24 13:18:33.516 683 683 E HWComposer: getPresentFence failed for invalid display -1
04-24 13:18:33.570 683 683 E HWComposer: getLayerReleaseFence: Invalid display
04-24 13:18:33.570 683 683 E HWComposer: getPresentFence failed for invalid display -1
04-24 13:18:33.608 683 683 E HWComposer: getLayerReleaseFence: Invalid display
04-24 13:18:33.608 683 683 E HWComposer: getPresentFence failed for invalid display -1
04-24 13:18:33.646 683 683 E HWComposer: getLayerReleaseFence: Invalid display
04-24 13:18:33.646 683 683 E HWComposer: getPresentFence failed for invalid display -1
04-24 13:18:33.665 683 683 E HWComposer: getLayerReleaseFence: Invalid display
04-24 13:18:33.666 683 683 E HWComposer: getPresentFence failed for invalid display -1
04-24 13:18:33.723 683 683 E HWComposer: getLayerReleaseFence: Invalid display
04-24 13:18:33.723 683 683 E HWComposer: getPresentFence failed for invalid display -1
04-24 13:18:33.743 683 683 E HWComposer: getLayerReleaseFence: Invalid display
04-24 13:18:33.743 683 683 E HWComposer: getPresentFence failed for invalid display -1
04-24 13:18:33.799 683 683 E HWComposer: getLayerReleaseFence: Invalid display
04-24 13:18:33.799 683 683 E HWComposer: getPresentFence failed for invalid display -1
04-24 13:18:33.838 683 683 E HWComposer: getLayerReleaseFence: Invalid display
04-24 13:18:33.838 683 683 E HWComposer: getPresentFence failed for invalid display -1
04-24 13:18:33.857 683 683 E HWComposer: getLayerReleaseFence: Invalid display
04-24 13:18:33.857 683 683 E HWComposer: getPresentFence failed for invalid display -1
04-24 13:18:33.911 683 683 E HWComposer: getLayerReleaseFence: Invalid display
04-24 13:18:33.911 683 683 E HWComposer: getPresentFence failed for invalid display -1
04-24 13:18:33.932 683 683 E HWComposer: getLayerReleaseFence: Invalid display
04-24 13:18:33.932 683 683 E HWComposer: getPresentFence failed for invalid display -1
04-24 13:18:33.983 683 683 E HWComposer: getLayerReleaseFence: Invalid display
04-24 13:18:33.983 683 683 E HWComposer: getPresentFence failed for invalid display -1
04-24 13:18:34.016 683 683 E HWComposer: getLayerReleaseFence: Invalid display
04-24 13:18:34.016 683 683 E HWComposer: getPresentFence failed for invalid display -1
04-24 13:18:34.046 683 683 E HWComposer: getLayerReleaseFence: Invalid display
04-24 13:18:34.046 683 683 E HWComposer: getPresentFence failed for invalid display -1
04-24 13:18:34.071 683 683 E HWComposer: getLayerReleaseFence: Invalid display
04-24 13:18:34.071 683 683 E HWComposer: getPresentFence failed for invalid display -1
04-24 13:18:34.080 1176 1176 I TrafficMonitor: update:rxPkts:23,txPkts:2,rxBytes:1722,txBytes:376
04-24 13:18:34.081 1176 1176 I TrafficMonitor: start expired. level:-1
04-24 13:18:34.081 1176 1176 I TrafficMonitor: gettimer:interval=2000
04-24 13:18:34.117 683 683 E HWComposer: getLayerReleaseFence: Invalid display
04-24 13:18:34.117 683 683 E HWComposer: getPresentFence failed for invalid display -1
04-24 13:18:34.150 683 683 E HWComposer: getLayerReleaseFence: Invalid display
04-24 13:18:34.150 683 683 E HWComposer: getPresentFence failed for invalid display -1
04-24 13:18:34.183 683 683 E HWComposer: getLayerReleaseFence: Invalid display
04-24 13:18:34.183 683 683 E HWComposer: getPresentFence failed for invalid display -1
04-24 13:18:34.202 683 683 E HWComposer: getLayerReleaseFence: Invalid display
04-24 13:18:34.202 683 683 E HWComposer: getPresentFence failed for invalid display -1
04-24 13:18:34.226 1176 1338 D HwWifiStatStore: handleMessage : 200
04-24 13:18:34.247 683 683 E HWComposer: getLayerReleaseFence: Invalid display
04-24 13:18:34.247 683 683 E HWComposer: getPresentFence failed for invalid display -1
04-24 13:18:34.281 683 683 E HWComposer: getLayerReleaseFence: Invalid display
04-24 13:18:34.281 683 683 E HWComposer: getPresentFence failed for invalid display -1
04-24 13:18:34.313 683 683 E HWComposer: getLayerReleaseFence: Invalid display
04-24 13:18:34.313 683 683 E HWComposer: getPresentFence failed for invalid display -1
04-24 13:18:34.344 683 683 E HWComposer: getLayerReleaseFence: Invalid display
04-24 13:18:34.344 683 683 E HWComposer: getPresentFence failed for invalid display -1
04-24 13:18:34.361 683 683 E HWComposer: getLayerReleaseFence: Invalid display
04-24 13:18:34.361 683 683 E HWComposer: getPresentFence failed for invalid display -1
04-24 13:18:34.412 683 683 E HWComposer: getLayerReleaseFence: Invalid display
04-24 13:18:34.412 683 683 E HWComposer: getPresentFence failed for invalid display -1
04-24 13:18:34.446 683 683 E HWComposer: getLayerReleaseFence: Invalid display
04-24 13:18:34.446 683 683 E HWComposer: getPresentFence failed for invalid display -1
04-24 13:18:34.468 683 683 E HWComposer: getLayerReleaseFence: Invalid display
04-24 13:18:34.468 683 683 E HWComposer: getPresentFence failed for invalid display -1
04-24 13:18:34.498 683 683 E HWComposer: getLayerReleaseFence: Invalid display
04-24 13:18:34.498 683 683 E HWComposer: getPresentFence failed for invalid display -1
04-24 13:18:34.520 742 742 E wificond: Failed to get NL80211_RATE_INFO_NOISE
04-24 13:18:34.520 742 742 E wificond: Failed to get NL80211_RATE_INFO_SNR
04-24 13:18:34.520 742 742 E wificond: Failed to get NL80211_STA_INFO_CNAHLOAD
04-24 13:18:34.521 1176 1337 E WificondControl: Noise: 0, Snr: -1, Chload: -1
04-24 13:18:34.521 1176 1339 D HwWifiCHRStateManager: handleMessage : 1001
04-24 13:18:34.521 1176 1339 D HwWifiCHRStateManager: handleUpdateChannel:2412
04-24 13:18:34.521 1176 1339 V HwWifiServiceFactory: get AllImpl object = com.android.server.wifi.HwWifiServiceFactoryImpl@2205edc
04-24 13:18:34.522 742 742 E wificond: Failed to get NL80211_RATE_INFO_NOISE
04-24 13:18:34.522 742 742 E wificond: Failed to get NL80211_RATE_INFO_SNR
04-24 13:18:34.522 742 742 E wificond: Failed to get NL80211_STA_INFO_CNAHLOAD
04-24 13:18:34.524 1176 1176 D WiFi_PRO: MSG_RETURN_AP_CURRY_RSSI rssi = -29
04-24 13:18:34.524 1176 1176 I QosMonitor: queryRtt: rtt_type = 3
04-24 13:18:34.523 1176 1406 D HuaweiWifiWatchdogStateMachine: LM mrssi=-29
04-24 13:18:34.525 1176 1406 D HuaweiWifiWatchdogStateMachine: a4:fa:**:**:eb:b0 current loss[-45]=0%, volume=9
04-24 13:18:34.525 1176 1406 D HuaweiWifiWatchdogStateMachine: a4:fa:**:**:eb:b0 history loss[-45]=0%, volume=13826251
04-24 13:18:34.525 1176 1406 I HuaweiWifiWatchdogStateMachine: spd good count:0, add sc:0.0, rate:1.0
04-24 13:18:34.525 1176 1176 I HwQoEJNI: send_cmd_kernel. begin
04-24 13:18:34.525 1176 1176 I HwQoEJNI: send_cmd_kernel. end
04-24 13:18:34.525 1176 1176 I QosMonitor: postEventFromNative: msg=100,arg1=4,arg2=10
04-24 13:18:34.525 1176 1406 D HuaweiWifiWatchdogStateMachine: high data flow: protection_counter = 0, not_detect_counter = 430
04-24 13:18:34.525 1176 1406 D HuaweiWifiWatchdogStateMachine: high data flow scenario: 0 --> 0 rx bytes =32KB
04-24 13:18:34.526 1176 1176 D HuaweiWifiWatchdogStateMachine: setSampleRtt: unvalid rtt
04-24 13:18:34.526 1176 1406 I HuaweiWifiWatchdogStateMachine: current mHighDataFlowRate = 1.0
04-24 13:18:34.526 1176 1406 I HuaweiWifiWatchdogStateMachine: POta txb txg rxg:0, 64, 0. Lr =0% Totpkt=64
04-24 13:18:34.526 1176 1176 I HwQoEJNI: send_cmd_kernel. begin
04-24 13:18:34.526 1176 1176 I HwQoEJNI: send_cmd_kernel. end
04-24 13:18:34.526 1176 1176 I QosMonitor: postEventFromNative: msg=100,arg1=0,arg2=10
04-24 13:18:34.527 1176 1176 I MQoS : rtt=400,tcp_tx_pkts=481231,tcp_rx_pkts=921671
04-24 13:18:34.528 1176 1406 D HuaweiWifiWatchdogStateMachine: dumpTcpResult: len=10,rtt=400,rttPkt=1,rttWn=17,cgt=0,cgtWn=0
04-24 13:18:34.529 1176 1406 I HuaweiWifiWatchdogStateMachine: PTcp RTT:0, rtt pkt=0, tcp_rx=0, tcp_tx=0, tcp_reTran=0, rtRate=0
04-24 13:18:34.529 1176 1406 D HuaweiWifiWatchdogStateMachine: mRssiBadCount =0, RSSI not bad.
04-24 13:18:34.529 1176 1406 D HuaweiWifiWatchdogStateMachine: detectNetworkAvailable:hw.wifipro.dns_fail_count = 131
04-24 13:18:34.529 1176 1406 D HuaweiWifiWatchdogStateMachine: bqeLevel = 2 rtt=0,rtt_pkts=0 speed=1533 rssi=-29
04-24 13:18:34.529 1176 1406 D HuaweiWifiWatchdogStateMachine: Enter updateQoeLevel level = 2
04-24 13:18:34.529 1176 1406 D HuaweiWifiWatchdogStateMachine: updateQoeLevel current level equal to mLastDetectLevel, return
04-24 13:18:34.529 1176 1406 D HuaweiWifiWatchdogStateMachine: did not have any network action
04-24 13:18:34.532 1176 3515 I MQoS : QOS_level:0(0),wifi-link;SIM error;use level-0
04-24 13:18:34.541 683 683 E HWComposer: getLayerReleaseFence: Invalid display
04-24 13:18:34.541 683 683 E HWComposer: getPresentFence failed for invalid display -1
04-24 13:18:34.570 683 683 E HWComposer: getLayerReleaseFence: Invalid display
04-24 13:18:34.570 683 683 E HWComposer: getPresentFence failed for invalid display -1
04-24 13:18:34.601 683 683 E HWComposer: getLayerReleaseFence: Invalid display
04-24 13:18:34.601 683 683 E HWComposer: getPresentFence failed for invalid display -1
04-24 13:18:34.628 683 683 E HWComposer: getLayerReleaseFence: Invalid display
04-24 13:18:34.628 683 683 E HWComposer: getPresentFence failed for invalid display -1
04-24 13:18:34.648 683 683 E HWComposer: getLayerReleaseFence: Invalid display
04-24 13:18:34.648 683 683 E HWComposer: getPresentFence failed for invalid display -1
04-24 13:18:34.665 679 679 E WifiHAL : enter wifi_get_link_stats
04-24 13:18:34.667 742 742 E wificond: Failed to get NL80211_RATE_INFO_NOISE
04-24 13:18:34.667 742 742 E wificond: Failed to get NL80211_RATE_INFO_SNR
04-24 13:18:34.667 742 742 E wificond: Failed to get NL80211_STA_INFO_CNAHLOAD
04-24 13:18:34.667 1176 1337 E WificondControl: Noise: 0, Snr: -1, Chload: -1
04-24 13:18:34.667 1176 1339 D HwWifiCHRStateManager: handleMessage : 1001
04-24 13:18:34.667 1176 1339 D HwWifiCHRStateManager: handleUpdateChannel:2412
04-24 13:18:34.667 1176 1339 V HwWifiServiceFactory: get AllImpl object = com.android.server.wifi.HwWifiServiceFactoryImpl@2205edc
04-24 13:18:34.668 1176 1337 D HwCustWifiStateMachineReferenceImpl: checkRssiOverThreshold newRssi = -29
04-24 13:18:34.669 1176 1337 D WifiScoreReport: Score = 100, wifiConnectivityManagerEnabled = false, lowScoreCount = 0
04-24 13:18:34.686 683 683 E HWComposer: getLayerReleaseFence: Invalid display
04-24 13:18:34.686 683 683 E HWComposer: getPresentFence failed for invalid display -1
04-24 13:18:34.716 683 683 E HWComposer: getLayerReleaseFence: Invalid display
04-24 13:18:34.716 683 683 E HWComposer: getPresentFence failed for invalid display -1
04-24 13:18:34.745 683 683 E HWComposer: getLayerReleaseFence: Invalid display
04-24 13:18:34.745 683 683 E HWComposer: getPresentFence failed for invalid display -1
04-24 13:18:34.765 683 683 E HWComposer: getLayerReleaseFence: Invalid display
04-24 13:18:34.765 683 683 E HWComposer: getPresentFence failed for invalid display -1
04-24 13:18:34.802 683 683 E HWComposer: getLayerReleaseFence: Invalid display
04-24 13:18:34.803 683 683 E HWComposer: getPresentFence failed for invalid display -1
04-24 13:18:34.822 683 683 E HWComposer: getLayerReleaseFence: Invalid display
04-24 13:18:34.822 683 683 E HWComposer: getPresentFence failed for invalid display -1
04-24 13:18:34.857 683 683 E HWComposer: getLayerReleaseFence: Invalid display
04-24 13:18:34.857 683 683 E HWComposer: getPresentFence failed for invalid display -1
04-24 13:18:34.883 683 683 E HWComposer: getLayerReleaseFence: Invalid display
04-24 13:18:34.883 683 683 E HWComposer: getPresentFence failed for invalid display -1
04-24 13:18:34.903 683 683 E HWComposer: getLayerReleaseFence: Invalid display
04-24 13:18:34.903 683 683 E HWComposer: getPresentFence failed for invalid display -1
04-24 13:18:34.937 683 683 E HWComposer: getLayerReleaseFence: Invalid display
04-24 13:18:34.937 683 683 E HWComposer: getPresentFence failed for invalid display -1
04-24 13:18:34.965 683 683 E HWComposer: getLayerReleaseFence: Invalid display
04-24 13:18:34.965 683 683 E HWComposer: getPresentFence failed for invalid display -1
04-24 13:18:34.993 683 683 E HWComposer: getLayerReleaseFence: Invalid display
04-24 13:18:34.993 683 683 E HWComposer: getPresentFence failed for invalid display -1
04-24 13:18:35.019 683 683 E HWComposer: getLayerReleaseFence: Invalid display
04-24 13:18:35.019 683 683 E HWComposer: getPresentFence failed for invalid display -1
04-24 13:18:35.038 683 683 E HWComposer: getLayerReleaseFence: Invalid display
04-24 13:18:35.038 683 683 E HWComposer: getPresentFence failed for invalid display -1
04-24 13:18:35.070 683 683 E HWComposer: getLayerReleaseFence: Invalid display
04-24 13:18:35.070 683 683 E HWComposer: getPresentFence failed for invalid display -1
04-24 13:18:35.096 683 683 E HWComposer: getLayerReleaseFence: Invalid display
04-24 13:18:35.096 683 683 E HWComposer: getPresentFence failed for invalid display -1
04-24 13:18:35.163 683 683 E HWComposer: getLayerReleaseFence: Invalid display
04-24 13:18:35.163 683 683 E HWComposer: getPresentFence failed for invalid display -1
04-24 13:18:35.197 683 683 E HWComposer: getLayerReleaseFence: Invalid display
04-24 13:18:35.197 683 683 E HWComposer: getPresentFence failed for invalid display -1
04-24 13:18:35.207 1729 2560 I LogPowerAdapter: do thermal temperature:27action:app_ctrl value:0 to PG
04-24 13:18:35.207 1729 2560 D HwPolicyDispatcher: send ctrl to PG,0
04-24 13:18:35.210 1729 2056 I TClean : TClean trigger policy = 0
04-24 13:18:35.210 1729 2056 I HardwareAdapter: file:/sys/class/hw_power/charger/direct_charger/adaptor_detect, fileExists:false, fileCanRead:false
04-24 13:18:35.210 1729 2056 I HardwareAdapter: isOnlyChargingType adaptor_detect=null
04-24 13:18:35.212 1729 2056 I HardwareAdapter: isOnlyChargingType chargerType=0
04-24 13:18:35.212 1729 2056 I ash : not only power charing.
04-24 13:18:35.229 683 683 E HWComposer: getLayerReleaseFence: Invalid display
04-24 13:18:35.229 683 683 E HWComposer: getPresentFence failed for invalid display -1
04-24 13:18:35.264 683 683 E HWComposer: getLayerReleaseFence: Invalid display
04-24 13:18:35.264 683 683 E HWComposer: getPresentFence failed for invalid display -1
04-24 13:18:35.283 683 683 E HWComposer: getLayerReleaseFence: Invalid display
04-24 13:18:35.283 683 683 E HWComposer: getPresentFence failed for invalid display -1
04-24 13:18:35.310 683 683 E HWComposer: getLayerReleaseFence: Invalid display
04-24 13:18:35.310 683 683 E HWComposer: getPresentFence failed for invalid display -1
04-24 13:18:35.345 683 683 E HWComposer: getLayerReleaseFence: Invalid display
04-24 13:18:35.346 683 683 E HWComposer: getPresentFence failed for invalid display -1
04-24 13:18:35.365 683 683 E HWComposer: getLayerReleaseFence: Invalid display
04-24 13:18:35.365 683 683 E HWComposer: getPresentFence failed for invalid display -1
04-24 13:18:35.401 683 683 E HWComposer: getLayerReleaseFence: Invalid display
04-24 13:18:35.401 683 683 E HWComposer: getPresentFence failed for invalid display -1
04-24 13:18:35.420 683 683 E HWComposer: getLayerReleaseFence: Invalid display
04-24 13:18:35.420 683 683 E HWComposer: getPresentFence failed for invalid display -1
04-24 13:18:35.448 683 683 E HWComposer: getLayerReleaseFence: Invalid display
04-24 13:18:35.448 683 683 E HWComposer: getPresentFence failed for invalid display -1
04-24 13:18:35.481 683 683 E HWComposer: getLayerReleaseFence: Invalid display
04-24 13:18:35.481 683 683 E HWComposer: getPresentFence failed for invalid display -1
04-24 13:18:35.500 683 683 E HWComposer: getLayerReleaseFence: Invalid display
04-24 13:18:35.500 683 683 E HWComposer: getPresentFence failed for invalid display -1
04-24 13:18:35.524 1176 1392 D HwArpVerifier: performPollAndLog:
04-24 13:18:35.526 1176 1392 D hw_netstat: total/0/940,com.jiansheng.blmn.demo/0/940
04-24 13:18:35.535 683 683 E HWComposer: getLayerReleaseFence: Invalid display
04-24 13:18:35.535 683 683 E HWComposer: getPresentFence failed for invalid display -1
04-24 13:18:35.563 683 683 E HWComposer: getLayerReleaseFence: Invalid display
04-24 13:18:35.563 683 683 E HWComposer: getPresentFence failed for invalid display -1
04-24 13:18:35.589 683 683 E HWComposer: getLayerReleaseFence: Invalid display
04-24 13:18:35.589 683 683 E HWComposer: getPresentFence failed for invalid display -1
04-24 13:18:35.616 683 683 E HWComposer: getLayerReleaseFence: Invalid display
04-24 13:18:35.616 683 683 E HWComposer: getPresentFence failed for invalid display -1
04-24 13:18:35.635 683 683 E HWComposer: getLayerReleaseFence: Invalid display
04-24 13:18:35.635 683 683 E HWComposer: getPresentFence failed for invalid display -1
04-24 13:18:35.652 777 777 E : [E/capacity_limit_control] not demo version, not set power control prop!
04-24 13:18:35.671 683 683 E HWComposer: getLayerReleaseFence: Invalid display
04-24 13:18:35.671 683 683 E HWComposer: getPresentFence failed for invalid display -1
04-24 13:18:35.699 683 683 E HWComposer: getLayerReleaseFence: Invalid display
04-24 13:18:35.699 683 683 E HWComposer: getPresentFence failed for invalid display -1
04-24 13:18:35.725 683 683 E HWComposer: getLayerReleaseFence: Invalid display
04-24 13:18:35.725 683 683 E HWComposer: getPresentFence failed for invalid display -1
04-24 13:18:35.754 683 683 E HWComposer: getLayerReleaseFence: Invalid display
04-24 13:18:35.754 683 683 E HWComposer: getPresentFence failed for invalid display -1
04-24 13:18:35.782 683 683 E HWComposer: getLayerReleaseFence: Invalid display
04-24 13:18:35.782 683 683 E HWComposer: getPresentFence failed for invalid display -1
04-24 13:18:35.804 683 683 E HWComposer: getLayerReleaseFence: Invalid display
04-24 13:18:35.804 683 683 E HWComposer: getPresentFence failed for invalid display -1
04-24 13:18:35.841 683 683 E HWComposer: getLayerReleaseFence: Invalid display
04-24 13:18:35.841 683 683 E HWComposer: getPresentFence failed for invalid display -1
04-24 13:18:35.862 683 683 E HWComposer: getLayerReleaseFence: Invalid display
04-24 13:18:35.862 683 683 E HWComposer: getPresentFence failed for invalid display -1
04-24 13:18:35.896 683 683 E HWComposer: getLayerReleaseFence: Invalid display
04-24 13:18:35.896 683 683 E HWComposer: getPresentFence failed for invalid display -1
04-24 13:18:35.932 683 683 E HWComposer: getLayerReleaseFence: Invalid display
04-24 13:18:35.932 683 683 E HWComposer: getPresentFence failed for invalid display -1
04-24 13:18:35.960 683 683 E HWComposer: getLayerReleaseFence: Invalid display
04-24 13:18:35.960 683 683 E HWComposer: getPresentFence failed for invalid display -1
