04-24 13:15:08.088 8853 8876 W Unity : UnityEngine.DebugLogHandler:LogFormat(LogType, Object, String, Object[])
04-24 13:15:08.088 8853 8876 W Unity : UnityEngine.Logger:Log(LogType, Object)
04-24 13:15:08.088 8853 8876 W Unity : FMODUnity.RuntimeManager:Update()
04-24 13:15:08.088 8853 8876 W Unity :
04-24 13:15:08.088 8853 8876 W Unity : (Filename: /Users/builduser/buildslave/unity/build/artifacts/generated/Android/runtime/DebugBindings.gen.cpp Line: 51)
04-24 13:15:08.088 8853 8876 W Unity :
04-24 13:15:08.134 768 859 E JankService: JankFrequencyMonitor action return :0
04-24 13:15:08.583 768 859 I iMonitor: create: 902010003
04-24 13:15:08.588 768 859 I iMonitor: send: 902010003
04-24 13:15:08.878 1176 1176 I TrafficMonitor: expired arrive. level:-1
04-24 13:15:08.878 1176 1176 I TrafficMonitor: during_ms:2003,period_ms:2000
04-24 13:15:08.879 1176 1176 I TrafficMonitor: count:291,rx_sum:12,tx_sum:0,rxBytes:1156,during_ms:2003,rx_speed:577.1342985521717,tx_speed:0.0,rto:0.0
04-24 13:15:08.879 1176 1176 D HuaweiWifiWatchdogStateMachine: speed: rxpkt:12, rxSpd:577B/s, txpkt:0, txSpd:0
04-24 13:15:09.206 677 677 D SensorHub: Get acc data -0.306458, 0.019154, 9.423578
04-24 13:15:09.300 768 859 I iMonitor: create: 902010003
04-24 13:15:09.301 768 859 I iMonitor: send: 902010003
04-24 13:15:09.886 1176 1176 I TrafficMonitor: update:rxPkts:24,txPkts:2,rxBytes:1900,txBytes:376
04-24 13:15:09.886 1176 1176 I TrafficMonitor: start expired. level:-1
04-24 13:15:09.886 1176 1176 I TrafficMonitor: gettimer:interval=2000
04-24 13:15:09.946 1176 1338 D HwWifiStatStore: handleMessage : 200
04-24 13:15:09.991 679 679 E WifiHAL : enter wifi_get_link_stats
04-24 13:15:09.995 742 742 E wificond: Failed to get NL80211_RATE_INFO_NOISE
04-24 13:15:09.995 742 742 E wificond: Failed to get NL80211_RATE_INFO_SNR
04-24 13:15:09.995 742 742 E wificond: Failed to get NL80211_STA_INFO_CNAHLOAD
04-24 13:15:09.996 1176 1337 E WificondControl: Noise: 0, Snr: -1, Chload: -1
04-24 13:15:09.996 1176 1339 D HwWifiCHRStateManager: handleMessage : 1001
04-24 13:15:09.996 1176 1339 D HwWifiCHRStateManager: handleUpdateChannel:2412
04-24 13:15:09.996 1176 1339 V HwWifiServiceFactory: get AllImpl object = com.android.server.wifi.HwWifiServiceFactoryImpl@2205edc
04-24 13:15:09.997 1176 1337 D HwCustWifiStateMachineReferenceImpl: checkRssiOverThreshold newRssi = -20
04-24 13:15:09.998 1176 1337 D WifiScoreReport: Score = 100, wifiConnectivityManagerEnabled = false, lowScoreCount = 0
04-24 13:15:10.009 677 677 D SensorHub: batch called handle:3 sample_ns:300000000 latency_ns:0
04-24 13:15:10.009 677 677 D SensorHub: in batch, handle = 3, flags = 0, period_ns = 300000000, timeout = 0
04-24 13:15:10.019 777 777 E : [E/capacity_limit_control] not demo version, not set power control prop!
04-24 13:15:10.279 741 741 E Thermal-daemon: [shell_temp] temp_new :27 temp_old :26
04-24 13:15:10.279 1729 18882 I ThermalService: Receive temperature change, type: 22, temp: 27 from thermald
04-24 13:15:10.280 1729 18882 I ThermalTrace_ThermalRaise: Shell:-100,26,27,currentBatteryTemp:27
04-24 13:15:10.280 741 741 E Thermal-daemon: Report temperature: [shell_temp] temp :27 report_threshold:1
04-24 13:15:10.281 741 741 E Thermal-daemon: [pa_0] temp_new :28 temp_old :27
04-24 13:15:10.281 1729 18882 I ThermalService: Receive temperature change, type: 1, temp: 28 from thermald
04-24 13:15:10.282 741 741 E Thermal-daemon: Report temperature: [pa_0] temp :28 report_threshold:1
04-24 13:15:10.282 741 741 E Thermal-daemon: [charger_ic] temp_new :27 temp_old :28
04-24 13:15:10.283 1729 18882 I ThermalService: Receive temperature change, type: 2, temp: 27 from thermald
04-24 13:15:10.284 741 741 E Thermal-daemon: Report temperature: [charger_ic] temp :27 report_threshold:1
04-24 13:15:10.284 741 741 E Thermal-daemon: [ap] temp_new :30 temp_old :29
04-24 13:15:10.284 1729 2560 W HwThermalStateManager: warning: no config thermal type:2 temperature:27
04-24 13:15:10.284 1729 27267 I ThermalService: Receive temperature change, type: 0, temp: 30 from thermald
04-24 13:15:10.285 741 741 E Thermal-daemon: Report temperature: [ap] temp :30 report_threshold:1
04-24 13:15:10.756 768 859 I iMonitor: create: 902010003
04-24 13:15:10.759 768 859 I iMonitor: send: 902010003
04-24 13:15:11.741 768 859 I iMonitor: create: 902010003
04-24 13:15:11.744 768 859 I iMonitor: send: 902010003
04-24 13:15:11.845 1176 1302 W AlarmManager: mIsScreenOn is: true, WAKEUP alarm trigger action = com.android.server.display.action.MONITOR_TIMER package name is: android
04-24 13:15:11.847 1176 1302 W ActivityManager: Sending non-protected broadcast com.android.server.display.action.MONITOR_TIMER from system uid 1000 pkg android
04-24 13:15:11.848 1176 1176 V BroadcastQueue: Finished with ordered broadcast BroadcastRecord{bfbd4e9 u0 com.android.server.display.action.MONITOR_TIMER}
04-24 13:15:11.878 1176 5848 V BroadcastQueue: Finished with ordered broadcast BroadcastRecord{9ac940f u0 com.tencent.mm.TrafficStatsReceiver}
04-24 13:15:11.887 1176 1176 I TrafficMonitor: update:rxPkts:19,txPkts:2,rxBytes:1300,txBytes:376
04-24 13:15:11.887 1176 1176 I TrafficMonitor: start expired. level:-1
04-24 13:15:11.887 1176 1176 I TrafficMonitor: gettimer:interval=2000
04-24 13:15:12.546 768 859 I iMonitor: create: 902010003
04-24 13:15:12.549 768 859 I iMonitor: send: 902010003
04-24 13:15:12.915 1176 1392 D HwArpVerifier: performPollAndLog:
04-24 13:15:12.917 1176 1392 D hw_netstat: total/36/752,com.jiansheng.blmn.demo/0/752,unknown:0/36/0
04-24 13:15:12.952 1176 1338 D HwWifiStatStore: handleMessage : 200
04-24 13:15:13.002 679 679 E WifiHAL : enter wifi_get_link_stats
04-24 13:15:13.006 742 742 E wificond: Failed to get NL80211_RATE_INFO_NOISE
04-24 13:15:13.006 742 742 E wificond: Failed to get NL80211_RATE_INFO_SNR
04-24 13:15:13.006 742 742 E wificond: Failed to get NL80211_STA_INFO_CNAHLOAD
04-24 13:15:13.006 1176 1337 E WificondControl: Noise: 0, Snr: -1, Chload: -1
04-24 13:15:13.007 1176 1339 D HwWifiCHRStateManager: handleMessage : 1001
04-24 13:15:13.007 1176 1339 D HwWifiCHRStateManager: handleUpdateChannel:2412
04-24 13:15:13.007 1176 1339 V HwWifiServiceFactory: get AllImpl object = com.android.server.wifi.HwWifiServiceFactoryImpl@2205edc
04-24 13:15:13.008 1176 1337 D HwCustWifiStateMachineReferenceImpl: checkRssiOverThreshold newRssi = -20
04-24 13:15:13.008 1176 1337 D WifiScoreReport: Score = 100, wifiConnectivityManagerEnabled = false, lowScoreCount = 0
04-24 13:15:13.118 768 859 I iMonitor: create: 902010003
04-24 13:15:13.121 768 859 I iMonitor: send: 902010003
04-24 13:15:13.628 768 859 I iMonitor: create: 902010003
04-24 13:15:13.630 768 859 I iMonitor: send: 902010003
04-24 13:15:13.890 1176 1176 I TrafficMonitor: update:rxPkts:14,txPkts:1,rxBytes:1008,txBytes:188
04-24 13:15:13.891 1176 1176 I TrafficMonitor: start expired. level:-1
04-24 13:15:13.891 1176 1176 I TrafficMonitor: gettimer:interval=2000
04-24 13:15:14.199 1729 23345 I DownloadState: 10848 stop download, curr: 3303244, base: 3299685, delta: 3559
04-24 13:15:14.199 1729 23345 I DownloadState: @@@@@@@@@@@@ uid :10848 download :false
04-24 13:15:14.199 1729 23345 I PGServer: report state:5 event type:2 pid:0 uid:10848 pkg:null to pid: 1176
04-24 13:15:14.202 768 859 I iMonitor: create: 902010003
04-24 13:15:14.205 768 859 I iMonitor: send: 902010003
04-24 13:15:14.370 742 742 E wificond: Failed to get NL80211_RATE_INFO_NOISE
04-24 13:15:14.370 742 742 E wificond: Failed to get NL80211_RATE_INFO_SNR
04-24 13:15:14.370 742 742 E wificond: Failed to get NL80211_STA_INFO_CNAHLOAD
04-24 13:15:14.370 1176 1337 E WificondControl: Noise: 0, Snr: -1, Chload: -1
04-24 13:15:14.371 1176 1339 D HwWifiCHRStateManager: handleMessage : 1001
04-24 13:15:14.371 1176 1339 D HwWifiCHRStateManager: handleUpdateChannel:2412
04-24 13:15:14.371 1176 1339 V HwWifiServiceFactory: get AllImpl object = com.android.server.wifi.HwWifiServiceFactoryImpl@2205edc
04-24 13:15:14.373 742 742 E wificond: Failed to get NL80211_RATE_INFO_NOISE
04-24 13:15:14.373 742 742 E wificond: Failed to get NL80211_RATE_INFO_SNR
04-24 13:15:14.373 742 742 E wificond: Failed to get NL80211_STA_INFO_CNAHLOAD
04-24 13:15:14.374 1176 1406 D HuaweiWifiWatchdogStateMachine: LM mrssi=-21
04-24 13:15:14.374 1176 1406 D HuaweiWifiWatchdogStateMachine: a4:fa:**:**:eb:b0 current loss[-45]=0%, volume=6
04-24 13:15:14.375 1176 1406 D HuaweiWifiWatchdogStateMachine: a4:fa:**:**:eb:b0 history loss[-45]=0%, volume=13825866
04-24 13:15:14.375 1176 1406 I HuaweiWifiWatchdogStateMachine: spd good count:0, add sc:0.0, rate:1.0
04-24 13:15:14.375 1176 1406 I HuaweiWifiWatchdogStateMachine: current mHighDataFlowRate = 1.0
04-24 13:15:14.375 1176 1406 I HuaweiWifiWatchdogStateMachine: POta txb txg rxg:0, 6, 0. Lr =0% Totpkt=6
04-24 13:15:14.376 1176 1176 D WiFi_PRO: MSG_RETURN_AP_CURRY_RSSI rssi = -21
04-24 13:15:14.376 1176 1176 I QosMonitor: queryRtt: rtt_type = 3
04-24 13:15:14.376 1176 1176 I HwQoEJNI: send_cmd_kernel. begin
04-24 13:15:14.377 1176 1176 I HwQoEJNI: send_cmd_kernel. end
04-24 13:15:14.377 1176 1176 I QosMonitor: postEventFromNative: msg=100,arg1=4,arg2=10
04-24 13:15:14.377 1176 1176 I HwQoEJNI: send_cmd_kernel. begin
04-24 13:15:14.377 1176 1176 I HwQoEJNI: send_cmd_kernel. end
04-24 13:15:14.377 1176 1176 I QosMonitor: postEventFromNative: msg=100,arg1=0,arg2=10
04-24 13:15:14.377 1176 1176 D HuaweiWifiWatchdogStateMachine: setSampleRtt: rtt=0,rtt_pkts =0,rtt_when=9
04-24 13:15:14.378 1176 1176 I MQoS : rtt=220,tcp_tx_pkts=481098,tcp_rx_pkts=921549
04-24 13:15:14.378 1176 1176 I QosMonitor: resetRtt: rtt_type = 3
04-24 13:15:14.378 1176 1176 I HwQoEJNI: send_cmd_kernel. begin
04-24 13:15:14.378 1176 1176 I HwQoEJNI: send_cmd_kernel. end
04-24 13:15:14.378 1176 1406 D HuaweiWifiWatchdogStateMachine: dumpTcpResult: len=10,rtt=220,rttPkt=46,rttWn=9,cgt=0,cgtWn=0
04-24 13:15:14.379 1176 1406 I HuaweiWifiWatchdogStateMachine: PTcp RTT:0, rtt pkt=0, tcp_rx=0, tcp_tx=0, tcp_reTran=0, rtRate=0
04-24 13:15:14.379 1176 1406 D HuaweiWifiWatchdogStateMachine: mRssiBadCount =0, RSSI not bad.
04-24 13:15:14.379 1176 1406 D HuaweiWifiWatchdogStateMachine: detectNetworkAvailable:hw.wifipro.dns_fail_count = 131
04-24 13:15:14.379 1176 1406 D HuaweiWifiWatchdogStateMachine: bqeLevel = 2 rtt=0,rtt_pkts=0 speed=577 rssi=-21
04-24 13:15:14.379 1176 1406 D HuaweiWifiWatchdogStateMachine: Enter updateQoeLevel level = 2
04-24 13:15:14.379 1176 1406 D HuaweiWifiWatchdogStateMachine: Leave updateQoeLevel level = 2
04-24 13:15:14.380 1176 1176 D WiFi_PRO_WifiProStateMachine: onWifiBqeDetectionResult = 2
04-24 13:15:14.380 1176 1401 D WiFi_PRO_WifiProStateMachine: "uwa4d/5G" TCPRTT level = 2
04-24 13:15:14.380 1176 1406 D HuaweiWifiWatchdogStateMachine: did not have any network action
04-24 13:15:14.383 1176 1401 D WiFi_PRO_EvaluateController: "uwa4d/5G",crurrent Signal = 4, last Signal = 4, isSemiAuto, last evaluate is Valid
04-24 13:15:14.383 1176 1401 D WiFi_PRO_WifiProStateMachine: updateWifiQosLevel, mCurrentSsid: "uwa4d/5G" ,isWiFiNoInternet: false, qosLevel: 2
04-24 13:15:14.383 1176 1401 D WiFi_PRO_EvaluateController: internetAccessType not change, can not update
04-24 13:15:14.383 1176 1401 D WiFi_PRO_EvaluateController: updateEvaluate Level succeed!.new Level = 2
04-24 13:15:14.385 1176 3515 I MQoS : QOS_level:0(0),wifi-link;SIM error;use level-0
04-24 13:15:14.404 1176 1337 D WifiConfigStore: Writing to stores completed in 12 ms.
04-24 13:15:14.887 1176 1176 I TrafficMonitor: expired arrive. level:-1
04-24 13:15:14.887 1176 1176 I TrafficMonitor: during_ms:2003,period_ms:2000
04-24 13:15:14.887 1176 1176 I TrafficMonitor: count:294,rx_sum:14,tx_sum:1,rxBytes:1008,during_ms:2003,rx_speed:503.24513230154764,tx_speed:93.85921118322516,rto:14.0
04-24 13:15:14.887 1176 1176 D HuaweiWifiWatchdogStateMachine: speed: rxpkt:14, rxSpd:503B/s, txpkt:1, txSpd:93
04-24 13:15:15.021 777 777 E : [E/capacity_limit_control] not demo version, not set power control prop!
04-24 13:15:15.031 1729 2560 I LogPowerAdapter: do thermal temperature:26action:app_ctrl value:0 to PG
04-24 13:15:15.031 1729 2560 D HwPolicyDispatcher: send ctrl to PG,0
04-24 13:15:15.034 1729 2056 I TClean : TClean trigger policy = 0
04-24 13:15:15.034 1729 2056 I HardwareAdapter: file:/sys/class/hw_power/charger/direct_charger/adaptor_detect, fileExists:false, fileCanRead:false
04-24 13:15:15.034 1729 2056 I HardwareAdapter: isOnlyChargingType adaptor_detect=null
04-24 13:15:15.035 1729 2056 I HardwareAdapter: isOnlyChargingType chargerType=0
04-24 13:15:15.035 1729 2056 I ash : not only power charing.
04-24 13:15:15.090 768 859 I iMonitor: create: 902010003
04-24 13:15:15.092 768 859 I iMonitor: send: 902010003
04-24 13:15:15.287 741 741 E Thermal-daemon: [charger_ic] temp_new :29 temp_old :27
04-24 13:15:15.288 1729 18882 I ThermalService: Receive temperature change, type: 2, temp: 29 from thermald
04-24 13:15:15.288 1729 2560 W HwThermalStateManager: warning: no config thermal type:2 temperature:29
04-24 13:15:15.288 741 741 E Thermal-daemon: Report temperature: [charger_ic] temp :29 report_threshold:1
04-24 13:15:15.289 741 741 E Thermal-daemon: [ap] temp_new :31 temp_old :30
04-24 13:15:15.289 1729 18882 I ThermalService: Receive temperature change, type: 0, temp: 31 from thermald
04-24 13:15:15.290 741 741 E Thermal-daemon: Report temperature: [ap] temp :31 report_threshold:1
04-24 13:15:15.893 1176 1176 I TrafficMonitor: update:rxPkts:18,txPkts:2,rxBytes:1422,txBytes:376
04-24 13:15:15.893 1176 1176 I TrafficMonitor: start expired. level:-1
04-24 13:15:15.893 1176 1176 I TrafficMonitor: gettimer:interval=2000
04-24 13:15:15.957 1176 1338 D HwWifiStatStore: handleMessage : 200
04-24 13:15:16.011 679 679 E WifiHAL : enter wifi_get_link_stats
04-24 13:15:16.015 742 742 E wificond: Failed to get NL80211_RATE_INFO_NOISE
04-24 13:15:16.015 742 742 E wificond: Failed to get NL80211_RATE_INFO_SNR
04-24 13:15:16.015 742 742 E wificond: Failed to get NL80211_STA_INFO_CNAHLOAD
04-24 13:15:16.015 1176 1337 E WificondControl: Noise: 0, Snr: -1, Chload: -1
04-24 13:15:16.016 1176 1339 D HwWifiCHRStateManager: handleMessage : 1001
04-24 13:15:16.016 1176 1339 D HwWifiCHRStateManager: handleUpdateChannel:2412
04-24 13:15:16.016 1176 1339 V HwWifiServiceFactory: get AllImpl object = com.android.server.wifi.HwWifiServiceFactoryImpl@2205edc
04-24 13:15:16.017 1176 1337 D HwCustWifiStateMachineReferenceImpl: checkRssiOverThreshold newRssi = -21
04-24 13:15:16.018 1176 1337 D WifiScoreReport: Score = 100, wifiConnectivityManagerEnabled = false, lowScoreCount = 0
04-24 13:15:16.782 8853 8859 I zygote : Do partial code cache collection, code=62KB, data=49KB
04-24 13:15:16.783 8853 8859 I zygote : After code cache collection, code=62KB, data=49KB
04-24 13:15:16.783 8853 8859 I zygote : Increasing code cache capacity to 256KB
04-24 13:15:17.876 1176 1392 D HwArpVerifier: check_wifi_state_mode = 0 mCheckStateToken=25 token25
04-24 13:15:17.878 1176 1392 D wifiserviceimpl: netmask =16777215
04-24 13:15:17.895 1176 1176 I TrafficMonitor: update:rxPkts:26,txPkts:0,rxBytes:1926,txBytes:0
04-24 13:15:17.895 1176 1176 I TrafficMonitor: start expired. level:-1
04-24 13:15:17.895 1176 1176 I TrafficMonitor: gettimer:interval=2000
04-24 13:15:17.931 1176 1392 D HWMultiGW: setGateWay 192.168.1.1
04-24 13:15:17.938 1106 1119 I OAM : [check_file_size:505]/data/log/wifi/wifi_log_1 log file beyond size=10240Byte, creat new file
04-24 13:15:17.938 1106 1119 I OAM : [rename_old_file:210]rename_old_file
04-24 13:15:17.938 1106 1119 I OAM :
04-24 13:15:18.932 1176 1392 D HwArpVerifier: getGateWayARPResponses: arp rtt = 9
04-24 13:15:18.933 1176 1392 E HwCHRWifiRSSIGroupSummery: updatArpSummery mRSSI:-21 HwCHRWifiRSSIGroup [rssi_index=4, rtt_tcp_packets=0, rtt_tcp_duration=0, rtt_lan_duration=8993, rtt_lan_failures=0, rtt_lan_succ=437, rtt_lan_max=939, rtt_lan_min=0,same_area_frequency=0,adjacent_area_frequency=0]
04-24 13:15:18.962 1176 1338 D HwWifiStatStore: handleMessage : 200
04-24 13:15:18.980 1176 1392 D HwArpVerifier: There are 1 mac address for gateway
04-24 13:15:18.981 1176 1392 D HwArpVerifier: from HEART_CHECK transmit to state:HEART_CHECK
04-24 13:15:18.981 1176 1392 D HwArpVerifier: msg what=124 arg1(token)=25 arg2(mode)=0 delay=30000
04-24 13:15:18.981 1176 1392 D HwArpVerifier: performPollAndLog:
04-24 13:15:18.983 1176 1392 D hw_netstat: total/135/564,com.jiansheng.blmn.demo/0/564,unknown:0/135/0
04-24 13:15:19.022 679 679 E WifiHAL : enter wifi_get_link_stats
04-24 13:15:19.026 742 742 E wificond: Failed to get NL80211_RATE_INFO_NOISE
04-24 13:15:19.026 742 742 E wificond: Failed to get NL80211_RATE_INFO_SNR
04-24 13:15:19.026 742 742 E wificond: Failed to get NL80211_STA_INFO_CNAHLOAD
04-24 13:15:19.027 1176 1337 E WificondControl: Noise: 0, Snr: -1, Chload: -1
04-24 13:15:19.027 1176 1339 D HwWifiCHRStateManager: handleMessage : 1001
04-24 13:15:19.028 1176 1339 D HwWifiCHRStateManager: handleUpdateChannel:2412
04-24 13:15:19.028 1176 1339 V HwWifiServiceFactory: get AllImpl object = com.android.server.wifi.HwWifiServiceFactoryImpl@2205edc
04-24 13:15:19.029 1176 1337 D HwCustWifiStateMachineReferenceImpl: checkRssiOverThreshold newRssi = -21
04-24 13:15:19.029 1176 1337 D WifiScoreReport: Score = 100, wifiConnectivityManagerEnabled = false, lowScoreCount = 0
04-24 13:15:19.123 3756 3774 D LogUtil_LogConfig: obtainSavePath(): path = 1
04-24 13:15:19.125 3756 3774 D LogUtil_LogConfig: getLogFile(): logFilePath = /data/data/com.huawei.health/files/com.huawei.health/com.huawei.health_DaemonService/
04-24 13:15:19.125 3756 3774 D LogUtil_LogConfig: obtainSavePath(): path = 1
04-24 13:15:19.125 3756 3774 D LogUtil_LogConfig: acquireMaxLogFileLengthContainsOffset describe: com.huawei.health:DaemonService result:5242880
04-24 13:15:19.127 3756 3774 D LogUtil_LogConfig: obtainSavePath(): path = 1
04-24 13:15:19.128 3756 3774 D LogUtil_LogConfig: getLogFileRoot(): logFilePath = /data/data/com.huawei.health/files/com.huawei.health/com.huawei.health_DaemonService/
04-24 13:15:19.634 1176 1589 W Watchdog: hungtask: writing kick
04-24 13:15:19.636 1176 1202 I EventHub: EventHub monitor: no key events in the past 24s, no motion events in the past 23s
04-24 13:15:19.897 1176 1176 I TrafficMonitor: update:rxPkts:16,txPkts:0,rxBytes:1136,txBytes:0
04-24 13:15:19.897 1176 1176 I TrafficMonitor: start expired. level:-1
04-24 13:15:19.897 1176 1176 I TrafficMonitor: gettimer:interval=2000
04-24 13:15:20.029 777 777 E : [E/capacity_limit_control] not demo version, not set power control prop!
04-24 13:15:20.290 741 741 E Thermal-daemon: [shell_temp] temp_new :28 temp_old :27
04-24 13:15:20.291 1729 18882 I ThermalService: Receive temperature change, type: 22, temp: 28 from thermald
04-24 13:15:20.291 1729 18882 I ThermalTrace_ThermalRaise: Shell:26,27,28,currentBatteryTemp:27
04-24 13:15:20.292 741 741 E Thermal-daemon: Report temperature: [shell_temp] temp :28 report_threshold:1
04-24 13:15:20.294 741 741 E Thermal-daemon: [charger_ic] temp_new :33 temp_old :29
04-24 13:15:20.294 1729 18882 I ThermalService: Receive temperature change, type: 2, temp: 33 from thermald
04-24 13:15:20.294 1729 2560 W HwThermalStateManager: warning: no config thermal type:2 temperature:33
04-24 13:15:20.295 741 741 E Thermal-daemon: Report temperature: [charger_ic] temp :33 report_threshold:1
04-24 13:15:20.894 1176 1176 I TrafficMonitor: expired arrive. level:-1
04-24 13:15:20.894 1176 1176 I TrafficMonitor: during_ms:2002,period_ms:2000
04-24 13:15:20.894 1176 1176 I TrafficMonitor: count:297,rx_sum:16,tx_sum:0,rxBytes:1136,during_ms:2002,rx_speed:567.4325674325675,tx_speed:0.0,rto:0.0
04-24 13:15:20.894 1176 1176 D HuaweiWifiWatchdogStateMachine: speed: rxpkt:16, rxSpd:567B/s, txpkt:0, txSpd:0
04-24 13:15:21.899 1176 1176 I TrafficMonitor: update:rxPkts:13,txPkts:0,rxBytes:1045,txBytes:0
04-24 13:15:21.899 1176 1176 I TrafficMonitor: start expired. level:-1
04-24 13:15:21.899 1176 1176 I TrafficMonitor: gettimer:interval=2000
04-24 13:15:21.966 1176 1338 D HwWifiStatStore: handleMessage : 200
04-24 13:15:22.033 679 679 E WifiHAL : enter wifi_get_link_stats
04-24 13:15:22.037 742 742 E wificond: Failed to get NL80211_RATE_INFO_NOISE
04-24 13:15:22.037 742 742 E wificond: Failed to get NL80211_RATE_INFO_SNR
04-24 13:15:22.037 742 742 E wificond: Failed to get NL80211_STA_INFO_CNAHLOAD
04-24 13:15:22.037 1176 1337 E WificondControl: Noise: 0, Snr: -1, Chload: -1
04-24 13:15:22.038 1176 1339 D HwWifiCHRStateManager: handleMessage : 1001
04-24 13:15:22.038 1176 1339 D HwWifiCHRStateManager: handleUpdateChannel:2412
04-24 13:15:22.038 1176 1339 V HwWifiServiceFactory: get AllImpl object = com.android.server.wifi.HwWifiServiceFactoryImpl@2205edc
04-24 13:15:22.039 1176 1337 D HwCustWifiStateMachineReferenceImpl: checkRssiOverThreshold newRssi = -22
04-24 13:15:22.039 1176 1337 D WifiScoreReport: Score = 100, wifiConnectivityManagerEnabled = false, lowScoreCount = 0
04-24 13:15:22.362 742 742 E wificond: Failed to get NL80211_RATE_INFO_NOISE
04-24 13:15:22.362 742 742 E wificond: Failed to get NL80211_RATE_INFO_SNR
04-24 13:15:22.362 742 742 E wificond: Failed to get NL80211_STA_INFO_CNAHLOAD
04-24 13:15:22.363 1176 1337 E WificondControl: Noise: 0, Snr: -1, Chload: -1
04-24 13:15:22.363 1176 1339 D HwWifiCHRStateManager: handleMessage : 1001
04-24 13:15:22.363 1176 1339 D HwWifiCHRStateManager: handleUpdateChannel:2412
04-24 13:15:22.363 1176 1339 V HwWifiServiceFactory: get AllImpl object = com.android.server.wifi.HwWifiServiceFactoryImpl@2205edc
04-24 13:15:22.365 742 742 E wificond: Failed to get NL80211_RATE_INFO_NOISE
04-24 13:15:22.365 742 742 E wificond: Failed to get NL80211_RATE_INFO_SNR
04-24 13:15:22.365 742 742 E wificond: Failed to get NL80211_STA_INFO_CNAHLOAD
04-24 13:15:22.367 1176 1406 D HuaweiWifiWatchdogStateMachine: LM mrssi=-22
04-24 13:15:22.367 1176 1406 D HuaweiWifiWatchdogStateMachine: a4:fa:**:**:eb:b0 current loss[-45]=0%, volume=2
04-24 13:15:22.367 1176 1406 D HuaweiWifiWatchdogStateMachine: a4:fa:**:**:eb:b0 history loss[-45]=0%, volume=13825868
04-24 13:15:22.367 1176 1406 I HuaweiWifiWatchdogStateMachine: spd good count:0, add sc:0.0, rate:1.0
04-24 13:15:22.367 1176 1176 D WiFi_PRO: MSG_RETURN_AP_CURRY_RSSI rssi = -22
04-24 13:15:22.368 1176 1406 D HuaweiWifiWatchdogStateMachine: high data flow: protection_counter = 0, not_detect_counter = 424
04-24 13:15:22.368 1176 1176 I QosMonitor: queryRtt: rtt_type = 3
04-24 13:15:22.368 1176 1406 D HuaweiWifiWatchdogStateMachine: high data flow scenario: 0 --> 0 rx bytes =65KB
04-24 13:15:22.368 1176 1406 I HuaweiWifiWatchdogStateMachine: current mHighDataFlowRate = 1.0
04-24 13:15:22.368 1176 1176 I HwQoEJNI: send_cmd_kernel. begin
04-24 13:15:22.368 1176 1406 I HuaweiWifiWatchdogStateMachine: POta txb txg rxg:0, 8, 0. Lr =0% Totpkt=8
04-24 13:15:22.368 1176 1176 I HwQoEJNI: send_cmd_kernel. end
04-24 13:15:22.368 1176 1176 I QosMonitor: postEventFromNative: msg=100,arg1=4,arg2=10
04-24 13:15:22.368 1176 1176 I HwQoEJNI: send_cmd_kernel. begin
04-24 13:15:22.368 1176 1176 I HwQoEJNI: send_cmd_kernel. end
04-24 13:15:22.369 1176 1176 I QosMonitor: postEventFromNative: msg=100,arg1=0,arg2=10
04-24 13:15:22.369 1176 1176 D HuaweiWifiWatchdogStateMachine: setSampleRtt: unvalid rtt
04-24 13:15:22.369 1176 1176 I MQoS : rtt=220,tcp_tx_pkts=481098,tcp_rx_pkts=921549
04-24 13:15:22.374 1176 3515 I MQoS : QOS_level:0(0),wifi-link;SIM error;use level-0
04-24 13:15:22.374 1176 3515 I MQoS : skip-low-Level:0(0),wifi-link;SIM error;use level-0
04-24 13:15:22.374 1176 1406 D HuaweiWifiWatchdogStateMachine: dumpTcpResult: len=10,rtt=220,rttPkt=46,rttWn=17,cgt=0,cgtWn=0
04-24 13:15:22.374 1176 1406 I HuaweiWifiWatchdogStateMachine: PTcp RTT:0, rtt pkt=0, tcp_rx=0, tcp_tx=0, tcp_reTran=0, rtRate=0
04-24 13:15:22.374 1176 1406 D HuaweiWifiWatchdogStateMachine: mRssiBadCount =0, RSSI not bad.
04-24 13:15:22.374 1176 1406 D HuaweiWifiWatchdogStateMachine: detectNetworkAvailable:hw.wifipro.dns_fail_count = 131
04-24 13:15:22.374 1176 1406 D HuaweiWifiWatchdogStateMachine: bqeLevel = 2 rtt=0,rtt_pkts=0 speed=577 rssi=-22
04-24 13:15:22.374 1176 1406 D HuaweiWifiWatchdogStateMachine: Enter updateQoeLevel level = 2
04-24 13:15:22.374 1176 1406 D HuaweiWifiWatchdogStateMachine: updateQoeLevel current level equal to mLastDetectLevel, return
04-24 13:15:22.374 1176 1406 D HuaweiWifiWatchdogStateMachine: did not have any network action
04-24 13:15:23.901 1176 1176 I TrafficMonitor: update:rxPkts:28,txPkts:0,rxBytes:2054,txBytes:0
04-24 13:15:23.901 1176 1176 I TrafficMonitor: start expired. level:-1
04-24 13:15:23.901 1176 1176 I TrafficMonitor: gettimer:interval=2000
04-24 13:15:23.989 1176 1392 D HwArpVerifier: performPollAndLog:
04-24 13:15:23.991 1176 1392 D hw_netstat: total/136/0,unknown:0/136/0
04-24 13:15:24.971 1176 1338 D HwWifiStatStore: handleMessage : 200
04-24 13:15:25.024 1744 2130 D HwTimeZoneUpdater: msg.what = 2
04-24 13:15:25.024 1744 2130 D HwTimeZoneUpdater: onPollTimeZone
04-24 13:15:25.026 1744 2130 D HwTimeZoneUpdater: rplmn :
04-24 13:15:25.038 777 777 E : [E/capacity_limit_control] not demo version, not set power control prop!
04-24 13:15:25.041 1729 2560 I LogPowerAdapter: do thermal temperature:27action:app_ctrl value:0 to PG
04-24 13:15:25.041 1729 2560 D HwPolicyDispatcher: send ctrl to PG,0
04-24 13:15:25.042 679 679 E WifiHAL : enter wifi_get_link_stats
04-24 13:15:25.042 1744 2130 D HwTimeZoneUpdater: no icccard,use resident plmn to update timezone. rplmn:
04-24 13:15:25.042 1744 2130 D HwTimeZoneUpdater: onPollTimeZone:plmn is empty
04-24 13:15:25.044 1729 2056 I TClean : TClean trigger policy = 0
04-24 13:15:25.047 1729 2056 I HardwareAdapter: file:/sys/class/hw_power/charger/direct_charger/adaptor_detect, fileExists:false, fileCanRead:false
04-24 13:15:25.047 1729 2056 I HardwareAdapter: isOnlyChargingType adaptor_detect=null
04-24 13:15:25.048 742 742 E wificond: Failed to get NL80211_RATE_INFO_NOISE
04-24 13:15:25.048 742 742 E wificond: Failed to get NL80211_RATE_INFO_SNR
04-24 13:15:25.048 742 742 E wificond: Failed to get NL80211_STA_INFO_CNAHLOAD
04-24 13:15:25.048 1176 1337 E WificondControl: Noise: 0, Snr: -1, Chload: -1
04-24 13:15:25.049 1176 1339 D HwWifiCHRStateManager: handleMessage : 1001
04-24 13:15:25.049 1176 1339 D HwWifiCHRStateManager: handleUpdateChannel:2412
04-24 13:15:25.049 1176 1339 V HwWifiServiceFactory: get AllImpl object = com.android.server.wifi.HwWifiServiceFactoryImpl@2205edc
04-24 13:15:25.050 1176 1337 D HwCustWifiStateMachineReferenceImpl: checkRssiOverThreshold newRssi = -22
04-24 13:15:25.050 1176 1337 D WifiScoreReport: Score = 100, wifiConnectivityManagerEnabled = false, lowScoreCount = 0
04-24 13:15:25.051 1729 2056 I HardwareAdapter: isOnlyChargingType chargerType=0
04-24 13:15:25.051 1729 2056 I ash : not only power charing.
04-24 13:15:25.297 741 741 E Thermal-daemon: [charger_ic] temp_new :31 temp_old :33
04-24 13:15:25.297 1729 18882 I ThermalService: Receive temperature change, type: 2, temp: 31 from thermald
04-24 13:15:25.298 1729 2560 W HwThermalStateManager: warning: no config thermal type:2 temperature:31
04-24 13:15:25.298 741 741 E Thermal-daemon: Report temperature: [charger_ic] temp :31 report_threshold:1
04-24 13:15:25.903 1176 1176 I TrafficMonitor: update:rxPkts:17,txPkts:0,rxBytes:1271,txBytes:0
04-24 13:15:25.903 1176 1176 I TrafficMonitor: start expired. level:-1
04-24 13:15:25.903 1176 1176 I TrafficMonitor: gettimer:interval=2000
04-24 13:15:26.899 1176 1176 I TrafficMonitor: expired arrive. level:-1
04-24 13:15:26.900 1176 1176 I TrafficMonitor: during_ms:2002,period_ms:2000
04-24 13:15:26.900 1176 1176 I TrafficMonitor: count:300,rx_sum:17,tx_sum:0,rxBytes:1271,during_ms:2002,rx_speed:634.8651348651349,tx_speed:0.0,rto:0.0
04-24 13:15:26.900 1176 1176 D HuaweiWifiWatchdogStateMachine: speed: rxpkt:17, rxSpd:634B/s, txpkt:0, txSpd:0
04-24 13:15:27.648 677 677 D SensorHub: batch called handle:0 sample_ns:20000000 latency_ns:0
04-24 13:15:27.648 677 677 D SensorHub: in batch, handle = 0, flags = 0, period_ns = 20000000, timeout = 0
04-24 13:15:27.649 1729 1883 I SensorState: sensor:0 name:accelerometer enable:false uid:10848
04-24 13:15:27.649 1729 1883 I SensorState: removeSensor,mHandles:{0=1}
04-24 13:15:27.649 1729 1883 I PGServer: report state:4 event type:2 pid:0 uid:10848 pkg:null to pid: 1176
04-24 13:15:27.905 1176 1176 I TrafficMonitor: update:rxPkts:10,txPkts:0,rxBytes:752,txBytes:0
04-24 13:15:27.905 1176 1176 I TrafficMonitor: start expired. level:-1
04-24 13:15:27.905 1176 1176 I TrafficMonitor: gettimer:interval=2000
04-24 13:15:27.975 1176 1338 D HwWifiStatStore: handleMessage : 200
04-24 13:15:28.054 679 679 E WifiHAL : enter wifi_get_link_stats
04-24 13:15:28.058 742 742 E wificond: Failed to get NL80211_RATE_INFO_NOISE
04-24 13:15:28.058 742 742 E wificond: Failed to get NL80211_RATE_INFO_SNR
04-24 13:15:28.058 742 742 E wificond: Failed to get NL80211_STA_INFO_CNAHLOAD
04-24 13:15:28.059 1176 1337 E WificondControl: Noise: 0, Snr: -1, Chload: -1
04-24 13:15:28.059 1176 1339 D HwWifiCHRStateManager: handleMessage : 1001
04-24 13:15:28.059 1176 1339 D HwWifiCHRStateManager: handleUpdateChannel:2412
04-24 13:15:28.059 1176 1339 V HwWifiServiceFactory: get AllImpl object = com.android.server.wifi.HwWifiServiceFactoryImpl@2205edc
04-24 13:15:28.060 1176 1337 D HwCustWifiStateMachineReferenceImpl: checkRssiOverThreshold newRssi = -23
04-24 13:15:28.061 1176 1337 D WifiScoreReport: Score = 100, wifiConnectivityManagerEnabled = false, lowScoreCount = 0
04-24 13:15:28.355 8853 8876 I Unity : [2020-04-24 13:15:28.354] [Error] 找不到该[必杀]类型的相关配置文件 id:203403
04-24 13:15:28.355 8853 8876 I Unity : UnityEngine.DebugLogHandler:LogFormat(LogType, Object, String, Object[])
04-24 13:15:28.355 8853 8876 I Unity : UnityEngine.Logger:Log(Object)
04-24 13:15:28.355 8853 8876 I Unity : Logger:Log(LogType, String)
04-24 13:15:28.355 8853 8876 I Unity : XLua.CSObjectWrap.LoggerWrap:_m_LogError_xlua_st_(IntPtr)
04-24 13:15:28.355 8853 8876 I Unity :
04-24 13:15:28.355 8853 8876 I Unity : (Filename: /Users/builduser/buildslave/unity/build/artifacts/generated/Android/runtime/DebugBindings.gen.cpp Line: 51)
04-24 13:15:28.355 8853 8876 I Unity :
04-24 13:15:28.356 8853 8876 I Unity : [2020-04-24 13:15:28.356] [Error] 找不到该[必杀]类型的相关配置文件 id:103403
04-24 13:15:28.356 8853 8876 I Unity : UnityEngine.DebugLogHandler:LogFormat(LogType, Object, String, Object[])
04-24 13:15:28.356 8853 8876 I Unity : UnityEngine.Logger:Log(Object)
04-24 13:15:28.356 8853 8876 I Unity : Logger:Log(LogType, String)
04-24 13:15:28.356 8853 8876 I Unity : XLua.CSObjectWrap.LoggerWrap:_m_LogError_xlua_st_(IntPtr)
04-24 13:15:28.356 8853 8876 I Unity :
04-24 13:15:28.356 8853 8876 I Unity : (Filename: /Users/builduser/buildslave/unity/build/artifacts/generated/Android/runtime/DebugBindings.gen.cpp Line: 51)
04-24 13:15:28.356 8853 8876 I Unity :
04-24 13:15:28.357 8853 8876 I Unity : [2020-04-24 13:15:28.356] [Error] 找不到该[必杀]类型的相关配置文件 id:403403
04-24 13:15:28.357 8853 8876 I Unity : UnityEngine.DebugLogHandler:LogFormat(LogType, Object, String, Object[])
04-24 13:15:28.357 8853 8876 I Unity : UnityEngine.Logger:Log(Object)
04-24 13:15:28.357 8853 8876 I Unity : Logger:Log(LogType, String)
04-24 13:15:28.357 8853 8876 I Unity : XLua.CSObjectWrap.LoggerWrap:_m_LogError_xlua_st_(IntPtr)
04-24 13:15:28.357 8853 8876 I Unity :
04-24 13:15:28.357 8853 8876 I Unity : (Filename: /Users/builduser/buildslave/unity/build/artifacts/generated/Android/runtime/DebugBindings.gen.cpp Line: 51)
04-24 13:15:28.357 8853 8876 I Unity :
04-24 13:15:28.358 8853 8876 I Unity : [2020-04-24 13:15:28.357] [Error] 找不到该[必杀]类型的相关配置文件 id:303403
04-24 13:15:28.358 8853 8876 I Unity : UnityEngine.DebugLogHandler:LogFormat(LogType, Object, String, Object[])
04-24 13:15:28.358 8853 8876 I Unity : UnityEngine.Logger:Log(Object)
04-24 13:15:28.358 8853 8876 I Unity : Logger:Log(LogType, String)
04-24 13:15:28.358 8853 8876 I Unity : XLua.CSObjectWrap.LoggerWrap:_m_LogError_xlua_st_(IntPtr)
04-24 13:15:28.358 8853 8876 I Unity :
04-24 13:15:28.358 8853 8876 I Unity : (Filename: /Users/builduser/buildslave/unity/build/artifacts/generated/Android/runtime/DebugBindings.gen.cpp Line: 51)
04-24 13:15:28.358 8853 8876 I Unity :
04-24 13:15:28.371 8853 8876 I Unity : [2020-04-24 13:15:28.370] [Error] 找不到该[蓄力]类型的相关配置文件 id:403402
04-24 13:15:28.371 8853 8876 I Unity : UnityEngine.DebugLogHandler:LogFormat(LogType, Object, String, Object[])
04-24 13:15:28.371 8853 8876 I Unity : UnityEngine.Logger:Log(Object)
04-24 13:15:28.371 8853 8876 I Unity : Logger:Log(LogType, String)
04-24 13:15:28.371 8853 8876 I Unity : XLua.CSObjectWrap.LoggerWrap:_m_LogError_xlua_st_(IntPtr)
04-24 13:15:28.371 8853 8876 I Unity :
04-24 13:15:28.371 8853 8876 I Unity : (Filename: /Users/builduser/buildslave/unity/build/artifacts/generated/Android/runtime/DebugBindings.gen.cpp Line: 51)
04-24 13:15:28.371 8853 8876 I Unity :
04-24 13:15:28.372 8853 8876 I Unity : [2020-04-24 13:15:28.371] [Error] 找不到该[蓄力]类型的相关配置文件 id:303402
04-24 13:15:28.372 8853 8876 I Unity : UnityEngine.DebugLogHandler:LogFormat(LogType, Object, String, Object[])
04-24 13:15:28.372 8853 8876 I Unity : UnityEngine.Logger:Log(Object)
04-24 13:15:28.372 8853 8876 I Unity : Logger:Log(LogType, String)
04-24 13:15:28.372 8853 8876 I Unity : XLua.CSObjectWrap.LoggerWrap:_m_LogError_xlua_st_(IntPtr)
04-24 13:15:28.372 8853 8876 I Unity :
04-24 13:15:28.372 8853 8876 I Unity : (Filename: /Users/builduser/buildslave/unity/build/artifacts/generated/Android/runtime/DebugBindings.gen.cpp Line: 51)
04-24 13:15:28.372 8853 8876 I Unity :
04-24 13:15:28.374 8853 8876 I Unity : [2020-04-24 13:15:28.373] [Error] 找不到该[蓄力]类型的相关配置文件 id:203402
04-24 13:15:28.374 8853 8876 I Unity : UnityEngine.DebugLogHandler:LogFormat(LogType, Object, String, Object[])
04-24 13:15:28.374 8853 8876 I Unity : UnityEngine.Logger:Log(Object)
04-24 13:15:28.374 8853 8876 I Unity : Logger:Log(LogType, String)
04-24 13:15:28.374 8853 8876 I Unity : XLua.CSObjectWrap.LoggerWrap:_m_LogError_xlua_st_(IntPtr)
04-24 13:15:28.374 8853 8876 I Unity :
04-24 13:15:28.374 8853 8876 I Unity : (Filename: /Users/builduser/buildslave/unity/build/artifacts/generated/Android/runtime/DebugBindings.gen.cpp Line: 51)
04-24 13:15:28.374 8853 8876 I Unity :
04-24 13:15:28.375 8853 8876 I Unity : [2020-04-24 13:15:28.374] [Error] 找不到该[蓄力]类型的相关配置文件 id:103402
04-24 13:15:28.375 8853 8876 I Unity : UnityEngine.DebugLogHandler:LogFormat(LogType, Object, String, Object[])
04-24 13:15:28.375 8853 8876 I Unity : UnityEngine.Logger:Log(Object)
04-24 13:15:28.375 8853 8876 I Unity : Logger:Log(LogType, String)
04-24 13:15:28.375 8853 8876 I Unity : XLua.CSObjectWrap.LoggerWrap:_m_LogError_xlua_st_(IntPtr)
04-24 13:15:28.375 8853 8876 I Unity :
04-24 13:15:28.375 8853 8876 I Unity : (Filename: /Users/builduser/buildslave/unity/build/artifacts/generated/Android/runtime/DebugBindings.gen.cpp Line: 51)
04-24 13:15:28.375 8853 8876 I Unity :
04-24 13:15:28.838 768 859 I iMonitor: create: 902010003
04-24 13:15:28.841 768 859 I iMonitor: send: 902010003
04-24 13:15:28.996 1176 1392 D HwArpVerifier: performPollAndLog:
04-24 13:15:28.998 1176 1392 D hw_netstat: total/135/188,com.jiansheng.blmn.demo/0/188,unknown:0/135/0
04-24 13:15:29.573 768 859 I iMonitor: create: 902010003
04-24 13:15:29.576 768 859 I iMonitor: send: 902010003
04-24 13:15:29.671 677 877 D SensorHub: huawei Hal strandard_stepcounter is 350
04-24 13:15:29.671 1176 1318 D : motion-hal MotionHubChanel::readHwStepCounter record_count : 2001
04-24 13:15:29.672 1176 1318 D : HWExtMotionService valueSize:19
04-24 13:15:29.672 1176 1318 D : HWExtDeviceService getActiveConnections
04-24 13:15:29.672 1176 1318 D : HWExtDeviceService connSize:1
04-24 13:15:29.673 3756 3806 I Step_LSC: 80001355|onStandStepChanged 350
04-24 13:15:29.673 1708 1708 D HwStepCounter: onDeviceDataChanged
04-24 13:15:29.673 1708 1708 W HwStepCounter: version : 1
04-24 13:15:29.674 1708 1708 I HwStepCounter: dealReportData tm: 2020-04-24 13:15:30 steps_value[0] : 0 state_value[0]:0 level_value[0]:0
04-24 13:15:29.674 1708 1708 I HwStepCounter: isBeginOfToday: 24 -> 24
04-24 13:15:29.674 1708 1708 I HwStepCounter: isBeginOfToday: false
04-24 13:15:29.674 1708 1708 I HwStepCounter: dealReportData: diff = 0
04-24 13:15:29.687 1708 2100 D HwStepCounter: ReportProxy client : 1
04-24 13:15:29.687 1708 2099 I StepCounterRemoteStub: Report client count 1
04-24 13:15:29.688 3756 3777 I Step_LSC: 80001355|onExtend:1587705330000 0 0 0
04-24 13:15:29.731 8853 8876 I Unity : [2020-04-24 13:15:29.729] [Warning] TalkingDataGA OnStart...
04-24 13:15:29.731 8853 8876 I Unity : UnityEngine.DebugLogHandler:LogFormat(LogType, Object, String, Object[])
04-24 13:15:29.731 8853 8876 I Unity : UnityEngine.Logger:Log(Object)
04-24 13:15:29.731 8853 8876 I Unity : Logger:Log(LogType, String)
04-24 13:15:29.731 8853 8876 I Unity : XLua.CSObjectWrap.TalkingDataHelperWrap:_m_OnStart(IntPtr)
04-24 13:15:29.731 8853 8876 I Unity :
04-24 13:15:29.731 8853 8876 I Unity : (Filename: /Users/builduser/buildslave/unity/build/artifacts/generated/Android/runtime/DebugBindings.gen.cpp Line: 51)
04-24 13:15:29.731 8853 8876 I Unity :
04-24 13:15:29.749 8853 8853 W ProcessingThrea: type=1400 audit(0.0:40761): avc: denied { getattr } for path="/proc/fb" dev="proc" ino=4026532046 scontext=u:r:untrusted_app:s0:c512,c768 tcontext=u:object_r:proc:s0 tclass=file permissive=0
04-24 13:15:29.749 8853 8853 W ProcessingThrea: type=1400 audit(0.0:40762): avc: denied { getattr } for path="/proc/mtd" dev="proc" ino=4026532269 scontext=u:r:untrusted_app:s0:c512,c768 tcontext=u:object_r:proc:s0 tclass=file permissive=0
04-24 13:15:29.759 8853 8853 W ProcessingThrea: type=1400 audit(0.0:40763): avc: denied { getattr } for path="/proc/keys" dev="proc" ino=4026532182 scontext=u:r:untrusted_app:s0:c512,c768 tcontext=u:object_r:proc:s0 tclass=file permissive=0
04-24 13:15:29.759 8853 8853 W ProcessingThrea: type=1400 audit(0.0:40764): avc: denied { getattr } for path="/proc/kmsg" dev="proc" ino=4026532098 scontext=u:r:untrusted_app:s0:c512,c768 tcontext=u:object_r:proc:s0 tclass=file permissive=0
04-24 13:15:29.820 8853 8973 I TDLog : TalkingData Game Analytics init...
04-24 13:15:29.820 8853 8973 I TDLog : SDK_VERSION is: Android+TD+V4.0.15 gp Type:Unity Build_Num:256
04-24 13:15:29.820 8853 8973 I TDLog : App ID is: 0A6D0A7BB9914AF7B75C8FBBC3DCCDA1
04-24 13:15:29.820 8853 8973 I TDLog : App Channel is: default
04-24 13:15:29.820 8853 8973 I TDLog : SDK_OVC is: TDOVC+Android:c228c62ddcaa6fa124c8301373b32ef9+SaaS
04-24 13:15:29.841 8853 8985 V NFC : this device does not have NFC support
04-24 13:15:29.843 8853 8985 V NFC : this device does not have NFC support
04-24 13:15:29.873 677 877 D SensorHub: in flush, handle = 0
04-24 13:15:29.873 677 677 D SensorHub: getSensorType get meta data! handle =0
04-24 13:15:29.875 1729 1883 I SensorState: sensor:0 name:accelerometer enable:true uid:10848
04-24 13:15:29.876 1729 1883 I PGServer: report state:4 event type:1 pid:0 uid:10848 pkg:null to pid: 1176
04-24 13:15:29.876 1729 1883 I SensorState: addSensor,mHandles:{0=2}
04-24 13:15:29.907 1176 1176 I TrafficMonitor: update:rxPkts:26,txPkts:1,rxBytes:1983,txBytes:188
04-24 13:15:29.907 1176 1176 I TrafficMonitor: start expired. level:-1
04-24 13:15:29.907 1176 1176 I TrafficMonitor: gettimer:interval=2000
04-24 13:15:29.972 1176 1176 I MQoS : onSignal: mSubId=1,currDataSubID=1
04-24 13:15:29.972 1176 1176 I MQoS : received cell-signal:5
04-24 13:15:29.972 1176 1204 D SmartcareProc: onSignalStrengthsChanged: signalStrength is: SignalStrength: 99 -1 0 0 -64 -70 32767 -1 32767 99 0 0 0 2147483647 0 -1 true cdma , on sub: 1
04-24 13:15:29.973 1176 1204 D SmartcareProc: SignalStrength update result, ss: SignalStrengthInfo:68043809 mGsmSignalStrength: -1 mWcdmaRscp: -1 mWcdmaEcio: -1 mLteRsrp: -1 mLteRsrq: -1 mCdmaDbm: -64 mCdmaEcio: -70 mEvdoDbm: 32767mEvdoEcio: -1mLteRssnr: -1
04-24 13:15:29.974 3756 3806 I Step_SPUtils: 80001355| getTodayTotalDetailSteps = 1587657600000##0##0##0##0##354883180
04-24 13:15:29.976 3756 3806 I Step_SPUtils: 80001355|setTodayTotalDetailSteps=1587657600000##0##0##0##0##354918133 timeZero=1587657600000
04-24 13:15:30.003 3756 3806 I Step_ExtSDM: 80001355|calculateCaloriesWithCache totalCalories=0
04-24 13:15:30.015 3756 3806 I Step_ExtSDM: 80001355|calculateAltitudeWithCache totalAltitude=0
04-24 13:15:30.041 777 777 E : [E/capacity_limit_control] not demo version, not set power control prop!
04-24 13:15:30.089 1176 1288 D HwBatteryService: onUEvent fcpStatus = 0,scpStatus =0,ovpStatus=0
04-24 13:15:30.090 1176 1288 I UsbDeviceManager: water_intrused state= 0
04-24 13:15:30.096 1176 1176 D HwInnerWifiManagerImpl: SupplicantState = COMPLETED
04-24 13:15:30.096 1176 1176 D HwInnerWifiManagerImpl: isPhoneAP = false
04-24 13:15:30.097 1176 1176 D HwInnerWifiManagerImpl: SupplicantState = COMPLETED
04-24 13:15:30.097 1176 1176 D HwInnerWifiManagerImpl: isPhoneAP = false
04-24 13:15:30.097 1176 1176 D WifiStateMachine: mBcastReceiver: PluggedType = 2 mIsScanCtrlPluggedin = true
04-24 13:15:30.097 1176 1176 D HwWifiService: mPluggedType =2
04-24 13:15:30.098 1176 1176 D WifiService: onReceive, action:android.intent.action.BATTERY_CHANGED
04-24 13:15:30.098 1176 1176 D WifiService: ACTION_BATTERY_CHANGED pluggedType: 2
04-24 13:15:30.099 1729 1729 I MsgReceiver: intent action: android.intent.action.BATTERY_CHANGED
04-24 13:15:30.099 5515 5671 E CloudAlbum[8.1.2.309]: [ReceiverManager] not log on ignore
04-24 13:15:30.100 1463 1463 D KeyguardUpdateMonitor: received broadcast android.intent.action.BATTERY_CHANGED
04-24 13:15:30.100 1463 1463 W KeyguardUpdateMonitor: ACTION_BATTERY_CHANGED AMP: 500000; Volt: 5000000
04-24 13:15:30.101 1463 1463 V KeyguardUpdateMonitor: RefreshBatteryInfo isBatteryLow: 79
04-24 13:15:30.101 1463 1463 W KeyguardUpdateMonitor: ChargingSpeed Wattage: 2500000 ST: 5000000 --> 7500000
04-24 13:15:30.101 1463 1463 I KgBattery: BatteryInfo updated: 2lPc0
04-24 13:15:30.101 1463 1463 W AppHandler: sendMessage with obj100
04-24 13:15:30.101 1463 1463 D KeyguardUpdateMonitor: handleBatteryUpdate
04-24 13:15:30.101 1463 1463 W HwLockScreenPanel: Handle message: 100
04-24 13:15:30.101 1463 1463 W HwKeyguardBottomArea: updateBatteryInfo : false true
04-24 13:15:30.101 1463 1463 W KgBattery: getCharge info with type: text
04-24 13:15:30.104 1463 1463 W HwLockScreenPanel: refreshBatteryInfo: null
04-24 13:15:30.140 8853 8876 D Unity : Shader 'MoleGame/Scene/Building_light': fallback shader 'Mobile-VertexLit' not found
04-24 13:15:30.300 741 741 E Thermal-daemon: [charger_ic] temp_new :32 temp_old :31
04-24 13:15:30.301 1729 27267 I ThermalService: Receive temperature change, type: 2, temp: 32 from thermald
04-24 13:15:30.302 741 741 E Thermal-daemon: Report temperature: [charger_ic] temp :32 report_threshold:1
04-24 13:15:30.302 1729 2560 W HwThermalStateManager: warning: no config thermal type:2 temperature:32
04-24 13:15:30.370 742 742 E wificond: Failed to get NL80211_RATE_INFO_NOISE
04-24 13:15:30.370 742 742 E wificond: Failed to get NL80211_RATE_INFO_SNR
04-24 13:15:30.370 742 742 E wificond: Failed to get NL80211_STA_INFO_CNAHLOAD
04-24 13:15:30.370 1176 1337 E WificondControl: Noise: 0, Snr: -1, Chload: -1
04-24 13:15:30.371 1176 1339 D HwWifiCHRStateManager: handleMessage : 1001
04-24 13:15:30.371 1176 1339 D HwWifiCHRStateManager: handleUpdateChannel:2412
04-24 13:15:30.371 1176 1339 V HwWifiServiceFactory: get AllImpl object = com.android.server.wifi.HwWifiServiceFactoryImpl@2205edc
04-24 13:15:30.372 742 742 E wificond: Failed to get NL80211_RATE_INFO_NOISE
04-24 13:15:30.372 742 742 E wificond: Failed to get NL80211_RATE_INFO_SNR
04-24 13:15:30.372 742 742 E wificond: Failed to get NL80211_STA_INFO_CNAHLOAD
04-24 13:15:30.372 1176 1406 D HuaweiWifiWatchdogStateMachine: LM mrssi=-28
04-24 13:15:30.372 1176 1406 D HuaweiWifiWatchdogStateMachine: a4:fa:**:**:eb:b0 current loss[-45]=0%, volume=1
04-24 13:15:30.373 1176 1406 D HuaweiWifiWatchdogStateMachine: a4:fa:**:**:eb:b0 history loss[-45]=0%, volume=13825869
04-24 13:15:30.373 1176 1406 I HuaweiWifiWatchdogStateMachine: spd good count:0, add sc:0.0, rate:1.0
04-24 13:15:30.373 1176 1406 I HuaweiWifiWatchdogStateMachine: current mHighDataFlowRate = 1.0
04-24 13:15:30.373 1176 1406 I HuaweiWifiWatchdogStateMachine: POta txb txg rxg:0, 9, 0. Lr =0% Totpkt=9
04-24 13:15:30.374 1176 1176 D WiFi_PRO: MSG_RETURN_AP_CURRY_RSSI rssi = -28
04-24 13:15:30.374 1176 1176 I QosMonitor: queryRtt: rtt_type = 3
04-24 13:15:30.374 1176 1176 I HwQoEJNI: send_cmd_kernel. begin
04-24 13:15:30.374 1176 1176 I HwQoEJNI: send_cmd_kernel. end
04-24 13:15:30.375 1176 1176 I QosMonitor: postEventFromNative: msg=100,arg1=4,arg2=10
04-24 13:15:30.375 1176 1176 I HwQoEJNI: send_cmd_kernel. begin
04-24 13:15:30.375 1176 1176 I HwQoEJNI: send_cmd_kernel. end
04-24 13:15:30.375 1176 1176 I QosMonitor: postEventFromNative: msg=100,arg1=0,arg2=10
04-24 13:15:30.375 1176 1176 D HuaweiWifiWatchdogStateMachine: setSampleRtt: unvalid rtt
04-24 13:15:30.375 1176 1176 I MQoS : rtt=220,tcp_tx_pkts=481098,tcp_rx_pkts=921549
04-24 13:15:30.377 1176 1406 D HuaweiWifiWatchdogStateMachine: dumpTcpResult: len=10,rtt=220,rttPkt=46,rttWn=25,cgt=0,cgtWn=0
04-24 13:15:30.377 1176 1406 I HuaweiWifiWatchdogStateMachine: PTcp RTT:0, rtt pkt=0, tcp_rx=0, tcp_tx=0, tcp_reTran=0, rtRate=0
04-24 13:15:30.377 1176 1406 D HuaweiWifiWatchdogStateMachine: mRssiBadCount =0, RSSI not bad.
04-24 13:15:30.377 1176 1406 D HuaweiWifiWatchdogStateMachine: detectNetworkAvailable:hw.wifipro.dns_fail_count = 131
04-24 13:15:30.378 1176 1406 D HuaweiWifiWatchdogStateMachine: bqeLevel = 2 rtt=0,rtt_pkts=0 speed=634 rssi=-28
04-24 13:15:30.378 1176 1406 D HuaweiWifiWatchdogStateMachine: Enter updateQoeLevel level = 2
04-24 13:15:30.378 1176 1406 D HuaweiWifiWatchdogStateMachine: updateQoeLevel current level equal to mLastDetectLevel, return
04-24 13:15:30.378 1176 1406 D HuaweiWifiWatchdogStateMachine: did not have any network action
04-24 13:15:30.378 1176 3515 I MQoS : QOS_level:0(0),wifi-link;SIM error;use level-0
04-24 13:15:30.574 8853 8985 V NFC : this device does not have NFC support
04-24 13:15:30.704 656 6282 D asd : [asd_proc_hal_data],hal data soundness: L[0],R[0]
04-24 13:15:30.820 768 859 I iMonitor: create: 902010003
04-24 13:15:30.823 768 859 I iMonitor: send: 902010003
04-24 13:15:30.980 1176 1338 D HwWifiStatStore: handleMessage : 200
04-24 13:15:31.062 679 679 E WifiHAL : enter wifi_get_link_stats
04-24 13:15:31.064 742 742 E wificond: Failed to get NL80211_RATE_INFO_NOISE
04-24 13:15:31.064 742 742 E wificond: Failed to get NL80211_RATE_INFO_SNR
04-24 13:15:31.064 742 742 E wificond: Failed to get NL80211_STA_INFO_CNAHLOAD
04-24 13:15:31.064 1176 1337 E WificondControl: Noise: 0, Snr: -1, Chload: -1
04-24 13:15:31.064 1176 1339 D HwWifiCHRStateManager: handleMessage : 1001
04-24 13:15:31.065 1176 1339 D HwWifiCHRStateManager: handleUpdateChannel:2412
04-24 13:15:31.065 1176 1339 V HwWifiServiceFactory: get AllImpl object = com.android.server.wifi.HwWifiServiceFactoryImpl@2205edc
04-24 13:15:31.066 1176 1337 D HwCustWifiStateMachineReferenceImpl: checkRssiOverThreshold newRssi = -28
04-24 13:15:31.067 1176 1337 D WifiScoreReport: Score = 100, wifiConnectivityManagerEnabled = false, lowScoreCount = 0
04-24 13:15:31.240 487 8997 W libc : Set property "hw.wifi.dns_stat" to "323,28,476,1,5222"
04-24 13:15:31.909 1176 1176 I TrafficMonitor: update:rxPkts:46,txPkts:19,rxBytes:14144,txBytes:4831
04-24 13:15:31.909 1176 1176 I TrafficMonitor: start expired. level:-1
04-24 13:15:31.909 1176 1176 I TrafficMonitor: gettimer:interval=2000
04-24 13:15:32.905 1176 1176 I TrafficMonitor: expired arrive. level:-1
04-24 13:15:32.906 1176 1176 I TrafficMonitor: during_ms:2002,period_ms:2000
04-24 13:15:32.906 1176 1176 I TrafficMonitor: count:303,rx_sum:46,tx_sum:19,rxBytes:14144,during_ms:2002,rx_speed:7064.935064935065,tx_speed:2413.0869130869132,rto:2.4210526315789473
04-24 13:15:32.906 1176 1176 D HuaweiWifiWatchdogStateMachine: speed: rxpkt:46, rxSpd:7064B/s, txpkt:19, txSpd:2413
04-24 13:15:33.911 1176 1176 I TrafficMonitor: update:rxPkts:14,txPkts:2,rxBytes:1008,txBytes:376
04-24 13:15:33.912 1176 1176 I TrafficMonitor: start expired. level:-1
04-24 13:15:33.912 1176 1176 I TrafficMonitor: gettimer:interval=2000
04-24 13:15:33.986 1176 1338 D HwWifiStatStore: handleMessage : 200
04-24 13:15:34.004 1176 1392 D HwArpVerifier: performPollAndLog:
04-24 13:15:34.008 1176 1392 D hw_netstat: total/6620/5207,com.jiansheng.blmn.demo/6094/5148,unknown:0/526/59
04-24 13:15:34.071 679 679 E WifiHAL : enter wifi_get_link_stats
04-24 13:15:34.075 742 742 E wificond: Failed to get NL80211_RATE_INFO_NOISE
04-24 13:15:34.076 742 742 E wificond: Failed to get NL80211_RATE_INFO_SNR
04-24 13:15:34.076 742 742 E wificond: Failed to get NL80211_STA_INFO_CNAHLOAD
04-24 13:15:34.076 1176 1337 E WificondControl: Noise: 0, Snr: -1, Chload: -1
04-24 13:15:34.076 1176 1339 D HwWifiCHRStateManager: handleMessage : 1001
04-24 13:15:34.077 1176 1339 D HwWifiCHRStateManager: handleUpdateChannel:2412
04-24 13:15:34.077 1176 1339 V HwWifiServiceFactory: get AllImpl object = com.android.server.wifi.HwWifiServiceFactoryImpl@2205edc
04-24 13:15:34.078 1176 1337 D HwCustWifiStateMachineReferenceImpl: checkRssiOverThreshold newRssi = -28
04-24 13:15:34.078 1176 1337 D WifiScoreReport: Score = 100, wifiConnectivityManagerEnabled = false, lowScoreCount = 0
04-24 13:15:35.091 777 777 E : [E/capacity_limit_control] not demo version, not set power control prop!
04-24 13:15:35.304 741 741 E Thermal-daemon: [charger_ic] temp_new :33 temp_old :32
04-24 13:15:35.305 1729 27267 I ThermalService: Receive temperature change, type: 2, temp: 33 from thermald
04-24 13:15:35.306 1729 2560 W HwThermalStateManager: warning: no config thermal type:2 temperature:33
