04-24 13:18:52.730 742 742 E wificond: Failed to get NL80211_RATE_INFO_NOISE
04-24 13:18:52.730 742 742 E wificond: Failed to get NL80211_RATE_INFO_SNR
04-24 13:18:52.730 742 742 E wificond: Failed to get NL80211_STA_INFO_CNAHLOAD
04-24 13:18:52.731 1176 1337 E WificondControl: Noise: 0, Snr: -1, Chload: -1
04-24 13:18:52.731 1176 1339 D HwWifiCHRStateManager: handleMessage : 1001
04-24 13:18:52.731 1176 1339 D HwWifiCHRStateManager: handleUpdateChannel:2412
04-24 13:18:52.731 1176 1339 V HwWifiServiceFactory: get AllImpl object = com.android.server.wifi.HwWifiServiceFactoryImpl@2205edc
04-24 13:18:52.732 1176 1337 D HwCustWifiStateMachineReferenceImpl: checkRssiOverThreshold newRssi = -29
04-24 13:18:52.732 1176 1337 D WifiScoreReport: Score = 100, wifiConnectivityManagerEnabled = false, lowScoreCount = 0
04-24 13:18:52.742 683 683 E HWComposer: getLayerReleaseFence: Invalid display
04-24 13:18:52.742 683 683 E HWComposer: getPresentFence failed for invalid display -1
04-24 13:18:52.763 683 683 E HWComposer: getLayerReleaseFence: Invalid display
04-24 13:18:52.763 683 683 E HWComposer: getPresentFence failed for invalid display -1
04-24 13:18:52.818 683 683 E HWComposer: getLayerReleaseFence: Invalid display
04-24 13:18:52.819 683 683 E HWComposer: getPresentFence failed for invalid display -1
04-24 13:18:52.840 683 683 E HWComposer: getLayerReleaseFence: Invalid display
04-24 13:18:52.840 683 683 E HWComposer: getPresentFence failed for invalid display -1
04-24 13:18:52.888 683 683 E HWComposer: getLayerReleaseFence: Invalid display
04-24 13:18:52.888 683 683 E HWComposer: getPresentFence failed for invalid display -1
04-24 13:18:52.922 683 683 E HWComposer: getLayerReleaseFence: Invalid display
04-24 13:18:52.923 683 683 E HWComposer: getPresentFence failed for invalid display -1
04-24 13:18:52.945 683 683 E HWComposer: getLayerReleaseFence: Invalid display
04-24 13:18:52.945 683 683 E HWComposer: getPresentFence failed for invalid display -1
04-24 13:18:52.992 683 683 E HWComposer: getLayerReleaseFence: Invalid display
04-24 13:18:52.992 683 683 E HWComposer: getPresentFence failed for invalid display -1
04-24 13:18:53.026 683 683 E HWComposer: getLayerReleaseFence: Invalid display
04-24 13:18:53.026 683 683 E HWComposer: getPresentFence failed for invalid display -1
04-24 13:18:53.059 683 683 E HWComposer: getLayerReleaseFence: Invalid display
04-24 13:18:53.059 683 683 E HWComposer: getPresentFence failed for invalid display -1
04-24 13:18:53.093 683 683 E HWComposer: getLayerReleaseFence: Invalid display
04-24 13:18:53.093 683 683 E HWComposer: getPresentFence failed for invalid display -1
04-24 13:18:53.114 683 683 E HWComposer: getLayerReleaseFence: Invalid display
04-24 13:18:53.114 683 683 E HWComposer: getPresentFence failed for invalid display -1
04-24 13:18:53.160 683 683 E HWComposer: getLayerReleaseFence: Invalid display
04-24 13:18:53.160 683 683 E HWComposer: getPresentFence failed for invalid display -1
04-24 13:18:53.193 683 683 E HWComposer: getLayerReleaseFence: Invalid display
04-24 13:18:53.193 683 683 E HWComposer: getPresentFence failed for invalid display -1
04-24 13:18:53.225 683 683 E HWComposer: getLayerReleaseFence: Invalid display
04-24 13:18:53.225 683 683 E HWComposer: getPresentFence failed for invalid display -1
04-24 13:18:53.246 683 683 E HWComposer: getLayerReleaseFence: Invalid display
04-24 13:18:53.246 683 683 E HWComposer: getPresentFence failed for invalid display -1
04-24 13:18:53.290 683 683 E HWComposer: getLayerReleaseFence: Invalid display
04-24 13:18:53.290 683 683 E HWComposer: getPresentFence failed for invalid display -1
04-24 13:18:53.323 683 683 E HWComposer: getLayerReleaseFence: Invalid display
04-24 13:18:53.323 683 683 E HWComposer: getPresentFence failed for invalid display -1
04-24 13:18:53.354 683 683 E HWComposer: getLayerReleaseFence: Invalid display
04-24 13:18:53.355 683 683 E HWComposer: getPresentFence failed for invalid display -1
04-24 13:18:53.387 683 683 E HWComposer: getLayerReleaseFence: Invalid display
04-24 13:18:53.387 683 683 E HWComposer: getPresentFence failed for invalid display -1
04-24 13:18:53.418 683 683 E HWComposer: getLayerReleaseFence: Invalid display
04-24 13:18:53.418 683 683 E HWComposer: getPresentFence failed for invalid display -1
04-24 13:18:53.449 683 683 E HWComposer: getLayerReleaseFence: Invalid display
04-24 13:18:53.449 683 683 E HWComposer: getPresentFence failed for invalid display -1
04-24 13:18:53.479 683 683 E HWComposer: getLayerReleaseFence: Invalid display
04-24 13:18:53.479 683 683 E HWComposer: getPresentFence failed for invalid display -1
04-24 13:18:53.511 683 683 E HWComposer: getLayerReleaseFence: Invalid display
04-24 13:18:53.511 683 683 E HWComposer: getPresentFence failed for invalid display -1
04-24 13:18:53.543 683 683 E HWComposer: getLayerReleaseFence: Invalid display
04-24 13:18:53.543 683 683 E HWComposer: getPresentFence failed for invalid display -1
04-24 13:18:53.575 683 683 E HWComposer: getLayerReleaseFence: Invalid display
04-24 13:18:53.575 683 683 E HWComposer: getPresentFence failed for invalid display -1
04-24 13:18:53.605 683 683 E HWComposer: getLayerReleaseFence: Invalid display
04-24 13:18:53.605 683 683 E HWComposer: getPresentFence failed for invalid display -1
04-24 13:18:53.687 683 683 E HWComposer: getLayerReleaseFence: Invalid display
04-24 13:18:53.687 683 683 E HWComposer: getPresentFence failed for invalid display -1
04-24 13:18:53.736 683 683 E HWComposer: getLayerReleaseFence: Invalid display
04-24 13:18:53.736 683 683 E HWComposer: getPresentFence failed for invalid display -1
04-24 13:18:53.786 683 683 E HWComposer: getLayerReleaseFence: Invalid display
04-24 13:18:53.786 683 683 E HWComposer: getPresentFence failed for invalid display -1
04-24 13:18:53.818 683 683 E HWComposer: getLayerReleaseFence: Invalid display
04-24 13:18:53.819 683 683 E HWComposer: getPresentFence failed for invalid display -1
04-24 13:18:53.854 683 683 E HWComposer: getLayerReleaseFence: Invalid display
04-24 13:18:53.854 683 683 E HWComposer: getPresentFence failed for invalid display -1
04-24 13:18:53.886 683 683 E HWComposer: getLayerReleaseFence: Invalid display
04-24 13:18:53.886 683 683 E HWComposer: getPresentFence failed for invalid display -1
04-24 13:18:53.919 683 683 E HWComposer: getLayerReleaseFence: Invalid display
04-24 13:18:53.919 683 683 E HWComposer: getPresentFence failed for invalid display -1
04-24 13:18:53.952 683 683 E HWComposer: getLayerReleaseFence: Invalid display
04-24 13:18:53.952 683 683 E HWComposer: getPresentFence failed for invalid display -1
04-24 13:18:54.003 683 683 E HWComposer: getLayerReleaseFence: Invalid display
04-24 13:18:54.003 683 683 E HWComposer: getPresentFence failed for invalid display -1
04-24 13:18:54.037 683 683 E HWComposer: getLayerReleaseFence: Invalid display
04-24 13:18:54.037 683 683 E HWComposer: getPresentFence failed for invalid display -1
04-24 13:18:54.059 683 683 E HWComposer: getLayerReleaseFence: Invalid display
04-24 13:18:54.060 683 683 E HWComposer: getPresentFence failed for invalid display -1
04-24 13:18:54.097 1176 1176 I TrafficMonitor: update:rxPkts:11,txPkts:2,rxBytes:1175,txBytes:376
04-24 13:18:54.097 1176 1176 I TrafficMonitor: start expired. level:-1
04-24 13:18:54.097 1176 1176 I TrafficMonitor: gettimer:interval=2000
04-24 13:18:54.100 683 683 E HWComposer: getLayerReleaseFence: Invalid display
04-24 13:18:54.101 683 683 E HWComposer: getPresentFence failed for invalid display -1
04-24 13:18:54.131 683 683 E HWComposer: getLayerReleaseFence: Invalid display
04-24 13:18:54.131 683 683 E HWComposer: getPresentFence failed for invalid display -1
04-24 13:18:54.160 683 683 E HWComposer: getLayerReleaseFence: Invalid display
04-24 13:18:54.160 683 683 E HWComposer: getPresentFence failed for invalid display -1
04-24 13:18:54.179 683 683 E HWComposer: getLayerReleaseFence: Invalid display
04-24 13:18:54.179 683 683 E HWComposer: getPresentFence failed for invalid display -1
04-24 13:18:54.218 683 683 E HWComposer: getLayerReleaseFence: Invalid display
04-24 13:18:54.218 683 683 E HWComposer: getPresentFence failed for invalid display -1
04-24 13:18:54.250 683 683 E HWComposer: getLayerReleaseFence: Invalid display
04-24 13:18:54.250 683 683 E HWComposer: getPresentFence failed for invalid display -1
04-24 13:18:54.278 683 683 E HWComposer: getLayerReleaseFence: Invalid display
04-24 13:18:54.278 683 683 E HWComposer: getPresentFence failed for invalid display -1
04-24 13:18:54.305 683 683 E HWComposer: getLayerReleaseFence: Invalid display
04-24 13:18:54.305 683 683 E HWComposer: getPresentFence failed for invalid display -1
04-24 13:18:54.333 683 683 E HWComposer: getLayerReleaseFence: Invalid display
04-24 13:18:54.333 683 683 E HWComposer: getPresentFence failed for invalid display -1
04-24 13:18:54.364 683 683 E HWComposer: getLayerReleaseFence: Invalid display
04-24 13:18:54.364 683 683 E HWComposer: getPresentFence failed for invalid display -1
04-24 13:18:54.384 683 683 E HWComposer: getLayerReleaseFence: Invalid display
04-24 13:18:54.384 683 683 E HWComposer: getPresentFence failed for invalid display -1
04-24 13:18:54.423 683 683 E HWComposer: getLayerReleaseFence: Invalid display
04-24 13:18:54.423 683 683 E HWComposer: getPresentFence failed for invalid display -1
04-24 13:18:54.452 683 683 E HWComposer: getLayerReleaseFence: Invalid display
04-24 13:18:54.452 683 683 E HWComposer: getPresentFence failed for invalid display -1
04-24 13:18:54.485 683 683 E HWComposer: getLayerReleaseFence: Invalid display
04-24 13:18:54.485 683 683 E HWComposer: getPresentFence failed for invalid display -1
04-24 13:18:54.516 683 683 E HWComposer: getLayerReleaseFence: Invalid display
04-24 13:18:54.516 683 683 E HWComposer: getPresentFence failed for invalid display -1
04-24 13:18:54.545 683 683 E HWComposer: getLayerReleaseFence: Invalid display
04-24 13:18:54.546 683 683 E HWComposer: getPresentFence failed for invalid display -1
04-24 13:18:54.566 683 683 E HWComposer: getLayerReleaseFence: Invalid display
04-24 13:18:54.566 683 683 E HWComposer: getPresentFence failed for invalid display -1
04-24 13:18:54.605 683 683 E HWComposer: getLayerReleaseFence: Invalid display
04-24 13:18:54.605 683 683 E HWComposer: getPresentFence failed for invalid display -1
04-24 13:18:54.634 683 683 E HWComposer: getLayerReleaseFence: Invalid display
04-24 13:18:54.634 683 683 E HWComposer: getPresentFence failed for invalid display -1
04-24 13:18:54.654 683 683 E HWComposer: getLayerReleaseFence: Invalid display
04-24 13:18:54.655 683 683 E HWComposer: getPresentFence failed for invalid display -1
04-24 13:18:54.695 683 683 E HWComposer: getLayerReleaseFence: Invalid display
04-24 13:18:54.695 683 683 E HWComposer: getPresentFence failed for invalid display -1
04-24 13:18:54.724 683 683 E HWComposer: getLayerReleaseFence: Invalid display
04-24 13:18:54.725 683 683 E HWComposer: getPresentFence failed for invalid display -1
04-24 13:18:54.768 683 683 E HWComposer: getLayerReleaseFence: Invalid display
04-24 13:18:54.768 683 683 E HWComposer: getPresentFence failed for invalid display -1
04-24 13:18:54.802 683 683 E HWComposer: getLayerReleaseFence: Invalid display
04-24 13:18:54.802 683 683 E HWComposer: getPresentFence failed for invalid display -1
04-24 13:18:54.837 683 683 E HWComposer: getLayerReleaseFence: Invalid display
04-24 13:18:54.837 683 683 E HWComposer: getPresentFence failed for invalid display -1
04-24 13:18:54.863 683 683 E HWComposer: getLayerReleaseFence: Invalid display
04-24 13:18:54.863 683 683 E HWComposer: getPresentFence failed for invalid display -1
04-24 13:18:54.907 683 683 E HWComposer: getLayerReleaseFence: Invalid display
04-24 13:18:54.907 683 683 E HWComposer: getPresentFence failed for invalid display -1
04-24 13:18:54.935 683 683 E HWComposer: getLayerReleaseFence: Invalid display
04-24 13:18:54.935 683 683 E HWComposer: getPresentFence failed for invalid display -1
04-24 13:18:54.968 683 683 E HWComposer: getLayerReleaseFence: Invalid display
04-24 13:18:54.968 683 683 E HWComposer: getPresentFence failed for invalid display -1
04-24 13:18:55.002 683 683 E HWComposer: getLayerReleaseFence: Invalid display
04-24 13:18:55.002 683 683 E HWComposer: getPresentFence failed for invalid display -1
04-24 13:18:55.035 683 683 E HWComposer: getLayerReleaseFence: Invalid display
04-24 13:18:55.035 683 683 E HWComposer: getPresentFence failed for invalid display -1
04-24 13:18:55.068 683 683 E HWComposer: getLayerReleaseFence: Invalid display
04-24 13:18:55.068 683 683 E HWComposer: getPresentFence failed for invalid display -1
04-24 13:18:55.102 683 683 E HWComposer: getLayerReleaseFence: Invalid display
04-24 13:18:55.102 683 683 E HWComposer: getPresentFence failed for invalid display -1
04-24 13:18:55.153 683 683 E HWComposer: getLayerReleaseFence: Invalid display
04-24 13:18:55.154 683 683 E HWComposer: getPresentFence failed for invalid display -1
04-24 13:18:55.185 683 683 E HWComposer: getLayerReleaseFence: Invalid display
04-24 13:18:55.185 683 683 E HWComposer: getPresentFence failed for invalid display -1
04-24 13:18:55.236 683 683 E HWComposer: getLayerReleaseFence: Invalid display
04-24 13:18:55.236 683 683 E HWComposer: getPresentFence failed for invalid display -1
04-24 13:18:55.253 1176 1338 D HwWifiStatStore: handleMessage : 200
04-24 13:18:55.268 683 683 E HWComposer: getLayerReleaseFence: Invalid display
04-24 13:18:55.268 683 683 E HWComposer: getPresentFence failed for invalid display -1
04-24 13:18:55.302 683 683 E HWComposer: getLayerReleaseFence: Invalid display
04-24 13:18:55.302 683 683 E HWComposer: getPresentFence failed for invalid display -1
04-24 13:18:55.352 683 683 E HWComposer: getLayerReleaseFence: Invalid display
04-24 13:18:55.353 683 683 E HWComposer: getPresentFence failed for invalid display -1
04-24 13:18:55.385 683 683 E HWComposer: getLayerReleaseFence: Invalid display
04-24 13:18:55.385 683 683 E HWComposer: getPresentFence failed for invalid display -1
04-24 13:18:55.418 683 683 E HWComposer: getLayerReleaseFence: Invalid display
04-24 13:18:55.418 683 683 E HWComposer: getPresentFence failed for invalid display -1
04-24 13:18:55.469 683 683 E HWComposer: getLayerReleaseFence: Invalid display
04-24 13:18:55.469 683 683 E HWComposer: getPresentFence failed for invalid display -1
04-24 13:18:55.489 741 741 E Thermal-daemon: [battery] temp_new :31 temp_old :30
04-24 13:18:55.489 1729 4039 I ThermalService: Receive temperature change, type: 9, temp: 31 from thermald
04-24 13:18:55.490 1729 4039 I ThermalTrace_ThermalRaise: Battery:31
04-24 13:18:55.490 1729 2560 W HwThermalStateManager: warning: no config thermal type:9 temperature:31
04-24 13:18:55.490 741 741 E Thermal-daemon: Report temperature: [battery] temp :31 report_threshold:1
04-24 13:18:55.517 1176 1392 D HwArpVerifier: check_wifi_state_mode = 0 mCheckStateToken=25 token25
04-24 13:18:55.519 1176 1392 D wifiserviceimpl: netmask =16777215
04-24 13:18:55.522 683 683 E HWComposer: getLayerReleaseFence: Invalid display
04-24 13:18:55.522 683 683 E HWComposer: getPresentFence failed for invalid display -1
04-24 13:18:55.553 683 683 E HWComposer: getLayerReleaseFence: Invalid display
04-24 13:18:55.553 683 683 E HWComposer: getPresentFence failed for invalid display -1
04-24 13:18:55.561 1176 1392 D HWMultiGW: setGateWay 192.168.1.1
04-24 13:18:55.585 683 683 E HWComposer: getLayerReleaseFence: Invalid display
04-24 13:18:55.585 683 683 E HWComposer: getPresentFence failed for invalid display -1
04-24 13:18:55.618 683 683 E HWComposer: getLayerReleaseFence: Invalid display
04-24 13:18:55.618 683 683 E HWComposer: getPresentFence failed for invalid display -1
04-24 13:18:55.671 777 777 E : [E/capacity_limit_control] not demo version, not set power control prop!
04-24 13:18:55.686 683 683 E HWComposer: getLayerReleaseFence: Invalid display
04-24 13:18:55.687 683 683 E HWComposer: getPresentFence failed for invalid display -1
04-24 13:18:55.719 683 683 E HWComposer: getLayerReleaseFence: Invalid display
04-24 13:18:55.719 683 683 E HWComposer: getPresentFence failed for invalid display -1
04-24 13:18:55.736 679 679 E WifiHAL : enter wifi_get_link_stats
04-24 13:18:55.740 742 742 E wificond: Failed to get NL80211_RATE_INFO_NOISE
04-24 13:18:55.740 742 742 E wificond: Failed to get NL80211_RATE_INFO_SNR
04-24 13:18:55.741 742 742 E wificond: Failed to get NL80211_STA_INFO_CNAHLOAD
04-24 13:18:55.741 1176 1337 E WificondControl: Noise: 0, Snr: -1, Chload: -1
04-24 13:18:55.742 1176 1339 D HwWifiCHRStateManager: handleMessage : 1001
04-24 13:18:55.742 1176 1339 D HwWifiCHRStateManager: handleUpdateChannel:2412
04-24 13:18:55.742 1176 1339 V HwWifiServiceFactory: get AllImpl object = com.android.server.wifi.HwWifiServiceFactoryImpl@2205edc
04-24 13:18:55.743 1176 1337 D HwCustWifiStateMachineReferenceImpl: checkRssiOverThreshold newRssi = -29
04-24 13:18:55.744 1176 1337 D WifiScoreReport: Score = 100, wifiConnectivityManagerEnabled = false, lowScoreCount = 0
04-24 13:18:55.751 683 683 E HWComposer: getLayerReleaseFence: Invalid display
04-24 13:18:55.752 683 683 E HWComposer: getPresentFence failed for invalid display -1
04-24 13:18:55.803 683 683 E HWComposer: getLayerReleaseFence: Invalid display
04-24 13:18:55.803 683 683 E HWComposer: getPresentFence failed for invalid display -1
04-24 13:18:55.835 683 683 E HWComposer: getLayerReleaseFence: Invalid display
04-24 13:18:55.835 683 683 E HWComposer: getPresentFence failed for invalid display -1
04-24 13:18:55.867 683 683 E HWComposer: getLayerReleaseFence: Invalid display
04-24 13:18:55.867 683 683 E HWComposer: getPresentFence failed for invalid display -1
04-24 13:18:55.901 683 683 E HWComposer: getLayerReleaseFence: Invalid display
04-24 13:18:55.901 683 683 E HWComposer: getPresentFence failed for invalid display -1
04-24 13:18:55.935 683 683 E HWComposer: getLayerReleaseFence: Invalid display
04-24 13:18:55.935 683 683 E HWComposer: getPresentFence failed for invalid display -1
04-24 13:18:55.968 683 683 E HWComposer: getLayerReleaseFence: Invalid display
04-24 13:18:55.968 683 683 E HWComposer: getPresentFence failed for invalid display -1
04-24 13:18:56.017 683 683 E HWComposer: getLayerReleaseFence: Invalid display
04-24 13:18:56.018 683 683 E HWComposer: getPresentFence failed for invalid display -1
04-24 13:18:56.051 683 683 E HWComposer: getLayerReleaseFence: Invalid display
04-24 13:18:56.051 683 683 E HWComposer: getPresentFence failed for invalid display -1
04-24 13:18:56.084 683 683 E HWComposer: getLayerReleaseFence: Invalid display
04-24 13:18:56.084 683 683 E HWComposer: getPresentFence failed for invalid display -1
04-24 13:18:56.098 1176 1176 I TrafficMonitor: update:rxPkts:21,txPkts:2,rxBytes:2150,txBytes:376
04-24 13:18:56.098 1176 1176 I TrafficMonitor: start expired. level:-1
04-24 13:18:56.098 1176 1176 I TrafficMonitor: gettimer:interval=2000
04-24 13:18:56.137 683 683 E HWComposer: getLayerReleaseFence: Invalid display
04-24 13:18:56.137 683 683 E HWComposer: getPresentFence failed for invalid display -1
04-24 13:18:56.155 683 683 E HWComposer: getLayerReleaseFence: Invalid display
04-24 13:18:56.155 683 683 E HWComposer: getPresentFence failed for invalid display -1
04-24 13:18:56.186 683 683 E HWComposer: getLayerReleaseFence: Invalid display
04-24 13:18:56.186 683 683 E HWComposer: getPresentFence failed for invalid display -1
04-24 13:18:56.219 683 683 E HWComposer: getLayerReleaseFence: Invalid display
04-24 13:18:56.219 683 683 E HWComposer: getPresentFence failed for invalid display -1
04-24 13:18:56.269 683 683 E HWComposer: getLayerReleaseFence: Invalid display
04-24 13:18:56.269 683 683 E HWComposer: getPresentFence failed for invalid display -1
04-24 13:18:56.302 683 683 E HWComposer: getLayerReleaseFence: Invalid display
04-24 13:18:56.302 683 683 E HWComposer: getPresentFence failed for invalid display -1
04-24 13:18:56.334 683 683 E HWComposer: getLayerReleaseFence: Invalid display
04-24 13:18:56.335 683 683 E HWComposer: getPresentFence failed for invalid display -1
04-24 13:18:56.385 683 683 E HWComposer: getLayerReleaseFence: Invalid display
04-24 13:18:56.385 683 683 E HWComposer: getPresentFence failed for invalid display -1
04-24 13:18:56.418 683 683 E HWComposer: getLayerReleaseFence: Invalid display
04-24 13:18:56.418 683 683 E HWComposer: getPresentFence failed for invalid display -1
04-24 13:18:56.468 683 683 E HWComposer: getLayerReleaseFence: Invalid display
04-24 13:18:56.469 683 683 E HWComposer: getPresentFence failed for invalid display -1
04-24 13:18:56.502 683 683 E HWComposer: getLayerReleaseFence: Invalid display
04-24 13:18:56.502 683 683 E HWComposer: getPresentFence failed for invalid display -1
04-24 13:18:56.537 683 683 E HWComposer: getLayerReleaseFence: Invalid display
04-24 13:18:56.537 683 683 E HWComposer: getPresentFence failed for invalid display -1
04-24 13:18:56.561 1176 1392 D HwArpVerifier: getGateWayARPResponses: arp rtt = 5
04-24 13:18:56.561 1176 1392 E HwCHRWifiRSSIGroupSummery: updatArpSummery mRSSI:-29 HwCHRWifiRSSIGroup [rssi_index=4, rtt_tcp_packets=0, rtt_tcp_duration=0, rtt_lan_duration=9046, rtt_lan_failures=0, rtt_lan_succ=444, rtt_lan_max=939, rtt_lan_min=0,same_area_frequency=0,adjacent_area_frequency=0]
04-24 13:18:56.569 683 683 E HWComposer: getLayerReleaseFence: Invalid display
04-24 13:18:56.569 683 683 E HWComposer: getPresentFence failed for invalid display -1
04-24 13:18:56.583 1176 1392 D HwArpVerifier: There are 1 mac address for gateway
04-24 13:18:56.583 1176 1392 D HwArpVerifier: from HEART_CHECK transmit to state:HEART_CHECK
04-24 13:18:56.583 1176 1392 D HwArpVerifier: msg what=124 arg1(token)=25 arg2(mode)=0 delay=30000
04-24 13:18:56.583 1176 1392 D HwArpVerifier: performPollAndLog:
04-24 13:18:56.584 1176 1392 D hw_netstat: total/56/1024,com.jiansheng.blmn.demo/0/940,unknown:0/56/84
04-24 13:18:56.620 683 683 E HWComposer: getLayerReleaseFence: Invalid display
04-24 13:18:56.620 683 683 E HWComposer: getPresentFence failed for invalid display -1
04-24 13:18:56.667 683 683 E HWComposer: getLayerReleaseFence: Invalid display
04-24 13:18:56.667 683 683 E HWComposer: getPresentFence failed for invalid display -1
04-24 13:18:56.718 683 683 E HWComposer: getLayerReleaseFence: Invalid display
04-24 13:18:56.718 683 683 E HWComposer: getPresentFence failed for invalid display -1
04-24 13:18:56.750 683 683 E HWComposer: getLayerReleaseFence: Invalid display
04-24 13:18:56.751 683 683 E HWComposer: getPresentFence failed for invalid display -1
04-24 13:18:56.784 683 683 E HWComposer: getLayerReleaseFence: Invalid display
04-24 13:18:56.784 683 683 E HWComposer: getPresentFence failed for invalid display -1
04-24 13:18:56.818 683 683 E HWComposer: getLayerReleaseFence: Invalid display
04-24 13:18:56.818 683 683 E HWComposer: getPresentFence failed for invalid display -1
04-24 13:18:56.868 683 683 E HWComposer: getLayerReleaseFence: Invalid display
04-24 13:18:56.868 683 683 E HWComposer: getPresentFence failed for invalid display -1
04-24 13:18:56.918 683 683 E HWComposer: getLayerReleaseFence: Invalid display
04-24 13:18:56.918 683 683 E HWComposer: getPresentFence failed for invalid display -1
04-24 13:18:56.969 683 683 E HWComposer: getLayerReleaseFence: Invalid display
04-24 13:18:56.969 683 683 E HWComposer: getPresentFence failed for invalid display -1
04-24 13:18:57.000 683 683 E HWComposer: getLayerReleaseFence: Invalid display
04-24 13:18:57.000 683 683 E HWComposer: getPresentFence failed for invalid display -1
04-24 13:18:57.095 1176 1176 I TrafficMonitor: expired arrive. level:-1
04-24 13:18:57.095 1176 1176 I TrafficMonitor: during_ms:2002,period_ms:2000
04-24 13:18:57.095 1176 1176 I TrafficMonitor: count:405,rx_sum:21,tx_sum:2,rxBytes:2150,during_ms:2002,rx_speed:1073.926073926074,tx_speed:187.81218781218783,rto:10.5
04-24 13:18:57.095 1176 1176 D HuaweiWifiWatchdogStateMachine: speed: rxpkt:21, rxSpd:1073B/s, txpkt:2, txSpd:187
04-24 13:18:57.121 683 683 E HWComposer: getLayerReleaseFence: Invalid display
04-24 13:18:57.121 683 683 E HWComposer: getPresentFence failed for invalid display -1
04-24 13:18:57.186 683 683 E HWComposer: getLayerReleaseFence: Invalid display
04-24 13:18:57.187 683 683 E HWComposer: getPresentFence failed for invalid display -1
04-24 13:18:57.251 683 683 E HWComposer: getLayerReleaseFence: Invalid display
04-24 13:18:57.251 683 683 E HWComposer: getPresentFence failed for invalid display -1
04-24 13:18:57.306 683 683 E HWComposer: getLayerReleaseFence: Invalid display
04-24 13:18:57.306 683 683 E HWComposer: getPresentFence failed for invalid display -1
04-24 13:18:57.334 683 683 E HWComposer: getLayerReleaseFence: Invalid display
04-24 13:18:57.334 683 683 E HWComposer: getPresentFence failed for invalid display -1
04-24 13:18:57.367 683 683 E HWComposer: getLayerReleaseFence: Invalid display
04-24 13:18:57.367 683 683 E HWComposer: getPresentFence failed for invalid display -1
04-24 13:18:57.401 683 683 E HWComposer: getLayerReleaseFence: Invalid display
04-24 13:18:57.401 683 683 E HWComposer: getPresentFence failed for invalid display -1
04-24 13:18:57.439 683 683 E HWComposer: getLayerReleaseFence: Invalid display
04-24 13:18:57.439 683 683 E HWComposer: getPresentFence failed for invalid display -1
04-24 13:18:57.492 683 683 E HWComposer: getLayerReleaseFence: Invalid display
04-24 13:18:57.492 683 683 E HWComposer: getPresentFence failed for invalid display -1
04-24 13:18:57.527 683 683 E HWComposer: getLayerReleaseFence: Invalid display
04-24 13:18:57.527 683 683 E HWComposer: getPresentFence failed for invalid display -1
04-24 13:18:57.563 683 683 E HWComposer: getLayerReleaseFence: Invalid display
04-24 13:18:57.563 683 683 E HWComposer: getPresentFence failed for invalid display -1
04-24 13:18:57.595 683 683 E HWComposer: getLayerReleaseFence: Invalid display
04-24 13:18:57.595 683 683 E HWComposer: getPresentFence failed for invalid display -1
04-24 13:18:57.626 683 683 E HWComposer: getLayerReleaseFence: Invalid display
04-24 13:18:57.626 683 683 E HWComposer: getPresentFence failed for invalid display -1
04-24 13:18:57.651 683 683 E HWComposer: getLayerReleaseFence: Invalid display
04-24 13:18:57.651 683 683 E HWComposer: getPresentFence failed for invalid display -1
04-24 13:18:57.684 683 683 E HWComposer: getLayerReleaseFence: Invalid display
04-24 13:18:57.685 683 683 E HWComposer: getPresentFence failed for invalid display -1
04-24 13:18:57.735 683 683 E HWComposer: getLayerReleaseFence: Invalid display
04-24 13:18:57.735 683 683 E HWComposer: getPresentFence failed for invalid display -1
04-24 13:18:57.768 683 683 E HWComposer: getLayerReleaseFence: Invalid display
04-24 13:18:57.768 683 683 E HWComposer: getPresentFence failed for invalid display -1
04-24 13:18:57.802 683 683 E HWComposer: getLayerReleaseFence: Invalid display
04-24 13:18:57.802 683 683 E HWComposer: getPresentFence failed for invalid display -1
04-24 13:18:57.834 683 683 E HWComposer: getLayerReleaseFence: Invalid display
04-24 13:18:57.834 683 683 E HWComposer: getPresentFence failed for invalid display -1
04-24 13:18:57.867 683 683 E HWComposer: getLayerReleaseFence: Invalid display
04-24 13:18:57.867 683 683 E HWComposer: getPresentFence failed for invalid display -1
04-24 13:18:57.918 683 683 E HWComposer: getLayerReleaseFence: Invalid display
04-24 13:18:57.918 683 683 E HWComposer: getPresentFence failed for invalid display -1
04-24 13:18:57.951 683 683 E HWComposer: getLayerReleaseFence: Invalid display
04-24 13:18:57.951 683 683 E HWComposer: getPresentFence failed for invalid display -1
04-24 13:18:58.003 683 683 E HWComposer: getLayerReleaseFence: Invalid display
04-24 13:18:58.003 683 683 E HWComposer: getPresentFence failed for invalid display -1
04-24 13:18:58.034 683 683 E HWComposer: getLayerReleaseFence: Invalid display
04-24 13:18:58.034 683 683 E HWComposer: getPresentFence failed for invalid display -1
04-24 13:18:58.068 683 683 E HWComposer: getLayerReleaseFence: Invalid display
04-24 13:18:58.068 683 683 E HWComposer: getPresentFence failed for invalid display -1
04-24 13:18:58.089 683 683 E HWComposer: getLayerReleaseFence: Invalid display
04-24 13:18:58.090 683 683 E HWComposer: getPresentFence failed for invalid display -1
04-24 13:18:58.099 1176 1176 I TrafficMonitor: update:rxPkts:23,txPkts:4,rxBytes:1715,txBytes:496
04-24 13:18:58.099 1176 1176 I TrafficMonitor: start expired. level:-1
04-24 13:18:58.099 1176 1176 I TrafficMonitor: gettimer:interval=2000
04-24 13:18:58.120 683 683 E HWComposer: getLayerReleaseFence: Invalid display
04-24 13:18:58.120 683 683 E HWComposer: getPresentFence failed for invalid display -1
04-24 13:18:58.169 683 683 E HWComposer: getLayerReleaseFence: Invalid display
04-24 13:18:58.169 683 683 E HWComposer: getPresentFence failed for invalid display -1
04-24 13:18:58.201 683 683 E HWComposer: getLayerReleaseFence: Invalid display
04-24 13:18:58.201 683 683 E HWComposer: getPresentFence failed for invalid display -1
04-24 13:18:58.234 683 683 E HWComposer: getLayerReleaseFence: Invalid display
04-24 13:18:58.234 683 683 E HWComposer: getPresentFence failed for invalid display -1
04-24 13:18:58.257 1176 1338 D HwWifiStatStore: handleMessage : 200
04-24 13:18:58.267 683 683 E HWComposer: getLayerReleaseFence: Invalid display
04-24 13:18:58.267 683 683 E HWComposer: getPresentFence failed for invalid display -1
04-24 13:18:58.317 683 683 E HWComposer: getLayerReleaseFence: Invalid display
04-24 13:18:58.318 683 683 E HWComposer: getPresentFence failed for invalid display -1
04-24 13:18:58.350 683 683 E HWComposer: getLayerReleaseFence: Invalid display
04-24 13:18:58.350 683 683 E HWComposer: getPresentFence failed for invalid display -1
04-24 13:18:58.384 683 683 E HWComposer: getLayerReleaseFence: Invalid display
04-24 13:18:58.384 683 683 E HWComposer: getPresentFence failed for invalid display -1
04-24 13:18:58.434 683 683 E HWComposer: getLayerReleaseFence: Invalid display
04-24 13:18:58.434 683 683 E HWComposer: getPresentFence failed for invalid display -1
04-24 13:18:58.467 683 683 E HWComposer: getLayerReleaseFence: Invalid display
04-24 13:18:58.467 683 683 E HWComposer: getPresentFence failed for invalid display -1
04-24 13:18:58.519 683 683 E HWComposer: getLayerReleaseFence: Invalid display
04-24 13:18:58.519 683 683 E HWComposer: getPresentFence failed for invalid display -1
04-24 13:18:58.527 742 742 E wificond: Failed to get NL80211_RATE_INFO_NOISE
04-24 13:18:58.527 742 742 E wificond: Failed to get NL80211_RATE_INFO_SNR
04-24 13:18:58.527 742 742 E wificond: Failed to get NL80211_STA_INFO_CNAHLOAD
04-24 13:18:58.527 1176 1337 E WificondControl: Noise: 0, Snr: -1, Chload: -1
04-24 13:18:58.528 1176 1339 D HwWifiCHRStateManager: handleMessage : 1001
04-24 13:18:58.528 1176 1339 D HwWifiCHRStateManager: handleUpdateChannel:2412
04-24 13:18:58.528 1176 1339 V HwWifiServiceFactory: get AllImpl object = com.android.server.wifi.HwWifiServiceFactoryImpl@2205edc
04-24 13:18:58.530 742 742 E wificond: Failed to get NL80211_RATE_INFO_NOISE
04-24 13:18:58.530 742 742 E wificond: Failed to get NL80211_RATE_INFO_SNR
04-24 13:18:58.530 742 742 E wificond: Failed to get NL80211_STA_INFO_CNAHLOAD
04-24 13:18:58.531 1176 1406 D HuaweiWifiWatchdogStateMachine: LM mrssi=-28
04-24 13:18:58.531 1176 1406 D HuaweiWifiWatchdogStateMachine: a4:fa:**:**:eb:b0 current loss[-45]=0%, volume=13
04-24 13:18:58.531 1176 1406 D HuaweiWifiWatchdogStateMachine: a4:fa:**:**:eb:b0 history loss[-45]=0%, volume=13826287
04-24 13:18:58.532 1176 1406 I HuaweiWifiWatchdogStateMachine: spd good count:0, add sc:0.0, rate:1.0
04-24 13:18:58.532 1176 1406 I HuaweiWifiWatchdogStateMachine: current mHighDataFlowRate = 1.0
04-24 13:18:58.532 1176 1406 I HuaweiWifiWatchdogStateMachine: POta txb txg rxg:0, 100, 0. Lr =0% Totpkt=100
04-24 13:18:58.534 1176 1176 D WiFi_PRO: MSG_RETURN_AP_CURRY_RSSI rssi = -28
04-24 13:18:58.534 1176 3109 D HwWifiConnectivityMonitor: ENTER: notifyTopUidTcpInfo, tx = 2, rx = 2, reTx = 0, uid = 10848, tr = 0.0
04-24 13:18:58.534 1176 1176 I QosMonitor: queryRtt: rtt_type = 3
04-24 13:18:58.534 1176 3109 D HwWifiConnectivityMonitor: ENTER: notifyTopUidTcpInfo, rtt = 72, rttPkts = 1, aveRtt = 72.0, app = com.jiansheng.blmn.demo
04-24 13:18:58.534 1176 3109 D HwUidTcpMonitor: parseWlanUidTcpStatistics lastUidTcpStatInfo = [ mUid = 10848 mPacketName = com.jiansheng.blmn.demo mSendSegs = 2692 mResendSegs = 0 mRcvSegs = 3088 ]
04-24 13:18:58.534 1176 1400 D HwWifiConnectivityMonitor: handleTopUidInternetStatusChanged, uid = 10848, status = 0
04-24 13:18:58.534 1176 1176 I HwQoEJNI: send_cmd_kernel. begin
04-24 13:18:58.534 1176 1176 I HwQoEJNI: send_cmd_kernel. end
04-24 13:18:58.534 1176 1176 I QosMonitor: postEventFromNative: msg=100,arg1=4,arg2=10
04-24 13:18:58.534 1176 1176 I HwQoEJNI: send_cmd_kernel. begin
04-24 13:18:58.534 1176 1176 I HwQoEJNI: send_cmd_kernel. end
04-24 13:18:58.534 1176 1176 I QosMonitor: postEventFromNative: msg=100,arg1=0,arg2=10
04-24 13:18:58.534 1176 1176 D HuaweiWifiWatchdogStateMachine: a4:fa:**:**:eb:b0 current RTT[-45]=720, volume=1
04-24 13:18:58.534 1176 1176 D HuaweiWifiWatchdogStateMachine: a4:fa:**:**:eb:b0 history RTT[-45]=510, volume=60981
04-24 13:18:58.534 1176 1176 D HuaweiWifiWatchdogStateMachine: setSampleRtt: rtt=720,rtt_pkts =1,rtt_when=1
04-24 13:18:58.535 1176 1176 I MQoS : rtt=720,tcp_tx_pkts=481235,tcp_rx_pkts=921675
04-24 13:18:58.535 1176 1176 I QosMonitor: resetRtt: rtt_type = 3
04-24 13:18:58.535 1176 1176 I HwQoEJNI: send_cmd_kernel. begin
04-24 13:18:58.535 1176 1176 I HwQoEJNI: send_cmd_kernel. end
04-24 13:18:58.536 1176 1406 D HuaweiWifiWatchdogStateMachine: dumpTcpResult: len=10,rtt=720,rttPkt=1,rttWn=1,cgt=0,cgtWn=0
04-24 13:18:58.536 1176 1406 I HuaweiWifiWatchdogStateMachine: PTcp RTT:0, rtt pkt=0, tcp_rx=2, tcp_tx=2, tcp_reTran=0, rtRate=0
04-24 13:18:58.536 1176 1406 D HuaweiWifiWatchdogStateMachine: mRssiBadCount =0, RSSI not bad.
04-24 13:18:58.536 1176 1406 D HuaweiWifiWatchdogStateMachine: detectNetworkAvailable:hw.wifipro.dns_fail_count = 131
04-24 13:18:58.536 1176 1406 D HuaweiWifiWatchdogStateMachine: detectNetworkAvailable: tcpRxPkts != 0, reset
04-24 13:18:58.536 1176 1406 D HuaweiWifiWatchdogStateMachine: bqeLevel = 2 rtt=0,rtt_pkts=0 speed=1533 rssi=-28
04-24 13:18:58.536 1176 1406 D HuaweiWifiWatchdogStateMachine: Enter updateQoeLevel level = 2
04-24 13:18:58.536 1176 1406 D HuaweiWifiWatchdogStateMachine: updateQoeLevel current level equal to mLastDetectLevel, return
04-24 13:18:58.536 1176 1406 D HuaweiWifiWatchdogStateMachine: did not have any network action
04-24 13:18:58.540 1176 3515 I MQoS : QOS_level:0(0),wifi-link;SIM error;use level-0
04-24 13:18:58.553 683 683 E HWComposer: getLayerReleaseFence: Invalid display
04-24 13:18:58.553 683 683 E HWComposer: getPresentFence failed for invalid display -1
04-24 13:18:58.573 683 683 E HWComposer: getLayerReleaseFence: Invalid display
04-24 13:18:58.573 683 683 E HWComposer: getPresentFence failed for invalid display -1
04-24 13:18:58.616 683 683 E HWComposer: getLayerReleaseFence: Invalid display
04-24 13:18:58.616 683 683 E HWComposer: getPresentFence failed for invalid display -1
04-24 13:18:58.650 683 683 E HWComposer: getLayerReleaseFence: Invalid display
04-24 13:18:58.650 683 683 E HWComposer: getPresentFence failed for invalid display -1
04-24 13:18:58.683 683 683 E HWComposer: getLayerReleaseFence: Invalid display
04-24 13:18:58.683 683 683 E HWComposer: getPresentFence failed for invalid display -1
04-24 13:18:58.719 683 683 E HWComposer: getLayerReleaseFence: Invalid display
04-24 13:18:58.719 683 683 E HWComposer: getPresentFence failed for invalid display -1
04-24 13:18:58.745 679 679 E WifiHAL : enter wifi_get_link_stats
04-24 13:18:58.746 742 742 E wificond: Failed to get NL80211_RATE_INFO_NOISE
04-24 13:18:58.746 742 742 E wificond: Failed to get NL80211_RATE_INFO_SNR
04-24 13:18:58.746 742 742 E wificond: Failed to get NL80211_STA_INFO_CNAHLOAD
04-24 13:18:58.747 1176 1337 E WificondControl: Noise: 0, Snr: -1, Chload: -1
04-24 13:18:58.748 1176 1339 D HwWifiCHRStateManager: handleMessage : 1001
04-24 13:18:58.748 1176 1339 D HwWifiCHRStateManager: handleUpdateChannel:2412
04-24 13:18:58.748 1176 1339 V HwWifiServiceFactory: get AllImpl object = com.android.server.wifi.HwWifiServiceFactoryImpl@2205edc
04-24 13:18:58.749 1176 1337 D HwCustWifiStateMachineReferenceImpl: checkRssiOverThreshold newRssi = -28
04-24 13:18:58.750 1176 1337 D WifiScoreReport: Score = 100, wifiConnectivityManagerEnabled = false, lowScoreCount = 0
04-24 13:18:58.767 683 683 E HWComposer: getLayerReleaseFence: Invalid display
04-24 13:18:58.767 683 683 E HWComposer: getPresentFence failed for invalid display -1
04-24 13:18:58.800 683 683 E HWComposer: getLayerReleaseFence: Invalid display
04-24 13:18:58.800 683 683 E HWComposer: getPresentFence failed for invalid display -1
04-24 13:18:58.867 683 683 E HWComposer: getLayerReleaseFence: Invalid display
04-24 13:18:58.868 683 683 E HWComposer: getPresentFence failed for invalid display -1
04-24 13:18:58.900 683 683 E HWComposer: getLayerReleaseFence: Invalid display
04-24 13:18:58.900 683 683 E HWComposer: getPresentFence failed for invalid display -1
04-24 13:18:58.952 683 683 E HWComposer: getLayerReleaseFence: Invalid display
04-24 13:18:58.952 683 683 E HWComposer: getPresentFence failed for invalid display -1
04-24 13:18:59.001 683 683 E HWComposer: getLayerReleaseFence: Invalid display
04-24 13:18:59.002 683 683 E HWComposer: getPresentFence failed for invalid display -1
04-24 13:18:59.034 683 683 E HWComposer: getLayerReleaseFence: Invalid display
04-24 13:18:59.034 683 683 E HWComposer: getPresentFence failed for invalid display -1
04-24 13:18:59.067 683 683 E HWComposer: getLayerReleaseFence: Invalid display
04-24 13:18:59.067 683 683 E HWComposer: getPresentFence failed for invalid display -1
04-24 13:18:59.117 683 683 E HWComposer: getLayerReleaseFence: Invalid display
04-24 13:18:59.117 683 683 E HWComposer: getPresentFence failed for invalid display -1
04-24 13:18:59.167 683 683 E HWComposer: getLayerReleaseFence: Invalid display
04-24 13:18:59.167 683 683 E HWComposer: getPresentFence failed for invalid display -1
04-24 13:18:59.218 683 683 E HWComposer: getLayerReleaseFence: Invalid display
04-24 13:18:59.219 683 683 E HWComposer: getPresentFence failed for invalid display -1
04-24 13:18:59.268 683 683 E HWComposer: getLayerReleaseFence: Invalid display
04-24 13:18:59.268 683 683 E HWComposer: getPresentFence failed for invalid display -1
04-24 13:18:59.319 683 683 E HWComposer: getLayerReleaseFence: Invalid display
04-24 13:18:59.319 683 683 E HWComposer: getPresentFence failed for invalid display -1
04-24 13:18:59.367 683 683 E HWComposer: getLayerReleaseFence: Invalid display
04-24 13:18:59.367 683 683 E HWComposer: getPresentFence failed for invalid display -1
04-24 13:18:59.417 683 683 E HWComposer: getLayerReleaseFence: Invalid display
04-24 13:18:59.417 683 683 E HWComposer: getPresentFence failed for invalid display -1
04-24 13:18:59.469 683 683 E HWComposer: getLayerReleaseFence: Invalid display
04-24 13:18:59.469 683 683 E HWComposer: getPresentFence failed for invalid display -1
04-24 13:18:59.501 683 683 E HWComposer: getLayerReleaseFence: Invalid display
04-24 13:18:59.501 683 683 E HWComposer: getPresentFence failed for invalid display -1
04-24 13:18:59.553 683 683 E HWComposer: getLayerReleaseFence: Invalid display
04-24 13:18:59.553 683 683 E HWComposer: getPresentFence failed for invalid display -1
04-24 13:18:59.584 683 683 E HWComposer: getLayerReleaseFence: Invalid display
04-24 13:18:59.584 683 683 E HWComposer: getPresentFence failed for invalid display -1
04-24 13:18:59.635 683 683 E HWComposer: getLayerReleaseFence: Invalid display
04-24 13:18:59.635 683 683 E HWComposer: getPresentFence failed for invalid display -1
04-24 13:18:59.667 683 683 E HWComposer: getLayerReleaseFence: Invalid display
04-24 13:18:59.667 683 683 E HWComposer: getPresentFence failed for invalid display -1
04-24 13:18:59.718 683 683 E HWComposer: getLayerReleaseFence: Invalid display
04-24 13:18:59.718 683 683 E HWComposer: getPresentFence failed for invalid display -1
04-24 13:18:59.750 683 683 E HWComposer: getLayerReleaseFence: Invalid display
04-24 13:18:59.750 683 683 E HWComposer: getPresentFence failed for invalid display -1
04-24 13:18:59.784 683 683 E HWComposer: getLayerReleaseFence: Invalid display
04-24 13:18:59.784 683 683 E HWComposer: getPresentFence failed for invalid display -1
04-24 13:18:59.817 683 683 E HWComposer: getLayerReleaseFence: Invalid display
04-24 13:18:59.817 683 683 E HWComposer: getPresentFence failed for invalid display -1
04-24 13:18:59.870 683 683 E HWComposer: getLayerReleaseFence: Invalid display
04-24 13:18:59.870 683 683 E HWComposer: getPresentFence failed for invalid display -1
04-24 13:18:59.902 683 683 E HWComposer: getLayerReleaseFence: Invalid display
04-24 13:18:59.903 683 683 E HWComposer: getPresentFence failed for invalid display -1
04-24 13:18:59.923 683 683 E HWComposer: getLayerReleaseFence: Invalid display
04-24 13:18:59.923 683 683 E HWComposer: getPresentFence failed for invalid display -1
04-24 13:18:59.966 683 683 E HWComposer: getLayerReleaseFence: Invalid display
04-24 13:18:59.967 683 683 E HWComposer: getPresentFence failed for invalid display -1
04-24 13:19:00.001 1176 1176 V AlarmManager: Received TIME_TICK alarm; rescheduling
04-24 13:19:00.002 1176 1176 I HwAlarmManagerService: hwSetAlarm listenerTag: time_tick
04-24 13:19:00.017 1463 1463 W HwKeyguardDragHelper: AnimationBlocked
04-24 13:19:00.018 683 683 E HWComposer: getLayerReleaseFence: Invalid display
04-24 13:19:00.019 683 683 E HWComposer: getPresentFence failed for invalid display -1
04-24 13:19:00.021 1463 1463 E DateView: DateView,mCurrentTime: 1587705540021
04-24 13:19:00.021 1463 1463 I EventCenter: EventCenter Get :android.intent.action.TIME_TICK
04-24 13:19:00.023 1463 1463 W ResourceType: No known package when getting value for resource number 0xffffffff
04-24 13:19:00.024 1463 1463 E DateLunarView: mDateString is: 4月24日星期五
04-24 13:19:00.026 1463 1463 W ResourceType: No known package when getting value for resource number 0xffffffff
04-24 13:19:00.026 1463 1463 E DateLunarView: mDateString is: 4月24日星期五
04-24 13:19:00.031 1463 1463 D WeatherHelper: City info empty
04-24 13:19:00.035 683 683 E HWComposer: getLayerReleaseFence: Invalid display
04-24 13:19:00.035 683 683 E HWComposer: getPresentFence failed for invalid display -1
04-24 13:19:00.035 1463 1463 D WeatherHelper: City info empty
04-24 13:19:00.035 1463 1463 D KeyguardUpdateMonitor: received broadcast android.intent.action.TIME_TICK
04-24 13:19:00.036 1463 1463 D KeyguardUpdateMonitor: handleTimeUpdate
04-24 13:19:00.036 1463 1782 I KeyguardStatusView: Runnable for refresh
04-24 13:19:00.042 1463 1463 D WeatherHelper: City info empty
04-24 13:19:00.047 1770 1770 I HwLauncher: Model onReceive intent=Intent { act=android.intent.action.TIME_TICK flg=0x50200014 hwFlg=0x900 (has extras) }
04-24 13:19:00.048 1770 1770 I HwLauncher: Model onReceive user=UserHandle{0}
04-24 13:19:00.051 683 683 E HWComposer: getLayerReleaseFence: Invalid display
04-24 13:19:00.051 683 683 E HWComposer: getPresentFence failed for invalid display -1
04-24 13:19:00.080 3756 3806 I Step_LSC: 80001355|processHandleBroadcastAction action:android.intent.action.TIME_TICK
04-24 13:19:00.087 2379 2379 I [HwRecSys]TimerController: onMinuteChange requestWeather
04-24 13:19:00.088 1176 5848 V BroadcastQueue: Finished with ordered broadcast BroadcastRecord{b480393 u-1 android.intent.action.TIME_TICK}
04-24 13:19:00.100 683 683 E HWComposer: getLayerReleaseFence: Invalid display
04-24 13:19:00.101 683 683 E HWComposer: getPresentFence failed for invalid display -1
04-24 13:19:00.102 1176 1176 I TrafficMonitor: update:rxPkts:23,txPkts:2,rxBytes:1646,txBytes:376
04-24 13:19:00.102 1176 1176 I TrafficMonitor: start expired. level:-1
04-24 13:19:00.102 1176 1176 I TrafficMonitor: gettimer:interval=2000
04-24 13:19:00.122 1463 1463 D WeatherHelper: City info empty
04-24 13:19:00.122 1463 1463 D DateTimeView: Change to single clock mode!
04-24 13:19:00.124 1463 1463 D WeatherHelper: City info empty
04-24 13:19:00.125 1463 1463 D WeatherHelper: City info empty
04-24 13:19:00.125 1463 1463 D DateTimeView: Change to single clock mode!
04-24 13:19:00.127 1463 1463 D WeatherHelper: City info empty
04-24 13:19:00.134 683 683 E HWComposer: getLayerReleaseFence: Invalid display
04-24 13:19:00.134 683 683 E HWComposer: getPresentFence failed for invalid display -1
04-24 13:19:00.184 683 683 E HWComposer: getLayerReleaseFence: Invalid display
04-24 13:19:00.184 683 683 E HWComposer: getPresentFence failed for invalid display -1
04-24 13:19:00.216 683 683 E HWComposer: getLayerReleaseFence: Invalid display
04-24 13:19:00.216 683 683 E HWComposer: getPresentFence failed for invalid display -1
04-24 13:19:00.268 683 683 E HWComposer: getLayerReleaseFence: Invalid display
04-24 13:19:00.268 683 683 E HWComposer: getPresentFence failed for invalid display -1
04-24 13:19:00.282 683 683 E HWComposer: getLayerReleaseFence: Invalid display
04-24 13:19:00.282 683 683 E HWComposer: getPresentFence failed for invalid display -1
04-24 13:19:00.332 683 683 E HWComposer: getLayerReleaseFence: Invalid display
04-24 13:19:00.332 683 683 E HWComposer: getPresentFence failed for invalid display -1
04-24 13:19:00.366 683 683 E HWComposer: getLayerReleaseFence: Invalid display
04-24 13:19:00.366 683 683 E HWComposer: getPresentFence failed for invalid display -1
04-24 13:19:00.399 683 683 E HWComposer: getLayerReleaseFence: Invalid display
04-24 13:19:00.399 683 683 E HWComposer: getPresentFence failed for invalid display -1
04-24 13:19:00.433 683 683 E HWComposer: getLayerReleaseFence: Invalid display
04-24 13:19:00.433 683 683 E HWComposer: getPresentFence failed for invalid display -1
04-24 13:19:00.550 683 683 E HWComposer: getLayerReleaseFence: Invalid display
04-24 13:19:00.550 683 683 E HWComposer: getPresentFence failed for invalid display -1
04-24 13:19:00.600 683 683 E HWComposer: getLayerReleaseFence: Invalid display
04-24 13:19:00.600 683 683 E HWComposer: getPresentFence failed for invalid display -1
04-24 13:19:00.677 777 777 E : [E/capacity_limit_control] not demo version, not set power control prop!
04-24 13:19:00.684 683 683 E HWComposer: getLayerReleaseFence: Invalid display
04-24 13:19:00.684 683 683 E HWComposer: getPresentFence failed for invalid display -1
04-24 13:19:00.727 777 777 E : [E/capacity_limit_control] not demo version, not set power control prop!
04-24 13:19:00.730 1176 1288 D HwBatteryService: onUEvent fcpStatus = 0,scpStatus =0,ovpStatus=0
04-24 13:19:00.732 1176 1288 I UsbDeviceManager: water_intrused state= 0
04-24 13:19:00.737 1176 1176 D HwInnerWifiManagerImpl: SupplicantState = COMPLETED
04-24 13:19:00.737 1176 1176 D HwInnerWifiManagerImpl: isPhoneAP = false
04-24 13:19:00.738 1176 1176 D HwInnerWifiManagerImpl: SupplicantState = COMPLETED
04-24 13:19:00.738 1176 1176 D HwInnerWifiManagerImpl: isPhoneAP = false
04-24 13:19:00.738 1176 1176 D WifiStateMachine: mBcastReceiver: PluggedType = 2 mIsScanCtrlPluggedin = true
04-24 13:19:00.738 1176 1176 D HwWifiService: mPluggedType =2
04-24 13:19:00.738 1463 1463 D KeyguardUpdateMonitor: received broadcast android.intent.action.BATTERY_CHANGED
04-24 13:19:00.738 1463 1463 W KeyguardUpdateMonitor: ACTION_BATTERY_CHANGED AMP: 500000; Volt: 5000000
04-24 13:19:00.738 1463 1463 V KeyguardUpdateMonitor: RefreshBatteryInfo isBatteryLow: 79
04-24 13:19:00.738 1463 1463 W KeyguardUpdateMonitor: ChargingSpeed Wattage: 2500000 ST: 5000000 --> 7500000
04-24 13:19:00.738 1463 1463 I KgBattery: BatteryInfo updated: 2lPc0
04-24 13:19:00.738 1463 1463 W AppHandler: sendMessage with obj100
04-24 13:19:00.738 1463 1463 D KeyguardUpdateMonitor: handleBatteryUpdate
04-24 13:19:00.738 1176 1176 D WifiService: onReceive, action:android.intent.action.BATTERY_CHANGED
04-24 13:19:00.739 1176 1176 D WifiService: ACTION_BATTERY_CHANGED pluggedType: 2
04-24 13:19:00.739 1463 1463 W HwLockScreenPanel: Handle message: 100
04-24 13:19:00.739 1463 1463 W HwKeyguardBottomArea: updateBatteryInfo : false true
04-24 13:19:00.739 1463 1463 W KgBattery: getCharge info with type: text
04-24 13:19:00.742 1463 1463 W HwLockScreenPanel: refreshBatteryInfo: null
04-24 13:19:00.744 1729 1729 I MsgReceiver: intent action: android.intent.action.BATTERY_CHANGED
04-24 13:19:00.745 5515 5671 E CloudAlbum[8.1.2.309]: [ReceiverManager] not log on ignore
04-24 13:19:00.766 683 683 E HWComposer: getLayerReleaseFence: Invalid display
04-24 13:19:00.766 683 683 E HWComposer: getPresentFence failed for invalid display -1
04-24 13:19:00.784 683 683 E HWComposer: getLayerReleaseFence: Invalid display
04-24 13:19:00.784 683 683 E HWComposer: getPresentFence failed for invalid display -1
04-24 13:19:00.849 683 683 E HWComposer: getLayerReleaseFence: Invalid display
04-24 13:19:00.849 683 683 E HWComposer: getPresentFence failed for invalid display -1
04-24 13:19:00.900 683 683 E HWComposer: getLayerReleaseFence: Invalid display
04-24 13:19:00.900 683 683 E HWComposer: getPresentFence failed for invalid display -1
04-24 13:19:00.966 683 683 E HWComposer: getLayerReleaseFence: Invalid display
04-24 13:19:00.966 683 683 E HWComposer: getPresentFence failed for invalid display -1
04-24 13:19:01.005 683 683 E HWComposer: getLayerReleaseFence: Invalid display
04-24 13:19:01.005 683 683 E HWComposer: getPresentFence failed for invalid display -1
04-24 13:19:01.081 683 683 E HWComposer: getLayerReleaseFence: Invalid display
04-24 13:19:01.081 683 683 E HWComposer: getPresentFence failed for invalid display -1
04-24 13:19:01.102 683 683 E HWComposer: getLayerReleaseFence: Invalid display
