04-24 13:17:16.425 1176 1339 D HwWifiCHRStateManager: handleMessage : 1001
04-24 13:17:16.425 1176 1339 D HwWifiCHRStateManager: handleUpdateChannel:2412
04-24 13:17:16.425 1176 1339 V HwWifiServiceFactory: get AllImpl object = com.android.server.wifi.HwWifiServiceFactoryImpl@2205edc
04-24 13:17:16.425 1176 1337 D HwCustWifiStateMachineReferenceImpl: checkRssiOverThreshold newRssi = -32
04-24 13:17:16.426 1176 1337 D WifiScoreReport: Score = 100, wifiConnectivityManagerEnabled = false, lowScoreCount = 0
04-24 13:17:16.449 683 683 E HWComposer: getLayerReleaseFence: Invalid display
04-24 13:17:16.449 683 683 E HWComposer: getPresentFence failed for invalid display -1
04-24 13:17:16.481 683 683 E HWComposer: getLayerReleaseFence: Invalid display
04-24 13:17:16.481 683 683 E HWComposer: getPresentFence failed for invalid display -1
04-24 13:17:16.514 683 683 E HWComposer: getLayerReleaseFence: Invalid display
04-24 13:17:16.514 683 683 E HWComposer: getPresentFence failed for invalid display -1
04-24 13:17:16.565 683 683 E HWComposer: getLayerReleaseFence: Invalid display
04-24 13:17:16.565 683 683 E HWComposer: getPresentFence failed for invalid display -1
04-24 13:17:16.597 683 683 E HWComposer: getLayerReleaseFence: Invalid display
04-24 13:17:16.597 683 683 E HWComposer: getPresentFence failed for invalid display -1
04-24 13:17:16.648 683 683 E HWComposer: getLayerReleaseFence: Invalid display
04-24 13:17:16.648 683 683 E HWComposer: getPresentFence failed for invalid display -1
04-24 13:17:16.730 683 683 E HWComposer: getLayerReleaseFence: Invalid display
04-24 13:17:16.730 683 683 E HWComposer: getPresentFence failed for invalid display -1
04-24 13:17:16.781 683 683 E HWComposer: getLayerReleaseFence: Invalid display
04-24 13:17:16.781 683 683 E HWComposer: getPresentFence failed for invalid display -1
04-24 13:17:16.831 683 683 E HWComposer: getLayerReleaseFence: Invalid display
04-24 13:17:16.831 683 683 E HWComposer: getPresentFence failed for invalid display -1
04-24 13:17:16.881 683 683 E HWComposer: getLayerReleaseFence: Invalid display
04-24 13:17:16.881 683 683 E HWComposer: getPresentFence failed for invalid display -1
04-24 13:17:16.932 683 683 E HWComposer: getLayerReleaseFence: Invalid display
04-24 13:17:16.932 683 683 E HWComposer: getPresentFence failed for invalid display -1
04-24 13:17:16.981 683 683 E HWComposer: getLayerReleaseFence: Invalid display
04-24 13:17:16.981 683 683 E HWComposer: getPresentFence failed for invalid display -1
04-24 13:17:17.014 683 683 E HWComposer: getLayerReleaseFence: Invalid display
04-24 13:17:17.015 683 683 E HWComposer: getPresentFence failed for invalid display -1
04-24 13:17:17.063 683 683 E HWComposer: getLayerReleaseFence: Invalid display
04-24 13:17:17.063 683 683 E HWComposer: getPresentFence failed for invalid display -1
04-24 13:17:17.115 683 683 E HWComposer: getLayerReleaseFence: Invalid display
04-24 13:17:17.116 683 683 E HWComposer: getPresentFence failed for invalid display -1
04-24 13:17:17.148 683 683 E HWComposer: getLayerReleaseFence: Invalid display
04-24 13:17:17.148 683 683 E HWComposer: getPresentFence failed for invalid display -1
04-24 13:17:17.230 683 683 E HWComposer: getLayerReleaseFence: Invalid display
04-24 13:17:17.231 683 683 E HWComposer: getPresentFence failed for invalid display -1
04-24 13:17:17.279 683 683 E HWComposer: getLayerReleaseFence: Invalid display
04-24 13:17:17.279 683 683 E HWComposer: getPresentFence failed for invalid display -1
04-24 13:17:17.289 1176 1392 D HwArpVerifier: performPollAndLog:
04-24 13:17:17.292 1176 1392 D hw_netstat: total/281/1060,com.jiansheng.blmn.demo/68/1060,unknown:0/213/0
04-24 13:17:17.313 683 683 E HWComposer: getLayerReleaseFence: Invalid display
04-24 13:17:17.314 683 683 E HWComposer: getPresentFence failed for invalid display -1
04-24 13:17:17.365 683 683 E HWComposer: getLayerReleaseFence: Invalid display
04-24 13:17:17.365 683 683 E HWComposer: getPresentFence failed for invalid display -1
04-24 13:17:17.397 683 683 E HWComposer: getLayerReleaseFence: Invalid display
04-24 13:17:17.397 683 683 E HWComposer: getPresentFence failed for invalid display -1
04-24 13:17:17.446 683 683 E HWComposer: getLayerReleaseFence: Invalid display
04-24 13:17:17.447 683 683 E HWComposer: getPresentFence failed for invalid display -1
04-24 13:17:17.497 683 683 E HWComposer: getLayerReleaseFence: Invalid display
04-24 13:17:17.497 683 683 E HWComposer: getPresentFence failed for invalid display -1
04-24 13:17:17.547 683 683 E HWComposer: getLayerReleaseFence: Invalid display
04-24 13:17:17.547 683 683 E HWComposer: getPresentFence failed for invalid display -1
04-24 13:17:17.580 683 683 E HWComposer: getLayerReleaseFence: Invalid display
04-24 13:17:17.580 683 683 E HWComposer: getPresentFence failed for invalid display -1
04-24 13:17:17.613 683 683 E HWComposer: getLayerReleaseFence: Invalid display
04-24 13:17:17.613 683 683 E HWComposer: getPresentFence failed for invalid display -1
04-24 13:17:17.665 683 683 E HWComposer: getLayerReleaseFence: Invalid display
04-24 13:17:17.665 683 683 E HWComposer: getPresentFence failed for invalid display -1
04-24 13:17:17.746 683 683 E HWComposer: getLayerReleaseFence: Invalid display
04-24 13:17:17.746 683 683 E HWComposer: getPresentFence failed for invalid display -1
04-24 13:17:17.781 683 683 E HWComposer: getLayerReleaseFence: Invalid display
04-24 13:17:17.781 683 683 E HWComposer: getPresentFence failed for invalid display -1
04-24 13:17:17.880 683 683 E HWComposer: getLayerReleaseFence: Invalid display
04-24 13:17:17.881 683 683 E HWComposer: getPresentFence failed for invalid display -1
04-24 13:17:17.947 683 683 E HWComposer: getLayerReleaseFence: Invalid display
04-24 13:17:17.947 683 683 E HWComposer: getPresentFence failed for invalid display -1
04-24 13:17:17.996 683 683 E HWComposer: getLayerReleaseFence: Invalid display
04-24 13:17:17.997 683 683 E HWComposer: getPresentFence failed for invalid display -1
04-24 13:17:18.022 1176 1176 I TrafficMonitor: update:rxPkts:23,txPkts:4,rxBytes:1588,txBytes:496
04-24 13:17:18.022 1176 1176 I TrafficMonitor: start expired. level:-1
04-24 13:17:18.023 1176 1176 I TrafficMonitor: gettimer:interval=2000
04-24 13:17:18.048 683 683 E HWComposer: getLayerReleaseFence: Invalid display
04-24 13:17:18.048 683 683 E HWComposer: getPresentFence failed for invalid display -1
04-24 13:17:18.081 683 683 E HWComposer: getLayerReleaseFence: Invalid display
04-24 13:17:18.081 683 683 E HWComposer: getPresentFence failed for invalid display -1
04-24 13:17:18.113 683 683 E HWComposer: getLayerReleaseFence: Invalid display
04-24 13:17:18.113 683 683 E HWComposer: getPresentFence failed for invalid display -1
04-24 13:17:18.166 683 683 E HWComposer: getLayerReleaseFence: Invalid display
04-24 13:17:18.166 683 683 E HWComposer: getPresentFence failed for invalid display -1
04-24 13:17:18.196 683 683 E HWComposer: getLayerReleaseFence: Invalid display
04-24 13:17:18.196 683 683 E HWComposer: getPresentFence failed for invalid display -1
04-24 13:17:18.279 683 683 E HWComposer: getLayerReleaseFence: Invalid display
04-24 13:17:18.279 683 683 E HWComposer: getPresentFence failed for invalid display -1
04-24 13:17:18.329 683 683 E HWComposer: getLayerReleaseFence: Invalid display
04-24 13:17:18.330 683 683 E HWComposer: getPresentFence failed for invalid display -1
04-24 13:17:18.380 683 683 E HWComposer: getLayerReleaseFence: Invalid display
04-24 13:17:18.380 683 683 E HWComposer: getPresentFence failed for invalid display -1
04-24 13:17:18.431 683 683 E HWComposer: getLayerReleaseFence: Invalid display
04-24 13:17:18.431 683 683 E HWComposer: getPresentFence failed for invalid display -1
04-24 13:17:18.464 683 683 E HWComposer: getLayerReleaseFence: Invalid display
04-24 13:17:18.464 683 683 E HWComposer: getPresentFence failed for invalid display -1
04-24 13:17:18.496 683 683 E HWComposer: getLayerReleaseFence: Invalid display
04-24 13:17:18.496 683 683 E HWComposer: getPresentFence failed for invalid display -1
04-24 13:17:18.529 683 683 E HWComposer: getLayerReleaseFence: Invalid display
04-24 13:17:18.529 683 683 E HWComposer: getPresentFence failed for invalid display -1
04-24 13:17:18.563 683 683 E HWComposer: getLayerReleaseFence: Invalid display
04-24 13:17:18.563 683 683 E HWComposer: getPresentFence failed for invalid display -1
04-24 13:17:18.615 683 683 E HWComposer: getLayerReleaseFence: Invalid display
04-24 13:17:18.615 683 683 E HWComposer: getPresentFence failed for invalid display -1
04-24 13:17:18.647 683 683 E HWComposer: getLayerReleaseFence: Invalid display
04-24 13:17:18.647 683 683 E HWComposer: getPresentFence failed for invalid display -1
04-24 13:17:18.680 683 683 E HWComposer: getLayerReleaseFence: Invalid display
04-24 13:17:18.680 683 683 E HWComposer: getPresentFence failed for invalid display -1
04-24 13:17:18.782 683 683 E HWComposer: getLayerReleaseFence: Invalid display
04-24 13:17:18.782 683 683 E HWComposer: getPresentFence failed for invalid display -1
04-24 13:17:18.784 677 677 D SensorHub: huawei Hal strandard_stepcounter is 350
04-24 13:17:18.784 1176 1318 D : motion-hal MotionHubChanel::readHwStepCounter record_count : 2001
04-24 13:17:18.784 1176 1318 D : HWExtMotionService valueSize:19
04-24 13:17:18.784 1176 1318 D : HWExtDeviceService getActiveConnections
04-24 13:17:18.784 1176 1318 D : HWExtDeviceService connSize:1
04-24 13:17:18.785 1708 1708 D HwStepCounter: onDeviceDataChanged
04-24 13:17:18.785 1708 1708 W HwStepCounter: version : 1
04-24 13:17:18.786 1708 1708 I HwStepCounter: dealReportData tm: 2020-04-24 13:17:19 steps_value[0] : 0 state_value[0]:5 level_value[0]:0
04-24 13:17:18.786 1708 1708 I HwStepCounter: isBeginOfToday: 24 -> 24
04-24 13:17:18.786 1708 1708 I HwStepCounter: isBeginOfToday: false
04-24 13:17:18.786 1708 1708 I HwStepCounter: dealReportData: diff = 0
04-24 13:17:18.788 3756 3806 I Step_LSC: 80001355|onStandStepChanged 350
04-24 13:17:18.814 683 683 E HWComposer: getLayerReleaseFence: Invalid display
04-24 13:17:18.814 683 683 E HWComposer: getPresentFence failed for invalid display -1
04-24 13:17:18.823 1708 2100 D HwStepCounter: ReportProxy client : 1
04-24 13:17:18.823 1708 2099 I StepCounterRemoteStub: Report client count 1
04-24 13:17:18.824 3756 3777 I Step_LSC: 80001355|onExtend:1587705439000 0 0 5
04-24 13:17:18.864 683 683 E HWComposer: getLayerReleaseFence: Invalid display
04-24 13:17:18.864 683 683 E HWComposer: getPresentFence failed for invalid display -1
04-24 13:17:18.896 683 683 E HWComposer: getLayerReleaseFence: Invalid display
04-24 13:17:18.896 683 683 E HWComposer: getPresentFence failed for invalid display -1
04-24 13:17:18.946 683 683 E HWComposer: getLayerReleaseFence: Invalid display
04-24 13:17:18.947 683 683 E HWComposer: getPresentFence failed for invalid display -1
04-24 13:17:18.981 683 683 E HWComposer: getLayerReleaseFence: Invalid display
04-24 13:17:18.981 683 683 E HWComposer: getPresentFence failed for invalid display -1
04-24 13:17:19.013 683 683 E HWComposer: getLayerReleaseFence: Invalid display
04-24 13:17:19.014 683 683 E HWComposer: getPresentFence failed for invalid display -1
04-24 13:17:19.046 683 683 E HWComposer: getLayerReleaseFence: Invalid display
04-24 13:17:19.046 683 683 E HWComposer: getPresentFence failed for invalid display -1
04-24 13:17:19.090 3756 3806 I Step_SPUtils: 80001355| getTodayTotalDetailSteps = 1587657600000##0##0##0##0##355022251
04-24 13:17:19.097 683 683 E HWComposer: getLayerReleaseFence: Invalid display
04-24 13:17:19.097 683 683 E HWComposer: getPresentFence failed for invalid display -1
04-24 13:17:19.125 1176 1338 D HwWifiStatStore: handleMessage : 200
04-24 13:17:19.129 683 683 E HWComposer: getLayerReleaseFence: Invalid display
04-24 13:17:19.129 683 683 E HWComposer: getPresentFence failed for invalid display -1
04-24 13:17:19.162 683 683 E HWComposer: getLayerReleaseFence: Invalid display
04-24 13:17:19.162 683 683 E HWComposer: getPresentFence failed for invalid display -1
04-24 13:17:19.214 683 683 E HWComposer: getLayerReleaseFence: Invalid display
04-24 13:17:19.214 683 683 E HWComposer: getPresentFence failed for invalid display -1
04-24 13:17:19.220 3756 3774 D LogUtil_LogConfig: obtainSavePath(): path = 1
04-24 13:17:19.221 3756 3774 D LogUtil_LogConfig: getLogFile(): logFilePath = /data/data/com.huawei.health/files/com.huawei.health/com.huawei.health_DaemonService/
04-24 13:17:19.221 3756 3774 D LogUtil_LogConfig: obtainSavePath(): path = 1
04-24 13:17:19.221 3756 3774 D LogUtil_LogConfig: acquireMaxLogFileLengthContainsOffset describe: com.huawei.health:DaemonService result:5242880
04-24 13:17:19.221 3756 3774 D LogUtil_LogConfig: obtainSavePath(): path = 1
04-24 13:17:19.221 3756 3774 D LogUtil_LogConfig: getLogFileRoot(): logFilePath = /data/data/com.huawei.health/files/com.huawei.health/com.huawei.health_DaemonService/
04-24 13:17:19.296 683 683 E HWComposer: getLayerReleaseFence: Invalid display
04-24 13:17:19.296 683 683 E HWComposer: getPresentFence failed for invalid display -1
04-24 13:17:19.346 683 683 E HWComposer: getLayerReleaseFence: Invalid display
04-24 13:17:19.346 683 683 E HWComposer: getPresentFence failed for invalid display -1
04-24 13:17:19.396 683 683 E HWComposer: getLayerReleaseFence: Invalid display
04-24 13:17:19.396 683 683 E HWComposer: getPresentFence failed for invalid display -1
04-24 13:17:19.430 679 679 E WifiHAL : enter wifi_get_link_stats
04-24 13:17:19.430 683 683 E HWComposer: getLayerReleaseFence: Invalid display
04-24 13:17:19.430 683 683 E HWComposer: getPresentFence failed for invalid display -1
04-24 13:17:19.434 742 742 E wificond: Failed to get NL80211_RATE_INFO_NOISE
04-24 13:17:19.434 742 742 E wificond: Failed to get NL80211_RATE_INFO_SNR
04-24 13:17:19.434 742 742 E wificond: Failed to get NL80211_STA_INFO_CNAHLOAD
04-24 13:17:19.434 1176 1337 E WificondControl: Noise: 0, Snr: -1, Chload: -1
04-24 13:17:19.435 1176 1339 D HwWifiCHRStateManager: handleMessage : 1001
04-24 13:17:19.435 1176 1339 D HwWifiCHRStateManager: handleUpdateChannel:2412
04-24 13:17:19.435 1176 1339 V HwWifiServiceFactory: get AllImpl object = com.android.server.wifi.HwWifiServiceFactoryImpl@2205edc
04-24 13:17:19.435 1176 1337 D HwCustWifiStateMachineReferenceImpl: checkRssiOverThreshold newRssi = -31
04-24 13:17:19.436 1176 1337 D WifiScoreReport: Score = 100, wifiConnectivityManagerEnabled = false, lowScoreCount = 0
04-24 13:17:19.480 683 683 E HWComposer: getLayerReleaseFence: Invalid display
04-24 13:17:19.480 683 683 E HWComposer: getPresentFence failed for invalid display -1
04-24 13:17:19.531 683 683 E HWComposer: getLayerReleaseFence: Invalid display
04-24 13:17:19.531 683 683 E HWComposer: getPresentFence failed for invalid display -1
04-24 13:17:19.597 683 683 E HWComposer: getLayerReleaseFence: Invalid display
04-24 13:17:19.597 683 683 E HWComposer: getPresentFence failed for invalid display -1
04-24 13:17:19.629 683 683 E HWComposer: getLayerReleaseFence: Invalid display
04-24 13:17:19.630 683 683 E HWComposer: getPresentFence failed for invalid display -1
04-24 13:17:19.641 1176 1589 W Watchdog: hungtask: writing kick
04-24 13:17:19.643 1176 1202 I EventHub: EventHub monitor: no key events in the past 144s,
04-24 13:17:19.680 683 683 E HWComposer: getLayerReleaseFence: Invalid display
04-24 13:17:19.680 683 683 E HWComposer: getPresentFence failed for invalid display -1
04-24 13:17:19.713 683 683 E HWComposer: getLayerReleaseFence: Invalid display
04-24 13:17:19.713 683 683 E HWComposer: getPresentFence failed for invalid display -1
04-24 13:17:19.795 683 683 E HWComposer: getLayerReleaseFence: Invalid display
04-24 13:17:19.795 683 683 E HWComposer: getPresentFence failed for invalid display -1
04-24 13:17:19.882 683 683 E HWComposer: getLayerReleaseFence: Invalid display
04-24 13:17:19.882 683 683 E HWComposer: getPresentFence failed for invalid display -1
04-24 13:17:19.929 683 683 E HWComposer: getLayerReleaseFence: Invalid display
04-24 13:17:19.929 683 683 E HWComposer: getPresentFence failed for invalid display -1
04-24 13:17:19.980 683 683 E HWComposer: getLayerReleaseFence: Invalid display
04-24 13:17:19.980 683 683 E HWComposer: getPresentFence failed for invalid display -1
04-24 13:17:20.012 683 683 E HWComposer: getLayerReleaseFence: Invalid display
04-24 13:17:20.012 683 683 E HWComposer: getPresentFence failed for invalid display -1
04-24 13:17:20.024 1176 1176 I TrafficMonitor: update:rxPkts:13,txPkts:2,rxBytes:958,txBytes:376
04-24 13:17:20.024 1176 1176 I TrafficMonitor: start expired. level:-1
04-24 13:17:20.024 1176 1176 I TrafficMonitor: gettimer:interval=2000
04-24 13:17:20.045 683 683 E HWComposer: getLayerReleaseFence: Invalid display
04-24 13:17:20.045 683 683 E HWComposer: getPresentFence failed for invalid display -1
04-24 13:17:20.097 683 683 E HWComposer: getLayerReleaseFence: Invalid display
04-24 13:17:20.097 683 683 E HWComposer: getPresentFence failed for invalid display -1
04-24 13:17:20.146 683 683 E HWComposer: getLayerReleaseFence: Invalid display
04-24 13:17:20.146 683 683 E HWComposer: getPresentFence failed for invalid display -1
04-24 13:17:20.179 683 683 E HWComposer: getLayerReleaseFence: Invalid display
04-24 13:17:20.179 683 683 E HWComposer: getPresentFence failed for invalid display -1
04-24 13:17:20.247 683 683 E HWComposer: getLayerReleaseFence: Invalid display
04-24 13:17:20.247 683 683 E HWComposer: getPresentFence failed for invalid display -1
04-24 13:17:20.345 683 683 E HWComposer: getLayerReleaseFence: Invalid display
04-24 13:17:20.346 683 683 E HWComposer: getPresentFence failed for invalid display -1
04-24 13:17:20.365 683 683 E HWComposer: getLayerReleaseFence: Invalid display
04-24 13:17:20.365 683 683 E HWComposer: getPresentFence failed for invalid display -1
04-24 13:17:20.380 683 683 E HWComposer: getLayerReleaseFence: Invalid display
04-24 13:17:20.380 683 683 E HWComposer: getPresentFence failed for invalid display -1
04-24 13:17:20.414 741 741 E Thermal-daemon: [shell_temp] temp_new :32 temp_old :31
04-24 13:17:20.415 1729 18882 I ThermalService: Receive temperature change, type: 22, temp: 32 from thermald
04-24 13:17:20.415 1729 18882 I ThermalTrace_ThermalRaise: Shell:32,31,32,currentBatteryTemp:29
04-24 13:17:20.415 741 741 E Thermal-daemon: Report temperature: [shell_temp] temp :32 report_threshold:1
04-24 13:17:20.415 1729 2560 W HwThermalStateManager: warning: no config thermal type:22 temperature:32
04-24 13:17:20.415 741 741 E Thermal-daemon: [pa_0] temp_new :32 temp_old :31
04-24 13:17:20.416 1729 18882 I ThermalService: Receive temperature change, type: 1, temp: 32 from thermald
04-24 13:17:20.416 1729 2560 W HwThermalStateManager: warning: no config thermal type:1 temperature:32
04-24 13:17:20.416 741 741 E Thermal-daemon: Report temperature: [pa_0] temp :32 report_threshold:1
04-24 13:17:20.417 741 741 E Thermal-daemon: [charger_ic] temp_new :35 temp_old :34
04-24 13:17:20.417 1729 18882 I ThermalService: Receive temperature change, type: 2, temp: 35 from thermald
04-24 13:17:20.417 741 741 E Thermal-daemon: Report temperature: [charger_ic] temp :35 report_threshold:1
04-24 13:17:20.418 1729 2560 W HwThermalStateManager: warning: no config thermal type:2 temperature:35
04-24 13:17:20.428 683 683 E HWComposer: getLayerReleaseFence: Invalid display
04-24 13:17:20.428 683 683 E HWComposer: getPresentFence failed for invalid display -1
04-24 13:17:20.435 777 777 E : [E/capacity_limit_control] not demo version, not set power control prop!
04-24 13:17:20.479 683 683 E HWComposer: getLayerReleaseFence: Invalid display
04-24 13:17:20.479 683 683 E HWComposer: getPresentFence failed for invalid display -1
04-24 13:17:20.495 683 683 E HWComposer: getLayerReleaseFence: Invalid display
04-24 13:17:20.495 683 683 E HWComposer: getPresentFence failed for invalid display -1
04-24 13:17:20.546 683 683 E HWComposer: getLayerReleaseFence: Invalid display
04-24 13:17:20.547 683 683 E HWComposer: getPresentFence failed for invalid display -1
04-24 13:17:20.578 683 683 E HWComposer: getLayerReleaseFence: Invalid display
04-24 13:17:20.578 683 683 E HWComposer: getPresentFence failed for invalid display -1
04-24 13:17:20.629 683 683 E HWComposer: getLayerReleaseFence: Invalid display
04-24 13:17:20.629 683 683 E HWComposer: getPresentFence failed for invalid display -1
04-24 13:17:20.661 683 683 E HWComposer: getLayerReleaseFence: Invalid display
04-24 13:17:20.661 683 683 E HWComposer: getPresentFence failed for invalid display -1
04-24 13:17:20.695 683 683 E HWComposer: getLayerReleaseFence: Invalid display
04-24 13:17:20.695 683 683 E HWComposer: getPresentFence failed for invalid display -1
04-24 13:17:20.763 683 683 E HWComposer: getLayerReleaseFence: Invalid display
04-24 13:17:20.763 683 683 E HWComposer: getPresentFence failed for invalid display -1
04-24 13:17:20.846 683 683 E HWComposer: getLayerReleaseFence: Invalid display
04-24 13:17:20.846 683 683 E HWComposer: getPresentFence failed for invalid display -1
04-24 13:17:20.895 683 683 E HWComposer: getLayerReleaseFence: Invalid display
04-24 13:17:20.895 683 683 E HWComposer: getPresentFence failed for invalid display -1
04-24 13:17:20.940 1176 1204 D SmartcareProc: onSignalStrengthsChanged: signalStrength is: SignalStrength: 99 -1 0 0 -63 -46 32767 -1 32767 99 0 0 0 2147483647 0 -1 true cdma , on sub: 1
04-24 13:17:20.940 1176 1176 I MQoS : onSignal: mSubId=1,currDataSubID=1
04-24 13:17:20.940 1176 1176 I MQoS : received cell-signal:5
04-24 13:17:20.942 1176 1204 D SmartcareProc: SignalStrength update result, ss: SignalStrengthInfo:68043809 mGsmSignalStrength: -1 mWcdmaRscp: -1 mWcdmaEcio: -1 mLteRsrp: -1 mLteRsrq: -1 mCdmaDbm: -63 mCdmaEcio: -46 mEvdoDbm: 32767mEvdoEcio: -1mLteRssnr: -1
04-24 13:17:20.947 683 683 E HWComposer: getLayerReleaseFence: Invalid display
04-24 13:17:20.947 683 683 E HWComposer: getPresentFence failed for invalid display -1
04-24 13:17:20.996 683 683 E HWComposer: getLayerReleaseFence: Invalid display
04-24 13:17:20.996 683 683 E HWComposer: getPresentFence failed for invalid display -1
04-24 13:17:21.022 1176 1176 I TrafficMonitor: expired arrive. level:-1
04-24 13:17:21.022 1176 1176 I TrafficMonitor: during_ms:2002,period_ms:2000
04-24 13:17:21.022 1176 1176 I TrafficMonitor: count:357,rx_sum:13,tx_sum:2,rxBytes:958,during_ms:2002,rx_speed:478.52147852147857,tx_speed:187.81218781218783,rto:6.5
04-24 13:17:21.022 1176 1176 D HuaweiWifiWatchdogStateMachine: speed: rxpkt:13, rxSpd:478B/s, txpkt:2, txSpd:187
04-24 13:17:21.046 683 683 E HWComposer: getLayerReleaseFence: Invalid display
04-24 13:17:21.046 683 683 E HWComposer: getPresentFence failed for invalid display -1
04-24 13:17:21.096 683 683 E HWComposer: getLayerReleaseFence: Invalid display
04-24 13:17:21.096 683 683 E HWComposer: getPresentFence failed for invalid display -1
04-24 13:17:21.129 683 683 E HWComposer: getLayerReleaseFence: Invalid display
04-24 13:17:21.129 683 683 E HWComposer: getPresentFence failed for invalid display -1
04-24 13:17:21.196 683 683 E HWComposer: getLayerReleaseFence: Invalid display
04-24 13:17:21.196 683 683 E HWComposer: getPresentFence failed for invalid display -1
04-24 13:17:21.295 683 683 E HWComposer: getLayerReleaseFence: Invalid display
04-24 13:17:21.296 683 683 E HWComposer: getPresentFence failed for invalid display -1
04-24 13:17:21.355 8853 8966 W Unity : [FMOD] EventInstance::update : Event {2f6711eb-ab44-4f3a-8215-ad5b87264995} waited 204 milliseconds for sample data to load. Preload sample data to avoid this delay.
04-24 13:17:21.355 8853 8966 W Unity :
04-24 13:17:21.355 8853 8966 W Unity : UnityEngine.DebugLogHandler:LogFormat(LogType, Object, String, Object[])
04-24 13:17:21.355 8853 8966 W Unity : UnityEngine.Logger:Log(LogType, Object)
04-24 13:17:21.355 8853 8966 W Unity : FMODUnity.RuntimeManager:DEBUG_CALLBACK(DEBUG_FLAGS, StringWrapper, Int32, StringWrapper, StringWrapper)
04-24 13:17:21.355 8853 8966 W Unity :
04-24 13:17:21.355 8853 8966 W Unity : (Filename: /Users/builduser/buildslave/unity/build/artifacts/generated/Android/runtime/DebugBindings.gen.cpp Line: 51)
04-24 13:17:21.355 8853 8966 W Unity :
04-24 13:17:21.356 8853 8966 W Unity : [FMOD] EventInstance::update : Event {2f6711eb-ab44-4f3a-8215-ad5b87264995} waited 205 milliseconds for sample data to load. Preload sample data to avoid this delay.
04-24 13:17:21.356 8853 8966 W Unity :
04-24 13:17:21.356 8853 8966 W Unity : UnityEngine.DebugLogHandler:LogFormat(LogType, Object, String, Object[])
04-24 13:17:21.356 8853 8966 W Unity : UnityEngine.Logger:Log(LogType, Object)
04-24 13:17:21.356 8853 8966 W Unity : FMODUnity.RuntimeManager:DEBUG_CALLBACK(DEBUG_FLAGS, StringWrapper, Int32, StringWrapper, StringWrapper)
04-24 13:17:21.356 8853 8966 W Unity :
04-24 13:17:21.356 8853 8966 W Unity : (Filename: /Users/builduser/buildslave/unity/build/artifacts/generated/Android/runtime/DebugBindings.gen.cpp Line: 51)
04-24 13:17:21.356 8853 8966 W Unity :
04-24 13:17:21.394 683 683 E HWComposer: getLayerReleaseFence: Invalid display
04-24 13:17:21.394 683 683 E HWComposer: getPresentFence failed for invalid display -1
04-24 13:17:21.405 688 688 I aptouch_daemon: filter_touch_detect, all_touch_up
04-24 13:17:21.412 683 683 E HWComposer: getLayerReleaseFence: Invalid display
04-24 13:17:21.412 683 683 E HWComposer: getPresentFence failed for invalid display -1
04-24 13:17:21.462 683 683 E HWComposer: getLayerReleaseFence: Invalid display
04-24 13:17:21.462 683 683 E HWComposer: getPresentFence failed for invalid display -1
04-24 13:17:21.528 683 683 E HWComposer: getLayerReleaseFence: Invalid display
04-24 13:17:21.528 683 683 E HWComposer: getPresentFence failed for invalid display -1
04-24 13:17:21.579 683 683 E HWComposer: getLayerReleaseFence: Invalid display
04-24 13:17:21.579 683 683 E HWComposer: getPresentFence failed for invalid display -1
04-24 13:17:21.628 683 683 E HWComposer: getLayerReleaseFence: Invalid display
04-24 13:17:21.628 683 683 E HWComposer: getPresentFence failed for invalid display -1
04-24 13:17:21.679 683 683 E HWComposer: getLayerReleaseFence: Invalid display
04-24 13:17:21.679 683 683 E HWComposer: getPresentFence failed for invalid display -1
04-24 13:17:21.712 683 683 E HWComposer: getLayerReleaseFence: Invalid display
04-24 13:17:21.712 683 683 E HWComposer: getPresentFence failed for invalid display -1
04-24 13:17:21.764 683 683 E HWComposer: getLayerReleaseFence: Invalid display
04-24 13:17:21.764 683 683 E HWComposer: getPresentFence failed for invalid display -1
04-24 13:17:21.795 683 683 E HWComposer: getLayerReleaseFence: Invalid display
04-24 13:17:21.795 683 683 E HWComposer: getPresentFence failed for invalid display -1
04-24 13:17:21.846 683 683 E HWComposer: getLayerReleaseFence: Invalid display
04-24 13:17:21.846 683 683 E HWComposer: getPresentFence failed for invalid display -1
04-24 13:17:21.911 683 683 E HWComposer: getLayerReleaseFence: Invalid display
04-24 13:17:21.911 683 683 E HWComposer: getPresentFence failed for invalid display -1
04-24 13:17:21.944 683 683 E HWComposer: getLayerReleaseFence: Invalid display
04-24 13:17:21.944 683 683 E HWComposer: getPresentFence failed for invalid display -1
04-24 13:17:21.996 683 683 E HWComposer: getLayerReleaseFence: Invalid display
04-24 13:17:21.996 683 683 E HWComposer: getPresentFence failed for invalid display -1
04-24 13:17:22.025 1176 1176 I TrafficMonitor: update:rxPkts:16,txPkts:4,rxBytes:1126,txBytes:456
04-24 13:17:22.025 1176 1176 I TrafficMonitor: start expired. level:-1
04-24 13:17:22.026 1176 1176 I TrafficMonitor: gettimer:interval=2000
04-24 13:17:22.045 683 683 E HWComposer: getLayerReleaseFence: Invalid display
04-24 13:17:22.045 683 683 E HWComposer: getPresentFence failed for invalid display -1
04-24 13:17:22.094 683 683 E HWComposer: getLayerReleaseFence: Invalid display
04-24 13:17:22.095 683 683 E HWComposer: getPresentFence failed for invalid display -1
04-24 13:17:22.130 1176 1338 D HwWifiStatStore: handleMessage : 200
04-24 13:17:22.145 683 683 E HWComposer: getLayerReleaseFence: Invalid display
04-24 13:17:22.145 683 683 E HWComposer: getPresentFence failed for invalid display -1
04-24 13:17:22.195 683 683 E HWComposer: getLayerReleaseFence: Invalid display
04-24 13:17:22.195 683 683 E HWComposer: getPresentFence failed for invalid display -1
04-24 13:17:22.244 683 683 E HWComposer: getLayerReleaseFence: Invalid display
04-24 13:17:22.244 683 683 E HWComposer: getPresentFence failed for invalid display -1
04-24 13:17:22.257 1176 1392 D HwArpVerifier: check_wifi_state_mode = 0 mCheckStateToken=25 token25
04-24 13:17:22.258 1176 1392 D wifiserviceimpl: netmask =16777215
04-24 13:17:22.291 1176 1392 D HWMultiGW: setGateWay 192.168.1.1
04-24 13:17:22.295 683 683 E HWComposer: getLayerReleaseFence: Invalid display
04-24 13:17:22.295 683 683 E HWComposer: getPresentFence failed for invalid display -1
04-24 13:17:22.345 683 683 E HWComposer: getLayerReleaseFence: Invalid display
04-24 13:17:22.345 683 683 E HWComposer: getPresentFence failed for invalid display -1
04-24 13:17:22.377 683 683 E HWComposer: getLayerReleaseFence: Invalid display
04-24 13:17:22.377 683 683 E HWComposer: getPresentFence failed for invalid display -1
04-24 13:17:22.439 679 679 E WifiHAL : enter wifi_get_link_stats
04-24 13:17:22.444 742 742 E wificond: Failed to get NL80211_RATE_INFO_NOISE
04-24 13:17:22.444 742 742 E wificond: Failed to get NL80211_RATE_INFO_SNR
04-24 13:17:22.444 742 742 E wificond: Failed to get NL80211_STA_INFO_CNAHLOAD
04-24 13:17:22.444 1176 1337 E WificondControl: Noise: 0, Snr: -1, Chload: -1
04-24 13:17:22.444 683 683 E HWComposer: getLayerReleaseFence: Invalid display
04-24 13:17:22.444 683 683 E HWComposer: getPresentFence failed for invalid display -1
04-24 13:17:22.445 1176 1339 D HwWifiCHRStateManager: handleMessage : 1001
04-24 13:17:22.445 1176 1339 D HwWifiCHRStateManager: handleUpdateChannel:2412
04-24 13:17:22.445 1176 1339 V HwWifiServiceFactory: get AllImpl object = com.android.server.wifi.HwWifiServiceFactoryImpl@2205edc
04-24 13:17:22.446 1176 1337 D HwCustWifiStateMachineReferenceImpl: checkRssiOverThreshold newRssi = -30
04-24 13:17:22.446 1176 1337 D WifiScoreReport: Score = 100, wifiConnectivityManagerEnabled = false, lowScoreCount = 0
04-24 13:17:22.451 742 742 E wificond: Failed to get NL80211_RATE_INFO_NOISE
04-24 13:17:22.451 742 742 E wificond: Failed to get NL80211_RATE_INFO_SNR
04-24 13:17:22.451 742 742 E wificond: Failed to get NL80211_STA_INFO_CNAHLOAD
04-24 13:17:22.451 1176 1337 E WificondControl: Noise: 0, Snr: -1, Chload: -1
04-24 13:17:22.452 1176 1339 D HwWifiCHRStateManager: handleMessage : 1001
04-24 13:17:22.452 1176 1339 D HwWifiCHRStateManager: handleUpdateChannel:2412
04-24 13:17:22.452 1176 1339 V HwWifiServiceFactory: get AllImpl object = com.android.server.wifi.HwWifiServiceFactoryImpl@2205edc
04-24 13:17:22.453 742 742 E wificond: Failed to get NL80211_RATE_INFO_NOISE
04-24 13:17:22.453 742 742 E wificond: Failed to get NL80211_RATE_INFO_SNR
04-24 13:17:22.453 742 742 E wificond: Failed to get NL80211_STA_INFO_CNAHLOAD
04-24 13:17:22.453 1176 1406 D HuaweiWifiWatchdogStateMachine: LM mrssi=-30
04-24 13:17:22.454 1176 1406 D HuaweiWifiWatchdogStateMachine: a4:fa:**:**:eb:b0 current loss[-45]=0%, volume=16
04-24 13:17:22.454 1176 1406 D HuaweiWifiWatchdogStateMachine: a4:fa:**:**:eb:b0 history loss[-45]=0%, volume=13826151
04-24 13:17:22.454 1176 1406 I HuaweiWifiWatchdogStateMachine: spd good count:0, add sc:0.0, rate:1.0
04-24 13:17:22.454 1176 1406 I HuaweiWifiWatchdogStateMachine: current mHighDataFlowRate = 1.0
04-24 13:17:22.454 1176 1406 I HuaweiWifiWatchdogStateMachine: POta txb txg rxg:0, 28, 0. Lr =0% Totpkt=28
04-24 13:17:22.455 1176 1176 D WiFi_PRO: MSG_RETURN_AP_CURRY_RSSI rssi = -30
04-24 13:17:22.455 1176 1176 I QosMonitor: queryRtt: rtt_type = 3
04-24 13:17:22.455 1176 3109 D HwWifiConnectivityMonitor: ENTER: notifyTopUidTcpInfo, tx = 2, rx = 1, reTx = 0, uid = 10848, tr = 0.0
04-24 13:17:22.455 1176 1176 I HwQoEJNI: send_cmd_kernel. begin
04-24 13:17:22.455 1176 1176 I HwQoEJNI: send_cmd_kernel. end
04-24 13:17:22.455 1176 3109 D HwWifiConnectivityMonitor: ENTER: notifyTopUidTcpInfo, rtt = 16, rttPkts = 1, aveRtt = 16.0, app = com.jiansheng.blmn.demo
04-24 13:17:22.455 1176 3109 D HwUidTcpMonitor: parseWlanUidTcpStatistics lastUidTcpStatInfo = [ mUid = 10848 mPacketName = com.jiansheng.blmn.demo mSendSegs = 2679 mResendSegs = 0 mRcvSegs = 3070 ]
04-24 13:17:22.455 1176 1176 I QosMonitor: postEventFromNative: msg=100,arg1=4,arg2=10
04-24 13:17:22.455 1176 1176 I HwQoEJNI: send_cmd_kernel. begin
04-24 13:17:22.455 1176 1176 I HwQoEJNI: send_cmd_kernel. end
04-24 13:17:22.456 1176 1176 I QosMonitor: postEventFromNative: msg=100,arg1=0,arg2=10
04-24 13:17:22.456 1176 1176 D HuaweiWifiWatchdogStateMachine: a4:fa:**:**:eb:b0 current RTT[-45]=120, volume=2
04-24 13:17:22.456 1176 1176 D HuaweiWifiWatchdogStateMachine: a4:fa:**:**:eb:b0 history RTT[-45]=510, volume=60974
04-24 13:17:22.456 1176 1176 D HuaweiWifiWatchdogStateMachine: setSampleRtt: rtt=120,rtt_pkts =2,rtt_when=1
04-24 13:17:22.456 1176 1176 I MQoS : rtt=120,tcp_tx_pkts=481215,tcp_rx_pkts=921652
04-24 13:17:22.456 1176 1176 I QosMonitor: resetRtt: rtt_type = 3
04-24 13:17:22.456 1176 1176 I HwQoEJNI: send_cmd_kernel. begin
04-24 13:17:22.456 1176 1176 I HwQoEJNI: send_cmd_kernel. end
04-24 13:17:22.456 1176 1406 D HuaweiWifiWatchdogStateMachine: dumpTcpResult: len=10,rtt=120,rttPkt=2,rttWn=1,cgt=0,cgtWn=0
04-24 13:17:22.456 1176 1406 I HuaweiWifiWatchdogStateMachine: PTcp RTT:0, rtt pkt=0, tcp_rx=2, tcp_tx=4, tcp_reTran=0, rtRate=0
04-24 13:17:22.456 1176 1406 D HuaweiWifiWatchdogStateMachine: mRssiBadCount =0, RSSI not bad.
04-24 13:17:22.456 1176 1406 D HuaweiWifiWatchdogStateMachine: detectNetworkAvailable:hw.wifipro.dns_fail_count = 131
04-24 13:17:22.456 1176 1406 D HuaweiWifiWatchdogStateMachine: detectNetworkAvailable: tcpRxPkts != 0, reset
04-24 13:17:22.456 1176 1406 I HuaweiWifiWatchdogStateMachine: rs ota tcp lr rttvb bad: false, false, false, false, false; rsth:-75
04-24 13:17:22.456 1176 1406 D HuaweiWifiWatchdogStateMachine: GSC:0, GSR:1.0, RSR:1.0, RTH:-75
04-24 13:17:22.456 1176 1406 D HuaweiWifiWatchdogStateMachine: bqeLevel = 2 rtt=0,rtt_pkts=0 speed=608 rssi=-30
04-24 13:17:22.456 1176 1406 D HuaweiWifiWatchdogStateMachine: Enter updateQoeLevel level = 2
04-24 13:17:22.456 1176 1406 D HuaweiWifiWatchdogStateMachine: updateQoeLevel current level equal to mLastDetectLevel, return
04-24 13:17:22.456 1176 1406 I HuaweiWifiWatchdogStateMachine: pkt chk not bad, reset sc to 0.
04-24 13:17:22.456 1176 1406 D HuaweiWifiWatchdogStateMachine: ### mPktChkBadCnt=0
04-24 13:17:22.460 1176 3515 I MQoS : QOS_level:0(0),wifi-link;SIM error;use level-0
04-24 13:17:22.460 1176 3515 I MQoS : skip-low-Level:0(0),wifi-link;SIM error;use level-0
04-24 13:17:22.494 683 683 E HWComposer: getLayerReleaseFence: Invalid display
04-24 13:17:22.494 683 683 E HWComposer: getPresentFence failed for invalid display -1
04-24 13:17:22.544 683 683 E HWComposer: getLayerReleaseFence: Invalid display
04-24 13:17:22.544 683 683 E HWComposer: getPresentFence failed for invalid display -1
04-24 13:17:22.595 683 683 E HWComposer: getLayerReleaseFence: Invalid display
04-24 13:17:22.595 683 683 E HWComposer: getPresentFence failed for invalid display -1
04-24 13:17:22.628 683 683 E HWComposer: getLayerReleaseFence: Invalid display
04-24 13:17:22.628 683 683 E HWComposer: getPresentFence failed for invalid display -1
04-24 13:17:22.660 683 683 E HWComposer: getLayerReleaseFence: Invalid display
04-24 13:17:22.660 683 683 E HWComposer: getPresentFence failed for invalid display -1
04-24 13:17:22.711 683 683 E HWComposer: getLayerReleaseFence: Invalid display
04-24 13:17:22.711 683 683 E HWComposer: getPresentFence failed for invalid display -1
04-24 13:17:22.744 683 683 E HWComposer: getLayerReleaseFence: Invalid display
04-24 13:17:22.744 683 683 E HWComposer: getPresentFence failed for invalid display -1
04-24 13:17:22.794 683 683 E HWComposer: getLayerReleaseFence: Invalid display
04-24 13:17:22.795 683 683 E HWComposer: getPresentFence failed for invalid display -1
04-24 13:17:22.845 683 683 E HWComposer: getLayerReleaseFence: Invalid display
04-24 13:17:22.846 683 683 E HWComposer: getPresentFence failed for invalid display -1
04-24 13:17:22.877 683 683 E HWComposer: getLayerReleaseFence: Invalid display
04-24 13:17:22.877 683 683 E HWComposer: getPresentFence failed for invalid display -1
04-24 13:17:22.927 683 683 E HWComposer: getLayerReleaseFence: Invalid display
04-24 13:17:22.927 683 683 E HWComposer: getPresentFence failed for invalid display -1
04-24 13:17:22.994 683 683 E HWComposer: getLayerReleaseFence: Invalid display
04-24 13:17:22.994 683 683 E HWComposer: getPresentFence failed for invalid display -1
04-24 13:17:23.044 683 683 E HWComposer: getLayerReleaseFence: Invalid display
04-24 13:17:23.044 683 683 E HWComposer: getPresentFence failed for invalid display -1
04-24 13:17:23.095 683 683 E HWComposer: getLayerReleaseFence: Invalid display
04-24 13:17:23.095 683 683 E HWComposer: getPresentFence failed for invalid display -1
04-24 13:17:23.145 683 683 E HWComposer: getLayerReleaseFence: Invalid display
04-24 13:17:23.145 683 683 E HWComposer: getPresentFence failed for invalid display -1
04-24 13:17:23.195 683 683 E HWComposer: getLayerReleaseFence: Invalid display
04-24 13:17:23.196 683 683 E HWComposer: getPresentFence failed for invalid display -1
04-24 13:17:23.246 683 683 E HWComposer: getLayerReleaseFence: Invalid display
04-24 13:17:23.247 683 683 E HWComposer: getPresentFence failed for invalid display -1
04-24 13:17:23.293 1176 1392 D HwArpVerifier: getGateWayARPResponses: arp rtt = 5
04-24 13:17:23.294 1176 1392 E HwCHRWifiRSSIGroupSummery: updatArpSummery mRSSI:-30 HwCHRWifiRSSIGroup [rssi_index=4, rtt_tcp_packets=0, rtt_tcp_duration=0, rtt_lan_duration=9023, rtt_lan_failures=0, rtt_lan_succ=441, rtt_lan_max=939, rtt_lan_min=0,same_area_frequency=0,adjacent_area_frequency=0]
04-24 13:17:23.297 683 683 E HWComposer: getLayerReleaseFence: Invalid display
04-24 13:17:23.297 683 683 E HWComposer: getPresentFence failed for invalid display -1
04-24 13:17:23.326 1176 1392 D HwArpVerifier: There are 1 mac address for gateway
04-24 13:17:23.326 1176 1392 D HwArpVerifier: from HEART_CHECK transmit to state:HEART_CHECK
04-24 13:17:23.326 1176 1392 D HwArpVerifier: msg what=124 arg1(token)=25 arg2(mode)=0 delay=30000
04-24 13:17:23.326 1176 1392 D HwArpVerifier: performPollAndLog:
04-24 13:17:23.329 1176 1392 D hw_netstat: total/438/1331,com.jiansheng.blmn.demo/112/1291,unknown:0/326/40
04-24 13:17:23.346 683 683 E HWComposer: getLayerReleaseFence: Invalid display
04-24 13:17:23.346 683 683 E HWComposer: getPresentFence failed for invalid display -1
04-24 13:17:23.378 683 683 E HWComposer: getLayerReleaseFence: Invalid display
04-24 13:17:23.378 683 683 E HWComposer: getPresentFence failed for invalid display -1
04-24 13:17:23.428 683 683 E HWComposer: getLayerReleaseFence: Invalid display
04-24 13:17:23.428 683 683 E HWComposer: getPresentFence failed for invalid display -1
04-24 13:17:23.511 683 683 E HWComposer: getLayerReleaseFence: Invalid display
04-24 13:17:23.512 683 683 E HWComposer: getPresentFence failed for invalid display -1
04-24 13:17:23.555 8853 8966 W Unity : [FMOD] EventInstance::update : Event {cac46bca-9efc-483b-aee4-0bdf452aac89} waited 94 milliseconds for sample data to load. Preload sample data to avoid this delay.
04-24 13:17:23.555 8853 8966 W Unity :
04-24 13:17:23.555 8853 8966 W Unity : UnityEngine.DebugLogHandler:LogFormat(LogType, Object, String, Object[])
04-24 13:17:23.555 8853 8966 W Unity : UnityEngine.Logger:Log(LogType, Object)
04-24 13:17:23.555 8853 8966 W Unity : FMODUnity.RuntimeManager:DEBUG_CALLBACK(DEBUG_FLAGS, StringWrapper, Int32, StringWrapper, StringWrapper)
04-24 13:17:23.555 8853 8966 W Unity :
04-24 13:17:23.555 8853 8966 W Unity : (Filename: /Users/builduser/buildslave/unity/build/artifacts/generated/Android/runtime/DebugBindings.gen.cpp Line: 51)
04-24 13:17:23.555 8853 8966 W Unity :
04-24 13:17:23.620 487 9077 W libc : Set property "hw.wifi.dns_stat" to "330,29,476,1,5258"
04-24 13:17:23.629 683 683 E HWComposer: getLayerReleaseFence: Invalid display
04-24 13:17:23.629 683 683 E HWComposer: getPresentFence failed for invalid display -1
04-24 13:17:23.646 683 683 E HWComposer: getLayerReleaseFence: Invalid display
04-24 13:17:23.646 683 683 E HWComposer: getPresentFence failed for invalid display -1
04-24 13:17:23.728 683 683 E HWComposer: getLayerReleaseFence: Invalid display
04-24 13:17:23.728 683 683 E HWComposer: getPresentFence failed for invalid display -1
04-24 13:17:23.796 683 683 E HWComposer: getLayerReleaseFence: Invalid display
04-24 13:17:23.796 683 683 E HWComposer: getPresentFence failed for invalid display -1
04-24 13:17:23.844 683 683 E HWComposer: getLayerReleaseFence: Invalid display
04-24 13:17:23.844 683 683 E HWComposer: getPresentFence failed for invalid display -1
04-24 13:17:23.895 683 683 E HWComposer: getLayerReleaseFence: Invalid display
04-24 13:17:23.895 683 683 E HWComposer: getPresentFence failed for invalid display -1
04-24 13:17:23.945 683 683 E HWComposer: getLayerReleaseFence: Invalid display
04-24 13:17:23.945 683 683 E HWComposer: getPresentFence failed for invalid display -1
04-24 13:17:23.995 683 683 E HWComposer: getLayerReleaseFence: Invalid display
04-24 13:17:23.995 683 683 E HWComposer: getPresentFence failed for invalid display -1
04-24 13:17:24.027 1176 1176 I TrafficMonitor: update:rxPkts:34,txPkts:10,rxBytes:2426,txBytes:2411
04-24 13:17:24.027 1176 1176 I TrafficMonitor: start expired. level:-1
04-24 13:17:24.027 1176 1176 I TrafficMonitor: gettimer:interval=2000
04-24 13:17:24.044 683 683 E HWComposer: getLayerReleaseFence: Invalid display
04-24 13:17:24.044 683 683 E HWComposer: getPresentFence failed for invalid display -1
04-24 13:17:24.111 683 683 E HWComposer: getLayerReleaseFence: Invalid display
04-24 13:17:24.111 683 683 E HWComposer: getPresentFence failed for invalid display -1
04-24 13:17:24.160 683 683 E HWComposer: getLayerReleaseFence: Invalid display
04-24 13:17:24.160 683 683 E HWComposer: getPresentFence failed for invalid display -1
04-24 13:17:24.210 683 683 E HWComposer: getLayerReleaseFence: Invalid display
04-24 13:17:24.210 683 683 E HWComposer: getPresentFence failed for invalid display -1
04-24 13:17:24.261 683 683 E HWComposer: getLayerReleaseFence: Invalid display
04-24 13:17:24.261 683 683 E HWComposer: getPresentFence failed for invalid display -1
04-24 13:17:24.312 683 683 E HWComposer: getLayerReleaseFence: Invalid display
04-24 13:17:24.312 683 683 E HWComposer: getPresentFence failed for invalid display -1
04-24 13:17:24.361 683 683 E HWComposer: getLayerReleaseFence: Invalid display
04-24 13:17:24.361 683 683 E HWComposer: getPresentFence failed for invalid display -1
04-24 13:17:24.427 683 683 E HWComposer: getLayerReleaseFence: Invalid display
04-24 13:17:24.427 683 683 E HWComposer: getPresentFence failed for invalid display -1
04-24 13:17:24.477 683 683 E HWComposer: getLayerReleaseFence: Invalid display
04-24 13:17:24.477 683 683 E HWComposer: getPresentFence failed for invalid display -1
04-24 13:17:24.510 683 683 E HWComposer: getLayerReleaseFence: Invalid display
04-24 13:17:24.511 683 683 E HWComposer: getPresentFence failed for invalid display -1
04-24 13:17:24.560 683 683 E HWComposer: getLayerReleaseFence: Invalid display
04-24 13:17:24.561 683 683 E HWComposer: getPresentFence failed for invalid display -1
04-24 13:17:24.645 683 683 E HWComposer: getLayerReleaseFence: Invalid display
04-24 13:17:24.646 683 683 E HWComposer: getPresentFence failed for invalid display -1
04-24 13:17:24.760 683 683 E HWComposer: getLayerReleaseFence: Invalid display
04-24 13:17:24.760 683 683 E HWComposer: getPresentFence failed for invalid display -1
04-24 13:17:24.778 683 683 E HWComposer: getLayerReleaseFence: Invalid display
04-24 13:17:24.778 683 683 E HWComposer: getPresentFence failed for invalid display -1
04-24 13:17:24.862 683 683 E HWComposer: getLayerReleaseFence: Invalid display
04-24 13:17:24.862 683 683 E HWComposer: getPresentFence failed for invalid display -1
04-24 13:17:24.910 683 683 E HWComposer: getLayerReleaseFence: Invalid display
04-24 13:17:24.910 683 683 E HWComposer: getPresentFence failed for invalid display -1
04-24 13:17:24.960 683 683 E HWComposer: getLayerReleaseFence: Invalid display
04-24 13:17:24.960 683 683 E HWComposer: getPresentFence failed for invalid display -1
04-24 13:17:25.011 683 683 E HWComposer: getLayerReleaseFence: Invalid display
04-24 13:17:25.011 683 683 E HWComposer: getPresentFence failed for invalid display -1
04-24 13:17:25.060 683 683 E HWComposer: getLayerReleaseFence: Invalid display
04-24 13:17:25.060 683 683 E HWComposer: getPresentFence failed for invalid display -1
04-24 13:17:25.094 683 683 E HWComposer: getLayerReleaseFence: Invalid display
04-24 13:17:25.094 683 683 E HWComposer: getPresentFence failed for invalid display -1
04-24 13:17:25.133 1176 1338 D HwWifiStatStore: handleMessage : 200
04-24 13:17:25.160 683 683 E HWComposer: getLayerReleaseFence: Invalid display
04-24 13:17:25.160 683 683 E HWComposer: getPresentFence failed for invalid display -1
04-24 13:17:25.228 683 683 E HWComposer: getLayerReleaseFence: Invalid display
04-24 13:17:25.228 683 683 E HWComposer: getPresentFence failed for invalid display -1
04-24 13:17:25.260 683 683 E HWComposer: getLayerReleaseFence: Invalid display
04-24 13:17:25.260 683 683 E HWComposer: getPresentFence failed for invalid display -1
04-24 13:17:25.310 683 683 E HWComposer: getLayerReleaseFence: Invalid display
04-24 13:17:25.310 683 683 E HWComposer: getPresentFence failed for invalid display -1
04-24 13:17:25.360 683 683 E HWComposer: getLayerReleaseFence: Invalid display
04-24 13:17:25.360 683 683 E HWComposer: getPresentFence failed for invalid display -1
04-24 13:17:25.393 683 683 E HWComposer: getLayerReleaseFence: Invalid display
04-24 13:17:25.393 683 683 E HWComposer: getPresentFence failed for invalid display -1
04-24 13:17:25.441 777 777 E : [E/capacity_limit_control] not demo version, not set power control prop!
04-24 13:17:25.450 679 679 E WifiHAL : enter wifi_get_link_stats
04-24 13:17:25.454 742 742 E wificond: Failed to get NL80211_RATE_INFO_NOISE
04-24 13:17:25.454 742 742 E wificond: Failed to get NL80211_RATE_INFO_SNR
04-24 13:17:25.454 742 742 E wificond: Failed to get NL80211_STA_INFO_CNAHLOAD
04-24 13:17:25.455 1176 1337 E WificondControl: Noise: 0, Snr: -1, Chload: -1
04-24 13:17:25.455 1176 1339 D HwWifiCHRStateManager: handleMessage : 1001
04-24 13:17:25.455 1176 1339 D HwWifiCHRStateManager: handleUpdateChannel:2412
04-24 13:17:25.455 1176 1339 V HwWifiServiceFactory: get AllImpl object = com.android.server.wifi.HwWifiServiceFactoryImpl@2205edc
04-24 13:17:25.457 1176 1337 D HwCustWifiStateMachineReferenceImpl: checkRssiOverThreshold newRssi = -31
04-24 13:17:25.458 1176 1337 D WifiScoreReport: Score = 100, wifiConnectivityManagerEnabled = false, lowScoreCount = 0
04-24 13:17:25.477 683 683 E HWComposer: getLayerReleaseFence: Invalid display
04-24 13:17:25.477 683 683 E HWComposer: getPresentFence failed for invalid display -1
04-24 13:17:25.509 683 683 E HWComposer: getLayerReleaseFence: Invalid display
04-24 13:17:25.509 683 683 E HWComposer: getPresentFence failed for invalid display -1
04-24 13:17:25.561 683 683 E HWComposer: getLayerReleaseFence: Invalid display
04-24 13:17:25.561 683 683 E HWComposer: getPresentFence failed for invalid display -1
04-24 13:17:25.610 683 683 E HWComposer: getLayerReleaseFence: Invalid display
04-24 13:17:25.610 683 683 E HWComposer: getPresentFence failed for invalid display -1
04-24 13:17:25.660 683 683 E HWComposer: getLayerReleaseFence: Invalid display
04-24 13:17:25.660 683 683 E HWComposer: getPresentFence failed for invalid display -1
04-24 13:17:25.742 683 683 E HWComposer: getLayerReleaseFence: Invalid display
04-24 13:17:25.742 683 683 E HWComposer: getPresentFence failed for invalid display -1
04-24 13:17:25.796 683 683 E HWComposer: getLayerReleaseFence: Invalid display
04-24 13:17:25.796 683 683 E HWComposer: getPresentFence failed for invalid display -1
04-24 13:17:25.845 683 683 E HWComposer: getLayerReleaseFence: Invalid display
04-24 13:17:25.845 683 683 E HWComposer: getPresentFence failed for invalid display -1
04-24 13:17:25.894 683 683 E HWComposer: getLayerReleaseFence: Invalid display
04-24 13:17:25.895 683 683 E HWComposer: getPresentFence failed for invalid display -1
04-24 13:17:25.961 683 683 E HWComposer: getLayerReleaseFence: Invalid display
04-24 13:17:25.961 683 683 E HWComposer: getPresentFence failed for invalid display -1
04-24 13:17:26.029 683 683 E HWComposer: getLayerReleaseFence: Invalid display
04-24 13:17:26.029 683 683 E HWComposer: getPresentFence failed for invalid display -1
04-24 13:17:26.031 1176 1176 I TrafficMonitor: update:rxPkts:11,txPkts:2,rxBytes:954,txBytes:376
04-24 13:17:26.031 1176 1176 I TrafficMonitor: start expired. level:-1
04-24 13:17:26.031 1176 1176 I TrafficMonitor: gettimer:interval=2000
04-24 13:17:26.078 683 683 E HWComposer: getLayerReleaseFence: Invalid display
04-24 13:17:26.078 683 683 E HWComposer: getPresentFence failed for invalid display -1
04-24 13:17:26.128 683 683 E HWComposer: getLayerReleaseFence: Invalid display
04-24 13:17:26.128 683 683 E HWComposer: getPresentFence failed for invalid display -1
04-24 13:17:26.194 683 683 E HWComposer: getLayerReleaseFence: Invalid display
04-24 13:17:26.194 683 683 E HWComposer: getPresentFence failed for invalid display -1
04-24 13:17:26.245 683 683 E HWComposer: getLayerReleaseFence: Invalid display
04-24 13:17:26.245 683 683 E HWComposer: getPresentFence failed for invalid display -1
