04-24 13:07:03.750 777 777 E : [E/capacity_limit_control] not demo version, not set power control prop!
04-24 13:07:04.004 1176 1176 I TrafficMonitor: update:rxPkts:0,txPkts:0,rxBytes:0,txBytes:0
04-24 13:07:04.004 1176 1176 I TrafficMonitor: start expired. level:-1
04-24 13:07:04.005 1176 1176 I TrafficMonitor: gettimer:interval=2000
04-24 13:07:04.231 1176 1338 D HwWifiStatStore: handleMessage : 200
04-24 13:07:04.996 1176 1176 I TrafficMonitor: expired arrive. level:-1
04-24 13:07:04.996 1176 1176 I TrafficMonitor: during_ms:2005,period_ms:2000
04-24 13:07:04.997 1176 1176 I TrafficMonitor: count:132,rx_sum:0,tx_sum:0,rxBytes:0,during_ms:2005,rx_speed:0.0,tx_speed:0.0,rto:0.0
04-24 13:07:04.997 1176 1176 D HuaweiWifiWatchdogStateMachine: speed: rxpkt:0, rxSpd:0B/s, txpkt:0, txSpd:0
04-24 13:07:05.910 1176 1392 D HwArpVerifier: performPollAndLog:
04-24 13:07:05.914 1176 1392 D hw_netstat: total/0/0
04-24 13:07:05.934 742 742 E wificond: Failed to get NL80211_RATE_INFO_NOISE
04-24 13:07:05.934 742 742 E wificond: Failed to get NL80211_RATE_INFO_SNR
04-24 13:07:05.935 742 742 E wificond: Failed to get NL80211_STA_INFO_CNAHLOAD
04-24 13:07:05.936 1176 1337 E WificondControl: Noise: 0, Snr: -1, Chload: -1
04-24 13:07:05.937 1176 1339 D HwWifiCHRStateManager: handleMessage : 1001
04-24 13:07:05.937 1176 1339 D HwWifiCHRStateManager: handleUpdateChannel:2412
04-24 13:07:05.937 1176 1339 V HwWifiServiceFactory: get AllImpl object = com.android.server.wifi.HwWifiServiceFactoryImpl@2205edc
04-24 13:07:05.941 742 742 E wificond: Failed to get NL80211_RATE_INFO_NOISE
04-24 13:07:05.941 742 742 E wificond: Failed to get NL80211_RATE_INFO_SNR
04-24 13:07:05.941 742 742 E wificond: Failed to get NL80211_STA_INFO_CNAHLOAD
04-24 13:07:05.943 1176 1176 D WiFi_PRO: MSG_RETURN_AP_CURRY_RSSI rssi = -30
04-24 13:07:05.943 1176 1406 D HuaweiWifiWatchdogStateMachine: LM mrssi=-30
04-24 13:07:05.943 1176 1406 D HuaweiWifiWatchdogStateMachine: a4:fa:**:**:eb:b0 current loss[-45]=0%, volume=1
04-24 13:07:05.943 1176 1176 I QosMonitor: queryRtt: rtt_type = 3
04-24 13:07:05.943 1176 1406 D HuaweiWifiWatchdogStateMachine: a4:fa:**:**:eb:b0 history loss[-45]=0%, volume=13825698
04-24 13:07:05.944 1176 1176 I HwQoEJNI: send_cmd_kernel. begin
04-24 13:07:05.944 1176 1176 I HwQoEJNI: send_cmd_kernel. end
04-24 13:07:05.944 1176 1176 I QosMonitor: postEventFromNative: msg=100,arg1=4,arg2=10
04-24 13:07:05.944 1176 1176 D HuaweiWifiWatchdogStateMachine: setSampleRtt: unvalid rtt
04-24 13:07:05.946 1176 1406 I HuaweiWifiWatchdogStateMachine: spd good count:0, add sc:0.0, rate:1.0
04-24 13:07:05.946 1176 1406 I HuaweiWifiWatchdogStateMachine: current mHighDataFlowRate = 1.0
04-24 13:07:05.946 1176 1406 I HuaweiWifiWatchdogStateMachine: POta txb txg rxg:0, 55, 0. Lr =0% Totpkt=55
04-24 13:07:05.947 1176 1176 I HwQoEJNI: send_cmd_kernel. begin
04-24 13:07:05.948 1176 1176 I HwQoEJNI: send_cmd_kernel. end
04-24 13:07:05.948 1176 1176 I QosMonitor: postEventFromNative: msg=100,arg1=0,arg2=10
04-24 13:07:05.948 1176 1176 I MQoS : rtt=560,tcp_tx_pkts=480980,tcp_rx_pkts=921440
04-24 13:07:05.950 1176 1406 D HuaweiWifiWatchdogStateMachine: dumpTcpResult: len=10,rtt=560,rttPkt=1,rttWn=73,cgt=0,cgtWn=0
04-24 13:07:05.951 1176 1406 I HuaweiWifiWatchdogStateMachine: PTcp RTT:0, rtt pkt=0, tcp_rx=0, tcp_tx=0, tcp_reTran=0, rtRate=0
04-24 13:07:05.951 1176 1406 D HuaweiWifiWatchdogStateMachine: mRssiBadCount =0, RSSI not bad.
04-24 13:07:05.952 1176 1406 D HuaweiWifiWatchdogStateMachine: detectNetworkAvailable:hw.wifipro.dns_fail_count = 131
04-24 13:07:05.952 1176 1406 D HuaweiWifiWatchdogStateMachine: bqeLevel = 2 rtt=0,rtt_pkts=0 speed=26 rssi=-30
04-24 13:07:05.952 1176 1406 D HuaweiWifiWatchdogStateMachine: Enter updateQoeLevel level = 2
04-24 13:07:05.952 1176 1406 D HuaweiWifiWatchdogStateMachine: updateQoeLevel current level equal to mLastDetectLevel, return
04-24 13:07:05.952 1176 1406 D HuaweiWifiWatchdogStateMachine: did not have any network action
04-24 13:07:05.958 1176 3515 I MQoS : QOS_level:0(0),wifi-link;SIM error;use level-0
04-24 13:07:06.007 1176 1176 I TrafficMonitor: update:rxPkts:0,txPkts:0,rxBytes:0,txBytes:0
04-24 13:07:06.007 1176 1176 I TrafficMonitor: start expired. level:-1
04-24 13:07:06.007 1176 1176 I TrafficMonitor: gettimer:interval=2000
04-24 13:07:06.804 487 620 W SocketListener: sending broadcast to Pid = 1176, Uid = 1000
04-24 13:07:06.809 1176 1332 D NetdConnector: RCV <- {613 IfaceClass idle 1 354414958862430}
04-24 13:07:06.813 1176 1332 D NetdConnector: RCV <- {613 IfaceClass idle 1 354414958862430}
04-24 13:07:06.817 1176 1202 D NetdConnector: RCV unsolicited event from native daemon, event = 613
04-24 13:07:07.238 1176 1338 D HwWifiStatStore: handleMessage : 200
04-24 13:07:08.012 1176 1176 I TrafficMonitor: update:rxPkts:0,txPkts:0,rxBytes:0,txBytes:0
04-24 13:07:08.013 1176 1176 I TrafficMonitor: start expired. level:-1
04-24 13:07:08.013 1176 1176 I TrafficMonitor: gettimer:interval=2000
04-24 13:07:08.211 1729 2056 D SleepClean: run sleepClean start
04-24 13:07:08.760 777 777 E : [E/capacity_limit_control] not demo version, not set power control prop!
04-24 13:07:10.018 1176 1176 I TrafficMonitor: update:rxPkts:0,txPkts:0,rxBytes:0,txBytes:0
04-24 13:07:10.019 1176 1176 I TrafficMonitor: start expired. level:-1
04-24 13:07:10.019 1176 1176 I TrafficMonitor: gettimer:interval=2000
04-24 13:07:10.245 1176 1338 D HwWifiStatStore: handleMessage : 200
04-24 13:07:10.920 1176 1392 D HwArpVerifier: performPollAndLog:
04-24 13:07:10.925 1176 1392 D hw_netstat: total/0/0
04-24 13:07:11.009 1176 1176 I TrafficMonitor: expired arrive. level:-1
04-24 13:07:11.009 1176 1176 I TrafficMonitor: during_ms:2006,period_ms:2000
04-24 13:07:11.009 1176 1176 I TrafficMonitor: count:135,rx_sum:0,tx_sum:0,rxBytes:0,during_ms:2006,rx_speed:0.0,tx_speed:0.0,rto:0.0
04-24 13:07:11.009 1176 1176 D HuaweiWifiWatchdogStateMachine: speed: rxpkt:0, rxSpd:0B/s, txpkt:0, txSpd:0
04-24 13:07:12.024 1176 1176 I TrafficMonitor: update:rxPkts:0,txPkts:0,rxBytes:0,txBytes:0
04-24 13:07:12.024 1176 1176 I TrafficMonitor: start expired. level:-1
04-24 13:07:12.024 1176 1176 I TrafficMonitor: gettimer:interval=2000
04-24 13:07:13.252 1176 1338 D HwWifiStatStore: handleMessage : 200
04-24 13:07:13.770 777 777 E : [E/capacity_limit_control] not demo version, not set power control prop!
04-24 13:07:13.942 742 742 E wificond: Failed to get NL80211_RATE_INFO_NOISE
04-24 13:07:13.943 742 742 E wificond: Failed to get NL80211_RATE_INFO_SNR
04-24 13:07:13.943 742 742 E wificond: Failed to get NL80211_STA_INFO_CNAHLOAD
04-24 13:07:13.944 1176 1337 E WificondControl: Noise: 0, Snr: -1, Chload: -1
04-24 13:07:13.945 1176 1339 D HwWifiCHRStateManager: handleMessage : 1001
04-24 13:07:13.946 1176 1339 D HwWifiCHRStateManager: handleUpdateChannel:2412
04-24 13:07:13.946 1176 1339 V HwWifiServiceFactory: get AllImpl object = com.android.server.wifi.HwWifiServiceFactoryImpl@2205edc
04-24 13:07:13.950 742 742 E wificond: Failed to get NL80211_RATE_INFO_NOISE
04-24 13:07:13.950 742 742 E wificond: Failed to get NL80211_RATE_INFO_SNR
04-24 13:07:13.950 742 742 E wificond: Failed to get NL80211_STA_INFO_CNAHLOAD
04-24 13:07:13.952 1176 1176 D WiFi_PRO: MSG_RETURN_AP_CURRY_RSSI rssi = -28
04-24 13:07:13.952 1176 1406 D HuaweiWifiWatchdogStateMachine: LM mrssi=-28
04-24 13:07:13.952 1176 1176 I QosMonitor: queryRtt: rtt_type = 3
04-24 13:07:13.953 1176 1176 I HwQoEJNI: send_cmd_kernel. begin
04-24 13:07:13.953 1176 1406 I HuaweiWifiWatchdogStateMachine: spd good count:0, add sc:0.0, rate:1.0
04-24 13:07:13.953 1176 1406 I HuaweiWifiWatchdogStateMachine: current mHighDataFlowRate = 1.0
04-24 13:07:13.953 1176 1176 I HwQoEJNI: send_cmd_kernel. end
04-24 13:07:13.953 1176 1406 I HuaweiWifiWatchdogStateMachine: POta txb txg rxg:0, 55, 0. Lr =0% Totpkt=55
04-24 13:07:13.953 1176 1176 I QosMonitor: postEventFromNative: msg=100,arg1=4,arg2=10
04-24 13:07:13.954 1176 1176 I HwQoEJNI: send_cmd_kernel. begin
04-24 13:07:13.954 1176 1176 I HwQoEJNI: send_cmd_kernel. end
04-24 13:07:13.954 1176 1176 I QosMonitor: postEventFromNative: msg=100,arg1=0,arg2=10
04-24 13:07:13.954 1176 1176 D HuaweiWifiWatchdogStateMachine: setSampleRtt: unvalid rtt
04-24 13:07:13.954 1176 1176 I MQoS : rtt=560,tcp_tx_pkts=480980,tcp_rx_pkts=921440
04-24 13:07:13.956 1176 1406 D HuaweiWifiWatchdogStateMachine: dumpTcpResult: len=10,rtt=560,rttPkt=1,rttWn=81,cgt=0,cgtWn=0
04-24 13:07:13.956 1176 1406 I HuaweiWifiWatchdogStateMachine: PTcp RTT:0, rtt pkt=0, tcp_rx=0, tcp_tx=0, tcp_reTran=0, rtRate=0
04-24 13:07:13.956 1176 1406 D HuaweiWifiWatchdogStateMachine: mRssiBadCount =0, RSSI not bad.
04-24 13:07:13.956 1176 1406 D HuaweiWifiWatchdogStateMachine: detectNetworkAvailable:hw.wifipro.dns_fail_count = 131
04-24 13:07:13.957 1176 1406 D HuaweiWifiWatchdogStateMachine: bqeLevel = 2 rtt=0,rtt_pkts=0 speed=26 rssi=-28
04-24 13:07:13.957 1176 1406 D HuaweiWifiWatchdogStateMachine: Enter updateQoeLevel level = 2
04-24 13:07:13.957 1176 1406 D HuaweiWifiWatchdogStateMachine: updateQoeLevel current level equal to mLastDetectLevel, return
04-24 13:07:13.957 1176 1406 D HuaweiWifiWatchdogStateMachine: did not have any network action
04-24 13:07:13.966 1176 3515 I MQoS : QOS_level:0(0),wifi-link;SIM error;use level-0
04-24 13:07:14.026 1176 1176 I TrafficMonitor: update:rxPkts:0,txPkts:0,rxBytes:0,txBytes:0
04-24 13:07:14.026 1176 1176 I TrafficMonitor: start expired. level:-1
04-24 13:07:14.026 1176 1176 I TrafficMonitor: gettimer:interval=5000
04-24 13:07:14.384 1176 1302 W AlarmManager: mIsScreenOn is: false, WAKEUP alarm trigger action = ALARM_ACTION(27905) package name is: com.tencent.mm
04-24 13:07:14.389 27905 27971 I longlink_progress: on_heartbeat_alarm, time: 354422546, is_noop_timeout:0
04-24 13:07:14.391 1176 1176 V AlarmManager: Received TIME_TICK alarm; rescheduling
04-24 13:07:14.414 1176 1176 I HwAlarmManagerService: hwSetAlarm listenerTag: time_tick
04-24 13:07:14.419 1463 1463 E DateView: DateView,mCurrentTime: 1587704834419
04-24 13:07:14.434 1176 1631 W ProcBatteryStats: timer is running , not start, name: com.tencent.mm, uid: 10824, tag: PlatformComm
04-24 13:07:14.440 1463 1463 W HwKeyguardDragHelper: AnimationBlocked
04-24 13:07:14.442 1463 1463 I EventCenter: EventCenter Get :android.intent.action.TIME_TICK
04-24 13:07:14.443 1463 1463 W ResourceType: No known package when getting value for resource number 0xffffffff
04-24 13:07:14.443 1463 1463 E DateLunarView: mDateString is: 4月24日星期五
04-24 13:07:14.444 1463 1463 W ResourceType: No known package when getting value for resource number 0xffffffff
04-24 13:07:14.444 1463 1463 E DateLunarView: mDateString is: 4月24日星期五
04-24 13:07:14.446 1463 1463 D WeatherHelper: City info empty
04-24 13:07:14.448 1176 1490 V BroadcastQueue: Finished with ordered broadcast BroadcastRecord{b6c4043 u0 ALARM_ACTION(27905)}
04-24 13:07:14.450 1463 1463 D WeatherHelper: City info empty
04-24 13:07:14.450 1463 1463 D KeyguardUpdateMonitor: received broadcast android.intent.action.TIME_TICK
04-24 13:07:14.450 1463 1463 D KeyguardUpdateMonitor: handleTimeUpdate
04-24 13:07:14.451 1463 1782 I KeyguardStatusView: Runnable for refresh
04-24 13:07:14.452 1770 1770 I HwLauncher: Model onReceive intent=Intent { act=android.intent.action.TIME_TICK flg=0x50200014 hwFlg=0x900 (has extras) }
04-24 13:07:14.452 1770 1770 I HwLauncher: Model onReceive user=UserHandle{0}
04-24 13:07:14.453 27905 28003 I longlink_progress: on_heartbeat_set, time: 354422610, time interval:210000
04-24 13:07:14.455 487 620 W SocketListener: sending broadcast to Pid = 1176, Uid = 1000
04-24 13:07:14.456 1176 1332 D NetdConnector: RCV <- {613 IfaceClass active 1 354422611422846 10824}
04-24 13:07:14.457 1463 1463 D WeatherHelper: City info empty
04-24 13:07:14.457 1176 1332 D NetdConnector: RCV <- {613 IfaceClass active 1 354422611422846 10824}
04-24 13:07:14.458 1176 1202 D NetdConnector: RCV unsolicited event from native daemon, event = 613
04-24 13:07:14.465 3756 3806 I Step_LSC: 80001355|processHandleBroadcastAction action:android.intent.action.TIME_TICK
04-24 13:07:14.471 1176 11623 V BroadcastQueue: Finished with ordered broadcast BroadcastRecord{79581f2 u-1 android.intent.action.TIME_TICK}
04-24 13:07:14.476 27905 28003 I longlink_progress: on_heartbeat_set, time: 354422633, time interval:210000
04-24 13:07:14.543 1463 1463 D WeatherHelper: City info empty
04-24 13:07:14.544 1463 1463 D DateTimeView: Change to single clock mode!
04-24 13:07:14.545 1463 1463 D WeatherHelper: City info empty
04-24 13:07:14.546 1463 1463 D WeatherHelper: City info empty
04-24 13:07:14.546 1463 1463 D DateTimeView: Change to single clock mode!
04-24 13:07:14.548 1463 1463 D WeatherHelper: City info empty
04-24 13:07:15.444 1176 11623 W ProcBatteryStats: timer is not running , not stop, name: com.tencent.mm, uid: 10824, tag: PlatformComm
04-24 13:07:15.931 1176 1392 D HwArpVerifier: performPollAndLog:
04-24 13:07:15.936 1176 1392 D hw_netstat: total/77/117,com.tencent.mm/77/117
04-24 13:07:16.259 1176 1338 D HwWifiStatStore: handleMessage : 200
04-24 13:07:17.027 1176 1176 I TrafficMonitor: expired arrive. level:-1
04-24 13:07:17.028 1176 1176 I TrafficMonitor: during_ms:2002,period_ms:2000
04-24 13:07:17.028 1176 1176 I TrafficMonitor: count:137,rx_sum:0,tx_sum:0,rxBytes:0,during_ms:2002,rx_speed:0.0,tx_speed:0.0,rto:0.0
04-24 13:07:17.028 1176 1176 D HuaweiWifiWatchdogStateMachine: speed: rxpkt:0, rxSpd:0B/s, txpkt:0, txSpd:0
04-24 13:07:18.731 1729 23345 I DownloadState: 10824 transmitting data speed : 38 bytes/s scroff: true
04-24 13:07:18.780 777 777 E : [E/capacity_limit_control] not demo version, not set power control prop!
04-24 13:07:18.808 3756 3774 D LogUtil_LogConfig: obtainSavePath(): path = 1
04-24 13:07:18.811 3756 3774 D LogUtil_LogConfig: getLogFile(): logFilePath = /data/data/com.huawei.health/files/com.huawei.health/com.huawei.health_DaemonService/
04-24 13:07:18.812 3756 3774 D LogUtil_LogConfig: obtainSavePath(): path = 1
04-24 13:07:18.812 3756 3774 D LogUtil_LogConfig: acquireMaxLogFileLengthContainsOffset describe: com.huawei.health:DaemonService result:5242880
04-24 13:07:18.812 3756 3774 D LogUtil_LogConfig: obtainSavePath(): path = 1
04-24 13:07:18.814 3756 3774 D LogUtil_LogConfig: getLogFileRoot(): logFilePath = /data/data/com.huawei.health/files/com.huawei.health/com.huawei.health_DaemonService/
04-24 13:07:19.032 1176 1176 I TrafficMonitor: update:rxPkts:1,txPkts:2,rxBytes:77,txBytes:117
04-24 13:07:19.032 1176 1176 I TrafficMonitor: start expired. level:-1
04-24 13:07:19.033 1176 1176 I TrafficMonitor: gettimer:interval=2000
04-24 13:07:19.266 1176 1338 D HwWifiStatStore: handleMessage : 200
04-24 13:07:19.578 1176 1589 W Watchdog: hungtask: writing kick
04-24 13:07:19.583 1176 1202 I EventHub: EventHub monitor: no key events in the past 3373s, no motion events in the past 3374s
04-24 13:07:20.942 1176 1392 D HwArpVerifier: performPollAndLog:
04-24 13:07:20.946 1176 1392 D hw_netstat: total/0/0
04-24 13:07:21.038 1176 1176 I TrafficMonitor: update:rxPkts:0,txPkts:0,rxBytes:0,txBytes:0
04-24 13:07:21.039 1176 1176 I TrafficMonitor: start expired. level:-1
04-24 13:07:21.039 1176 1176 I TrafficMonitor: gettimer:interval=2000
04-24 13:07:21.945 742 742 E wificond: Failed to get NL80211_RATE_INFO_NOISE
04-24 13:07:21.945 742 742 E wificond: Failed to get NL80211_RATE_INFO_SNR
04-24 13:07:21.945 742 742 E wificond: Failed to get NL80211_STA_INFO_CNAHLOAD
04-24 13:07:21.947 1176 1337 E WificondControl: Noise: 0, Snr: -1, Chload: -1
04-24 13:07:21.948 1176 1339 D HwWifiCHRStateManager: handleMessage : 1001
04-24 13:07:21.948 1176 1339 D HwWifiCHRStateManager: handleUpdateChannel:2412
04-24 13:07:21.949 1176 1339 V HwWifiServiceFactory: get AllImpl object = com.android.server.wifi.HwWifiServiceFactoryImpl@2205edc
04-24 13:07:21.952 742 742 E wificond: Failed to get NL80211_RATE_INFO_NOISE
04-24 13:07:21.953 742 742 E wificond: Failed to get NL80211_RATE_INFO_SNR
04-24 13:07:21.953 742 742 E wificond: Failed to get NL80211_STA_INFO_CNAHLOAD
04-24 13:07:21.955 1176 1176 D WiFi_PRO: MSG_RETURN_AP_CURRY_RSSI rssi = -29
04-24 13:07:21.955 1176 1406 D HuaweiWifiWatchdogStateMachine: LM mrssi=-29
04-24 13:07:21.955 1176 1406 D HuaweiWifiWatchdogStateMachine: a4:fa:**:**:eb:b0 current loss[-45]=0%, volume=2
04-24 13:07:21.955 1176 1176 I QosMonitor: queryRtt: rtt_type = 3
04-24 13:07:21.955 1176 1406 D HuaweiWifiWatchdogStateMachine: a4:fa:**:**:eb:b0 history loss[-45]=0%, volume=13825700
04-24 13:07:21.955 1176 1176 I HwQoEJNI: send_cmd_kernel. begin
04-24 13:07:21.956 1176 1176 I HwQoEJNI: send_cmd_kernel. end
04-24 13:07:21.956 1176 1406 I HuaweiWifiWatchdogStateMachine: spd good count:0, add sc:0.0, rate:1.0
04-24 13:07:21.956 1176 1176 I QosMonitor: postEventFromNative: msg=100,arg1=4,arg2=10
04-24 13:07:21.956 1176 1176 D HuaweiWifiWatchdogStateMachine: a4:fa:**:**:eb:b0 current RTT[-45]=240, volume=1
04-24 13:07:21.956 1176 1176 D HuaweiWifiWatchdogStateMachine: a4:fa:**:**:eb:b0 history RTT[-45]=510, volume=60868
04-24 13:07:21.956 1176 1176 D HuaweiWifiWatchdogStateMachine: setSampleRtt: rtt=240,rtt_pkts =1,rtt_when=7
04-24 13:07:21.957 1176 1176 I QosMonitor: resetRtt: rtt_type = 3
04-24 13:07:21.957 1176 1406 D HuaweiWifiWatchdogStateMachine: high data flow: protection_counter = 0, not_detect_counter = 409
04-24 13:07:21.957 1176 1176 I HwQoEJNI: send_cmd_kernel. begin
04-24 13:07:21.957 1176 1406 D HuaweiWifiWatchdogStateMachine: high data flow scenario: 0 --> 0 rx bytes =0KB
04-24 13:07:21.957 1176 1176 I HwQoEJNI: send_cmd_kernel. end
04-24 13:07:21.957 1176 1406 I HuaweiWifiWatchdogStateMachine: current mHighDataFlowRate = 1.0
04-24 13:07:21.957 1176 1406 I HuaweiWifiWatchdogStateMachine: POta txb txg rxg:0, 57, 0. Lr =0% Totpkt=57
04-24 13:07:21.958 1176 1176 I HwQoEJNI: send_cmd_kernel. begin
04-24 13:07:21.958 1176 1176 I HwQoEJNI: send_cmd_kernel. end
04-24 13:07:21.958 1176 1176 I QosMonitor: postEventFromNative: msg=100,arg1=0,arg2=10
04-24 13:07:21.958 1176 3109 D HwUidTcpMonitor: parseWlanUidTcpStatistics lastUidTcpStatInfo = [ mUid = 10824 mPacketName = com.tencent.mm mSendSegs = 233 mResendSegs = 0 mRcvSegs = 171 ]
04-24 13:07:21.959 1176 1176 I MQoS : rtt=240,tcp_tx_pkts=480982,tcp_rx_pkts=921441
04-24 13:07:21.961 1176 1406 D HuaweiWifiWatchdogStateMachine: dumpTcpResult: len=10,rtt=240,rttPkt=1,rttWn=7,cgt=0,cgtWn=0
04-24 13:07:21.965 1176 1406 I HuaweiWifiWatchdogStateMachine: PTcp RTT:0, rtt pkt=0, tcp_rx=1, tcp_tx=2, tcp_reTran=0, rtRate=0
04-24 13:07:21.968 1176 1406 D HuaweiWifiWatchdogStateMachine: mRssiBadCount =0, RSSI not bad.
04-24 13:07:21.968 1176 1406 D HuaweiWifiWatchdogStateMachine: detectNetworkAvailable:hw.wifipro.dns_fail_count = 131
04-24 13:07:21.968 1176 1406 D HuaweiWifiWatchdogStateMachine: detectNetworkAvailable: tcpRxPkts != 0, reset
04-24 13:07:21.968 1176 1406 D HuaweiWifiWatchdogStateMachine: bqeLevel = 2 rtt=0,rtt_pkts=0 speed=26 rssi=-29
04-24 13:07:21.968 1176 1406 D HuaweiWifiWatchdogStateMachine: Enter updateQoeLevel level = 2
04-24 13:07:21.968 1176 1406 D HuaweiWifiWatchdogStateMachine: updateQoeLevel current level equal to mLastDetectLevel, return
04-24 13:07:21.968 1176 1406 D HuaweiWifiWatchdogStateMachine: did not have any network action
04-24 13:07:21.972 1176 3515 I MQoS : QOS_level:0(0),wifi-link;SIM error;use level-0
04-24 13:07:22.273 1176 1338 D HwWifiStatStore: handleMessage : 200
04-24 13:07:23.044 1176 1176 I TrafficMonitor: update:rxPkts:0,txPkts:0,rxBytes:0,txBytes:0
04-24 13:07:23.045 1176 1176 I TrafficMonitor: start expired. level:-1
04-24 13:07:23.045 1176 1176 I TrafficMonitor: gettimer:interval=2000
04-24 13:07:23.791 777 777 E : [E/capacity_limit_control] not demo version, not set power control prop!
04-24 13:07:24.035 1176 1176 I TrafficMonitor: expired arrive. level:-1
04-24 13:07:24.035 1176 1176 I TrafficMonitor: during_ms:2006,period_ms:2000
04-24 13:07:24.035 1176 1176 I TrafficMonitor: count:140,rx_sum:0,tx_sum:0,rxBytes:0,during_ms:2006,rx_speed:0.0,tx_speed:0.0,rto:0.0
04-24 13:07:24.035 1176 1176 D HuaweiWifiWatchdogStateMachine: speed: rxpkt:0, rxSpd:0B/s, txpkt:0, txSpd:0
04-24 13:07:24.470 1176 11623 V BroadcastQueue: Finished with ordered broadcast BroadcastRecord{a0bddd8 u0 com.tencent.mm.plugin.report.service.KVCommCrossProcessReceiver}
04-24 13:07:25.050 1176 1176 I TrafficMonitor: update:rxPkts:0,txPkts:0,rxBytes:0,txBytes:0
04-24 13:07:25.050 1176 1176 I TrafficMonitor: start expired. level:-1
04-24 13:07:25.050 1176 1176 I TrafficMonitor: gettimer:interval=2000
04-24 13:07:25.280 1176 1338 D HwWifiStatStore: handleMessage : 200
04-24 13:07:25.951 1176 1392 D HwArpVerifier: performPollAndLog:
04-24 13:07:25.956 1176 1392 D hw_netstat: total/0/0
04-24 13:07:27.056 1176 1176 I TrafficMonitor: update:rxPkts:0,txPkts:0,rxBytes:0,txBytes:0
04-24 13:07:27.056 1176 1176 I TrafficMonitor: start expired. level:-1
04-24 13:07:27.057 1176 1176 I TrafficMonitor: gettimer:interval=2000
04-24 13:07:28.287 1176 1338 D HwWifiStatStore: handleMessage : 200
04-24 13:07:28.796 777 777 E : [E/capacity_limit_control] not demo version, not set power control prop!
04-24 13:07:28.816 1176 1288 D HwBatteryService: onUEvent fcpStatus = 0,scpStatus =0,ovpStatus=0
04-24 13:07:28.818 1176 1288 I UsbDeviceManager: water_intrused state= 0
04-24 13:07:28.830 1176 1176 D HwInnerWifiManagerImpl: SupplicantState = COMPLETED
04-24 13:07:28.831 1176 1176 D HwInnerWifiManagerImpl: isPhoneAP = false
04-24 13:07:28.832 1463 1463 D KeyguardUpdateMonitor: received broadcast android.intent.action.BATTERY_CHANGED
04-24 13:07:28.833 1176 1176 D HwInnerWifiManagerImpl: SupplicantState = COMPLETED
04-24 13:07:28.833 1176 1176 D HwInnerWifiManagerImpl: isPhoneAP = false
04-24 13:07:28.833 1176 1176 D WifiStateMachine: mBcastReceiver: PluggedType = 2 mIsScanCtrlPluggedin = true
04-24 13:07:28.833 1176 1176 D HwWifiService: mPluggedType =2
04-24 13:07:28.834 1463 1463 W KeyguardUpdateMonitor: ACTION_BATTERY_CHANGED AMP: 500000; Volt: 5000000
04-24 13:07:28.834 1176 1176 D WifiService: onReceive, action:android.intent.action.BATTERY_CHANGED
04-24 13:07:28.834 1729 1729 I MsgReceiver: intent action: android.intent.action.BATTERY_CHANGED
04-24 13:07:28.834 1176 1176 D WifiService: ACTION_BATTERY_CHANGED pluggedType: 2
04-24 13:07:28.837 5515 5671 E CloudAlbum[8.1.2.309]: [ReceiverManager] not log on ignore
04-24 13:07:28.839 1463 1463 V KeyguardUpdateMonitor: RefreshBatteryInfo isBatteryLow: 78
04-24 13:07:28.839 1463 1463 W KeyguardUpdateMonitor: ChargingSpeed Wattage: 2500000 ST: 5000000 --> 7500000
04-24 13:07:28.839 1463 1463 I KgBattery: BatteryInfo updated: 2lPc0
04-24 13:07:28.839 1463 1463 W AppHandler: sendMessage with obj100
04-24 13:07:28.839 1463 1463 D KeyguardUpdateMonitor: handleBatteryUpdate
04-24 13:07:28.840 1463 1463 W HwLockScreenPanel: Handle message: 100
04-24 13:07:28.840 1463 1463 W HwKeyguardBottomArea: updateBatteryInfo : false true
04-24 13:07:28.841 1463 1463 W KgBattery: getCharge info with type: text
04-24 13:07:28.850 1463 1463 W HwLockScreenPanel: refreshBatteryInfo: null
04-24 13:07:29.059 1176 1176 I TrafficMonitor: update:rxPkts:0,txPkts:0,rxBytes:0,txBytes:0
04-24 13:07:29.060 1176 1176 I TrafficMonitor: start expired. level:-1
04-24 13:07:29.060 1176 1176 I TrafficMonitor: gettimer:interval=2000
04-24 13:07:29.524 487 620 W SocketListener: sending broadcast to Pid = 1176, Uid = 1000
04-24 13:07:29.530 1176 1332 D NetdConnector: RCV <- {613 IfaceClass idle 1 354437678765552}
04-24 13:07:29.534 1176 1332 D NetdConnector: RCV <- {613 IfaceClass idle 1 354437678765552}
04-24 13:07:29.538 1176 1202 D NetdConnector: RCV unsolicited event from native daemon, event = 613
04-24 13:07:29.952 742 742 E wificond: Failed to get NL80211_RATE_INFO_NOISE
04-24 13:07:29.952 742 742 E wificond: Failed to get NL80211_RATE_INFO_SNR
04-24 13:07:29.952 742 742 E wificond: Failed to get NL80211_STA_INFO_CNAHLOAD
04-24 13:07:29.953 1176 1337 E WificondControl: Noise: 0, Snr: -1, Chload: -1
04-24 13:07:29.954 1176 1339 D HwWifiCHRStateManager: handleMessage : 1001
04-24 13:07:29.954 1176 1339 D HwWifiCHRStateManager: handleUpdateChannel:2412
04-24 13:07:29.954 1176 1339 V HwWifiServiceFactory: get AllImpl object = com.android.server.wifi.HwWifiServiceFactoryImpl@2205edc
04-24 13:07:29.959 742 742 E wificond: Failed to get NL80211_RATE_INFO_NOISE
04-24 13:07:29.959 742 742 E wificond: Failed to get NL80211_RATE_INFO_SNR
04-24 13:07:29.959 742 742 E wificond: Failed to get NL80211_STA_INFO_CNAHLOAD
04-24 13:07:29.960 1176 1176 D WiFi_PRO: MSG_RETURN_AP_CURRY_RSSI rssi = -29
04-24 13:07:29.960 1176 1406 D HuaweiWifiWatchdogStateMachine: LM mrssi=-29
04-24 13:07:29.961 1176 1176 I QosMonitor: queryRtt: rtt_type = 3
04-24 13:07:29.961 1176 1406 I HuaweiWifiWatchdogStateMachine: spd good count:0, add sc:0.0, rate:1.0
04-24 13:07:29.961 1176 1406 I HuaweiWifiWatchdogStateMachine: current mHighDataFlowRate = 1.0
04-24 13:07:29.961 1176 1406 I HuaweiWifiWatchdogStateMachine: POta txb txg rxg:0, 57, 0. Lr =0% Totpkt=57
04-24 13:07:29.962 1176 1176 I HwQoEJNI: send_cmd_kernel. begin
04-24 13:07:29.962 1176 1176 I HwQoEJNI: send_cmd_kernel. end
04-24 13:07:29.962 1176 1176 I QosMonitor: postEventFromNative: msg=100,arg1=4,arg2=10
04-24 13:07:29.963 1176 1176 I HwQoEJNI: send_cmd_kernel. begin
04-24 13:07:29.963 1176 1176 I HwQoEJNI: send_cmd_kernel. end
04-24 13:07:29.963 1176 1176 I QosMonitor: postEventFromNative: msg=100,arg1=0,arg2=10
04-24 13:07:29.963 1176 1176 D HuaweiWifiWatchdogStateMachine: setSampleRtt: unvalid rtt
04-24 13:07:29.964 1176 1176 I MQoS : rtt=240,tcp_tx_pkts=480982,tcp_rx_pkts=921441
04-24 13:07:29.964 1176 1406 D HuaweiWifiWatchdogStateMachine: dumpTcpResult: len=10,rtt=240,rttPkt=1,rttWn=15,cgt=0,cgtWn=0
04-24 13:07:29.964 1176 1406 I HuaweiWifiWatchdogStateMachine: PTcp RTT:0, rtt pkt=0, tcp_rx=0, tcp_tx=0, tcp_reTran=0, rtRate=0
04-24 13:07:29.965 1176 1406 D HuaweiWifiWatchdogStateMachine: mRssiBadCount =0, RSSI not bad.
04-24 13:07:29.965 1176 1406 D HuaweiWifiWatchdogStateMachine: detectNetworkAvailable:hw.wifipro.dns_fail_count = 131
04-24 13:07:29.965 1176 1406 D HuaweiWifiWatchdogStateMachine: bqeLevel = 2 rtt=0,rtt_pkts=0 speed=26 rssi=-29
04-24 13:07:29.965 1176 1406 D HuaweiWifiWatchdogStateMachine: Enter updateQoeLevel level = 2
04-24 13:07:29.965 1176 1406 D HuaweiWifiWatchdogStateMachine: updateQoeLevel current level equal to mLastDetectLevel, return
04-24 13:07:29.965 1176 1406 D HuaweiWifiWatchdogStateMachine: did not have any network action
04-24 13:07:29.978 1176 3515 I MQoS : QOS_level:0(0),wifi-link;SIM error;use level-0
04-24 13:07:30.031 1176 1302 W AlarmManager: mIsScreenOn is: false, WAKEUP alarm talarm.operation == null,package name is: android listenerTag is: *job.delay* creator uid is: 1000
04-24 13:07:30.034 1176 1176 W HwAlarmManagerService: isContainsAppUidInWorksource-->happend NameNotFoundException
04-24 13:07:30.060 1176 1176 I HwAlarmManagerService: hwSetAlarm listenerTag: *job.delay*
04-24 13:07:30.060 1176 1176 I JobScheduler.Time: mNextDelayExpiredElapsedMillis: 355854126
04-24 13:07:30.067 1176 1176 D JobServiceContext: Scheduling time out for '.msf.service.MSFAliveJobService' jId: 1, in 18 s
04-24 13:07:30.068 1176 1176 D JobServiceContext: .msf.service.MSFAliveJobService unavailable.
04-24 13:07:30.069 1176 1176 D JobSchedulerService: Error executing JobStatus{1004707 #u0a386/1 com.tencent.mobileqq/.msf.service.MSFAliveJobService u=0 s=10386 TIME=-3m24s863ms:+11m35s137ms PERSISTED READY}
04-24 13:07:30.069 1176 1176 I TrafficMonitor: expired arrive. level:-1
04-24 13:07:30.069 1176 1176 I TrafficMonitor: during_ms:2004,period_ms:2000
04-24 13:07:30.069 1176 11623 V BroadcastQueue: Finished with ordered broadcast BroadcastRecord{5bb336d u0 com.huawei.hwsystemmanager.power.SCHEDULE_RECORD_POWER_CONSUME}
04-24 13:07:30.069 1176 1176 I TrafficMonitor: count:143,rx_sum:0,tx_sum:0,rxBytes:0,during_ms:2004,rx_speed:0.0,tx_speed:0.0,rto:0.0
04-24 13:07:30.069 1176 1176 D HuaweiWifiWatchdogStateMachine: speed: rxpkt:0, rxSpd:0B/s, txpkt:0, txSpd:0
04-24 13:07:30.073 1176 11623 V BroadcastQueue: Finished with ordered broadcast BroadcastRecord{acaa197 u0 com.tencent.mm.TrafficStatsReceiver}
04-24 13:07:30.119 1619 2141 W HSM : SysCoreUtils:getGoogleSharedUid NameNotFoundException!
04-24 13:07:30.172 1619 2141 I chatty : uid=1000(system) HsmIntentServic identical 194 lines
04-24 13:07:30.172 1619 2141 W HSM : SysCoreUtils:getGoogleSharedUid NameNotFoundException!
04-24 13:07:30.173 1729 2125 I PGServer: com.huawei.systemmanager calls getBatteryStats
04-24 13:07:30.173 1729 2125 D PG_DBS_MAIN: getBatteryStats
04-24 13:07:30.196 1729 2125 I PG_DBS_MAIN: DBS_Acc_Power: 1393.7, levelPower: 1920, chargeNow: 2155, screen: 0.0, time: 0, cpu: 1321.6, time: 22855, mobile: 0.0, time: 0, wifi: 50.1, time: 0, pakcets: 1472577, bytes: 1620761783, wl: 13.3, time: 2083, sensor: 8.6, time: 130432, gps: 0.0, time: 0
04-24 13:07:30.905 1176 1392 D HwArpVerifier: check_wifi_state_mode = 0 mCheckStateToken=25 token25
04-24 13:07:30.908 1176 1392 D wifiserviceimpl: netmask =16777215
04-24 13:07:30.933 1176 1392 D HWMultiGW: setGateWay 192.168.1.1
04-24 13:07:30.954 1106 1119 I OAM : [check_file_size:505]/data/log/wifi/wifi_log_1 log file beyond size=10240Byte, creat new file
04-24 13:07:30.954 1106 1119 I OAM : [rename_old_file:210]rename_old_file
04-24 13:07:30.954 1106 1119 I OAM :
04-24 13:07:31.065 1176 1176 I TrafficMonitor: update:rxPkts:0,txPkts:0,rxBytes:0,txBytes:0
04-24 13:07:31.065 1176 1176 I TrafficMonitor: start expired. level:-1
04-24 13:07:31.065 1176 1176 I TrafficMonitor: gettimer:interval=2000
04-24 13:07:31.294 1176 1338 D HwWifiStatStore: handleMessage : 200
04-24 13:07:31.934 1176 1392 D HwArpVerifier: getGateWayARPResponses: arp rtt = 76
04-24 13:07:31.936 1176 1392 E HwCHRWifiRSSIGroupSummery: updatArpSummery mRSSI:-29 HwCHRWifiRSSIGroup [rssi_index=4, rtt_tcp_packets=0, rtt_tcp_duration=0, rtt_lan_duration=8772, rtt_lan_failures=0, rtt_lan_succ=422, rtt_lan_max=939, rtt_lan_min=0,same_area_frequency=0,adjacent_area_frequency=0]
04-24 13:07:32.012 1176 1392 D HwArpVerifier: There are 1 mac address for gateway
04-24 13:07:32.012 1176 1392 D HwArpVerifier: from HEART_CHECK transmit to state:HEART_CHECK
04-24 13:07:32.013 1176 1392 D HwArpVerifier: msg what=124 arg1(token)=25 arg2(mode)=0 delay=30000
04-24 13:07:32.013 1176 1392 D HwArpVerifier: performPollAndLog:
04-24 13:07:32.019 1176 1392 D hw_netstat: total/0/0
04-24 13:07:33.071 1176 1176 I TrafficMonitor: update:rxPkts:0,txPkts:0,rxBytes:0,txBytes:0
04-24 13:07:33.071 1176 1176 I TrafficMonitor: start expired. level:-1
04-24 13:07:33.072 1176 1176 I TrafficMonitor: gettimer:interval=2000
04-24 13:07:33.825 777 777 E : [E/capacity_limit_control] not demo version, not set power control prop!
04-24 13:07:34.301 1176 1338 D HwWifiStatStore: handleMessage : 200
04-24 13:07:35.077 1176 1176 I TrafficMonitor: update:rxPkts:0,txPkts:0,rxBytes:0,txBytes:0
04-24 13:07:35.077 1176 1176 I TrafficMonitor: start expired. level:-1
04-24 13:07:35.078 1176 1176 I TrafficMonitor: gettimer:interval=2000
04-24 13:07:36.067 1176 1176 I TrafficMonitor: expired arrive. level:-1
04-24 13:07:36.067 1176 1176 I TrafficMonitor: during_ms:2006,period_ms:2000
04-24 13:07:36.067 1176 1176 I TrafficMonitor: count:146,rx_sum:0,tx_sum:0,rxBytes:0,during_ms:2006,rx_speed:0.0,tx_speed:0.0,rto:0.0
04-24 13:07:36.067 1176 1176 D HuaweiWifiWatchdogStateMachine: speed: rxpkt:0, rxSpd:0B/s, txpkt:0, txSpd:0
04-24 13:07:36.855 1176 1392 D HwArpVerifier: getIpRouteTable
04-24 13:07:36.940 1176 1392 D HwArpVerifier: Notify wifi default route is ok
04-24 13:07:37.020 1176 1392 D HwArpVerifier: performPollAndLog:
04-24 13:07:37.022 1176 1392 D hw_netstat: total/0/0
04-24 13:07:37.082 1176 1176 I TrafficMonitor: update:rxPkts:0,txPkts:0,rxBytes:0,txBytes:0
04-24 13:07:37.082 1176 1176 I TrafficMonitor: start expired. level:-1
04-24 13:07:37.082 1176 1176 I TrafficMonitor: gettimer:interval=2000
04-24 13:07:37.308 1176 1338 D HwWifiStatStore: handleMessage : 200
04-24 13:07:37.961 742 742 E wificond: Failed to get NL80211_RATE_INFO_NOISE
04-24 13:07:37.961 742 742 E wificond: Failed to get NL80211_RATE_INFO_SNR
04-24 13:07:37.961 742 742 E wificond: Failed to get NL80211_STA_INFO_CNAHLOAD
04-24 13:07:37.962 1176 1337 E WificondControl: Noise: 0, Snr: -1, Chload: -1
04-24 13:07:37.963 1176 1339 D HwWifiCHRStateManager: handleMessage : 1001
04-24 13:07:37.964 1176 1339 D HwWifiCHRStateManager: handleUpdateChannel:2412
04-24 13:07:37.964 1176 1339 V HwWifiServiceFactory: get AllImpl object = com.android.server.wifi.HwWifiServiceFactoryImpl@2205edc
04-24 13:07:37.967 742 742 E wificond: Failed to get NL80211_RATE_INFO_NOISE
04-24 13:07:37.967 742 742 E wificond: Failed to get NL80211_RATE_INFO_SNR
04-24 13:07:37.967 742 742 E wificond: Failed to get NL80211_STA_INFO_CNAHLOAD
04-24 13:07:37.971 1176 1406 D HuaweiWifiWatchdogStateMachine: LM mrssi=-29
04-24 13:07:37.971 1176 1176 D WiFi_PRO: MSG_RETURN_AP_CURRY_RSSI rssi = -29
04-24 13:07:37.971 1176 1406 D HuaweiWifiWatchdogStateMachine: a4:fa:**:**:eb:b0 current loss[-45]=0%, volume=1
04-24 13:07:37.972 1176 1406 D HuaweiWifiWatchdogStateMachine: a4:fa:**:**:eb:b0 history loss[-45]=0%, volume=13825701
04-24 13:07:37.972 1176 1176 I QosMonitor: queryRtt: rtt_type = 3
04-24 13:07:37.972 1176 1406 I HuaweiWifiWatchdogStateMachine: spd good count:0, add sc:0.0, rate:1.0
04-24 13:07:37.972 1176 1176 I HwQoEJNI: send_cmd_kernel. begin
04-24 13:07:37.972 1176 1406 I HuaweiWifiWatchdogStateMachine: current mHighDataFlowRate = 1.0
04-24 13:07:37.972 1176 1406 I HuaweiWifiWatchdogStateMachine: POta txb txg rxg:0, 58, 0. Lr =0% Totpkt=58
04-24 13:07:37.972 1176 1176 I HwQoEJNI: send_cmd_kernel. end
04-24 13:07:37.973 1176 1176 I QosMonitor: postEventFromNative: msg=100,arg1=4,arg2=10
04-24 13:07:37.973 1176 1176 I HwQoEJNI: send_cmd_kernel. begin
04-24 13:07:37.973 1176 1176 I HwQoEJNI: send_cmd_kernel. end
04-24 13:07:37.973 1176 1176 I QosMonitor: postEventFromNative: msg=100,arg1=0,arg2=10
04-24 13:07:37.973 1176 1176 D HuaweiWifiWatchdogStateMachine: setSampleRtt: unvalid rtt
04-24 13:07:37.974 1176 1176 I MQoS : rtt=240,tcp_tx_pkts=480982,tcp_rx_pkts=921441
04-24 13:07:37.975 1176 1406 D HuaweiWifiWatchdogStateMachine: dumpTcpResult: len=10,rtt=240,rttPkt=1,rttWn=23,cgt=0,cgtWn=0
04-24 13:07:37.975 1176 1406 I HuaweiWifiWatchdogStateMachine: PTcp RTT:0, rtt pkt=0, tcp_rx=0, tcp_tx=0, tcp_reTran=0, rtRate=0
04-24 13:07:37.976 1176 1406 D HuaweiWifiWatchdogStateMachine: mRssiBadCount =0, RSSI not bad.
04-24 13:07:37.976 1176 1406 D HuaweiWifiWatchdogStateMachine: detectNetworkAvailable:hw.wifipro.dns_fail_count = 131
04-24 13:07:37.976 1176 1406 D HuaweiWifiWatchdogStateMachine: bqeLevel = 2 rtt=0,rtt_pkts=0 speed=26 rssi=-29
04-24 13:07:37.976 1176 1406 D HuaweiWifiWatchdogStateMachine: Enter updateQoeLevel level = 2
04-24 13:07:37.976 1176 1406 D HuaweiWifiWatchdogStateMachine: updateQoeLevel current level equal to mLastDetectLevel, return
04-24 13:07:37.976 1176 1406 D HuaweiWifiWatchdogStateMachine: did not have any network action
04-24 13:07:37.989 1176 3515 I MQoS : QOS_level:0(0),wifi-link;SIM error;use level-0
04-24 13:07:38.836 777 777 E : [E/capacity_limit_control] not demo version, not set power control prop!
04-24 13:07:39.087 1176 1176 I TrafficMonitor: update:rxPkts:0,txPkts:0,rxBytes:0,txBytes:0
04-24 13:07:39.087 1176 1176 I TrafficMonitor: start expired. level:-1
04-24 13:07:39.087 1176 1176 I TrafficMonitor: gettimer:interval=5000
04-24 13:07:40.315 1176 1338 D HwWifiStatStore: handleMessage : 200
04-24 13:07:42.028 1176 1392 D HwArpVerifier: performPollAndLog:
04-24 13:07:42.032 1176 1392 D hw_netstat: total/0/0
04-24 13:07:42.086 1176 1176 I TrafficMonitor: expired arrive. level:-1
04-24 13:07:42.087 1176 1176 I TrafficMonitor: during_ms:2005,period_ms:2000
04-24 13:07:42.087 1176 1176 I TrafficMonitor: count:148,rx_sum:0,tx_sum:0,rxBytes:0,during_ms:2005,rx_speed:0.0,tx_speed:0.0,rto:0.0
04-24 13:07:42.087 1176 1176 D HuaweiWifiWatchdogStateMachine: speed: rxpkt:0, rxSpd:0B/s, txpkt:0, txSpd:0
04-24 13:07:43.322 1176 1338 D HwWifiStatStore: handleMessage : 200
04-24 13:07:43.845 777 777 E : [E/capacity_limit_control] not demo version, not set power control prop!
04-24 13:07:44.093 1176 1176 I TrafficMonitor: update:rxPkts:0,txPkts:0,rxBytes:0,txBytes:0
04-24 13:07:44.093 1176 1176 I TrafficMonitor: start expired. level:-1
04-24 13:07:44.094 1176 1176 I TrafficMonitor: gettimer:interval=5000
04-24 13:07:45.087 1176 1176 D HwInnerWifiManagerImpl: SupplicantState = COMPLETED
04-24 13:07:45.088 1176 1176 D HwInnerWifiManagerImpl: isPhoneAP = false
04-24 13:07:45.089 1176 1176 D HwInnerWifiManagerImpl: SupplicantState = COMPLETED
04-24 13:07:45.090 1176 1176 D HwInnerWifiManagerImpl: isPhoneAP = false
04-24 13:07:45.090 1176 1176 D WifiStateMachine: mBcastReceiver: PluggedType = 2 mIsScanCtrlPluggedin = true
04-24 13:07:45.090 1463 1463 D KeyguardUpdateMonitor: received broadcast android.intent.action.BATTERY_CHANGED
04-24 13:07:45.090 1176 1176 D HwWifiService: mPluggedType =2
04-24 13:07:45.092 1463 1463 W KeyguardUpdateMonitor: ACTION_BATTERY_CHANGED AMP: 500000; Volt: 5000000
04-24 13:07:45.094 5515 5671 E CloudAlbum[8.1.2.309]: [ReceiverManager] not log on ignore
04-24 13:07:45.094 1729 1729 I MsgReceiver: intent action: android.intent.action.BATTERY_CHANGED
04-24 13:07:45.095 1176 1176 D WifiService: onReceive, action:android.intent.action.BATTERY_CHANGED
04-24 13:07:45.095 1176 1176 D WifiService: ACTION_BATTERY_CHANGED pluggedType: 2
04-24 13:07:45.099 1463 1463 V KeyguardUpdateMonitor: RefreshBatteryInfo isBatteryLow: 78
04-24 13:07:45.099 1463 1463 W KeyguardUpdateMonitor: ChargingSpeed Wattage: 2500000 ST: 5000000 --> 7500000
04-24 13:07:45.099 1463 1463 I KgBattery: BatteryInfo updated: 2lPc0
04-24 13:07:45.100 1463 1463 W AppHandler: sendMessage with obj100
04-24 13:07:45.100 1463 1463 D KeyguardUpdateMonitor: handleBatteryUpdate
04-24 13:07:45.100 1463 1463 W HwLockScreenPanel: Handle message: 100
04-24 13:07:45.100 1463 1463 W HwKeyguardBottomArea: updateBatteryInfo : false true
04-24 13:07:45.100 1463 1463 W KgBattery: getCharge info with type: text
04-24 13:07:45.105 1463 1463 W HwLockScreenPanel: refreshBatteryInfo: null
04-24 13:07:45.969 742 742 E wificond: Failed to get NL80211_RATE_INFO_NOISE
04-24 13:07:45.969 742 742 E wificond: Failed to get NL80211_RATE_INFO_SNR
04-24 13:07:45.969 742 742 E wificond: Failed to get NL80211_STA_INFO_CNAHLOAD
04-24 13:07:45.971 1176 1337 E WificondControl: Noise: 0, Snr: -1, Chload: -1
04-24 13:07:45.972 1176 1339 D HwWifiCHRStateManager: handleMessage : 1001
04-24 13:07:45.973 1176 1339 D HwWifiCHRStateManager: handleUpdateChannel:2412
04-24 13:07:45.973 1176 1339 V HwWifiServiceFactory: get AllImpl object = com.android.server.wifi.HwWifiServiceFactoryImpl@2205edc
04-24 13:07:45.977 742 742 E wificond: Failed to get NL80211_RATE_INFO_NOISE
04-24 13:07:45.977 742 742 E wificond: Failed to get NL80211_RATE_INFO_SNR
04-24 13:07:45.977 742 742 E wificond: Failed to get NL80211_STA_INFO_CNAHLOAD
04-24 13:07:45.979 1176 1406 D HuaweiWifiWatchdogStateMachine: LM mrssi=-29
04-24 13:07:45.980 1176 1176 D WiFi_PRO: MSG_RETURN_AP_CURRY_RSSI rssi = -29
04-24 13:07:45.980 1176 1176 I QosMonitor: queryRtt: rtt_type = 3
04-24 13:07:45.980 1176 1406 I HuaweiWifiWatchdogStateMachine: spd good count:0, add sc:0.0, rate:1.0
04-24 13:07:45.980 1176 1406 I HuaweiWifiWatchdogStateMachine: current mHighDataFlowRate = 1.0
04-24 13:07:45.981 1176 1406 I HuaweiWifiWatchdogStateMachine: POta txb txg rxg:0, 58, 0. Lr =0% Totpkt=58
04-24 13:07:45.981 1176 1176 I HwQoEJNI: send_cmd_kernel. begin
04-24 13:07:45.981 1176 1176 I HwQoEJNI: send_cmd_kernel. end
04-24 13:07:45.981 1176 1176 I QosMonitor: postEventFromNative: msg=100,arg1=4,arg2=10
04-24 13:07:45.982 1176 1176 I HwQoEJNI: send_cmd_kernel. begin
04-24 13:07:45.982 1176 1176 I HwQoEJNI: send_cmd_kernel. end
04-24 13:07:45.982 1176 1176 I QosMonitor: postEventFromNative: msg=100,arg1=0,arg2=10
04-24 13:07:45.982 1176 1176 D HuaweiWifiWatchdogStateMachine: setSampleRtt: unvalid rtt
04-24 13:07:45.983 1176 1176 I MQoS : rtt=240,tcp_tx_pkts=480982,tcp_rx_pkts=921441
04-24 13:07:45.983 1176 1406 D HuaweiWifiWatchdogStateMachine: dumpTcpResult: len=10,rtt=240,rttPkt=1,rttWn=31,cgt=0,cgtWn=0
04-24 13:07:45.984 1176 1406 I HuaweiWifiWatchdogStateMachine: PTcp RTT:0, rtt pkt=0, tcp_rx=0, tcp_tx=0, tcp_reTran=0, rtRate=0
04-24 13:07:45.984 1176 1406 D HuaweiWifiWatchdogStateMachine: mRssiBadCount =0, RSSI not bad.
04-24 13:07:45.984 1176 1406 D HuaweiWifiWatchdogStateMachine: detectNetworkAvailable:hw.wifipro.dns_fail_count = 131
04-24 13:07:45.984 1176 1406 D HuaweiWifiWatchdogStateMachine: bqeLevel = 2 rtt=0,rtt_pkts=0 speed=26 rssi=-29
04-24 13:07:45.984 1176 1406 D HuaweiWifiWatchdogStateMachine: Enter updateQoeLevel level = 2
04-24 13:07:45.984 1176 1406 D HuaweiWifiWatchdogStateMachine: updateQoeLevel current level equal to mLastDetectLevel, return
04-24 13:07:45.984 1176 1406 D HuaweiWifiWatchdogStateMachine: did not have any network action
04-24 13:07:45.987 1176 3515 I MQoS : QOS_level:0(0),wifi-link;SIM error;use level-0
04-24 13:07:45.987 1176 3515 I MQoS : skip-low-Level:0(0),wifi-link;SIM error;use level-0
04-24 13:07:46.329 1176 1338 D HwWifiStatStore: handleMessage : 200
04-24 13:07:47.038 1176 1392 D HwArpVerifier: performPollAndLog:
04-24 13:07:47.043 1176 1392 D hw_netstat: total/0/0
04-24 13:07:48.071 1176 1176 W JobServiceContext: Time-out while trying to bind 1004707 #u0a386/1 com.tencent.mobileqq/.msf.service.MSFAliveJobService, dropping.
04-24 13:07:48.072 1176 1176 E BatteryStatsImpl: Unable to find object for com.tencent.mobileqq/.msf.service.MSFAliveJobService in uid 10386 mapsize=0 activeoverflow=null curoverflow=null
04-24 13:07:48.074 1176 1176 W ActivityManager: Unbind failed: could not find connection for android.app.LoadedApk$ServiceDispatcher$InnerConnection@a5c8ff0
04-24 13:07:48.077 1176 1176 W HwAlarmManagerService: isContainsAppUidInWorksource-->happend NameNotFoundException
04-24 13:07:48.085 1176 1176 I HwAlarmManagerService: hwSetAlarm listenerTag: *job.deadline*
04-24 13:07:48.087 1176 1176 I JobScheduler.Time: mNextJobExpiredElapsedMillis: 374426397
04-24 13:07:48.089 1176 1176 W HwAlarmManagerService: isContainsAppUidInWorksource-->happend NameNotFoundException
04-24 13:07:48.096 1176 1176 I HwAlarmManagerService: hwSetAlarm listenerTag: *job.delay*
04-24 13:07:48.097 1176 1176 I JobScheduler.Time: mNextDelayExpiredElapsedMillis: 355133363
04-24 13:07:48.100 1176 1176 W HwAlarmManagerService: isContainsAppUidInWorksource-->happend NameNotFoundException
04-24 13:07:48.104 1176 1176 I HwAlarmManagerService: hwSetAlarm listenerTag: *job.deadline*
04-24 13:07:48.104 1176 1176 I JobScheduler.Time: mNextJobExpiredElapsedMillis: 356033363
04-24 13:07:48.856 777 777 E : [E/capacity_limit_control] not demo version, not set power control prop!
04-24 13:07:49.095 1176 1176 I TrafficMonitor: expired arrive. level:-1
04-24 13:07:49.098 1176 1176 I TrafficMonitor: update:rxPkts:0,txPkts:0,rxBytes:0,txBytes:0
04-24 13:07:49.099 1176 1176 I TrafficMonitor: start expired. level:-1
04-24 13:07:49.099 1176 1176 I TrafficMonitor: gettimer:interval=5000
04-24 13:07:49.099 1176 1176 I TrafficMonitor: during_ms:5006,period_ms:2000
04-24 13:07:49.099 1176 1176 I TrafficMonitor: count:150,rx_sum:0,tx_sum:0,rxBytes:0,during_ms:5006,rx_speed:0.0,tx_speed:0.0,rto:0.0
04-24 13:07:49.099 1176 1176 D HuaweiWifiWatchdogStateMachine: speed: rxpkt:0, rxSpd:0B/s, txpkt:0, txSpd:0
04-24 13:07:49.336 1176 1338 D HwWifiStatStore: handleMessage : 200
04-24 13:07:49.582 1176 1589 W Watchdog: hungtask: writing kick
04-24 13:07:49.584 1176 1202 I EventHub: EventHub monitor: no key events in the past 3403s, no motion events in the past 3404s
04-24 13:07:51.885 487 620 W SocketListener: sending broadcast to Pid = 1176, Uid = 1000
04-24 13:07:51.893 1176 1332 D NetdConnector: RCV <- {613 IfaceClass active 1 354460040213465 10824}
04-24 13:07:51.898 1176 1332 D NetdConnector: RCV <- {613 IfaceClass active 1 354460040213465 10824}
04-24 13:07:51.903 1176 1202 D NetdConnector: RCV unsolicited event from native daemon, event = 613
04-24 13:07:52.049 1176 1392 D HwArpVerifier: performPollAndLog:
04-24 13:07:52.052 1176 1392 D hw_netstat: total/56/84,unknown:0/56/84
04-24 13:07:52.344 1176 1338 D HwWifiStatStore: handleMessage : 200
04-24 13:07:53.765 1729 23345 I DownloadState: 0 transmitting data speed : 28 bytes/s scroff: true
04-24 13:07:53.866 777 777 E : [E/capacity_limit_control] not demo version, not set power control prop!
04-24 13:07:53.979 742 742 E wificond: Failed to get NL80211_RATE_INFO_NOISE
04-24 13:07:53.979 742 742 E wificond: Failed to get NL80211_RATE_INFO_SNR
04-24 13:07:53.979 742 742 E wificond: Failed to get NL80211_STA_INFO_CNAHLOAD
04-24 13:07:53.980 1176 1337 E WificondControl: Noise: 0, Snr: -1, Chload: -1
04-24 13:07:53.981 1176 1339 D HwWifiCHRStateManager: handleMessage : 1001
04-24 13:07:53.981 1176 1339 D HwWifiCHRStateManager: handleUpdateChannel:2412
04-24 13:07:53.981 1176 1339 V HwWifiServiceFactory: get AllImpl object = com.android.server.wifi.HwWifiServiceFactoryImpl@2205edc
04-24 13:07:53.986 742 742 E wificond: Failed to get NL80211_RATE_INFO_NOISE
04-24 13:07:53.986 742 742 E wificond: Failed to get NL80211_RATE_INFO_SNR
04-24 13:07:53.986 742 742 E wificond: Failed to get NL80211_STA_INFO_CNAHLOAD
04-24 13:07:53.988 1176 1406 D HuaweiWifiWatchdogStateMachine: LM mrssi=-30
04-24 13:07:53.988 1176 1406 D HuaweiWifiWatchdogStateMachine: a4:fa:**:**:eb:b0 current loss[-45]=0%, volume=1
04-24 13:07:53.988 1176 1406 D HuaweiWifiWatchdogStateMachine: a4:fa:**:**:eb:b0 history loss[-45]=0%, volume=13825702
04-24 13:07:53.989 1176 1406 I HuaweiWifiWatchdogStateMachine: spd good count:0, add sc:0.0, rate:1.0
04-24 13:07:53.990 1176 1406 D HuaweiWifiWatchdogStateMachine: high data flow: protection_counter = 0, not_detect_counter = 410
04-24 13:07:53.990 1176 1406 D HuaweiWifiWatchdogStateMachine: high data flow scenario: 0 --> 0 rx bytes =0KB
04-24 13:07:53.990 1176 1406 I HuaweiWifiWatchdogStateMachine: current mHighDataFlowRate = 1.0
04-24 13:07:53.990 1176 1406 I HuaweiWifiWatchdogStateMachine: POta txb txg rxg:0, 59, 0. Lr =0% Totpkt=59
04-24 13:07:53.991 1176 1176 D WiFi_PRO: MSG_RETURN_AP_CURRY_RSSI rssi = -30
04-24 13:07:53.992 1176 1176 I QosMonitor: queryRtt: rtt_type = 3
04-24 13:07:53.993 1176 1176 I HwQoEJNI: send_cmd_kernel. begin
04-24 13:07:53.993 1176 1176 I HwQoEJNI: send_cmd_kernel. end
04-24 13:07:53.993 1176 1176 I QosMonitor: postEventFromNative: msg=100,arg1=4,arg2=10
04-24 13:07:53.994 1176 1176 I HwQoEJNI: send_cmd_kernel. begin
04-24 13:07:53.994 1176 1176 I HwQoEJNI: send_cmd_kernel. end
04-24 13:07:53.994 1176 1176 I QosMonitor: postEventFromNative: msg=100,arg1=0,arg2=10
04-24 13:07:53.995 1176 1176 D HuaweiWifiWatchdogStateMachine: setSampleRtt: unvalid rtt
04-24 13:07:53.995 1176 1176 I MQoS : rtt=240,tcp_tx_pkts=480982,tcp_rx_pkts=921441
04-24 13:07:53.997 1176 1406 D HuaweiWifiWatchdogStateMachine: dumpTcpResult: len=10,rtt=240,rttPkt=1,rttWn=39,cgt=0,cgtWn=0
04-24 13:07:53.998 1176 1406 I HuaweiWifiWatchdogStateMachine: PTcp RTT:0, rtt pkt=0, tcp_rx=0, tcp_tx=0, tcp_reTran=0, rtRate=0
04-24 13:07:53.998 1176 1406 D HuaweiWifiWatchdogStateMachine: mRssiBadCount =0, RSSI not bad.
04-24 13:07:53.998 1176 1406 D HuaweiWifiWatchdogStateMachine: detectNetworkAvailable:hw.wifipro.dns_fail_count = 131
04-24 13:07:53.998 1176 1406 D HuaweiWifiWatchdogStateMachine: bqeLevel = 2 rtt=0,rtt_pkts=0 speed=26 rssi=-30
04-24 13:07:53.998 1176 1406 D HuaweiWifiWatchdogStateMachine: Enter updateQoeLevel level = 2
04-24 13:07:53.998 1176 1406 D HuaweiWifiWatchdogStateMachine: updateQoeLevel current level equal to mLastDetectLevel, return
04-24 13:07:53.998 1176 1406 D HuaweiWifiWatchdogStateMachine: did not have any network action
04-24 13:07:54.005 1176 3515 I MQoS : QOS_level:0(0),wifi-link;SIM error;use level-0
04-24 13:07:54.100 1176 1176 I TrafficMonitor: expired arrive. level:-1
04-24 13:07:54.101 1176 1176 I TrafficMonitor: update:rxPkts:1,txPkts:1,rxBytes:56,txBytes:84
04-24 13:07:54.101 1176 1176 I TrafficMonitor: start expired. level:-1
04-24 13:07:54.101 1176 1176 I TrafficMonitor: gettimer:interval=2000
04-24 13:07:54.102 1176 1176 I TrafficMonitor: during_ms:5003,period_ms:2000
04-24 13:07:54.102 1176 1176 I TrafficMonitor: count:151,rx_sum:1,tx_sum:1,rxBytes:56,during_ms:5003,rx_speed:11.19328402958225,tx_speed:16.789926044373377,rto:1.0
04-24 13:07:54.102 1176 1176 D HuaweiWifiWatchdogStateMachine: speed: rxpkt:1, rxSpd:11B/s, txpkt:1, txSpd:16
04-24 13:07:55.350 1176 1338 D HwWifiStatStore: handleMessage : 200
04-24 13:07:56.106 1176 1176 I TrafficMonitor: update:rxPkts:0,txPkts:0,rxBytes:0,txBytes:0
04-24 13:07:56.107 1176 1176 I TrafficMonitor: start expired. level:-1
04-24 13:07:56.107 1176 1176 I TrafficMonitor: gettimer:interval=2000
04-24 13:07:57.057 1176 1392 D HwArpVerifier: performPollAndLog:
04-24 13:07:57.062 1176 1392 D hw_netstat: total/0/0
04-24 13:07:58.113 1176 1176 I TrafficMonitor: update:rxPkts:0,txPkts:0,rxBytes:0,txBytes:0
04-24 13:07:58.113 1176 1176 I TrafficMonitor: start expired. level:-1
04-24 13:07:58.114 1176 1176 I TrafficMonitor: gettimer:interval=2000
04-24 13:07:58.356 1176 1338 D HwWifiStatStore: handleMessage : 200
04-24 13:07:58.876 777 777 E : [E/capacity_limit_control] not demo version, not set power control prop!
04-24 13:07:58.905 1176 1288 D HwBatteryService: onUEvent fcpStatus = 0,scpStatus =0,ovpStatus=0
04-24 13:07:58.908 1176 1288 I UsbDeviceManager: water_intrused state= 0
04-24 13:07:58.923 1176 1176 D HwInnerWifiManagerImpl: SupplicantState = COMPLETED
04-24 13:07:58.923 1176 1176 D HwInnerWifiManagerImpl: isPhoneAP = false
