04-24 13:17:26.277 683 683 E HWComposer: getLayerReleaseFence: Invalid display
04-24 13:17:26.278 683 683 E HWComposer: getPresentFence failed for invalid display -1
04-24 13:17:26.327 683 683 E HWComposer: getLayerReleaseFence: Invalid display
04-24 13:17:26.328 683 683 E HWComposer: getPresentFence failed for invalid display -1
04-24 13:17:26.359 683 683 E HWComposer: getLayerReleaseFence: Invalid display
04-24 13:17:26.359 683 683 E HWComposer: getPresentFence failed for invalid display -1
04-24 13:17:26.411 683 683 E HWComposer: getLayerReleaseFence: Invalid display
04-24 13:17:26.411 683 683 E HWComposer: getPresentFence failed for invalid display -1
04-24 13:17:26.462 683 683 E HWComposer: getLayerReleaseFence: Invalid display
04-24 13:17:26.462 683 683 E HWComposer: getPresentFence failed for invalid display -1
04-24 13:17:26.493 683 683 E HWComposer: getLayerReleaseFence: Invalid display
04-24 13:17:26.494 683 683 E HWComposer: getPresentFence failed for invalid display -1
04-24 13:17:26.544 683 683 E HWComposer: getLayerReleaseFence: Invalid display
04-24 13:17:26.544 683 683 E HWComposer: getPresentFence failed for invalid display -1
04-24 13:17:26.594 683 683 E HWComposer: getLayerReleaseFence: Invalid display
04-24 13:17:26.594 683 683 E HWComposer: getPresentFence failed for invalid display -1
04-24 13:17:26.626 683 683 E HWComposer: getLayerReleaseFence: Invalid display
04-24 13:17:26.626 683 683 E HWComposer: getPresentFence failed for invalid display -1
04-24 13:17:26.710 683 683 E HWComposer: getLayerReleaseFence: Invalid display
04-24 13:17:26.710 683 683 E HWComposer: getPresentFence failed for invalid display -1
04-24 13:17:26.761 683 683 E HWComposer: getLayerReleaseFence: Invalid display
04-24 13:17:26.761 683 683 E HWComposer: getPresentFence failed for invalid display -1
04-24 13:17:26.826 683 683 E HWComposer: getLayerReleaseFence: Invalid display
04-24 13:17:26.826 683 683 E HWComposer: getPresentFence failed for invalid display -1
04-24 13:17:26.876 683 683 E HWComposer: getLayerReleaseFence: Invalid display
04-24 13:17:26.876 683 683 E HWComposer: getPresentFence failed for invalid display -1
04-24 13:17:26.927 683 683 E HWComposer: getLayerReleaseFence: Invalid display
04-24 13:17:26.927 683 683 E HWComposer: getPresentFence failed for invalid display -1
04-24 13:17:26.947 1176 1204 D SmartcareProc: onSignalStrengthsChanged: signalStrength is: SignalStrength: 99 -1 0 0 -64 -46 32767 -1 32767 99 0 0 0 2147483647 0 -1 true cdma , on sub: 1
04-24 13:17:26.947 1176 1204 D SmartcareProc: SignalStrength update result, ss: SignalStrengthInfo:68043809 mGsmSignalStrength: -1 mWcdmaRscp: -1 mWcdmaEcio: -1 mLteRsrp: -1 mLteRsrq: -1 mCdmaDbm: -64 mCdmaEcio: -46 mEvdoDbm: 32767mEvdoEcio: -1mLteRssnr: -1
04-24 13:17:26.949 1176 1176 I MQoS : onSignal: mSubId=1,currDataSubID=1
04-24 13:17:26.949 1176 1176 I MQoS : received cell-signal:5
04-24 13:17:26.977 683 683 E HWComposer: getLayerReleaseFence: Invalid display
04-24 13:17:26.977 683 683 E HWComposer: getPresentFence failed for invalid display -1
04-24 13:17:27.010 683 683 E HWComposer: getLayerReleaseFence: Invalid display
04-24 13:17:27.010 683 683 E HWComposer: getPresentFence failed for invalid display -1
04-24 13:17:27.025 1176 1176 I TrafficMonitor: expired arrive. level:-1
04-24 13:17:27.026 1176 1176 I TrafficMonitor: during_ms:2002,period_ms:2000
04-24 13:17:27.026 1176 1176 I TrafficMonitor: count:360,rx_sum:11,tx_sum:2,rxBytes:954,during_ms:2002,rx_speed:476.5234765234766,tx_speed:187.81218781218783,rto:5.5
04-24 13:17:27.026 1176 1176 D HuaweiWifiWatchdogStateMachine: speed: rxpkt:11, rxSpd:476B/s, txpkt:2, txSpd:187
04-24 13:17:27.061 683 683 E HWComposer: getLayerReleaseFence: Invalid display
04-24 13:17:27.061 683 683 E HWComposer: getPresentFence failed for invalid display -1
04-24 13:17:27.109 683 683 E HWComposer: getLayerReleaseFence: Invalid display
04-24 13:17:27.110 683 683 E HWComposer: getPresentFence failed for invalid display -1
04-24 13:17:27.142 683 683 E HWComposer: getLayerReleaseFence: Invalid display
04-24 13:17:27.142 683 683 E HWComposer: getPresentFence failed for invalid display -1
04-24 13:17:27.209 683 683 E HWComposer: getLayerReleaseFence: Invalid display
04-24 13:17:27.209 683 683 E HWComposer: getPresentFence failed for invalid display -1
04-24 13:17:27.259 683 683 E HWComposer: getLayerReleaseFence: Invalid display
04-24 13:17:27.259 683 683 E HWComposer: getPresentFence failed for invalid display -1
04-24 13:17:27.310 683 683 E HWComposer: getLayerReleaseFence: Invalid display
04-24 13:17:27.310 683 683 E HWComposer: getPresentFence failed for invalid display -1
04-24 13:17:27.343 683 683 E HWComposer: getLayerReleaseFence: Invalid display
04-24 13:17:27.343 683 683 E HWComposer: getPresentFence failed for invalid display -1
04-24 13:17:27.393 683 683 E HWComposer: getLayerReleaseFence: Invalid display
04-24 13:17:27.393 683 683 E HWComposer: getPresentFence failed for invalid display -1
04-24 13:17:27.461 683 683 E HWComposer: getLayerReleaseFence: Invalid display
04-24 13:17:27.461 683 683 E HWComposer: getPresentFence failed for invalid display -1
04-24 13:17:27.509 683 683 E HWComposer: getLayerReleaseFence: Invalid display
04-24 13:17:27.510 683 683 E HWComposer: getPresentFence failed for invalid display -1
04-24 13:17:27.560 683 683 E HWComposer: getLayerReleaseFence: Invalid display
04-24 13:17:27.560 683 683 E HWComposer: getPresentFence failed for invalid display -1
04-24 13:17:27.594 683 683 E HWComposer: getLayerReleaseFence: Invalid display
04-24 13:17:27.594 683 683 E HWComposer: getPresentFence failed for invalid display -1
04-24 13:17:27.644 683 683 E HWComposer: getLayerReleaseFence: Invalid display
04-24 13:17:27.644 683 683 E HWComposer: getPresentFence failed for invalid display -1
04-24 13:17:27.727 683 683 E HWComposer: getLayerReleaseFence: Invalid display
04-24 13:17:27.727 683 683 E HWComposer: getPresentFence failed for invalid display -1
04-24 13:17:27.747 8853 8966 W Unity : [FMOD] EventInstance::update : Event {804fc907-d735-4ec3-85d8-2c7dfc723452} waited 85 milliseconds for sample data to load. Preload sample data to avoid this delay.
04-24 13:17:27.747 8853 8966 W Unity :
04-24 13:17:27.747 8853 8966 W Unity : UnityEngine.DebugLogHandler:LogFormat(LogType, Object, String, Object[])
04-24 13:17:27.747 8853 8966 W Unity : UnityEngine.Logger:Log(LogType, Object)
04-24 13:17:27.747 8853 8966 W Unity : FMODUnity.RuntimeManager:DEBUG_CALLBACK(DEBUG_FLAGS, StringWrapper, Int32, StringWrapper, StringWrapper)
04-24 13:17:27.747 8853 8966 W Unity :
04-24 13:17:27.747 8853 8966 W Unity : (Filename: /Users/builduser/buildslave/unity/build/artifacts/generated/Android/runtime/DebugBindings.gen.cpp Line: 51)
04-24 13:17:27.747 8853 8966 W Unity :
04-24 13:17:27.792 683 683 E HWComposer: getLayerReleaseFence: Invalid display
04-24 13:17:27.792 683 683 E HWComposer: getPresentFence failed for invalid display -1
04-24 13:17:27.843 683 683 E HWComposer: getLayerReleaseFence: Invalid display
04-24 13:17:27.843 683 683 E HWComposer: getPresentFence failed for invalid display -1
04-24 13:17:27.893 683 683 E HWComposer: getLayerReleaseFence: Invalid display
04-24 13:17:27.893 683 683 E HWComposer: getPresentFence failed for invalid display -1
04-24 13:17:27.944 683 683 E HWComposer: getLayerReleaseFence: Invalid display
04-24 13:17:27.944 683 683 E HWComposer: getPresentFence failed for invalid display -1
04-24 13:17:27.975 683 683 E HWComposer: getLayerReleaseFence: Invalid display
04-24 13:17:27.976 683 683 E HWComposer: getPresentFence failed for invalid display -1
04-24 13:17:28.026 683 683 E HWComposer: getLayerReleaseFence: Invalid display
04-24 13:17:28.027 683 683 E HWComposer: getPresentFence failed for invalid display -1
04-24 13:17:28.032 1176 1176 I TrafficMonitor: update:rxPkts:18,txPkts:2,rxBytes:1404,txBytes:376
04-24 13:17:28.032 1176 1176 I TrafficMonitor: start expired. level:-1
04-24 13:17:28.032 1176 1176 I TrafficMonitor: gettimer:interval=2000
04-24 13:17:28.059 683 683 E HWComposer: getLayerReleaseFence: Invalid display
04-24 13:17:28.059 683 683 E HWComposer: getPresentFence failed for invalid display -1
04-24 13:17:28.135 1176 1338 D HwWifiStatStore: handleMessage : 200
04-24 13:17:28.159 683 683 E HWComposer: getLayerReleaseFence: Invalid display
04-24 13:17:28.159 683 683 E HWComposer: getPresentFence failed for invalid display -1
04-24 13:17:28.225 683 683 E HWComposer: getLayerReleaseFence: Invalid display
04-24 13:17:28.225 683 683 E HWComposer: getPresentFence failed for invalid display -1
04-24 13:17:28.275 683 683 E HWComposer: getLayerReleaseFence: Invalid display
04-24 13:17:28.275 683 683 E HWComposer: getPresentFence failed for invalid display -1
04-24 13:17:28.332 1176 1392 D HwArpVerifier: performPollAndLog:
04-24 13:17:28.335 1176 1392 D hw_netstat: total/354/2664,com.jiansheng.blmn.demo/354/2664
04-24 13:17:28.342 683 683 E HWComposer: getLayerReleaseFence: Invalid display
04-24 13:17:28.342 683 683 E HWComposer: getPresentFence failed for invalid display -1
04-24 13:17:28.394 683 683 E HWComposer: getLayerReleaseFence: Invalid display
04-24 13:17:28.394 683 683 E HWComposer: getPresentFence failed for invalid display -1
04-24 13:17:28.443 683 683 E HWComposer: getLayerReleaseFence: Invalid display
04-24 13:17:28.443 683 683 E HWComposer: getPresentFence failed for invalid display -1
04-24 13:17:28.461 679 679 E WifiHAL : enter wifi_get_link_stats
04-24 13:17:28.471 742 742 E wificond: Failed to get NL80211_RATE_INFO_NOISE
04-24 13:17:28.472 742 742 E wificond: Failed to get NL80211_RATE_INFO_SNR
04-24 13:17:28.472 742 742 E wificond: Failed to get NL80211_STA_INFO_CNAHLOAD
04-24 13:17:28.472 1176 1337 E WificondControl: Noise: 0, Snr: -1, Chload: -1
04-24 13:17:28.472 1176 1339 D HwWifiCHRStateManager: handleMessage : 1001
04-24 13:17:28.472 1176 1339 D HwWifiCHRStateManager: handleUpdateChannel:2412
04-24 13:17:28.473 1176 1339 V HwWifiServiceFactory: get AllImpl object = com.android.server.wifi.HwWifiServiceFactoryImpl@2205edc
04-24 13:17:28.474 1176 1337 D HwCustWifiStateMachineReferenceImpl: checkRssiOverThreshold newRssi = -31
04-24 13:17:28.474 1176 1337 D WifiScoreReport: Score = 100, wifiConnectivityManagerEnabled = false, lowScoreCount = 0
04-24 13:17:28.476 683 683 E HWComposer: getLayerReleaseFence: Invalid display
04-24 13:17:28.476 683 683 E HWComposer: getPresentFence failed for invalid display -1
04-24 13:17:28.508 683 683 E HWComposer: getLayerReleaseFence: Invalid display
04-24 13:17:28.508 683 683 E HWComposer: getPresentFence failed for invalid display -1
04-24 13:17:28.560 683 683 E HWComposer: getLayerReleaseFence: Invalid display
04-24 13:17:28.560 683 683 E HWComposer: getPresentFence failed for invalid display -1
04-24 13:17:28.593 683 683 E HWComposer: getLayerReleaseFence: Invalid display
04-24 13:17:28.593 683 683 E HWComposer: getPresentFence failed for invalid display -1
04-24 13:17:28.625 683 683 E HWComposer: getLayerReleaseFence: Invalid display
04-24 13:17:28.625 683 683 E HWComposer: getPresentFence failed for invalid display -1
04-24 13:17:28.677 683 683 E HWComposer: getLayerReleaseFence: Invalid display
04-24 13:17:28.677 683 683 E HWComposer: getPresentFence failed for invalid display -1
04-24 13:17:28.709 683 683 E HWComposer: getLayerReleaseFence: Invalid display
04-24 13:17:28.709 683 683 E HWComposer: getPresentFence failed for invalid display -1
04-24 13:17:28.742 683 683 E HWComposer: getLayerReleaseFence: Invalid display
04-24 13:17:28.742 683 683 E HWComposer: getPresentFence failed for invalid display -1
04-24 13:17:28.775 683 683 E HWComposer: getLayerReleaseFence: Invalid display
04-24 13:17:28.775 683 683 E HWComposer: getPresentFence failed for invalid display -1
04-24 13:17:28.808 683 683 E HWComposer: getLayerReleaseFence: Invalid display
04-24 13:17:28.808 683 683 E HWComposer: getPresentFence failed for invalid display -1
04-24 13:17:28.875 683 683 E HWComposer: getLayerReleaseFence: Invalid display
04-24 13:17:28.875 683 683 E HWComposer: getPresentFence failed for invalid display -1
04-24 13:17:28.925 683 683 E HWComposer: getLayerReleaseFence: Invalid display
04-24 13:17:28.925 683 683 E HWComposer: getPresentFence failed for invalid display -1
04-24 13:17:28.958 683 683 E HWComposer: getLayerReleaseFence: Invalid display
04-24 13:17:28.958 683 683 E HWComposer: getPresentFence failed for invalid display -1
04-24 13:17:28.993 683 683 E HWComposer: getLayerReleaseFence: Invalid display
04-24 13:17:28.993 683 683 E HWComposer: getPresentFence failed for invalid display -1
04-24 13:17:29.042 683 683 E HWComposer: getLayerReleaseFence: Invalid display
04-24 13:17:29.042 683 683 E HWComposer: getPresentFence failed for invalid display -1
04-24 13:17:29.092 683 683 E HWComposer: getLayerReleaseFence: Invalid display
04-24 13:17:29.092 683 683 E HWComposer: getPresentFence failed for invalid display -1
04-24 13:17:29.108 683 683 E HWComposer: getLayerReleaseFence: Invalid display
04-24 13:17:29.108 683 683 E HWComposer: getPresentFence failed for invalid display -1
04-24 13:17:29.157 683 683 E HWComposer: getLayerReleaseFence: Invalid display
04-24 13:17:29.157 683 683 E HWComposer: getPresentFence failed for invalid display -1
04-24 13:17:29.190 683 683 E HWComposer: getLayerReleaseFence: Invalid display
04-24 13:17:29.191 683 683 E HWComposer: getPresentFence failed for invalid display -1
04-24 13:17:29.242 683 683 E HWComposer: getLayerReleaseFence: Invalid display
04-24 13:17:29.243 683 683 E HWComposer: getPresentFence failed for invalid display -1
04-24 13:17:29.278 683 683 E HWComposer: getLayerReleaseFence: Invalid display
04-24 13:17:29.278 683 683 E HWComposer: getPresentFence failed for invalid display -1
04-24 13:17:29.308 683 683 E HWComposer: getLayerReleaseFence: Invalid display
04-24 13:17:29.308 683 683 E HWComposer: getPresentFence failed for invalid display -1
04-24 13:17:29.341 683 683 E HWComposer: getLayerReleaseFence: Invalid display
04-24 13:17:29.341 683 683 E HWComposer: getPresentFence failed for invalid display -1
04-24 13:17:29.391 683 683 E HWComposer: getLayerReleaseFence: Invalid display
04-24 13:17:29.391 683 683 E HWComposer: getPresentFence failed for invalid display -1
04-24 13:17:29.424 683 683 E HWComposer: getLayerReleaseFence: Invalid display
04-24 13:17:29.424 683 683 E HWComposer: getPresentFence failed for invalid display -1
04-24 13:17:29.457 683 683 E HWComposer: getLayerReleaseFence: Invalid display
04-24 13:17:29.457 683 683 E HWComposer: getPresentFence failed for invalid display -1
04-24 13:17:29.491 683 683 E HWComposer: getLayerReleaseFence: Invalid display
04-24 13:17:29.491 683 683 E HWComposer: getPresentFence failed for invalid display -1
04-24 13:17:29.542 683 683 E HWComposer: getLayerReleaseFence: Invalid display
04-24 13:17:29.542 683 683 E HWComposer: getPresentFence failed for invalid display -1
04-24 13:17:29.576 683 683 E HWComposer: getLayerReleaseFence: Invalid display
04-24 13:17:29.576 683 683 E HWComposer: getPresentFence failed for invalid display -1
04-24 13:17:29.608 683 683 E HWComposer: getLayerReleaseFence: Invalid display
04-24 13:17:29.608 683 683 E HWComposer: getPresentFence failed for invalid display -1
04-24 13:17:29.642 683 683 E HWComposer: getLayerReleaseFence: Invalid display
04-24 13:17:29.642 683 683 E HWComposer: getPresentFence failed for invalid display -1
04-24 13:17:29.675 683 683 E HWComposer: getLayerReleaseFence: Invalid display
04-24 13:17:29.675 683 683 E HWComposer: getPresentFence failed for invalid display -1
04-24 13:17:29.680 677 677 D SensorHub: Get acc data -0.229843, -0.019154, 9.538500
04-24 13:17:29.707 683 683 E HWComposer: getLayerReleaseFence: Invalid display
04-24 13:17:29.707 683 683 E HWComposer: getPresentFence failed for invalid display -1
04-24 13:17:29.741 683 683 E HWComposer: getLayerReleaseFence: Invalid display
04-24 13:17:29.741 683 683 E HWComposer: getPresentFence failed for invalid display -1
04-24 13:17:29.774 683 683 E HWComposer: getLayerReleaseFence: Invalid display
04-24 13:17:29.774 683 683 E HWComposer: getPresentFence failed for invalid display -1
04-24 13:17:29.825 683 683 E HWComposer: getLayerReleaseFence: Invalid display
04-24 13:17:29.825 683 683 E HWComposer: getPresentFence failed for invalid display -1
04-24 13:17:29.858 683 683 E HWComposer: getLayerReleaseFence: Invalid display
04-24 13:17:29.858 683 683 E HWComposer: getPresentFence failed for invalid display -1
04-24 13:17:29.926 683 683 E HWComposer: getLayerReleaseFence: Invalid display
04-24 13:17:29.926 683 683 E HWComposer: getPresentFence failed for invalid display -1
04-24 13:17:29.976 683 683 E HWComposer: getLayerReleaseFence: Invalid display
04-24 13:17:29.976 683 683 E HWComposer: getPresentFence failed for invalid display -1
04-24 13:17:30.025 683 683 E HWComposer: getLayerReleaseFence: Invalid display
04-24 13:17:30.025 683 683 E HWComposer: getPresentFence failed for invalid display -1
04-24 13:17:30.033 1176 1176 I TrafficMonitor: update:rxPkts:26,txPkts:2,rxBytes:1892,txBytes:376
04-24 13:17:30.033 1176 1176 I TrafficMonitor: start expired. level:-1
04-24 13:17:30.033 1176 1176 I TrafficMonitor: gettimer:interval=2000
04-24 13:17:30.058 683 683 E HWComposer: getLayerReleaseFence: Invalid display
04-24 13:17:30.058 683 683 E HWComposer: getPresentFence failed for invalid display -1
04-24 13:17:30.109 683 683 E HWComposer: getLayerReleaseFence: Invalid display
04-24 13:17:30.109 683 683 E HWComposer: getPresentFence failed for invalid display -1
04-24 13:17:30.142 683 683 E HWComposer: getLayerReleaseFence: Invalid display
04-24 13:17:30.143 683 683 E HWComposer: getPresentFence failed for invalid display -1
04-24 13:17:30.175 683 683 E HWComposer: getLayerReleaseFence: Invalid display
04-24 13:17:30.175 683 683 E HWComposer: getPresentFence failed for invalid display -1
04-24 13:17:30.207 683 683 E HWComposer: getLayerReleaseFence: Invalid display
04-24 13:17:30.207 683 683 E HWComposer: getPresentFence failed for invalid display -1
04-24 13:17:30.222 1176 1392 D HwArpVerifier: getIpRouteTable
04-24 13:17:30.241 683 683 E HWComposer: getLayerReleaseFence: Invalid display
04-24 13:17:30.241 683 683 E HWComposer: getPresentFence failed for invalid display -1
04-24 13:17:30.292 683 683 E HWComposer: getLayerReleaseFence: Invalid display
04-24 13:17:30.292 683 683 E HWComposer: getPresentFence failed for invalid display -1
04-24 13:17:30.298 1176 1392 D HwArpVerifier: Notify wifi default route is ok
04-24 13:17:30.324 683 683 E HWComposer: getLayerReleaseFence: Invalid display
04-24 13:17:30.324 683 683 E HWComposer: getPresentFence failed for invalid display -1
04-24 13:17:30.374 683 683 E HWComposer: getLayerReleaseFence: Invalid display
04-24 13:17:30.374 683 683 E HWComposer: getPresentFence failed for invalid display -1
04-24 13:17:30.423 683 683 E HWComposer: getLayerReleaseFence: Invalid display
04-24 13:17:30.424 683 683 E HWComposer: getPresentFence failed for invalid display -1
04-24 13:17:30.443 777 777 E : [E/capacity_limit_control] not demo version, not set power control prop!
04-24 13:17:30.463 742 742 E wificond: Failed to get NL80211_RATE_INFO_NOISE
04-24 13:17:30.463 742 742 E wificond: Failed to get NL80211_RATE_INFO_SNR
04-24 13:17:30.463 742 742 E wificond: Failed to get NL80211_STA_INFO_CNAHLOAD
04-24 13:17:30.463 1176 1337 E WificondControl: Noise: 0, Snr: -1, Chload: -1
04-24 13:17:30.463 1176 1339 D HwWifiCHRStateManager: handleMessage : 1001
04-24 13:17:30.463 1176 1339 D HwWifiCHRStateManager: handleUpdateChannel:2412
04-24 13:17:30.463 1176 1339 V HwWifiServiceFactory: get AllImpl object = com.android.server.wifi.HwWifiServiceFactoryImpl@2205edc
04-24 13:17:30.464 742 742 E wificond: Failed to get NL80211_RATE_INFO_NOISE
04-24 13:17:30.464 742 742 E wificond: Failed to get NL80211_RATE_INFO_SNR
04-24 13:17:30.464 742 742 E wificond: Failed to get NL80211_STA_INFO_CNAHLOAD
04-24 13:17:30.465 1176 1406 D HuaweiWifiWatchdogStateMachine: LM mrssi=-30
04-24 13:17:30.466 1176 1406 D HuaweiWifiWatchdogStateMachine: a4:fa:**:**:eb:b0 current loss[-45]=0%, volume=13
04-24 13:17:30.466 1176 1406 D HuaweiWifiWatchdogStateMachine: a4:fa:**:**:eb:b0 history loss[-45]=0%, volume=13826164
04-24 13:17:30.466 1176 1406 I HuaweiWifiWatchdogStateMachine: spd good count:0, add sc:0.0, rate:1.0
04-24 13:17:30.466 1176 1406 D HuaweiWifiWatchdogStateMachine: high data flow: protection_counter = 0, not_detect_counter = 428
04-24 13:17:30.466 1176 1406 D HuaweiWifiWatchdogStateMachine: high data flow scenario: 0 --> 0 rx bytes =22KB
04-24 13:17:30.466 1176 1406 I HuaweiWifiWatchdogStateMachine: current mHighDataFlowRate = 1.0
04-24 13:17:30.466 1176 1406 I HuaweiWifiWatchdogStateMachine: POta txb txg rxg:0, 13, 0. Lr =0% Totpkt=13
04-24 13:17:30.467 1176 1176 D WiFi_PRO: MSG_RETURN_AP_CURRY_RSSI rssi = -30
04-24 13:17:30.467 1176 1176 I QosMonitor: queryRtt: rtt_type = 3
04-24 13:17:30.467 1176 1176 I HwQoEJNI: send_cmd_kernel. begin
04-24 13:17:30.467 1176 1176 I HwQoEJNI: send_cmd_kernel. end
04-24 13:17:30.467 1176 1176 I QosMonitor: postEventFromNative: msg=100,arg1=4,arg2=10
04-24 13:17:30.468 1176 1176 I HwQoEJNI: send_cmd_kernel. begin
04-24 13:17:30.468 1176 1176 I HwQoEJNI: send_cmd_kernel. end
04-24 13:17:30.468 1176 1176 I QosMonitor: postEventFromNative: msg=100,arg1=0,arg2=10
04-24 13:17:30.468 1176 3109 D HwWifiConnectivityMonitor: ENTER: notifyTopUidTcpInfo, tx = 3, rx = 3, reTx = 0, uid = 10848, tr = 0.0
04-24 13:17:30.468 1176 1176 D HuaweiWifiWatchdogStateMachine: a4:fa:**:**:eb:b0 current RTT[-45]=400, volume=1
04-24 13:17:30.468 1176 3109 D HwWifiConnectivityMonitor: ENTER: notifyTopUidTcpInfo, rtt = 40, rttPkts = 1, aveRtt = 40.0, app = com.jiansheng.blmn.demo
04-24 13:17:30.468 1176 1176 D HuaweiWifiWatchdogStateMachine: a4:fa:**:**:eb:b0 history RTT[-45]=510, volume=60975
04-24 13:17:30.468 1176 1176 D HuaweiWifiWatchdogStateMachine: setSampleRtt: rtt=400,rtt_pkts =1,rtt_when=6
04-24 13:17:30.468 1176 3109 D HwUidTcpMonitor: parseWlanUidTcpStatistics lastUidTcpStatInfo = [ mUid = 10848 mPacketName = com.jiansheng.blmn.demo mSendSegs = 2682 mResendSegs = 0 mRcvSegs = 3073 ]
04-24 13:17:30.468 1176 1176 I MQoS : rtt=210,tcp_tx_pkts=481218,tcp_rx_pkts=921655
04-24 13:17:30.468 1176 1176 I QosMonitor: resetRtt: rtt_type = 3
04-24 13:17:30.468 1176 1176 I HwQoEJNI: send_cmd_kernel. begin
04-24 13:17:30.468 1176 1176 I HwQoEJNI: send_cmd_kernel. end
04-24 13:17:30.468 1176 1400 D HwWifiConnectivityMonitor: handleTopUidInternetStatusChanged, uid = 10848, status = 0
04-24 13:17:30.469 1176 1406 D HuaweiWifiWatchdogStateMachine: dumpTcpResult: len=10,rtt=210,rttPkt=3,rttWn=6,cgt=0,cgtWn=0
04-24 13:17:30.469 1176 1406 I HuaweiWifiWatchdogStateMachine: PTcp RTT:210, rtt pkt=3, tcp_rx=3, tcp_tx=3, tcp_reTran=0, rtRate=0
04-24 13:17:30.469 1176 1406 D HuaweiWifiWatchdogStateMachine: isRttGood is good, AvgRtt = 210, TotPkt = 3
04-24 13:17:30.469 1176 1406 D HuaweiWifiWatchdogStateMachine: mRssiBadCount =0, RSSI not bad.
04-24 13:17:30.469 1176 1406 D HuaweiWifiWatchdogStateMachine: detectNetworkAvailable:hw.wifipro.dns_fail_count = 131
04-24 13:17:30.469 1176 1406 D HuaweiWifiWatchdogStateMachine: detectNetworkAvailable: tcpRxPkts != 0, reset
04-24 13:17:30.469 1176 1406 I HuaweiWifiWatchdogStateMachine: rs ota tcp lr rttvb bad: false, false, false, false, false; rsth:-75
04-24 13:17:30.469 1176 1406 D HuaweiWifiWatchdogStateMachine: GSC:0, GSR:1.0, RSR:1.0, RTH:-75
04-24 13:17:30.469 1176 1406 I HuaweiWifiWatchdogStateMachine: judge good link######, goodLinkLevel=3
04-24 13:17:30.469 1176 1406 I HuaweiWifiWatchdogStateMachine: sendResultMsgToQM bssid:a4:fa:**:**:eb:b0, qoslevel=3
04-24 13:17:30.469 1176 1406 I HuaweiWifiWatchdogStateMachine: link good reported, good base rssi:-34
04-24 13:17:30.469 1176 1406 D HuaweiWifiWatchdogStateMachine: goodperiod count=0, rb rttg sg =false, true, false
04-24 13:17:30.469 1176 1406 D HuaweiWifiWatchdogStateMachine: bqeLevel = 3 rtt=210,rtt_pkts=3 speed=476 rssi=-30
04-24 13:17:30.469 1176 1406 D HuaweiWifiWatchdogStateMachine: Enter updateQoeLevel level = 3
04-24 13:17:30.469 1176 1406 D HuaweiWifiWatchdogStateMachine: updateQoeLevel need two more periods, return
04-24 13:17:30.469 1176 1406 I HuaweiWifiWatchdogStateMachine: pkt chk not bad, reset sc to 0.
04-24 13:17:30.469 1176 1406 D HuaweiWifiWatchdogStateMachine: ### mPktChkBadCnt=0
04-24 13:17:30.472 1176 1176 D WiFi_PRO_WifiProStateMachine: onNetworkQosChange, currentWifiLevel == 3, wifiNoInternet = false, updateUiOnly = true
04-24 13:17:30.476 1176 3515 I MQoS : QOS_level:0(0),wifi-link;SIM error;use level-0
04-24 13:17:30.477 683 683 E HWComposer: getLayerReleaseFence: Invalid display
04-24 13:17:30.477 683 683 E HWComposer: getPresentFence failed for invalid display -1
04-24 13:17:30.486 777 777 E : [E/capacity_limit_control] not demo version, not set power control prop!
04-24 13:17:30.488 1176 1288 D HwBatteryService: onUEvent fcpStatus = 0,scpStatus =0,ovpStatus=0
04-24 13:17:30.489 1176 1288 I UsbDeviceManager: water_intrused state= 0
04-24 13:17:30.495 683 683 E HWComposer: getLayerReleaseFence: Invalid display
04-24 13:17:30.495 683 683 E HWComposer: getPresentFence failed for invalid display -1
04-24 13:17:30.497 1176 1176 D HwInnerWifiManagerImpl: SupplicantState = COMPLETED
04-24 13:17:30.497 1176 1176 D HwInnerWifiManagerImpl: isPhoneAP = false
04-24 13:17:30.497 1176 1176 D HwInnerWifiManagerImpl: SupplicantState = COMPLETED
04-24 13:17:30.497 1176 1176 D HwInnerWifiManagerImpl: isPhoneAP = false
04-24 13:17:30.497 1176 1176 D WifiStateMachine: mBcastReceiver: PluggedType = 2 mIsScanCtrlPluggedin = true
04-24 13:17:30.497 1463 1463 D KeyguardUpdateMonitor: received broadcast android.intent.action.BATTERY_CHANGED
04-24 13:17:30.497 1176 1176 D HwWifiService: mPluggedType =2
04-24 13:17:30.498 1463 1463 W KeyguardUpdateMonitor: ACTION_BATTERY_CHANGED AMP: 500000; Volt: 5000000
04-24 13:17:30.498 1463 1463 V KeyguardUpdateMonitor: RefreshBatteryInfo isBatteryLow: 79
04-24 13:17:30.498 1463 1463 W KeyguardUpdateMonitor: ChargingSpeed Wattage: 2500000 ST: 5000000 --> 7500000
04-24 13:17:30.498 1463 1463 I KgBattery: BatteryInfo updated: 2lPc0
04-24 13:17:30.498 1463 1463 W AppHandler: sendMessage with obj100
04-24 13:17:30.498 1463 1463 D KeyguardUpdateMonitor: handleBatteryUpdate
04-24 13:17:30.498 1176 1176 D WifiService: onReceive, action:android.intent.action.BATTERY_CHANGED
04-24 13:17:30.498 1176 1176 D WifiService: ACTION_BATTERY_CHANGED pluggedType: 2
04-24 13:17:30.498 1463 1463 W HwLockScreenPanel: Handle message: 100
04-24 13:17:30.498 1463 1463 W HwKeyguardBottomArea: updateBatteryInfo : false true
04-24 13:17:30.498 1463 1463 W KgBattery: getCharge info with type: text
04-24 13:17:30.499 1729 1729 I MsgReceiver: intent action: android.intent.action.BATTERY_CHANGED
04-24 13:17:30.502 5515 5671 E CloudAlbum[8.1.2.309]: [ReceiverManager] not log on ignore
04-24 13:17:30.503 1463 1463 W HwLockScreenPanel: refreshBatteryInfo: null
04-24 13:17:30.524 683 683 E HWComposer: getLayerReleaseFence: Invalid display
04-24 13:17:30.524 683 683 E HWComposer: getPresentFence failed for invalid display -1
04-24 13:17:30.575 683 683 E HWComposer: getLayerReleaseFence: Invalid display
04-24 13:17:30.575 683 683 E HWComposer: getPresentFence failed for invalid display -1
04-24 13:17:30.590 683 683 E HWComposer: getLayerReleaseFence: Invalid display
04-24 13:17:30.590 683 683 E HWComposer: getPresentFence failed for invalid display -1
04-24 13:17:30.642 683 683 E HWComposer: getLayerReleaseFence: Invalid display
04-24 13:17:30.642 683 683 E HWComposer: getPresentFence failed for invalid display -1
04-24 13:17:30.657 683 683 E HWComposer: getLayerReleaseFence: Invalid display
04-24 13:17:30.657 683 683 E HWComposer: getPresentFence failed for invalid display -1
04-24 13:17:30.726 683 683 E HWComposer: getLayerReleaseFence: Invalid display
04-24 13:17:30.727 683 683 E HWComposer: getPresentFence failed for invalid display -1
04-24 13:17:30.758 683 683 E HWComposer: getLayerReleaseFence: Invalid display
04-24 13:17:30.758 683 683 E HWComposer: getPresentFence failed for invalid display -1
04-24 13:17:30.806 683 683 E HWComposer: getLayerReleaseFence: Invalid display
04-24 13:17:30.806 683 683 E HWComposer: getPresentFence failed for invalid display -1
04-24 13:17:30.840 683 683 E HWComposer: getLayerReleaseFence: Invalid display
04-24 13:17:30.840 683 683 E HWComposer: getPresentFence failed for invalid display -1
04-24 13:17:30.876 683 683 E HWComposer: getLayerReleaseFence: Invalid display
04-24 13:17:30.876 683 683 E HWComposer: getPresentFence failed for invalid display -1
04-24 13:17:30.895 683 683 E HWComposer: getLayerReleaseFence: Invalid display
04-24 13:17:30.896 683 683 E HWComposer: getPresentFence failed for invalid display -1
04-24 13:17:30.958 683 683 E HWComposer: getLayerReleaseFence: Invalid display
04-24 13:17:30.958 683 683 E HWComposer: getPresentFence failed for invalid display -1
04-24 13:17:30.973 683 683 E HWComposer: getLayerReleaseFence: Invalid display
04-24 13:17:30.973 683 683 E HWComposer: getPresentFence failed for invalid display -1
04-24 13:17:31.007 683 683 E HWComposer: getLayerReleaseFence: Invalid display
04-24 13:17:31.007 683 683 E HWComposer: getPresentFence failed for invalid display -1
04-24 13:17:31.041 683 683 E HWComposer: getLayerReleaseFence: Invalid display
04-24 13:17:31.041 683 683 E HWComposer: getPresentFence failed for invalid display -1
04-24 13:17:31.075 683 683 E HWComposer: getLayerReleaseFence: Invalid display
04-24 13:17:31.075 683 683 E HWComposer: getPresentFence failed for invalid display -1
04-24 13:17:31.096 683 683 E HWComposer: getLayerReleaseFence: Invalid display
04-24 13:17:31.096 683 683 E HWComposer: getPresentFence failed for invalid display -1
04-24 13:17:31.136 683 683 E HWComposer: getLayerReleaseFence: Invalid display
04-24 13:17:31.136 683 683 E HWComposer: getPresentFence failed for invalid display -1
04-24 13:17:31.137 1176 1338 D HwWifiStatStore: handleMessage : 200
04-24 13:17:31.168 683 683 E HWComposer: getLayerReleaseFence: Invalid display
04-24 13:17:31.168 683 683 E HWComposer: getPresentFence failed for invalid display -1
04-24 13:17:31.190 683 683 E HWComposer: getLayerReleaseFence: Invalid display
04-24 13:17:31.190 683 683 E HWComposer: getPresentFence failed for invalid display -1
04-24 13:17:31.225 683 683 E HWComposer: getLayerReleaseFence: Invalid display
04-24 13:17:31.225 683 683 E HWComposer: getPresentFence failed for invalid display -1
04-24 13:17:31.243 683 683 E HWComposer: getLayerReleaseFence: Invalid display
04-24 13:17:31.243 683 683 E HWComposer: getPresentFence failed for invalid display -1
04-24 13:17:31.273 683 683 E HWComposer: getLayerReleaseFence: Invalid display
04-24 13:17:31.273 683 683 E HWComposer: getPresentFence failed for invalid display -1
04-24 13:17:31.306 683 683 E HWComposer: getLayerReleaseFence: Invalid display
04-24 13:17:31.306 683 683 E HWComposer: getPresentFence failed for invalid display -1
04-24 13:17:31.340 683 683 E HWComposer: getLayerReleaseFence: Invalid display
04-24 13:17:31.340 683 683 E HWComposer: getPresentFence failed for invalid display -1
04-24 13:17:31.373 683 683 E HWComposer: getLayerReleaseFence: Invalid display
04-24 13:17:31.373 683 683 E HWComposer: getPresentFence failed for invalid display -1
04-24 13:17:31.424 683 683 E HWComposer: getLayerReleaseFence: Invalid display
04-24 13:17:31.425 683 683 E HWComposer: getPresentFence failed for invalid display -1
04-24 13:17:31.473 683 683 E HWComposer: getLayerReleaseFence: Invalid display
04-24 13:17:31.473 683 683 E HWComposer: getPresentFence failed for invalid display -1
04-24 13:17:31.476 679 679 E WifiHAL : enter wifi_get_link_stats
04-24 13:17:31.480 742 742 E wificond: Failed to get NL80211_RATE_INFO_NOISE
04-24 13:17:31.480 742 742 E wificond: Failed to get NL80211_RATE_INFO_SNR
04-24 13:17:31.480 742 742 E wificond: Failed to get NL80211_STA_INFO_CNAHLOAD
04-24 13:17:31.480 1176 1337 E WificondControl: Noise: 0, Snr: -1, Chload: -1
04-24 13:17:31.480 1176 1339 D HwWifiCHRStateManager: handleMessage : 1001
04-24 13:17:31.481 1176 1339 D HwWifiCHRStateManager: handleUpdateChannel:2412
04-24 13:17:31.481 1176 1339 V HwWifiServiceFactory: get AllImpl object = com.android.server.wifi.HwWifiServiceFactoryImpl@2205edc
04-24 13:17:31.482 1176 1337 D HwCustWifiStateMachineReferenceImpl: checkRssiOverThreshold newRssi = -31
04-24 13:17:31.482 1176 1337 D WifiScoreReport: Score = 100, wifiConnectivityManagerEnabled = false, lowScoreCount = 0
04-24 13:17:31.593 683 683 E HWComposer: getLayerReleaseFence: Invalid display
04-24 13:17:31.593 683 683 E HWComposer: getPresentFence failed for invalid display -1
04-24 13:17:31.658 683 683 E HWComposer: getLayerReleaseFence: Invalid display
04-24 13:17:31.658 683 683 E HWComposer: getPresentFence failed for invalid display -1
04-24 13:17:31.707 683 683 E HWComposer: getLayerReleaseFence: Invalid display
04-24 13:17:31.707 683 683 E HWComposer: getPresentFence failed for invalid display -1
04-24 13:17:31.756 683 683 E HWComposer: getLayerReleaseFence: Invalid display
04-24 13:17:31.756 683 683 E HWComposer: getPresentFence failed for invalid display -1
04-24 13:17:31.807 683 683 E HWComposer: getLayerReleaseFence: Invalid display
04-24 13:17:31.807 683 683 E HWComposer: getPresentFence failed for invalid display -1
04-24 13:17:31.839 683 683 E HWComposer: getLayerReleaseFence: Invalid display
04-24 13:17:31.839 683 683 E HWComposer: getPresentFence failed for invalid display -1
04-24 13:17:31.873 683 683 E HWComposer: getLayerReleaseFence: Invalid display
04-24 13:17:31.873 683 683 E HWComposer: getPresentFence failed for invalid display -1
04-24 13:17:31.906 683 683 E HWComposer: getLayerReleaseFence: Invalid display
04-24 13:17:31.906 683 683 E HWComposer: getPresentFence failed for invalid display -1
04-24 13:17:31.957 683 683 E HWComposer: getLayerReleaseFence: Invalid display
04-24 13:17:31.958 683 683 E HWComposer: getPresentFence failed for invalid display -1
04-24 13:17:32.007 683 683 E HWComposer: getLayerReleaseFence: Invalid display
04-24 13:17:32.007 683 683 E HWComposer: getPresentFence failed for invalid display -1
04-24 13:17:32.035 1176 1176 I TrafficMonitor: update:rxPkts:17,txPkts:2,rxBytes:1214,txBytes:376
04-24 13:17:32.035 1176 1176 I TrafficMonitor: start expired. level:-1
04-24 13:17:32.035 1176 1176 I TrafficMonitor: gettimer:interval=2000
04-24 13:17:32.058 683 683 E HWComposer: getLayerReleaseFence: Invalid display
04-24 13:17:32.058 683 683 E HWComposer: getPresentFence failed for invalid display -1
04-24 13:17:32.089 683 683 E HWComposer: getLayerReleaseFence: Invalid display
04-24 13:17:32.089 683 683 E HWComposer: getPresentFence failed for invalid display -1
04-24 13:17:32.141 683 683 E HWComposer: getLayerReleaseFence: Invalid display
04-24 13:17:32.141 683 683 E HWComposer: getPresentFence failed for invalid display -1
04-24 13:17:32.191 683 683 E HWComposer: getLayerReleaseFence: Invalid display
04-24 13:17:32.191 683 683 E HWComposer: getPresentFence failed for invalid display -1
04-24 13:17:32.241 683 683 E HWComposer: getLayerReleaseFence: Invalid display
04-24 13:17:32.241 683 683 E HWComposer: getPresentFence failed for invalid display -1
04-24 13:17:32.273 683 683 E HWComposer: getLayerReleaseFence: Invalid display
04-24 13:17:32.273 683 683 E HWComposer: getPresentFence failed for invalid display -1
04-24 13:17:32.323 683 683 E HWComposer: getLayerReleaseFence: Invalid display
04-24 13:17:32.323 683 683 E HWComposer: getPresentFence failed for invalid display -1
04-24 13:17:32.373 683 683 E HWComposer: getLayerReleaseFence: Invalid display
04-24 13:17:32.373 683 683 E HWComposer: getPresentFence failed for invalid display -1
04-24 13:17:32.424 683 683 E HWComposer: getLayerReleaseFence: Invalid display
04-24 13:17:32.424 683 683 E HWComposer: getPresentFence failed for invalid display -1
04-24 13:17:32.473 683 683 E HWComposer: getLayerReleaseFence: Invalid display
04-24 13:17:32.473 683 683 E HWComposer: getPresentFence failed for invalid display -1
04-24 13:17:32.540 683 683 E HWComposer: getLayerReleaseFence: Invalid display
04-24 13:17:32.540 683 683 E HWComposer: getPresentFence failed for invalid display -1
04-24 13:17:32.590 683 683 E HWComposer: getLayerReleaseFence: Invalid display
04-24 13:17:32.590 683 683 E HWComposer: getPresentFence failed for invalid display -1
04-24 13:17:32.624 683 683 E HWComposer: getLayerReleaseFence: Invalid display
04-24 13:17:32.624 683 683 E HWComposer: getPresentFence failed for invalid display -1
04-24 13:17:32.673 683 683 E HWComposer: getLayerReleaseFence: Invalid display
04-24 13:17:32.674 683 683 E HWComposer: getPresentFence failed for invalid display -1
04-24 13:17:32.724 683 683 E HWComposer: getLayerReleaseFence: Invalid display
04-24 13:17:32.724 683 683 E HWComposer: getPresentFence failed for invalid display -1
04-24 13:17:32.775 683 683 E HWComposer: getLayerReleaseFence: Invalid display
04-24 13:17:32.775 683 683 E HWComposer: getPresentFence failed for invalid display -1
04-24 13:17:32.807 683 683 E HWComposer: getLayerReleaseFence: Invalid display
04-24 13:17:32.807 683 683 E HWComposer: getPresentFence failed for invalid display -1
04-24 13:17:32.857 683 683 E HWComposer: getLayerReleaseFence: Invalid display
04-24 13:17:32.857 683 683 E HWComposer: getPresentFence failed for invalid display -1
04-24 13:17:32.890 683 683 E HWComposer: getLayerReleaseFence: Invalid display
04-24 13:17:32.891 683 683 E HWComposer: getPresentFence failed for invalid display -1
04-24 13:17:32.924 683 683 E HWComposer: getLayerReleaseFence: Invalid display
04-24 13:17:32.924 683 683 E HWComposer: getPresentFence failed for invalid display -1
04-24 13:17:32.956 1176 1176 I MQoS : onSignal: mSubId=1,currDataSubID=1
04-24 13:17:32.957 1176 1176 I MQoS : received cell-signal:5
04-24 13:17:32.957 1176 1204 D SmartcareProc: onSignalStrengthsChanged: signalStrength is: SignalStrength: 99 -1 0 0 -65 -46 32767 -1 32767 99 0 0 0 2147483647 0 -1 true cdma , on sub: 1
04-24 13:17:32.957 1176 1204 D SmartcareProc: SignalStrength update result, ss: SignalStrengthInfo:68043809 mGsmSignalStrength: -1 mWcdmaRscp: -1 mWcdmaEcio: -1 mLteRsrp: -1 mLteRsrq: -1 mCdmaDbm: -65 mCdmaEcio: -46 mEvdoDbm: 32767mEvdoEcio: -1mLteRssnr: -1
04-24 13:17:32.958 683 683 E HWComposer: getLayerReleaseFence: Invalid display
04-24 13:17:32.958 683 683 E HWComposer: getPresentFence failed for invalid display -1
04-24 13:17:33.007 683 683 E HWComposer: getLayerReleaseFence: Invalid display
04-24 13:17:33.007 683 683 E HWComposer: getPresentFence failed for invalid display -1
04-24 13:17:33.032 1176 1176 I TrafficMonitor: expired arrive. level:-1
04-24 13:17:33.033 1176 1176 I TrafficMonitor: during_ms:2001,period_ms:2000
04-24 13:17:33.033 1176 1176 I TrafficMonitor: count:363,rx_sum:17,tx_sum:2,rxBytes:1214,during_ms:2001,rx_speed:606.6966516741629,tx_speed:187.90604697651176,rto:8.5
04-24 13:17:33.033 1176 1176 D HuaweiWifiWatchdogStateMachine: speed: rxpkt:17, rxSpd:606B/s, txpkt:2, txSpd:187
04-24 13:17:33.057 683 683 E HWComposer: getLayerReleaseFence: Invalid display
04-24 13:17:33.058 683 683 E HWComposer: getPresentFence failed for invalid display -1
04-24 13:17:33.107 683 683 E HWComposer: getLayerReleaseFence: Invalid display
04-24 13:17:33.107 683 683 E HWComposer: getPresentFence failed for invalid display -1
04-24 13:17:33.139 683 683 E HWComposer: getLayerReleaseFence: Invalid display
04-24 13:17:33.140 683 683 E HWComposer: getPresentFence failed for invalid display -1
04-24 13:17:33.191 683 683 E HWComposer: getLayerReleaseFence: Invalid display
04-24 13:17:33.191 683 683 E HWComposer: getPresentFence failed for invalid display -1
04-24 13:17:33.240 683 683 E HWComposer: getLayerReleaseFence: Invalid display
04-24 13:17:33.240 683 683 E HWComposer: getPresentFence failed for invalid display -1
04-24 13:17:33.291 683 683 E HWComposer: getLayerReleaseFence: Invalid display
04-24 13:17:33.292 683 683 E HWComposer: getPresentFence failed for invalid display -1
04-24 13:17:33.323 683 683 E HWComposer: getLayerReleaseFence: Invalid display
04-24 13:17:33.323 683 683 E HWComposer: getPresentFence failed for invalid display -1
04-24 13:17:33.339 1176 1392 D HwArpVerifier: performPollAndLog:
04-24 13:17:33.340 1176 1392 D hw_netstat: total/156/940,com.jiansheng.blmn.demo/0/940,unknown:0/156/0
04-24 13:17:33.356 683 683 E HWComposer: getLayerReleaseFence: Invalid display
04-24 13:17:33.356 683 683 E HWComposer: getPresentFence failed for invalid display -1
04-24 13:17:33.389 683 683 E HWComposer: getLayerReleaseFence: Invalid display
04-24 13:17:33.389 683 683 E HWComposer: getPresentFence failed for invalid display -1
04-24 13:17:33.442 683 683 E HWComposer: getLayerReleaseFence: Invalid display
04-24 13:17:33.442 683 683 E HWComposer: getPresentFence failed for invalid display -1
04-24 13:17:33.472 683 683 E HWComposer: getLayerReleaseFence: Invalid display
04-24 13:17:33.472 683 683 E HWComposer: getPresentFence failed for invalid display -1
04-24 13:17:33.506 683 683 E HWComposer: getLayerReleaseFence: Invalid display
04-24 13:17:33.506 683 683 E HWComposer: getPresentFence failed for invalid display -1
04-24 13:17:33.557 683 683 E HWComposer: getLayerReleaseFence: Invalid display
04-24 13:17:33.557 683 683 E HWComposer: getPresentFence failed for invalid display -1
04-24 13:17:33.572 683 683 E HWComposer: getLayerReleaseFence: Invalid display
04-24 13:17:33.572 683 683 E HWComposer: getPresentFence failed for invalid display -1
04-24 13:17:33.624 683 683 E HWComposer: getLayerReleaseFence: Invalid display
04-24 13:17:33.624 683 683 E HWComposer: getPresentFence failed for invalid display -1
04-24 13:17:33.657 683 683 E HWComposer: getLayerReleaseFence: Invalid display
04-24 13:17:33.657 683 683 E HWComposer: getPresentFence failed for invalid display -1
04-24 13:17:33.691 683 683 E HWComposer: getLayerReleaseFence: Invalid display
04-24 13:17:33.691 683 683 E HWComposer: getPresentFence failed for invalid display -1
04-24 13:17:33.723 683 683 E HWComposer: getLayerReleaseFence: Invalid display
04-24 13:17:33.723 683 683 E HWComposer: getPresentFence failed for invalid display -1
04-24 13:17:33.756 683 683 E HWComposer: getLayerReleaseFence: Invalid display
04-24 13:17:33.756 683 683 E HWComposer: getPresentFence failed for invalid display -1
04-24 13:17:33.807 683 683 E HWComposer: getLayerReleaseFence: Invalid display
04-24 13:17:33.807 683 683 E HWComposer: getPresentFence failed for invalid display -1
04-24 13:17:33.822 683 683 E HWComposer: getLayerReleaseFence: Invalid display
04-24 13:17:33.822 683 683 E HWComposer: getPresentFence failed for invalid display -1
04-24 13:17:33.856 683 683 E HWComposer: getLayerReleaseFence: Invalid display
04-24 13:17:33.856 683 683 E HWComposer: getPresentFence failed for invalid display -1
04-24 13:17:33.888 683 683 E HWComposer: getLayerReleaseFence: Invalid display
04-24 13:17:33.888 683 683 E HWComposer: getPresentFence failed for invalid display -1
04-24 13:17:33.923 683 683 E HWComposer: getLayerReleaseFence: Invalid display
04-24 13:17:33.923 683 683 E HWComposer: getPresentFence failed for invalid display -1
04-24 13:17:33.955 683 683 E HWComposer: getLayerReleaseFence: Invalid display
04-24 13:17:33.955 683 683 E HWComposer: getPresentFence failed for invalid display -1
04-24 13:17:33.990 683 683 E HWComposer: getLayerReleaseFence: Invalid display
04-24 13:17:33.990 683 683 E HWComposer: getPresentFence failed for invalid display -1
04-24 13:17:34.025 683 683 E HWComposer: getLayerReleaseFence: Invalid display
04-24 13:17:34.025 683 683 E HWComposer: getPresentFence failed for invalid display -1
04-24 13:17:34.036 1176 1176 I TrafficMonitor: update:rxPkts:17,txPkts:2,rxBytes:1214,txBytes:376
04-24 13:17:34.036 1176 1176 I TrafficMonitor: start expired. level:-1
04-24 13:17:34.037 1176 1176 I TrafficMonitor: gettimer:interval=2000
04-24 13:17:34.042 683 683 E HWComposer: getLayerReleaseFence: Invalid display
04-24 13:17:34.042 683 683 E HWComposer: getPresentFence failed for invalid display -1
04-24 13:17:34.089 683 683 E HWComposer: getLayerReleaseFence: Invalid display
04-24 13:17:34.089 683 683 E HWComposer: getPresentFence failed for invalid display -1
04-24 13:17:34.122 683 683 E HWComposer: getLayerReleaseFence: Invalid display
04-24 13:17:34.122 683 683 E HWComposer: getPresentFence failed for invalid display -1
04-24 13:17:34.142 1176 1338 D HwWifiStatStore: handleMessage : 200
04-24 13:17:34.156 683 683 E HWComposer: getLayerReleaseFence: Invalid display
04-24 13:17:34.156 683 683 E HWComposer: getPresentFence failed for invalid display -1
04-24 13:17:34.182 683 683 E HWComposer: getLayerReleaseFence: Invalid display
04-24 13:17:34.182 683 683 E HWComposer: getPresentFence failed for invalid display -1
04-24 13:17:34.212 683 683 E HWComposer: getLayerReleaseFence: Invalid display
04-24 13:17:34.212 683 683 E HWComposer: getPresentFence failed for invalid display -1
04-24 13:17:34.242 683 683 E HWComposer: getLayerReleaseFence: Invalid display
04-24 13:17:34.242 683 683 E HWComposer: getPresentFence failed for invalid display -1
04-24 13:17:34.273 683 683 E HWComposer: getLayerReleaseFence: Invalid display
04-24 13:17:34.273 683 683 E HWComposer: getPresentFence failed for invalid display -1
04-24 13:17:34.306 683 683 E HWComposer: getLayerReleaseFence: Invalid display
04-24 13:17:34.306 683 683 E HWComposer: getPresentFence failed for invalid display -1
04-24 13:17:34.341 683 683 E HWComposer: getLayerReleaseFence: Invalid display
04-24 13:17:34.341 683 683 E HWComposer: getPresentFence failed for invalid display -1
04-24 13:17:34.364 683 683 E HWComposer: getLayerReleaseFence: Invalid display
04-24 13:17:34.364 683 683 E HWComposer: getPresentFence failed for invalid display -1
04-24 13:17:34.391 683 683 E HWComposer: getLayerReleaseFence: Invalid display
04-24 13:17:34.391 683 683 E HWComposer: getPresentFence failed for invalid display -1
04-24 13:17:34.423 683 683 E HWComposer: getLayerReleaseFence: Invalid display
04-24 13:17:34.423 683 683 E HWComposer: getPresentFence failed for invalid display -1
04-24 13:17:34.455 683 683 E HWComposer: getLayerReleaseFence: Invalid display
04-24 13:17:34.455 683 683 E HWComposer: getPresentFence failed for invalid display -1
04-24 13:17:34.484 679 679 E WifiHAL : enter wifi_get_link_stats
04-24 13:17:34.490 742 742 E wificond: Failed to get NL80211_RATE_INFO_NOISE
04-24 13:17:34.490 742 742 E wificond: Failed to get NL80211_RATE_INFO_SNR
04-24 13:17:34.490 742 742 E wificond: Failed to get NL80211_STA_INFO_CNAHLOAD
04-24 13:17:34.490 1176 1337 E WificondControl: Noise: 0, Snr: -1, Chload: -1
04-24 13:17:34.490 1176 1339 D HwWifiCHRStateManager: handleMessage : 1001
04-24 13:17:34.490 1176 1339 D HwWifiCHRStateManager: handleUpdateChannel:2412
04-24 13:17:34.490 1176 1339 V HwWifiServiceFactory: get AllImpl object = com.android.server.wifi.HwWifiServiceFactoryImpl@2205edc
04-24 13:17:34.492 1176 1337 D HwCustWifiStateMachineReferenceImpl: checkRssiOverThreshold newRssi = -31
04-24 13:17:34.492 1176 1337 D WifiScoreReport: Score = 100, wifiConnectivityManagerEnabled = false, lowScoreCount = 0
04-24 13:17:34.507 683 683 E HWComposer: getLayerReleaseFence: Invalid display
04-24 13:17:34.507 683 683 E HWComposer: getPresentFence failed for invalid display -1
04-24 13:17:34.539 683 683 E HWComposer: getLayerReleaseFence: Invalid display
04-24 13:17:34.539 683 683 E HWComposer: getPresentFence failed for invalid display -1
04-24 13:17:34.571 683 683 E HWComposer: getLayerReleaseFence: Invalid display
04-24 13:17:34.571 683 683 E HWComposer: getPresentFence failed for invalid display -1
04-24 13:17:34.623 683 683 E HWComposer: getLayerReleaseFence: Invalid display
04-24 13:17:34.623 683 683 E HWComposer: getPresentFence failed for invalid display -1
04-24 13:17:34.639 683 683 E HWComposer: getLayerReleaseFence: Invalid display
04-24 13:17:34.639 683 683 E HWComposer: getPresentFence failed for invalid display -1
04-24 13:17:34.674 683 683 E HWComposer: getLayerReleaseFence: Invalid display
04-24 13:17:34.674 683 683 E HWComposer: getPresentFence failed for invalid display -1
04-24 13:17:34.705 683 683 E HWComposer: getLayerReleaseFence: Invalid display
04-24 13:17:34.706 683 683 E HWComposer: getPresentFence failed for invalid display -1
04-24 13:17:34.738 683 683 E HWComposer: getLayerReleaseFence: Invalid display
04-24 13:17:34.738 683 683 E HWComposer: getPresentFence failed for invalid display -1
04-24 13:17:34.772 683 683 E HWComposer: getLayerReleaseFence: Invalid display
04-24 13:17:34.772 683 683 E HWComposer: getPresentFence failed for invalid display -1
04-24 13:17:34.823 683 683 E HWComposer: getLayerReleaseFence: Invalid display
04-24 13:17:34.823 683 683 E HWComposer: getPresentFence failed for invalid display -1
04-24 13:17:34.873 683 683 E HWComposer: getLayerReleaseFence: Invalid display
04-24 13:17:34.873 683 683 E HWComposer: getPresentFence failed for invalid display -1
04-24 13:17:34.906 683 683 E HWComposer: getLayerReleaseFence: Invalid display
04-24 13:17:34.906 683 683 E HWComposer: getPresentFence failed for invalid display -1
04-24 13:17:35.022 683 683 E HWComposer: getLayerReleaseFence: Invalid display
04-24 13:17:35.022 683 683 E HWComposer: getPresentFence failed for invalid display -1
04-24 13:17:35.071 683 683 E HWComposer: getLayerReleaseFence: Invalid display
04-24 13:17:35.071 683 683 E HWComposer: getPresentFence failed for invalid display -1
04-24 13:17:35.140 683 683 E HWComposer: getLayerReleaseFence: Invalid display
04-24 13:17:35.140 683 683 E HWComposer: getPresentFence failed for invalid display -1
04-24 13:17:35.158 683 683 E HWComposer: getLayerReleaseFence: Invalid display
