04-24 13:16:19.154 683 683 E HWComposer: getLayerReleaseFence: Invalid display
04-24 13:16:19.154 683 683 E HWComposer: getPresentFence failed for invalid display -1
04-24 13:16:19.179 3756 3774 D LogUtil_LogConfig: obtainSavePath(): path = 1
04-24 13:16:19.180 3756 3774 D LogUtil_LogConfig: getLogFile(): logFilePath = /data/data/com.huawei.health/files/com.huawei.health/com.huawei.health_DaemonService/
04-24 13:16:19.180 3756 3774 D LogUtil_LogConfig: obtainSavePath(): path = 1
04-24 13:16:19.180 3756 3774 D LogUtil_LogConfig: acquireMaxLogFileLengthContainsOffset describe: com.huawei.health:DaemonService result:5242880
04-24 13:16:19.180 3756 3774 D LogUtil_LogConfig: obtainSavePath(): path = 1
04-24 13:16:19.180 3756 3774 D LogUtil_LogConfig: getLogFileRoot(): logFilePath = /data/data/com.huawei.health/files/com.huawei.health/com.huawei.health_DaemonService/
04-24 13:16:19.212 683 683 E HWComposer: getLayerReleaseFence: Invalid display
04-24 13:16:19.212 683 683 E HWComposer: getPresentFence failed for invalid display -1
04-24 13:16:19.228 679 679 E WifiHAL : enter wifi_get_link_stats
04-24 13:16:19.229 742 742 E wificond: Failed to get NL80211_RATE_INFO_NOISE
04-24 13:16:19.229 742 742 E wificond: Failed to get NL80211_RATE_INFO_SNR
04-24 13:16:19.229 742 742 E wificond: Failed to get NL80211_STA_INFO_CNAHLOAD
04-24 13:16:19.229 1176 1337 E WificondControl: Noise: 0, Snr: -1, Chload: -1
04-24 13:16:19.230 1176 1339 D HwWifiCHRStateManager: handleMessage : 1001
04-24 13:16:19.230 1176 1339 D HwWifiCHRStateManager: handleUpdateChannel:2412
04-24 13:16:19.230 1176 1339 V HwWifiServiceFactory: get AllImpl object = com.android.server.wifi.HwWifiServiceFactoryImpl@2205edc
04-24 13:16:19.231 1176 1337 D HwCustWifiStateMachineReferenceImpl: checkRssiOverThreshold newRssi = -32
04-24 13:16:19.231 1176 1337 D WifiScoreReport: Score = 100, wifiConnectivityManagerEnabled = false, lowScoreCount = 0
04-24 13:16:19.251 683 683 E HWComposer: getLayerReleaseFence: Invalid display
04-24 13:16:19.251 683 683 E HWComposer: getPresentFence failed for invalid display -1
04-24 13:16:19.307 683 683 E HWComposer: getLayerReleaseFence: Invalid display
04-24 13:16:19.307 683 683 E HWComposer: getPresentFence failed for invalid display -1
04-24 13:16:19.358 683 683 E HWComposer: getLayerReleaseFence: Invalid display
04-24 13:16:19.358 683 683 E HWComposer: getPresentFence failed for invalid display -1
04-24 13:16:19.395 683 683 E HWComposer: getLayerReleaseFence: Invalid display
04-24 13:16:19.395 683 683 E HWComposer: getPresentFence failed for invalid display -1
04-24 13:16:19.452 683 683 E HWComposer: getLayerReleaseFence: Invalid display
04-24 13:16:19.452 683 683 E HWComposer: getPresentFence failed for invalid display -1
04-24 13:16:19.491 683 683 E HWComposer: getLayerReleaseFence: Invalid display
04-24 13:16:19.491 683 683 E HWComposer: getPresentFence failed for invalid display -1
04-24 13:16:19.548 683 683 E HWComposer: getLayerReleaseFence: Invalid display
04-24 13:16:19.548 683 683 E HWComposer: getPresentFence failed for invalid display -1
04-24 13:16:19.586 683 683 E HWComposer: getLayerReleaseFence: Invalid display
04-24 13:16:19.586 683 683 E HWComposer: getPresentFence failed for invalid display -1
04-24 13:16:19.638 1176 1589 W Watchdog: hungtask: writing kick
04-24 13:16:19.642 1176 1202 I EventHub: EventHub monitor: no key events in the past 84s,
04-24 13:16:19.644 683 683 E HWComposer: getLayerReleaseFence: Invalid display
04-24 13:16:19.645 683 683 E HWComposer: getPresentFence failed for invalid display -1
04-24 13:16:19.681 683 683 E HWComposer: getLayerReleaseFence: Invalid display
04-24 13:16:19.681 683 683 E HWComposer: getPresentFence failed for invalid display -1
04-24 13:16:19.738 683 683 E HWComposer: getLayerReleaseFence: Invalid display
04-24 13:16:19.738 683 683 E HWComposer: getPresentFence failed for invalid display -1
04-24 13:16:19.789 683 683 E HWComposer: getLayerReleaseFence: Invalid display
04-24 13:16:19.789 683 683 E HWComposer: getPresentFence failed for invalid display -1
04-24 13:16:19.825 683 683 E HWComposer: getLayerReleaseFence: Invalid display
04-24 13:16:19.825 683 683 E HWComposer: getPresentFence failed for invalid display -1
04-24 13:16:19.884 683 683 E HWComposer: getLayerReleaseFence: Invalid display
04-24 13:16:19.884 683 683 E HWComposer: getPresentFence failed for invalid display -1
04-24 13:16:19.920 683 683 E HWComposer: getLayerReleaseFence: Invalid display
04-24 13:16:19.921 683 683 E HWComposer: getPresentFence failed for invalid display -1
04-24 13:16:19.957 1176 1176 I TrafficMonitor: update:rxPkts:31,txPkts:23,rxBytes:3827,txBytes:21549
04-24 13:16:19.957 1176 1176 I TrafficMonitor: start expired. level:-1
04-24 13:16:19.957 1176 1176 I TrafficMonitor: gettimer:interval=2000
04-24 13:16:19.979 683 683 E HWComposer: getLayerReleaseFence: Invalid display
04-24 13:16:19.980 683 683 E HWComposer: getPresentFence failed for invalid display -1
04-24 13:16:20.025 683 683 E HWComposer: getLayerReleaseFence: Invalid display
04-24 13:16:20.026 683 683 E HWComposer: getPresentFence failed for invalid display -1
04-24 13:16:20.058 683 683 E HWComposer: getLayerReleaseFence: Invalid display
04-24 13:16:20.058 683 683 E HWComposer: getPresentFence failed for invalid display -1
04-24 13:16:20.077 1176 1392 D HwArpVerifier: check_wifi_state_mode = 0 mCheckStateToken=25 token25
04-24 13:16:20.077 1176 1392 D wifiserviceimpl: netmask =16777215
04-24 13:16:20.101 1176 1392 D HWMultiGW: setGateWay 192.168.1.1
04-24 13:16:20.124 683 683 E HWComposer: getLayerReleaseFence: Invalid display
04-24 13:16:20.124 683 683 E HWComposer: getPresentFence failed for invalid display -1
04-24 13:16:20.181 683 683 E HWComposer: getLayerReleaseFence: Invalid display
04-24 13:16:20.181 683 683 E HWComposer: getPresentFence failed for invalid display -1
04-24 13:16:20.218 683 683 E HWComposer: getLayerReleaseFence: Invalid display
04-24 13:16:20.218 683 683 E HWComposer: getPresentFence failed for invalid display -1
04-24 13:16:20.277 683 683 E HWComposer: getLayerReleaseFence: Invalid display
04-24 13:16:20.277 683 683 E HWComposer: getPresentFence failed for invalid display -1
04-24 13:16:20.278 777 777 E : [E/capacity_limit_control] not demo version, not set power control prop!
04-24 13:16:20.314 683 683 E HWComposer: getLayerReleaseFence: Invalid display
04-24 13:16:20.314 683 683 E HWComposer: getPresentFence failed for invalid display -1
04-24 13:16:20.349 741 741 E Thermal-daemon: [pa_0] temp_new :31 temp_old :30
04-24 13:16:20.350 1729 27267 I ThermalService: Receive temperature change, type: 1, temp: 31 from thermald
04-24 13:16:20.351 1729 2560 W HwThermalStateManager: warning: no config thermal type:1 temperature:31
04-24 13:16:20.351 741 741 E Thermal-daemon: Report temperature: [pa_0] temp :31 report_threshold:1
04-24 13:16:20.351 741 741 E Thermal-daemon: [charger_ic] temp_new :37 temp_old :32
04-24 13:16:20.352 1729 27267 I ThermalService: Receive temperature change, type: 2, temp: 37 from thermald
04-24 13:16:20.353 741 741 E Thermal-daemon: Report temperature: [charger_ic] temp :37 report_threshold:1
04-24 13:16:20.353 1729 2560 D HwThermalStateManager: Thermal type: 2 cur_temperature:37
04-24 13:16:20.353 1729 2560 W HwThermalStateManager: warning: no config thermal type:2 temperature:37
04-24 13:16:20.371 683 683 E HWComposer: getLayerReleaseFence: Invalid display
04-24 13:16:20.371 683 683 E HWComposer: getPresentFence failed for invalid display -1
04-24 13:16:20.422 683 683 E HWComposer: getLayerReleaseFence: Invalid display
04-24 13:16:20.422 683 683 E HWComposer: getPresentFence failed for invalid display -1
04-24 13:16:20.458 683 683 E HWComposer: getLayerReleaseFence: Invalid display
04-24 13:16:20.458 683 683 E HWComposer: getPresentFence failed for invalid display -1
04-24 13:16:20.515 683 683 E HWComposer: getLayerReleaseFence: Invalid display
04-24 13:16:20.515 683 683 E HWComposer: getPresentFence failed for invalid display -1
04-24 13:16:20.553 683 683 E HWComposer: getLayerReleaseFence: Invalid display
04-24 13:16:20.553 683 683 E HWComposer: getPresentFence failed for invalid display -1
04-24 13:16:20.609 683 683 E HWComposer: getLayerReleaseFence: Invalid display
04-24 13:16:20.610 683 683 E HWComposer: getPresentFence failed for invalid display -1
04-24 13:16:20.647 683 683 E HWComposer: getLayerReleaseFence: Invalid display
04-24 13:16:20.647 683 683 E HWComposer: getPresentFence failed for invalid display -1
04-24 13:16:20.699 683 683 E HWComposer: getLayerReleaseFence: Invalid display
04-24 13:16:20.699 683 683 E HWComposer: getPresentFence failed for invalid display -1
04-24 13:16:20.745 683 683 E HWComposer: getLayerReleaseFence: Invalid display
04-24 13:16:20.745 683 683 E HWComposer: getPresentFence failed for invalid display -1
04-24 13:16:20.781 683 683 E HWComposer: getLayerReleaseFence: Invalid display
04-24 13:16:20.781 683 683 E HWComposer: getPresentFence failed for invalid display -1
04-24 13:16:20.832 683 683 E HWComposer: getLayerReleaseFence: Invalid display
04-24 13:16:20.833 683 683 E HWComposer: getPresentFence failed for invalid display -1
04-24 13:16:20.883 683 683 E HWComposer: getLayerReleaseFence: Invalid display
04-24 13:16:20.883 683 683 E HWComposer: getPresentFence failed for invalid display -1
04-24 13:16:20.921 683 683 E HWComposer: getLayerReleaseFence: Invalid display
04-24 13:16:20.921 683 683 E HWComposer: getPresentFence failed for invalid display -1
04-24 13:16:20.956 1176 1176 I TrafficMonitor: expired arrive. level:-1
04-24 13:16:20.956 1176 1176 I TrafficMonitor: during_ms:2001,period_ms:2000
04-24 13:16:20.956 1176 1176 I TrafficMonitor: count:327,rx_sum:31,tx_sum:23,rxBytes:3827,during_ms:2001,rx_speed:1912.543728135932,tx_speed:10769.11544227886,rto:1.3478260869565217
04-24 13:16:20.957 1176 1176 D HuaweiWifiWatchdogStateMachine: speed: rxpkt:31, rxSpd:1912B/s, txpkt:23, txSpd:10769
04-24 13:16:20.978 683 683 E HWComposer: getLayerReleaseFence: Invalid display
04-24 13:16:20.979 683 683 E HWComposer: getPresentFence failed for invalid display -1
04-24 13:16:21.017 683 683 E HWComposer: getLayerReleaseFence: Invalid display
04-24 13:16:21.017 683 683 E HWComposer: getPresentFence failed for invalid display -1
04-24 13:16:21.075 683 683 E HWComposer: getLayerReleaseFence: Invalid display
04-24 13:16:21.075 683 683 E HWComposer: getPresentFence failed for invalid display -1
04-24 13:16:21.103 1176 1392 D HwArpVerifier: getGateWayARPResponses: arp rtt = 10
04-24 13:16:21.103 1176 1392 E HwCHRWifiRSSIGroupSummery: updatArpSummery mRSSI:-32 HwCHRWifiRSSIGroup [rssi_index=4, rtt_tcp_packets=0, rtt_tcp_duration=0, rtt_lan_duration=9012, rtt_lan_failures=0, rtt_lan_succ=439, rtt_lan_max=939, rtt_lan_min=0,same_area_frequency=0,adjacent_area_frequency=0]
04-24 13:16:21.113 683 683 E HWComposer: getLayerReleaseFence: Invalid display
04-24 13:16:21.113 683 683 E HWComposer: getPresentFence failed for invalid display -1
04-24 13:16:21.131 1176 1392 D HwArpVerifier: There are 1 mac address for gateway
04-24 13:16:21.131 1176 1392 D HwArpVerifier: from HEART_CHECK transmit to state:HEART_CHECK
04-24 13:16:21.131 1176 1392 D HwArpVerifier: msg what=124 arg1(token)=25 arg2(mode)=0 delay=30000
04-24 13:16:21.131 1176 1392 D HwArpVerifier: performPollAndLog:
04-24 13:16:21.133 1176 1392 D hw_netstat: total/14102/24957,com.jiansheng.blmn.demo/13635/24886,unknown:0/467/71
04-24 13:16:21.169 683 683 E HWComposer: getLayerReleaseFence: Invalid display
04-24 13:16:21.169 683 683 E HWComposer: getPresentFence failed for invalid display -1
04-24 13:16:21.221 683 683 E HWComposer: getLayerReleaseFence: Invalid display
04-24 13:16:21.221 683 683 E HWComposer: getPresentFence failed for invalid display -1
04-24 13:16:21.258 683 683 E HWComposer: getLayerReleaseFence: Invalid display
04-24 13:16:21.258 683 683 E HWComposer: getPresentFence failed for invalid display -1
04-24 13:16:21.315 683 683 E HWComposer: getLayerReleaseFence: Invalid display
04-24 13:16:21.315 683 683 E HWComposer: getPresentFence failed for invalid display -1
04-24 13:16:21.354 683 683 E HWComposer: getLayerReleaseFence: Invalid display
04-24 13:16:21.354 683 683 E HWComposer: getPresentFence failed for invalid display -1
04-24 13:16:21.410 683 683 E HWComposer: getLayerReleaseFence: Invalid display
04-24 13:16:21.410 683 683 E HWComposer: getPresentFence failed for invalid display -1
04-24 13:16:21.447 683 683 E HWComposer: getLayerReleaseFence: Invalid display
04-24 13:16:21.447 683 683 E HWComposer: getPresentFence failed for invalid display -1
04-24 13:16:21.504 683 683 E HWComposer: getLayerReleaseFence: Invalid display
04-24 13:16:21.504 683 683 E HWComposer: getPresentFence failed for invalid display -1
04-24 13:16:21.552 683 683 E HWComposer: getLayerReleaseFence: Invalid display
04-24 13:16:21.552 683 683 E HWComposer: getPresentFence failed for invalid display -1
04-24 13:16:21.588 683 683 E HWComposer: getLayerReleaseFence: Invalid display
04-24 13:16:21.588 683 683 E HWComposer: getPresentFence failed for invalid display -1
04-24 13:16:21.632 683 683 E HWComposer: getLayerReleaseFence: Invalid display
04-24 13:16:21.632 683 683 E HWComposer: getPresentFence failed for invalid display -1
04-24 13:16:21.688 683 683 E HWComposer: getLayerReleaseFence: Invalid display
04-24 13:16:21.688 683 683 E HWComposer: getPresentFence failed for invalid display -1
04-24 13:16:21.739 683 683 E HWComposer: getLayerReleaseFence: Invalid display
04-24 13:16:21.739 683 683 E HWComposer: getPresentFence failed for invalid display -1
04-24 13:16:21.776 683 683 E HWComposer: getLayerReleaseFence: Invalid display
04-24 13:16:21.776 683 683 E HWComposer: getPresentFence failed for invalid display -1
04-24 13:16:21.834 683 683 E HWComposer: getLayerReleaseFence: Invalid display
04-24 13:16:21.834 683 683 E HWComposer: getPresentFence failed for invalid display -1
04-24 13:16:21.873 683 683 E HWComposer: getLayerReleaseFence: Invalid display
04-24 13:16:21.873 683 683 E HWComposer: getPresentFence failed for invalid display -1
04-24 13:16:21.930 683 683 E HWComposer: getLayerReleaseFence: Invalid display
04-24 13:16:21.930 683 683 E HWComposer: getPresentFence failed for invalid display -1
04-24 13:16:21.958 1176 1176 I TrafficMonitor: update:rxPkts:21,txPkts:4,rxBytes:1974,txBytes:2324
04-24 13:16:21.959 1176 1176 I TrafficMonitor: start expired. level:-1
04-24 13:16:21.959 1176 1176 I TrafficMonitor: gettimer:interval=2000
04-24 13:16:21.967 683 683 E HWComposer: getLayerReleaseFence: Invalid display
04-24 13:16:21.967 683 683 E HWComposer: getPresentFence failed for invalid display -1
04-24 13:16:22.026 683 683 E HWComposer: getLayerReleaseFence: Invalid display
04-24 13:16:22.026 683 683 E HWComposer: getPresentFence failed for invalid display -1
04-24 13:16:22.051 1176 1338 D HwWifiStatStore: handleMessage : 200
04-24 13:16:22.064 683 683 E HWComposer: getLayerReleaseFence: Invalid display
04-24 13:16:22.064 683 683 E HWComposer: getPresentFence failed for invalid display -1
04-24 13:16:22.121 683 683 E HWComposer: getLayerReleaseFence: Invalid display
04-24 13:16:22.121 683 683 E HWComposer: getPresentFence failed for invalid display -1
04-24 13:16:22.158 683 683 E HWComposer: getLayerReleaseFence: Invalid display
04-24 13:16:22.158 683 683 E HWComposer: getPresentFence failed for invalid display -1
04-24 13:16:22.210 683 683 E HWComposer: getLayerReleaseFence: Invalid display
04-24 13:16:22.210 683 683 E HWComposer: getPresentFence failed for invalid display -1
04-24 13:16:22.234 679 679 E WifiHAL : enter wifi_get_link_stats
04-24 13:16:22.239 742 742 E wificond: Failed to get NL80211_RATE_INFO_NOISE
04-24 13:16:22.239 742 742 E wificond: Failed to get NL80211_RATE_INFO_SNR
04-24 13:16:22.239 742 742 E wificond: Failed to get NL80211_STA_INFO_CNAHLOAD
04-24 13:16:22.240 1176 1337 E WificondControl: Noise: 0, Snr: -1, Chload: -1
04-24 13:16:22.240 1176 1339 D HwWifiCHRStateManager: handleMessage : 1001
04-24 13:16:22.240 1176 1339 D HwWifiCHRStateManager: handleUpdateChannel:2412
04-24 13:16:22.240 1176 1339 V HwWifiServiceFactory: get AllImpl object = com.android.server.wifi.HwWifiServiceFactoryImpl@2205edc
04-24 13:16:22.241 1176 1337 D HwCustWifiStateMachineReferenceImpl: checkRssiOverThreshold newRssi = -32
04-24 13:16:22.241 1176 1337 D WifiScoreReport: Score = 100, wifiConnectivityManagerEnabled = false, lowScoreCount = 0
04-24 13:16:22.246 683 683 E HWComposer: getLayerReleaseFence: Invalid display
04-24 13:16:22.246 683 683 E HWComposer: getPresentFence failed for invalid display -1
04-24 13:16:22.296 683 683 E HWComposer: getLayerReleaseFence: Invalid display
04-24 13:16:22.296 683 683 E HWComposer: getPresentFence failed for invalid display -1
04-24 13:16:22.341 683 683 E HWComposer: getLayerReleaseFence: Invalid display
04-24 13:16:22.341 683 683 E HWComposer: getPresentFence failed for invalid display -1
04-24 13:16:22.377 683 683 E HWComposer: getLayerReleaseFence: Invalid display
04-24 13:16:22.377 683 683 E HWComposer: getPresentFence failed for invalid display -1
04-24 13:16:22.429 683 683 E HWComposer: getLayerReleaseFence: Invalid display
04-24 13:16:22.429 683 683 E HWComposer: getPresentFence failed for invalid display -1
04-24 13:16:22.474 683 683 E HWComposer: getLayerReleaseFence: Invalid display
04-24 13:16:22.474 683 683 E HWComposer: getPresentFence failed for invalid display -1
04-24 13:16:22.491 487 9038 W libc : Set property "hw.wifi.dns_stat" to "326,29,476,1,5250"
04-24 13:16:22.511 683 683 E HWComposer: getLayerReleaseFence: Invalid display
04-24 13:16:22.511 683 683 E HWComposer: getPresentFence failed for invalid display -1
04-24 13:16:22.565 683 683 E HWComposer: getLayerReleaseFence: Invalid display
04-24 13:16:22.565 683 683 E HWComposer: getPresentFence failed for invalid display -1
04-24 13:16:22.617 683 683 E HWComposer: getLayerReleaseFence: Invalid display
04-24 13:16:22.617 683 683 E HWComposer: getPresentFence failed for invalid display -1
04-24 13:16:22.654 683 683 E HWComposer: getLayerReleaseFence: Invalid display
04-24 13:16:22.654 683 683 E HWComposer: getPresentFence failed for invalid display -1
04-24 13:16:22.697 683 683 E HWComposer: getLayerReleaseFence: Invalid display
04-24 13:16:22.697 683 683 E HWComposer: getPresentFence failed for invalid display -1
04-24 13:16:22.752 683 683 E HWComposer: getLayerReleaseFence: Invalid display
04-24 13:16:22.752 683 683 E HWComposer: getPresentFence failed for invalid display -1
04-24 13:16:22.805 683 683 E HWComposer: getLayerReleaseFence: Invalid display
04-24 13:16:22.805 683 683 E HWComposer: getPresentFence failed for invalid display -1
04-24 13:16:22.842 683 683 E HWComposer: getLayerReleaseFence: Invalid display
04-24 13:16:22.842 683 683 E HWComposer: getPresentFence failed for invalid display -1
04-24 13:16:22.894 683 683 E HWComposer: getLayerReleaseFence: Invalid display
04-24 13:16:22.894 683 683 E HWComposer: getPresentFence failed for invalid display -1
04-24 13:16:22.939 683 683 E HWComposer: getLayerReleaseFence: Invalid display
04-24 13:16:22.939 683 683 E HWComposer: getPresentFence failed for invalid display -1
04-24 13:16:22.975 683 683 E HWComposer: getLayerReleaseFence: Invalid display
04-24 13:16:22.975 683 683 E HWComposer: getPresentFence failed for invalid display -1
04-24 13:16:23.026 683 683 E HWComposer: getLayerReleaseFence: Invalid display
04-24 13:16:23.026 683 683 E HWComposer: getPresentFence failed for invalid display -1
04-24 13:16:23.074 683 683 E HWComposer: getLayerReleaseFence: Invalid display
04-24 13:16:23.074 683 683 E HWComposer: getPresentFence failed for invalid display -1
04-24 13:16:23.117 683 683 E HWComposer: getLayerReleaseFence: Invalid display
04-24 13:16:23.117 683 683 E HWComposer: getPresentFence failed for invalid display -1
04-24 13:16:23.153 683 683 E HWComposer: getLayerReleaseFence: Invalid display
04-24 13:16:23.153 683 683 E HWComposer: getPresentFence failed for invalid display -1
04-24 13:16:23.212 683 683 E HWComposer: getLayerReleaseFence: Invalid display
04-24 13:16:23.212 683 683 E HWComposer: getPresentFence failed for invalid display -1
04-24 13:16:23.266 683 683 E HWComposer: getLayerReleaseFence: Invalid display
04-24 13:16:23.266 683 683 E HWComposer: getPresentFence failed for invalid display -1
04-24 13:16:23.317 683 683 E HWComposer: getLayerReleaseFence: Invalid display
04-24 13:16:23.317 683 683 E HWComposer: getPresentFence failed for invalid display -1
04-24 13:16:23.359 683 683 E HWComposer: getLayerReleaseFence: Invalid display
04-24 13:16:23.359 683 683 E HWComposer: getPresentFence failed for invalid display -1
04-24 13:16:23.420 683 683 E HWComposer: getLayerReleaseFence: Invalid display
04-24 13:16:23.420 683 683 E HWComposer: getPresentFence failed for invalid display -1
04-24 13:16:23.458 683 683 E HWComposer: getLayerReleaseFence: Invalid display
04-24 13:16:23.458 683 683 E HWComposer: getPresentFence failed for invalid display -1
04-24 13:16:23.516 683 683 E HWComposer: getLayerReleaseFence: Invalid display
04-24 13:16:23.516 683 683 E HWComposer: getPresentFence failed for invalid display -1
04-24 13:16:23.555 683 683 E HWComposer: getLayerReleaseFence: Invalid display
04-24 13:16:23.555 683 683 E HWComposer: getPresentFence failed for invalid display -1
04-24 13:16:23.614 683 683 E HWComposer: getLayerReleaseFence: Invalid display
04-24 13:16:23.614 683 683 E HWComposer: getPresentFence failed for invalid display -1
04-24 13:16:23.653 683 683 E HWComposer: getLayerReleaseFence: Invalid display
04-24 13:16:23.653 683 683 E HWComposer: getPresentFence failed for invalid display -1
04-24 13:16:23.711 683 683 E HWComposer: getLayerReleaseFence: Invalid display
04-24 13:16:23.711 683 683 E HWComposer: getPresentFence failed for invalid display -1
04-24 13:16:23.750 683 683 E HWComposer: getLayerReleaseFence: Invalid display
04-24 13:16:23.750 683 683 E HWComposer: getPresentFence failed for invalid display -1
04-24 13:16:23.812 683 683 E HWComposer: getLayerReleaseFence: Invalid display
04-24 13:16:23.812 683 683 E HWComposer: getPresentFence failed for invalid display -1
04-24 13:16:23.849 683 683 E HWComposer: getLayerReleaseFence: Invalid display
04-24 13:16:23.850 683 683 E HWComposer: getPresentFence failed for invalid display -1
04-24 13:16:23.910 683 683 E HWComposer: getLayerReleaseFence: Invalid display
04-24 13:16:23.910 683 683 E HWComposer: getPresentFence failed for invalid display -1
04-24 13:16:23.948 683 683 E HWComposer: getLayerReleaseFence: Invalid display
04-24 13:16:23.948 683 683 E HWComposer: getPresentFence failed for invalid display -1
04-24 13:16:23.959 1176 1176 I TrafficMonitor: update:rxPkts:41,txPkts:19,rxBytes:7564,txBytes:5427
04-24 13:16:23.959 1176 1176 I TrafficMonitor: start expired. level:-1
04-24 13:16:23.959 1176 1176 I TrafficMonitor: gettimer:interval=2000
04-24 13:16:24.008 683 683 E HWComposer: getLayerReleaseFence: Invalid display
04-24 13:16:24.008 683 683 E HWComposer: getPresentFence failed for invalid display -1
04-24 13:16:24.058 683 683 E HWComposer: getLayerReleaseFence: Invalid display
04-24 13:16:24.058 683 683 E HWComposer: getPresentFence failed for invalid display -1
04-24 13:16:24.096 683 683 E HWComposer: getLayerReleaseFence: Invalid display
04-24 13:16:24.096 683 683 E HWComposer: getPresentFence failed for invalid display -1
04-24 13:16:24.156 683 683 E HWComposer: getLayerReleaseFence: Invalid display
04-24 13:16:24.156 683 683 E HWComposer: getPresentFence failed for invalid display -1
04-24 13:16:24.193 683 683 E HWComposer: getLayerReleaseFence: Invalid display
04-24 13:16:24.193 683 683 E HWComposer: getPresentFence failed for invalid display -1
04-24 13:16:24.218 688 688 I aptouch_daemon: filter_touch_detect, down, in: 1, out: 1
04-24 13:16:24.255 683 683 E HWComposer: getLayerReleaseFence: Invalid display
04-24 13:16:24.255 683 683 E HWComposer: getPresentFence failed for invalid display -1
04-24 13:16:24.285 688 688 I aptouch_daemon: filter_touch_detect, all_touch_up
04-24 13:16:24.304 683 683 E HWComposer: getLayerReleaseFence: Invalid display
04-24 13:16:24.304 683 683 E HWComposer: getPresentFence failed for invalid display -1
04-24 13:16:24.345 683 683 E HWComposer: getLayerReleaseFence: Invalid display
04-24 13:16:24.345 683 683 E HWComposer: getPresentFence failed for invalid display -1
04-24 13:16:24.471 683 683 E HWComposer: getLayerReleaseFence: Invalid display
04-24 13:16:24.471 683 683 E HWComposer: getPresentFence failed for invalid display -1
04-24 13:16:24.522 683 683 E HWComposer: getLayerReleaseFence: Invalid display
04-24 13:16:24.522 683 683 E HWComposer: getPresentFence failed for invalid display -1
04-24 13:16:24.594 1176 1176 I MQoS : onSignal: mSubId=1,currDataSubID=1
04-24 13:16:24.594 1176 1176 I MQoS : received cell-signal:5
04-24 13:16:24.594 1176 1204 D SmartcareProc: onSignalStrengthsChanged: signalStrength is: SignalStrength: 99 -1 0 0 -63 -48 32767 -1 32767 99 0 0 0 2147483647 0 -1 true cdma , on sub: 1
04-24 13:16:24.594 1176 1204 D SmartcareProc: SignalStrength update result, ss: SignalStrengthInfo:68043809 mGsmSignalStrength: -1 mWcdmaRscp: -1 mWcdmaEcio: -1 mLteRsrp: -1 mLteRsrq: -1 mCdmaDbm: -63 mCdmaEcio: -48 mEvdoDbm: 32767mEvdoEcio: -1mLteRssnr: -1
04-24 13:16:24.605 683 683 E HWComposer: getLayerReleaseFence: Invalid display
04-24 13:16:24.605 683 683 E HWComposer: getPresentFence failed for invalid display -1
04-24 13:16:24.661 683 683 E HWComposer: getLayerReleaseFence: Invalid display
04-24 13:16:24.661 683 683 E HWComposer: getPresentFence failed for invalid display -1
04-24 13:16:24.697 683 683 E HWComposer: getLayerReleaseFence: Invalid display
04-24 13:16:24.697 683 683 E HWComposer: getPresentFence failed for invalid display -1
04-24 13:16:24.758 683 683 E HWComposer: getLayerReleaseFence: Invalid display
04-24 13:16:24.759 683 683 E HWComposer: getPresentFence failed for invalid display -1
04-24 13:16:24.796 683 683 E HWComposer: getLayerReleaseFence: Invalid display
04-24 13:16:24.796 683 683 E HWComposer: getPresentFence failed for invalid display -1
04-24 13:16:24.854 683 683 E HWComposer: getLayerReleaseFence: Invalid display
04-24 13:16:24.854 683 683 E HWComposer: getPresentFence failed for invalid display -1
04-24 13:16:24.904 683 683 E HWComposer: getLayerReleaseFence: Invalid display
04-24 13:16:24.904 683 683 E HWComposer: getPresentFence failed for invalid display -1
04-24 13:16:24.943 683 683 E HWComposer: getLayerReleaseFence: Invalid display
04-24 13:16:24.943 683 683 E HWComposer: getPresentFence failed for invalid display -1
04-24 13:16:25.000 683 683 E HWComposer: getLayerReleaseFence: Invalid display
04-24 13:16:25.000 683 683 E HWComposer: getPresentFence failed for invalid display -1
04-24 13:16:25.041 683 683 E HWComposer: getLayerReleaseFence: Invalid display
04-24 13:16:25.041 683 683 E HWComposer: getPresentFence failed for invalid display -1
04-24 13:16:25.053 1176 1338 D HwWifiStatStore: handleMessage : 200
04-24 13:16:25.100 683 683 E HWComposer: getLayerReleaseFence: Invalid display
04-24 13:16:25.100 683 683 E HWComposer: getPresentFence failed for invalid display -1
04-24 13:16:25.151 683 683 E HWComposer: getLayerReleaseFence: Invalid display
04-24 13:16:25.151 683 683 E HWComposer: getPresentFence failed for invalid display -1
04-24 13:16:25.209 683 683 E HWComposer: getLayerReleaseFence: Invalid display
04-24 13:16:25.209 683 683 E HWComposer: getPresentFence failed for invalid display -1
04-24 13:16:25.245 679 679 E WifiHAL : enter wifi_get_link_stats
04-24 13:16:25.247 683 683 E HWComposer: getLayerReleaseFence: Invalid display
04-24 13:16:25.247 683 683 E HWComposer: getPresentFence failed for invalid display -1
04-24 13:16:25.250 742 742 E wificond: Failed to get NL80211_RATE_INFO_NOISE
04-24 13:16:25.250 742 742 E wificond: Failed to get NL80211_RATE_INFO_SNR
04-24 13:16:25.250 742 742 E wificond: Failed to get NL80211_STA_INFO_CNAHLOAD
04-24 13:16:25.251 1176 1337 E WificondControl: Noise: 0, Snr: -1, Chload: -1
04-24 13:16:25.251 1176 1339 D HwWifiCHRStateManager: handleMessage : 1001
04-24 13:16:25.251 1176 1339 D HwWifiCHRStateManager: handleUpdateChannel:2412
04-24 13:16:25.251 1176 1339 V HwWifiServiceFactory: get AllImpl object = com.android.server.wifi.HwWifiServiceFactoryImpl@2205edc
04-24 13:16:25.252 1176 1337 D HwCustWifiStateMachineReferenceImpl: checkRssiOverThreshold newRssi = -36
04-24 13:16:25.252 1176 1337 D WifiScoreReport: Score = 100, wifiConnectivityManagerEnabled = false, lowScoreCount = 0
04-24 13:16:25.281 777 777 E : [E/capacity_limit_control] not demo version, not set power control prop!
04-24 13:16:25.310 683 683 E HWComposer: getLayerReleaseFence: Invalid display
04-24 13:16:25.310 683 683 E HWComposer: getPresentFence failed for invalid display -1
04-24 13:16:25.356 741 741 E Thermal-daemon: [ap] temp_new :37 temp_old :36
04-24 13:16:25.357 1729 27267 I ThermalService: Receive temperature change, type: 0, temp: 37 from thermald
04-24 13:16:25.358 741 741 E Thermal-daemon: Report temperature: [ap] temp :37 report_threshold:1
04-24 13:16:25.359 1729 2560 D HwThermalStateManager: Thermal type: 0 cur_temperature:37
04-24 13:16:25.365 683 683 E HWComposer: getLayerReleaseFence: Invalid display
04-24 13:16:25.365 683 683 E HWComposer: getPresentFence failed for invalid display -1
04-24 13:16:25.402 683 683 E HWComposer: getLayerReleaseFence: Invalid display
04-24 13:16:25.402 683 683 E HWComposer: getPresentFence failed for invalid display -1
04-24 13:16:25.473 683 683 E HWComposer: getLayerReleaseFence: Invalid display
04-24 13:16:25.473 683 683 E HWComposer: getPresentFence failed for invalid display -1
04-24 13:16:25.511 683 683 E HWComposer: getLayerReleaseFence: Invalid display
04-24 13:16:25.512 683 683 E HWComposer: getPresentFence failed for invalid display -1
04-24 13:16:25.579 683 683 E HWComposer: getLayerReleaseFence: Invalid display
04-24 13:16:25.579 683 683 E HWComposer: getPresentFence failed for invalid display -1
04-24 13:16:25.637 683 683 E HWComposer: getLayerReleaseFence: Invalid display
04-24 13:16:25.637 683 683 E HWComposer: getPresentFence failed for invalid display -1
04-24 13:16:25.655 688 688 I aptouch_daemon: filter_touch_detect, down, in: 1, out: 1
04-24 13:16:25.676 683 683 E HWComposer: getLayerReleaseFence: Invalid display
04-24 13:16:25.676 683 683 E HWComposer: getPresentFence failed for invalid display -1
04-24 13:16:25.738 688 688 I aptouch_daemon: filter_touch_detect, all_touch_up
04-24 13:16:25.749 683 683 E HWComposer: getLayerReleaseFence: Invalid display
04-24 13:16:25.749 683 683 E HWComposer: getPresentFence failed for invalid display -1
04-24 13:16:25.799 683 683 E HWComposer: getLayerReleaseFence: Invalid display
04-24 13:16:25.799 683 683 E HWComposer: getPresentFence failed for invalid display -1
04-24 13:16:25.849 683 683 E HWComposer: getLayerReleaseFence: Invalid display
04-24 13:16:25.849 683 683 E HWComposer: getPresentFence failed for invalid display -1
04-24 13:16:25.902 683 683 E HWComposer: getLayerReleaseFence: Invalid display
04-24 13:16:25.902 683 683 E HWComposer: getPresentFence failed for invalid display -1
04-24 13:16:25.939 683 683 E HWComposer: getLayerReleaseFence: Invalid display
04-24 13:16:25.939 683 683 E HWComposer: getPresentFence failed for invalid display -1
04-24 13:16:25.960 1176 1176 I TrafficMonitor: update:rxPkts:12,txPkts:3,rxBytes:939,txBytes:452
04-24 13:16:25.960 1176 1176 I TrafficMonitor: start expired. level:-1
04-24 13:16:25.960 1176 1176 I TrafficMonitor: gettimer:interval=2000
04-24 13:16:26.008 683 683 E HWComposer: getLayerReleaseFence: Invalid display
04-24 13:16:26.008 683 683 E HWComposer: getPresentFence failed for invalid display -1
04-24 13:16:26.047 683 683 E HWComposer: getLayerReleaseFence: Invalid display
04-24 13:16:26.047 683 683 E HWComposer: getPresentFence failed for invalid display -1
04-24 13:16:26.116 683 683 E HWComposer: getLayerReleaseFence: Invalid display
04-24 13:16:26.116 683 683 E HWComposer: getPresentFence failed for invalid display -1
04-24 13:16:26.134 1176 1392 D HwArpVerifier: performPollAndLog:
04-24 13:16:26.136 1176 1392 D hw_netstat: total/5396/5931,com.jiansheng.blmn.demo/4716/5821,unknown:0/680/110
04-24 13:16:26.166 683 683 E HWComposer: getLayerReleaseFence: Invalid display
04-24 13:16:26.166 683 683 E HWComposer: getPresentFence failed for invalid display -1
04-24 13:16:26.216 683 683 E HWComposer: getLayerReleaseFence: Invalid display
04-24 13:16:26.216 683 683 E HWComposer: getPresentFence failed for invalid display -1
04-24 13:16:26.256 683 683 E HWComposer: getLayerReleaseFence: Invalid display
04-24 13:16:26.256 683 683 E HWComposer: getPresentFence failed for invalid display -1
04-24 13:16:26.322 683 683 E HWComposer: getLayerReleaseFence: Invalid display
04-24 13:16:26.322 683 683 E HWComposer: getPresentFence failed for invalid display -1
04-24 13:16:26.360 683 683 E HWComposer: getLayerReleaseFence: Invalid display
04-24 13:16:26.361 683 683 E HWComposer: getPresentFence failed for invalid display -1
04-24 13:16:26.418 742 742 E wificond: Failed to get NL80211_RATE_INFO_NOISE
04-24 13:16:26.418 742 742 E wificond: Failed to get NL80211_RATE_INFO_SNR
04-24 13:16:26.418 742 742 E wificond: Failed to get NL80211_STA_INFO_CNAHLOAD
04-24 13:16:26.419 1176 1337 E WificondControl: Noise: 0, Snr: -1, Chload: -1
04-24 13:16:26.419 1176 1339 D HwWifiCHRStateManager: handleMessage : 1001
04-24 13:16:26.419 1176 1339 D HwWifiCHRStateManager: handleUpdateChannel:2412
04-24 13:16:26.419 1176 1339 V HwWifiServiceFactory: get AllImpl object = com.android.server.wifi.HwWifiServiceFactoryImpl@2205edc
04-24 13:16:26.421 742 742 E wificond: Failed to get NL80211_RATE_INFO_NOISE
04-24 13:16:26.421 742 742 E wificond: Failed to get NL80211_RATE_INFO_SNR
04-24 13:16:26.421 742 742 E wificond: Failed to get NL80211_STA_INFO_CNAHLOAD
04-24 13:16:26.423 1176 1406 D HuaweiWifiWatchdogStateMachine: LM mrssi=-37
04-24 13:16:26.423 1176 1406 D HuaweiWifiWatchdogStateMachine: a4:fa:**:**:eb:b0 current loss[-45]=0%, volume=52
04-24 13:16:26.424 1176 1406 D HuaweiWifiWatchdogStateMachine: a4:fa:**:**:eb:b0 history loss[-45]=0%, volume=13826077
04-24 13:16:26.424 1176 1406 I HuaweiWifiWatchdogStateMachine: spd good count:0, add sc:0.0, rate:1.0
04-24 13:16:26.424 1176 1176 D WiFi_PRO: MSG_RETURN_AP_CURRY_RSSI rssi = -37
04-24 13:16:26.425 1176 1176 I QosMonitor: queryRtt: rtt_type = 3
04-24 13:16:26.425 1176 1176 I HwQoEJNI: send_cmd_kernel. begin
04-24 13:16:26.425 1176 1176 I HwQoEJNI: send_cmd_kernel. end
04-24 13:16:26.425 1176 1176 I QosMonitor: postEventFromNative: msg=100,arg1=4,arg2=10
04-24 13:16:26.425 1176 1406 D HuaweiWifiWatchdogStateMachine: high data flow: protection_counter = 0, not_detect_counter = 426
04-24 13:16:26.425 1176 1406 D HuaweiWifiWatchdogStateMachine: high data flow scenario: 0 --> 0 rx bytes =65KB
04-24 13:16:26.425 1176 1406 I HuaweiWifiWatchdogStateMachine: current mHighDataFlowRate = 1.0
04-24 13:16:26.425 1176 1176 D HuaweiWifiWatchdogStateMachine: a4:fa:**:**:eb:b0 current RTT[-45]=240, volume=22
04-24 13:16:26.425 1176 1406 I HuaweiWifiWatchdogStateMachine: POta txb txg rxg:0, 52, 0. Lr =0% Totpkt=52
04-24 13:16:26.426 1176 1176 D HuaweiWifiWatchdogStateMachine: a4:fa:**:**:eb:b0 history RTT[-45]=510, volume=60966
04-24 13:16:26.426 1176 1176 D HuaweiWifiWatchdogStateMachine: setSampleRtt: rtt=240,rtt_pkts =22,rtt_when=0
04-24 13:16:26.426 1176 1176 I QosMonitor: resetRtt: rtt_type = 3
04-24 13:16:26.426 1176 1176 I HwQoEJNI: send_cmd_kernel. begin
04-24 13:16:26.426 1176 1176 I HwQoEJNI: send_cmd_kernel. end
04-24 13:16:26.426 1176 1176 I HwQoEJNI: send_cmd_kernel. begin
04-24 13:16:26.426 1176 1176 I HwQoEJNI: send_cmd_kernel. end
04-24 13:16:26.426 1176 1176 I QosMonitor: postEventFromNative: msg=100,arg1=0,arg2=10
04-24 13:16:26.426 1176 1176 I MQoS : rtt=250,tcp_tx_pkts=481196,tcp_rx_pkts=921635
04-24 13:16:26.429 1176 3109 D HwWifiConnectivityMonitor: ENTER: notifyTopUidTcpInfo, tx = 39, rx = 30, reTx = 0, uid = 10848, tr = 0.0
04-24 13:16:26.429 1176 3109 D HwWifiConnectivityMonitor: ENTER: notifyTopUidTcpInfo, rtt = 480, rttPkts = 20, aveRtt = 24.0, app = com.jiansheng.blmn.demo
04-24 13:16:26.429 1176 1406 D HuaweiWifiWatchdogStateMachine: dumpTcpResult: len=10,rtt=250,rttPkt=21,rttWn=0,cgt=0,cgtWn=0
04-24 13:16:26.429 1176 1406 I HuaweiWifiWatchdogStateMachine: PTcp RTT:250, rtt pkt=21, tcp_rx=33, tcp_tx=41, tcp_reTran=0, rtRate=0
04-24 13:16:26.429 1176 1406 D HuaweiWifiWatchdogStateMachine: isRttGood is good, AvgRtt = 250, TotPkt = 21
04-24 13:16:26.429 1176 1406 D HuaweiWifiWatchdogStateMachine: mRssiBadCount =0, RSSI not bad.
04-24 13:16:26.429 1176 3109 D HwUidTcpMonitor: parseWlanUidTcpStatistics lastUidTcpStatInfo = [ mUid = 10848 mPacketName = com.jiansheng.blmn.demo mSendSegs = 2662 mResendSegs = 0 mRcvSegs = 3054 ]
04-24 13:16:26.429 1176 1406 D HuaweiWifiWatchdogStateMachine: detectNetworkAvailable:hw.wifipro.dns_fail_count = 131
04-24 13:16:26.429 1176 1406 D HuaweiWifiWatchdogStateMachine: detectNetworkAvailable: tcpRxPkts != 0, reset
04-24 13:16:26.429 1176 1406 I HuaweiWifiWatchdogStateMachine: rs ota tcp lr rttvb bad: false, false, false, false, false; rsth:-75
04-24 13:16:26.430 1176 1400 D HwWifiConnectivityMonitor: handleTopUidInternetStatusChanged, uid = 10848, status = 0
04-24 13:16:26.430 1176 1406 D HuaweiWifiWatchdogStateMachine: GSC:0, GSR:1.0, RSR:1.0, RTH:-75
04-24 13:16:26.430 1176 1406 D HuaweiWifiWatchdogStateMachine: goodperiod count=1, rb rttg sg =false, true, false
04-24 13:16:26.430 1176 1406 D HuaweiWifiWatchdogStateMachine: bqeLevel = 3 rtt=250,rtt_pkts=21 speed=1912 rssi=-37
04-24 13:16:26.430 1176 1406 D HuaweiWifiWatchdogStateMachine: Enter updateQoeLevel level = 3
04-24 13:16:26.430 1176 1406 D HuaweiWifiWatchdogStateMachine: updateQoeLevel current level equal to mLastDetectLevel, return
04-24 13:16:26.430 1176 1406 I HuaweiWifiWatchdogStateMachine: pkt chk not bad, reset sc to 0.
04-24 13:16:26.430 1176 1406 D HuaweiWifiWatchdogStateMachine: ### mPktChkBadCnt=0
04-24 13:16:26.431 683 683 E HWComposer: getLayerReleaseFence: Invalid display
04-24 13:16:26.431 683 683 E HWComposer: getPresentFence failed for invalid display -1
04-24 13:16:26.435 1176 3515 I MQoS : QOS_level:0(0),wifi-link;SIM error;use level-0
04-24 13:16:26.482 683 683 E HWComposer: getLayerReleaseFence: Invalid display
04-24 13:16:26.482 683 683 E HWComposer: getPresentFence failed for invalid display -1
04-24 13:16:26.520 683 683 E HWComposer: getLayerReleaseFence: Invalid display
04-24 13:16:26.520 683 683 E HWComposer: getPresentFence failed for invalid display -1
04-24 13:16:26.586 683 683 E HWComposer: getLayerReleaseFence: Invalid display
04-24 13:16:26.586 683 683 E HWComposer: getPresentFence failed for invalid display -1
04-24 13:16:26.624 683 683 E HWComposer: getLayerReleaseFence: Invalid display
04-24 13:16:26.624 683 683 E HWComposer: getPresentFence failed for invalid display -1
04-24 13:16:26.692 683 683 E HWComposer: getLayerReleaseFence: Invalid display
04-24 13:16:26.692 683 683 E HWComposer: getPresentFence failed for invalid display -1
04-24 13:16:26.731 683 683 E HWComposer: getLayerReleaseFence: Invalid display
04-24 13:16:26.731 683 683 E HWComposer: getPresentFence failed for invalid display -1
04-24 13:16:26.797 683 683 E HWComposer: getLayerReleaseFence: Invalid display
04-24 13:16:26.797 683 683 E HWComposer: getPresentFence failed for invalid display -1
04-24 13:16:26.836 683 683 E HWComposer: getLayerReleaseFence: Invalid display
04-24 13:16:26.836 683 683 E HWComposer: getPresentFence failed for invalid display -1
04-24 13:16:26.903 683 683 E HWComposer: getLayerReleaseFence: Invalid display
04-24 13:16:26.903 683 683 E HWComposer: getPresentFence failed for invalid display -1
04-24 13:16:26.941 683 683 E HWComposer: getLayerReleaseFence: Invalid display
04-24 13:16:26.941 683 683 E HWComposer: getPresentFence failed for invalid display -1
04-24 13:16:26.958 1176 1176 I TrafficMonitor: expired arrive. level:-1
04-24 13:16:26.958 1176 1176 I TrafficMonitor: during_ms:2002,period_ms:2000
04-24 13:16:26.958 1176 1176 I TrafficMonitor: count:330,rx_sum:12,tx_sum:3,rxBytes:939,during_ms:2002,rx_speed:469.03096903096906,tx_speed:225.7742257742258,rto:4.0
04-24 13:16:26.958 1176 1176 D HuaweiWifiWatchdogStateMachine: speed: rxpkt:12, rxSpd:469B/s, txpkt:3, txSpd:225
04-24 13:16:27.009 683 683 E HWComposer: getLayerReleaseFence: Invalid display
04-24 13:16:27.009 683 683 E HWComposer: getPresentFence failed for invalid display -1
04-24 13:16:27.047 683 683 E HWComposer: getLayerReleaseFence: Invalid display
04-24 13:16:27.047 683 683 E HWComposer: getPresentFence failed for invalid display -1
04-24 13:16:27.116 683 683 E HWComposer: getLayerReleaseFence: Invalid display
04-24 13:16:27.116 683 683 E HWComposer: getPresentFence failed for invalid display -1
04-24 13:16:27.155 683 683 E HWComposer: getLayerReleaseFence: Invalid display
04-24 13:16:27.155 683 683 E HWComposer: getPresentFence failed for invalid display -1
04-24 13:16:27.222 683 683 E HWComposer: getLayerReleaseFence: Invalid display
04-24 13:16:27.222 683 683 E HWComposer: getPresentFence failed for invalid display -1
04-24 13:16:27.260 683 683 E HWComposer: getLayerReleaseFence: Invalid display
04-24 13:16:27.260 683 683 E HWComposer: getPresentFence failed for invalid display -1
04-24 13:16:27.330 683 683 E HWComposer: getLayerReleaseFence: Invalid display
04-24 13:16:27.330 683 683 E HWComposer: getPresentFence failed for invalid display -1
04-24 13:16:27.389 683 683 E HWComposer: getLayerReleaseFence: Invalid display
04-24 13:16:27.390 683 683 E HWComposer: getPresentFence failed for invalid display -1
04-24 13:16:27.455 683 683 E HWComposer: getLayerReleaseFence: Invalid display
04-24 13:16:27.456 683 683 E HWComposer: getPresentFence failed for invalid display -1
04-24 13:16:27.492 683 683 E HWComposer: getLayerReleaseFence: Invalid display
04-24 13:16:27.492 683 683 E HWComposer: getPresentFence failed for invalid display -1
04-24 13:16:27.541 683 683 E HWComposer: getLayerReleaseFence: Invalid display
04-24 13:16:27.542 683 683 E HWComposer: getPresentFence failed for invalid display -1
04-24 13:16:27.610 683 683 E HWComposer: getLayerReleaseFence: Invalid display
04-24 13:16:27.610 683 683 E HWComposer: getPresentFence failed for invalid display -1
04-24 13:16:27.668 683 683 E HWComposer: getLayerReleaseFence: Invalid display
04-24 13:16:27.668 683 683 E HWComposer: getPresentFence failed for invalid display -1
04-24 13:16:27.705 683 683 E HWComposer: getLayerReleaseFence: Invalid display
04-24 13:16:27.705 683 683 E HWComposer: getPresentFence failed for invalid display -1
04-24 13:16:27.769 683 683 E HWComposer: getLayerReleaseFence: Invalid display
04-24 13:16:27.769 683 683 E HWComposer: getPresentFence failed for invalid display -1
04-24 13:16:27.807 683 683 E HWComposer: getLayerReleaseFence: Invalid display
04-24 13:16:27.807 683 683 E HWComposer: getPresentFence failed for invalid display -1
04-24 13:16:27.875 683 683 E HWComposer: getLayerReleaseFence: Invalid display
04-24 13:16:27.875 683 683 E HWComposer: getPresentFence failed for invalid display -1
04-24 13:16:27.914 683 683 E HWComposer: getLayerReleaseFence: Invalid display
04-24 13:16:27.914 683 683 E HWComposer: getPresentFence failed for invalid display -1
04-24 13:16:27.962 1176 1176 I TrafficMonitor: update:rxPkts:11,txPkts:3,rxBytes:1047,txBytes:428
04-24 13:16:27.962 1176 1176 I TrafficMonitor: start expired. level:-1
04-24 13:16:27.962 1176 1176 I TrafficMonitor: gettimer:interval=2000
04-24 13:16:27.982 683 683 E HWComposer: getLayerReleaseFence: Invalid display
04-24 13:16:27.982 683 683 E HWComposer: getPresentFence failed for invalid display -1
04-24 13:16:28.020 683 683 E HWComposer: getLayerReleaseFence: Invalid display
04-24 13:16:28.020 683 683 E HWComposer: getPresentFence failed for invalid display -1
04-24 13:16:28.056 1176 1338 D HwWifiStatStore: handleMessage : 200
04-24 13:16:28.086 683 683 E HWComposer: getLayerReleaseFence: Invalid display
04-24 13:16:28.086 683 683 E HWComposer: getPresentFence failed for invalid display -1
04-24 13:16:28.125 683 683 E HWComposer: getLayerReleaseFence: Invalid display
04-24 13:16:28.125 683 683 E HWComposer: getPresentFence failed for invalid display -1
04-24 13:16:28.193 683 683 E HWComposer: getLayerReleaseFence: Invalid display
04-24 13:16:28.193 683 683 E HWComposer: getPresentFence failed for invalid display -1
04-24 13:16:28.247 683 683 E HWComposer: getLayerReleaseFence: Invalid display
04-24 13:16:28.247 683 683 E HWComposer: getPresentFence failed for invalid display -1
04-24 13:16:28.254 679 679 E WifiHAL : enter wifi_get_link_stats
04-24 13:16:28.258 742 742 E wificond: Failed to get NL80211_RATE_INFO_NOISE
04-24 13:16:28.258 742 742 E wificond: Failed to get NL80211_RATE_INFO_SNR
04-24 13:16:28.258 742 742 E wificond: Failed to get NL80211_STA_INFO_CNAHLOAD
04-24 13:16:28.259 1176 1337 E WificondControl: Noise: 0, Snr: -1, Chload: -1
04-24 13:16:28.259 1176 1339 D HwWifiCHRStateManager: handleMessage : 1001
04-24 13:16:28.259 1176 1339 D HwWifiCHRStateManager: handleUpdateChannel:2412
04-24 13:16:28.259 1176 1339 V HwWifiServiceFactory: get AllImpl object = com.android.server.wifi.HwWifiServiceFactoryImpl@2205edc
04-24 13:16:28.261 1176 1337 D HwCustWifiStateMachineReferenceImpl: checkRssiOverThreshold newRssi = -37
04-24 13:16:28.262 1176 1337 D WifiScoreReport: Score = 100, wifiConnectivityManagerEnabled = false, lowScoreCount = 0
04-24 13:16:28.287 683 683 E HWComposer: getLayerReleaseFence: Invalid display
04-24 13:16:28.287 683 683 E HWComposer: getPresentFence failed for invalid display -1
04-24 13:16:28.355 683 683 E HWComposer: getLayerReleaseFence: Invalid display
04-24 13:16:28.355 683 683 E HWComposer: getPresentFence failed for invalid display -1
04-24 13:16:28.394 683 683 E HWComposer: getLayerReleaseFence: Invalid display
04-24 13:16:28.394 683 683 E HWComposer: getPresentFence failed for invalid display -1
04-24 13:16:28.460 683 683 E HWComposer: getLayerReleaseFence: Invalid display
04-24 13:16:28.460 683 683 E HWComposer: getPresentFence failed for invalid display -1
04-24 13:16:28.499 683 683 E HWComposer: getLayerReleaseFence: Invalid display
04-24 13:16:28.499 683 683 E HWComposer: getPresentFence failed for invalid display -1
04-24 13:16:28.565 683 683 E HWComposer: getLayerReleaseFence: Invalid display
04-24 13:16:28.565 683 683 E HWComposer: getPresentFence failed for invalid display -1
04-24 13:16:28.604 683 683 E HWComposer: getLayerReleaseFence: Invalid display
04-24 13:16:28.604 683 683 E HWComposer: getPresentFence failed for invalid display -1
04-24 13:16:28.667 683 683 E HWComposer: getLayerReleaseFence: Invalid display
04-24 13:16:28.667 683 683 E HWComposer: getPresentFence failed for invalid display -1
04-24 13:16:28.704 683 683 E HWComposer: getLayerReleaseFence: Invalid display
04-24 13:16:28.704 683 683 E HWComposer: getPresentFence failed for invalid display -1
04-24 13:16:28.771 683 683 E HWComposer: getLayerReleaseFence: Invalid display
04-24 13:16:28.771 683 683 E HWComposer: getPresentFence failed for invalid display -1
04-24 13:16:28.811 683 683 E HWComposer: getLayerReleaseFence: Invalid display
04-24 13:16:28.811 683 683 E HWComposer: getPresentFence failed for invalid display -1
04-24 13:16:28.877 683 683 E HWComposer: getLayerReleaseFence: Invalid display
04-24 13:16:28.877 683 683 E HWComposer: getPresentFence failed for invalid display -1
04-24 13:16:28.930 683 683 E HWComposer: getLayerReleaseFence: Invalid display
04-24 13:16:28.930 683 683 E HWComposer: getPresentFence failed for invalid display -1
04-24 13:16:28.968 683 683 E HWComposer: getLayerReleaseFence: Invalid display
04-24 13:16:28.968 683 683 E HWComposer: getPresentFence failed for invalid display -1
04-24 13:16:29.035 683 683 E HWComposer: getLayerReleaseFence: Invalid display
04-24 13:16:29.035 683 683 E HWComposer: getPresentFence failed for invalid display -1
04-24 13:16:29.074 683 683 E HWComposer: getLayerReleaseFence: Invalid display
04-24 13:16:29.074 683 683 E HWComposer: getPresentFence failed for invalid display -1
04-24 13:16:29.140 683 683 E HWComposer: getLayerReleaseFence: Invalid display
04-24 13:16:29.141 683 683 E HWComposer: getPresentFence failed for invalid display -1
04-24 13:16:29.179 683 683 E HWComposer: getLayerReleaseFence: Invalid display
04-24 13:16:29.179 683 683 E HWComposer: getPresentFence failed for invalid display -1
04-24 13:16:29.246 683 683 E HWComposer: getLayerReleaseFence: Invalid display
04-24 13:16:29.246 683 683 E HWComposer: getPresentFence failed for invalid display -1
04-24 13:16:29.284 683 683 E HWComposer: getLayerReleaseFence: Invalid display
04-24 13:16:29.284 683 683 E HWComposer: getPresentFence failed for invalid display -1
04-24 13:16:29.353 683 683 E HWComposer: getLayerReleaseFence: Invalid display
04-24 13:16:29.353 683 683 E HWComposer: getPresentFence failed for invalid display -1
04-24 13:16:29.392 683 683 E HWComposer: getLayerReleaseFence: Invalid display
04-24 13:16:29.392 683 683 E HWComposer: getPresentFence failed for invalid display -1
04-24 13:16:29.458 683 683 E HWComposer: getLayerReleaseFence: Invalid display
04-24 13:16:29.459 683 683 E HWComposer: getPresentFence failed for invalid display -1
04-24 13:16:29.517 683 683 E HWComposer: getLayerReleaseFence: Invalid display
04-24 13:16:29.517 683 683 E HWComposer: getPresentFence failed for invalid display -1
04-24 13:16:29.555 683 683 E HWComposer: getLayerReleaseFence: Invalid display
04-24 13:16:29.555 683 683 E HWComposer: getPresentFence failed for invalid display -1
04-24 13:16:29.619 683 683 E HWComposer: getLayerReleaseFence: Invalid display
04-24 13:16:29.619 683 683 E HWComposer: getPresentFence failed for invalid display -1
