04-24 13:14:55.136 3756 3777 I Step_LSC: 80001355|onExtend:1587702787000 0 0 5
04-24 13:14:55.136 3756 3777 I Step_LSC: 80001355|onExtend:1587702847000 0 0 5
04-24 13:14:55.136 3756 3777 I Step_LSC: 80001355|onExtend:1587702907000 0 0 5
04-24 13:14:55.136 3756 3777 I Step_LSC: 80001355|onExtend:1587702967000 0 0 5
04-24 13:14:55.136 3756 3777 I Step_LSC: 80001355|onExtend:1587703027000 0 0 5
04-24 13:14:55.136 3756 3777 I Step_LSC: 80001355|onExtend:1587703087000 0 0 5
04-24 13:14:55.136 3756 3777 I Step_LSC: 80001355|onExtend:1587703147000 0 0 5
04-24 13:14:55.136 3756 3777 I Step_LSC: 80001355|onExtend:1587703207000 0 0 5
04-24 13:14:55.136 3756 3777 I Step_LSC: 80001355|onExtend:1587703267000 0 0 5
04-24 13:14:55.136 3756 3777 I Step_LSC: 80001355|onExtend:1587703327000 0 0 5
04-24 13:14:55.136 3756 3777 I Step_LSC: 80001355|onExtend:1587703387000 0 0 5
04-24 13:14:55.136 3756 3777 I Step_LSC: 80001355|onExtend:1587703447000 0 0 5
04-24 13:14:55.136 3756 3777 I Step_LSC: 80001355|onExtend:1587703507000 0 0 5
04-24 13:14:55.136 3756 3777 I Step_LSC: 80001355|onExtend:1587703567000 0 0 5
04-24 13:14:55.136 3756 3777 I Step_LSC: 80001355|onExtend:1587703627000 0 0 5
04-24 13:14:55.136 3756 3777 I Step_LSC: 80001355|onExtend:1587703687000 0 0 5
04-24 13:14:55.136 3756 3777 I Step_LSC: 80001355|onExtend:1587703747000 0 0 5
04-24 13:14:55.136 3756 3777 I Step_LSC: 80001355|onExtend:1587703807000 0 0 5
04-24 13:14:55.136 3756 3777 I Step_LSC: 80001355|onExtend:1587703867000 0 0 5
04-24 13:14:55.137 3756 3777 I Step_LSC: 80001355|onExtend:1587703927000 0 0 5
04-24 13:14:55.137 3756 3777 I Step_LSC: 80001355|onExtend:1587703987000 0 0 5
04-24 13:14:55.137 3756 3777 I Step_LSC: 80001355|onExtend:1587704047000 0 0 5
04-24 13:14:55.137 3756 3777 I Step_LSC: 80001355|onExtend:1587704107000 0 0 5
04-24 13:14:55.137 3756 3777 I Step_LSC: 80001355|onExtend:1587704167000 0 0 5
04-24 13:14:55.137 3756 3777 I Step_LSC: 80001355|onExtend:1587704227000 0 0 5
04-24 13:14:55.137 3756 3777 I Step_LSC: 80001355|onExtend:1587704287000 0 0 5
04-24 13:14:55.137 3756 3777 I Step_LSC: 80001355|onExtend:1587704347000 0 0 5
04-24 13:14:55.137 3756 3777 I Step_LSC: 80001355|onExtend:1587704407000 0 0 5
04-24 13:14:55.137 3756 3777 I Step_LSC: 80001355|onExtend:1587704467000 0 0 5
04-24 13:14:55.137 3756 3777 I Step_LSC: 80001355|onExtend:1587704527000 0 0 5
04-24 13:14:55.137 3756 3777 I Step_LSC: 80001355|onExtend:1587704587000 0 0 5
04-24 13:14:55.137 3756 3777 I Step_LSC: 80001355|onExtend:1587704647000 0 0 5
04-24 13:14:55.137 3756 3777 I Step_LSC: 80001355|onExtend:1587704707000 0 0 5
04-24 13:14:55.137 3756 3777 I Step_LSC: 80001355|onExtend:1587704767000 0 0 5
04-24 13:14:55.137 3756 3777 I Step_LSC: 80001355|onExtend:1587704827000 0 0 5
04-24 13:14:55.137 3756 3777 I Step_LSC: 80001355|onExtend:1587704887000 0 0 5
04-24 13:14:55.137 3756 3777 I Step_LSC: 80001355|onExtend:1587704947000 0 0 5
04-24 13:14:55.137 3756 3777 I Step_LSC: 80001355|onExtend:1587705007000 0 0 5
04-24 13:14:55.137 3756 3777 I Step_LSC: 80001355|onExtend:1587705067000 0 0 5
04-24 13:14:55.137 3756 3777 I Step_LSC: 80001355|onExtend:1587705127000 0 0 5
04-24 13:14:55.137 3756 3777 I Step_LSC: 80001355|onExtend:1587705187000 0 0 5
04-24 13:14:55.137 3756 3777 I Step_LSC: 80001355|onExtend:1587705247000 0 0 0
04-24 13:14:55.178 5232 5249 W zygote : Checksum mismatch for dex BaiduInput_for_Huawei.apk
04-24 13:14:55.178 5232 5249 W zygote : Checksum mismatch for dex BaiduInput_for_Huawei.apk
04-24 13:14:55.232 688 843 I aptouch_daemon: filter_set_filter_status, lcd on, notify aft algo.
04-24 13:14:55.360 5232 5232 I wangchen: com.baidu.input.manager.k apply, has in db mode - false, is db mode - false
04-24 13:14:55.424 3756 3806 I Step_SPUtils: 80001355| getTodayTotalDetailSteps = 1587657600000##0##0##0##0##354883180
04-24 13:14:55.442 1428 1428 D wpa_supplicant: nl80211: Event message available
04-24 13:14:55.442 1428 1428 D wpa_supplicant: nl80211: Drv Event 34 (NL80211_CMD_NEW_SCAN_RESULTS) received for wlan0
04-24 13:14:55.442 1428 1428 D wpa_supplicant: wlan0: nl80211: New scan results available
04-24 13:14:55.442 1428 1428 D wpa_supplicant: nl80211: Scan probed for SSID ''
04-24 13:14:55.442 1428 1428 D wpa_supplicant: nl80211: Scan included frequencies: 2412 2417 2422 2427 2432 2437 2442 2447 2452 2457 2462 2467 2472
04-24 13:14:55.442 1428 1428 D wpa_supplicant: wlan0: Event SCAN_RESULTS (3) received
04-24 13:14:55.442 1176 5848 D WificondControl: Scan result ready event
04-24 13:14:55.442 1428 1428 D wpa_supplicant: nl80211: Received scan results (20 BSSes)
04-24 13:14:55.442 1428 1428 D wpa_supplicant: nl80211: Scan results indicate BSS status with a4:**:**:**:eb:b0 as associated
04-24 13:14:55.442 1428 1428 D wpa_supplicant: wlan0: BSS: Start scan result update 53
04-24 13:14:55.443 1428 1428 D wpa_supplicant: BSS: last_scan_res_used=20/32
04-24 13:14:55.443 1428 1428 D wpa_supplicant: wlan0: New scan results available (own=0 ext=1)
04-24 13:14:55.443 1428 1428 D wpa_supplicant: wlan0: Do not use results from externally requested scan operation for network selection
04-24 13:14:55.443 1428 1428 D wpa_supplicant: p2p0: Updating scan results from sibling
04-24 13:14:55.443 1428 1428 D wpa_supplicant: nl80211: Received scan results (20 BSSes)
04-24 13:14:55.444 1428 1428 D wpa_supplicant: p2p0: BSS: Start scan result update 52
04-24 13:14:55.444 487 621 W SocketListener: sending broadcast to Pid = 1176, Uid = 1000
04-24 13:14:55.445 1176 1332 D NetdConnector: RCV <- {600 Iface linkstate wlan0 up}
04-24 13:14:55.446 1428 1428 D wpa_supplicant: BSS: last_scan_res_used=20/32
04-24 13:14:55.446 1428 1428 D wpa_supplicant: p2p0: New scan results available (own=0 ext=1)
04-24 13:14:55.447 1428 1428 D wpa_supplicant: p2p0: Do not use results from externally requested scan operation for network selection
04-24 13:14:55.446 1176 1332 D NetdConnector: RCV <- {600 Iface linkstate wlan0 up}
04-24 13:14:55.447 1176 1202 D NetdConnector: RCV unsolicited event from native daemon, event = 600
04-24 13:14:55.447 1176 1337 D WificondControl: get results:Add: +ap-93 +Minjie_Office_2.4G +ChinaNet-hccw +ChinaNet-iRII
04-24 13:14:55.448 1176 1337 D WifiStateMachine: ******send sendScanResultsAvailableBroadcast*****
04-24 13:14:55.448 1176 1339 D HwWifiCHRStateManager: handleMessage : 1005
04-24 13:14:55.449 1176 1339 D HwWifiStatStore: not need to check scan results
04-24 13:14:55.454 1176 1347 D WifiScanningService: shouldSendScanResultsBroadcast:true. Band is WIFI_BAND_BOTH_WITH_DFS
04-24 13:14:55.456 1176 1404 E hwintelligencewifi: DefaultState message.what = 7
04-24 13:14:55.458 1176 1337 D WifiScanLog: listener key = 1, mCurrentScanKeys Key#52:, msg:159749
04-24 13:14:55.464 1176 1176 D WiFi_PRO_WifiProStateMachine: isAppinWhitelists, currAppName 11 = android.uid.system:1000
04-24 13:14:55.465 5835 5835 D ConnectSwitchReceiver: onReceive() begin
04-24 13:14:55.465 5835 5835 D ConnectSwitchReceiver: is not CMCC
04-24 13:14:55.466 1176 5848 V BroadcastQueue: Finished with ordered broadcast BroadcastRecord{a9bacb0 u-1 android.net.wifi.SCAN_RESULTS}
04-24 13:14:55.494 1729 2056 I ScalingFreqAdapterUniPerf: ===success setFreq: lcpumin:1->480000
04-24 13:14:55.495 669 765 I uniperf server: setConfig clientId=1, tagLen=1, tags[0]=1, configs[0]=480000
04-24 13:14:55.869 1176 1176 I TrafficMonitor: update:rxPkts:23,txPkts:20,rxBytes:6114,txBytes:1673
04-24 13:14:55.869 1176 1176 I TrafficMonitor: start expired. level:-1
04-24 13:14:55.869 1176 1176 I TrafficMonitor: gettimer:interval=2000
04-24 13:14:55.941 688 688 I aptouch_daemon: filter_touch_detect, down, in: 1, out: 1
04-24 13:14:55.990 688 688 I aptouch_daemon: filter_touch_detect, all_touch_up
04-24 13:14:55.994 1770 1770 V AudioManager: playSoundEffect effectType: 0
04-24 13:14:55.997 1176 6416 I ActivityManager: START u0 {act=android.intent.action.MAIN cat=[android.intent.category.LAUNCHER] flg=0x10200000 cmp=com.jiansheng.blmn.demo/com.jiansheng.blmn.MainActivity bnds=[645,921][856,1200]} from uid 10061
04-24 13:14:55.999 675 973 I PF_CM : [setMode:2383] normal mode = 8
04-24 13:14:55.999 675 973 I PF_IPA : [writeToNode:482] ############ [IPA] final write: soc_ipa=disabled
04-24 13:14:56.000 1176 6416 I ActivityManager: ActivityRecord info: ActivityInfo{3065729 com.jiansheng.blmn.MainActivity}
04-24 13:14:56.000 1729 2056 I ash : front pkg : com.jiansheng.blmn.demo launcher: false
04-24 13:14:56.000 1729 2056 I ash : above launcher front pkgs: [com.jiansheng.blmn.demo]
04-24 13:14:56.001 1729 2056 I ScalingFreqAdapterUniPerf: ===success setFreq: lcpumax:2->1709000
04-24 13:14:56.001 669 765 I uniperf server: setConfig clientId=1, tagLen=1, tags[0]=2, configs[0]=1709000
04-24 13:14:56.001 1729 2056 I ScalingFreqAdapterUniPerf: ===success setFreq: lcpumin:1->1709000
04-24 13:14:56.001 1729 2056 I ScalingFreqAdapterUniPerf: ===success setFreq: gpumin:7->680000000
04-24 13:14:56.001 669 765 I uniperf server: setConfig clientId=1, tagLen=1, tags[0]=1, configs[0]=1709000
04-24 13:14:56.001 669 765 I uniperf server: setConfig clientId=1, tagLen=1, tags[0]=7, configs[0]=680000000
04-24 13:14:56.001 1729 2056 I ScalingFreqAdapterUniPerf: ===success setFreq: bcpumax:5->2362000
04-24 13:14:56.001 669 765 I uniperf server: setConfig clientId=1, tagLen=1, tags[0]=5, configs[0]=2362000
04-24 13:14:56.001 1729 2056 I ScalingFreqAdapterUniPerf: ===success setFreq: bcpumin:4->2362000
04-24 13:14:56.002 669 765 I uniperf server: setConfig clientId=1, tagLen=1, tags[0]=4, configs[0]=2362000
04-24 13:14:56.022 1176 6416 V WindowManager: addAppToken: AppWindowToken{279e3ba token=Token{8043ce5 ActivityRecord{186e3dc u0 com.jiansheng.blmn.demo/com.jiansheng.blmn.MainActivity t320}}} controller={TaskWindowContainerController taskId=320} at 2147483647
04-24 13:14:56.030 1770 8852 D MotionDetectionManager: stopMotionAppsReco motionApps: 403
04-24 13:14:56.030 1770 8852 D MotionDetectionManager: stopMotionAppsReco not recognition motionApps 403
04-24 13:14:56.030 1770 8852 W HwLauncher: Launcher.MotionManager stopMotionAppsReco service flg 403 is unavailable
04-24 13:14:56.032 1176 5848 V ActivityManager: startProcess: name=com.jiansheng.blmn.demo app=null knownToBeDead=true thread=null pid=-1
04-24 13:14:56.036 1176 1282 D HwCust : Create obj success use class android.app.HwCustHwWallpaperManagerImpl
04-24 13:14:56.040 1176 1282 D CubicBezierInterpolator: CubicBezierInterpolator mControlPoint1x = 0.23, mControlPoint1y = 0.06, mControlPoint2x = 0.09, mControlPoint2y = 0.97
04-24 13:14:56.040 1176 1282 D CubicBezierInterpolator: CubicBezierInterpolator mControlPoint1x = 0.6, mControlPoint1y = 0.9, mControlPoint2x = 0.8, mControlPoint2y = 1.0
04-24 13:14:56.041 1176 1282 D CubicBezierInterpolator: CubicBezierInterpolator mControlPoint1x = 0.23, mControlPoint1y = 0.06, mControlPoint2x = 0.09, mControlPoint2y = 0.97
04-24 13:14:56.041 1176 1282 D CubicBezierInterpolator: CubicBezierInterpolator mControlPoint1x = 0.6, mControlPoint1y = 0.9, mControlPoint2x = 0.8, mControlPoint2y = 1.0
04-24 13:14:56.044 1176 5848 I ActivityManager: Start proc 8853:com.jiansheng.blmn.demo/u0a848 for activity com.jiansheng.blmn.demo/com.jiansheng.blmn.MainActivity
04-24 13:14:56.046 1176 5848 V WindowManager: No longer Stopped: AppWindowToken{279e3ba token=Token{8043ce5 ActivityRecord{186e3dc u0 com.jiansheng.blmn.demo/com.jiansheng.blmn.MainActivity t320}}}
04-24 13:14:56.046 1176 5848 V ActivityManager: startProcess: name=com.jiansheng.blmn.demo app=ProcessRecord{d24d26b 8853:com.jiansheng.blmn.demo/u0a848} knownToBeDead=true thread=null pid=8853
04-24 13:14:56.046 8853 8853 I : power log dlsym ok
04-24 13:14:56.051 8853 8853 I zygote : Late-enabling -Xcheck:jni
04-24 13:14:56.062 1176 1282 E View : focusableViewAvailable: current thread is android.anim, return!
04-24 13:14:56.074 8853 8853 I zygote : Reinit property: dalvik.vm.checkjni= false
04-24 13:14:56.076 1176 1282 V WindowManager: Adding Window{7a522f u0 Splash Screen com.jiansheng.blmn.demo} to AppWindowToken{279e3ba token=Token{8043ce5 ActivityRecord{186e3dc u0 com.jiansheng.blmn.demo/com.jiansheng.blmn.MainActivity t320}}}
04-24 13:14:56.076 1176 1282 V WindowManager: addWindow: New client android.view.ViewRootImpl$W@c22380e: window=Window{7a522f u0 Splash Screen com.jiansheng.blmn.demo} Callers=com.android.server.wm.HwWindowManagerService.addWindow:585 com.android.server.wm.Session.addToDisplay:199 android.view.ViewRootImpl.setView:845 android.view.WindowManagerGlobal.addView:372 android.view.WindowManagerImpl.addView:128
04-24 13:14:56.077 1176 1282 I WindowManager: rotationForOrientationLw(orient=-1, last=0); user=0 USER_ROTATION_LOCKED
04-24 13:14:56.077 1176 1282 D HwPhoneWindowManager: face_rotation: not enabled,use sensor real
04-24 13:14:56.077 1176 1282 D HwPhoneWindowManager: face_rotation:real sensor rotation = -1
04-24 13:14:56.077 1176 1282 D HwPhoneWindowManager: face_rotation: rotation = 0
04-24 13:14:56.077 1176 1282 I WindowManager: Selected orientation -1, got rotation 0 which has compatible metrics
04-24 13:14:56.089 8853 8853 D ActivityThread: ActivityThread,attachApplication
04-24 13:14:56.090 1176 1490 D ActivityManager: ActivityManagerService,attachApplication,callingPid = 8853
04-24 13:14:56.091 1176 1282 I PressGestureDetector: onAttached begin
04-24 13:14:56.091 1176 1282 I PressGestureDetector: onAttached end
04-24 13:14:56.092 1176 1490 V WindowManager: No longer Stopped: AppWindowToken{279e3ba token=Token{8043ce5 ActivityRecord{186e3dc u0 com.jiansheng.blmn.demo/com.jiansheng.blmn.MainActivity t320}}}
04-24 13:14:56.092 1176 8868 I PressGestureDetector: enabledInPad = false,isPcCastMode = false
04-24 13:14:56.097 413 413 W /system/bin/hwservicemanager: Cannot open /odm/manifest_FLA-AL20.xml
04-24 13:14:56.097 413 413 W /system/bin/hwservicemanager: getTransportFromManifest: Cannot find entry vendor.huawei.hardware.hwsched@1.0::ISched in either framework or device manifest, using default transport.
04-24 13:14:56.097 683 683 E BufferQueueProducer: [] Can not get hwsched service
04-24 13:14:56.098 1176 1282 W WindowManager: EGLdebug Created surface WindowStateAnimator{b3611c5 Splash Screen com.jiansheng.blmn.demo}
04-24 13:14:56.104 1176 1323 I InputReader: Reconfiguring input devices. changes=0x00000004
04-24 13:14:56.108 1176 11623 D HwLocationManagerService: on transact ADD_LOCATION_MODE uid is 10848 , expectedmode is 3 , packagename is com.jiansheng.blmn.demo
04-24 13:14:56.109 1176 11623 D HwLocationManagerService: uid is 10848 , isWifiConn is true , isMobileConn is false
04-24 13:14:56.109 1176 11623 I HwNetworkPolicy: onTransact, code = 203
04-24 13:14:56.109 649 649 I GRALLOC : shrFd=10,fmt=0x1,intFmt=0x1,btStrd=4352,size=8880128,pid=649
04-24 13:14:56.109 649 649 I GRALLOC : yuv=2,w=1080,h=2038,Stride u=0 v=0,offset u=0 v=0
04-24 13:14:56.109 649 649 I GRALLOC : iova_size=8880128,conUsg=0x906,proUsg=0x966, strd=1088,[afbc]HdrStrd=0 PyldStrd=0 Scrmbl=0,ionhnd = 1
04-24 13:14:56.109 1176 11623 I HwNetworkPolicyManager: getHwUidPolicy uid = 10848 policy = 0
04-24 13:14:56.109 1176 11623 D HwLocationManagerService: policy is 0 , wifiAccess is true, mobileAccess is true
04-24 13:14:56.109 1176 11623 D HwLocationManagerService: wifiAvaiable is true , mobileAvailable is false
04-24 13:14:56.110 1176 11623 D HwLocationManagerService: addSupervisoryControlProc, mExpectedMode is network,packagename=com.jiansheng.blmn.demo, mSupervisoryPkgList is {com.jiansheng.blmn.demo=network}
04-24 13:14:56.110 1176 11623 D HwLocationManagerService: package has no request send yet
04-24 13:14:56.110 1176 1490 W HwActivityManagerServiceEx: appSwitch from: com.huawei.android.launcher to: com.jiansheng.blmn.demo
04-24 13:14:56.110 1176 1193 W HwActivityManagerServiceEx: HwActivityNotifier end call android.app.IHwActivityNotifier$Stub$Proxy@a8f29ef for appSwitch under user 0 cost 0
04-24 13:14:56.111 1729 1883 D ScenarioService: front pkg : com.jiansheng.blmn.demo launcher: false
04-24 13:14:56.111 1729 1883 D ScenarioService: new above launcher front pkgs: [com.jiansheng.blmn.demo]
04-24 13:14:56.116 1176 1490 V WindowManager: Checking 1 opening apps (frozen=false timeout=false)...
04-24 13:14:56.116 1176 1490 V WindowManager: Check opening app=AppWindowToken{279e3ba token=Token{8043ce5 ActivityRecord{186e3dc u0 com.jiansheng.blmn.demo/com.jiansheng.blmn.MainActivity t320}}}: allDrawn=false startingDisplayed=false startingMoved=false isRelaunching()=false
04-24 13:14:56.117 1729 1883 I AppsUsage: scnOff:false FgAPP:com.jiansheng.blmn.demo BgAPP:com.huawei.android.launcher
04-24 13:14:56.119 1176 1282 D WindowManager: finishDrawingWindow: Window{7a522f u0 Splash Screen com.jiansheng.blmn.demo} mDrawState=DRAW_PENDING
04-24 13:14:56.120 1176 1196 D HwQoEUtils: mForegroundAppPackageName: com.jiansheng.blmn.demo ,score: 0
04-24 13:14:56.121 1176 1196 D HwQoEUtils: onForegroundAppWifiSleepChange: config:false, sleeptime:-1,type: 9, appname:com.jiansheng.blmn.demo
04-24 13:14:56.121 1176 1196 D HwQoEUtils: HwQoEService: setGameKOGMode uid: 0 mode: 6
04-24 13:14:56.121 1176 1196 D HwQoEUtils: hwQoEAdjustSpeed: enable: 6
04-24 13:14:56.121 1176 1196 D WifiNative-wlan0: gameKOGAdjustSpeed entered: 2412 mode: 6
04-24 13:14:56.121 1176 1196 D wifi-jni: android_net_wifi_hwGameKOGAdjustSpeed mode 2412 6
04-24 13:14:56.122 679 679 D WifiHW : chip is hisi
04-24 13:14:56.122 1176 1196 D wifi-jni: android_net_wifi_hwGameKOGAdjustSpeed result WIFI_HAL_RESULT_OK
04-24 13:14:56.122 1176 1196 D HwQoEUtils: APP type: 9 appName= com.jiansheng.blmn.demo
04-24 13:14:56.122 1176 1196 D HwQoEUtils: APP_TYPE_GAME, isKOGInBackGround = false
04-24 13:14:56.123 1176 1196 D HwGameAssistantController: pid=8853, uid=10848, foreground=true
04-24 13:14:56.123 413 413 W /system/bin/hwservicemanager: Cannot open /odm/manifest_FLA-AL20.xml
04-24 13:14:56.123 1176 11623 I HwNetworkPolicy: onTransact, code = 203
04-24 13:14:56.123 1619 2078 I HwNetworkPolicyManager: getHwUidPolicy uid = 10848 policy = 0
04-24 13:14:56.124 1176 1385 D EmcomManagerService: forePackage name is com.jiansheng.blmn.demo
04-24 13:14:56.125 1176 1385 D HicomPolicyManager: foreAppInfo = nullpkgName = com.jiansheng.blmn.demo uid= 10848
04-24 13:14:56.125 1176 1385 E HicomPolicyManager: udp acc is not start yet!
04-24 13:14:56.125 1176 1385 D HicomPolicyManager: speed control is not start
04-24 13:14:56.125 1176 1385 E HicomPolicyManager: Network Evaluation is not start yet!
04-24 13:14:56.125 1176 1385 E HicomPolicyManager: foreground app info is null
04-24 13:14:56.125 1176 1282 V WindowManager: Checking 1 opening apps (frozen=false timeout=false)...
04-24 13:14:56.125 1176 1282 V WindowManager: Check opening app=AppWindowToken{279e3ba token=Token{8043ce5 ActivityRecord{186e3dc u0 com.jiansheng.blmn.demo/com.jiansheng.blmn.MainActivity t320}}}: allDrawn=false startingDisplayed=true startingMoved=false isRelaunching()=false
04-24 13:14:56.126 1729 2133 I PGServer: report state:10010 event type:2 pid:0 uid:0 pkg:com.huawei.android.launcher to pid: 1176
04-24 13:14:56.127 2379 3998 D [HwRecSys]HwRecSysService: onEvent actionID: 10000 msg:com.jiansheng.blmn.demo
04-24 13:14:56.127 2379 3998 E [HwRecSys]HwRecSysService: getIsRportDirectService is false!
04-24 13:14:56.127 1729 2133 I PGServer: report state:10010 event type:2 pid:0 uid:0 pkg:com.huawei.android.launcher to pid: 1729
04-24 13:14:56.127 1729 2133 I SceneReceiver: state type: 10010 eventType:2 pid:0 uid:0 pkg:com.huawei.android.launcher
04-24 13:14:56.127 1729 2133 I PGServer: report state:10000 event type:1 pid:0 uid:0 pkg:com.jiansheng.blmn.demo to pid: 1176
04-24 13:14:56.127 1729 2133 I PGServer: report state:10000 event type:1 pid:0 uid:0 pkg:com.jiansheng.blmn.demo to pid: 1729
04-24 13:14:56.127 1729 2133 I SceneReceiver: state type: 10000 eventType:1 pid:0 uid:0 pkg:com.jiansheng.blmn.demo
04-24 13:14:56.127 1729 2560 D HwThermalStateManager: current foreapp pkg : com.jiansheng.blmn.demo
04-24 13:14:56.128 1729 3409 I PGServer: checkPkgType. calling pkg: com.huawei.android.hwaps
04-24 13:14:56.132 1729 18882 I PGServer: checkPkgType. calling pkg: android
04-24 13:14:56.133 1176 1282 D WindowManager: finishDrawingWindow: Window{7a522f u0 Splash Screen com.jiansheng.blmn.demo} mDrawState=HAS_DRAWN
04-24 13:14:56.135 1729 3409 W libc : Set property "sys.aps.gameProcessName" to ""
04-24 13:14:56.135 1729 18882 I PGServer: checkPkgType. calling pkg: android
04-24 13:14:56.135 1176 5848 I HwAudioService: now type = 301,reportForegroundAppType = 9,systemload = 301
04-24 13:14:56.136 1176 5848 W libc : Set property "sys.iaware.type" to "9"
04-24 13:14:56.137 1729 3409 W libc : Set property "sys.aps.browserProcessName" to ""
04-24 13:14:56.137 1463 1463 D BarTransitions.HwNavigationBarView: MODE_TRANSLUCENT -> MODE_OPAQUE animate=false
04-24 13:14:56.137 1463 1463 D BarTransitions.HwNavigationBarView: applyModeBackground oldMode=MODE_TRANSLUCENT newMode=MODE_OPAQUE animate=false
04-24 13:14:56.138 1176 5848 D HwAudioService: support voip optinization during game mode.
04-24 13:14:56.138 1176 5848 D HwAudioService: game mode turn on.
04-24 13:14:56.138 656 932 E baidu_asr_interface: asr_baidu_set_parameters_data-not baidu asr
04-24 13:14:56.139 656 932 I audio_custom: game mode enter.
04-24 13:14:56.139 656 932 I dsp_soc : set primary algo bypass 1 succ
04-24 13:14:56.142 1729 3409 W libc : Set property "debug.aps.process.name" to "com.jiansheng.blmn.demo"
04-24 13:14:56.143 2711 21372 W libEGL : EGLNativeWindowType 0x73e686b010 disconnect failed
04-24 13:14:56.154 413 413 W /system/bin/hwservicemanager: Cannot open /odm/manifest_FLA-AL20.xml
04-24 13:14:56.155 8853 8870 I HwApiCacheMangerEx: apicache mCurPackageName=com.jiansheng.blmn.demo uptimes=354884313
04-24 13:14:56.156 8853 8853 D HwFLClassLoader: get used feature list :/feature/used-list failed!
04-24 13:14:56.156 8853 8853 D HwFLClassLoader: USE_FEATURE_LIST had not init!
04-24 13:14:56.157 649 649 I GRALLOC : shrFd=10,fmt=0x1,intFmt=0x1,btStrd=256,size=4096,pid=649
04-24 13:14:56.157 649 649 I GRALLOC : yuv=2,w=16,h=16,Stride u=0 v=0,offset u=0 v=0
04-24 13:14:56.157 649 649 I GRALLOC : iova_size=4096,conUsg=0x100,proUsg=0x100, strd=64,[afbc]HdrStrd=0 PyldStrd=0 Scrmbl=0,ionhnd = 1
04-24 13:14:56.157 8853 8870 I HwApiCacheMangerEx: apicache oUid null
04-24 13:14:56.159 8853 8870 I HwApiCacheMangerEx: apicache volumes null
04-24 13:14:56.162 8853 8870 I HwApiCacheMangerEx: apicache path=/storage/emulated/0 state=mounted key=com.jiansheng.blmn.demo#10848#256
04-24 13:14:56.163 8853 8870 I HwApiCacheMangerEx: apicache oUid 10848
04-24 13:14:56.163 8853 8870 I HwApiCacheMangerEx: apicache volumes null
04-24 13:14:56.165 8853 8870 I HwApiCacheMangerEx: apicache path=/storage/emulated/0 state=mounted key=com.jiansheng.blmn.demo#10848#0
04-24 13:14:56.165 8853 8870 I HwApiCacheMangerEx: apicache async read begin packageName=com.jiansheng.blmn.demo userid=0
04-24 13:14:56.165 8853 8870 I HwApiCacheMangerEx: apicache pi null
04-24 13:14:56.165 1770 1937 W libEGL : EGLNativeWindowType 0x73e63b7010 disconnect failed
04-24 13:14:56.167 8853 8870 I HwApiCacheMangerEx: apicache pi null
04-24 13:14:56.169 8853 8870 I HwApiCacheMangerEx: apicache pi null
04-24 13:14:56.170 8853 8870 I HwApiCacheMangerEx: apicache oUid null
04-24 13:14:56.170 8853 8870 I HwApiCacheMangerEx: apicache async read finished packageName=com.jiansheng.blmn.demo userid=0 totalus=5317
04-24 13:14:56.198 8853 8853 I HwApiCacheMangerEx: apicache pi null
04-24 13:14:56.202 8853 8853 E Minikin : Could not get cmap table size!
04-24 13:14:56.205 8853 8870 E MemoryLeakMonitorManager: MemoryLeakMonitor.jar is not exist!
04-24 13:14:56.220 8853 8853 I HwCust : Constructor found for class android.app.HwCustActivityImpl
04-24 13:14:56.220 8853 8853 D HwCust : Create obj success use class android.app.HwCustActivityImpl
04-24 13:14:56.223 8853 8853 V HwPolicyFactory: : success to get AllImpl object and return....
04-24 13:14:56.227 8853 8853 I HwCust : Constructor found for class android.app.HwCustHwWallpaperManagerImpl
04-24 13:14:56.227 8853 8853 D HwCust : Create obj success use class android.app.HwCustHwWallpaperManagerImpl
04-24 13:14:56.234 8853 8853 V HwWidgetFactory: : successes to get AllImpl object and return....
04-24 13:14:56.237 8853 8853 V ActivityThread: ActivityThread,callActivityOnCreate
04-24 13:14:56.252 1176 5848 D HwNetworkManagementService: code == CODE_GET_AD_KEY_LIST
04-24 13:14:56.252 1176 5848 D HwNetworkManagementService: appName = com.jiansheng.blmn.demo is not in the mAdViewMap! reply none
04-24 13:14:56.252 1176 5848 D HwNetworkManagementService: appName = com.jiansheng.blmn.demo is not in the mAdIdMap! reply none
04-24 13:14:56.255 8853 8853 I HwApiCacheMangerEx: apicache pi PackageInfo{d16b3ab com.jiansheng.blmn.demo}
04-24 13:14:56.257 1176 1282 V WindowManager: Exit animation finished in Window{f435c1b u0 com.huawei.android.launcher/com.huawei.android.launcher.unihome.UniHomeLauncher EXITING}: remove=false
04-24 13:14:56.257 1176 1282 V WindowManager: Exit animation finished in Window{419ccce u0 com.huawei.intelligent.Workspace EXITING}: remove=false
04-24 13:14:56.265 1463 1463 D ImageWallpaper: onVisibilityChanged: mVisible, visible=true, false
04-24 13:14:56.266 1463 1463 D ImageWallpaper: Visibility changed to visible=false
04-24 13:14:56.323 8853 8853 D HwGalleryCacheManagerImpl: mIsEffect:false
04-24 13:14:56.330 8853 8853 D HwRTBlurUtils: check blur style for HwPhoneWindow, themeResId : 0x01030119, context : com.jiansheng.blmn.MainActivity@ded81fa, Nhwext : 0, get Blur : disable with , null
04-24 13:14:56.332 8853 8853 D HwRTBlurUtils: check blur style for HwPhoneWindow, themeResId : 0x01030119, context : com.jiansheng.blmn.MainActivity@ded81fa, Nhwext : 0, get Blur : disable with , null
04-24 13:14:56.338 8853 8853 I HwApiCacheMangerEx: apicache pi PackageInfo{7c65652 com.jiansheng.blmn.demo}
04-24 13:14:56.340 8853 8853 D ActivityThread: add activity client record, r= ActivityRecord{32bed23 token=android.os.BinderProxy@850cd8f {com.jiansheng.blmn.demo/com.jiansheng.blmn.MainActivity}} token= android.os.BinderProxy@850cd8f
04-24 13:14:56.342 8853 8853 I Unity : onResume
04-24 13:14:56.358 8853 8853 D OpenGLRenderer: HWUI Binary is enabled
04-24 13:14:56.359 683 1173 D SurfaceFlinger: SurfaceFlinger: getDisplayConfigs--3.000000, 1080, 2160
04-24 13:14:56.359 683 1173 I chatty : uid=1000(system) Binder:683_3 identical 1 line
04-24 13:14:56.359 683 1173 D SurfaceFlinger: SurfaceFlinger: getDisplayConfigs--3.000000, 1080, 2160
04-24 13:14:56.360 8853 8878 D OpenGLRenderer: HWUI GL Pipeline
04-24 13:14:56.365 1176 11623 V WindowManager: Adding Window{aa1b47d u0 com.jiansheng.blmn.demo/com.jiansheng.blmn.MainActivity} to AppWindowToken{279e3ba token=Token{8043ce5 ActivityRecord{186e3dc u0 com.jiansheng.blmn.demo/com.jiansheng.blmn.MainActivity t320}}}
04-24 13:14:56.366 1176 11623 V WindowManager: addWindow: New client android.os.BinderProxy@3479ad4: window=Window{aa1b47d u0 com.jiansheng.blmn.demo/com.jiansheng.blmn.MainActivity} Callers=com.android.server.wm.HwWindowManagerService.addWindow:585 com.android.server.wm.Session.addToDisplay:199 android.view.IWindowSession$Stub.onTransact:124 com.android.server.wm.Session.onTransact:161 android.os.Binder.execTransact:675
04-24 13:14:56.367 1176 1204 V KeyguardServiceDelegate: setOccluded(true) animate=false
04-24 13:14:56.367 1463 4821 D KeyguardService: Caller checkPermission fail
04-24 13:14:56.368 1463 4821 I KeyguardService: KGSvcCall setOccluded.
04-24 13:14:56.368 1463 4821 D KeyguardViewMediator: setOccluded true
04-24 13:14:56.368 1463 1463 D KeyguardViewMediator: handleSetOccluded true
04-24 13:14:56.368 1463 1463 I KeyguardViewMediator: handleSetOccluded animateCollapsePanels
04-24 13:14:56.368 1463 1463 W HwKeyguardDragHelper: AnimationBlocked
04-24 13:14:56.369 1463 1463 E KeyguardUpdateMonitor: isSimPinSecure mSimDatas is null or empty
04-24 13:14:56.369 1463 1463 D KeyguardViewMediator: adjustStatusBarLocked: mShowing=false mOccluded=true isSecure=false --> flags=0x0
04-24 13:14:56.369 1463 1463 V KeyguardUpdateMonitor: setKeyguardViewState: false-true
04-24 13:14:56.369 1463 1463 W AppHandler: sendImmediateMessage 10 with args (3, 1)
04-24 13:14:56.369 1463 1463 W HwLockScreenPanel: Handle message: 10
04-24 13:14:56.369 1463 1463 W LockIcon: hideView: true
04-24 13:14:56.369 1463 1463 W HwKeyguardBottomArea: hideLockArea OnOccluded
04-24 13:14:56.369 1463 1463 W CameraLayout: Cameralayout disabled. true false 2
04-24 13:14:56.369 1463 1463 W HwKeyguardBottomArea: updateBatteryInfo : false true
04-24 13:14:56.369 1463 1463 I chatty : uid=10023(u0_a23) com.android.systemui identical 1 line
04-24 13:14:56.370 1463 1463 W HwKeyguardBottomArea: updateBatteryInfo : false true
04-24 13:14:56.370 1463 1463 D MagazineDetailView: resetPagerState
04-24 13:14:56.370 1463 1463 D MagazineSwitchViewPager: invoke callSetCurrentItemInternal
04-24 13:14:56.370 1176 1204 V WindowManager: Checking 0 opening apps (frozen=false timeout=false)...
04-24 13:14:56.375 1463 1463 W KgBattery: getCharge info with type: text
04-24 13:14:56.377 8853 8853 I PressGestureDetector: onAttached begin
04-24 13:14:56.377 1463 1463 I HwBackDropView: restore param to 0
04-24 13:14:56.378 1463 1463 I HwBackDropView: checkVisibility : false; false
04-24 13:14:56.378 1463 1782 W KeyguardViewMediator: setFloatTaskHide : false; reason : occludedChanged
04-24 13:14:56.378 8853 8853 I PressGestureDetector: onAttached end
04-24 13:14:56.380 8853 8879 I PressGestureDetector: enabledInPad = false,isPcCastMode = false
04-24 13:14:56.382 1176 11623 V WindowManager: Relayout window turning screen on: Window{aa1b47d u0 com.jiansheng.blmn.demo/com.jiansheng.blmn.MainActivity}
04-24 13:14:56.384 413 413 W /system/bin/hwservicemanager: Cannot open /odm/manifest_FLA-AL20.xml
04-24 13:14:56.384 413 413 W /system/bin/hwservicemanager: getTransportFromManifest: Cannot find entry vendor.huawei.hardware.hwsched@1.0::ISched in either framework or device manifest, using default transport.
04-24 13:14:56.384 683 683 E BufferQueueProducer: [] Can not get hwsched service
04-24 13:14:56.385 1176 11623 W WindowManager: EGLdebug Created surface WindowStateAnimator{1861f72 com.jiansheng.blmn.demo/com.jiansheng.blmn.MainActivity}
04-24 13:14:56.386 1176 11623 V HwPhoneWindowManager: updateSystemUiColorLw window=Window{aa1b47d u0 com.jiansheng.blmn.demo/com.jiansheng.blmn.MainActivity},EmuiStyle=0,StatusBarColor=0xff000000,NavigationBarColor=0xff000000, mLastIsEmuiLightStyle=-1, mForceNotchStatusBar=false
04-24 13:14:56.386 1176 1196 D HwPhoneWindowManager: Transact:setSystemUIColor to status bar service
04-24 13:14:56.386 1463 4821 I CommandQueue: updateBarBgColor
04-24 13:14:56.386 1463 4821 D CommandQueue: CommandQueue, setBarBackgroundColor
04-24 13:14:56.387 1463 1463 D TintManager: statusBarIconTint=#99FFFFFF,navigationBarIconTint=#FF000000
04-24 13:14:56.395 649 649 I GRALLOC : shrFd=10,fmt=0x1,intFmt=0x200000001,btStrd=4352,size=9052160,pid=649
04-24 13:14:56.395 649 649 I GRALLOC : yuv=2,w=1080,h=2038,Stride u=0 v=0,offset u=0 v=0
04-24 13:14:56.395 649 649 I GRALLOC : iova_size=9052160,conUsg=0x900,proUsg=0x900, strd=1088,[afbc]HdrStrd=1088 PyldStrd=69632 Scrmbl=0,ionhnd = 1
04-24 13:14:56.398 649 649 I GRALLOC : shrFd=10,fmt=0x1,intFmt=0x200000001,btStrd=4352,size=9052160,pid=649
04-24 13:14:56.398 649 649 I GRALLOC : yuv=2,w=1080,h=2038,Stride u=0 v=0,offset u=0 v=0
04-24 13:14:56.398 649 649 I GRALLOC : iova_size=9052160,conUsg=0x900,proUsg=0x900, strd=1088,[afbc]HdrStrd=1088 PyldStrd=69632 Scrmbl=0,ionhnd = 1
04-24 13:14:56.401 8853 8878 I iGraphics: [0020080c] pn: com.jiansheng.blmn.demo, p: 8853
04-24 13:14:56.401 649 649 I GRALLOC : shrFd=10,fmt=0x1,intFmt=0x200000001,btStrd=4352,size=9052160,pid=649
04-24 13:14:56.401 649 649 I GRALLOC : yuv=2,w=1080,h=2038,Stride u=0 v=0,offset u=0 v=0
04-24 13:14:56.401 649 649 I GRALLOC : iova_size=9052160,conUsg=0x900,proUsg=0x900, strd=1088,[afbc]HdrStrd=1088 PyldStrd=69632 Scrmbl=0,ionhnd = 1
04-24 13:14:56.401 413 413 W /system/bin/hwservicemanager: Cannot open /odm/manifest_FLA-AL20.xml
04-24 13:14:56.401 413 413 W /system/bin/hwservicemanager: getTransportFromManifest: Cannot find entry vendor.huawei.hardware.hwsched@1.0::ISched in either framework or device manifest, using default transport.
04-24 13:14:56.401 683 683 E BufferQueueProducer: [] Can not get hwsched service
04-24 13:14:56.402 1463 1463 D StatusBarIconController: setIconVisibility icon is null or visibility not change visibility=false
04-24 13:14:56.402 8853 8878 I iGraphics: [0030050a] lv: 1.0, cv: 5, BT: Aug 30 2018, 16:01:57
04-24 13:14:56.402 8853 8878 W iGraphics: [needUseHookMode] com.jiansheng.blmn.demo is not in the whitelist of xml
04-24 13:14:56.402 8853 8878 I iGraphics: [0030080c] opt app: 0
04-24 13:14:56.402 8853 8878 I OpenGLRenderer: Initialized EGL, version 1.4
04-24 13:14:56.402 8853 8878 D OpenGLRenderer: Swap behavior 2
04-24 13:14:56.403 413 413 W /system/bin/hwservicemanager: Cannot open /odm/manifest_FLA-AL20.xml
04-24 13:14:56.403 413 413 W /system/bin/hwservicemanager: getTransportFromManifest: Cannot find entry vendor.huawei.hardware.hwsched@1.0::ISched in either framework or device manifest, using default transport.
04-24 13:14:56.403 683 683 E BufferQueueProducer: [] Can not get hwsched service
04-24 13:14:56.408 8853 8876 D Unity : SetWindow 0 0xbfb83008
04-24 13:14:56.408 8853 8876 D Unity : SetWindow 0 0xbfb83008
04-24 13:14:56.410 8853 8853 I NotchFit: huawei hardware enable: false
04-24 13:14:56.411 8853 8853 I NotchFit: HUAWEI O notch enable: false
04-24 13:14:56.412 8853 8878 D mali_winsys: EGLint new_window_surface(egl_winsys_display *, void *, EGLSurface, EGLConfig, egl_winsys_surface **, egl_color_buffer_format *, EGLBoolean) returns 0x3000
04-24 13:14:56.412 8853 8853 I Unity : windowFocusChanged: true
04-24 13:14:56.413 8853 8853 W InputMethodManager: startInputReason = 1
04-24 13:14:56.417 8853 8853 W InputMethodManager: startInputReason = 5
04-24 13:14:56.419 5232 5232 I wangchen: SysInfo.getSysParam: orientation=1||config d=3.0,w=1080,h=2038||metrics d=3.0,w=1080,h=2038||sdk=26,bar_h=72
04-24 13:14:56.420 5232 5232 I KeymapLoader: w=1080 h=2038 ori=true appScale=3.3 s1=3.0
04-24 13:14:56.425 1176 5848 V WindowManager: Relayout window turning screen on: Window{aa1b47d u0 com.jiansheng.blmn.demo/com.jiansheng.blmn.MainActivity}
04-24 13:14:56.426 8853 8876 D Unity : [VFS] Mount /data/app/com.jiansheng.blmn.demo-nkYM2_UJaeOJVgQzdOt9lw==/base.apk
04-24 13:14:56.443 649 649 I GRALLOC : shrFd=10,fmt=0x1,intFmt=0x200000001,btStrd=4352,size=9052160,pid=649
04-24 13:14:56.443 649 649 I GRALLOC : yuv=2,w=1080,h=2038,Stride u=0 v=0,offset u=0 v=0
04-24 13:14:56.443 649 649 I GRALLOC : iova_size=9052160,conUsg=0xb00,proUsg=0xb00, strd=1088,[afbc]HdrStrd=1088 PyldStrd=69632 Scrmbl=0,ionhnd = 1
04-24 13:14:56.451 1176 5848 D WindowManager: finishDrawingWindow: Window{aa1b47d u0 com.jiansheng.blmn.demo/com.jiansheng.blmn.MainActivity} mDrawState=DRAW_PENDING
04-24 13:14:56.461 1176 1282 V WindowManager: Turning screen on after layout!
04-24 13:14:56.461 1176 1282 D PickUpWakeScreenManager: isPickupSensorSupport isSensorSupport = true
04-24 13:14:56.463 1176 1204 I ActivityManager: Displayed com.jiansheng.blmn.demo/com.jiansheng.blmn.MainActivity: +424ms
04-24 13:14:56.463 1176 1282 V WindowManager: removeIfPossible: Window{7a522f u0 Splash Screen com.jiansheng.blmn.demo} callers=com.android.server.wm.WindowState.removeIfPossible:1914 com.android.server.wm.WindowManagerService.removeWindow:2040 com.android.server.wm.Session.remove:218 android.view.ViewRootImpl.dispatchDetachedFromWindow:3767 android.view.ViewRootImpl.doDie:6835
04-24 13:14:56.470 1176 1282 V WindowManager: Not removing Window{7a522f u0 Splash Screen com.jiansheng.blmn.demo EXITING} due to exit animation
04-24 13:14:56.472 1463 1463 W HwKeyguardDragHelper: AnimationBlocked
04-24 13:14:56.488 1176 1318 D : motion-hal MotionHubChanel::readHwStepCounter record_count : 2001
04-24 13:14:56.488 1176 1318 D : HWExtMotionService valueSize:19
04-24 13:14:56.488 1176 1318 D : HWExtDeviceService getActiveConnections
04-24 13:14:56.488 1176 1318 D : HWExtDeviceService connSize:1
04-24 13:14:56.488 677 877 D SensorHub: huawei Hal strandard_stepcounter is 350
04-24 13:14:56.488 1176 1318 D : HWExtMotionService valueSize:19
04-24 13:14:56.488 1176 1318 D : HWExtDeviceService getActiveConnections
04-24 13:14:56.488 1176 1318 D : HWExtDeviceService connSize:1
04-24 13:14:56.488 1708 1708 D HwStepCounter: onDeviceDataChanged
04-24 13:14:56.488 1708 1708 W HwStepCounter: version : 1
04-24 13:14:56.489 1708 1708 I HwStepCounter: dealReportData tm: 2020-04-24 13:14:57 steps_value[0] : 0 state_value[0]:5 level_value[0]:0
04-24 13:14:56.489 1708 1708 I HwStepCounter: isBeginOfToday: 24 -> 24
04-24 13:14:56.489 1708 1708 I HwStepCounter: isBeginOfToday: false
04-24 13:14:56.489 1708 1708 I HwStepCounter: dealReportData: diff = 0
04-24 13:14:56.489 3756 3806 I Step_LSC: 80001355|onStandStepChanged 350
04-24 13:14:56.493 1176 5848 V WindowManager: notifyAppStopped: AppWindowToken{ded901e token=Token{41a38a0 ActivityRecord{86adda3 u0 com.huawei.android.launcher/.unihome.UniHomeLauncher t1}}}
04-24 13:14:56.493 1176 5848 E WindowManager: win=Window{419ccce u0 com.huawei.intelligent.Workspace} destroySurfaces: appStopped=true win.mWindowRemovalAllowed=false win.mRemoveOnExit=false
04-24 13:14:56.493 1176 5848 I WindowManager: Destroying surface Surface(name=com.huawei.intelligent.Workspace) called by com.android.server.wm.WindowStateAnimator.destroySurface:2089 com.android.server.wm.WindowStateAnimator.destroySurfaceLocked:899 com.android.server.wm.HwWindowStateAnimator.destroySurfaceLocked:1006 com.android.server.wm.WindowState.destroyOrSaveSurfaceUnchecked:2998 com.android.server.wm.WindowState.destroySurface:2951 com.android.server.wm.AppWindowToken.destroySurfaces:671 com.android.server.wm.AppWindowToken.destroySurfaces:655 com.android.server.wm.AppWindowToken.notifyAppStopped:699
04-24 13:14:56.494 1176 5848 E WindowManager: win=Window{f435c1b u0 com.huawei.android.launcher/com.huawei.android.launcher.unihome.UniHomeLauncher} destroySurfaces: appStopped=true win.mWindowRemovalAllowed=false win.mRemoveOnExit=false
04-24 13:14:56.494 1176 5848 I WindowManager: Destroying surface Surface(name=com.huawei.android.launcher/com.huawei.android.launcher.unihome.UniHomeLauncher) called by com.android.server.wm.WindowStateAnimator.destroySurface:2089 com.android.server.wm.WindowStateAnimator.destroySurfaceLocked:899 com.android.server.wm.HwWindowStateAnimator.destroySurfaceLocked:1006 com.android.server.wm.WindowState.destroyOrSaveSurfaceUnchecked:2998 com.android.server.wm.WindowState.destroySurface:2951 com.android.server.wm.AppWindowToken.destroySurfaces:671 com.android.server.wm.AppWindowToken.destroySurfaces:655 com.android.server.wm.AppWindowToken.notifyAppStopped:699
04-24 13:14:56.495 1708 2100 D HwStepCounter: ReportProxy client : 1
04-24 13:14:56.495 1708 2099 I StepCounterRemoteStub: Report client count 1
04-24 13:14:56.496 3756 3777 I Step_LSC: 80001355|onExtend:1587705297000 0 0 5
04-24 13:14:56.496 1176 1196 D HwGameAssistantController: pid=1770, uid=10061, foreground=false
04-24 13:14:56.573 1176 1282 V WindowManager: Exit animation finished in Window{7a522f u0 Splash Screen com.jiansheng.blmn.demo EXITING}: remove=true
04-24 13:14:56.574 1176 1282 E WindowManager: win=Window{7a522f u0 Splash Screen com.jiansheng.blmn.demo EXITING} destroySurfaces: appStopped=false win.mWindowRemovalAllowed=true win.mRemoveOnExit=true
04-24 13:14:56.574 1176 1282 I WindowManager: Destroying surface Surface(name=Splash Screen com.jiansheng.blmn.demo) called by com.android.server.wm.WindowStateAnimator.destroySurface:2089 com.android.server.wm.WindowStateAnimator.destroySurfaceLocked:899 com.android.server.wm.HwWindowStateAnimator.destroySurfaceLocked:1006 com.android.server.wm.WindowState.destroyOrSaveSurfaceUnchecked:2998 com.android.server.wm.WindowState.destroySurface:2951 com.android.server.wm.AppWindowToken.destroySurfaces:671 com.android.server.wm.AppWindowToken.destroySurfaces:655 com.android.server.wm.WindowState.onExitAnimationDone:4424
04-24 13:14:56.575 1176 1282 V WindowManager: postWindowRemoveCleanupLocked: Window{7a522f u0 Splash Screen com.jiansheng.blmn.demo}
04-24 13:14:56.575 1176 1282 V WindowManager: Removing Window{7a522f u0 Splash Screen com.jiansheng.blmn.demo} from AppWindowToken{279e3ba token=Token{8043ce5 ActivityRecord{186e3dc u0 com.jiansheng.blmn.demo/com.jiansheng.blmn.MainActivity t320}}}
04-24 13:14:56.789 3756 3806 I Step_SPUtils: 80001355| getTodayTotalDetailSteps = 1587657600000##0##0##0##0##354883180
04-24 13:14:56.795 8853 8876 I HwApiCacheMangerEx: apicache oUid 10848
04-24 13:14:56.796 8853 8876 I HwApiCacheMangerEx: apicache volumes [Landroid.os.storage.StorageVolume;@9b6924e
04-24 13:14:56.797 8853 8876 I HwApiCacheMangerEx: apicache pi PackageInfo{7c65652 com.jiansheng.blmn.demo}
04-24 13:14:56.808 1176 5848 V WindowManager: Relayout window turning screen on: Window{aa1b47d u0 com.jiansheng.blmn.demo/com.jiansheng.blmn.MainActivity}
04-24 13:14:56.813 8853 8876 I Unity : SystemInfo CPU = ARMv7 VFPv3 NEON, Cores = 8, Memory = 3788mb
04-24 13:14:56.813 8853 8876 I Unity : SystemInfo ARM big.LITTLE configuration: 4 big (mask: 240), 4 little (mask: 15)
04-24 13:14:56.813 8853 8876 I HwApiCacheMangerEx: apicache pi PackageInfo{7c65652 com.jiansheng.blmn.demo}
04-24 13:14:56.813 8853 8876 I Unity : ApplicationInfo com.jiansheng.blmn.demo version 1.0.0.0.0 build 0923fe9b-7855-41a1-a774-2824080d7224
04-24 13:14:56.813 8853 8876 I Unity : Built from '2017.4/release' branch, Version '2017.4.10f1 (f2cce2a5991f)', Build type 'Development', Scripting Backend 'il2cpp'
04-24 13:14:56.813 8853 8876 D Unity : [EGL] Attaching window :0xbfb83008
04-24 13:14:56.817 1729 2056 I ScalingFreqAdapterUniPerf: ===success setFreq: lcpumin:1->480000
04-24 13:14:56.817 669 765 I uniperf server: setConfig clientId=1, tagLen=1, tags[0]=1, configs[0]=480000
04-24 13:14:56.817 1729 2056 I ScalingFreqAdapterUniPerf: ===success setFreq: gpumin:7->360000000
04-24 13:14:56.818 669 765 I uniperf server: setConfig clientId=1, tagLen=1, tags[0]=7, configs[0]=360000000
04-24 13:14:56.818 1729 2056 I ScalingFreqAdapterUniPerf: ===success setFreq: bcpumin:4->1402000
04-24 13:14:56.818 669 765 I uniperf server: setConfig clientId=1, tagLen=1, tags[0]=4, configs[0]=1402000
04-24 13:14:56.828 8853 8876 I HwApiCacheMangerEx: apicache oUid 10848
04-24 13:14:56.828 8853 8876 I HwApiCacheMangerEx: apicache volumes [Landroid.os.storage.StorageVolume;@9b6924e
04-24 13:14:56.828 1176 1176 I WindowManager: notifyAccessibilityButtonVisibilityChanged visible:false
04-24 13:14:56.829 8853 8876 I HwApiCacheMangerEx: apicache oUid 10848
04-24 13:14:56.829 8853 8876 I HwApiCacheMangerEx: apicache volumes [Landroid.os.storage.StorageVolume;@9b6924e
04-24 13:14:56.830 8853 8876 I HwApiCacheMangerEx: apicache oUid 10848
04-24 13:14:56.830 8853 8876 I HwApiCacheMangerEx: apicache volumes [Landroid.os.storage.StorageVolume;@573ec68
04-24 13:14:56.830 1176 11623 W ActivityManager: Sending non-protected broadcast huawei.action.floattasks.STATUS_BAR_STATE_CHANGED from system 1463:com.android.systemui/u0a23 pkg com.android.systemui
04-24 13:14:56.831 1463 1463 D BarTransitions.HwPhoneStatusBarView: MODE_TRANSPARENT -> MODE_OPAQUE animate=false
04-24 13:14:56.831 1463 1463 D BarTransitions.HwPhoneStatusBarView: applyModeBackground oldMode=MODE_TRANSPARENT newMode=MODE_OPAQUE animate=false
04-24 13:14:56.849 8853 8878 W libEGL : EGLNativeWindowType 0xcec7f808 disconnect failed
04-24 13:14:56.850 8853 8878 D mali_winsys: EGLint new_window_surface(egl_winsys_display *, void *, EGLSurface, EGLConfig, egl_winsys_surface **, egl_color_buffer_format *, EGLBoolean) returns 0x3000
04-24 13:14:56.858 1176 11623 D WindowManager: finishDrawingWindow: Window{aa1b47d u0 com.jiansheng.blmn.demo/com.jiansheng.blmn.MainActivity} mDrawState=HAS_DRAWN
04-24 13:14:56.862 649 649 I GRALLOC : shrFd=10,fmt=0x1,intFmt=0x200000001,btStrd=4352,size=9547776,pid=649
04-24 13:14:56.862 649 649 I GRALLOC : yuv=2,w=1080,h=2160,Stride u=0 v=0,offset u=0 v=0
04-24 13:14:56.862 649 649 I GRALLOC : iova_size=9547776,conUsg=0xb00,proUsg=0xb00, strd=1088,[afbc]HdrStrd=1088 PyldStrd=69632 Scrmbl=0,ionhnd = 1
04-24 13:14:56.875 1176 11623 V WindowManager: Relayout window turning screen on: Window{aa1b47d u0 com.jiansheng.blmn.demo/com.jiansheng.blmn.MainActivity}
04-24 13:14:56.948 1176 1385 D HicomPolicyManager: handlerScreenStatus type = 6
04-24 13:14:57.193 8853 8876 D Unity : InitializeScriptEngine OK (e54d7fd8)
04-24 13:14:57.193 8853 8876 D Unity : PlayerConnection initialized from /data/app/com.jiansheng.blmn.demo-nkYM2_UJaeOJVgQzdOt9lw==/base.apk/assets/bin/Data (debug = 0)
04-24 13:14:57.194 8853 8876 D Unity : PlayerConnection initialized network socket : 0.0.0.0 55474
04-24 13:14:57.194 8853 8876 D Unity : PlayerConnection initialized unix socket : Unity-com.jiansheng.blmn.demo
04-24 13:14:57.195 8853 8876 D Unity : Multi-casting "[IP] 192.168.1.132 [Port] 55474 [Flags] 2 [Guid] 2870965229 [EditorId] 2685729143 [Version] 1048832 [Id] AndroidPlayer(HUAWEI_FLA-AL20@192.168.1.132) [Debug] 0" to [225.0.0.222:54997]...
04-24 13:14:57.195 8853 8876 D Unity : Started listening to [0.0.0.0:55474]
04-24 13:14:57.243 8853 8876 D Unity : PlayerInitEngineNoGraphics OK
04-24 13:14:57.243 8853 8876 D Unity : AndroidGraphics::Startup window = 0xbfb83008
04-24 13:14:57.243 8853 8876 D Unity : [EGL] Attaching window :0xbfb83008
04-24 13:14:57.244 1176 11623 I WindowManager: rotationForOrientationLw(orient=1, last=0); user=0 USER_ROTATION_LOCKED
04-24 13:14:57.244 1176 11623 D HwPhoneWindowManager: face_rotation: not enabled,use sensor real
04-24 13:14:57.244 1176 11623 D HwPhoneWindowManager: face_rotation:real sensor rotation = -1
04-24 13:14:57.244 1176 11623 D HwPhoneWindowManager: face_rotation: rotation = 0
04-24 13:14:57.244 1176 11623 I WindowManager: Selected orientation 1, got rotation 0 which has compatible metrics
04-24 13:14:57.245 1176 11623 I HwPCUtils#HwPCMultiWindowManager: requestedOrientation: 1
04-24 13:14:57.246 8853 8876 I iGraphics: [0030080c] opt app: 0
04-24 13:14:57.246 8853 8876 D Unity : [EGL] Request: ES 3.1+AEP RGB0 000 0/0
04-24 13:14:57.246 8853 8876 D Unity : [EGL] Checking ES 3.1 support...
04-24 13:14:57.247 8853 8876 D Unity : [EGL] ES 3.1 support detected
04-24 13:14:57.247 8853 8876 D Unity : [EGL] Found: ID[5] ES 3.1+AEP RGB16 565 0/0 AFBT
04-24 13:14:57.247 8853 8876 D Unity : GfxDevice: creating device client; threaded=1
04-24 13:14:57.247 8853 8876 I iGraphics: [0030080c] opt app: 0
04-24 13:14:57.247 8853 8876 D Unity : [EGL] Request: ES 3.1+AEP RGB0 000 0/0
04-24 13:14:57.247 8853 8876 D Unity : [EGL] Found: ID[5] ES 3.1+AEP RGB16 565 0/0 AFBT
04-24 13:14:57.248 8853 8876 I iGraphics: [0030080c] opt app: 0
04-24 13:14:57.248 8853 8876 D Unity : [EGL] Request: ES 3.0 RGBA32 8888 0/0
04-24 13:14:57.248 8853 8876 D Unity : [EGL] Found: ID[1] ES 3.0 RGBA32 8888 0/0 AFBT
04-24 13:14:57.249 8853 8876 D mali_winsys: EGLint new_window_surface(egl_winsys_display *, void *, EGLSurface, EGLConfig, egl_winsys_surface **, egl_color_buffer_format *, EGLBoolean) returns 0x3000
04-24 13:14:57.251 1176 11623 I HwPCUtils#HwPCMultiWindowManager: requestedOrientation: 1
04-24 13:14:57.252 8853 8876 D Unity : ANativeWindow: (1080/2160) RequestedResolution: (0/0) RenderingResolution: (0/0) EGLSurface: (1080/2160)
04-24 13:14:57.265 8853 8876 D Unity : Renderer: Mali-T830
04-24 13:14:57.265 8853 8876 D Unity : Vendor: ARM
04-24 13:14:57.265 8853 8876 D Unity : Version: OpenGL ES 3.2 v1.r20p0-01rel0.9a7fca3f7dd712a473937294a8ae24b1
04-24 13:14:57.265 8853 8876 D Unity : GLES: 3
04-24 13:14:57.265 8853 8876 D Unity : GL_EXT_debug_marker GL_ARM_rgba8 GL_ARM_mali_shader_binary GL_OES_depth24 GL_OES_depth_texture GL_OES_depth_texture_cube_map GL_OES_packed_depth_stencil GL_OES_rgb8_rgba8 GL_EXT_read_format_bgra GL_OES_compressed_paletted_texture GL_OES_compressed_ETC1_RGB8_texture GL_OES_standard_derivatives GL_OES_EGL_image GL_OES_EGL_image_external GL_OES_EGL_image_external_essl3 GL_OES_EGL_sync GL_OES_texture_npot GL_OES_vertex_half_float GL_OES_required_internalformat GL_OES_vertex_array_object GL_OES_mapbuffer GL_EXT_texture_format_BGRA8888 GL_EXT_texture_rg GL_EXT_texture_type_2_10_10_10_REV GL_OES_fbo_render_mipmap GL_OES_element_index_uint GL_EXT_shadow_samplers GL_OES_texture_compression_astc GL_KHR_texture_compression_astc_ldr GL_KHR_texture_compression_astc_hdr GL_KHR_texture_compression_astc_sliced_3d GL_KHR_debug GL_EXT_occlusion_query_boolean GL_EXT_disjoint_timer_query GL_EXT_blend_minmax GL_EXT_discard_framebuffer GL_OES_get_program_binary GL_OES_texture_3D GL_EXT_texture_storage GL_EXT_multisampled_render_
