04-24 13:00:53.281 1176 1176 I TrafficMonitor: count:13,rx_sum:2,tx_sum:3,rxBytes:131,during_ms:5010,rx_speed:26.147704590818364,tx_speed:39.72055888223553,rto:0.6666666666666666
04-24 13:00:53.281 1176 1176 D HuaweiWifiWatchdogStateMachine: speed: rxpkt:2, rxSpd:26B/s, txpkt:3, txSpd:39
04-24 13:00:53.369 1729 23345 I DownloadState: 0 transmitting data speed : 28 bytes/s scroff: true
04-24 13:00:53.370 1729 23345 I DownloadState: 1000 transmitting data speed : 38 bytes/s scroff: true
04-24 13:00:54.421 1176 1338 D HwWifiStatStore: handleMessage : 200
04-24 13:00:55.286 1176 1176 I TrafficMonitor: update:rxPkts:0,txPkts:0,rxBytes:0,txBytes:0
04-24 13:00:55.286 1176 1176 I TrafficMonitor: start expired. level:-1
04-24 13:00:55.286 1176 1176 I TrafficMonitor: gettimer:interval=2000
04-24 13:00:56.090 1176 1392 D HwArpVerifier: getIpRouteTable
04-24 13:00:56.185 1176 1392 D HwArpVerifier: Notify wifi default route is ok
04-24 13:00:57.292 1176 1176 I TrafficMonitor: update:rxPkts:0,txPkts:0,rxBytes:0,txBytes:0
04-24 13:00:57.292 1176 1176 I TrafficMonitor: start expired. level:-1
04-24 13:00:57.292 1176 1176 I TrafficMonitor: gettimer:interval=2000
04-24 13:00:57.427 1176 1338 D HwWifiStatStore: handleMessage : 200
04-24 13:00:57.582 742 742 E wificond: Failed to get NL80211_RATE_INFO_NOISE
04-24 13:00:57.582 742 742 E wificond: Failed to get NL80211_RATE_INFO_SNR
04-24 13:00:57.582 742 742 E wificond: Failed to get NL80211_STA_INFO_CNAHLOAD
04-24 13:00:57.583 1176 1337 E WificondControl: Noise: 0, Snr: -1, Chload: -1
04-24 13:00:57.585 1176 1339 D HwWifiCHRStateManager: handleMessage : 1001
04-24 13:00:57.585 1176 1339 D HwWifiCHRStateManager: handleUpdateChannel:2412
04-24 13:00:57.585 1176 1339 V HwWifiServiceFactory: get AllImpl object = com.android.server.wifi.HwWifiServiceFactoryImpl@2205edc
04-24 13:00:57.589 742 742 E wificond: Failed to get NL80211_RATE_INFO_NOISE
04-24 13:00:57.589 742 742 E wificond: Failed to get NL80211_RATE_INFO_SNR
04-24 13:00:57.589 742 742 E wificond: Failed to get NL80211_STA_INFO_CNAHLOAD
04-24 13:00:57.591 1176 1406 D HuaweiWifiWatchdogStateMachine: LM mrssi=-28
04-24 13:00:57.592 1176 1406 D HuaweiWifiWatchdogStateMachine: a4:fa:**:**:eb:b0 current loss[-45]=0%, volume=4
04-24 13:00:57.592 1176 1406 D HuaweiWifiWatchdogStateMachine: a4:fa:**:**:eb:b0 history loss[-45]=0%, volume=13825670
04-24 13:00:57.593 1176 1406 I HuaweiWifiWatchdogStateMachine: spd good count:0, add sc:0.0, rate:1.0
04-24 13:00:57.594 1176 1406 D HuaweiWifiWatchdogStateMachine: high data flow: protection_counter = 0, not_detect_counter = 397
04-24 13:00:57.594 1176 1406 D HuaweiWifiWatchdogStateMachine: high data flow scenario: 0 --> 0 rx bytes =0KB
04-24 13:00:57.594 1176 1406 I HuaweiWifiWatchdogStateMachine: current mHighDataFlowRate = 1.0
04-24 13:00:57.594 1176 1406 I HuaweiWifiWatchdogStateMachine: POta txb txg rxg:0, 27, 0. Lr =0% Totpkt=27
04-24 13:00:57.595 1176 1176 D WiFi_PRO: MSG_RETURN_AP_CURRY_RSSI rssi = -28
04-24 13:00:57.595 1176 1176 I QosMonitor: queryRtt: rtt_type = 3
04-24 13:00:57.595 1176 1176 I HwQoEJNI: send_cmd_kernel. begin
04-24 13:00:57.596 1176 1176 I HwQoEJNI: send_cmd_kernel. end
04-24 13:00:57.596 1176 1176 I QosMonitor: postEventFromNative: msg=100,arg1=4,arg2=10
04-24 13:00:57.597 1176 1176 I HwQoEJNI: send_cmd_kernel. begin
04-24 13:00:57.597 1176 1176 I HwQoEJNI: send_cmd_kernel. end
04-24 13:00:57.597 1176 1176 I QosMonitor: postEventFromNative: msg=100,arg1=0,arg2=10
04-24 13:00:57.598 1176 1176 D HuaweiWifiWatchdogStateMachine: a4:fa:**:**:eb:b0 current RTT[-45]=320, volume=1
04-24 13:00:57.598 1176 1176 D HuaweiWifiWatchdogStateMachine: a4:fa:**:**:eb:b0 history RTT[-45]=510, volume=60865
04-24 13:00:57.598 1176 1176 D HuaweiWifiWatchdogStateMachine: setSampleRtt: rtt=320,rtt_pkts =1,rtt_when=5
04-24 13:00:57.598 1176 1176 I MQoS : rtt=320,tcp_tx_pkts=480976,tcp_rx_pkts=921438
04-24 13:00:57.598 1176 1176 I QosMonitor: resetRtt: rtt_type = 3
04-24 13:00:57.599 1176 1176 I HwQoEJNI: send_cmd_kernel. begin
04-24 13:00:57.599 1176 1176 I HwQoEJNI: send_cmd_kernel. end
04-24 13:00:57.602 1176 1406 D HuaweiWifiWatchdogStateMachine: dumpTcpResult: len=10,rtt=320,rttPkt=1,rttWn=5,cgt=0,cgtWn=0
04-24 13:00:57.602 1176 1406 I HuaweiWifiWatchdogStateMachine: PTcp RTT:0, rtt pkt=0, tcp_rx=1, tcp_tx=2, tcp_reTran=0, rtRate=0
04-24 13:00:57.602 1176 1406 D HuaweiWifiWatchdogStateMachine: mRssiBadCount =0, RSSI not bad.
04-24 13:00:57.603 1176 1406 D HuaweiWifiWatchdogStateMachine: detectNetworkAvailable:hw.wifipro.dns_fail_count = 131
04-24 13:00:57.603 1176 1406 D HuaweiWifiWatchdogStateMachine: detectNetworkAvailable: tcpRxPkts != 0, reset
04-24 13:00:57.603 1176 1406 D HuaweiWifiWatchdogStateMachine: bqeLevel = 2 rtt=0,rtt_pkts=0 speed=26 rssi=-28
04-24 13:00:57.603 1176 1406 D HuaweiWifiWatchdogStateMachine: Enter updateQoeLevel level = 2
04-24 13:00:57.603 1176 1406 D HuaweiWifiWatchdogStateMachine: updateQoeLevel current level equal to mLastDetectLevel, return
04-24 13:00:57.603 1176 1406 D HuaweiWifiWatchdogStateMachine: did not have any network action
04-24 13:00:57.611 1176 3515 I MQoS : QOS_level:0(0),wifi-link;SIM error;use level-0
04-24 13:00:57.699 1176 1392 D HwArpVerifier: performPollAndLog:
04-24 13:00:57.701 1176 1392 D hw_netstat: total/0/0
04-24 13:00:57.771 777 777 E : [E/capacity_limit_control] not demo version, not set power control prop!
04-24 13:00:57.782 1176 1288 D HwBatteryService: onUEvent fcpStatus = 0,scpStatus =0,ovpStatus=0
04-24 13:00:57.786 1176 1288 I UsbDeviceManager: water_intrused state= 0
04-24 13:00:57.794 1176 1176 D HwInnerWifiManagerImpl: SupplicantState = COMPLETED
04-24 13:00:57.795 1176 1176 D HwInnerWifiManagerImpl: isPhoneAP = false
04-24 13:00:57.796 1176 1176 D HwInnerWifiManagerImpl: SupplicantState = COMPLETED
04-24 13:00:57.796 1176 1176 D HwInnerWifiManagerImpl: isPhoneAP = false
04-24 13:00:57.796 1176 1176 D WifiStateMachine: mBcastReceiver: PluggedType = 2 mIsScanCtrlPluggedin = true
04-24 13:00:57.797 1176 1176 D HwWifiService: mPluggedType =2
04-24 13:00:57.798 1176 1176 D WifiService: onReceive, action:android.intent.action.BATTERY_CHANGED
04-24 13:00:57.798 1176 1176 D WifiService: ACTION_BATTERY_CHANGED pluggedType: 2
04-24 13:00:57.798 1463 1463 D KeyguardUpdateMonitor: received broadcast android.intent.action.BATTERY_CHANGED
04-24 13:00:57.799 1463 1463 W KeyguardUpdateMonitor: ACTION_BATTERY_CHANGED AMP: 500000; Volt: 5000000
04-24 13:00:57.799 1463 1463 V KeyguardUpdateMonitor: RefreshBatteryInfo isBatteryLow: 77
04-24 13:00:57.799 1463 1463 W KeyguardUpdateMonitor: ChargingSpeed Wattage: 2500000 ST: 5000000 --> 7500000
04-24 13:00:57.799 1463 1463 I KgBattery: BatteryInfo updated: 2lPc0
04-24 13:00:57.799 1463 1463 W AppHandler: sendMessage with obj100
04-24 13:00:57.799 1463 1463 D KeyguardUpdateMonitor: handleBatteryUpdate
04-24 13:00:57.800 1463 1463 W HwLockScreenPanel: Handle message: 100
04-24 13:00:57.800 1463 1463 W HwKeyguardBottomArea: updateBatteryInfo : false true
04-24 13:00:57.800 1463 1463 W KgBattery: getCharge info with type: text
04-24 13:00:57.807 1729 1729 I MsgReceiver: intent action: android.intent.action.BATTERY_CHANGED
04-24 13:00:57.810 5515 5671 E CloudAlbum[8.1.2.309]: [ReceiverManager] not log on ignore
04-24 13:00:57.810 1463 1463 W HwLockScreenPanel: refreshBatteryInfo: null
04-24 13:00:58.281 1176 1176 I TrafficMonitor: expired arrive. level:-1
04-24 13:00:58.282 1176 1176 I TrafficMonitor: during_ms:2006,period_ms:2000
04-24 13:00:58.282 1176 1176 I TrafficMonitor: count:15,rx_sum:0,tx_sum:0,rxBytes:0,during_ms:2006,rx_speed:0.0,tx_speed:0.0,rto:0.0
04-24 13:00:58.282 1176 1176 D HuaweiWifiWatchdogStateMachine: speed: rxpkt:0, rxSpd:0B/s, txpkt:0, txSpd:0
04-24 13:00:59.297 1176 1176 I TrafficMonitor: update:rxPkts:0,txPkts:0,rxBytes:0,txBytes:0
04-24 13:00:59.297 1176 1176 I TrafficMonitor: start expired. level:-1
04-24 13:00:59.297 1176 1176 I TrafficMonitor: gettimer:interval=2000
04-24 13:01:00.435 1176 1338 D HwWifiStatStore: handleMessage : 200
04-24 13:01:01.303 1176 1176 I TrafficMonitor: update:rxPkts:0,txPkts:0,rxBytes:0,txBytes:0
04-24 13:01:01.303 1176 1176 I TrafficMonitor: start expired. level:-1
04-24 13:01:01.304 1176 1176 I TrafficMonitor: gettimer:interval=2000
04-24 13:01:02.706 1176 1392 D HwArpVerifier: performPollAndLog:
04-24 13:01:02.711 1176 1392 D hw_netstat: total/0/0
04-24 13:01:02.784 777 777 E : [E/capacity_limit_control] not demo version, not set power control prop!
04-24 13:01:03.309 1176 1176 I TrafficMonitor: update:rxPkts:0,txPkts:0,rxBytes:0,txBytes:0
04-24 13:01:03.309 1176 1176 I TrafficMonitor: start expired. level:-1
04-24 13:01:03.310 1176 1176 I TrafficMonitor: gettimer:interval=2000
04-24 13:01:03.441 1176 1338 D HwWifiStatStore: handleMessage : 200
04-24 13:01:04.299 1176 1176 I TrafficMonitor: expired arrive. level:-1
04-24 13:01:04.299 1176 1176 I TrafficMonitor: during_ms:2006,period_ms:2000
04-24 13:01:04.299 1176 1176 I TrafficMonitor: count:18,rx_sum:0,tx_sum:0,rxBytes:0,during_ms:2006,rx_speed:0.0,tx_speed:0.0,rto:0.0
04-24 13:01:04.300 1176 1176 D HuaweiWifiWatchdogStateMachine: speed: rxpkt:0, rxSpd:0B/s, txpkt:0, txSpd:0
04-24 13:01:05.314 1176 1176 I TrafficMonitor: update:rxPkts:0,txPkts:0,rxBytes:0,txBytes:0
04-24 13:01:05.314 1176 1176 I TrafficMonitor: start expired. level:-1
04-24 13:01:05.314 1176 1176 I TrafficMonitor: gettimer:interval=2000
04-24 13:01:05.590 742 742 E wificond: Failed to get NL80211_RATE_INFO_NOISE
04-24 13:01:05.590 742 742 E wificond: Failed to get NL80211_RATE_INFO_SNR
04-24 13:01:05.590 742 742 E wificond: Failed to get NL80211_STA_INFO_CNAHLOAD
04-24 13:01:05.591 1176 1337 E WificondControl: Noise: 0, Snr: -1, Chload: -1
04-24 13:01:05.592 1176 1339 D HwWifiCHRStateManager: handleMessage : 1001
04-24 13:01:05.592 1176 1339 D HwWifiCHRStateManager: handleUpdateChannel:2412
04-24 13:01:05.593 1176 1339 V HwWifiServiceFactory: get AllImpl object = com.android.server.wifi.HwWifiServiceFactoryImpl@2205edc
04-24 13:01:05.596 742 742 E wificond: Failed to get NL80211_RATE_INFO_NOISE
04-24 13:01:05.596 742 742 E wificond: Failed to get NL80211_RATE_INFO_SNR
04-24 13:01:05.596 742 742 E wificond: Failed to get NL80211_STA_INFO_CNAHLOAD
04-24 13:01:05.598 1176 1406 D HuaweiWifiWatchdogStateMachine: LM mrssi=-30
04-24 13:01:05.598 1176 1176 D WiFi_PRO: MSG_RETURN_AP_CURRY_RSSI rssi = -30
04-24 13:01:05.598 1176 1176 I QosMonitor: queryRtt: rtt_type = 3
04-24 13:01:05.599 1176 1176 I HwQoEJNI: send_cmd_kernel. begin
04-24 13:01:05.599 1176 1176 I HwQoEJNI: send_cmd_kernel. end
04-24 13:01:05.599 1176 1406 I HuaweiWifiWatchdogStateMachine: spd good count:0, add sc:0.0, rate:1.0
04-24 13:01:05.599 1176 1406 I HuaweiWifiWatchdogStateMachine: current mHighDataFlowRate = 1.0
04-24 13:01:05.599 1176 1176 I QosMonitor: postEventFromNative: msg=100,arg1=4,arg2=10
04-24 13:01:05.599 1176 1406 I HuaweiWifiWatchdogStateMachine: POta txb txg rxg:0, 27, 0. Lr =0% Totpkt=27
04-24 13:01:05.600 1176 1176 I HwQoEJNI: send_cmd_kernel. begin
04-24 13:01:05.600 1176 1176 I HwQoEJNI: send_cmd_kernel. end
04-24 13:01:05.600 1176 1176 I QosMonitor: postEventFromNative: msg=100,arg1=0,arg2=10
04-24 13:01:05.601 1176 1176 D HuaweiWifiWatchdogStateMachine: setSampleRtt: unvalid rtt
04-24 13:01:05.602 1176 1176 I MQoS : rtt=320,tcp_tx_pkts=480976,tcp_rx_pkts=921438
04-24 13:01:05.604 1176 1406 D HuaweiWifiWatchdogStateMachine: dumpTcpResult: len=10,rtt=320,rttPkt=1,rttWn=13,cgt=0,cgtWn=0
04-24 13:01:05.605 1176 1406 I HuaweiWifiWatchdogStateMachine: PTcp RTT:0, rtt pkt=0, tcp_rx=0, tcp_tx=0, tcp_reTran=0, rtRate=0
04-24 13:01:05.605 1176 1406 D HuaweiWifiWatchdogStateMachine: mRssiBadCount =0, RSSI not bad.
04-24 13:01:05.605 1176 1406 D HuaweiWifiWatchdogStateMachine: detectNetworkAvailable:hw.wifipro.dns_fail_count = 131
04-24 13:01:05.605 1176 1406 D HuaweiWifiWatchdogStateMachine: bqeLevel = 2 rtt=0,rtt_pkts=0 speed=26 rssi=-30
04-24 13:01:05.605 1176 1406 D HuaweiWifiWatchdogStateMachine: Enter updateQoeLevel level = 2
04-24 13:01:05.605 1176 1406 D HuaweiWifiWatchdogStateMachine: updateQoeLevel current level equal to mLastDetectLevel, return
04-24 13:01:05.605 1176 1406 D HuaweiWifiWatchdogStateMachine: did not have any network action
04-24 13:01:05.616 1176 3515 I MQoS : QOS_level:0(0),wifi-link;SIM error;use level-0
04-24 13:01:06.448 1176 1338 D HwWifiStatStore: handleMessage : 200
04-24 13:01:06.964 487 620 W SocketListener: sending broadcast to Pid = 1176, Uid = 1000
04-24 13:01:06.970 1176 1332 D NetdConnector: RCV <- {613 IfaceClass idle 1 354055118827069}
04-24 13:01:06.975 1176 1332 D NetdConnector: RCV <- {613 IfaceClass idle 1 354055118827069}
04-24 13:01:06.979 1176 1202 D NetdConnector: RCV unsolicited event from native daemon, event = 613
04-24 13:01:07.319 1176 1176 I TrafficMonitor: update:rxPkts:0,txPkts:0,rxBytes:0,txBytes:0
04-24 13:01:07.319 1176 1176 I TrafficMonitor: start expired. level:-1
04-24 13:01:07.320 1176 1176 I TrafficMonitor: gettimer:interval=2000
04-24 13:01:07.716 1176 1392 D HwArpVerifier: performPollAndLog:
04-24 13:01:07.721 1176 1392 D hw_netstat: total/0/0
04-24 13:01:07.791 777 777 E : [E/capacity_limit_control] not demo version, not set power control prop!
04-24 13:01:08.022 1729 2056 D SleepClean: run sleepClean start
04-24 13:01:09.324 1176 1176 I TrafficMonitor: update:rxPkts:0,txPkts:0,rxBytes:0,txBytes:0
04-24 13:01:09.324 1176 1176 I TrafficMonitor: start expired. level:-1
04-24 13:01:09.325 1176 1176 I TrafficMonitor: gettimer:interval=2000
04-24 13:01:09.456 1176 1338 D HwWifiStatStore: handleMessage : 200
04-24 13:01:10.316 1176 1176 I TrafficMonitor: expired arrive. level:-1
04-24 13:01:10.316 1176 1176 I TrafficMonitor: during_ms:2006,period_ms:2000
04-24 13:01:10.317 1176 1176 I TrafficMonitor: count:21,rx_sum:0,tx_sum:0,rxBytes:0,during_ms:2006,rx_speed:0.0,tx_speed:0.0,rto:0.0
04-24 13:01:10.317 1176 1176 D HuaweiWifiWatchdogStateMachine: speed: rxpkt:0, rxSpd:0B/s, txpkt:0, txSpd:0
04-24 13:01:11.332 1176 1176 I TrafficMonitor: update:rxPkts:0,txPkts:0,rxBytes:0,txBytes:0
04-24 13:01:11.333 1176 1176 I TrafficMonitor: start expired. level:-1
04-24 13:01:11.333 1176 1176 I TrafficMonitor: gettimer:interval=2000
04-24 13:01:12.462 1176 1338 D HwWifiStatStore: handleMessage : 200
04-24 13:01:12.726 1176 1392 D HwArpVerifier: performPollAndLog:
04-24 13:01:12.730 1176 1392 D hw_netstat: total/0/0
04-24 13:01:12.801 777 777 E : [E/capacity_limit_control] not demo version, not set power control prop!
04-24 13:01:13.338 1176 1176 I TrafficMonitor: update:rxPkts:0,txPkts:0,rxBytes:0,txBytes:0
04-24 13:01:13.339 1176 1176 I TrafficMonitor: start expired. level:-1
04-24 13:01:13.339 1176 1176 I TrafficMonitor: gettimer:interval=5000
04-24 13:01:13.599 742 742 E wificond: Failed to get NL80211_RATE_INFO_NOISE
04-24 13:01:13.599 742 742 E wificond: Failed to get NL80211_RATE_INFO_SNR
04-24 13:01:13.599 742 742 E wificond: Failed to get NL80211_STA_INFO_CNAHLOAD
04-24 13:01:13.600 1176 1337 E WificondControl: Noise: 0, Snr: -1, Chload: -1
04-24 13:01:13.601 1176 1339 D HwWifiCHRStateManager: handleMessage : 1001
04-24 13:01:13.602 1176 1339 D HwWifiCHRStateManager: handleUpdateChannel:2412
04-24 13:01:13.602 1176 1339 V HwWifiServiceFactory: get AllImpl object = com.android.server.wifi.HwWifiServiceFactoryImpl@2205edc
04-24 13:01:13.606 742 742 E wificond: Failed to get NL80211_RATE_INFO_NOISE
04-24 13:01:13.606 742 742 E wificond: Failed to get NL80211_RATE_INFO_SNR
04-24 13:01:13.606 742 742 E wificond: Failed to get NL80211_STA_INFO_CNAHLOAD
04-24 13:01:13.610 1176 1176 D WiFi_PRO: MSG_RETURN_AP_CURRY_RSSI rssi = -30
04-24 13:01:13.610 1176 1406 D HuaweiWifiWatchdogStateMachine: LM mrssi=-30
04-24 13:01:13.611 1176 1176 I QosMonitor: queryRtt: rtt_type = 3
04-24 13:01:13.611 1176 1406 I HuaweiWifiWatchdogStateMachine: spd good count:0, add sc:0.0, rate:1.0
04-24 13:01:13.611 1176 1406 I HuaweiWifiWatchdogStateMachine: current mHighDataFlowRate = 1.0
04-24 13:01:13.611 1176 1176 I HwQoEJNI: send_cmd_kernel. begin
04-24 13:01:13.612 1176 1406 I HuaweiWifiWatchdogStateMachine: POta txb txg rxg:0, 27, 0. Lr =0% Totpkt=27
04-24 13:01:13.612 1176 1176 I HwQoEJNI: send_cmd_kernel. end
04-24 13:01:13.612 1176 1176 I QosMonitor: postEventFromNative: msg=100,arg1=4,arg2=10
04-24 13:01:13.612 1176 1176 I HwQoEJNI: send_cmd_kernel. begin
04-24 13:01:13.612 1176 1176 I HwQoEJNI: send_cmd_kernel. end
04-24 13:01:13.613 1176 1176 I QosMonitor: postEventFromNative: msg=100,arg1=0,arg2=10
04-24 13:01:13.613 1176 1176 D HuaweiWifiWatchdogStateMachine: setSampleRtt: unvalid rtt
04-24 13:01:13.613 1176 1176 I MQoS : rtt=320,tcp_tx_pkts=480976,tcp_rx_pkts=921438
04-24 13:01:13.614 1176 1406 D HuaweiWifiWatchdogStateMachine: dumpTcpResult: len=10,rtt=320,rttPkt=1,rttWn=21,cgt=0,cgtWn=0
04-24 13:01:13.615 1176 1406 I HuaweiWifiWatchdogStateMachine: PTcp RTT:0, rtt pkt=0, tcp_rx=0, tcp_tx=0, tcp_reTran=0, rtRate=0
04-24 13:01:13.615 1176 1406 D HuaweiWifiWatchdogStateMachine: mRssiBadCount =0, RSSI not bad.
04-24 13:01:13.615 1176 1406 D HuaweiWifiWatchdogStateMachine: detectNetworkAvailable:hw.wifipro.dns_fail_count = 131
04-24 13:01:13.615 1176 1406 D HuaweiWifiWatchdogStateMachine: bqeLevel = 2 rtt=0,rtt_pkts=0 speed=26 rssi=-30
04-24 13:01:13.615 1176 1406 D HuaweiWifiWatchdogStateMachine: Enter updateQoeLevel level = 2
04-24 13:01:13.615 1176 1406 D HuaweiWifiWatchdogStateMachine: updateQoeLevel current level equal to mLastDetectLevel, return
04-24 13:01:13.615 1176 1406 D HuaweiWifiWatchdogStateMachine: did not have any network action
04-24 13:01:13.624 1176 3515 I MQoS : QOS_level:0(0),wifi-link;SIM error;use level-0
04-24 13:01:15.469 1176 1338 D HwWifiStatStore: handleMessage : 200
04-24 13:01:16.337 1176 1176 I TrafficMonitor: expired arrive. level:-1
04-24 13:01:16.338 1176 1176 I TrafficMonitor: during_ms:2007,period_ms:2000
04-24 13:01:16.338 1176 1176 I TrafficMonitor: count:23,rx_sum:0,tx_sum:0,rxBytes:0,during_ms:2007,rx_speed:0.0,tx_speed:0.0,rto:0.0
04-24 13:01:16.338 1176 1176 D HuaweiWifiWatchdogStateMachine: speed: rxpkt:0, rxSpd:0B/s, txpkt:0, txSpd:0
04-24 13:01:17.690 1176 1392 D HwArpVerifier: check_wifi_state_mode = 0 mCheckStateToken=25 token25
04-24 13:01:17.693 1176 1392 D wifiserviceimpl: netmask =16777215
04-24 13:01:17.757 1176 1392 D HWMultiGW: setGateWay 192.168.1.1
04-24 13:01:17.771 1106 1119 I OAM : [check_file_size:505]/data/log/wifi/wifi_log_1 log file beyond size=10240Byte, creat new file
04-24 13:01:17.771 1106 1119 I OAM : [rename_old_file:210]rename_old_file
04-24 13:01:17.771 1106 1119 I OAM :
04-24 13:01:17.811 777 777 E : [E/capacity_limit_control] not demo version, not set power control prop!
04-24 13:01:18.345 1176 1176 I TrafficMonitor: update:rxPkts:0,txPkts:0,rxBytes:0,txBytes:0
04-24 13:01:18.345 1176 1176 I TrafficMonitor: start expired. level:-1
04-24 13:01:18.346 1176 1176 I TrafficMonitor: gettimer:interval=5000
04-24 13:01:18.476 1176 1338 D HwWifiStatStore: handleMessage : 200
04-24 13:01:18.758 1176 1392 D HwArpVerifier: getGateWayARPResponses: arp rtt = 70
04-24 13:01:18.759 1176 1392 E HwCHRWifiRSSIGroupSummery: updatArpSummery mRSSI:-30 HwCHRWifiRSSIGroup [rssi_index=4, rtt_tcp_packets=0, rtt_tcp_duration=0, rtt_lan_duration=8419, rtt_lan_failures=0, rtt_lan_succ=410, rtt_lan_max=939, rtt_lan_min=0,same_area_frequency=0,adjacent_area_frequency=0]
04-24 13:01:18.842 1176 1392 D HwArpVerifier: There are 1 mac address for gateway
04-24 13:01:18.842 1176 1392 D HwArpVerifier: from HEART_CHECK transmit to state:HEART_CHECK
04-24 13:01:18.843 1176 1392 D HwArpVerifier: msg what=124 arg1(token)=25 arg2(mode)=0 delay=30000
04-24 13:01:18.843 1176 1392 D HwArpVerifier: performPollAndLog:
04-24 13:01:18.847 1176 1392 D hw_netstat: total/0/0
04-24 13:01:19.536 1176 1589 W Watchdog: hungtask: writing kick
04-24 13:01:19.541 1176 1202 I EventHub: EventHub monitor: no key events in the past 3013s, no motion events in the past 3014s
04-24 13:01:21.483 1176 1338 D HwWifiStatStore: handleMessage : 200
04-24 13:01:21.609 742 742 E wificond: Failed to get NL80211_RATE_INFO_NOISE
04-24 13:01:21.609 742 742 E wificond: Failed to get NL80211_RATE_INFO_SNR
04-24 13:01:21.609 742 742 E wificond: Failed to get NL80211_STA_INFO_CNAHLOAD
04-24 13:01:21.610 1176 1337 E WificondControl: Noise: 0, Snr: -1, Chload: -1
04-24 13:01:21.611 1176 1339 D HwWifiCHRStateManager: handleMessage : 1001
04-24 13:01:21.611 1176 1339 D HwWifiCHRStateManager: handleUpdateChannel:2412
04-24 13:01:21.612 1176 1339 V HwWifiServiceFactory: get AllImpl object = com.android.server.wifi.HwWifiServiceFactoryImpl@2205edc
04-24 13:01:21.616 742 742 E wificond: Failed to get NL80211_RATE_INFO_NOISE
04-24 13:01:21.616 742 742 E wificond: Failed to get NL80211_RATE_INFO_SNR
04-24 13:01:21.616 742 742 E wificond: Failed to get NL80211_STA_INFO_CNAHLOAD
04-24 13:01:21.618 1176 1406 D HuaweiWifiWatchdogStateMachine: LM mrssi=-29
04-24 13:01:21.618 1176 1176 D WiFi_PRO: MSG_RETURN_AP_CURRY_RSSI rssi = -29
04-24 13:01:21.619 1176 1406 D HuaweiWifiWatchdogStateMachine: a4:fa:**:**:eb:b0 current loss[-45]=0%, volume=1
04-24 13:01:21.619 1176 1176 I QosMonitor: queryRtt: rtt_type = 3
04-24 13:01:21.619 1176 1406 D HuaweiWifiWatchdogStateMachine: a4:fa:**:**:eb:b0 history loss[-45]=0%, volume=13825671
04-24 13:01:21.619 1176 1176 I HwQoEJNI: send_cmd_kernel. begin
04-24 13:01:21.619 1176 1406 I HuaweiWifiWatchdogStateMachine: spd good count:0, add sc:0.0, rate:1.0
04-24 13:01:21.619 1176 1406 I HuaweiWifiWatchdogStateMachine: current mHighDataFlowRate = 1.0
04-24 13:01:21.619 1176 1176 I HwQoEJNI: send_cmd_kernel. end
04-24 13:01:21.620 1176 1406 I HuaweiWifiWatchdogStateMachine: POta txb txg rxg:0, 28, 0. Lr =0% Totpkt=28
04-24 13:01:21.620 1176 1176 I QosMonitor: postEventFromNative: msg=100,arg1=4,arg2=10
04-24 13:01:21.620 1176 1176 I HwQoEJNI: send_cmd_kernel. begin
04-24 13:01:21.620 1176 1176 I HwQoEJNI: send_cmd_kernel. end
04-24 13:01:21.620 1176 1176 I QosMonitor: postEventFromNative: msg=100,arg1=0,arg2=10
04-24 13:01:21.621 1176 1176 D HuaweiWifiWatchdogStateMachine: setSampleRtt: unvalid rtt
04-24 13:01:21.622 1176 1176 I MQoS : rtt=320,tcp_tx_pkts=480976,tcp_rx_pkts=921438
04-24 13:01:21.622 1176 1406 D HuaweiWifiWatchdogStateMachine: dumpTcpResult: len=10,rtt=320,rttPkt=1,rttWn=29,cgt=0,cgtWn=0
04-24 13:01:21.623 1176 1406 I HuaweiWifiWatchdogStateMachine: PTcp RTT:0, rtt pkt=0, tcp_rx=0, tcp_tx=0, tcp_reTran=0, rtRate=0
04-24 13:01:21.623 1176 1406 D HuaweiWifiWatchdogStateMachine: mRssiBadCount =0, RSSI not bad.
04-24 13:01:21.623 1176 1406 D HuaweiWifiWatchdogStateMachine: detectNetworkAvailable:hw.wifipro.dns_fail_count = 131
04-24 13:01:21.623 1176 1406 D HuaweiWifiWatchdogStateMachine: bqeLevel = 2 rtt=0,rtt_pkts=0 speed=26 rssi=-29
04-24 13:01:21.623 1176 1406 D HuaweiWifiWatchdogStateMachine: Enter updateQoeLevel level = 2
04-24 13:01:21.623 1176 1406 D HuaweiWifiWatchdogStateMachine: updateQoeLevel current level equal to mLastDetectLevel, return
04-24 13:01:21.623 1176 1406 D HuaweiWifiWatchdogStateMachine: did not have any network action
04-24 13:01:21.633 1176 3515 I MQoS : QOS_level:0(0),wifi-link;SIM error;use level-0
04-24 13:01:22.821 777 777 E : [E/capacity_limit_control] not demo version, not set power control prop!
04-24 13:01:23.348 1176 1176 I TrafficMonitor: expired arrive. level:-1
04-24 13:01:23.351 1176 1176 I TrafficMonitor: update:rxPkts:0,txPkts:0,rxBytes:0,txBytes:0
04-24 13:01:23.351 1176 1176 I TrafficMonitor: start expired. level:-1
04-24 13:01:23.352 1176 1176 I TrafficMonitor: gettimer:interval=5000
04-24 13:01:23.352 1176 1176 I TrafficMonitor: during_ms:5007,period_ms:2000
04-24 13:01:23.352 1176 1176 I TrafficMonitor: count:25,rx_sum:0,tx_sum:0,rxBytes:0,during_ms:5007,rx_speed:0.0,tx_speed:0.0,rto:0.0
04-24 13:01:23.352 1176 1176 D HuaweiWifiWatchdogStateMachine: speed: rxpkt:0, rxSpd:0B/s, txpkt:0, txSpd:0
04-24 13:01:23.853 1176 1392 D HwArpVerifier: performPollAndLog:
04-24 13:01:23.857 1176 1392 D hw_netstat: total/0/0
04-24 13:01:24.489 1176 1338 D HwWifiStatStore: handleMessage : 200
04-24 13:01:27.496 1176 1338 D HwWifiStatStore: handleMessage : 200
04-24 13:01:27.826 777 777 E : [E/capacity_limit_control] not demo version, not set power control prop!
04-24 13:01:27.865 1176 1288 D HwBatteryService: onUEvent fcpStatus = 0,scpStatus =0,ovpStatus=0
04-24 13:01:27.867 1176 1288 I UsbDeviceManager: water_intrused state= 0
04-24 13:01:27.883 1176 1176 D HwInnerWifiManagerImpl: SupplicantState = COMPLETED
04-24 13:01:27.883 1176 1176 D HwInnerWifiManagerImpl: isPhoneAP = false
04-24 13:01:27.884 1463 1463 D KeyguardUpdateMonitor: received broadcast android.intent.action.BATTERY_CHANGED
04-24 13:01:27.884 1176 1176 D HwInnerWifiManagerImpl: SupplicantState = COMPLETED
04-24 13:01:27.885 1176 1176 D HwInnerWifiManagerImpl: isPhoneAP = false
04-24 13:01:27.885 1176 1176 D WifiStateMachine: mBcastReceiver: PluggedType = 2 mIsScanCtrlPluggedin = true
04-24 13:01:27.885 1176 1176 D HwWifiService: mPluggedType =2
04-24 13:01:27.885 1463 1463 W KeyguardUpdateMonitor: ACTION_BATTERY_CHANGED AMP: 500000; Volt: 5000000
04-24 13:01:27.888 5515 5671 E CloudAlbum[8.1.2.309]: [ReceiverManager] not log on ignore
04-24 13:01:27.889 1463 1463 V KeyguardUpdateMonitor: RefreshBatteryInfo isBatteryLow: 77
04-24 13:01:27.889 1463 1463 W KeyguardUpdateMonitor: ChargingSpeed Wattage: 2500000 ST: 5000000 --> 7500000
04-24 13:01:27.889 1463 1463 I KgBattery: BatteryInfo updated: 2lPc0
04-24 13:01:27.890 1729 1729 I MsgReceiver: intent action: android.intent.action.BATTERY_CHANGED
04-24 13:01:27.892 1176 1176 D WifiService: onReceive, action:android.intent.action.BATTERY_CHANGED
04-24 13:01:27.892 1176 1176 D WifiService: ACTION_BATTERY_CHANGED pluggedType: 2
04-24 13:01:27.889 1463 1463 W AppHandler: sendMessage with obj100
04-24 13:01:27.893 1463 1463 D KeyguardUpdateMonitor: handleBatteryUpdate
04-24 13:01:27.894 1463 1463 W HwLockScreenPanel: Handle message: 100
04-24 13:01:27.894 1463 1463 W HwKeyguardBottomArea: updateBatteryInfo : false true
04-24 13:01:27.894 1463 1463 W KgBattery: getCharge info with type: text
04-24 13:01:27.902 1463 1463 W HwLockScreenPanel: refreshBatteryInfo: null
04-24 13:01:28.352 1176 1176 I TrafficMonitor: expired arrive. level:-1
04-24 13:01:28.356 1176 1176 I TrafficMonitor: update:rxPkts:0,txPkts:0,rxBytes:0,txBytes:0
04-24 13:01:28.356 1176 1176 I TrafficMonitor: start expired. level:-1
04-24 13:01:28.357 1176 1176 I TrafficMonitor: gettimer:interval=5000
04-24 13:01:28.357 1176 1176 I TrafficMonitor: during_ms:5005,period_ms:2000
04-24 13:01:28.357 1176 1176 I TrafficMonitor: count:26,rx_sum:0,tx_sum:0,rxBytes:0,during_ms:5005,rx_speed:0.0,tx_speed:0.0,rto:0.0
04-24 13:01:28.357 1176 1176 D HuaweiWifiWatchdogStateMachine: speed: rxpkt:0, rxSpd:0B/s, txpkt:0, txSpd:0
04-24 13:01:28.863 1176 1392 D HwArpVerifier: performPollAndLog:
04-24 13:01:28.867 1176 1392 D hw_netstat: total/0/0
04-24 13:01:29.613 742 742 E wificond: Failed to get NL80211_RATE_INFO_NOISE
04-24 13:01:29.613 742 742 E wificond: Failed to get NL80211_RATE_INFO_SNR
04-24 13:01:29.614 742 742 E wificond: Failed to get NL80211_STA_INFO_CNAHLOAD
04-24 13:01:29.614 1176 1337 E WificondControl: Noise: 0, Snr: -1, Chload: -1
04-24 13:01:29.616 1176 1339 D HwWifiCHRStateManager: handleMessage : 1001
04-24 13:01:29.616 1176 1339 D HwWifiCHRStateManager: handleUpdateChannel:2412
04-24 13:01:29.616 1176 1339 V HwWifiServiceFactory: get AllImpl object = com.android.server.wifi.HwWifiServiceFactoryImpl@2205edc
04-24 13:01:29.622 742 742 E wificond: Failed to get NL80211_RATE_INFO_NOISE
04-24 13:01:29.622 742 742 E wificond: Failed to get NL80211_RATE_INFO_SNR
04-24 13:01:29.622 742 742 E wificond: Failed to get NL80211_STA_INFO_CNAHLOAD
04-24 13:01:29.624 1176 1176 D WiFi_PRO: MSG_RETURN_AP_CURRY_RSSI rssi = -28
04-24 13:01:29.624 1176 1406 D HuaweiWifiWatchdogStateMachine: LM mrssi=-28
04-24 13:01:29.625 1176 1176 I QosMonitor: queryRtt: rtt_type = 3
04-24 13:01:29.625 1176 1406 I HuaweiWifiWatchdogStateMachine: spd good count:0, add sc:0.0, rate:1.0
04-24 13:01:29.625 1176 1176 I HwQoEJNI: send_cmd_kernel. begin
04-24 13:01:29.625 1176 1176 I HwQoEJNI: send_cmd_kernel. end
04-24 13:01:29.625 1176 1176 I QosMonitor: postEventFromNative: msg=100,arg1=4,arg2=10
04-24 13:01:29.626 1176 1176 D HuaweiWifiWatchdogStateMachine: setSampleRtt: unvalid rtt
04-24 13:01:29.626 1176 1406 D HuaweiWifiWatchdogStateMachine: high data flow: protection_counter = 0, not_detect_counter = 398
04-24 13:01:29.626 1176 1406 D HuaweiWifiWatchdogStateMachine: high data flow scenario: 0 --> 0 rx bytes =0KB
04-24 13:01:29.626 1176 1406 I HuaweiWifiWatchdogStateMachine: current mHighDataFlowRate = 1.0
04-24 13:01:29.626 1176 1406 I HuaweiWifiWatchdogStateMachine: POta txb txg rxg:0, 28, 0. Lr =0% Totpkt=28
04-24 13:01:29.627 1176 1176 I HwQoEJNI: send_cmd_kernel. begin
04-24 13:01:29.627 1176 1176 I HwQoEJNI: send_cmd_kernel. end
04-24 13:01:29.628 1176 1176 I QosMonitor: postEventFromNative: msg=100,arg1=0,arg2=10
04-24 13:01:29.628 1176 1176 I MQoS : rtt=320,tcp_tx_pkts=480976,tcp_rx_pkts=921438
04-24 13:01:29.629 1176 1406 D HuaweiWifiWatchdogStateMachine: dumpTcpResult: len=10,rtt=320,rttPkt=1,rttWn=37,cgt=0,cgtWn=0
04-24 13:01:29.629 1176 1406 I HuaweiWifiWatchdogStateMachine: PTcp RTT:0, rtt pkt=0, tcp_rx=0, tcp_tx=0, tcp_reTran=0, rtRate=0
04-24 13:01:29.629 1176 1406 D HuaweiWifiWatchdogStateMachine: mRssiBadCount =0, RSSI not bad.
04-24 13:01:29.630 1176 1406 D HuaweiWifiWatchdogStateMachine: detectNetworkAvailable:hw.wifipro.dns_fail_count = 131
04-24 13:01:29.630 1176 1406 D HuaweiWifiWatchdogStateMachine: bqeLevel = 2 rtt=0,rtt_pkts=0 speed=26 rssi=-28
04-24 13:01:29.630 1176 1406 D HuaweiWifiWatchdogStateMachine: Enter updateQoeLevel level = 2
04-24 13:01:29.630 1176 1406 D HuaweiWifiWatchdogStateMachine: updateQoeLevel current level equal to mLastDetectLevel, return
04-24 13:01:29.630 1176 1406 D HuaweiWifiWatchdogStateMachine: did not have any network action
04-24 13:01:29.645 1176 3515 I MQoS : QOS_level:0(0),wifi-link;SIM error;use level-0
04-24 13:01:30.502 1176 1338 D HwWifiStatStore: handleMessage : 200
04-24 13:01:32.871 777 777 E : [E/capacity_limit_control] not demo version, not set power control prop!
04-24 13:01:33.361 1176 1176 I TrafficMonitor: expired arrive. level:-1
04-24 13:01:33.364 1176 1176 I TrafficMonitor: update:rxPkts:0,txPkts:0,rxBytes:0,txBytes:0
04-24 13:01:33.364 1176 1176 I TrafficMonitor: start expired. level:-1
04-24 13:01:33.364 1176 1176 I TrafficMonitor: gettimer:interval=5000
04-24 13:01:33.364 1176 1176 I TrafficMonitor: during_ms:5007,period_ms:2000
04-24 13:01:33.365 1176 1176 I TrafficMonitor: count:27,rx_sum:0,tx_sum:0,rxBytes:0,during_ms:5007,rx_speed:0.0,tx_speed:0.0,rto:0.0
04-24 13:01:33.365 1176 1176 D HuaweiWifiWatchdogStateMachine: speed: rxpkt:0, rxSpd:0B/s, txpkt:0, txSpd:0
04-24 13:01:33.506 1176 1338 D HwWifiStatStore: handleMessage : 200
04-24 13:01:33.874 1176 1392 D HwArpVerifier: performPollAndLog:
04-24 13:01:33.878 1176 1392 D hw_netstat: total/0/0
04-24 13:01:36.512 1176 1338 D HwWifiStatStore: handleMessage : 200
04-24 13:01:37.629 742 742 E wificond: Failed to get NL80211_RATE_INFO_NOISE
04-24 13:01:37.629 742 742 E wificond: Failed to get NL80211_RATE_INFO_SNR
04-24 13:01:37.629 742 742 E wificond: Failed to get NL80211_STA_INFO_CNAHLOAD
04-24 13:01:37.632 1176 1337 E WificondControl: Noise: 0, Snr: -1, Chload: -1
04-24 13:01:37.633 1176 1339 D HwWifiCHRStateManager: handleMessage : 1001
04-24 13:01:37.634 1176 1339 D HwWifiCHRStateManager: handleUpdateChannel:2412
04-24 13:01:37.634 1176 1339 V HwWifiServiceFactory: get AllImpl object = com.android.server.wifi.HwWifiServiceFactoryImpl@2205edc
04-24 13:01:37.638 742 742 E wificond: Failed to get NL80211_RATE_INFO_NOISE
04-24 13:01:37.638 742 742 E wificond: Failed to get NL80211_RATE_INFO_SNR
04-24 13:01:37.638 742 742 E wificond: Failed to get NL80211_STA_INFO_CNAHLOAD
04-24 13:01:37.640 1176 1406 D HuaweiWifiWatchdogStateMachine: LM mrssi=-29
04-24 13:01:37.640 1176 1176 D WiFi_PRO: MSG_RETURN_AP_CURRY_RSSI rssi = -29
04-24 13:01:37.640 1176 1406 I HuaweiWifiWatchdogStateMachine: spd good count:0, add sc:0.0, rate:1.0
04-24 13:01:37.640 1176 1176 I QosMonitor: queryRtt: rtt_type = 3
04-24 13:01:37.640 1176 1406 I HuaweiWifiWatchdogStateMachine: current mHighDataFlowRate = 1.0
04-24 13:01:37.641 1176 1406 I HuaweiWifiWatchdogStateMachine: POta txb txg rxg:0, 28, 0. Lr =0% Totpkt=28
04-24 13:01:37.641 1176 1176 I HwQoEJNI: send_cmd_kernel. begin
04-24 13:01:37.641 1176 1176 I HwQoEJNI: send_cmd_kernel. end
04-24 13:01:37.642 1176 1176 I QosMonitor: postEventFromNative: msg=100,arg1=4,arg2=10
04-24 13:01:37.642 1176 1176 I HwQoEJNI: send_cmd_kernel. begin
04-24 13:01:37.642 1176 1176 I HwQoEJNI: send_cmd_kernel. end
04-24 13:01:37.642 1176 1176 I QosMonitor: postEventFromNative: msg=100,arg1=0,arg2=10
04-24 13:01:37.643 1176 1176 D HuaweiWifiWatchdogStateMachine: setSampleRtt: unvalid rtt
04-24 13:01:37.643 1176 1176 I MQoS : rtt=320,tcp_tx_pkts=480976,tcp_rx_pkts=921438
04-24 13:01:37.643 1176 1406 D HuaweiWifiWatchdogStateMachine: dumpTcpResult: len=10,rtt=320,rttPkt=1,rttWn=45,cgt=0,cgtWn=0
04-24 13:01:37.644 1176 1406 I HuaweiWifiWatchdogStateMachine: PTcp RTT:0, rtt pkt=0, tcp_rx=0, tcp_tx=0, tcp_reTran=0, rtRate=0
04-24 13:01:37.644 1176 1406 D HuaweiWifiWatchdogStateMachine: mRssiBadCount =0, RSSI not bad.
04-24 13:01:37.644 1176 1406 D HuaweiWifiWatchdogStateMachine: detectNetworkAvailable:hw.wifipro.dns_fail_count = 131
04-24 13:01:37.644 1176 1406 D HuaweiWifiWatchdogStateMachine: bqeLevel = 2 rtt=0,rtt_pkts=0 speed=26 rssi=-29
04-24 13:01:37.644 1176 1406 D HuaweiWifiWatchdogStateMachine: Enter updateQoeLevel level = 2
04-24 13:01:37.644 1176 1406 D HuaweiWifiWatchdogStateMachine: updateQoeLevel current level equal to mLastDetectLevel, return
04-24 13:01:37.644 1176 1406 D HuaweiWifiWatchdogStateMachine: did not have any network action
04-24 13:01:37.654 1176 3515 I MQoS : QOS_level:0(0),wifi-link;SIM error;use level-0
04-24 13:01:37.881 777 777 E : [E/capacity_limit_control] not demo version, not set power control prop!
04-24 13:01:38.366 1176 1176 I TrafficMonitor: expired arrive. level:-1
04-24 13:01:38.368 1176 1176 I TrafficMonitor: update:rxPkts:0,txPkts:0,rxBytes:0,txBytes:0
04-24 13:01:38.369 1176 1176 I TrafficMonitor: start expired. level:-1
04-24 13:01:38.369 1176 1176 I TrafficMonitor: gettimer:interval=5000
04-24 13:01:38.369 1176 1176 I TrafficMonitor: during_ms:5005,period_ms:2000
04-24 13:01:38.369 1176 1176 I TrafficMonitor: count:28,rx_sum:0,tx_sum:0,rxBytes:0,during_ms:5005,rx_speed:0.0,tx_speed:0.0,rto:0.0
04-24 13:01:38.369 1176 1176 D HuaweiWifiWatchdogStateMachine: speed: rxpkt:0, rxSpd:0B/s, txpkt:0, txSpd:0
04-24 13:01:38.884 1176 1392 D HwArpVerifier: performPollAndLog:
04-24 13:01:38.889 1176 1392 D hw_netstat: total/0/0
04-24 13:01:39.520 1176 1338 D HwWifiStatStore: handleMessage : 200
04-24 13:01:42.527 1176 1338 D HwWifiStatStore: handleMessage : 200
04-24 13:01:42.891 777 777 E : [E/capacity_limit_control] not demo version, not set power control prop!
04-24 13:01:43.376 1176 1176 I TrafficMonitor: expired arrive. level:-1
04-24 13:01:43.379 1176 1176 I TrafficMonitor: update:rxPkts:0,txPkts:0,rxBytes:0,txBytes:0
04-24 13:01:43.379 1176 1176 I TrafficMonitor: start expired. level:-1
04-24 13:01:43.379 1176 1176 I TrafficMonitor: gettimer:interval=5000
04-24 13:01:43.379 1176 1176 I TrafficMonitor: during_ms:5010,period_ms:2000
04-24 13:01:43.380 1176 1176 I TrafficMonitor: count:29,rx_sum:0,tx_sum:0,rxBytes:0,during_ms:5010,rx_speed:0.0,tx_speed:0.0,rto:0.0
04-24 13:01:43.380 1176 1176 D HuaweiWifiWatchdogStateMachine: speed: rxpkt:0, rxSpd:0B/s, txpkt:0, txSpd:0
04-24 13:01:43.895 1176 1392 D HwArpVerifier: performPollAndLog:
04-24 13:01:43.899 1176 1392 D hw_netstat: total/0/0
04-24 13:01:45.093 1176 1176 D HwInnerWifiManagerImpl: SupplicantState = COMPLETED
04-24 13:01:45.094 1463 1463 D KeyguardUpdateMonitor: received broadcast android.intent.action.BATTERY_CHANGED
04-24 13:01:45.094 1176 1176 D HwInnerWifiManagerImpl: isPhoneAP = false
04-24 13:01:45.094 1463 1463 W KeyguardUpdateMonitor: ACTION_BATTERY_CHANGED AMP: 500000; Volt: 5000000
04-24 13:01:45.095 1463 1463 V KeyguardUpdateMonitor: RefreshBatteryInfo isBatteryLow: 77
04-24 13:01:45.095 1463 1463 W KeyguardUpdateMonitor: ChargingSpeed Wattage: 2500000 ST: 5000000 --> 7500000
04-24 13:01:45.095 1463 1463 I KgBattery: BatteryInfo updated: 2lPc0
04-24 13:01:45.095 1463 1463 W AppHandler: sendMessage with obj100
04-24 13:01:45.095 1463 1463 D KeyguardUpdateMonitor: handleBatteryUpdate
04-24 13:01:45.095 1463 1463 W HwLockScreenPanel: Handle message: 100
04-24 13:01:45.095 1463 1463 W HwKeyguardBottomArea: updateBatteryInfo : false true
04-24 13:01:45.096 1729 1729 I MsgReceiver: intent action: android.intent.action.BATTERY_CHANGED
04-24 13:01:45.097 1176 1176 D HwInnerWifiManagerImpl: SupplicantState = COMPLETED
04-24 13:01:45.097 1176 1176 D HwInnerWifiManagerImpl: isPhoneAP = false
04-24 13:01:45.098 1176 1176 D WifiStateMachine: mBcastReceiver: PluggedType = 2 mIsScanCtrlPluggedin = true
04-24 13:01:45.098 5515 5671 E CloudAlbum[8.1.2.309]: [ReceiverManager] not log on ignore
04-24 13:01:45.098 1176 1176 D WifiStateMachine: mBcastReceiver: PluggedType = 2 mIsScanCtrlPluggedin = true
04-24 13:01:45.100 1463 1463 W KgBattery: getCharge info with type: text
04-24 13:01:45.102 1176 1176 D HwWifiService: mPluggedType =2
04-24 13:01:45.106 1176 1176 D WifiService: onReceive, action:android.intent.action.BATTERY_CHANGED
04-24 13:01:45.107 1176 1176 D WifiService: ACTION_BATTERY_CHANGED pluggedType: 2
04-24 13:01:45.110 1463 1463 W HwLockScreenPanel: refreshBatteryInfo: null
04-24 13:01:45.534 1176 1338 D HwWifiStatStore: handleMessage : 200
04-24 13:01:45.638 742 742 E wificond: Failed to get NL80211_RATE_INFO_NOISE
04-24 13:01:45.639 742 742 E wificond: Failed to get NL80211_RATE_INFO_SNR
04-24 13:01:45.639 742 742 E wificond: Failed to get NL80211_STA_INFO_CNAHLOAD
04-24 13:01:45.640 1176 1337 E WificondControl: Noise: 0, Snr: -1, Chload: -1
04-24 13:01:45.642 1176 1339 D HwWifiCHRStateManager: handleMessage : 1001
04-24 13:01:45.642 1176 1339 D HwWifiCHRStateManager: handleUpdateChannel:2412
04-24 13:01:45.642 1176 1339 V HwWifiServiceFactory: get AllImpl object = com.android.server.wifi.HwWifiServiceFactoryImpl@2205edc
04-24 13:01:45.646 742 742 E wificond: Failed to get NL80211_RATE_INFO_NOISE
04-24 13:01:45.646 742 742 E wificond: Failed to get NL80211_RATE_INFO_SNR
04-24 13:01:45.646 742 742 E wificond: Failed to get NL80211_STA_INFO_CNAHLOAD
04-24 13:01:45.648 1176 1406 D HuaweiWifiWatchdogStateMachine: LM mrssi=-29
04-24 13:01:45.649 1176 1406 I HuaweiWifiWatchdogStateMachine: spd good count:0, add sc:0.0, rate:1.0
04-24 13:01:45.649 1176 1406 I HuaweiWifiWatchdogStateMachine: current mHighDataFlowRate = 1.0
04-24 13:01:45.649 1176 1406 I HuaweiWifiWatchdogStateMachine: POta txb txg rxg:0, 28, 0. Lr =0% Totpkt=28
04-24 13:01:45.650 1176 1176 D WiFi_PRO: MSG_RETURN_AP_CURRY_RSSI rssi = -29
04-24 13:01:45.650 1176 1176 I QosMonitor: queryRtt: rtt_type = 3
04-24 13:01:45.653 1176 1176 I HwQoEJNI: send_cmd_kernel. begin
04-24 13:01:45.654 1176 1176 I HwQoEJNI: send_cmd_kernel. end
04-24 13:01:45.654 1176 1176 I QosMonitor: postEventFromNative: msg=100,arg1=4,arg2=10
04-24 13:01:45.654 1176 1176 I HwQoEJNI: send_cmd_kernel. begin
04-24 13:01:45.654 1176 1176 I HwQoEJNI: send_cmd_kernel. end
04-24 13:01:45.655 1176 1176 I QosMonitor: postEventFromNative: msg=100,arg1=0,arg2=10
04-24 13:01:45.655 1176 1176 D HuaweiWifiWatchdogStateMachine: setSampleRtt: unvalid rtt
04-24 13:01:45.655 1176 1176 I MQoS : rtt=320,tcp_tx_pkts=480976,tcp_rx_pkts=921438
04-24 13:01:45.657 1176 1406 D HuaweiWifiWatchdogStateMachine: dumpTcpResult: len=10,rtt=320,rttPkt=1,rttWn=53,cgt=0,cgtWn=0
04-24 13:01:45.657 1176 1406 I HuaweiWifiWatchdogStateMachine: PTcp RTT:0, rtt pkt=0, tcp_rx=0, tcp_tx=0, tcp_reTran=0, rtRate=0
04-24 13:01:45.657 1176 1406 D HuaweiWifiWatchdogStateMachine: mRssiBadCount =0, RSSI not bad.
04-24 13:01:45.658 1176 1406 D HuaweiWifiWatchdogStateMachine: detectNetworkAvailable:hw.wifipro.dns_fail_count = 131
04-24 13:01:45.658 1176 1406 D HuaweiWifiWatchdogStateMachine: bqeLevel = 2 rtt=0,rtt_pkts=0 speed=26 rssi=-29
04-24 13:01:45.658 1176 1406 D HuaweiWifiWatchdogStateMachine: Enter updateQoeLevel level = 2
04-24 13:01:45.658 1176 1406 D HuaweiWifiWatchdogStateMachine: updateQoeLevel current level equal to mLastDetectLevel, return
04-24 13:01:45.658 1176 1406 D HuaweiWifiWatchdogStateMachine: did not have any network action
04-24 13:01:45.667 1176 3515 I MQoS : QOS_level:0(0),wifi-link;SIM error;use level-0
04-24 13:01:46.188 1176 1392 D HwArpVerifier: getIpRouteTable
04-24 13:01:46.272 1176 1392 D HwArpVerifier: Notify wifi default route is ok
04-24 13:01:47.901 777 777 E : [E/capacity_limit_control] not demo version, not set power control prop!
04-24 13:01:48.383 1176 1176 I TrafficMonitor: expired arrive. level:-1
04-24 13:01:48.386 1176 1176 I TrafficMonitor: update:rxPkts:0,txPkts:0,rxBytes:0,txBytes:0
04-24 13:01:48.386 1176 1176 I TrafficMonitor: start expired. level:-1
04-24 13:01:48.387 1176 1176 I TrafficMonitor: gettimer:interval=5000
04-24 13:01:48.387 1176 1176 I TrafficMonitor: during_ms:5008,period_ms:2000
04-24 13:01:48.387 1176 1176 I TrafficMonitor: count:30,rx_sum:0,tx_sum:0,rxBytes:0,during_ms:5008,rx_speed:0.0,tx_speed:0.0,rto:0.0
04-24 13:01:48.387 1176 1176 D HuaweiWifiWatchdogStateMachine: speed: rxpkt:0, rxSpd:0B/s, txpkt:0, txSpd:0
04-24 13:01:48.541 1176 1338 D HwWifiStatStore: handleMessage : 200
04-24 13:01:48.846 1176 1392 D HwArpVerifier: check_wifi_state_mode = 0 mCheckStateToken=25 token25
04-24 13:01:48.849 1176 1392 D wifiserviceimpl: netmask =16777215
04-24 13:01:48.892 1176 1392 D HWMultiGW: setGateWay 192.168.1.1
04-24 13:01:49.538 1176 1589 W Watchdog: hungtask: writing kick
04-24 13:01:49.542 1176 1202 I EventHub: EventHub monitor: no key events in the past 3043s, no motion events in the past 3044s
04-24 13:01:49.893 1176 1392 D HwArpVerifier: getGateWayARPResponses: arp rtt = 12
04-24 13:01:49.894 1176 1392 E HwCHRWifiRSSIGroupSummery: updatArpSummery mRSSI:-29 HwCHRWifiRSSIGroup [rssi_index=4, rtt_tcp_packets=0, rtt_tcp_duration=0, rtt_lan_duration=8431, rtt_lan_failures=0, rtt_lan_succ=411, rtt_lan_max=939, rtt_lan_min=0,same_area_frequency=0,adjacent_area_frequency=0]
04-24 13:01:49.955 1176 1392 D HwArpVerifier: There are 1 mac address for gateway
04-24 13:01:49.955 1176 1392 D HwArpVerifier: from HEART_CHECK transmit to state:HEART_CHECK
04-24 13:01:49.956 1176 1392 D HwArpVerifier: msg what=124 arg1(token)=25 arg2(mode)=0 delay=30000
04-24 13:01:49.956 1176 1392 D HwArpVerifier: performPollAndLog:
04-24 13:01:49.960 1176 1392 D hw_netstat: total/0/0
04-24 13:01:51.548 1176 1338 D HwWifiStatStore: handleMessage : 200
04-24 13:01:51.843 487 620 W SocketListener: sending broadcast to Pid = 1176, Uid = 1000
04-24 13:01:51.850 1176 1332 D NetdConnector: RCV <- {613 IfaceClass active 1 354099998020291 10824}
04-24 13:01:51.854 1176 1332 D NetdConnector: RCV <- {613 IfaceClass active 1 354099998020291 10824}
04-24 13:01:51.857 1176 1202 D NetdConnector: RCV unsolicited event from native daemon, event = 613
04-24 13:01:52.911 777 777 E : [E/capacity_limit_control] not demo version, not set power control prop!
04-24 13:01:53.392 1176 1176 I TrafficMonitor: expired arrive. level:-1
04-24 13:01:53.395 1176 1176 I TrafficMonitor: update:rxPkts:1,txPkts:1,rxBytes:56,txBytes:84
04-24 13:01:53.395 1176 1176 I TrafficMonitor: start expired. level:-1
04-24 13:01:53.396 1176 1176 I TrafficMonitor: gettimer:interval=2000
04-24 13:01:53.396 1176 1176 I TrafficMonitor: during_ms:5009,period_ms:2000
04-24 13:01:53.396 1176 1176 I TrafficMonitor: count:31,rx_sum:1,tx_sum:1,rxBytes:56,during_ms:5009,rx_speed:11.179876222798962,tx_speed:16.769814334198443,rto:1.0
04-24 13:01:53.396 1176 1176 D HuaweiWifiWatchdogStateMachine: speed: rxpkt:1, rxSpd:11B/s, txpkt:1, txSpd:16
04-24 13:01:53.427 1729 23345 I DownloadState: 0 transmitting data speed : 28 bytes/s scroff: true
04-24 13:01:53.644 742 742 E wificond: Failed to get NL80211_RATE_INFO_NOISE
04-24 13:01:53.644 742 742 E wificond: Failed to get NL80211_RATE_INFO_SNR
04-24 13:01:53.644 742 742 E wificond: Failed to get NL80211_STA_INFO_CNAHLOAD
04-24 13:01:53.645 1176 1337 E WificondControl: Noise: 0, Snr: -1, Chload: -1
04-24 13:01:53.646 1176 1339 D HwWifiCHRStateManager: handleMessage : 1001
04-24 13:01:53.646 1176 1339 D HwWifiCHRStateManager: handleUpdateChannel:2412
04-24 13:01:53.646 1176 1339 V HwWifiServiceFactory: get AllImpl object = com.android.server.wifi.HwWifiServiceFactoryImpl@2205edc
04-24 13:01:53.652 742 742 E wificond: Failed to get NL80211_RATE_INFO_NOISE
04-24 13:01:53.652 742 742 E wificond: Failed to get NL80211_RATE_INFO_SNR
04-24 13:01:53.652 742 742 E wificond: Failed to get NL80211_STA_INFO_CNAHLOAD
04-24 13:01:53.654 1176 1406 D HuaweiWifiWatchdogStateMachine: LM mrssi=-30
04-24 13:01:53.654 1176 1176 D WiFi_PRO: MSG_RETURN_AP_CURRY_RSSI rssi = -30
04-24 13:01:53.654 1176 1176 I QosMonitor: queryRtt: rtt_type = 3
04-24 13:01:53.655 1176 1406 D HuaweiWifiWatchdogStateMachine: a4:fa:**:**:eb:b0 current loss[-45]=0%, volume=2
04-24 13:01:53.655 1176 1176 I HwQoEJNI: send_cmd_kernel. begin
04-24 13:01:53.655 1176 1176 I HwQoEJNI: send_cmd_kernel. end
04-24 13:01:53.655 1176 1406 D HuaweiWifiWatchdogStateMachine: a4:fa:**:**:eb:b0 history loss[-45]=0%, volume=13825673
04-24 13:01:53.655 1176 1176 I QosMonitor: postEventFromNative: msg=100,arg1=4,arg2=10
04-24 13:01:53.656 1176 1176 D HuaweiWifiWatchdogStateMachine: setSampleRtt: unvalid rtt
04-24 13:01:53.656 1176 1406 I HuaweiWifiWatchdogStateMachine: spd good count:0, add sc:0.0, rate:1.0
04-24 13:01:53.656 1176 1406 I HuaweiWifiWatchdogStateMachine: current mHighDataFlowRate = 1.0
04-24 13:01:53.656 1176 1406 I HuaweiWifiWatchdogStateMachine: POta txb txg rxg:0, 30, 0. Lr =0% Totpkt=30
04-24 13:01:53.657 1176 1176 I HwQoEJNI: send_cmd_kernel. begin
04-24 13:01:53.657 1176 1176 I HwQoEJNI: send_cmd_kernel. end
04-24 13:01:53.658 1176 1176 I QosMonitor: postEventFromNative: msg=100,arg1=0,arg2=10
04-24 13:01:53.658 1176 1176 I MQoS : rtt=320,tcp_tx_pkts=480976,tcp_rx_pkts=921438
04-24 13:01:53.659 1176 1406 D HuaweiWifiWatchdogStateMachine: dumpTcpResult: len=10,rtt=320,rttPkt=1,rttWn=61,cgt=0,cgtWn=0
04-24 13:01:53.660 1176 1406 I HuaweiWifiWatchdogStateMachine: PTcp RTT:0, rtt pkt=0, tcp_rx=0, tcp_tx=0, tcp_reTran=0, rtRate=0
04-24 13:01:53.660 1176 1406 D HuaweiWifiWatchdogStateMachine: mRssiBadCount =0, RSSI not bad.
04-24 13:01:53.660 1176 1406 D HuaweiWifiWatchdogStateMachine: detectNetworkAvailable:hw.wifipro.dns_fail_count = 131
04-24 13:01:53.660 1176 1406 D HuaweiWifiWatchdogStateMachine: bqeLevel = 2 rtt=0,rtt_pkts=0 speed=26 rssi=-30
04-24 13:01:53.661 1176 1406 D HuaweiWifiWatchdogStateMachine: Enter updateQoeLevel level = 2
04-24 13:01:53.661 1176 1406 D HuaweiWifiWatchdogStateMachine: updateQoeLevel current level equal to mLastDetectLevel, return
04-24 13:01:53.661 1176 1406 D HuaweiWifiWatchdogStateMachine: did not have any network action
04-24 13:01:53.669 1176 3515 I MQoS : QOS_level:0(0),wifi-link;SIM error;use level-0
04-24 13:01:54.555 1176 1338 D HwWifiStatStore: handleMessage : 200
04-24 13:01:54.966 1176 1392 D HwArpVerifier: performPollAndLog:
04-24 13:01:54.970 1176 1392 D hw_netstat: total/56/84,unknown:0/56/84
04-24 13:01:55.402 1176 1176 I TrafficMonitor: update:rxPkts:0,txPkts:0,rxBytes:0,txBytes:0
04-24 13:01:55.402 1176 1176 I TrafficMonitor: start expired. level:-1
04-24 13:01:55.403 1176 1176 I TrafficMonitor: gettimer:interval=2000
04-24 13:01:57.408 1176 1176 I TrafficMonitor: update:rxPkts:0,txPkts:0,rxBytes:0,txBytes:0
04-24 13:01:57.408 1176 1176 I TrafficMonitor: start expired. level:-1
04-24 13:01:57.409 1176 1176 I TrafficMonitor: gettimer:interval=2000
04-24 13:01:57.560 1176 1338 D HwWifiStatStore: handleMessage : 200
04-24 13:01:57.921 777 777 E : [E/capacity_limit_control] not demo version, not set power control prop!
04-24 13:01:57.944 1176 1288 D HwBatteryService: onUEvent fcpStatus = 0,scpStatus =0,ovpStatus=0
04-24 13:01:57.946 1176 1288 I UsbDeviceManager: water_intrused state= 0
04-24 13:01:57.956 1176 1176 D HwInnerWifiManagerImpl: SupplicantState = COMPLETED
04-24 13:01:57.957 1176 1176 D HwInnerWifiManagerImpl: isPhoneAP = false
04-24 13:01:57.958 1176 1176 D HwInnerWifiManagerImpl: SupplicantState = COMPLETED
04-24 13:01:57.959 1176 1176 D HwInnerWifiManagerImpl: isPhoneAP = false
04-24 13:01:57.959 1176 1176 D WifiStateMachine: mBcastReceiver: PluggedType = 2 mIsScanCtrlPluggedin = true
04-24 13:01:57.959 1176 1176 D HwWifiService: mPluggedType =2
04-24 13:01:57.960 1176 1176 D WifiService: onReceive, action:android.intent.action.BATTERY_CHANGED
04-24 13:01:57.961 1176 1176 D WifiService: ACTION_BATTERY_CHANGED pluggedType: 2
04-24 13:01:57.963 1463 1463 D KeyguardUpdateMonitor: received broadcast android.intent.action.BATTERY_CHANGED
04-24 13:01:57.964 1463 1463 W KeyguardUpdateMonitor: ACTION_BATTERY_CHANGED AMP: 500000; Volt: 5000000
04-24 13:01:57.965 1463 1463 V KeyguardUpdateMonitor: RefreshBatteryInfo isBatteryLow: 77
04-24 13:01:57.965 1463 1463 W KeyguardUpdateMonitor: ChargingSpeed Wattage: 2500000 ST: 5000000 --> 7500000
04-24 13:01:57.965 1463 1463 I KgBattery: BatteryInfo updated: 2lPc0
04-24 13:01:57.965 1463 1463 W AppHandler: sendMessage with obj100
04-24 13:01:57.965 1463 1463 D KeyguardUpdateMonitor: handleBatteryUpdate
04-24 13:01:57.967 1463 1463 W HwLockScreenPanel: Handle message: 100
04-24 13:01:57.967 1463 1463 W HwKeyguardBottomArea: updateBatteryInfo : false true
04-24 13:01:57.968 1463 1463 W KgBattery: getCharge info with type: text
