04-24 13:16:40.668 8853 8876 D Unity : System memory in use after: 52.2 MB.
04-24 13:16:40.668 8853 8876 D Unity :
04-24 13:16:40.668 8853 8876 D Unity : Unloading 77 unused Assets to reduce memory usage. Loaded Objects now: 1172.
04-24 13:16:40.668 8853 8876 D Unity : Total: 40.698000 ms (FindLiveObjects: 0.613000 ms CreateObjectMapping: 0.174000 ms MarkObjects: 28.595000 ms DeleteObjects: 11.311000 ms)
04-24 13:16:40.668 8853 8876 D Unity :
04-24 13:16:40.681 683 683 E HWComposer: getLayerReleaseFence: Invalid display
04-24 13:16:40.681 683 683 E HWComposer: getPresentFence failed for invalid display -1
04-24 13:16:40.695 1176 1490 V WindowManager: Relayout window turning screen on: Window{aa1b47d u0 com.jiansheng.blmn.demo/com.jiansheng.blmn.MainActivity}
04-24 13:16:40.727 683 683 E HWComposer: getLayerReleaseFence: Invalid display
04-24 13:16:40.728 683 683 E HWComposer: getPresentFence failed for invalid display -1
04-24 13:16:40.849 683 683 E HWComposer: getLayerReleaseFence: Invalid display
04-24 13:16:40.849 683 683 E HWComposer: getPresentFence failed for invalid display -1
04-24 13:16:41.149 1176 1392 D HwArpVerifier: performPollAndLog:
04-24 13:16:41.152 1176 1392 D hw_netstat: total/1072/1260,com.jiansheng.blmn.demo/1072/1260
04-24 13:16:41.983 1176 1176 I TrafficMonitor: update:rxPkts:12,txPkts:3,rxBytes:1541,txBytes:268
04-24 13:16:41.983 1176 1176 I TrafficMonitor: start expired. level:-1
04-24 13:16:41.983 1176 1176 I TrafficMonitor: gettimer:interval=2000
04-24 13:16:42.181 683 683 E HWComposer: getLayerReleaseFence: Invalid display
04-24 13:16:42.181 683 683 E HWComposer: getPresentFence failed for invalid display -1
04-24 13:16:42.205 8853 9051 D Unity : Setting up 1 worker threads for Enlighten.
04-24 13:16:42.206 8853 9052 D Unity : Thread -> id: ffffffff90802970 -> priority: 1
04-24 13:16:42.262 683 683 E HWComposer: getLayerReleaseFence: Invalid display
04-24 13:16:42.262 683 683 E HWComposer: getPresentFence failed for invalid display -1
04-24 13:16:42.285 768 859 I iMonitor: create: 902010003
04-24 13:16:42.288 768 859 I iMonitor: send: 902010003
04-24 13:16:42.321 683 683 E HWComposer: getLayerReleaseFence: Invalid display
04-24 13:16:42.321 683 683 E HWComposer: getPresentFence failed for invalid display -1
04-24 13:16:42.347 683 683 E HWComposer: getLayerReleaseFence: Invalid display
04-24 13:16:42.347 683 683 E HWComposer: getPresentFence failed for invalid display -1
04-24 13:16:42.413 683 683 E HWComposer: getLayerReleaseFence: Invalid display
04-24 13:16:42.413 683 683 E HWComposer: getPresentFence failed for invalid display -1
04-24 13:16:42.427 742 742 E wificond: Failed to get NL80211_RATE_INFO_NOISE
04-24 13:16:42.427 742 742 E wificond: Failed to get NL80211_RATE_INFO_SNR
04-24 13:16:42.427 742 742 E wificond: Failed to get NL80211_STA_INFO_CNAHLOAD
04-24 13:16:42.427 1176 1337 E WificondControl: Noise: 0, Snr: -1, Chload: -1
04-24 13:16:42.428 1176 1339 D HwWifiCHRStateManager: handleMessage : 1001
04-24 13:16:42.428 1176 1339 D HwWifiCHRStateManager: handleUpdateChannel:2412
04-24 13:16:42.428 1176 1339 V HwWifiServiceFactory: get AllImpl object = com.android.server.wifi.HwWifiServiceFactoryImpl@2205edc
04-24 13:16:42.429 742 742 E wificond: Failed to get NL80211_RATE_INFO_NOISE
04-24 13:16:42.429 742 742 E wificond: Failed to get NL80211_RATE_INFO_SNR
04-24 13:16:42.429 742 742 E wificond: Failed to get NL80211_STA_INFO_CNAHLOAD
04-24 13:16:42.429 683 683 E HWComposer: getLayerReleaseFence: Invalid display
04-24 13:16:42.429 683 683 E HWComposer: getPresentFence failed for invalid display -1
04-24 13:16:42.429 1176 1406 D HuaweiWifiWatchdogStateMachine: LM mrssi=-31
04-24 13:16:42.430 1176 1176 D WiFi_PRO: MSG_RETURN_AP_CURRY_RSSI rssi = -31
04-24 13:16:42.430 1176 1406 D HuaweiWifiWatchdogStateMachine: a4:fa:**:**:eb:b0 current loss[-45]=0%, volume=14
04-24 13:16:42.430 1176 1406 D HuaweiWifiWatchdogStateMachine: a4:fa:**:**:eb:b0 history loss[-45]=0%, volume=13826098
04-24 13:16:42.430 1176 1176 I QosMonitor: queryRtt: rtt_type = 3
04-24 13:16:42.430 1176 1406 I HuaweiWifiWatchdogStateMachine: spd good count:0, add sc:0.0, rate:1.0
04-24 13:16:42.430 1176 1406 I HuaweiWifiWatchdogStateMachine: current mHighDataFlowRate = 1.0
04-24 13:16:42.430 1176 1176 I HwQoEJNI: send_cmd_kernel. begin
04-24 13:16:42.430 1176 1406 I HuaweiWifiWatchdogStateMachine: POta txb txg rxg:0, 21, 0. Lr =0% Totpkt=21
04-24 13:16:42.430 1176 1176 I HwQoEJNI: send_cmd_kernel. end
04-24 13:16:42.430 1176 1176 I QosMonitor: postEventFromNative: msg=100,arg1=4,arg2=10
04-24 13:16:42.430 1176 1176 I HwQoEJNI: send_cmd_kernel. begin
04-24 13:16:42.430 1176 1176 I HwQoEJNI: send_cmd_kernel. end
04-24 13:16:42.430 1176 1176 I QosMonitor: postEventFromNative: msg=100,arg1=0,arg2=10
04-24 13:16:42.430 1176 1176 D HuaweiWifiWatchdogStateMachine: a4:fa:**:**:eb:b0 current RTT[-45]=210, volume=3
04-24 13:16:42.430 1176 1176 D HuaweiWifiWatchdogStateMachine: a4:fa:**:**:eb:b0 history RTT[-45]=510, volume=60969
04-24 13:16:42.430 1176 1176 D HuaweiWifiWatchdogStateMachine: setSampleRtt: rtt=210,rtt_pkts =3,rtt_when=2
04-24 13:16:42.430 1176 1176 I MQoS : rtt=210,tcp_tx_pkts=481203,tcp_rx_pkts=921642
04-24 13:16:42.431 1176 1176 I QosMonitor: resetRtt: rtt_type = 3
04-24 13:16:42.431 1176 1176 I HwQoEJNI: send_cmd_kernel. begin
04-24 13:16:42.431 1176 1176 I HwQoEJNI: send_cmd_kernel. end
04-24 13:16:42.432 1176 3109 D HwWifiConnectivityMonitor: ENTER: notifyTopUidTcpInfo, tx = 7, rx = 7, reTx = 0, uid = 10848, tr = 0.0
04-24 13:16:42.432 1176 1406 D HuaweiWifiWatchdogStateMachine: dumpTcpResult: len=10,rtt=210,rttPkt=3,rttWn=2,cgt=0,cgtWn=0
04-24 13:16:42.432 1176 1406 I HuaweiWifiWatchdogStateMachine: PTcp RTT:210, rtt pkt=3, tcp_rx=7, tcp_tx=7, tcp_reTran=0, rtRate=0
04-24 13:16:42.432 1176 3109 D HwWifiConnectivityMonitor: ENTER: notifyTopUidTcpInfo, rtt = 64, rttPkts = 3, aveRtt = 21.333334, app = com.jiansheng.blmn.demo
04-24 13:16:42.432 1176 1406 D HuaweiWifiWatchdogStateMachine: isRttGood is good, AvgRtt = 210, TotPkt = 3
04-24 13:16:42.432 1176 1406 D HuaweiWifiWatchdogStateMachine: mRssiBadCount =0, RSSI not bad.
04-24 13:16:42.432 1176 1406 D HuaweiWifiWatchdogStateMachine: detectNetworkAvailable:hw.wifipro.dns_fail_count = 131
04-24 13:16:42.432 1176 1406 D HuaweiWifiWatchdogStateMachine: detectNetworkAvailable: tcpRxPkts != 0, reset
04-24 13:16:42.433 1176 1406 I HuaweiWifiWatchdogStateMachine: rs ota tcp lr rttvb bad: false, false, false, false, false; rsth:-75
04-24 13:16:42.433 1176 1406 D HuaweiWifiWatchdogStateMachine: GSC:0, GSR:1.0, RSR:1.0, RTH:-75
04-24 13:16:42.433 1176 3109 D HwUidTcpMonitor: parseWlanUidTcpStatistics lastUidTcpStatInfo = [ mUid = 10848 mPacketName = com.jiansheng.blmn.demo mSendSegs = 2669 mResendSegs = 0 mRcvSegs = 3061 ]
04-24 13:16:42.433 1176 1406 I HuaweiWifiWatchdogStateMachine: judge good link######, goodLinkLevel=3
04-24 13:16:42.433 1176 1406 I HuaweiWifiWatchdogStateMachine: sendResultMsgToQM bssid:a4:fa:**:**:eb:b0, qoslevel=3
04-24 13:16:42.433 1176 1406 I HuaweiWifiWatchdogStateMachine: link good reported, good base rssi:-34
04-24 13:16:42.433 1176 1406 D HuaweiWifiWatchdogStateMachine: goodperiod count=0, rb rttg sg =false, true, false
04-24 13:16:42.433 1176 1406 D HuaweiWifiWatchdogStateMachine: bqeLevel = 3 rtt=210,rtt_pkts=3 speed=1046 rssi=-31
04-24 13:16:42.433 1176 1406 D HuaweiWifiWatchdogStateMachine: Enter updateQoeLevel level = 3
04-24 13:16:42.433 1176 1406 D HuaweiWifiWatchdogStateMachine: updateQoeLevel need two more periods, return
04-24 13:16:42.433 1176 1406 I HuaweiWifiWatchdogStateMachine: pkt chk not bad, reset sc to 0.
04-24 13:16:42.433 1176 1406 D HuaweiWifiWatchdogStateMachine: ### mPktChkBadCnt=0
04-24 13:16:42.433 1176 1400 D HwWifiConnectivityMonitor: handleTopUidInternetStatusChanged, uid = 10848, status = 0
04-24 13:16:42.433 1176 1176 D WiFi_PRO_WifiProStateMachine: onNetworkQosChange, currentWifiLevel == 3, wifiNoInternet = false, updateUiOnly = true
04-24 13:16:42.435 1176 3515 I MQoS : QOS_level:0(0),wifi-link;SIM error;use level-0
04-24 13:16:42.435 1176 3515 I MQoS : skip-low-Level:0(0),wifi-link;SIM error;use level-0
04-24 13:16:42.445 683 683 E HWComposer: getLayerReleaseFence: Invalid display
04-24 13:16:42.445 683 683 E HWComposer: getPresentFence failed for invalid display -1
04-24 13:16:42.478 683 683 E HWComposer: getLayerReleaseFence: Invalid display
04-24 13:16:42.478 683 683 E HWComposer: getPresentFence failed for invalid display -1
04-24 13:16:42.513 683 683 E HWComposer: getLayerReleaseFence: Invalid display
04-24 13:16:42.513 683 683 E HWComposer: getPresentFence failed for invalid display -1
04-24 13:16:42.563 683 683 E HWComposer: getLayerReleaseFence: Invalid display
04-24 13:16:42.564 683 683 E HWComposer: getPresentFence failed for invalid display -1
04-24 13:16:42.578 683 683 E HWComposer: getLayerReleaseFence: Invalid display
04-24 13:16:42.578 683 683 E HWComposer: getPresentFence failed for invalid display -1
04-24 13:16:42.595 683 683 E HWComposer: getLayerReleaseFence: Invalid display
04-24 13:16:42.595 683 683 E HWComposer: getPresentFence failed for invalid display -1
04-24 13:16:42.630 683 683 E HWComposer: getLayerReleaseFence: Invalid display
04-24 13:16:42.630 683 683 E HWComposer: getPresentFence failed for invalid display -1
04-24 13:16:42.647 683 683 E HWComposer: getLayerReleaseFence: Invalid display
04-24 13:16:42.647 683 683 E HWComposer: getPresentFence failed for invalid display -1
04-24 13:16:42.681 683 683 E HWComposer: getLayerReleaseFence: Invalid display
04-24 13:16:42.681 683 683 E HWComposer: getPresentFence failed for invalid display -1
04-24 13:16:42.696 683 683 E HWComposer: getLayerReleaseFence: Invalid display
04-24 13:16:42.697 683 683 E HWComposer: getPresentFence failed for invalid display -1
04-24 13:16:42.704 656 6282 D asd : [asd_proc_hal_data],hal data soundness: L[0],R[0]
04-24 13:16:42.731 683 683 E HWComposer: getLayerReleaseFence: Invalid display
04-24 13:16:42.731 683 683 E HWComposer: getPresentFence failed for invalid display -1
04-24 13:16:42.747 683 683 E HWComposer: getLayerReleaseFence: Invalid display
04-24 13:16:42.747 683 683 E HWComposer: getPresentFence failed for invalid display -1
04-24 13:16:42.763 683 683 E HWComposer: getLayerReleaseFence: Invalid display
04-24 13:16:42.763 683 683 E HWComposer: getPresentFence failed for invalid display -1
04-24 13:16:42.849 683 683 E HWComposer: getLayerReleaseFence: Invalid display
04-24 13:16:42.849 683 683 E HWComposer: getPresentFence failed for invalid display -1
04-24 13:16:42.881 683 683 E HWComposer: getLayerReleaseFence: Invalid display
04-24 13:16:42.881 683 683 E HWComposer: getPresentFence failed for invalid display -1
04-24 13:16:42.895 683 683 E HWComposer: getLayerReleaseFence: Invalid display
04-24 13:16:42.895 683 683 E HWComposer: getPresentFence failed for invalid display -1
04-24 13:16:42.929 683 683 E HWComposer: getLayerReleaseFence: Invalid display
04-24 13:16:42.929 683 683 E HWComposer: getPresentFence failed for invalid display -1
04-24 13:16:42.963 683 683 E HWComposer: getLayerReleaseFence: Invalid display
04-24 13:16:42.963 683 683 E HWComposer: getPresentFence failed for invalid display -1
04-24 13:16:42.979 683 683 E HWComposer: getLayerReleaseFence: Invalid display
04-24 13:16:42.979 683 683 E HWComposer: getPresentFence failed for invalid display -1
04-24 13:16:42.996 683 683 E HWComposer: getLayerReleaseFence: Invalid display
04-24 13:16:42.996 683 683 E HWComposer: getPresentFence failed for invalid display -1
04-24 13:16:43.029 683 683 E HWComposer: getLayerReleaseFence: Invalid display
04-24 13:16:43.029 683 683 E HWComposer: getPresentFence failed for invalid display -1
04-24 13:16:43.063 683 683 E HWComposer: getLayerReleaseFence: Invalid display
04-24 13:16:43.063 683 683 E HWComposer: getPresentFence failed for invalid display -1
04-24 13:16:43.076 1176 1338 D HwWifiStatStore: handleMessage : 200
04-24 13:16:43.080 683 683 E HWComposer: getLayerReleaseFence: Invalid display
04-24 13:16:43.080 683 683 E HWComposer: getPresentFence failed for invalid display -1
04-24 13:16:43.095 683 683 E HWComposer: getLayerReleaseFence: Invalid display
04-24 13:16:43.095 683 683 E HWComposer: getPresentFence failed for invalid display -1
04-24 13:16:43.147 683 683 E HWComposer: getLayerReleaseFence: Invalid display
04-24 13:16:43.147 683 683 E HWComposer: getPresentFence failed for invalid display -1
04-24 13:16:43.163 683 683 E HWComposer: getLayerReleaseFence: Invalid display
04-24 13:16:43.163 683 683 E HWComposer: getPresentFence failed for invalid display -1
04-24 13:16:43.179 683 683 E HWComposer: getLayerReleaseFence: Invalid display
04-24 13:16:43.179 683 683 E HWComposer: getPresentFence failed for invalid display -1
04-24 13:16:43.212 683 683 E HWComposer: getLayerReleaseFence: Invalid display
04-24 13:16:43.212 683 683 E HWComposer: getPresentFence failed for invalid display -1
04-24 13:16:43.246 683 683 E HWComposer: getLayerReleaseFence: Invalid display
04-24 13:16:43.246 683 683 E HWComposer: getPresentFence failed for invalid display -1
04-24 13:16:43.279 683 683 E HWComposer: getLayerReleaseFence: Invalid display
04-24 13:16:43.279 683 683 E HWComposer: getPresentFence failed for invalid display -1
04-24 13:16:43.311 679 679 E WifiHAL : enter wifi_get_link_stats
04-24 13:16:43.312 683 683 E HWComposer: getLayerReleaseFence: Invalid display
04-24 13:16:43.312 742 742 E wificond: Failed to get NL80211_RATE_INFO_NOISE
04-24 13:16:43.312 742 742 E wificond: Failed to get NL80211_RATE_INFO_SNR
04-24 13:16:43.312 683 683 E HWComposer: getPresentFence failed for invalid display -1
04-24 13:16:43.312 742 742 E wificond: Failed to get NL80211_STA_INFO_CNAHLOAD
04-24 13:16:43.313 1176 1337 E WificondControl: Noise: 0, Snr: -1, Chload: -1
04-24 13:16:43.313 1176 1339 D HwWifiCHRStateManager: handleMessage : 1001
04-24 13:16:43.313 1176 1339 D HwWifiCHRStateManager: handleUpdateChannel:2412
04-24 13:16:43.313 1176 1339 V HwWifiServiceFactory: get AllImpl object = com.android.server.wifi.HwWifiServiceFactoryImpl@2205edc
04-24 13:16:43.314 1176 1337 D HwCustWifiStateMachineReferenceImpl: checkRssiOverThreshold newRssi = -31
04-24 13:16:43.314 1176 1337 D WifiScoreReport: Score = 100, wifiConnectivityManagerEnabled = false, lowScoreCount = 0
04-24 13:16:43.346 683 683 E HWComposer: getLayerReleaseFence: Invalid display
04-24 13:16:43.346 683 683 E HWComposer: getPresentFence failed for invalid display -1
04-24 13:16:43.397 683 683 E HWComposer: getLayerReleaseFence: Invalid display
04-24 13:16:43.397 683 683 E HWComposer: getPresentFence failed for invalid display -1
04-24 13:16:43.412 683 683 E HWComposer: getLayerReleaseFence: Invalid display
04-24 13:16:43.412 683 683 E HWComposer: getPresentFence failed for invalid display -1
04-24 13:16:43.464 683 683 E HWComposer: getLayerReleaseFence: Invalid display
04-24 13:16:43.464 683 683 E HWComposer: getPresentFence failed for invalid display -1
04-24 13:16:43.498 683 683 E HWComposer: getLayerReleaseFence: Invalid display
04-24 13:16:43.498 683 683 E HWComposer: getPresentFence failed for invalid display -1
04-24 13:16:43.514 683 683 E HWComposer: getLayerReleaseFence: Invalid display
04-24 13:16:43.514 683 683 E HWComposer: getPresentFence failed for invalid display -1
04-24 13:16:43.548 683 683 E HWComposer: getLayerReleaseFence: Invalid display
04-24 13:16:43.548 683 683 E HWComposer: getPresentFence failed for invalid display -1
04-24 13:16:43.564 683 683 E HWComposer: getLayerReleaseFence: Invalid display
04-24 13:16:43.564 683 683 E HWComposer: getPresentFence failed for invalid display -1
04-24 13:16:43.596 683 683 E HWComposer: getLayerReleaseFence: Invalid display
04-24 13:16:43.596 683 683 E HWComposer: getPresentFence failed for invalid display -1
04-24 13:16:43.612 683 683 E HWComposer: getLayerReleaseFence: Invalid display
04-24 13:16:43.612 683 683 E HWComposer: getPresentFence failed for invalid display -1
04-24 13:16:43.628 683 683 E HWComposer: getLayerReleaseFence: Invalid display
04-24 13:16:43.628 683 683 E HWComposer: getPresentFence failed for invalid display -1
04-24 13:16:43.662 683 683 E HWComposer: getLayerReleaseFence: Invalid display
04-24 13:16:43.662 683 683 E HWComposer: getPresentFence failed for invalid display -1
04-24 13:16:43.678 683 683 E HWComposer: getLayerReleaseFence: Invalid display
04-24 13:16:43.678 683 683 E HWComposer: getPresentFence failed for invalid display -1
04-24 13:16:43.714 683 683 E HWComposer: getLayerReleaseFence: Invalid display
04-24 13:16:43.714 683 683 E HWComposer: getPresentFence failed for invalid display -1
04-24 13:16:43.765 683 683 E HWComposer: getLayerReleaseFence: Invalid display
04-24 13:16:43.765 683 683 E HWComposer: getPresentFence failed for invalid display -1
04-24 13:16:43.779 683 683 E HWComposer: getLayerReleaseFence: Invalid display
04-24 13:16:43.780 683 683 E HWComposer: getPresentFence failed for invalid display -1
04-24 13:16:43.796 683 683 E HWComposer: getLayerReleaseFence: Invalid display
04-24 13:16:43.796 683 683 E HWComposer: getPresentFence failed for invalid display -1
04-24 13:16:43.830 683 683 E HWComposer: getLayerReleaseFence: Invalid display
04-24 13:16:43.830 683 683 E HWComposer: getPresentFence failed for invalid display -1
04-24 13:16:43.847 683 683 E HWComposer: getLayerReleaseFence: Invalid display
04-24 13:16:43.847 683 683 E HWComposer: getPresentFence failed for invalid display -1
04-24 13:16:43.879 683 683 E HWComposer: getLayerReleaseFence: Invalid display
04-24 13:16:43.879 683 683 E HWComposer: getPresentFence failed for invalid display -1
04-24 13:16:43.896 683 683 E HWComposer: getLayerReleaseFence: Invalid display
04-24 13:16:43.896 683 683 E HWComposer: getPresentFence failed for invalid display -1
04-24 13:16:43.930 683 683 E HWComposer: getLayerReleaseFence: Invalid display
04-24 13:16:43.930 683 683 E HWComposer: getPresentFence failed for invalid display -1
04-24 13:16:43.963 683 683 E HWComposer: getLayerReleaseFence: Invalid display
04-24 13:16:43.963 683 683 E HWComposer: getPresentFence failed for invalid display -1
04-24 13:16:43.984 1176 1176 I TrafficMonitor: update:rxPkts:27,txPkts:2,rxBytes:1993,txBytes:376
04-24 13:16:43.984 1176 1176 I TrafficMonitor: start expired. level:-1
04-24 13:16:43.985 1176 1176 I TrafficMonitor: gettimer:interval=2000
04-24 13:16:44.013 683 683 E HWComposer: getLayerReleaseFence: Invalid display
04-24 13:16:44.013 683 683 E HWComposer: getPresentFence failed for invalid display -1
04-24 13:16:44.129 683 683 E HWComposer: getLayerReleaseFence: Invalid display
04-24 13:16:44.130 683 683 E HWComposer: getPresentFence failed for invalid display -1
04-24 13:16:44.443 8853 8876 D Unity : Shader 'MoleGame/Scene/Building_light': fallback shader 'Mobile-VertexLit' not found
04-24 13:16:44.649 683 683 E HWComposer: getLayerReleaseFence: Invalid display
04-24 13:16:44.649 683 683 E HWComposer: getPresentFence failed for invalid display -1
04-24 13:16:44.664 768 859 I iMonitor: create: 902010003
04-24 13:16:44.668 768 859 I iMonitor: send: 902010003
04-24 13:16:44.765 683 683 E HWComposer: getLayerReleaseFence: Invalid display
04-24 13:16:44.765 683 683 E HWComposer: getPresentFence failed for invalid display -1
04-24 13:16:44.781 683 683 E HWComposer: getLayerReleaseFence: Invalid display
04-24 13:16:44.781 683 683 E HWComposer: getPresentFence failed for invalid display -1
04-24 13:16:44.844 683 683 E HWComposer: getLayerReleaseFence: Invalid display
04-24 13:16:44.844 683 683 E HWComposer: getPresentFence failed for invalid display -1
04-24 13:16:44.876 683 683 E HWComposer: getLayerReleaseFence: Invalid display
04-24 13:16:44.877 683 683 E HWComposer: getPresentFence failed for invalid display -1
04-24 13:16:44.929 683 683 E HWComposer: getLayerReleaseFence: Invalid display
04-24 13:16:44.929 683 683 E HWComposer: getPresentFence failed for invalid display -1
04-24 13:16:44.982 1176 1176 I TrafficMonitor: expired arrive. level:-1
04-24 13:16:44.982 1176 1176 I TrafficMonitor: during_ms:2001,period_ms:2000
04-24 13:16:44.982 1176 1176 I TrafficMonitor: count:339,rx_sum:27,tx_sum:2,rxBytes:1993,during_ms:2001,rx_speed:996.0019990004998,tx_speed:187.90604697651176,rto:13.5
04-24 13:16:44.982 1176 1176 D HuaweiWifiWatchdogStateMachine: speed: rxpkt:27, rxSpd:996B/s, txpkt:2, txSpd:187
04-24 13:16:45.047 683 683 E HWComposer: getLayerReleaseFence: Invalid display
04-24 13:16:45.047 683 683 E HWComposer: getPresentFence failed for invalid display -1
04-24 13:16:45.080 683 683 E HWComposer: getLayerReleaseFence: Invalid display
04-24 13:16:45.080 683 683 E HWComposer: getPresentFence failed for invalid display -1
04-24 13:16:45.082 1176 1176 D HwInnerWifiManagerImpl: SupplicantState = COMPLETED
04-24 13:16:45.082 1176 1176 D HwInnerWifiManagerImpl: isPhoneAP = false
04-24 13:16:45.083 1176 1176 D HwInnerWifiManagerImpl: SupplicantState = COMPLETED
04-24 13:16:45.083 1176 1176 D HwInnerWifiManagerImpl: isPhoneAP = false
04-24 13:16:45.083 1176 1176 D WifiStateMachine: mBcastReceiver: PluggedType = 2 mIsScanCtrlPluggedin = true
04-24 13:16:45.087 1463 1463 D KeyguardUpdateMonitor: received broadcast android.intent.action.BATTERY_CHANGED
04-24 13:16:45.087 1463 1463 W KeyguardUpdateMonitor: ACTION_BATTERY_CHANGED AMP: 500000; Volt: 5000000
04-24 13:16:45.087 1463 1463 V KeyguardUpdateMonitor: RefreshBatteryInfo isBatteryLow: 79
04-24 13:16:45.087 1463 1463 W KeyguardUpdateMonitor: ChargingSpeed Wattage: 2500000 ST: 5000000 --> 7500000
04-24 13:16:45.087 1463 1463 I KgBattery: BatteryInfo updated: 2lPc0
04-24 13:16:45.087 1463 1463 W AppHandler: sendMessage with obj100
04-24 13:16:45.088 1463 1463 D KeyguardUpdateMonitor: handleBatteryUpdate
04-24 13:16:45.088 1463 1463 W HwLockScreenPanel: Handle message: 100
04-24 13:16:45.088 1463 1463 W HwKeyguardBottomArea: updateBatteryInfo : false true
04-24 13:16:45.088 1463 1463 W KgBattery: getCharge info with type: text
04-24 13:16:45.091 1729 1729 I MsgReceiver: intent action: android.intent.action.BATTERY_CHANGED
04-24 13:16:45.091 5515 5671 E CloudAlbum[8.1.2.309]: [ReceiverManager] not log on ignore
04-24 13:16:45.092 1176 1176 D HwWifiService: mPluggedType =2
04-24 13:16:45.093 1176 1176 D WifiService: onReceive, action:android.intent.action.BATTERY_CHANGED
04-24 13:16:45.093 1176 1176 D WifiService: ACTION_BATTERY_CHANGED pluggedType: 2
04-24 13:16:45.095 1463 1463 W HwLockScreenPanel: refreshBatteryInfo: null
04-24 13:16:45.111 683 683 E HWComposer: getLayerReleaseFence: Invalid display
04-24 13:16:45.111 683 683 E HWComposer: getPresentFence failed for invalid display -1
04-24 13:16:45.228 683 683 E HWComposer: getLayerReleaseFence: Invalid display
04-24 13:16:45.228 683 683 E HWComposer: getPresentFence failed for invalid display -1
04-24 13:16:45.277 683 683 E HWComposer: getLayerReleaseFence: Invalid display
04-24 13:16:45.277 683 683 E HWComposer: getPresentFence failed for invalid display -1
04-24 13:16:45.344 777 777 E : [E/capacity_limit_control] not demo version, not set power control prop!
04-24 13:16:45.377 741 741 E Thermal-daemon: [shell_temp] temp_new :32 temp_old :31
04-24 13:16:45.378 1729 18882 I ThermalService: Receive temperature change, type: 22, temp: 32 from thermald
04-24 13:16:45.378 1729 18882 I ThermalTrace_ThermalRaise: Shell:30,31,32,currentBatteryTemp:28
04-24 13:16:45.378 1729 2560 W HwThermalStateManager: warning: no config thermal type:22 temperature:32
04-24 13:16:45.379 741 741 E Thermal-daemon: Report temperature: [shell_temp] temp :32 report_threshold:1
04-24 13:16:45.379 741 741 E Thermal-daemon: [battery] temp_new :29 temp_old :28
04-24 13:16:45.379 1729 27267 I ThermalService: Receive temperature change, type: 9, temp: 29 from thermald
04-24 13:16:45.380 1729 27267 I ThermalTrace_ThermalRaise: Battery:29
04-24 13:16:45.380 741 741 E Thermal-daemon: Report temperature: [battery] temp :29 report_threshold:1
04-24 13:16:45.381 1729 2560 W HwThermalStateManager: warning: no config thermal type:9 temperature:29
04-24 13:16:45.382 741 741 E Thermal-daemon: [charger_ic] temp_new :34 temp_old :35
04-24 13:16:45.382 1729 27267 I ThermalService: Receive temperature change, type: 2, temp: 34 from thermald
04-24 13:16:45.382 1729 2560 W HwThermalStateManager: warning: no config thermal type:2 temperature:34
04-24 13:16:45.382 741 741 E Thermal-daemon: Report temperature: [charger_ic] temp :34 report_threshold:1
04-24 13:16:45.397 683 683 E HWComposer: getLayerReleaseFence: Invalid display
04-24 13:16:45.397 683 683 E HWComposer: getPresentFence failed for invalid display -1
04-24 13:16:45.445 683 683 E HWComposer: getLayerReleaseFence: Invalid display
04-24 13:16:45.446 683 683 E HWComposer: getPresentFence failed for invalid display -1
04-24 13:16:45.529 683 683 E HWComposer: getLayerReleaseFence: Invalid display
04-24 13:16:45.529 683 683 E HWComposer: getPresentFence failed for invalid display -1
04-24 13:16:45.647 683 683 E HWComposer: getLayerReleaseFence: Invalid display
04-24 13:16:45.647 683 683 E HWComposer: getPresentFence failed for invalid display -1
04-24 13:16:45.697 683 683 E HWComposer: getLayerReleaseFence: Invalid display
04-24 13:16:45.698 683 683 E HWComposer: getPresentFence failed for invalid display -1
04-24 13:16:45.813 683 683 E HWComposer: getLayerReleaseFence: Invalid display
04-24 13:16:45.813 683 683 E HWComposer: getPresentFence failed for invalid display -1
04-24 13:16:45.931 683 683 E HWComposer: getLayerReleaseFence: Invalid display
04-24 13:16:45.931 683 683 E HWComposer: getPresentFence failed for invalid display -1
04-24 13:16:45.986 1176 1176 I TrafficMonitor: update:rxPkts:13,txPkts:2,rxBytes:936,txBytes:376
04-24 13:16:45.986 1176 1176 I TrafficMonitor: start expired. level:-1
04-24 13:16:45.987 1176 1176 I TrafficMonitor: gettimer:interval=2000
04-24 13:16:46.047 683 683 E HWComposer: getLayerReleaseFence: Invalid display
04-24 13:16:46.047 683 683 E HWComposer: getPresentFence failed for invalid display -1
04-24 13:16:46.081 1176 1338 D HwWifiStatStore: handleMessage : 200
04-24 13:16:46.114 683 683 E HWComposer: getLayerReleaseFence: Invalid display
04-24 13:16:46.114 683 683 E HWComposer: getPresentFence failed for invalid display -1
04-24 13:16:46.157 1176 1392 D HwArpVerifier: performPollAndLog:
04-24 13:16:46.160 1176 1392 D hw_netstat: total/696/752,com.jiansheng.blmn.demo/0/752,unknown:0/696/0
04-24 13:16:46.179 683 683 E HWComposer: getLayerReleaseFence: Invalid display
04-24 13:16:46.179 683 683 E HWComposer: getPresentFence failed for invalid display -1
04-24 13:16:46.296 683 683 E HWComposer: getLayerReleaseFence: Invalid display
04-24 13:16:46.296 683 683 E HWComposer: getPresentFence failed for invalid display -1
04-24 13:16:46.318 679 679 E WifiHAL : enter wifi_get_link_stats
04-24 13:16:46.323 742 742 E wificond: Failed to get NL80211_RATE_INFO_NOISE
04-24 13:16:46.323 742 742 E wificond: Failed to get NL80211_RATE_INFO_SNR
04-24 13:16:46.323 742 742 E wificond: Failed to get NL80211_STA_INFO_CNAHLOAD
04-24 13:16:46.323 1176 1337 E WificondControl: Noise: 0, Snr: -1, Chload: -1
04-24 13:16:46.324 1176 1339 D HwWifiCHRStateManager: handleMessage : 1001
04-24 13:16:46.325 1176 1339 D HwWifiCHRStateManager: handleUpdateChannel:2412
04-24 13:16:46.325 1176 1339 V HwWifiServiceFactory: get AllImpl object = com.android.server.wifi.HwWifiServiceFactoryImpl@2205edc
04-24 13:16:46.325 1176 1337 D HwCustWifiStateMachineReferenceImpl: checkRssiOverThreshold newRssi = -35
04-24 13:16:46.326 1176 1337 D WifiScoreReport: Score = 100, wifiConnectivityManagerEnabled = false, lowScoreCount = 0
04-24 13:16:46.864 683 683 E HWComposer: getLayerReleaseFence: Invalid display
04-24 13:16:46.864 683 683 E HWComposer: getPresentFence failed for invalid display -1
04-24 13:16:46.883 768 859 I iMonitor: create: 902010003
04-24 13:16:46.887 768 859 I iMonitor: send: 902010003
04-24 13:16:46.979 683 683 E HWComposer: getLayerReleaseFence: Invalid display
04-24 13:16:46.979 683 683 E HWComposer: getPresentFence failed for invalid display -1
04-24 13:16:47.112 683 683 E HWComposer: getLayerReleaseFence: Invalid display
04-24 13:16:47.112 683 683 E HWComposer: getPresentFence failed for invalid display -1
04-24 13:16:47.144 683 683 E HWComposer: getLayerReleaseFence: Invalid display
04-24 13:16:47.144 683 683 E HWComposer: getPresentFence failed for invalid display -1
04-24 13:16:47.210 683 683 E HWComposer: getLayerReleaseFence: Invalid display
04-24 13:16:47.210 683 683 E HWComposer: getPresentFence failed for invalid display -1
04-24 13:16:47.327 683 683 E HWComposer: getLayerReleaseFence: Invalid display
04-24 13:16:47.327 683 683 E HWComposer: getPresentFence failed for invalid display -1
04-24 13:16:47.797 683 683 E HWComposer: getLayerReleaseFence: Invalid display
04-24 13:16:47.798 683 683 E HWComposer: getPresentFence failed for invalid display -1
04-24 13:16:47.811 768 859 I iMonitor: create: 902010003
04-24 13:16:47.814 768 859 I iMonitor: send: 902010003
04-24 13:16:47.913 683 683 E HWComposer: getLayerReleaseFence: Invalid display
04-24 13:16:47.913 683 683 E HWComposer: getPresentFence failed for invalid display -1
04-24 13:16:47.988 1176 1176 I TrafficMonitor: update:rxPkts:14,txPkts:2,rxBytes:1099,txBytes:376
04-24 13:16:47.988 1176 1176 I TrafficMonitor: start expired. level:-1
04-24 13:16:47.989 1176 1176 I TrafficMonitor: gettimer:interval=2000
04-24 13:16:47.997 683 683 E HWComposer: getLayerReleaseFence: Invalid display
04-24 13:16:47.997 683 683 E HWComposer: getPresentFence failed for invalid display -1
04-24 13:16:48.117 683 683 E HWComposer: getLayerReleaseFence: Invalid display
04-24 13:16:48.117 683 683 E HWComposer: getPresentFence failed for invalid display -1
04-24 13:16:48.429 683 683 E HWComposer: getLayerReleaseFence: Invalid display
04-24 13:16:48.429 683 683 E HWComposer: getPresentFence failed for invalid display -1
04-24 13:16:48.448 768 859 I iMonitor: create: 902010003
04-24 13:16:48.451 768 859 I iMonitor: send: 902010003
04-24 13:16:48.478 683 683 E HWComposer: getLayerReleaseFence: Invalid display
04-24 13:16:48.478 683 683 E HWComposer: getPresentFence failed for invalid display -1
04-24 13:16:48.594 683 683 E HWComposer: getLayerReleaseFence: Invalid display
04-24 13:16:48.594 683 683 E HWComposer: getPresentFence failed for invalid display -1
04-24 13:16:49.086 1176 1338 D HwWifiStatStore: handleMessage : 200
04-24 13:16:49.181 683 683 E HWComposer: getLayerReleaseFence: Invalid display
04-24 13:16:49.181 683 683 E HWComposer: getPresentFence failed for invalid display -1
04-24 13:16:49.195 768 859 I iMonitor: create: 902010003
04-24 13:16:49.199 768 859 I iMonitor: send: 902010003
04-24 13:16:49.295 683 683 E HWComposer: getLayerReleaseFence: Invalid display
04-24 13:16:49.295 683 683 E HWComposer: getPresentFence failed for invalid display -1
04-24 13:16:49.329 679 679 E WifiHAL : enter wifi_get_link_stats
04-24 13:16:49.333 742 742 E wificond: Failed to get NL80211_RATE_INFO_NOISE
04-24 13:16:49.333 742 742 E wificond: Failed to get NL80211_RATE_INFO_SNR
04-24 13:16:49.333 742 742 E wificond: Failed to get NL80211_STA_INFO_CNAHLOAD
04-24 13:16:49.333 1176 1337 E WificondControl: Noise: 0, Snr: -1, Chload: -1
04-24 13:16:49.334 1176 1339 D HwWifiCHRStateManager: handleMessage : 1001
04-24 13:16:49.334 1176 1339 D HwWifiCHRStateManager: handleUpdateChannel:2412
04-24 13:16:49.334 1176 1339 V HwWifiServiceFactory: get AllImpl object = com.android.server.wifi.HwWifiServiceFactoryImpl@2205edc
04-24 13:16:49.335 1176 1337 D HwCustWifiStateMachineReferenceImpl: checkRssiOverThreshold newRssi = -33
04-24 13:16:49.335 1176 1337 D WifiScoreReport: Score = 100, wifiConnectivityManagerEnabled = false, lowScoreCount = 0
04-24 13:16:49.639 1176 1589 W Watchdog: hungtask: writing kick
04-24 13:16:49.640 1176 1202 I EventHub: EventHub monitor: no key events in the past 114s,
04-24 13:16:49.945 683 683 E HWComposer: getLayerReleaseFence: Invalid display
04-24 13:16:49.945 683 683 E HWComposer: getPresentFence failed for invalid display -1
04-24 13:16:49.957 768 859 I iMonitor: create: 902010003
04-24 13:16:49.960 768 859 I iMonitor: send: 902010003
04-24 13:16:49.989 1176 1176 I TrafficMonitor: update:rxPkts:23,txPkts:1,rxBytes:1851,txBytes:188
04-24 13:16:49.990 1176 1176 I TrafficMonitor: start expired. level:-1
04-24 13:16:49.990 1176 1176 I TrafficMonitor: gettimer:interval=2000
04-24 13:16:50.059 683 683 E HWComposer: getLayerReleaseFence: Invalid display
04-24 13:16:50.059 683 683 E HWComposer: getPresentFence failed for invalid display -1
04-24 13:16:50.196 683 683 E HWComposer: getLayerReleaseFence: Invalid display
04-24 13:16:50.196 683 683 E HWComposer: getPresentFence failed for invalid display -1
04-24 13:16:50.311 683 683 E HWComposer: getLayerReleaseFence: Invalid display
04-24 13:16:50.312 683 683 E HWComposer: getPresentFence failed for invalid display -1
04-24 13:16:50.351 777 777 E : [E/capacity_limit_control] not demo version, not set power control prop!
04-24 13:16:50.383 741 741 E Thermal-daemon: [shell_temp] temp_new :31 temp_old :32
04-24 13:16:50.384 1729 27267 I ThermalService: Receive temperature change, type: 22, temp: 31 from thermald
04-24 13:16:50.384 1729 27267 I ThermalTrace_ThermalRaise: Shell:31,32,31,currentBatteryTemp:29
04-24 13:16:50.384 1729 2560 W HwThermalStateManager: warning: no config thermal type:22 temperature:31
04-24 13:16:50.384 741 741 E Thermal-daemon: Report temperature: [shell_temp] temp :31 report_threshold:1
04-24 13:16:50.386 741 741 E Thermal-daemon: [charger_ic] temp_new :38 temp_old :34
04-24 13:16:50.387 1729 27267 I ThermalService: Receive temperature change, type: 2, temp: 38 from thermald
04-24 13:16:50.387 741 741 E Thermal-daemon: Report temperature: [charger_ic] temp :38 report_threshold:1
04-24 13:16:50.388 1729 2560 D HwThermalStateManager: Thermal type: 2 cur_temperature:38
04-24 13:16:50.388 1729 2560 W HwThermalStateManager: warning: no config thermal type:2 temperature:38
04-24 13:16:50.428 683 683 E HWComposer: getLayerReleaseFence: Invalid display
04-24 13:16:50.428 683 683 E HWComposer: getPresentFence failed for invalid display -1
04-24 13:16:50.433 742 742 E wificond: Failed to get NL80211_RATE_INFO_NOISE
04-24 13:16:50.433 742 742 E wificond: Failed to get NL80211_RATE_INFO_SNR
04-24 13:16:50.433 742 742 E wificond: Failed to get NL80211_STA_INFO_CNAHLOAD
04-24 13:16:50.434 1176 1337 E WificondControl: Noise: 0, Snr: -1, Chload: -1
04-24 13:16:50.434 1176 1339 D HwWifiCHRStateManager: handleMessage : 1001
04-24 13:16:50.434 1176 1339 D HwWifiCHRStateManager: handleUpdateChannel:2412
04-24 13:16:50.434 1176 1339 V HwWifiServiceFactory: get AllImpl object = com.android.server.wifi.HwWifiServiceFactoryImpl@2205edc
04-24 13:16:50.436 742 742 E wificond: Failed to get NL80211_RATE_INFO_NOISE
04-24 13:16:50.437 742 742 E wificond: Failed to get NL80211_RATE_INFO_SNR
04-24 13:16:50.437 742 742 E wificond: Failed to get NL80211_STA_INFO_CNAHLOAD
04-24 13:16:50.438 1176 1406 D HuaweiWifiWatchdogStateMachine: LM mrssi=-32
04-24 13:16:50.438 1176 1406 D HuaweiWifiWatchdogStateMachine: a4:fa:**:**:eb:b0 current loss[-45]=0%, volume=7
04-24 13:16:50.438 1176 1176 D WiFi_PRO: MSG_RETURN_AP_CURRY_RSSI rssi = -32
04-24 13:16:50.439 1176 1176 I QosMonitor: queryRtt: rtt_type = 3
04-24 13:16:50.439 1176 1176 I HwQoEJNI: send_cmd_kernel. begin
04-24 13:16:50.439 1176 1176 I HwQoEJNI: send_cmd_kernel. end
04-24 13:16:50.439 1176 1176 I QosMonitor: postEventFromNative: msg=100,arg1=4,arg2=10
04-24 13:16:50.440 1176 1176 D HuaweiWifiWatchdogStateMachine: setSampleRtt: unvalid rtt
04-24 13:16:50.440 1176 1406 D HuaweiWifiWatchdogStateMachine: a4:fa:**:**:eb:b0 history loss[-45]=0%, volume=13826105
04-24 13:16:50.441 1176 1406 I HuaweiWifiWatchdogStateMachine: spd good count:0, add sc:0.0, rate:1.0
04-24 13:16:50.441 1176 1406 I HuaweiWifiWatchdogStateMachine: current mHighDataFlowRate = 1.0
04-24 13:16:50.441 1176 1406 I HuaweiWifiWatchdogStateMachine: POta txb txg rxg:0, 7, 0. Lr =0% Totpkt=7
04-24 13:16:50.442 1176 1176 I HwQoEJNI: send_cmd_kernel. begin
04-24 13:16:50.442 1176 1176 I HwQoEJNI: send_cmd_kernel. end
04-24 13:16:50.442 1176 1176 I QosMonitor: postEventFromNative: msg=100,arg1=0,arg2=10
04-24 13:16:50.442 1176 1176 I MQoS : rtt=210,tcp_tx_pkts=481203,tcp_rx_pkts=921642
04-24 13:16:50.443 1176 1406 D HuaweiWifiWatchdogStateMachine: dumpTcpResult: len=10,rtt=210,rttPkt=3,rttWn=10,cgt=0,cgtWn=0
04-24 13:16:50.444 1176 1406 I HuaweiWifiWatchdogStateMachine: PTcp RTT:0, rtt pkt=0, tcp_rx=0, tcp_tx=0, tcp_reTran=0, rtRate=0
04-24 13:16:50.444 1176 1406 D HuaweiWifiWatchdogStateMachine: mRssiBadCount =0, RSSI not bad.
04-24 13:16:50.444 1176 1406 D HuaweiWifiWatchdogStateMachine: detectNetworkAvailable:hw.wifipro.dns_fail_count = 131
04-24 13:16:50.444 1176 1406 D HuaweiWifiWatchdogStateMachine: bqeLevel = 2 rtt=0,rtt_pkts=0 speed=996 rssi=-32
04-24 13:16:50.444 1176 1406 D HuaweiWifiWatchdogStateMachine: Enter updateQoeLevel level = 2
04-24 13:16:50.444 1176 1406 D HuaweiWifiWatchdogStateMachine: updateQoeLevel current level equal to mLastDetectLevel, return
04-24 13:16:50.444 1176 1406 D HuaweiWifiWatchdogStateMachine: did not have any network action
04-24 13:16:50.448 1176 3515 I MQoS : QOS_level:0(0),wifi-link;SIM error;use level-0
04-24 13:16:50.449 768 859 I iMonitor: create: 902010003
04-24 13:16:50.451 768 859 I iMonitor: send: 902010003
04-24 13:16:50.544 683 683 E HWComposer: getLayerReleaseFence: Invalid display
04-24 13:16:50.545 683 683 E HWComposer: getPresentFence failed for invalid display -1
04-24 13:16:50.560 683 683 E HWComposer: getLayerReleaseFence: Invalid display
04-24 13:16:50.560 683 683 E HWComposer: getPresentFence failed for invalid display -1
04-24 13:16:50.676 683 683 E HWComposer: getLayerReleaseFence: Invalid display
04-24 13:16:50.676 683 683 E HWComposer: getPresentFence failed for invalid display -1
04-24 13:16:50.986 1176 1176 I TrafficMonitor: expired arrive. level:-1
04-24 13:16:50.987 1176 1176 I TrafficMonitor: during_ms:2001,period_ms:2000
04-24 13:16:50.987 1176 1176 I TrafficMonitor: count:342,rx_sum:23,tx_sum:1,rxBytes:1851,during_ms:2001,rx_speed:925.0374812593703,tx_speed:93.95302348825588,rto:23.0
04-24 13:16:50.987 1176 1176 D HuaweiWifiWatchdogStateMachine: speed: rxpkt:23, rxSpd:925B/s, txpkt:1, txSpd:93
04-24 13:16:51.137 1176 1392 D HwArpVerifier: check_wifi_state_mode = 0 mCheckStateToken=25 token25
04-24 13:16:51.138 1176 1392 D wifiserviceimpl: netmask =16777215
04-24 13:16:51.192 1176 1392 D HWMultiGW: setGateWay 192.168.1.1
04-24 13:16:51.198 683 683 E HWComposer: getLayerReleaseFence: Invalid display
04-24 13:16:51.198 683 683 E HWComposer: getPresentFence failed for invalid display -1
04-24 13:16:51.310 683 683 E HWComposer: getLayerReleaseFence: Invalid display
04-24 13:16:51.311 683 683 E HWComposer: getPresentFence failed for invalid display -1
04-24 13:16:51.411 683 683 E HWComposer: getLayerReleaseFence: Invalid display
04-24 13:16:51.411 683 683 E HWComposer: getPresentFence failed for invalid display -1
04-24 13:16:51.428 768 859 I iMonitor: create: 902010003
04-24 13:16:51.431 768 859 I iMonitor: send: 902010003
04-24 13:16:51.443 683 683 E HWComposer: getLayerReleaseFence: Invalid display
04-24 13:16:51.444 683 683 E HWComposer: getPresentFence failed for invalid display -1
04-24 13:16:51.542 683 683 E HWComposer: getLayerReleaseFence: Invalid display
04-24 13:16:51.542 683 683 E HWComposer: getPresentFence failed for invalid display -1
04-24 13:16:51.661 683 683 E HWComposer: getLayerReleaseFence: Invalid display
04-24 13:16:51.661 683 683 E HWComposer: getPresentFence failed for invalid display -1
04-24 13:16:51.991 1176 1176 I TrafficMonitor: update:rxPkts:14,txPkts:3,rxBytes:1087,txBytes:460
04-24 13:16:51.992 1176 1176 I TrafficMonitor: start expired. level:-1
04-24 13:16:51.992 1176 1176 I TrafficMonitor: gettimer:interval=2000
04-24 13:16:52.091 1176 1338 D HwWifiStatStore: handleMessage : 200
04-24 13:16:52.193 1176 1392 D HwArpVerifier: getGateWayARPResponses: arp rtt = 6
04-24 13:16:52.194 1176 1392 E HwCHRWifiRSSIGroupSummery: updatArpSummery mRSSI:-32 HwCHRWifiRSSIGroup [rssi_index=4, rtt_tcp_packets=0, rtt_tcp_duration=0, rtt_lan_duration=9018, rtt_lan_failures=0, rtt_lan_succ=440, rtt_lan_max=939, rtt_lan_min=0,same_area_frequency=0,adjacent_area_frequency=0]
04-24 13:16:52.253 1176 1392 D HwArpVerifier: There are 1 mac address for gateway
04-24 13:16:52.253 1176 1392 D HwArpVerifier: from HEART_CHECK transmit to state:HEART_CHECK
04-24 13:16:52.254 1176 1392 D HwArpVerifier: msg what=124 arg1(token)=25 arg2(mode)=0 delay=30000
04-24 13:16:52.254 1176 1392 D HwArpVerifier: performPollAndLog:
04-24 13:16:52.257 1176 1392 D hw_netstat: total/191/1024,com.jiansheng.blmn.demo/0/940,unknown:0/191/84
04-24 13:16:52.279 683 683 E HWComposer: getLayerReleaseFence: Invalid display
04-24 13:16:52.279 683 683 E HWComposer: getPresentFence failed for invalid display -1
04-24 13:16:52.293 768 859 I iMonitor: create: 902010003
04-24 13:16:52.296 768 859 I iMonitor: send: 902010003
04-24 13:16:52.308 683 683 E HWComposer: getLayerReleaseFence: Invalid display
04-24 13:16:52.308 683 683 E HWComposer: getPresentFence failed for invalid display -1
04-24 13:16:52.338 679 679 E WifiHAL : enter wifi_get_link_stats
04-24 13:16:52.341 742 742 E wificond: Failed to get NL80211_RATE_INFO_NOISE
04-24 13:16:52.342 742 742 E wificond: Failed to get NL80211_RATE_INFO_SNR
04-24 13:16:52.342 742 742 E wificond: Failed to get NL80211_STA_INFO_CNAHLOAD
04-24 13:16:52.342 1176 1337 E WificondControl: Noise: 0, Snr: -1, Chload: -1
04-24 13:16:52.342 1176 1339 D HwWifiCHRStateManager: handleMessage : 1001
04-24 13:16:52.342 1176 1339 D HwWifiCHRStateManager: handleUpdateChannel:2412
04-24 13:16:52.342 1176 1339 V HwWifiServiceFactory: get AllImpl object = com.android.server.wifi.HwWifiServiceFactoryImpl@2205edc
04-24 13:16:52.343 1176 1337 D HwCustWifiStateMachineReferenceImpl: checkRssiOverThreshold newRssi = -31
04-24 13:16:52.343 1176 1337 D WifiScoreReport: Score = 100, wifiConnectivityManagerEnabled = false, lowScoreCount = 0
04-24 13:16:52.427 683 683 E HWComposer: getLayerReleaseFence: Invalid display
04-24 13:16:52.427 683 683 E HWComposer: getPresentFence failed for invalid display -1
04-24 13:16:53.060 683 683 E HWComposer: getLayerReleaseFence: Invalid display
04-24 13:16:53.061 683 683 E HWComposer: getPresentFence failed for invalid display -1
04-24 13:16:53.080 768 859 I iMonitor: create: 902010003
04-24 13:16:53.082 768 859 I iMonitor: send: 902010003
04-24 13:16:53.177 683 683 E HWComposer: getLayerReleaseFence: Invalid display
04-24 13:16:53.177 683 683 E HWComposer: getPresentFence failed for invalid display -1
04-24 13:16:53.260 487 9059 W libc : Set property "hw.wifi.dns_stat" to "328,29,476,1,5256"
04-24 13:16:53.624 683 683 E HWComposer: getLayerReleaseFence: Invalid display
04-24 13:16:53.624 683 683 E HWComposer: getPresentFence failed for invalid display -1
04-24 13:16:53.643 768 859 I iMonitor: create: 902010003
04-24 13:16:53.645 768 859 I iMonitor: send: 902010003
04-24 13:16:53.724 683 683 E HWComposer: getLayerReleaseFence: Invalid display
04-24 13:16:53.724 683 683 E HWComposer: getPresentFence failed for invalid display -1
04-24 13:16:53.843 683 683 E HWComposer: getLayerReleaseFence: Invalid display
04-24 13:16:53.843 683 683 E HWComposer: getPresentFence failed for invalid display -1
04-24 13:16:53.994 1176 1176 I TrafficMonitor: update:rxPkts:26,txPkts:7,rxBytes:2745,txBytes:3557
04-24 13:16:53.995 1176 1176 I TrafficMonitor: start expired. level:-1
04-24 13:16:53.995 1176 1176 I TrafficMonitor: gettimer:interval=2000
04-24 13:16:54.494 683 683 E HWComposer: getLayerReleaseFence: Invalid display
04-24 13:16:54.494 683 683 E HWComposer: getPresentFence failed for invalid display -1
04-24 13:16:54.508 768 859 I iMonitor: create: 902010003
04-24 13:16:54.512 768 859 I iMonitor: send: 902010003
04-24 13:16:54.515 683 683 E HWComposer: getLayerReleaseFence: Invalid display
04-24 13:16:54.515 683 683 E HWComposer: getPresentFence failed for invalid display -1
04-24 13:16:54.591 683 683 E HWComposer: getLayerReleaseFence: Invalid display
04-24 13:16:54.591 683 683 E HWComposer: getPresentFence failed for invalid display -1
04-24 13:16:54.600 677 677 D SensorHub: Get acc data -0.268151, 0.057461, 9.423578
04-24 13:16:54.709 683 683 E HWComposer: getLayerReleaseFence: Invalid display
04-24 13:16:54.710 683 683 E HWComposer: getPresentFence failed for invalid display -1
04-24 13:16:55.093 1176 1338 D HwWifiStatStore: handleMessage : 200
04-24 13:16:55.125 1729 2560 I LogPowerAdapter: do thermal temperature:26action:app_ctrl value:0 to PG
04-24 13:16:55.125 1729 2560 D HwPolicyDispatcher: send ctrl to PG,0
04-24 13:16:55.127 1729 2056 I TClean : TClean trigger policy = 0
04-24 13:16:55.128 1729 2056 I HardwareAdapter: file:/sys/class/hw_power/charger/direct_charger/adaptor_detect, fileExists:false, fileCanRead:false
04-24 13:16:55.128 1729 2056 I HardwareAdapter: isOnlyChargingType adaptor_detect=null
04-24 13:16:55.129 1729 2056 I HardwareAdapter: isOnlyChargingType chargerType=0
04-24 13:16:55.129 1729 2056 I ash : not only power charing.
04-24 13:16:55.176 683 683 E HWComposer: getLayerReleaseFence: Invalid display
04-24 13:16:55.176 683 683 E HWComposer: getPresentFence failed for invalid display -1
04-24 13:16:55.195 768 859 I iMonitor: create: 902010003
04-24 13:16:55.198 768 859 I iMonitor: send: 902010003
04-24 13:16:55.207 683 683 E HWComposer: getLayerReleaseFence: Invalid display
04-24 13:16:55.207 683 683 E HWComposer: getPresentFence failed for invalid display -1
04-24 13:16:55.240 683 683 E HWComposer: getLayerReleaseFence: Invalid display
04-24 13:16:55.240 683 683 E HWComposer: getPresentFence failed for invalid display -1
04-24 13:16:55.274 683 683 E HWComposer: getLayerReleaseFence: Invalid display
04-24 13:16:55.274 683 683 E HWComposer: getPresentFence failed for invalid display -1
04-24 13:16:55.308 683 683 E HWComposer: getLayerReleaseFence: Invalid display
04-24 13:16:55.308 683 683 E HWComposer: getPresentFence failed for invalid display -1
04-24 13:16:55.345 679 679 E WifiHAL : enter wifi_get_link_stats
04-24 13:16:55.350 742 742 E wificond: Failed to get NL80211_RATE_INFO_NOISE
04-24 13:16:55.350 742 742 E wificond: Failed to get NL80211_RATE_INFO_SNR
04-24 13:16:55.350 742 742 E wificond: Failed to get NL80211_STA_INFO_CNAHLOAD
04-24 13:16:55.351 1176 1337 E WificondControl: Noise: 0, Snr: -1, Chload: -1
04-24 13:16:55.351 1176 1339 D HwWifiCHRStateManager: handleMessage : 1001
04-24 13:16:55.351 1176 1339 D HwWifiCHRStateManager: handleUpdateChannel:2412
04-24 13:16:55.351 1176 1339 V HwWifiServiceFactory: get AllImpl object = com.android.server.wifi.HwWifiServiceFactoryImpl@2205edc
04-24 13:16:55.352 1176 1337 D HwCustWifiStateMachineReferenceImpl: checkRssiOverThreshold newRssi = -32
04-24 13:16:55.353 1176 1337 D WifiScoreReport: Score = 100, wifiConnectivityManagerEnabled = false, lowScoreCount = 0
04-24 13:16:55.359 777 777 E : [E/capacity_limit_control] not demo version, not set power control prop!
04-24 13:16:55.388 741 741 E Thermal-daemon: [shell_temp] temp_new :32 temp_old :31
04-24 13:16:55.388 1729 27267 I ThermalService: Receive temperature change, type: 22, temp: 32 from thermald
04-24 13:16:55.389 1729 27267 I ThermalTrace_ThermalRaise: Shell:32,31,32,currentBatteryTemp:29
04-24 13:16:55.389 741 741 E Thermal-daemon: Report temperature: [shell_temp] temp :32 report_threshold:1
04-24 13:16:55.389 741 741 E Thermal-daemon: [battery] temp_new :28 temp_old :29
04-24 13:16:55.389 1729 2560 W HwThermalStateManager: warning: no config thermal type:22 temperature:32
04-24 13:16:55.390 1729 18882 I ThermalService: Receive temperature change, type: 9, temp: 28 from thermald
04-24 13:16:55.390 1729 18882 I ThermalTrace_ThermalRaise: Battery:28
04-24 13:16:55.390 1729 2560 W HwThermalStateManager: warning: no config thermal type:9 temperature:28
04-24 13:16:55.390 741 741 E Thermal-daemon: Report temperature: [battery] temp :28 report_threshold:1
04-24 13:16:55.391 741 741 E Thermal-daemon: [charger_ic] temp_new :33 temp_old :38
04-24 13:16:55.392 1729 18882 I ThermalService: Receive temperature change, type: 2, temp: 33 from thermald
04-24 13:16:55.392 1729 2560 W HwThermalStateManager: warning: no config thermal type:2 temperature:33
04-24 13:16:55.392 741 741 E Thermal-daemon: Report temperature: [charger_ic] temp :33 report_threshold:1
04-24 13:16:55.425 683 683 E HWComposer: getLayerReleaseFence: Invalid display
04-24 13:16:55.425 683 683 E HWComposer: getPresentFence failed for invalid display -1
04-24 13:16:55.792 683 683 E HWComposer: getLayerReleaseFence: Invalid display
04-24 13:16:55.793 683 683 E HWComposer: getPresentFence failed for invalid display -1
04-24 13:16:55.807 768 859 I iMonitor: create: 902010003
04-24 13:16:55.810 768 859 I iMonitor: send: 902010003
04-24 13:16:55.909 683 683 E HWComposer: getLayerReleaseFence: Invalid display
04-24 13:16:55.909 683 683 E HWComposer: getPresentFence failed for invalid display -1
04-24 13:16:55.997 1176 1176 I TrafficMonitor: update:rxPkts:20,txPkts:2,rxBytes:2023,txBytes:376
04-24 13:16:55.997 1176 1176 I TrafficMonitor: start expired. level:-1
04-24 13:16:55.997 1176 1176 I TrafficMonitor: gettimer:interval=2000
04-24 13:16:56.593 683 683 E HWComposer: getLayerReleaseFence: Invalid display
04-24 13:16:56.593 683 683 E HWComposer: getPresentFence failed for invalid display -1
04-24 13:16:56.606 768 859 I iMonitor: create: 902010003
04-24 13:16:56.608 768 859 I iMonitor: send: 902010003
04-24 13:16:56.708 683 683 E HWComposer: getLayerReleaseFence: Invalid display
04-24 13:16:56.708 683 683 E HWComposer: getPresentFence failed for invalid display -1
04-24 13:16:56.727 683 683 E HWComposer: getLayerReleaseFence: Invalid display
