04-24 13:00:01.533 1176 1339 D HwWifiCHRStateManager: handleUpdateChannel:2412
04-24 13:00:01.533 1176 1339 V HwWifiServiceFactory: get AllImpl object = com.android.server.wifi.HwWifiServiceFactoryImpl@2205edc
04-24 13:00:01.537 742 742 E wificond: Failed to get NL80211_RATE_INFO_NOISE
04-24 13:00:01.537 742 742 E wificond: Failed to get NL80211_RATE_INFO_SNR
04-24 13:00:01.538 742 742 E wificond: Failed to get NL80211_STA_INFO_CNAHLOAD
04-24 13:00:01.539 1176 1406 D HuaweiWifiWatchdogStateMachine: LM mrssi=-30
04-24 13:00:01.540 1176 1176 D WiFi_PRO: MSG_RETURN_AP_CURRY_RSSI rssi = -30
04-24 13:00:01.540 1176 1406 D HuaweiWifiWatchdogStateMachine: a4:fa:**:**:eb:b0 current loss[-45]=0%, volume=1
04-24 13:00:01.540 1176 1406 D HuaweiWifiWatchdogStateMachine: a4:fa:**:**:eb:b0 history loss[-45]=0%, volume=13825662
04-24 13:00:01.540 1176 1176 I QosMonitor: queryRtt: rtt_type = 3
04-24 13:00:01.540 1176 1406 I HuaweiWifiWatchdogStateMachine: spd good count:0, add sc:0.0, rate:1.0
04-24 13:00:01.541 1176 1406 I HuaweiWifiWatchdogStateMachine: current mHighDataFlowRate = 1.0
04-24 13:00:01.541 1176 1176 I HwQoEJNI: send_cmd_kernel. begin
04-24 13:00:01.541 1176 1406 I HuaweiWifiWatchdogStateMachine: POta txb txg rxg:0, 19, 0. Lr =0% Totpkt=19
04-24 13:00:01.541 1176 1176 I HwQoEJNI: send_cmd_kernel. end
04-24 13:00:01.541 1176 1176 I QosMonitor: postEventFromNative: msg=100,arg1=4,arg2=10
04-24 13:00:01.542 1176 1176 I HwQoEJNI: send_cmd_kernel. begin
04-24 13:00:01.542 1176 1176 I HwQoEJNI: send_cmd_kernel. end
04-24 13:00:01.542 1176 1176 I QosMonitor: postEventFromNative: msg=100,arg1=0,arg2=10
04-24 13:00:01.542 1176 1176 D HuaweiWifiWatchdogStateMachine: setSampleRtt: unvalid rtt
04-24 13:00:01.543 1176 1176 I MQoS : rtt=160,tcp_tx_pkts=480972,tcp_rx_pkts=921436
04-24 13:00:01.544 1176 1406 D HuaweiWifiWatchdogStateMachine: dumpTcpResult: len=10,rtt=160,rttPkt=1,rttWn=197,cgt=0,cgtWn=0
04-24 13:00:01.544 1176 1406 I HuaweiWifiWatchdogStateMachine: PTcp RTT:0, rtt pkt=0, tcp_rx=0, tcp_tx=0, tcp_reTran=0, rtRate=0
04-24 13:00:01.544 1176 1406 D HuaweiWifiWatchdogStateMachine: mRssiBadCount =0, RSSI not bad.
04-24 13:00:01.544 1176 1406 D HuaweiWifiWatchdogStateMachine: detectNetworkAvailable:hw.wifipro.dns_fail_count = 131
04-24 13:00:01.544 1176 1406 D HuaweiWifiWatchdogStateMachine: bqeLevel = 2 rtt=0,rtt_pkts=0 speed=11 rssi=-30
04-24 13:00:01.544 1176 1406 D HuaweiWifiWatchdogStateMachine: Enter updateQoeLevel level = 2
04-24 13:00:01.544 1176 1406 D HuaweiWifiWatchdogStateMachine: updateQoeLevel current level equal to mLastDetectLevel, return
04-24 13:00:01.544 1176 1406 D HuaweiWifiWatchdogStateMachine: did not have any network action
04-24 13:00:01.556 1176 3515 I MQoS : QOS_level:0(0),wifi-link;SIM error;use level-0
04-24 13:00:02.155 1176 1176 I TrafficMonitor: update:rxPkts:0,txPkts:0,rxBytes:0,txBytes:0
04-24 13:00:02.156 1176 1176 I TrafficMonitor: start expired. level:-1
04-24 13:00:02.156 1176 1176 I TrafficMonitor: gettimer:interval=2000
04-24 13:00:02.619 777 777 E : [E/capacity_limit_control] not demo version, not set power control prop!
04-24 13:00:03.150 1176 1176 I TrafficMonitor: expired arrive. level:-1
04-24 13:00:03.151 1176 1176 I TrafficMonitor: during_ms:2005,period_ms:2000
04-24 13:00:03.151 1176 1176 I TrafficMonitor: count:992,rx_sum:0,tx_sum:0,rxBytes:0,during_ms:2005,rx_speed:0.0,tx_speed:0.0,rto:0.0
04-24 13:00:03.151 1176 1176 D HuaweiWifiWatchdogStateMachine: speed: rxpkt:0, rxSpd:0B/s, txpkt:0, txSpd:0
04-24 13:00:03.316 1176 1338 D HwWifiStatStore: handleMessage : 200
04-24 13:00:04.160 1176 1176 I TrafficMonitor: update:rxPkts:0,txPkts:0,rxBytes:0,txBytes:0
04-24 13:00:04.161 1176 1176 I TrafficMonitor: start expired. level:-1
04-24 13:00:04.161 1176 1176 I TrafficMonitor: gettimer:interval=2000
04-24 13:00:05.431 1176 1392 D HwArpVerifier: performPollAndLog:
04-24 13:00:05.436 1176 1392 D hw_netstat: total/0/0
04-24 13:00:05.993 1176 1392 D HwArpVerifier: getIpRouteTable
04-24 13:00:06.086 1176 1392 D HwArpVerifier: Notify wifi default route is ok
04-24 13:00:06.165 1176 1176 I TrafficMonitor: update:rxPkts:0,txPkts:0,rxBytes:0,txBytes:0
04-24 13:00:06.165 1176 1176 I TrafficMonitor: start expired. level:-1
04-24 13:00:06.165 1176 1176 I TrafficMonitor: gettimer:interval=2000
04-24 13:00:06.321 1176 1338 D HwWifiStatStore: handleMessage : 200
04-24 13:00:06.844 487 620 W SocketListener: sending broadcast to Pid = 1176, Uid = 1000
04-24 13:00:06.851 1176 1332 D NetdConnector: RCV <- {613 IfaceClass idle 1 353994998967182}
04-24 13:00:06.855 1176 1332 D NetdConnector: RCV <- {613 IfaceClass idle 1 353994998967182}
04-24 13:00:06.859 1176 1202 D NetdConnector: RCV unsolicited event from native daemon, event = 613
04-24 13:00:07.629 777 777 E : [E/capacity_limit_control] not demo version, not set power control prop!
04-24 13:00:08.171 1176 1176 I TrafficMonitor: update:rxPkts:0,txPkts:0,rxBytes:0,txBytes:0
04-24 13:00:08.171 1176 1176 I TrafficMonitor: start expired. level:-1
04-24 13:00:08.172 1176 1176 I TrafficMonitor: gettimer:interval=2000
04-24 13:00:09.163 1176 1176 I TrafficMonitor: expired arrive. level:-1
04-24 13:00:09.163 1176 1176 I TrafficMonitor: during_ms:2005,period_ms:2000
04-24 13:00:09.164 1176 1176 I TrafficMonitor: count:995,rx_sum:0,tx_sum:0,rxBytes:0,during_ms:2005,rx_speed:0.0,tx_speed:0.0,rto:0.0
04-24 13:00:09.164 1176 1176 D HuaweiWifiWatchdogStateMachine: speed: rxpkt:0, rxSpd:0B/s, txpkt:0, txSpd:0
04-24 13:00:09.328 1176 1338 D HwWifiStatStore: handleMessage : 200
04-24 13:00:09.535 742 742 E wificond: Failed to get NL80211_RATE_INFO_NOISE
04-24 13:00:09.535 742 742 E wificond: Failed to get NL80211_RATE_INFO_SNR
04-24 13:00:09.535 742 742 E wificond: Failed to get NL80211_STA_INFO_CNAHLOAD
04-24 13:00:09.536 1176 1337 E WificondControl: Noise: 0, Snr: -1, Chload: -1
04-24 13:00:09.537 1176 1339 D HwWifiCHRStateManager: handleMessage : 1001
04-24 13:00:09.537 1176 1339 D HwWifiCHRStateManager: handleUpdateChannel:2412
04-24 13:00:09.537 1176 1339 V HwWifiServiceFactory: get AllImpl object = com.android.server.wifi.HwWifiServiceFactoryImpl@2205edc
04-24 13:00:09.541 742 742 E wificond: Failed to get NL80211_RATE_INFO_NOISE
04-24 13:00:09.542 742 742 E wificond: Failed to get NL80211_RATE_INFO_SNR
04-24 13:00:09.542 742 742 E wificond: Failed to get NL80211_STA_INFO_CNAHLOAD
04-24 13:00:09.544 1176 1406 D HuaweiWifiWatchdogStateMachine: LM mrssi=-30
04-24 13:00:09.544 1176 1406 I HuaweiWifiWatchdogStateMachine: spd good count:0, add sc:0.0, rate:1.0
04-24 13:00:09.544 1176 1406 I HuaweiWifiWatchdogStateMachine: current mHighDataFlowRate = 1.0
04-24 13:00:09.545 1176 1406 I HuaweiWifiWatchdogStateMachine: POta txb txg rxg:0, 19, 0. Lr =0% Totpkt=19
04-24 13:00:09.548 1176 1176 D WiFi_PRO: MSG_RETURN_AP_CURRY_RSSI rssi = -30
04-24 13:00:09.548 1176 1176 I QosMonitor: queryRtt: rtt_type = 3
04-24 13:00:09.549 1176 1176 I HwQoEJNI: send_cmd_kernel. begin
04-24 13:00:09.549 1176 1176 I HwQoEJNI: send_cmd_kernel. end
04-24 13:00:09.549 1176 1176 I QosMonitor: postEventFromNative: msg=100,arg1=4,arg2=10
04-24 13:00:09.550 1176 1176 I HwQoEJNI: send_cmd_kernel. begin
04-24 13:00:09.550 1176 1176 I HwQoEJNI: send_cmd_kernel. end
04-24 13:00:09.551 1176 1176 I QosMonitor: postEventFromNative: msg=100,arg1=0,arg2=10
04-24 13:00:09.551 1176 1176 D HuaweiWifiWatchdogStateMachine: setSampleRtt: unvalid rtt
04-24 13:00:09.552 1176 1176 I MQoS : rtt=160,tcp_tx_pkts=480972,tcp_rx_pkts=921436
04-24 13:00:09.552 1176 1406 D HuaweiWifiWatchdogStateMachine: dumpTcpResult: len=10,rtt=160,rttPkt=1,rttWn=205,cgt=0,cgtWn=0
04-24 13:00:09.552 1176 1406 I HuaweiWifiWatchdogStateMachine: PTcp RTT:0, rtt pkt=0, tcp_rx=0, tcp_tx=0, tcp_reTran=0, rtRate=0
04-24 13:00:09.552 1176 1406 D HuaweiWifiWatchdogStateMachine: mRssiBadCount =0, RSSI not bad.
04-24 13:00:09.552 1176 1406 D HuaweiWifiWatchdogStateMachine: detectNetworkAvailable:hw.wifipro.dns_fail_count = 131
04-24 13:00:09.552 1176 1406 D HuaweiWifiWatchdogStateMachine: bqeLevel = 2 rtt=0,rtt_pkts=0 speed=11 rssi=-30
04-24 13:00:09.553 1176 1406 D HuaweiWifiWatchdogStateMachine: Enter updateQoeLevel level = 2
04-24 13:00:09.553 1176 1406 D HuaweiWifiWatchdogStateMachine: updateQoeLevel current level equal to mLastDetectLevel, return
04-24 13:00:09.553 1176 1406 D HuaweiWifiWatchdogStateMachine: did not have any network action
04-24 13:00:09.558 1176 3515 I MQoS : QOS_level:0(0),wifi-link;SIM error;use level-0
04-24 13:00:10.175 1176 1176 I TrafficMonitor: update:rxPkts:0,txPkts:0,rxBytes:0,txBytes:0
04-24 13:00:10.175 1176 1176 I TrafficMonitor: start expired. level:-1
04-24 13:00:10.176 1176 1176 I TrafficMonitor: gettimer:interval=2000
04-24 13:00:10.441 1176 1392 D HwArpVerifier: performPollAndLog:
04-24 13:00:10.446 1176 1392 D hw_netstat: total/0/0
04-24 13:00:12.181 1176 1176 I TrafficMonitor: update:rxPkts:0,txPkts:0,rxBytes:0,txBytes:0
04-24 13:00:12.182 1176 1176 I TrafficMonitor: start expired. level:-1
04-24 13:00:12.182 1176 1176 I TrafficMonitor: gettimer:interval=5000
04-24 13:00:12.331 1176 1338 D HwWifiStatStore: handleMessage : 200
04-24 13:00:12.640 777 777 E : [E/capacity_limit_control] not demo version, not set power control prop!
04-24 13:00:14.231 1176 1302 W AlarmManager: mIsScreenOn is: false, WAKEUP alarm trigger action = ALARM_ACTION(27905) package name is: com.tencent.mm
04-24 13:00:14.235 27905 27971 I longlink_progress: on_heartbeat_alarm, time: 354002392, is_noop_timeout:0
04-24 13:00:14.238 1176 1176 V AlarmManager: Received TIME_TICK alarm; rescheduling
04-24 13:00:14.262 1176 1302 W ActivityManager: Sending non-protected broadcast com.huawei.bd.action.heartbeat_hour from system uid 1000 pkg com.huawei.bd
04-24 13:00:14.266 1176 1176 I HwAlarmManagerService: hwSetAlarm listenerTag: time_tick
04-24 13:00:14.266 1637 8661 I BDLog : BD.Scheduler:Hour task coming
04-24 13:00:14.271 1463 1463 E DateView: DateView,mCurrentTime: 1587704414271
04-24 13:00:14.276 1176 4696 V BroadcastQueue: Finished with ordered broadcast BroadcastRecord{4283330 u0 com.huawei.bd.action.heartbeat_hour}
04-24 13:00:14.286 1637 8661 D BDLog : BD.BDCollector:Usagestats collectLocalInfo ok
04-24 13:00:14.289 1176 1631 V BroadcastQueue: Finished with ordered broadcast BroadcastRecord{b83f52e u0 com.huawei.hwsystemmanager.power.SCHEDULE_RECORD_REMAING_TIME_SCENE}
04-24 13:00:14.293 27905 28003 I longlink_progress: on_heartbeat_set, time: 354002450, time interval:210000
04-24 13:00:14.294 1463 1463 W HwKeyguardDragHelper: AnimationBlocked
04-24 13:00:14.295 1463 1463 I EventCenter: EventCenter Get :android.intent.action.TIME_TICK
04-24 13:00:14.296 487 620 W SocketListener: sending broadcast to Pid = 1176, Uid = 1000
04-24 13:00:14.296 1463 1463 W ResourceType: No known package when getting value for resource number 0xffffffff
04-24 13:00:14.297 1463 1463 E DateLunarView: mDateString is: 4月24日星期五
04-24 13:00:14.297 1463 1463 W ResourceType: No known package when getting value for resource number 0xffffffff
04-24 13:00:14.297 1176 1332 D NetdConnector: RCV <- {613 IfaceClass active 1 354002451792181 10824}
04-24 13:00:14.298 1463 1463 E DateLunarView: mDateString is: 4月24日星期五
04-24 13:00:14.300 1463 1463 D WeatherHelper: City info empty
04-24 13:00:14.298 1176 1332 D NetdConnector: RCV <- {613 IfaceClass active 1 354002451792181 10824}
04-24 13:00:14.300 1176 1202 D NetdConnector: RCV unsolicited event from native daemon, event = 613
04-24 13:00:14.301 1637 1915 D BDLog : BD.BDRecorder:LocalInfoEvent {infoID:131100, content=9565735907511232_3KMK+rGSupWKAbdVtb9u9xJPgH5+nhFYKyaKHqPvzc8=
04-24 13:00:14.301 1637 1915 D BDLog : , priority=5}
04-24 13:00:14.302 1463 1463 D WeatherHelper: City info empty
04-24 13:00:14.302 1176 1631 V BroadcastQueue: Finished with ordered broadcast BroadcastRecord{5c591ad u0 com.tencent.mm.TrafficStatsReceiver}
04-24 13:00:14.305 1463 1463 D KeyguardUpdateMonitor: received broadcast android.intent.action.TIME_TICK
04-24 13:00:14.306 1770 1770 I HwLauncher: Model onReceive intent=Intent { act=android.intent.action.TIME_TICK flg=0x50200014 hwFlg=0x900 (has extras) }
04-24 13:00:14.307 1770 1770 I HwLauncher: Model onReceive user=UserHandle{0}
04-24 13:00:14.307 1463 1463 D KeyguardUpdateMonitor: handleTimeUpdate
04-24 13:00:14.307 1463 1782 I KeyguardStatusView: Runnable for refresh
04-24 13:00:14.310 1463 1463 D WeatherHelper: City info empty
04-24 13:00:14.314 1176 6416 W ProcBatteryStats: timer is running , not start, name: com.tencent.mm, uid: 10824, tag: PlatformComm
04-24 13:00:14.320 3756 3806 I Step_LSC: 80001355|processHandleBroadcastAction action:android.intent.action.TIME_TICK
04-24 13:00:14.328 1176 1490 V BroadcastQueue: Finished with ordered broadcast BroadcastRecord{f6fc5d7 u-1 android.intent.action.TIME_TICK}
04-24 13:00:14.330 1176 1631 V BroadcastQueue: Finished with ordered broadcast BroadcastRecord{4fece2 u0 ALARM_ACTION(27905)}
04-24 13:00:14.334 27905 28003 I longlink_progress: on_heartbeat_set, time: 354002491, time interval:210000
04-24 13:00:14.395 1463 1463 D WeatherHelper: City info empty
04-24 13:00:14.396 1463 1463 D DateTimeView: Change to single clock mode!
04-24 13:00:14.397 1463 1463 D WeatherHelper: City info empty
04-24 13:00:14.398 1463 1463 D WeatherHelper: City info empty
04-24 13:00:14.398 1463 1463 D DateTimeView: Change to single clock mode!
04-24 13:00:14.400 1463 1463 D WeatherHelper: City info empty
04-24 13:00:15.177 1176 1176 I TrafficMonitor: expired arrive. level:-1
04-24 13:00:15.178 1176 1176 I TrafficMonitor: during_ms:2007,period_ms:2000
04-24 13:00:15.178 1176 1176 I TrafficMonitor: count:997,rx_sum:0,tx_sum:0,rxBytes:0,during_ms:2007,rx_speed:0.0,tx_speed:0.0,rto:0.0
04-24 13:00:15.178 1176 1176 D HuaweiWifiWatchdogStateMachine: speed: rxpkt:0, rxSpd:0B/s, txpkt:0, txSpd:0
04-24 13:00:15.324 1176 1490 W ProcBatteryStats: timer is not running , not stop, name: com.tencent.mm, uid: 10824, tag: PlatformComm
04-24 13:00:15.340 1176 1338 D HwWifiStatStore: handleMessage : 200
04-24 13:00:15.399 1176 1392 D HwArpVerifier: check_wifi_state_mode = 0 mCheckStateToken=25 token25
04-24 13:00:15.402 1176 1392 D wifiserviceimpl: netmask =16777215
04-24 13:00:15.461 1176 1392 D HWMultiGW: setGateWay 192.168.1.1
04-24 13:00:15.484 1106 1119 I OAM : [check_file_size:505]/data/log/wifi/wifi_log_1 log file beyond size=10240Byte, creat new file
04-24 13:00:15.484 1106 1119 I OAM : [rename_old_file:210]rename_old_file
04-24 13:00:15.484 1106 1119 I OAM :
04-24 13:00:16.464 1176 1392 D HwArpVerifier: getGateWayARPResponses: arp rtt = 19
04-24 13:00:16.464 1176 1392 E HwCHRWifiRSSIGroupSummery: updatArpSummery mRSSI:-30 HwCHRWifiRSSIGroup [rssi_index=4, rtt_tcp_packets=0, rtt_tcp_duration=0, rtt_lan_duration=8335, rtt_lan_failures=0, rtt_lan_succ=408, rtt_lan_max=939, rtt_lan_min=0,same_area_frequency=0,adjacent_area_frequency=0]
04-24 13:00:16.522 1176 1392 D HwArpVerifier: There are 1 mac address for gateway
04-24 13:00:16.522 1176 1392 D HwArpVerifier: from HEART_CHECK transmit to state:HEART_CHECK
04-24 13:00:16.523 1176 1392 D HwArpVerifier: msg what=124 arg1(token)=25 arg2(mode)=0 delay=30000
04-24 13:00:16.523 1176 1392 D HwArpVerifier: performPollAndLog:
04-24 13:00:16.527 1176 1392 D hw_netstat: total/77/117,com.tencent.mm/77/117
04-24 13:00:17.187 1176 1176 I TrafficMonitor: update:rxPkts:1,txPkts:2,rxBytes:77,txBytes:117
04-24 13:00:17.188 1176 1176 I TrafficMonitor: start expired. level:-1
04-24 13:00:17.188 1176 1176 I TrafficMonitor: gettimer:interval=2000
04-24 13:00:17.549 742 742 E wificond: Failed to get NL80211_RATE_INFO_NOISE
04-24 13:00:17.550 742 742 E wificond: Failed to get NL80211_RATE_INFO_SNR
04-24 13:00:17.550 742 742 E wificond: Failed to get NL80211_STA_INFO_CNAHLOAD
04-24 13:00:17.551 1176 1337 E WificondControl: Noise: 0, Snr: -1, Chload: -1
04-24 13:00:17.553 1176 1339 D HwWifiCHRStateManager: handleMessage : 1001
04-24 13:00:17.553 1176 1339 D HwWifiCHRStateManager: handleUpdateChannel:2412
04-24 13:00:17.553 1176 1339 V HwWifiServiceFactory: get AllImpl object = com.android.server.wifi.HwWifiServiceFactoryImpl@2205edc
04-24 13:00:17.557 742 742 E wificond: Failed to get NL80211_RATE_INFO_NOISE
04-24 13:00:17.557 742 742 E wificond: Failed to get NL80211_RATE_INFO_SNR
04-24 13:00:17.557 742 742 E wificond: Failed to get NL80211_STA_INFO_CNAHLOAD
04-24 13:00:17.560 1176 1176 D WiFi_PRO: MSG_RETURN_AP_CURRY_RSSI rssi = -30
04-24 13:00:17.560 1176 1406 D HuaweiWifiWatchdogStateMachine: LM mrssi=-30
04-24 13:00:17.560 1176 1406 D HuaweiWifiWatchdogStateMachine: a4:fa:**:**:eb:b0 current loss[-45]=0%, volume=3
04-24 13:00:17.560 1176 1176 I QosMonitor: queryRtt: rtt_type = 3
04-24 13:00:17.561 1176 1406 D HuaweiWifiWatchdogStateMachine: a4:fa:**:**:eb:b0 history loss[-45]=0%, volume=13825665
04-24 13:00:17.561 1176 1176 I HwQoEJNI: send_cmd_kernel. begin
04-24 13:00:17.561 1176 1176 I HwQoEJNI: send_cmd_kernel. end
04-24 13:00:17.561 1176 1406 I HuaweiWifiWatchdogStateMachine: spd good count:0, add sc:0.0, rate:1.0
04-24 13:00:17.561 1176 1176 I QosMonitor: postEventFromNative: msg=100,arg1=4,arg2=10
04-24 13:00:17.561 1176 1406 I HuaweiWifiWatchdogStateMachine: current mHighDataFlowRate = 1.0
04-24 13:00:17.562 1176 1406 I HuaweiWifiWatchdogStateMachine: POta txb txg rxg:0, 22, 0. Lr =0% Totpkt=22
04-24 13:00:17.562 1176 1176 D HuaweiWifiWatchdogStateMachine: a4:fa:**:**:eb:b0 current RTT[-45]=160, volume=1
04-24 13:00:17.562 1176 1176 D HuaweiWifiWatchdogStateMachine: a4:fa:**:**:eb:b0 history RTT[-45]=510, volume=60864
04-24 13:00:17.562 1176 1176 D HuaweiWifiWatchdogStateMachine: setSampleRtt: rtt=160,rtt_pkts =1,rtt_when=3
04-24 13:00:17.562 1176 1176 I HwQoEJNI: send_cmd_kernel. begin
04-24 13:00:17.562 1176 1176 I HwQoEJNI: send_cmd_kernel. end
04-24 13:00:17.563 1176 1176 I QosMonitor: postEventFromNative: msg=100,arg1=0,arg2=10
04-24 13:00:17.563 1176 1176 I QosMonitor: resetRtt: rtt_type = 3
04-24 13:00:17.563 1176 1176 I HwQoEJNI: send_cmd_kernel. begin
04-24 13:00:17.563 1176 1176 I HwQoEJNI: send_cmd_kernel. end
04-24 13:00:17.564 1176 1176 I MQoS : rtt=160,tcp_tx_pkts=480974,tcp_rx_pkts=921437
04-24 13:00:17.565 1176 1406 D HuaweiWifiWatchdogStateMachine: dumpTcpResult: len=10,rtt=160,rttPkt=1,rttWn=3,cgt=0,cgtWn=0
04-24 13:00:17.565 1176 1406 I HuaweiWifiWatchdogStateMachine: PTcp RTT:0, rtt pkt=0, tcp_rx=1, tcp_tx=2, tcp_reTran=0, rtRate=0
04-24 13:00:17.565 1176 1406 D HuaweiWifiWatchdogStateMachine: mRssiBadCount =0, RSSI not bad.
04-24 13:00:17.565 1176 1406 D HuaweiWifiWatchdogStateMachine: detectNetworkAvailable:hw.wifipro.dns_fail_count = 131
04-24 13:00:17.565 1176 1406 D HuaweiWifiWatchdogStateMachine: detectNetworkAvailable: tcpRxPkts != 0, reset
04-24 13:00:17.565 1176 1406 D HuaweiWifiWatchdogStateMachine: bqeLevel = 2 rtt=0,rtt_pkts=0 speed=11 rssi=-30
04-24 13:00:17.566 1176 1406 D HuaweiWifiWatchdogStateMachine: Enter updateQoeLevel level = 2
04-24 13:00:17.566 1176 1406 D HuaweiWifiWatchdogStateMachine: updateQoeLevel current level equal to mLastDetectLevel, return
04-24 13:00:17.566 1176 1406 D HuaweiWifiWatchdogStateMachine: did not have any network action
04-24 13:00:17.566 1176 3109 D HwUidTcpMonitor: parseWlanUidTcpStatistics lastUidTcpStatInfo = [ mUid = 10824 mPacketName = com.tencent.mm mSendSegs = 229 mResendSegs = 0 mRcvSegs = 169 ]
04-24 13:00:17.574 1176 3515 I MQoS : QOS_level:0(0),wifi-link;SIM error;use level-0
04-24 13:00:17.650 777 777 E : [E/capacity_limit_control] not demo version, not set power control prop!
04-24 13:00:18.334 1729 23345 I DownloadState: 10824 transmitting data speed : 38 bytes/s scroff: true
04-24 13:00:18.350 1176 1338 D HwWifiStatStore: handleMessage : 200
04-24 13:00:18.522 3756 3774 D LogUtil_LogConfig: obtainSavePath(): path = 1
04-24 13:00:18.525 3756 3774 D LogUtil_LogConfig: getLogFile(): logFilePath = /data/data/com.huawei.health/files/com.huawei.health/com.huawei.health_DaemonService/
04-24 13:00:18.526 3756 3774 D LogUtil_LogConfig: obtainSavePath(): path = 1
04-24 13:00:18.526 3756 3774 D LogUtil_LogConfig: acquireMaxLogFileLengthContainsOffset describe: com.huawei.health:DaemonService result:5242880
04-24 13:00:18.527 3756 3774 D LogUtil_LogConfig: obtainSavePath(): path = 1
04-24 13:00:18.528 3756 3774 D LogUtil_LogConfig: getLogFileRoot(): logFilePath = /data/data/com.huawei.health/files/com.huawei.health/com.huawei.health_DaemonService/
04-24 13:00:19.194 1176 1176 I TrafficMonitor: update:rxPkts:0,txPkts:0,rxBytes:0,txBytes:0
04-24 13:00:19.194 1176 1176 I TrafficMonitor: start expired. level:-1
04-24 13:00:19.194 1176 1176 I TrafficMonitor: gettimer:interval=2000
04-24 13:00:19.529 1176 1589 W Watchdog: hungtask: writing kick
04-24 13:00:19.534 1176 1202 I EventHub: EventHub monitor: no key events in the past 2953s, no motion events in the past 2954s
04-24 13:00:21.200 1176 1176 I TrafficMonitor: update:rxPkts:0,txPkts:0,rxBytes:0,txBytes:0
04-24 13:00:21.200 1176 1176 I TrafficMonitor: start expired. level:-1
04-24 13:00:21.201 1176 1176 I TrafficMonitor: gettimer:interval=2000
04-24 13:00:21.357 1176 1338 D HwWifiStatStore: handleMessage : 200
04-24 13:00:21.533 1176 1392 D HwArpVerifier: performPollAndLog:
04-24 13:00:21.537 1176 1392 D hw_netstat: total/0/0
04-24 13:00:22.190 1176 1176 I TrafficMonitor: expired arrive. level:-1
04-24 13:00:22.190 1176 1176 I TrafficMonitor: during_ms:2006,period_ms:2000
04-24 13:00:22.190 1176 1176 I TrafficMonitor: count:1000,rx_sum:0,tx_sum:0,rxBytes:0,during_ms:2006,rx_speed:0.0,tx_speed:0.0,rto:0.0
04-24 13:00:22.190 1176 1176 D HuaweiWifiWatchdogStateMachine: speed: rxpkt:0, rxSpd:0B/s, txpkt:0, txSpd:0
04-24 13:00:22.660 777 777 E : [E/capacity_limit_control] not demo version, not set power control prop!
04-24 13:00:23.206 1176 1176 I TrafficMonitor: update:rxPkts:0,txPkts:0,rxBytes:0,txBytes:0
04-24 13:00:23.206 1176 1176 I TrafficMonitor: start expired. level:-1
04-24 13:00:23.206 1176 1176 I TrafficMonitor: gettimer:interval=2000
04-24 13:00:24.355 1176 1631 V BroadcastQueue: Finished with ordered broadcast BroadcastRecord{18790f4 u0 com.tencent.mm.plugin.report.service.KVCommCrossProcessReceiver}
04-24 13:00:24.361 1176 1338 D HwWifiStatStore: handleMessage : 200
04-24 13:00:25.213 1176 1176 I TrafficMonitor: update:rxPkts:0,txPkts:0,rxBytes:0,txBytes:0
04-24 13:00:25.213 1176 1176 I TrafficMonitor: start expired. level:-1
04-24 13:00:25.214 1176 1176 I TrafficMonitor: gettimer:interval=2000
04-24 13:00:25.555 742 742 E wificond: Failed to get NL80211_RATE_INFO_NOISE
04-24 13:00:25.555 742 742 E wificond: Failed to get NL80211_RATE_INFO_SNR
04-24 13:00:25.555 742 742 E wificond: Failed to get NL80211_STA_INFO_CNAHLOAD
04-24 13:00:25.556 1176 1337 E WificondControl: Noise: 0, Snr: -1, Chload: -1
04-24 13:00:25.557 1176 1339 D HwWifiCHRStateManager: handleMessage : 1001
04-24 13:00:25.557 1176 1339 D HwWifiCHRStateManager: handleUpdateChannel:2412
04-24 13:00:25.557 1176 1339 V HwWifiServiceFactory: get AllImpl object = com.android.server.wifi.HwWifiServiceFactoryImpl@2205edc
04-24 13:00:25.562 742 742 E wificond: Failed to get NL80211_RATE_INFO_NOISE
04-24 13:00:25.562 742 742 E wificond: Failed to get NL80211_RATE_INFO_SNR
04-24 13:00:25.562 742 742 E wificond: Failed to get NL80211_STA_INFO_CNAHLOAD
04-24 13:00:25.564 1176 1176 D WiFi_PRO: MSG_RETURN_AP_CURRY_RSSI rssi = -29
04-24 13:00:25.564 1176 1406 D HuaweiWifiWatchdogStateMachine: LM mrssi=-29
04-24 13:00:25.564 1176 1176 I QosMonitor: queryRtt: rtt_type = 3
04-24 13:00:25.565 1176 1176 I HwQoEJNI: send_cmd_kernel. begin
04-24 13:00:25.565 1176 1406 I HuaweiWifiWatchdogStateMachine: spd good count:0, add sc:0.0, rate:1.0
04-24 13:00:25.565 1176 1176 I HwQoEJNI: send_cmd_kernel. end
04-24 13:00:25.565 1176 1176 I QosMonitor: postEventFromNative: msg=100,arg1=4,arg2=10
04-24 13:00:25.565 1176 1176 D HuaweiWifiWatchdogStateMachine: setSampleRtt: unvalid rtt
04-24 13:00:25.566 1176 1406 D HuaweiWifiWatchdogStateMachine: high data flow: protection_counter = 0, not_detect_counter = 396
04-24 13:00:25.566 1176 1406 D HuaweiWifiWatchdogStateMachine: high data flow scenario: 0 --> 0 rx bytes =0KB
04-24 13:00:25.566 1176 1406 I HuaweiWifiWatchdogStateMachine: current mHighDataFlowRate = 1.0
04-24 13:00:25.566 1176 1406 I HuaweiWifiWatchdogStateMachine: POta txb txg rxg:0, 22, 0. Lr =0% Totpkt=22
04-24 13:00:25.567 1176 1176 I HwQoEJNI: send_cmd_kernel. begin
04-24 13:00:25.567 1176 1176 I HwQoEJNI: send_cmd_kernel. end
04-24 13:00:25.567 1176 1176 I QosMonitor: postEventFromNative: msg=100,arg1=0,arg2=10
04-24 13:00:25.568 1176 1176 I MQoS : rtt=160,tcp_tx_pkts=480974,tcp_rx_pkts=921437
04-24 13:00:25.569 1176 1406 D HuaweiWifiWatchdogStateMachine: dumpTcpResult: len=10,rtt=160,rttPkt=1,rttWn=11,cgt=0,cgtWn=0
04-24 13:00:25.569 1176 1406 I HuaweiWifiWatchdogStateMachine: PTcp RTT:0, rtt pkt=0, tcp_rx=0, tcp_tx=0, tcp_reTran=0, rtRate=0
04-24 13:00:25.569 1176 1406 D HuaweiWifiWatchdogStateMachine: mRssiBadCount =0, RSSI not bad.
04-24 13:00:25.569 1176 1406 D HuaweiWifiWatchdogStateMachine: detectNetworkAvailable:hw.wifipro.dns_fail_count = 131
04-24 13:00:25.570 1176 1406 D HuaweiWifiWatchdogStateMachine: bqeLevel = 2 rtt=0,rtt_pkts=0 speed=11 rssi=-29
04-24 13:00:25.570 1176 1406 D HuaweiWifiWatchdogStateMachine: Enter updateQoeLevel level = 2
04-24 13:00:25.570 1176 1406 D HuaweiWifiWatchdogStateMachine: updateQoeLevel current level equal to mLastDetectLevel, return
04-24 13:00:25.570 1176 1406 D HuaweiWifiWatchdogStateMachine: did not have any network action
04-24 13:00:25.578 1176 3515 I MQoS : QOS_level:0(0),wifi-link;SIM error;use level-0
04-24 13:00:26.542 1176 1392 D HwArpVerifier: performPollAndLog:
04-24 13:00:26.547 1176 1392 D hw_netstat: total/0/0
04-24 13:00:26.693 1637 1925 W DoneDirFilePackUtil: collectAllFilesInDoneDir NumberFormatException
04-24 13:00:26.693 1637 1925 W DoneDirFilePackUtil: collectAllFilesInDoneDir NumberFormatException
04-24 13:00:26.694 1637 1925 E LogFilePackager: filterLogListWithThreshold loglist is null
04-24 13:00:27.218 1176 1176 I TrafficMonitor: update:rxPkts:0,txPkts:0,rxBytes:0,txBytes:0
04-24 13:00:27.219 1176 1176 I TrafficMonitor: start expired. level:-1
04-24 13:00:27.219 1176 1176 I TrafficMonitor: gettimer:interval=2000
04-24 13:00:27.367 1176 1338 D HwWifiStatStore: handleMessage : 200
04-24 13:00:27.670 777 777 E : [E/capacity_limit_control] not demo version, not set power control prop!
04-24 13:00:27.714 1176 1288 D HwBatteryService: onUEvent fcpStatus = 0,scpStatus =0,ovpStatus=0
04-24 13:00:27.717 1176 1288 I UsbDeviceManager: water_intrused state= 0
04-24 13:00:27.732 1176 1176 D HwInnerWifiManagerImpl: SupplicantState = COMPLETED
04-24 13:00:27.733 1176 1176 D HwInnerWifiManagerImpl: isPhoneAP = false
04-24 13:00:27.733 1463 1463 D KeyguardUpdateMonitor: received broadcast android.intent.action.BATTERY_CHANGED
04-24 13:00:27.734 1176 1176 D HwInnerWifiManagerImpl: SupplicantState = COMPLETED
04-24 13:00:27.734 1463 1463 W KeyguardUpdateMonitor: ACTION_BATTERY_CHANGED AMP: 500000; Volt: 5000000
04-24 13:00:27.734 1176 1176 D HwInnerWifiManagerImpl: isPhoneAP = false
04-24 13:00:27.734 1463 1463 V KeyguardUpdateMonitor: RefreshBatteryInfo isBatteryLow: 77
04-24 13:00:27.734 1176 1176 D WifiStateMachine: mBcastReceiver: PluggedType = 2 mIsScanCtrlPluggedin = true
04-24 13:00:27.734 1463 1463 W KeyguardUpdateMonitor: ChargingSpeed Wattage: 2500000 ST: 5000000 --> 7500000
04-24 13:00:27.734 1463 1463 I KgBattery: BatteryInfo updated: 2lPc0
04-24 13:00:27.734 1463 1463 W AppHandler: sendMessage with obj100
04-24 13:00:27.734 1463 1463 D KeyguardUpdateMonitor: handleBatteryUpdate
04-24 13:00:27.734 1176 1176 D HwWifiService: mPluggedType =2
04-24 13:00:27.735 1463 1463 W HwLockScreenPanel: Handle message: 100
04-24 13:00:27.735 1463 1463 W HwKeyguardBottomArea: updateBatteryInfo : false true
04-24 13:00:27.735 1463 1463 W KgBattery: getCharge info with type: text
04-24 13:00:27.735 1176 1176 D WifiService: onReceive, action:android.intent.action.BATTERY_CHANGED
04-24 13:00:27.735 1176 1176 D WifiService: ACTION_BATTERY_CHANGED pluggedType: 2
04-24 13:00:27.745 1729 1729 I MsgReceiver: intent action: android.intent.action.BATTERY_CHANGED
04-24 13:00:27.750 5515 5671 E CloudAlbum[8.1.2.309]: [ReceiverManager] not log on ignore
04-24 13:00:27.756 1463 1463 W HwLockScreenPanel: refreshBatteryInfo: null
04-24 13:00:28.207 1176 1176 I TrafficMonitor: expired arrive. level:-1
04-24 13:00:28.208 1176 1176 I TrafficMonitor: during_ms:2006,period_ms:2000
04-24 13:00:28.208 1176 1176 I TrafficMonitor: count:1003,rx_sum:0,tx_sum:0,rxBytes:0,during_ms:2006,rx_speed:0.0,tx_speed:0.0,rto:0.0
04-24 13:00:28.208 1176 1176 D HuaweiWifiWatchdogStateMachine: speed: rxpkt:0, rxSpd:0B/s, txpkt:0, txSpd:0
04-24 13:00:29.224 1176 1176 I TrafficMonitor: update:rxPkts:0,txPkts:0,rxBytes:0,txBytes:0
04-24 13:00:29.224 1176 1176 I TrafficMonitor: start expired. level:-1
04-24 13:00:29.225 1176 1176 I TrafficMonitor: gettimer:interval=2000
04-24 13:00:29.324 487 620 W SocketListener: sending broadcast to Pid = 1176, Uid = 1000
04-24 13:00:29.328 1176 1332 D NetdConnector: RCV <- {613 IfaceClass idle 1 354017479360408}
04-24 13:00:29.333 1176 1332 D NetdConnector: RCV <- {613 IfaceClass idle 1 354017479360408}
04-24 13:00:29.337 1176 1202 D NetdConnector: RCV unsolicited event from native daemon, event = 613
04-24 13:00:30.371 1176 1338 D HwWifiStatStore: handleMessage : 200
04-24 13:00:31.229 1176 1176 I TrafficMonitor: update:rxPkts:0,txPkts:0,rxBytes:0,txBytes:0
04-24 13:00:31.229 1176 1176 I TrafficMonitor: start expired. level:-1
04-24 13:00:31.230 1176 1176 I TrafficMonitor: gettimer:interval=2000
04-24 13:00:31.230 1176 1176 I TrafficMonitor: before Count:1005,after Count:5
04-24 13:00:31.553 1176 1392 D HwArpVerifier: performPollAndLog:
04-24 13:00:31.556 1176 1392 D hw_netstat: total/0/0
04-24 13:00:32.724 777 777 E : [E/capacity_limit_control] not demo version, not set power control prop!
04-24 13:00:33.236 1176 1176 I TrafficMonitor: update:rxPkts:0,txPkts:0,rxBytes:0,txBytes:0
04-24 13:00:33.236 1176 1176 I TrafficMonitor: start expired. level:-1
04-24 13:00:33.236 1176 1176 I TrafficMonitor: gettimer:interval=2000
04-24 13:00:33.377 1176 1338 D HwWifiStatStore: handleMessage : 200
04-24 13:00:33.559 742 742 E wificond: Failed to get NL80211_RATE_INFO_NOISE
04-24 13:00:33.559 742 742 E wificond: Failed to get NL80211_RATE_INFO_SNR
04-24 13:00:33.559 742 742 E wificond: Failed to get NL80211_STA_INFO_CNAHLOAD
04-24 13:00:33.560 1176 1337 E WificondControl: Noise: 0, Snr: -1, Chload: -1
04-24 13:00:33.561 1176 1339 D HwWifiCHRStateManager: handleMessage : 1001
04-24 13:00:33.562 1176 1339 D HwWifiCHRStateManager: handleUpdateChannel:2412
04-24 13:00:33.562 1176 1339 V HwWifiServiceFactory: get AllImpl object = com.android.server.wifi.HwWifiServiceFactoryImpl@2205edc
04-24 13:00:33.566 742 742 E wificond: Failed to get NL80211_RATE_INFO_NOISE
04-24 13:00:33.566 742 742 E wificond: Failed to get NL80211_RATE_INFO_SNR
04-24 13:00:33.566 742 742 E wificond: Failed to get NL80211_STA_INFO_CNAHLOAD
04-24 13:00:33.567 1176 1406 D HuaweiWifiWatchdogStateMachine: LM mrssi=-28
04-24 13:00:33.568 1176 1406 I HuaweiWifiWatchdogStateMachine: spd good count:0, add sc:0.0, rate:1.0
04-24 13:00:33.568 1176 1406 I HuaweiWifiWatchdogStateMachine: current mHighDataFlowRate = 1.0
04-24 13:00:33.568 1176 1406 I HuaweiWifiWatchdogStateMachine: POta txb txg rxg:0, 22, 0. Lr =0% Totpkt=22
04-24 13:00:33.571 1176 1176 D WiFi_PRO: MSG_RETURN_AP_CURRY_RSSI rssi = -28
04-24 13:00:33.572 1176 1176 I QosMonitor: queryRtt: rtt_type = 3
04-24 13:00:33.575 1176 1176 I HwQoEJNI: send_cmd_kernel. begin
04-24 13:00:33.575 1176 1176 I HwQoEJNI: send_cmd_kernel. end
04-24 13:00:33.575 1176 1176 I QosMonitor: postEventFromNative: msg=100,arg1=4,arg2=10
04-24 13:00:33.576 1176 1176 I HwQoEJNI: send_cmd_kernel. begin
04-24 13:00:33.576 1176 1176 I HwQoEJNI: send_cmd_kernel. end
04-24 13:00:33.576 1176 1176 I QosMonitor: postEventFromNative: msg=100,arg1=0,arg2=10
04-24 13:00:33.577 1176 1176 D HuaweiWifiWatchdogStateMachine: setSampleRtt: unvalid rtt
04-24 13:00:33.577 1176 1176 I MQoS : rtt=160,tcp_tx_pkts=480974,tcp_rx_pkts=921437
04-24 13:00:33.578 1176 1406 D HuaweiWifiWatchdogStateMachine: dumpTcpResult: len=10,rtt=160,rttPkt=1,rttWn=19,cgt=0,cgtWn=0
04-24 13:00:33.579 1176 1406 I HuaweiWifiWatchdogStateMachine: PTcp RTT:0, rtt pkt=0, tcp_rx=0, tcp_tx=0, tcp_reTran=0, rtRate=0
04-24 13:00:33.579 1176 1406 D HuaweiWifiWatchdogStateMachine: mRssiBadCount =0, RSSI not bad.
04-24 13:00:33.579 1176 1406 D HuaweiWifiWatchdogStateMachine: detectNetworkAvailable:hw.wifipro.dns_fail_count = 131
04-24 13:00:33.579 1176 1406 D HuaweiWifiWatchdogStateMachine: bqeLevel = 2 rtt=0,rtt_pkts=0 speed=11 rssi=-28
04-24 13:00:33.579 1176 1406 D HuaweiWifiWatchdogStateMachine: Enter updateQoeLevel level = 2
04-24 13:00:33.579 1176 1406 D HuaweiWifiWatchdogStateMachine: updateQoeLevel current level equal to mLastDetectLevel, return
04-24 13:00:33.579 1176 1406 D HuaweiWifiWatchdogStateMachine: did not have any network action
04-24 13:00:33.590 1176 3515 I MQoS : QOS_level:0(0),wifi-link;SIM error;use level-0
04-24 13:00:34.226 1176 1176 I TrafficMonitor: expired arrive. level:-1
04-24 13:00:34.226 1176 1176 I TrafficMonitor: during_ms:2006,period_ms:2000
04-24 13:00:34.226 1176 1176 I TrafficMonitor: count:6,rx_sum:0,tx_sum:0,rxBytes:0,during_ms:2006,rx_speed:0.0,tx_speed:0.0,rto:0.0
04-24 13:00:34.227 1176 1176 D HuaweiWifiWatchdogStateMachine: speed: rxpkt:0, rxSpd:0B/s, txpkt:0, txSpd:0
04-24 13:00:35.241 1176 1176 I TrafficMonitor: update:rxPkts:0,txPkts:0,rxBytes:0,txBytes:0
04-24 13:00:35.241 1176 1176 I TrafficMonitor: start expired. level:-1
04-24 13:00:35.242 1176 1176 I TrafficMonitor: gettimer:interval=2000
04-24 13:00:36.381 1176 1338 D HwWifiStatStore: handleMessage : 200
04-24 13:00:36.562 1176 1392 D HwArpVerifier: performPollAndLog:
04-24 13:00:36.566 1176 1392 D hw_netstat: total/0/0
04-24 13:00:37.247 1176 1176 I TrafficMonitor: update:rxPkts:0,txPkts:0,rxBytes:0,txBytes:0
04-24 13:00:37.248 1176 1176 I TrafficMonitor: start expired. level:-1
04-24 13:00:37.248 1176 1176 I TrafficMonitor: gettimer:interval=2000
04-24 13:00:37.729 777 777 E : [E/capacity_limit_control] not demo version, not set power control prop!
04-24 13:00:39.254 1176 1176 I TrafficMonitor: update:rxPkts:0,txPkts:0,rxBytes:0,txBytes:0
04-24 13:00:39.254 1176 1176 I TrafficMonitor: start expired. level:-1
04-24 13:00:39.254 1176 1176 I TrafficMonitor: gettimer:interval=2000
04-24 13:00:39.388 1176 1338 D HwWifiStatStore: handleMessage : 200
04-24 13:00:40.244 1176 1176 I TrafficMonitor: expired arrive. level:-1
04-24 13:00:40.245 1176 1176 I TrafficMonitor: during_ms:2006,period_ms:2000
04-24 13:00:40.245 1176 1176 I TrafficMonitor: count:9,rx_sum:0,tx_sum:0,rxBytes:0,during_ms:2006,rx_speed:0.0,tx_speed:0.0,rto:0.0
04-24 13:00:40.245 1176 1176 D HuaweiWifiWatchdogStateMachine: speed: rxpkt:0, rxSpd:0B/s, txpkt:0, txSpd:0
04-24 13:00:41.259 1176 1176 I TrafficMonitor: update:rxPkts:0,txPkts:0,rxBytes:0,txBytes:0
04-24 13:00:41.259 1176 1176 I TrafficMonitor: start expired. level:-1
04-24 13:00:41.259 1176 1176 I TrafficMonitor: gettimer:interval=2000
04-24 13:00:41.565 742 742 E wificond: Failed to get NL80211_RATE_INFO_NOISE
04-24 13:00:41.565 742 742 E wificond: Failed to get NL80211_RATE_INFO_SNR
04-24 13:00:41.565 742 742 E wificond: Failed to get NL80211_STA_INFO_CNAHLOAD
04-24 13:00:41.566 1176 1337 E WificondControl: Noise: 0, Snr: -1, Chload: -1
04-24 13:00:41.567 1176 1339 D HwWifiCHRStateManager: handleMessage : 1001
04-24 13:00:41.568 1176 1339 D HwWifiCHRStateManager: handleUpdateChannel:2412
04-24 13:00:41.568 1176 1339 V HwWifiServiceFactory: get AllImpl object = com.android.server.wifi.HwWifiServiceFactoryImpl@2205edc
04-24 13:00:41.572 742 742 E wificond: Failed to get NL80211_RATE_INFO_NOISE
04-24 13:00:41.572 1176 1392 D HwArpVerifier: performPollAndLog:
04-24 13:00:41.572 742 742 E wificond: Failed to get NL80211_RATE_INFO_SNR
04-24 13:00:41.572 742 742 E wificond: Failed to get NL80211_STA_INFO_CNAHLOAD
04-24 13:00:41.574 1176 1406 D HuaweiWifiWatchdogStateMachine: LM mrssi=-30
04-24 13:00:41.574 1176 1176 D WiFi_PRO: MSG_RETURN_AP_CURRY_RSSI rssi = -30
04-24 13:00:41.575 1176 1176 I QosMonitor: queryRtt: rtt_type = 3
04-24 13:00:41.575 1176 1406 I HuaweiWifiWatchdogStateMachine: spd good count:0, add sc:0.0, rate:1.0
04-24 13:00:41.575 1176 1406 I HuaweiWifiWatchdogStateMachine: current mHighDataFlowRate = 1.0
04-24 13:00:41.575 1176 1406 I HuaweiWifiWatchdogStateMachine: POta txb txg rxg:0, 22, 0. Lr =0% Totpkt=22
04-24 13:00:41.575 1176 1176 I HwQoEJNI: send_cmd_kernel. begin
04-24 13:00:41.575 1176 1176 I HwQoEJNI: send_cmd_kernel. end
04-24 13:00:41.576 1176 1176 I QosMonitor: postEventFromNative: msg=100,arg1=4,arg2=10
04-24 13:00:41.576 1176 1392 D hw_netstat: total/0/0
04-24 13:00:41.576 1176 1176 I HwQoEJNI: send_cmd_kernel. begin
04-24 13:00:41.576 1176 1176 I HwQoEJNI: send_cmd_kernel. end
04-24 13:00:41.576 1176 1176 I QosMonitor: postEventFromNative: msg=100,arg1=0,arg2=10
04-24 13:00:41.577 1176 1176 D HuaweiWifiWatchdogStateMachine: setSampleRtt: unvalid rtt
04-24 13:00:41.577 1176 1176 I MQoS : rtt=160,tcp_tx_pkts=480974,tcp_rx_pkts=921437
04-24 13:00:41.580 1176 1406 D HuaweiWifiWatchdogStateMachine: dumpTcpResult: len=10,rtt=160,rttPkt=1,rttWn=27,cgt=0,cgtWn=0
04-24 13:00:41.580 1176 1406 I HuaweiWifiWatchdogStateMachine: PTcp RTT:0, rtt pkt=0, tcp_rx=0, tcp_tx=0, tcp_reTran=0, rtRate=0
04-24 13:00:41.580 1176 1406 D HuaweiWifiWatchdogStateMachine: mRssiBadCount =0, RSSI not bad.
04-24 13:00:41.580 1176 1406 D HuaweiWifiWatchdogStateMachine: detectNetworkAvailable:hw.wifipro.dns_fail_count = 131
04-24 13:00:41.580 1176 1406 D HuaweiWifiWatchdogStateMachine: bqeLevel = 2 rtt=0,rtt_pkts=0 speed=11 rssi=-30
04-24 13:00:41.580 1176 1406 D HuaweiWifiWatchdogStateMachine: Enter updateQoeLevel level = 2
04-24 13:00:41.580 1176 1406 D HuaweiWifiWatchdogStateMachine: updateQoeLevel current level equal to mLastDetectLevel, return
04-24 13:00:41.581 1176 1406 D HuaweiWifiWatchdogStateMachine: did not have any network action
04-24 13:00:41.590 1176 3515 I MQoS : QOS_level:0(0),wifi-link;SIM error;use level-0
04-24 13:00:42.395 1176 1338 D HwWifiStatStore: handleMessage : 200
04-24 13:00:42.740 777 777 E : [E/capacity_limit_control] not demo version, not set power control prop!
04-24 13:00:43.264 1176 1176 I TrafficMonitor: update:rxPkts:0,txPkts:0,rxBytes:0,txBytes:0
04-24 13:00:43.264 1176 1176 I TrafficMonitor: start expired. level:-1
04-24 13:00:43.264 1176 1176 I TrafficMonitor: gettimer:interval=5000
04-24 13:00:45.088 1176 1176 D HwInnerWifiManagerImpl: SupplicantState = COMPLETED
04-24 13:00:45.088 1176 1176 D HwInnerWifiManagerImpl: isPhoneAP = false
04-24 13:00:45.089 1176 1176 D HwInnerWifiManagerImpl: SupplicantState = COMPLETED
04-24 13:00:45.090 1176 1176 D HwInnerWifiManagerImpl: isPhoneAP = false
04-24 13:00:45.090 1176 1176 D WifiStateMachine: mBcastReceiver: PluggedType = 2 mIsScanCtrlPluggedin = true
04-24 13:00:45.090 1176 1176 D HwWifiService: mPluggedType =2
04-24 13:00:45.092 1176 1176 D WifiService: onReceive, action:android.intent.action.BATTERY_CHANGED
04-24 13:00:45.092 1463 1463 D KeyguardUpdateMonitor: received broadcast android.intent.action.BATTERY_CHANGED
04-24 13:00:45.092 1463 1463 W KeyguardUpdateMonitor: ACTION_BATTERY_CHANGED AMP: 500000; Volt: 5000000
04-24 13:00:45.093 1729 1729 I MsgReceiver: intent action: android.intent.action.BATTERY_CHANGED
04-24 13:00:45.095 1463 1463 V KeyguardUpdateMonitor: RefreshBatteryInfo isBatteryLow: 77
04-24 13:00:45.095 1463 1463 W KeyguardUpdateMonitor: ChargingSpeed Wattage: 2500000 ST: 5000000 --> 7500000
04-24 13:00:45.095 1463 1463 I KgBattery: BatteryInfo updated: 2lPc0
04-24 13:00:45.095 1463 1463 W AppHandler: sendMessage with obj100
04-24 13:00:45.097 1463 1463 D KeyguardUpdateMonitor: handleBatteryUpdate
04-24 13:00:45.098 1176 1176 D WifiService: ACTION_BATTERY_CHANGED pluggedType: 2
04-24 13:00:45.099 5515 5671 E CloudAlbum[8.1.2.309]: [ReceiverManager] not log on ignore
04-24 13:00:45.102 1463 1463 W HwKeyguardBottomArea: updateBatteryInfo : false true
04-24 13:00:45.102 1463 1463 W KgBattery: getCharge info with type: text
04-24 13:00:45.107 1463 1463 W HwLockScreenPanel: refreshBatteryInfo: null
04-24 13:00:45.402 1176 1338 D HwWifiStatStore: handleMessage : 200
04-24 13:00:46.261 1176 1176 I TrafficMonitor: expired arrive. level:-1
04-24 13:00:46.262 1176 1176 I TrafficMonitor: during_ms:2005,period_ms:2000
04-24 13:00:46.262 1176 1176 I TrafficMonitor: count:11,rx_sum:0,tx_sum:0,rxBytes:0,during_ms:2005,rx_speed:0.0,tx_speed:0.0,rto:0.0
04-24 13:00:46.262 1176 1176 D HuaweiWifiWatchdogStateMachine: speed: rxpkt:0, rxSpd:0B/s, txpkt:0, txSpd:0
04-24 13:00:46.528 1176 1392 D HwArpVerifier: check_wifi_state_mode = 0 mCheckStateToken=25 token25
04-24 13:00:46.531 1176 1392 D wifiserviceimpl: netmask =16777215
04-24 13:00:46.622 1176 1392 D HWMultiGW: setGateWay 192.168.1.1
04-24 13:00:47.625 1176 1392 D HwArpVerifier: getGateWayARPResponses: arp rtt = 14
04-24 13:00:47.626 1176 1392 E HwCHRWifiRSSIGroupSummery: updatArpSummery mRSSI:-30 HwCHRWifiRSSIGroup [rssi_index=4, rtt_tcp_packets=0, rtt_tcp_duration=0, rtt_lan_duration=8349, rtt_lan_failures=0, rtt_lan_succ=409, rtt_lan_max=939, rtt_lan_min=0,same_area_frequency=0,adjacent_area_frequency=0]
04-24 13:00:47.682 1176 1392 D HwArpVerifier: There are 1 mac address for gateway
04-24 13:00:47.683 1176 1392 D HwArpVerifier: from HEART_CHECK transmit to state:HEART_CHECK
04-24 13:00:47.683 1176 1392 D HwArpVerifier: msg what=124 arg1(token)=25 arg2(mode)=0 delay=30000
04-24 13:00:47.683 1176 1392 D HwArpVerifier: performPollAndLog:
04-24 13:00:47.687 1176 1392 D hw_netstat: total/0/0
04-24 13:00:47.750 777 777 E : [E/capacity_limit_control] not demo version, not set power control prop!
04-24 13:00:48.269 1176 1176 I TrafficMonitor: update:rxPkts:0,txPkts:0,rxBytes:0,txBytes:0
04-24 13:00:48.270 1176 1176 I TrafficMonitor: start expired. level:-1
04-24 13:00:48.270 1176 1176 I TrafficMonitor: gettimer:interval=5000
04-24 13:00:48.409 1176 1338 D HwWifiStatStore: handleMessage : 200
04-24 13:00:49.533 1176 1589 W Watchdog: hungtask: writing kick
04-24 13:00:49.538 1176 1202 I EventHub: EventHub monitor: no key events in the past 2983s, no motion events in the past 2984s
04-24 13:00:49.574 742 742 E wificond: Failed to get NL80211_RATE_INFO_NOISE
04-24 13:00:49.574 742 742 E wificond: Failed to get NL80211_RATE_INFO_SNR
04-24 13:00:49.574 742 742 E wificond: Failed to get NL80211_STA_INFO_CNAHLOAD
04-24 13:00:49.575 1176 1337 E WificondControl: Noise: 0, Snr: -1, Chload: -1
04-24 13:00:49.576 1176 1339 D HwWifiCHRStateManager: handleMessage : 1001
04-24 13:00:49.577 1176 1339 D HwWifiCHRStateManager: handleUpdateChannel:2412
04-24 13:00:49.577 1176 1339 V HwWifiServiceFactory: get AllImpl object = com.android.server.wifi.HwWifiServiceFactoryImpl@2205edc
04-24 13:00:49.581 742 742 E wificond: Failed to get NL80211_RATE_INFO_NOISE
04-24 13:00:49.581 742 742 E wificond: Failed to get NL80211_RATE_INFO_SNR
04-24 13:00:49.581 742 742 E wificond: Failed to get NL80211_STA_INFO_CNAHLOAD
04-24 13:00:49.583 1176 1406 D HuaweiWifiWatchdogStateMachine: LM mrssi=-31
04-24 13:00:49.584 1176 1176 D WiFi_PRO: MSG_RETURN_AP_CURRY_RSSI rssi = -31
04-24 13:00:49.584 1176 1406 D HuaweiWifiWatchdogStateMachine: a4:fa:**:**:eb:b0 current loss[-45]=0%, volume=1
04-24 13:00:49.584 1176 1406 D HuaweiWifiWatchdogStateMachine: a4:fa:**:**:eb:b0 history loss[-45]=0%, volume=13825666
04-24 13:00:49.584 1176 1176 I QosMonitor: queryRtt: rtt_type = 3
04-24 13:00:49.585 1176 1406 I HuaweiWifiWatchdogStateMachine: spd good count:0, add sc:0.0, rate:1.0
04-24 13:00:49.585 1176 1406 I HuaweiWifiWatchdogStateMachine: current mHighDataFlowRate = 1.0
04-24 13:00:49.585 1176 1176 I HwQoEJNI: send_cmd_kernel. begin
04-24 13:00:49.585 1176 1406 I HuaweiWifiWatchdogStateMachine: POta txb txg rxg:0, 23, 0. Lr =0% Totpkt=23
04-24 13:00:49.585 1176 1176 I HwQoEJNI: send_cmd_kernel. end
04-24 13:00:49.585 1176 1176 I QosMonitor: postEventFromNative: msg=100,arg1=4,arg2=10
04-24 13:00:49.586 1176 1176 I HwQoEJNI: send_cmd_kernel. begin
04-24 13:00:49.586 1176 1176 I HwQoEJNI: send_cmd_kernel. end
04-24 13:00:49.586 1176 1176 I QosMonitor: postEventFromNative: msg=100,arg1=0,arg2=10
04-24 13:00:49.586 1176 1176 D HuaweiWifiWatchdogStateMachine: setSampleRtt: unvalid rtt
04-24 13:00:49.586 1176 1176 I MQoS : rtt=160,tcp_tx_pkts=480974,tcp_rx_pkts=921437
04-24 13:00:49.589 1176 1406 D HuaweiWifiWatchdogStateMachine: dumpTcpResult: len=10,rtt=160,rttPkt=1,rttWn=35,cgt=0,cgtWn=0
04-24 13:00:49.589 1176 1406 I HuaweiWifiWatchdogStateMachine: PTcp RTT:0, rtt pkt=0, tcp_rx=0, tcp_tx=0, tcp_reTran=0, rtRate=0
04-24 13:00:49.589 1176 1406 D HuaweiWifiWatchdogStateMachine: mRssiBadCount =0, RSSI not bad.
04-24 13:00:49.589 1176 1406 D HuaweiWifiWatchdogStateMachine: detectNetworkAvailable:hw.wifipro.dns_fail_count = 131
04-24 13:00:49.589 1176 1406 D HuaweiWifiWatchdogStateMachine: bqeLevel = 2 rtt=0,rtt_pkts=0 speed=11 rssi=-31
04-24 13:00:49.589 1176 1406 D HuaweiWifiWatchdogStateMachine: Enter updateQoeLevel level = 2
04-24 13:00:49.589 1176 1406 D HuaweiWifiWatchdogStateMachine: updateQoeLevel current level equal to mLastDetectLevel, return
04-24 13:00:49.590 1176 1406 D HuaweiWifiWatchdogStateMachine: did not have any network action
04-24 13:00:49.598 1176 3515 I MQoS : QOS_level:0(0),wifi-link;SIM error;use level-0
04-24 13:00:51.414 1176 1338 D HwWifiStatStore: handleMessage : 200
04-24 13:00:51.836 487 620 W SocketListener: sending broadcast to Pid = 1176, Uid = 1000
04-24 13:00:51.843 1176 1332 D NetdConnector: RCV <- {613 IfaceClass active 1 354039988167175 10824}
04-24 13:00:51.847 1176 1332 D NetdConnector: RCV <- {613 IfaceClass active 1 354039988167175 10824}
04-24 13:00:51.852 1176 1202 D NetdConnector: RCV unsolicited event from native daemon, event = 613
04-24 13:00:51.885 1176 1302 W AlarmManager: mIsScreenOn is: false, WAKEUP alarm trigger action = com.huawei.push.alarm.HEARTBEAT package name is: android
04-24 13:00:51.893 4414 4414 I PushLog2955: [main-1]action is com.huawei.push.alarm.HEARTBEAT(android/:307)
04-24 13:00:51.895 4414 4414 I PushLog2955: [main-1]dispatchIntent over(android/:210)
04-24 13:00:51.896 4414 4431 I PushLog2955: [ReceiverDispatcher-277]com.huawei.push.alarm.HEARTBEAT alarm trigger, expectTriggerTime:0, current trigger time:1587704451896(android/:78)
04-24 13:00:51.897 4414 4431 I PushLog2955: [ReceiverDispatcher-277]heartbeatArrive(android/:140)
04-24 13:00:51.897 1176 6416 V BroadcastQueue: Finished with ordered broadcast BroadcastRecord{4115292 u0 com.huawei.push.alarm.HEARTBEAT}
04-24 13:00:51.900 4414 4431 I PushLog2955: [ReceiverDispatcher-277]heartbeatArrive, send heart beat(android/:147)
04-24 13:00:51.904 4414 4431 I PushLog2955: [ReceiverDispatcher-277]not support bastet in wifi(android/:101)
04-24 13:00:51.904 4414 4431 I PushLog2955: [ReceiverDispatcher-277]init push bastet failed!(android/:81)
04-24 13:00:51.907 4414 4431 I PushLog2955: [ReceiverDispatcher-277] get charing (android/:840)
04-24 13:00:51.907 4414 4431 I PushLog2955: [ReceiverDispatcher-277] get charing true(android/:842)
04-24 13:00:51.908 4414 4431 I PushLog2955: [ReceiverDispatcher-277]set HEARTBEAT_RSP_TIMEOUT Alarm(android/:364)
04-24 13:00:51.908 4414 4431 I PushLog2955: [ReceiverDispatcher-277]enter AlarmTools:setExactAlarm(intent:Intent { act=com.huawei.android.push.intent.HEARTBEAT_RSP_TIMEOUT pkg=android } interval:10000ms(android/:24)
04-24 13:00:51.908 4414 4431 I PushLog2955: [ReceiverDispatcher-277]setExactAlarm expectTriggerTime:1587704461908(android/:27)
04-24 13:00:51.910 4414 4431 I PushLog2955: [ReceiverDispatcher-277]next Heartbeat timeout for push server is:5.0(android/:374)
04-24 13:00:51.910 4414 4431 I PushLog2955: [ReceiverDispatcher-277]process cmdid to send to pushSrv:DA, subCmdId:FF(android/:106)
04-24 13:00:51.911 4414 4431 I PushLog2955: [ReceiverDispatcher-277]send msg to remote srv success(android/:110)
04-24 13:00:51.954 4414 23368 I PushLog2955: [SocketRead_07:00:12-666]process cmdid to receive from pushSrv:DB, subCmdId:FF(android/:269)
04-24 13:00:51.956 4414 23368 I PushLog2955: [SocketRead_07:00:12-666]enter adjustHeartBeat:(findHeartBeat:true,isHearBeatTimeReq:true,RspTimeOut:false,beatInterval:300000,bestHBSuccessCount:0,range:[180000,300000])(android/:120)
04-24 13:00:51.957 4414 23368 I PushLog2955: [SocketRead_07:00:12-666]judgeFindBestHB and isBestHBTimeOut: falseisOffset: false(android/:170)
04-24 13:00:51.957 4414 23368 I PushLog2955: [SocketRead_07:00:12-666]after delayHeartBeatReq, nextHeartBeatTime, will be [300000,300000] ms later(android/:501)
04-24 13:00:51.960 4414 23368 I PushLog2955: [SocketRead_07:00:12-666]dispatchIntent over(android/:210)
04-24 13:00:51.961 4414 4431 I PushLog2955: [ReceiverDispatcher-277]com.huawei.android.push.intent.MSG_RECEIVED alarm trigger, expectTriggerTime:0, current trigger time:1587704451961(android/:78)
04-24 13:00:52.693 1176 1392 D HwArpVerifier: performPollAndLog:
04-24 13:00:52.697 1176 1392 D hw_netstat: total/131/199,android.uid.system:1000/75/115,unknown:0/56/84
04-24 13:00:52.760 777 777 E : [E/capacity_limit_control] not demo version, not set power control prop!
04-24 13:00:53.277 1176 1176 I TrafficMonitor: expired arrive. level:-1
04-24 13:00:53.280 1176 1176 I TrafficMonitor: update:rxPkts:2,txPkts:3,rxBytes:131,txBytes:199
04-24 13:00:53.280 1176 1176 I TrafficMonitor: start expired. level:-1
04-24 13:00:53.280 1176 1176 I TrafficMonitor: gettimer:interval=2000
04-24 13:00:53.281 1176 1176 I TrafficMonitor: during_ms:5010,period_ms:2000
