04-24 13:03:05.733 1176 1176 D WiFi_PRO: MSG_RETURN_AP_CURRY_RSSI rssi = -29
04-24 13:03:05.733 1176 1176 I QosMonitor: queryRtt: rtt_type = 3
04-24 13:03:05.734 1176 1406 I HuaweiWifiWatchdogStateMachine: spd good count:0, add sc:0.0, rate:1.0
04-24 13:03:05.735 1176 1406 D HuaweiWifiWatchdogStateMachine: high data flow: protection_counter = 0, not_detect_counter = 401
04-24 13:03:05.735 1176 1406 D HuaweiWifiWatchdogStateMachine: high data flow scenario: 0 --> 0 rx bytes =0KB
04-24 13:03:05.735 1176 1406 I HuaweiWifiWatchdogStateMachine: current mHighDataFlowRate = 1.0
04-24 13:03:05.735 1176 1406 I HuaweiWifiWatchdogStateMachine: POta txb txg rxg:0, 35, 0. Lr =0% Totpkt=35
04-24 13:03:05.736 1176 1176 I HwQoEJNI: send_cmd_kernel. begin
04-24 13:03:05.736 1176 1176 I HwQoEJNI: send_cmd_kernel. end
04-24 13:03:05.737 1176 1176 I QosMonitor: postEventFromNative: msg=100,arg1=4,arg2=10
04-24 13:03:05.737 1176 1176 I HwQoEJNI: send_cmd_kernel. begin
04-24 13:03:05.737 1176 1176 I HwQoEJNI: send_cmd_kernel. end
04-24 13:03:05.738 1176 1176 I QosMonitor: postEventFromNative: msg=100,arg1=0,arg2=10
04-24 13:03:05.738 1176 1176 D HuaweiWifiWatchdogStateMachine: setSampleRtt: unvalid rtt
04-24 13:03:05.738 1176 1176 I MQoS : rtt=320,tcp_tx_pkts=480976,tcp_rx_pkts=921438
04-24 13:03:05.739 1176 1406 D HuaweiWifiWatchdogStateMachine: dumpTcpResult: len=10,rtt=320,rttPkt=1,rttWn=133,cgt=0,cgtWn=0
04-24 13:03:05.739 1176 1406 I HuaweiWifiWatchdogStateMachine: PTcp RTT:0, rtt pkt=0, tcp_rx=0, tcp_tx=0, tcp_reTran=0, rtRate=0
04-24 13:03:05.739 1176 1406 D HuaweiWifiWatchdogStateMachine: mRssiBadCount =0, RSSI not bad.
04-24 13:03:05.739 1176 1406 D HuaweiWifiWatchdogStateMachine: detectNetworkAvailable:hw.wifipro.dns_fail_count = 131
04-24 13:03:05.739 1176 1406 D HuaweiWifiWatchdogStateMachine: bqeLevel = 2 rtt=0,rtt_pkts=0 speed=26 rssi=-29
04-24 13:03:05.739 1176 1406 D HuaweiWifiWatchdogStateMachine: Enter updateQoeLevel level = 2
04-24 13:03:05.739 1176 1406 D HuaweiWifiWatchdogStateMachine: updateQoeLevel current level equal to mLastDetectLevel, return
04-24 13:03:05.740 1176 1406 D HuaweiWifiWatchdogStateMachine: did not have any network action
04-24 13:03:05.748 1176 3515 I MQoS : QOS_level:0(0),wifi-link;SIM error;use level-0
04-24 13:03:06.717 1176 1338 D HwWifiStatStore: handleMessage : 200
04-24 13:03:06.724 487 620 W SocketListener: sending broadcast to Pid = 1176, Uid = 1000
04-24 13:03:06.730 1176 1332 D NetdConnector: RCV <- {613 IfaceClass idle 1 354174879158300}
04-24 13:03:06.734 1176 1332 D NetdConnector: RCV <- {613 IfaceClass idle 1 354174879158300}
04-24 13:03:06.738 1176 1202 D NetdConnector: RCV unsolicited event from native daemon, event = 613
04-24 13:03:07.171 1176 1392 D HwArpVerifier: performPollAndLog:
04-24 13:03:07.176 1176 1392 D hw_netstat: total/0/0
04-24 13:03:07.554 1176 1176 I TrafficMonitor: update:rxPkts:0,txPkts:0,rxBytes:0,txBytes:0
04-24 13:03:07.554 1176 1176 I TrafficMonitor: start expired. level:-1
04-24 13:03:07.554 1176 1176 I TrafficMonitor: gettimer:interval=2000
04-24 13:03:08.071 1729 2056 D SleepClean: run sleepClean start
04-24 13:03:08.115 777 777 E : [E/capacity_limit_control] not demo version, not set power control prop!
04-24 13:03:09.559 1176 1176 I TrafficMonitor: update:rxPkts:0,txPkts:0,rxBytes:0,txBytes:0
04-24 13:03:09.560 1176 1176 I TrafficMonitor: start expired. level:-1
04-24 13:03:09.560 1176 1176 I TrafficMonitor: gettimer:interval=2000
04-24 13:03:09.724 1176 1338 D HwWifiStatStore: handleMessage : 200
04-24 13:03:10.550 1176 1176 I TrafficMonitor: expired arrive. level:-1
04-24 13:03:10.551 1176 1176 I TrafficMonitor: during_ms:2006,period_ms:2000
04-24 13:03:10.551 1176 1176 I TrafficMonitor: count:57,rx_sum:0,tx_sum:0,rxBytes:0,during_ms:2006,rx_speed:0.0,tx_speed:0.0,rto:0.0
04-24 13:03:10.551 1176 1176 D HuaweiWifiWatchdogStateMachine: speed: rxpkt:0, rxSpd:0B/s, txpkt:0, txSpd:0
04-24 13:03:11.565 1176 1176 I TrafficMonitor: update:rxPkts:0,txPkts:0,rxBytes:0,txBytes:0
04-24 13:03:11.565 1176 1176 I TrafficMonitor: start expired. level:-1
04-24 13:03:11.565 1176 1176 I TrafficMonitor: gettimer:interval=2000
04-24 13:03:12.181 1176 1392 D HwArpVerifier: performPollAndLog:
04-24 13:03:12.186 1176 1392 D hw_netstat: total/0/0
04-24 13:03:12.731 1176 1338 D HwWifiStatStore: handleMessage : 200
04-24 13:03:13.125 777 777 E : [E/capacity_limit_control] not demo version, not set power control prop!
04-24 13:03:13.571 1176 1176 I TrafficMonitor: update:rxPkts:0,txPkts:0,rxBytes:0,txBytes:0
04-24 13:03:13.571 1176 1176 I TrafficMonitor: start expired. level:-1
04-24 13:03:13.572 1176 1176 I TrafficMonitor: gettimer:interval=5000
04-24 13:03:13.732 742 742 E wificond: Failed to get NL80211_RATE_INFO_NOISE
04-24 13:03:13.732 742 742 E wificond: Failed to get NL80211_RATE_INFO_SNR
04-24 13:03:13.732 742 742 E wificond: Failed to get NL80211_STA_INFO_CNAHLOAD
04-24 13:03:13.733 1176 1337 E WificondControl: Noise: 0, Snr: -1, Chload: -1
04-24 13:03:13.735 1176 1339 D HwWifiCHRStateManager: handleMessage : 1001
04-24 13:03:13.735 1176 1339 D HwWifiCHRStateManager: handleUpdateChannel:2412
04-24 13:03:13.735 1176 1339 V HwWifiServiceFactory: get AllImpl object = com.android.server.wifi.HwWifiServiceFactoryImpl@2205edc
04-24 13:03:13.740 742 742 E wificond: Failed to get NL80211_RATE_INFO_NOISE
04-24 13:03:13.740 742 742 E wificond: Failed to get NL80211_RATE_INFO_SNR
04-24 13:03:13.740 742 742 E wificond: Failed to get NL80211_STA_INFO_CNAHLOAD
04-24 13:03:13.742 1176 1406 D HuaweiWifiWatchdogStateMachine: LM mrssi=-30
04-24 13:03:13.742 1176 1406 I HuaweiWifiWatchdogStateMachine: spd good count:0, add sc:0.0, rate:1.0
04-24 13:03:13.743 1176 1406 I HuaweiWifiWatchdogStateMachine: current mHighDataFlowRate = 1.0
04-24 13:03:13.743 1176 1406 I HuaweiWifiWatchdogStateMachine: POta txb txg rxg:0, 35, 0. Lr =0% Totpkt=35
04-24 13:03:13.743 1176 1176 D WiFi_PRO: MSG_RETURN_AP_CURRY_RSSI rssi = -30
04-24 13:03:13.744 1176 1176 I QosMonitor: queryRtt: rtt_type = 3
04-24 13:03:13.744 1176 1176 I HwQoEJNI: send_cmd_kernel. begin
04-24 13:03:13.744 1176 1176 I HwQoEJNI: send_cmd_kernel. end
04-24 13:03:13.745 1176 1176 I QosMonitor: postEventFromNative: msg=100,arg1=4,arg2=10
04-24 13:03:13.745 1176 1176 I HwQoEJNI: send_cmd_kernel. begin
04-24 13:03:13.745 1176 1176 I HwQoEJNI: send_cmd_kernel. end
04-24 13:03:13.746 1176 1176 I QosMonitor: postEventFromNative: msg=100,arg1=0,arg2=10
04-24 13:03:13.746 1176 1176 D HuaweiWifiWatchdogStateMachine: setSampleRtt: unvalid rtt
04-24 13:03:13.746 1176 1176 I MQoS : rtt=320,tcp_tx_pkts=480976,tcp_rx_pkts=921438
04-24 13:03:13.752 1176 1406 D HuaweiWifiWatchdogStateMachine: dumpTcpResult: len=10,rtt=320,rttPkt=1,rttWn=141,cgt=0,cgtWn=0
04-24 13:03:13.752 1176 1406 I HuaweiWifiWatchdogStateMachine: PTcp RTT:0, rtt pkt=0, tcp_rx=0, tcp_tx=0, tcp_reTran=0, rtRate=0
04-24 13:03:13.752 1176 1406 D HuaweiWifiWatchdogStateMachine: mRssiBadCount =0, RSSI not bad.
04-24 13:03:13.753 1176 1406 D HuaweiWifiWatchdogStateMachine: detectNetworkAvailable:hw.wifipro.dns_fail_count = 131
04-24 13:03:13.753 1176 1406 D HuaweiWifiWatchdogStateMachine: bqeLevel = 2 rtt=0,rtt_pkts=0 speed=26 rssi=-30
04-24 13:03:13.753 1176 1406 D HuaweiWifiWatchdogStateMachine: Enter updateQoeLevel level = 2
04-24 13:03:13.753 1176 1406 D HuaweiWifiWatchdogStateMachine: updateQoeLevel current level equal to mLastDetectLevel, return
04-24 13:03:13.753 1176 1406 D HuaweiWifiWatchdogStateMachine: did not have any network action
04-24 13:03:13.755 1176 3515 I MQoS : QOS_level:0(0),wifi-link;SIM error;use level-0
04-24 13:03:15.738 1176 1338 D HwWifiStatStore: handleMessage : 200
04-24 13:03:16.569 1176 1176 I TrafficMonitor: expired arrive. level:-1
04-24 13:03:16.570 1176 1176 I TrafficMonitor: during_ms:2007,period_ms:2000
04-24 13:03:16.570 1176 1176 I TrafficMonitor: count:59,rx_sum:0,tx_sum:0,rxBytes:0,during_ms:2007,rx_speed:0.0,tx_speed:0.0,rto:0.0
04-24 13:03:16.570 1176 1176 D HuaweiWifiWatchdogStateMachine: speed: rxpkt:0, rxSpd:0B/s, txpkt:0, txSpd:0
04-24 13:03:17.191 1176 1392 D HwArpVerifier: performPollAndLog:
04-24 13:03:17.196 1176 1392 D hw_netstat: total/0/0
04-24 13:03:18.133 777 777 E : [E/capacity_limit_control] not demo version, not set power control prop!
04-24 13:03:18.577 1176 1176 I TrafficMonitor: update:rxPkts:0,txPkts:0,rxBytes:0,txBytes:0
04-24 13:03:18.578 1176 1176 I TrafficMonitor: start expired. level:-1
04-24 13:03:18.578 1176 1176 I TrafficMonitor: gettimer:interval=5000
04-24 13:03:18.744 1176 1338 D HwWifiStatStore: handleMessage : 200
04-24 13:03:19.549 1176 1589 W Watchdog: hungtask: writing kick
04-24 13:03:19.554 1176 1202 I EventHub: EventHub monitor: no key events in the past 3133s, no motion events in the past 3134s
04-24 13:03:21.734 742 742 E wificond: Failed to get NL80211_RATE_INFO_NOISE
04-24 13:03:21.734 742 742 E wificond: Failed to get NL80211_RATE_INFO_SNR
04-24 13:03:21.734 742 742 E wificond: Failed to get NL80211_STA_INFO_CNAHLOAD
04-24 13:03:21.735 1176 1337 E WificondControl: Noise: 0, Snr: -1, Chload: -1
04-24 13:03:21.737 1176 1339 D HwWifiCHRStateManager: handleMessage : 1001
04-24 13:03:21.738 1176 1339 D HwWifiCHRStateManager: handleUpdateChannel:2412
04-24 13:03:21.738 1176 1339 V HwWifiServiceFactory: get AllImpl object = com.android.server.wifi.HwWifiServiceFactoryImpl@2205edc
04-24 13:03:21.742 742 742 E wificond: Failed to get NL80211_RATE_INFO_NOISE
04-24 13:03:21.743 742 742 E wificond: Failed to get NL80211_RATE_INFO_SNR
04-24 13:03:21.743 742 742 E wificond: Failed to get NL80211_STA_INFO_CNAHLOAD
04-24 13:03:21.745 1176 1406 D HuaweiWifiWatchdogStateMachine: LM mrssi=-29
04-24 13:03:21.745 1176 1176 D WiFi_PRO: MSG_RETURN_AP_CURRY_RSSI rssi = -29
04-24 13:03:21.745 1176 1406 I HuaweiWifiWatchdogStateMachine: spd good count:0, add sc:0.0, rate:1.0
04-24 13:03:21.746 1176 1406 I HuaweiWifiWatchdogStateMachine: current mHighDataFlowRate = 1.0
04-24 13:03:21.746 1176 1176 I QosMonitor: queryRtt: rtt_type = 3
04-24 13:03:21.746 1176 1406 I HuaweiWifiWatchdogStateMachine: POta txb txg rxg:0, 35, 0. Lr =0% Totpkt=35
04-24 13:03:21.746 1176 1176 I HwQoEJNI: send_cmd_kernel. begin
04-24 13:03:21.746 1176 1176 I HwQoEJNI: send_cmd_kernel. end
04-24 13:03:21.747 1176 1176 I QosMonitor: postEventFromNative: msg=100,arg1=4,arg2=10
04-24 13:03:21.747 1176 1176 I HwQoEJNI: send_cmd_kernel. begin
04-24 13:03:21.747 1176 1176 I HwQoEJNI: send_cmd_kernel. end
04-24 13:03:21.747 1176 1176 I QosMonitor: postEventFromNative: msg=100,arg1=0,arg2=10
04-24 13:03:21.748 1176 1176 D HuaweiWifiWatchdogStateMachine: setSampleRtt: unvalid rtt
04-24 13:03:21.748 1176 1176 I MQoS : rtt=320,tcp_tx_pkts=480976,tcp_rx_pkts=921438
04-24 13:03:21.748 1176 1406 D HuaweiWifiWatchdogStateMachine: dumpTcpResult: len=10,rtt=320,rttPkt=1,rttWn=149,cgt=0,cgtWn=0
04-24 13:03:21.749 1176 1406 I HuaweiWifiWatchdogStateMachine: PTcp RTT:0, rtt pkt=0, tcp_rx=0, tcp_tx=0, tcp_reTran=0, rtRate=0
04-24 13:03:21.749 1176 1406 D HuaweiWifiWatchdogStateMachine: mRssiBadCount =0, RSSI not bad.
04-24 13:03:21.749 1176 1406 D HuaweiWifiWatchdogStateMachine: detectNetworkAvailable:hw.wifipro.dns_fail_count = 131
04-24 13:03:21.749 1176 1406 D HuaweiWifiWatchdogStateMachine: bqeLevel = 2 rtt=0,rtt_pkts=0 speed=26 rssi=-29
04-24 13:03:21.749 1176 1406 D HuaweiWifiWatchdogStateMachine: Enter updateQoeLevel level = 2
04-24 13:03:21.749 1176 1406 D HuaweiWifiWatchdogStateMachine: updateQoeLevel current level equal to mLastDetectLevel, return
04-24 13:03:21.750 1176 1406 D HuaweiWifiWatchdogStateMachine: did not have any network action
04-24 13:03:21.751 1176 1338 D HwWifiStatStore: handleMessage : 200
04-24 13:03:21.759 1176 3515 I MQoS : QOS_level:0(0),wifi-link;SIM error;use level-0
04-24 13:03:22.148 1176 1392 D HwArpVerifier: check_wifi_state_mode = 0 mCheckStateToken=25 token25
04-24 13:03:22.151 1176 1392 D wifiserviceimpl: netmask =16777215
04-24 13:03:22.182 1176 1392 D HWMultiGW: setGateWay 192.168.1.1
04-24 13:03:22.204 1106 1119 I OAM : [check_file_size:505]/data/log/wifi/wifi_log_1 log file beyond size=10240Byte, creat new file
04-24 13:03:22.205 1106 1119 I OAM : [rename_old_file:210]rename_old_file
04-24 13:03:22.205 1106 1119 I OAM :
04-24 13:03:23.143 777 777 E : [E/capacity_limit_control] not demo version, not set power control prop!
04-24 13:03:23.184 1176 1392 D HwArpVerifier: getGateWayARPResponses: arp rtt = 15
04-24 13:03:23.184 1176 1392 E HwCHRWifiRSSIGroupSummery: updatArpSummery mRSSI:-29 HwCHRWifiRSSIGroup [rssi_index=4, rtt_tcp_packets=0, rtt_tcp_duration=0, rtt_lan_duration=8482, rtt_lan_failures=0, rtt_lan_succ=414, rtt_lan_max=939, rtt_lan_min=0,same_area_frequency=0,adjacent_area_frequency=0]
04-24 13:03:23.212 1176 1392 D HwArpVerifier: There are 1 mac address for gateway
04-24 13:03:23.213 1176 1392 D HwArpVerifier: from HEART_CHECK transmit to state:HEART_CHECK
04-24 13:03:23.213 1176 1392 D HwArpVerifier: msg what=124 arg1(token)=25 arg2(mode)=0 delay=30000
04-24 13:03:23.213 1176 1392 D HwArpVerifier: performPollAndLog:
04-24 13:03:23.218 1176 1392 D hw_netstat: total/0/0
04-24 13:03:23.581 1176 1176 I TrafficMonitor: expired arrive. level:-1
04-24 13:03:23.584 1176 1176 I TrafficMonitor: update:rxPkts:0,txPkts:0,rxBytes:0,txBytes:0
04-24 13:03:23.584 1176 1176 I TrafficMonitor: start expired. level:-1
04-24 13:03:23.585 1176 1176 I TrafficMonitor: gettimer:interval=5000
04-24 13:03:23.585 1176 1176 I TrafficMonitor: during_ms:5007,period_ms:2000
04-24 13:03:23.585 1176 1176 I TrafficMonitor: count:61,rx_sum:0,tx_sum:0,rxBytes:0,during_ms:5007,rx_speed:0.0,tx_speed:0.0,rto:0.0
04-24 13:03:23.585 1176 1176 D HuaweiWifiWatchdogStateMachine: speed: rxpkt:0, rxSpd:0B/s, txpkt:0, txSpd:0
04-24 13:03:24.713 1176 11623 V BroadcastQueue: Finished with ordered broadcast BroadcastRecord{8d653bf u0 com.tencent.mm.plugin.report.service.KVCommCrossProcessReceiver}
04-24 13:03:24.757 1176 1338 D HwWifiStatStore: handleMessage : 200
04-24 13:03:26.368 1176 1392 D HwArpVerifier: getIpRouteTable
04-24 13:03:26.466 1176 1392 D HwArpVerifier: Notify wifi default route is ok
04-24 13:03:26.718 1176 1185 I zygote64: Background concurrent copying GC freed 471879(20MB) AllocSpace objects, 102(2MB) LOS objects, 42% free, 30MB/53MB, paused 1.085ms total 278.138ms
04-24 13:03:27.761 1176 1338 D HwWifiStatStore: handleMessage : 200
04-24 13:03:28.153 777 777 E : [E/capacity_limit_control] not demo version, not set power control prop!
04-24 13:03:28.190 1176 1288 D HwBatteryService: onUEvent fcpStatus = 0,scpStatus =0,ovpStatus=0
04-24 13:03:28.194 1176 1288 I UsbDeviceManager: water_intrused state= 0
04-24 13:03:28.204 1176 1176 D HwInnerWifiManagerImpl: SupplicantState = COMPLETED
04-24 13:03:28.204 1176 1176 D HwInnerWifiManagerImpl: isPhoneAP = false
04-24 13:03:28.206 1176 1176 D HwInnerWifiManagerImpl: SupplicantState = COMPLETED
04-24 13:03:28.206 1176 1176 D HwInnerWifiManagerImpl: isPhoneAP = false
04-24 13:03:28.206 1176 1176 D WifiStateMachine: mBcastReceiver: PluggedType = 2 mIsScanCtrlPluggedin = true
04-24 13:03:28.206 1176 1176 D HwWifiService: mPluggedType =2
04-24 13:03:28.207 1176 1176 D WifiService: onReceive, action:android.intent.action.BATTERY_CHANGED
04-24 13:03:28.207 1176 1176 D WifiService: ACTION_BATTERY_CHANGED pluggedType: 2
04-24 13:03:28.209 1729 1729 I MsgReceiver: intent action: android.intent.action.BATTERY_CHANGED
04-24 13:03:28.209 5515 5671 E CloudAlbum[8.1.2.309]: [ReceiverManager] not log on ignore
04-24 13:03:28.208 1463 1463 D KeyguardUpdateMonitor: received broadcast android.intent.action.BATTERY_CHANGED
04-24 13:03:28.210 1463 1463 W KeyguardUpdateMonitor: ACTION_BATTERY_CHANGED AMP: 500000; Volt: 5000000
04-24 13:03:28.213 1463 1463 V KeyguardUpdateMonitor: RefreshBatteryInfo isBatteryLow: 77
04-24 13:03:28.213 1463 1463 W KeyguardUpdateMonitor: ChargingSpeed Wattage: 2500000 ST: 5000000 --> 7500000
04-24 13:03:28.213 1463 1463 I KgBattery: BatteryInfo updated: 2lPc0
04-24 13:03:28.213 1463 1463 W AppHandler: sendMessage with obj100
04-24 13:03:28.213 1463 1463 D KeyguardUpdateMonitor: handleBatteryUpdate
04-24 13:03:28.214 1463 1463 W HwLockScreenPanel: Handle message: 100
04-24 13:03:28.214 1463 1463 W HwKeyguardBottomArea: updateBatteryInfo : false true
04-24 13:03:28.214 1463 1463 W KgBattery: getCharge info with type: text
04-24 13:03:28.221 1176 1392 D HwArpVerifier: performPollAndLog:
04-24 13:03:28.222 1463 1463 W HwLockScreenPanel: refreshBatteryInfo: null
04-24 13:03:28.224 1176 1392 D hw_netstat: total/0/0
04-24 13:03:28.585 1176 1176 I TrafficMonitor: expired arrive. level:-1
04-24 13:03:28.588 1176 1176 I TrafficMonitor: update:rxPkts:0,txPkts:0,rxBytes:0,txBytes:0
04-24 13:03:28.588 1176 1176 I TrafficMonitor: start expired. level:-1
04-24 13:03:28.588 1176 1176 I TrafficMonitor: gettimer:interval=5000
04-24 13:03:28.589 1176 1176 I TrafficMonitor: during_ms:5004,period_ms:2000
04-24 13:03:28.589 1176 1176 I TrafficMonitor: count:62,rx_sum:0,tx_sum:0,rxBytes:0,during_ms:5004,rx_speed:0.0,tx_speed:0.0,rto:0.0
04-24 13:03:28.589 1176 1176 D HuaweiWifiWatchdogStateMachine: speed: rxpkt:0, rxSpd:0B/s, txpkt:0, txSpd:0
04-24 13:03:29.742 742 742 E wificond: Failed to get NL80211_RATE_INFO_NOISE
04-24 13:03:29.742 742 742 E wificond: Failed to get NL80211_RATE_INFO_SNR
04-24 13:03:29.742 742 742 E wificond: Failed to get NL80211_STA_INFO_CNAHLOAD
04-24 13:03:29.744 1176 1337 E WificondControl: Noise: 0, Snr: -1, Chload: -1
04-24 13:03:29.745 1176 1339 D HwWifiCHRStateManager: handleMessage : 1001
04-24 13:03:29.746 1176 1339 D HwWifiCHRStateManager: handleUpdateChannel:2412
04-24 13:03:29.746 1176 1339 V HwWifiServiceFactory: get AllImpl object = com.android.server.wifi.HwWifiServiceFactoryImpl@2205edc
04-24 13:03:29.750 742 742 E wificond: Failed to get NL80211_RATE_INFO_NOISE
04-24 13:03:29.751 742 742 E wificond: Failed to get NL80211_RATE_INFO_SNR
04-24 13:03:29.751 742 742 E wificond: Failed to get NL80211_STA_INFO_CNAHLOAD
04-24 13:03:29.753 1176 1406 D HuaweiWifiWatchdogStateMachine: LM mrssi=-28
04-24 13:03:29.753 1176 1406 D HuaweiWifiWatchdogStateMachine: a4:fa:**:**:eb:b0 current loss[-45]=0%, volume=1
04-24 13:03:29.754 1176 1406 D HuaweiWifiWatchdogStateMachine: a4:fa:**:**:eb:b0 history loss[-45]=0%, volume=13825679
04-24 13:03:29.754 1176 1406 I HuaweiWifiWatchdogStateMachine: spd good count:0, add sc:0.0, rate:1.0
04-24 13:03:29.754 1176 1406 I HuaweiWifiWatchdogStateMachine: current mHighDataFlowRate = 1.0
04-24 13:03:29.754 1176 1406 I HuaweiWifiWatchdogStateMachine: POta txb txg rxg:0, 36, 0. Lr =0% Totpkt=36
04-24 13:03:29.755 1176 1176 D WiFi_PRO: MSG_RETURN_AP_CURRY_RSSI rssi = -28
04-24 13:03:29.756 1176 1176 I QosMonitor: queryRtt: rtt_type = 3
04-24 13:03:29.757 1176 1176 I HwQoEJNI: send_cmd_kernel. begin
04-24 13:03:29.757 1176 1176 I HwQoEJNI: send_cmd_kernel. end
04-24 13:03:29.757 1176 1176 I QosMonitor: postEventFromNative: msg=100,arg1=4,arg2=10
04-24 13:03:29.758 1176 1176 I HwQoEJNI: send_cmd_kernel. begin
04-24 13:03:29.758 1176 1176 I HwQoEJNI: send_cmd_kernel. end
04-24 13:03:29.758 1176 1176 I QosMonitor: postEventFromNative: msg=100,arg1=0,arg2=10
04-24 13:03:29.759 1176 1176 D HuaweiWifiWatchdogStateMachine: setSampleRtt: unvalid rtt
04-24 13:03:29.759 1176 1176 I MQoS : rtt=320,tcp_tx_pkts=480976,tcp_rx_pkts=921438
04-24 13:03:29.759 1176 1406 D HuaweiWifiWatchdogStateMachine: dumpTcpResult: len=10,rtt=320,rttPkt=1,rttWn=157,cgt=0,cgtWn=0
04-24 13:03:29.760 1176 1406 I HuaweiWifiWatchdogStateMachine: PTcp RTT:0, rtt pkt=0, tcp_rx=0, tcp_tx=0, tcp_reTran=0, rtRate=0
04-24 13:03:29.760 1176 1406 D HuaweiWifiWatchdogStateMachine: mRssiBadCount =0, RSSI not bad.
04-24 13:03:29.760 1176 1406 D HuaweiWifiWatchdogStateMachine: detectNetworkAvailable:hw.wifipro.dns_fail_count = 131
04-24 13:03:29.760 1176 1406 D HuaweiWifiWatchdogStateMachine: bqeLevel = 2 rtt=0,rtt_pkts=0 speed=26 rssi=-28
04-24 13:03:29.760 1176 1406 D HuaweiWifiWatchdogStateMachine: Enter updateQoeLevel level = 2
04-24 13:03:29.760 1176 1406 D HuaweiWifiWatchdogStateMachine: updateQoeLevel current level equal to mLastDetectLevel, return
04-24 13:03:29.760 1176 1406 D HuaweiWifiWatchdogStateMachine: did not have any network action
04-24 13:03:29.772 1176 3515 I MQoS : QOS_level:0(0),wifi-link;SIM error;use level-0
04-24 13:03:30.769 1176 1338 D HwWifiStatStore: handleMessage : 200
04-24 13:03:33.186 777 777 E : [E/capacity_limit_control] not demo version, not set power control prop!
04-24 13:03:33.230 1176 1392 D HwArpVerifier: performPollAndLog:
04-24 13:03:33.234 1176 1392 D hw_netstat: total/0/0
04-24 13:03:33.593 1176 1176 I TrafficMonitor: expired arrive. level:-1
04-24 13:03:33.596 1176 1176 I TrafficMonitor: update:rxPkts:0,txPkts:0,rxBytes:0,txBytes:0
04-24 13:03:33.596 1176 1176 I TrafficMonitor: start expired. level:-1
04-24 13:03:33.597 1176 1176 I TrafficMonitor: gettimer:interval=5000
04-24 13:03:33.597 1176 1176 I TrafficMonitor: during_ms:5008,period_ms:2000
04-24 13:03:33.597 1176 1176 I TrafficMonitor: count:63,rx_sum:0,tx_sum:0,rxBytes:0,during_ms:5008,rx_speed:0.0,tx_speed:0.0,rto:0.0
04-24 13:03:33.597 1176 1176 D HuaweiWifiWatchdogStateMachine: speed: rxpkt:0, rxSpd:0B/s, txpkt:0, txSpd:0
04-24 13:03:33.776 1176 1338 D HwWifiStatStore: handleMessage : 200
04-24 13:03:37.743 742 742 E wificond: Failed to get NL80211_RATE_INFO_NOISE
04-24 13:03:37.743 742 742 E wificond: Failed to get NL80211_RATE_INFO_SNR
04-24 13:03:37.743 742 742 E wificond: Failed to get NL80211_STA_INFO_CNAHLOAD
04-24 13:03:36.783 1176 1338 D HwWifiStatStore: handleMessage : 200
04-24 13:03:37.744 1176 1337 E WificondControl: Noise: 0, Snr: -1, Chload: -1
04-24 13:03:37.746 1176 1339 D HwWifiCHRStateManager: handleMessage : 1001
04-24 13:03:37.746 1176 1339 D HwWifiCHRStateManager: handleUpdateChannel:2412
04-24 13:03:37.746 1176 1339 V HwWifiServiceFactory: get AllImpl object = com.android.server.wifi.HwWifiServiceFactoryImpl@2205edc
04-24 13:03:37.749 742 742 E wificond: Failed to get NL80211_RATE_INFO_NOISE
04-24 13:03:37.750 742 742 E wificond: Failed to get NL80211_RATE_INFO_SNR
04-24 13:03:37.750 742 742 E wificond: Failed to get NL80211_STA_INFO_CNAHLOAD
04-24 13:03:37.752 1176 1406 D HuaweiWifiWatchdogStateMachine: LM mrssi=-29
04-24 13:03:37.753 1176 1406 I HuaweiWifiWatchdogStateMachine: spd good count:0, add sc:0.0, rate:1.0
04-24 13:03:37.754 1176 1406 D HuaweiWifiWatchdogStateMachine: high data flow: protection_counter = 0, not_detect_counter = 402
04-24 13:03:37.754 1176 1406 D HuaweiWifiWatchdogStateMachine: high data flow scenario: 0 --> 0 rx bytes =0KB
04-24 13:03:37.754 1176 1406 I HuaweiWifiWatchdogStateMachine: current mHighDataFlowRate = 1.0
04-24 13:03:37.754 1176 1406 I HuaweiWifiWatchdogStateMachine: POta txb txg rxg:0, 36, 0. Lr =0% Totpkt=36
04-24 13:03:37.757 1176 1176 D WiFi_PRO: MSG_RETURN_AP_CURRY_RSSI rssi = -29
04-24 13:03:37.758 1176 1176 I QosMonitor: queryRtt: rtt_type = 3
04-24 13:03:37.759 1176 1176 I HwQoEJNI: send_cmd_kernel. begin
04-24 13:03:37.759 1176 1176 I HwQoEJNI: send_cmd_kernel. end
04-24 13:03:37.759 1176 1176 I QosMonitor: postEventFromNative: msg=100,arg1=4,arg2=10
04-24 13:03:37.760 1176 1176 I HwQoEJNI: send_cmd_kernel. begin
04-24 13:03:37.760 1176 1176 I HwQoEJNI: send_cmd_kernel. end
04-24 13:03:37.761 1176 1176 I QosMonitor: postEventFromNative: msg=100,arg1=0,arg2=10
04-24 13:03:37.761 1176 1176 D HuaweiWifiWatchdogStateMachine: setSampleRtt: unvalid rtt
04-24 13:03:37.762 1176 1176 I MQoS : rtt=320,tcp_tx_pkts=480976,tcp_rx_pkts=921438
04-24 13:03:37.762 1176 1406 D HuaweiWifiWatchdogStateMachine: dumpTcpResult: len=10,rtt=320,rttPkt=1,rttWn=165,cgt=0,cgtWn=0
04-24 13:03:37.762 1176 1406 I HuaweiWifiWatchdogStateMachine: PTcp RTT:0, rtt pkt=0, tcp_rx=0, tcp_tx=0, tcp_reTran=0, rtRate=0
04-24 13:03:37.762 1176 1406 D HuaweiWifiWatchdogStateMachine: mRssiBadCount =0, RSSI not bad.
04-24 13:03:37.762 1176 1406 D HuaweiWifiWatchdogStateMachine: detectNetworkAvailable:hw.wifipro.dns_fail_count = 131
04-24 13:03:37.763 1176 1406 D HuaweiWifiWatchdogStateMachine: bqeLevel = 2 rtt=0,rtt_pkts=0 speed=26 rssi=-29
04-24 13:03:37.763 1176 1406 D HuaweiWifiWatchdogStateMachine: Enter updateQoeLevel level = 2
04-24 13:03:37.763 1176 1406 D HuaweiWifiWatchdogStateMachine: updateQoeLevel current level equal to mLastDetectLevel, return
04-24 13:03:37.763 1176 1406 D HuaweiWifiWatchdogStateMachine: did not have any network action
04-24 13:03:37.772 1176 3515 I MQoS : QOS_level:0(0),wifi-link;SIM error;use level-0
04-24 13:03:37.773 1176 3515 I MQoS : skip-low-Level:0(0),wifi-link;SIM error;use level-0
04-24 13:03:38.197 777 777 E : [E/capacity_limit_control] not demo version, not set power control prop!
04-24 13:03:38.240 1176 1392 D HwArpVerifier: performPollAndLog:
04-24 13:03:38.245 1176 1392 D hw_netstat: total/0/0
04-24 13:03:38.598 1176 1176 I TrafficMonitor: expired arrive. level:-1
04-24 13:03:38.601 1176 1176 I TrafficMonitor: update:rxPkts:0,txPkts:0,rxBytes:0,txBytes:0
04-24 13:03:38.601 1176 1176 I TrafficMonitor: start expired. level:-1
04-24 13:03:38.601 1176 1176 I TrafficMonitor: gettimer:interval=5000
04-24 13:03:38.601 1176 1176 I TrafficMonitor: during_ms:5004,period_ms:2000
04-24 13:03:38.601 1176 1176 I TrafficMonitor: count:64,rx_sum:0,tx_sum:0,rxBytes:0,during_ms:5004,rx_speed:0.0,tx_speed:0.0,rto:0.0
04-24 13:03:38.601 1176 1176 D HuaweiWifiWatchdogStateMachine: speed: rxpkt:0, rxSpd:0B/s, txpkt:0, txSpd:0
04-24 13:03:39.788 1176 1338 D HwWifiStatStore: handleMessage : 200
04-24 13:03:42.796 1176 1338 D HwWifiStatStore: handleMessage : 200
04-24 13:03:43.207 777 777 E : [E/capacity_limit_control] not demo version, not set power control prop!
04-24 13:03:43.251 1176 1392 D HwArpVerifier: performPollAndLog:
04-24 13:03:43.255 1176 1392 D hw_netstat: total/0/0
04-24 13:03:43.608 1176 1176 I TrafficMonitor: expired arrive. level:-1
04-24 13:03:43.611 1176 1176 I TrafficMonitor: update:rxPkts:0,txPkts:0,rxBytes:0,txBytes:0
04-24 13:03:43.611 1176 1176 I TrafficMonitor: start expired. level:-1
04-24 13:03:43.611 1176 1176 I TrafficMonitor: gettimer:interval=5000
04-24 13:03:43.611 1176 1176 I TrafficMonitor: during_ms:5010,period_ms:2000
04-24 13:03:43.611 1176 1176 I TrafficMonitor: count:65,rx_sum:0,tx_sum:0,rxBytes:0,during_ms:5010,rx_speed:0.0,tx_speed:0.0,rto:0.0
04-24 13:03:43.611 1176 1176 D HuaweiWifiWatchdogStateMachine: speed: rxpkt:0, rxSpd:0B/s, txpkt:0, txSpd:0
04-24 13:03:44.308 1176 1302 W AlarmManager: mIsScreenOn is: false, WAKEUP alarm trigger action = ALARM_ACTION(27905) package name is: com.tencent.mm
04-24 13:03:44.310 27905 27971 I longlink_progress: on_heartbeat_alarm, time: 354212467, is_noop_timeout:0
04-24 13:03:44.315 1176 1176 V AlarmManager: Received TIME_TICK alarm; rescheduling
04-24 13:03:44.338 1176 1176 I HwAlarmManagerService: hwSetAlarm listenerTag: time_tick
04-24 13:03:44.350 1463 1463 E DateView: DateView,mCurrentTime: 1587704624350
04-24 13:03:44.353 1176 6416 W ProcBatteryStats: timer is running , not start, name: com.tencent.mm, uid: 10824, tag: PlatformComm
04-24 13:03:44.354 1463 1463 I EventCenter: EventCenter Get :android.intent.action.TIME_TICK
04-24 13:03:44.357 1176 11623 W ProcBatteryStats: timer is running , not start, name: com.tencent.mm, uid: 10824, tag: PlatformComm
04-24 13:03:44.362 1176 1490 V BroadcastQueue: Finished with ordered broadcast BroadcastRecord{38ef2b6 u0 null}
04-24 13:03:44.363 1176 6416 W ProcBatteryStats: timer is running , not start, name: com.tencent.mm, uid: 10824, tag: PlatformComm
04-24 13:03:44.369 1176 1490 V BroadcastQueue: Finished with ordered broadcast BroadcastRecord{8a66cdb u0 ALARM_ACTION(27905)}
04-24 13:03:44.372 1463 1463 W HwKeyguardDragHelper: AnimationBlocked
04-24 13:03:44.374 1463 1463 W ResourceType: No known package when getting value for resource number 0xffffffff
04-24 13:03:44.374 1463 1463 E DateLunarView: mDateString is: 4月24日星期五
04-24 13:03:44.375 1463 1463 W ResourceType: No known package when getting value for resource number 0xffffffff
04-24 13:03:44.375 1463 1463 E DateLunarView: mDateString is: 4月24日星期五
04-24 13:03:44.376 27905 28003 I longlink_progress: on_heartbeat_set, time: 354212533, time interval:210000
04-24 13:03:44.377 1463 1463 D WeatherHelper: City info empty
04-24 13:03:44.378 487 620 W SocketListener: sending broadcast to Pid = 1176, Uid = 1000
04-24 13:03:44.379 1463 1463 D WeatherHelper: City info empty
04-24 13:03:44.379 1463 1463 D KeyguardUpdateMonitor: received broadcast android.intent.action.TIME_TICK
04-24 13:03:44.379 1463 1463 D KeyguardUpdateMonitor: handleTimeUpdate
04-24 13:03:44.379 1176 1332 D NetdConnector: RCV <- {613 IfaceClass active 1 354212534511420 10824}
04-24 13:03:44.380 1463 1782 I KeyguardStatusView: Runnable for refresh
04-24 13:03:44.382 1770 1770 I HwLauncher: Model onReceive intent=Intent { act=android.intent.action.TIME_TICK flg=0x50200014 hwFlg=0x900 (has extras) }
04-24 13:03:44.382 1770 1770 I HwLauncher: Model onReceive user=UserHandle{0}
04-24 13:03:44.381 1176 1332 D NetdConnector: RCV <- {613 IfaceClass active 1 354212534511420 10824}
04-24 13:03:44.382 1176 1202 D NetdConnector: RCV unsolicited event from native daemon, event = 613
04-24 13:03:44.382 1463 1463 D WeatherHelper: City info empty
04-24 13:03:44.388 27905 28003 I longlink_progress: on_heartbeat_set, time: 354212546, time interval:210000
04-24 13:03:44.393 3756 3806 I Step_LSC: 80001355|processHandleBroadcastAction action:android.intent.action.TIME_TICK
04-24 13:03:44.398 1176 11623 V BroadcastQueue: Finished with ordered broadcast BroadcastRecord{50a1ea u-1 android.intent.action.TIME_TICK}
04-24 13:03:44.455 1463 1463 D WeatherHelper: City info empty
04-24 13:03:44.455 1463 1463 D DateTimeView: Change to single clock mode!
04-24 13:03:44.457 1463 1463 D WeatherHelper: City info empty
04-24 13:03:44.458 1463 1463 D WeatherHelper: City info empty
04-24 13:03:44.458 1463 1463 D DateTimeView: Change to single clock mode!
04-24 13:03:44.460 1463 1463 D WeatherHelper: City info empty
04-24 13:03:45.087 1176 1176 D HwInnerWifiManagerImpl: SupplicantState = COMPLETED
04-24 13:03:45.087 1176 1176 D HwInnerWifiManagerImpl: isPhoneAP = false
04-24 13:03:45.089 1176 1176 D HwInnerWifiManagerImpl: SupplicantState = COMPLETED
04-24 13:03:45.089 1176 1176 D HwInnerWifiManagerImpl: isPhoneAP = false
04-24 13:03:45.090 1176 1176 D WifiStateMachine: mBcastReceiver: PluggedType = 2 mIsScanCtrlPluggedin = true
04-24 13:03:45.091 1176 1176 D HwWifiService: mPluggedType =2
04-24 13:03:45.093 1176 1176 D WifiService: onReceive, action:android.intent.action.BATTERY_CHANGED
04-24 13:03:45.093 1176 1176 D WifiService: ACTION_BATTERY_CHANGED pluggedType: 2
04-24 13:03:45.093 1463 1463 D KeyguardUpdateMonitor: received broadcast android.intent.action.BATTERY_CHANGED
04-24 13:03:45.093 1463 1463 W KeyguardUpdateMonitor: ACTION_BATTERY_CHANGED AMP: 500000; Volt: 5000000
04-24 13:03:45.094 1463 1463 V KeyguardUpdateMonitor: RefreshBatteryInfo isBatteryLow: 77
04-24 13:03:45.094 1463 1463 W KeyguardUpdateMonitor: ChargingSpeed Wattage: 2500000 ST: 5000000 --> 7500000
04-24 13:03:45.094 1463 1463 I KgBattery: BatteryInfo updated: 2lPc0
04-24 13:03:45.094 1463 1463 W AppHandler: sendMessage with obj100
04-24 13:03:45.094 1463 1463 D KeyguardUpdateMonitor: handleBatteryUpdate
04-24 13:03:45.094 1463 1463 W HwLockScreenPanel: Handle message: 100
04-24 13:03:45.094 1463 1463 W HwKeyguardBottomArea: updateBatteryInfo : false true
04-24 13:03:45.094 1729 1729 I MsgReceiver: intent action: android.intent.action.BATTERY_CHANGED
04-24 13:03:45.094 1463 1463 W KgBattery: getCharge info with type: text
04-24 13:03:45.096 5515 5671 E CloudAlbum[8.1.2.309]: [ReceiverManager] not log on ignore
04-24 13:03:45.097 1463 1463 W HwLockScreenPanel: refreshBatteryInfo: null
04-24 13:03:45.364 1176 11623 W ProcBatteryStats: timer is not running , not stop, name: com.tencent.mm, uid: 10824, tag: PlatformComm
04-24 13:03:45.378 1176 11623 I chatty : uid=1000(system) Binder:1176_1E identical 1 line
04-24 13:03:45.390 1176 11623 W ProcBatteryStats: timer is not running , not stop, name: com.tencent.mm, uid: 10824, tag: PlatformComm
04-24 13:03:45.746 742 742 E wificond: Failed to get NL80211_RATE_INFO_NOISE
04-24 13:03:45.746 742 742 E wificond: Failed to get NL80211_RATE_INFO_SNR
04-24 13:03:45.746 742 742 E wificond: Failed to get NL80211_STA_INFO_CNAHLOAD
04-24 13:03:45.747 1176 1337 E WificondControl: Noise: 0, Snr: -1, Chload: -1
04-24 13:03:45.748 1176 1339 D HwWifiCHRStateManager: handleMessage : 1001
04-24 13:03:45.748 1176 1339 D HwWifiCHRStateManager: handleUpdateChannel:2412
04-24 13:03:45.748 1176 1339 V HwWifiServiceFactory: get AllImpl object = com.android.server.wifi.HwWifiServiceFactoryImpl@2205edc
04-24 13:03:45.753 742 742 E wificond: Failed to get NL80211_RATE_INFO_NOISE
04-24 13:03:45.753 742 742 E wificond: Failed to get NL80211_RATE_INFO_SNR
04-24 13:03:45.753 742 742 E wificond: Failed to get NL80211_STA_INFO_CNAHLOAD
04-24 13:03:45.755 1176 1406 D HuaweiWifiWatchdogStateMachine: LM mrssi=-27
04-24 13:03:45.755 1176 1176 D WiFi_PRO: MSG_RETURN_AP_CURRY_RSSI rssi = -27
04-24 13:03:45.755 1176 1406 D HuaweiWifiWatchdogStateMachine: a4:fa:**:**:eb:b0 current loss[-45]=0%, volume=2
04-24 13:03:45.755 1176 1176 I QosMonitor: queryRtt: rtt_type = 3
04-24 13:03:45.756 1176 1406 D HuaweiWifiWatchdogStateMachine: a4:fa:**:**:eb:b0 history loss[-45]=0%, volume=13825681
04-24 13:03:45.756 1176 1176 I HwQoEJNI: send_cmd_kernel. begin
04-24 13:03:45.756 1176 1176 I HwQoEJNI: send_cmd_kernel. end
04-24 13:03:45.756 1176 1176 I QosMonitor: postEventFromNative: msg=100,arg1=4,arg2=10
04-24 13:03:45.756 1176 1406 I HuaweiWifiWatchdogStateMachine: spd good count:0, add sc:0.0, rate:1.0
04-24 13:03:45.756 1176 1406 I HuaweiWifiWatchdogStateMachine: current mHighDataFlowRate = 1.0
04-24 13:03:45.757 1176 1406 I HuaweiWifiWatchdogStateMachine: POta txb txg rxg:0, 38, 0. Lr =0% Totpkt=38
04-24 13:03:45.757 1176 1176 D HuaweiWifiWatchdogStateMachine: a4:fa:**:**:eb:b0 current RTT[-45]=320, volume=1
04-24 13:03:45.757 1176 1176 D HuaweiWifiWatchdogStateMachine: a4:fa:**:**:eb:b0 history RTT[-45]=510, volume=60866
04-24 13:03:45.757 1176 1176 D HuaweiWifiWatchdogStateMachine: setSampleRtt: rtt=320,rtt_pkts =1,rtt_when=1
04-24 13:03:45.757 1176 1176 I HwQoEJNI: send_cmd_kernel. begin
04-24 13:03:45.757 1176 1176 I HwQoEJNI: send_cmd_kernel. end
04-24 13:03:45.757 1176 1176 I QosMonitor: postEventFromNative: msg=100,arg1=0,arg2=10
04-24 13:03:45.758 1176 1176 I QosMonitor: resetRtt: rtt_type = 3
04-24 13:03:45.758 1176 1176 I HwQoEJNI: send_cmd_kernel. begin
04-24 13:03:45.758 1176 1176 I HwQoEJNI: send_cmd_kernel. end
04-24 13:03:45.758 1176 1176 I MQoS : rtt=320,tcp_tx_pkts=480978,tcp_rx_pkts=921439
04-24 13:03:45.761 1176 1406 D HuaweiWifiWatchdogStateMachine: dumpTcpResult: len=10,rtt=320,rttPkt=1,rttWn=1,cgt=0,cgtWn=0
04-24 13:03:45.762 1176 1406 I HuaweiWifiWatchdogStateMachine: PTcp RTT:0, rtt pkt=0, tcp_rx=1, tcp_tx=2, tcp_reTran=0, rtRate=0
04-24 13:03:45.762 1176 1406 D HuaweiWifiWatchdogStateMachine: mRssiBadCount =0, RSSI not bad.
04-24 13:03:45.762 1176 3109 D HwUidTcpMonitor: parseWlanUidTcpStatistics lastUidTcpStatInfo = [ mUid = 10824 mPacketName = com.tencent.mm mSendSegs = 231 mResendSegs = 0 mRcvSegs = 170 ]
04-24 13:03:45.762 1176 1406 D HuaweiWifiWatchdogStateMachine: detectNetworkAvailable:hw.wifipro.dns_fail_count = 131
04-24 13:03:45.762 1176 1406 D HuaweiWifiWatchdogStateMachine: detectNetworkAvailable: tcpRxPkts != 0, reset
04-24 13:03:45.762 1176 1406 D HuaweiWifiWatchdogStateMachine: bqeLevel = 2 rtt=0,rtt_pkts=0 speed=26 rssi=-27
04-24 13:03:45.762 1176 1406 D HuaweiWifiWatchdogStateMachine: Enter updateQoeLevel level = 2
04-24 13:03:45.762 1176 1406 D HuaweiWifiWatchdogStateMachine: updateQoeLevel current level equal to mLastDetectLevel, return
04-24 13:03:45.762 1176 1406 D HuaweiWifiWatchdogStateMachine: did not have any network action
04-24 13:03:45.769 1176 3515 I MQoS : QOS_level:0(0),wifi-link;SIM error;use level-0
04-24 13:03:45.802 1176 1338 D HwWifiStatStore: handleMessage : 200
04-24 13:03:48.217 777 777 E : [E/capacity_limit_control] not demo version, not set power control prop!
04-24 13:03:48.260 1176 1392 D HwArpVerifier: performPollAndLog:
04-24 13:03:48.265 1176 1392 D hw_netstat: total/77/117,com.tencent.mm/77/117
04-24 13:03:48.535 1729 23345 I DownloadState: 10824 transmitting data speed : 38 bytes/s scroff: true
04-24 13:03:48.615 1176 1176 I TrafficMonitor: expired arrive. level:-1
04-24 13:03:48.618 1176 1176 I TrafficMonitor: update:rxPkts:1,txPkts:2,rxBytes:77,txBytes:117
04-24 13:03:48.619 1176 1176 I TrafficMonitor: start expired. level:-1
04-24 13:03:48.619 1176 1176 I TrafficMonitor: gettimer:interval=2000
04-24 13:03:48.619 1176 1176 I TrafficMonitor: during_ms:5008,period_ms:2000
04-24 13:03:48.619 1176 1176 I TrafficMonitor: count:66,rx_sum:1,tx_sum:2,rxBytes:77,during_ms:5008,rx_speed:15.375399361022364,tx_speed:23.36261980830671,rto:0.5
04-24 13:03:48.619 1176 1176 D HuaweiWifiWatchdogStateMachine: speed: rxpkt:1, rxSpd:15B/s, txpkt:2, txSpd:23
04-24 13:03:48.651 3756 3774 D LogUtil_LogConfig: obtainSavePath(): path = 1
04-24 13:03:48.655 3756 3774 D LogUtil_LogConfig: getLogFile(): logFilePath = /data/data/com.huawei.health/files/com.huawei.health/com.huawei.health_DaemonService/
04-24 13:03:48.656 3756 3774 D LogUtil_LogConfig: obtainSavePath(): path = 1
04-24 13:03:48.656 3756 3774 D LogUtil_LogConfig: acquireMaxLogFileLengthContainsOffset describe: com.huawei.health:DaemonService result:5242880
04-24 13:03:48.657 3756 3774 D LogUtil_LogConfig: obtainSavePath(): path = 1
04-24 13:03:48.658 3756 3774 D LogUtil_LogConfig: getLogFileRoot(): logFilePath = /data/data/com.huawei.health/files/com.huawei.health/com.huawei.health_DaemonService/
04-24 13:03:48.809 1176 1338 D HwWifiStatStore: handleMessage : 200
04-24 13:03:49.552 1176 1589 W Watchdog: hungtask: writing kick
04-24 13:03:49.558 1176 1202 I EventHub: EventHub monitor: no key events in the past 3163s, no motion events in the past 3164s
04-24 13:03:50.625 1176 1176 I TrafficMonitor: update:rxPkts:0,txPkts:0,rxBytes:0,txBytes:0
04-24 13:03:50.625 1176 1176 I TrafficMonitor: start expired. level:-1
04-24 13:03:50.626 1176 1176 I TrafficMonitor: gettimer:interval=2000
04-24 13:03:51.815 1176 1338 D HwWifiStatStore: handleMessage : 200
04-24 13:03:52.630 1176 1176 I TrafficMonitor: update:rxPkts:0,txPkts:0,rxBytes:0,txBytes:0
04-24 13:03:52.630 1176 1176 I TrafficMonitor: start expired. level:-1
04-24 13:03:52.631 1176 1176 I TrafficMonitor: gettimer:interval=2000
04-24 13:03:53.219 1176 1392 D HwArpVerifier: check_wifi_state_mode = 0 mCheckStateToken=25 token25
04-24 13:03:53.222 1176 1392 D wifiserviceimpl: netmask =16777215
04-24 13:03:53.228 777 777 E : [E/capacity_limit_control] not demo version, not set power control prop!
04-24 13:03:53.321 1176 1392 D HWMultiGW: setGateWay 192.168.1.1
04-24 13:03:53.621 1176 1176 I TrafficMonitor: expired arrive. level:-1
04-24 13:03:53.622 1176 1176 I TrafficMonitor: during_ms:2006,period_ms:2000
04-24 13:03:53.622 1176 1176 I TrafficMonitor: count:68,rx_sum:0,tx_sum:0,rxBytes:0,during_ms:2006,rx_speed:0.0,tx_speed:0.0,rto:0.0
04-24 13:03:53.622 1176 1176 D HuaweiWifiWatchdogStateMachine: speed: rxpkt:0, rxSpd:0B/s, txpkt:0, txSpd:0
04-24 13:03:53.748 742 742 E wificond: Failed to get NL80211_RATE_INFO_NOISE
04-24 13:03:53.749 742 742 E wificond: Failed to get NL80211_RATE_INFO_SNR
04-24 13:03:53.749 742 742 E wificond: Failed to get NL80211_STA_INFO_CNAHLOAD
04-24 13:03:53.750 1176 1337 E WificondControl: Noise: 0, Snr: -1, Chload: -1
04-24 13:03:53.751 1176 1339 D HwWifiCHRStateManager: handleMessage : 1001
04-24 13:03:53.751 1176 1339 D HwWifiCHRStateManager: handleUpdateChannel:2412
04-24 13:03:53.751 1176 1339 V HwWifiServiceFactory: get AllImpl object = com.android.server.wifi.HwWifiServiceFactoryImpl@2205edc
04-24 13:03:53.756 742 742 E wificond: Failed to get NL80211_RATE_INFO_NOISE
04-24 13:03:53.756 742 742 E wificond: Failed to get NL80211_RATE_INFO_SNR
04-24 13:03:53.757 742 742 E wificond: Failed to get NL80211_STA_INFO_CNAHLOAD
04-24 13:03:53.759 1176 1406 D HuaweiWifiWatchdogStateMachine: LM mrssi=-29
04-24 13:03:53.759 1176 1176 D WiFi_PRO: MSG_RETURN_AP_CURRY_RSSI rssi = -29
04-24 13:03:53.759 1176 1406 D HuaweiWifiWatchdogStateMachine: a4:fa:**:**:eb:b0 current loss[-45]=0%, volume=1
04-24 13:03:53.759 1176 1406 D HuaweiWifiWatchdogStateMachine: a4:fa:**:**:eb:b0 history loss[-45]=0%, volume=13825682
04-24 13:03:53.759 1176 1176 I QosMonitor: queryRtt: rtt_type = 3
04-24 13:03:53.760 1176 1406 I HuaweiWifiWatchdogStateMachine: spd good count:0, add sc:0.0, rate:1.0
04-24 13:03:53.760 1176 1406 I HuaweiWifiWatchdogStateMachine: current mHighDataFlowRate = 1.0
04-24 13:03:53.760 1176 1406 I HuaweiWifiWatchdogStateMachine: POta txb txg rxg:0, 39, 0. Lr =0% Totpkt=39
04-24 13:03:53.762 1176 1176 I HwQoEJNI: send_cmd_kernel. begin
04-24 13:03:53.762 1176 1176 I HwQoEJNI: send_cmd_kernel. end
04-24 13:03:53.763 1176 1176 I QosMonitor: postEventFromNative: msg=100,arg1=4,arg2=10
04-24 13:03:53.763 1176 1176 I HwQoEJNI: send_cmd_kernel. begin
04-24 13:03:53.763 1176 1176 I HwQoEJNI: send_cmd_kernel. end
04-24 13:03:53.763 1176 1176 I QosMonitor: postEventFromNative: msg=100,arg1=0,arg2=10
04-24 13:03:53.764 1176 1176 D HuaweiWifiWatchdogStateMachine: setSampleRtt: rtt=0,rtt_pkts =0,rtt_when=9
04-24 13:03:53.764 1176 1176 I MQoS : rtt=320,tcp_tx_pkts=480978,tcp_rx_pkts=921439
04-24 13:03:53.764 1176 1176 I QosMonitor: resetRtt: rtt_type = 3
04-24 13:03:53.764 1176 1176 I HwQoEJNI: send_cmd_kernel. begin
04-24 13:03:53.764 1176 1176 I HwQoEJNI: send_cmd_kernel. end
04-24 13:03:53.765 1176 1406 D HuaweiWifiWatchdogStateMachine: dumpTcpResult: len=10,rtt=320,rttPkt=1,rttWn=9,cgt=0,cgtWn=0
04-24 13:03:53.766 1176 1406 I HuaweiWifiWatchdogStateMachine: PTcp RTT:0, rtt pkt=0, tcp_rx=0, tcp_tx=0, tcp_reTran=0, rtRate=0
04-24 13:03:53.766 1176 1406 D HuaweiWifiWatchdogStateMachine: mRssiBadCount =0, RSSI not bad.
04-24 13:03:53.766 1176 1406 D HuaweiWifiWatchdogStateMachine: detectNetworkAvailable:hw.wifipro.dns_fail_count = 131
04-24 13:03:53.766 1176 1406 D HuaweiWifiWatchdogStateMachine: bqeLevel = 2 rtt=0,rtt_pkts=0 speed=26 rssi=-29
04-24 13:03:53.766 1176 1406 D HuaweiWifiWatchdogStateMachine: Enter updateQoeLevel level = 2
04-24 13:03:53.766 1176 1406 D HuaweiWifiWatchdogStateMachine: updateQoeLevel current level equal to mLastDetectLevel, return
04-24 13:03:53.766 1176 1406 D HuaweiWifiWatchdogStateMachine: did not have any network action
04-24 13:03:53.778 1176 3515 I MQoS : QOS_level:0(0),wifi-link;SIM error;use level-0
04-24 13:03:54.323 1176 1392 D HwArpVerifier: getGateWayARPResponses: arp rtt = 71
04-24 13:03:54.323 1176 1392 E HwCHRWifiRSSIGroupSummery: updatArpSummery mRSSI:-29 HwCHRWifiRSSIGroup [rssi_index=4, rtt_tcp_packets=0, rtt_tcp_duration=0, rtt_lan_duration=8553, rtt_lan_failures=0, rtt_lan_succ=415, rtt_lan_max=939, rtt_lan_min=0,same_area_frequency=0,adjacent_area_frequency=0]
04-24 13:03:54.385 1176 11623 V BroadcastQueue: Finished with ordered broadcast BroadcastRecord{d91aaaf u0 com.tencent.mm.plugin.report.service.KVCommCrossProcessReceiver}
04-24 13:03:54.429 1176 1392 D HwArpVerifier: There are 1 mac address for gateway
04-24 13:03:54.430 1176 1392 D HwArpVerifier: from HEART_CHECK transmit to state:HEART_CHECK
04-24 13:03:54.430 1176 1392 D HwArpVerifier: msg what=124 arg1(token)=25 arg2(mode)=0 delay=30000
04-24 13:03:54.430 1176 1392 D HwArpVerifier: performPollAndLog:
04-24 13:03:54.433 1176 1392 D hw_netstat: total/0/0
04-24 13:03:54.635 1176 1176 I TrafficMonitor: update:rxPkts:0,txPkts:0,rxBytes:0,txBytes:0
04-24 13:03:54.636 1176 1176 I TrafficMonitor: start expired. level:-1
04-24 13:03:54.636 1176 1176 I TrafficMonitor: gettimer:interval=2000
04-24 13:03:54.823 1176 1338 D HwWifiStatStore: handleMessage : 200
04-24 13:03:56.642 1176 1176 I TrafficMonitor: update:rxPkts:0,txPkts:0,rxBytes:0,txBytes:0
04-24 13:03:56.642 1176 1176 I TrafficMonitor: start expired. level:-1
04-24 13:03:56.642 1176 1176 I TrafficMonitor: gettimer:interval=2000
04-24 13:03:57.830 1176 1338 D HwWifiStatStore: handleMessage : 200
04-24 13:03:58.238 777 777 E : [E/capacity_limit_control] not demo version, not set power control prop!
04-24 13:03:58.258 1176 1288 D HwBatteryService: onUEvent fcpStatus = 0,scpStatus =0,ovpStatus=0
04-24 13:03:58.261 1176 1288 I UsbDeviceManager: water_intrused state= 0
04-24 13:03:58.272 1463 1463 D KeyguardUpdateMonitor: received broadcast android.intent.action.BATTERY_CHANGED
04-24 13:03:58.273 1463 1463 W KeyguardUpdateMonitor: ACTION_BATTERY_CHANGED AMP: 500000; Volt: 5000000
04-24 13:03:58.273 1176 1176 D HwInnerWifiManagerImpl: SupplicantState = COMPLETED
04-24 13:03:58.274 1176 1176 D HwInnerWifiManagerImpl: isPhoneAP = false
04-24 13:03:58.274 1463 1463 V KeyguardUpdateMonitor: RefreshBatteryInfo isBatteryLow: 77
04-24 13:03:58.274 1463 1463 W KeyguardUpdateMonitor: ChargingSpeed Wattage: 2500000 ST: 5000000 --> 7500000
04-24 13:03:58.274 1463 1463 I KgBattery: BatteryInfo updated: 2lPc0
04-24 13:03:58.275 1463 1463 W AppHandler: sendMessage with obj100
04-24 13:03:58.275 1463 1463 D KeyguardUpdateMonitor: handleBatteryUpdate
04-24 13:03:58.275 1176 1176 D HwInnerWifiManagerImpl: SupplicantState = COMPLETED
04-24 13:03:58.275 1176 1176 D HwInnerWifiManagerImpl: isPhoneAP = false
04-24 13:03:58.275 1176 1176 D WifiStateMachine: mBcastReceiver: PluggedType = 2 mIsScanCtrlPluggedin = true
04-24 13:03:58.276 1176 1176 D HwWifiService: mPluggedType =2
04-24 13:03:58.277 1176 1176 D WifiService: onReceive, action:android.intent.action.BATTERY_CHANGED
04-24 13:03:58.277 1176 1176 D WifiService: ACTION_BATTERY_CHANGED pluggedType: 2
04-24 13:03:58.278 1463 1463 W HwLockScreenPanel: Handle message: 100
04-24 13:03:58.279 1463 1463 W HwKeyguardBottomArea: updateBatteryInfo : false true
04-24 13:03:58.281 1729 1729 I MsgReceiver: intent action: android.intent.action.BATTERY_CHANGED
04-24 13:03:58.281 5515 5671 E CloudAlbum[8.1.2.309]: [ReceiverManager] not log on ignore
04-24 13:03:58.283 1463 1463 W KgBattery: getCharge info with type: text
04-24 13:03:58.290 1463 1463 W HwLockScreenPanel: refreshBatteryInfo: null
04-24 13:03:58.645 1176 1176 I TrafficMonitor: update:rxPkts:0,txPkts:0,rxBytes:0,txBytes:0
04-24 13:03:58.646 1176 1176 I TrafficMonitor: start expired. level:-1
04-24 13:03:58.646 1176 1176 I TrafficMonitor: gettimer:interval=2000
04-24 13:03:59.439 1176 1392 D HwArpVerifier: performPollAndLog:
04-24 13:03:59.443 1176 1392 D hw_netstat: total/0/0
04-24 13:03:59.454 487 620 W SocketListener: sending broadcast to Pid = 1176, Uid = 1000
04-24 13:03:59.461 1176 1332 D NetdConnector: RCV <- {613 IfaceClass idle 1 354227608842146}
04-24 13:03:59.465 1176 1332 D NetdConnector: RCV <- {613 IfaceClass idle 1 354227608842146}
04-24 13:03:59.470 1176 1202 D NetdConnector: RCV unsolicited event from native daemon, event = 613
04-24 13:03:59.638 1176 1176 I TrafficMonitor: expired arrive. level:-1
04-24 13:03:59.639 1176 1176 I TrafficMonitor: during_ms:2004,period_ms:2000
04-24 13:03:59.639 1176 1176 I TrafficMonitor: count:71,rx_sum:0,tx_sum:0,rxBytes:0,during_ms:2004,rx_speed:0.0,tx_speed:0.0,rto:0.0
04-24 13:03:59.639 1176 1176 D HuaweiWifiWatchdogStateMachine: speed: rxpkt:0, rxSpd:0B/s, txpkt:0, txSpd:0
04-24 13:04:00.650 1176 1176 I TrafficMonitor: update:rxPkts:0,txPkts:0,rxBytes:0,txBytes:0
04-24 13:04:00.651 1176 1176 I TrafficMonitor: start expired. level:-1
04-24 13:04:00.651 1176 1176 I TrafficMonitor: gettimer:interval=2000
04-24 13:04:00.837 1176 1338 D HwWifiStatStore: handleMessage : 200
04-24 13:04:01.763 742 742 E wificond: Failed to get NL80211_RATE_INFO_NOISE
04-24 13:04:01.763 742 742 E wificond: Failed to get NL80211_RATE_INFO_SNR
04-24 13:04:01.764 742 742 E wificond: Failed to get NL80211_STA_INFO_CNAHLOAD
04-24 13:04:01.764 1176 1337 E WificondControl: Noise: 0, Snr: -1, Chload: -1
04-24 13:04:01.766 1176 1339 D HwWifiCHRStateManager: handleMessage : 1001
04-24 13:04:01.766 1176 1339 D HwWifiCHRStateManager: handleUpdateChannel:2412
04-24 13:04:01.766 1176 1339 V HwWifiServiceFactory: get AllImpl object = com.android.server.wifi.HwWifiServiceFactoryImpl@2205edc
04-24 13:04:01.770 742 742 E wificond: Failed to get NL80211_RATE_INFO_NOISE
04-24 13:04:01.770 742 742 E wificond: Failed to get NL80211_RATE_INFO_SNR
04-24 13:04:01.770 742 742 E wificond: Failed to get NL80211_STA_INFO_CNAHLOAD
04-24 13:04:01.772 1176 1406 D HuaweiWifiWatchdogStateMachine: LM mrssi=-29
04-24 13:04:01.772 1176 1176 D WiFi_PRO: MSG_RETURN_AP_CURRY_RSSI rssi = -29
04-24 13:04:01.772 1176 1176 I QosMonitor: queryRtt: rtt_type = 3
04-24 13:04:01.773 1176 1176 I HwQoEJNI: send_cmd_kernel. begin
04-24 13:04:01.773 1176 1406 I HuaweiWifiWatchdogStateMachine: spd good count:0, add sc:0.0, rate:1.0
04-24 13:04:01.773 1176 1406 I HuaweiWifiWatchdogStateMachine: current mHighDataFlowRate = 1.0
04-24 13:04:01.773 1176 1176 I HwQoEJNI: send_cmd_kernel. end
04-24 13:04:01.773 1176 1406 I HuaweiWifiWatchdogStateMachine: POta txb txg rxg:0, 39, 0. Lr =0% Totpkt=39
04-24 13:04:01.773 1176 1176 I QosMonitor: postEventFromNative: msg=100,arg1=4,arg2=10
04-24 13:04:01.774 1176 1176 I HwQoEJNI: send_cmd_kernel. begin
04-24 13:04:01.774 1176 1176 I HwQoEJNI: send_cmd_kernel. end
04-24 13:04:01.774 1176 1176 I QosMonitor: postEventFromNative: msg=100,arg1=0,arg2=10
04-24 13:04:01.774 1176 1176 D HuaweiWifiWatchdogStateMachine: setSampleRtt: unvalid rtt
04-24 13:04:01.775 1176 1176 I MQoS : rtt=320,tcp_tx_pkts=480978,tcp_rx_pkts=921439
04-24 13:04:01.776 1176 1406 D HuaweiWifiWatchdogStateMachine: dumpTcpResult: len=10,rtt=320,rttPkt=1,rttWn=17,cgt=0,cgtWn=0
04-24 13:04:01.776 1176 1406 I HuaweiWifiWatchdogStateMachine: PTcp RTT:0, rtt pkt=0, tcp_rx=0, tcp_tx=0, tcp_reTran=0, rtRate=0
