04-24 13:07:58.924 1463 1463 D KeyguardUpdateMonitor: received broadcast android.intent.action.BATTERY_CHANGED
04-24 13:07:58.925 1176 1176 D HwInnerWifiManagerImpl: SupplicantState = COMPLETED
04-24 13:07:58.925 1176 1176 D HwInnerWifiManagerImpl: isPhoneAP = false
04-24 13:07:58.925 1176 1176 D WifiStateMachine: mBcastReceiver: PluggedType = 2 mIsScanCtrlPluggedin = true
04-24 13:07:58.925 1176 1176 D HwWifiService: mPluggedType =2
04-24 13:07:58.926 1463 1463 W KeyguardUpdateMonitor: ACTION_BATTERY_CHANGED AMP: 500000; Volt: 5000000
04-24 13:07:58.928 1729 1729 I MsgReceiver: intent action: android.intent.action.BATTERY_CHANGED
04-24 13:07:58.928 1176 1176 D WifiService: onReceive, action:android.intent.action.BATTERY_CHANGED
04-24 13:07:58.928 1176 1176 D WifiService: ACTION_BATTERY_CHANGED pluggedType: 2
04-24 13:07:58.929 1463 1463 V KeyguardUpdateMonitor: RefreshBatteryInfo isBatteryLow: 78
04-24 13:07:58.929 1463 1463 W KeyguardUpdateMonitor: ChargingSpeed Wattage: 2500000 ST: 5000000 --> 7500000
04-24 13:07:58.929 1463 1463 I KgBattery: BatteryInfo updated: 2lPc0
04-24 13:07:58.930 1463 1463 W AppHandler: sendMessage with obj100
04-24 13:07:58.930 1463 1463 D KeyguardUpdateMonitor: handleBatteryUpdate
04-24 13:07:58.930 1463 1463 W HwLockScreenPanel: Handle message: 100
04-24 13:07:58.930 1463 1463 W HwKeyguardBottomArea: updateBatteryInfo : false true
04-24 13:07:58.930 1463 1463 W KgBattery: getCharge info with type: text
04-24 13:07:58.937 5515 5671 E CloudAlbum[8.1.2.309]: [ReceiverManager] not log on ignore
04-24 13:07:58.940 1463 1463 W HwLockScreenPanel: refreshBatteryInfo: null
04-24 13:07:59.102 1176 1176 I TrafficMonitor: expired arrive. level:-1
04-24 13:07:59.102 1176 1176 I TrafficMonitor: during_ms:2006,period_ms:2000
04-24 13:07:59.102 1176 1176 I TrafficMonitor: count:153,rx_sum:0,tx_sum:0,rxBytes:0,during_ms:2006,rx_speed:0.0,tx_speed:0.0,rto:0.0
04-24 13:07:59.102 1176 1176 D HuaweiWifiWatchdogStateMachine: speed: rxpkt:0, rxSpd:0B/s, txpkt:0, txSpd:0
04-24 13:08:00.117 1176 1176 I TrafficMonitor: update:rxPkts:0,txPkts:0,rxBytes:0,txBytes:0
04-24 13:08:00.117 1176 1176 I TrafficMonitor: start expired. level:-1
04-24 13:08:00.118 1176 1176 I TrafficMonitor: gettimer:interval=2000
04-24 13:08:01.362 1176 1338 D HwWifiStatStore: handleMessage : 200
04-24 13:08:01.988 742 742 E wificond: Failed to get NL80211_RATE_INFO_NOISE
04-24 13:08:01.989 742 742 E wificond: Failed to get NL80211_RATE_INFO_SNR
04-24 13:08:01.989 742 742 E wificond: Failed to get NL80211_STA_INFO_CNAHLOAD
04-24 13:08:01.991 1176 1337 E WificondControl: Noise: 0, Snr: -1, Chload: -1
04-24 13:08:01.992 1176 1339 D HwWifiCHRStateManager: handleMessage : 1001
04-24 13:08:01.993 1176 1339 D HwWifiCHRStateManager: handleUpdateChannel:2412
04-24 13:08:01.993 1176 1339 V HwWifiServiceFactory: get AllImpl object = com.android.server.wifi.HwWifiServiceFactoryImpl@2205edc
04-24 13:08:01.997 742 742 E wificond: Failed to get NL80211_RATE_INFO_NOISE
04-24 13:08:01.998 742 742 E wificond: Failed to get NL80211_RATE_INFO_SNR
04-24 13:08:01.998 742 742 E wificond: Failed to get NL80211_STA_INFO_CNAHLOAD
04-24 13:08:01.999 1176 1176 D WiFi_PRO: MSG_RETURN_AP_CURRY_RSSI rssi = -29
04-24 13:08:01.999 1176 1406 D HuaweiWifiWatchdogStateMachine: LM mrssi=-29
04-24 13:08:02.000 1176 1406 D HuaweiWifiWatchdogStateMachine: a4:fa:**:**:eb:b0 current loss[-45]=0%, volume=1
04-24 13:08:02.000 1176 1176 I QosMonitor: queryRtt: rtt_type = 3
04-24 13:08:02.000 1176 1406 D HuaweiWifiWatchdogStateMachine: a4:fa:**:**:eb:b0 history loss[-45]=0%, volume=13825703
04-24 13:08:02.000 1176 1176 I HwQoEJNI: send_cmd_kernel. begin
04-24 13:08:02.001 1176 1406 I HuaweiWifiWatchdogStateMachine: spd good count:0, add sc:0.0, rate:1.0
04-24 13:08:02.001 1176 1176 I HwQoEJNI: send_cmd_kernel. end
04-24 13:08:02.001 1176 1406 I HuaweiWifiWatchdogStateMachine: current mHighDataFlowRate = 1.0
04-24 13:08:02.001 1176 1406 I HuaweiWifiWatchdogStateMachine: POta txb txg rxg:0, 60, 0. Lr =0% Totpkt=60
04-24 13:08:02.001 1176 1176 I QosMonitor: postEventFromNative: msg=100,arg1=4,arg2=10
04-24 13:08:02.002 1176 1176 I HwQoEJNI: send_cmd_kernel. begin
04-24 13:08:02.002 1176 1176 I HwQoEJNI: send_cmd_kernel. end
04-24 13:08:02.002 1176 1176 I QosMonitor: postEventFromNative: msg=100,arg1=0,arg2=10
04-24 13:08:02.003 1176 1176 D HuaweiWifiWatchdogStateMachine: setSampleRtt: unvalid rtt
04-24 13:08:02.003 1176 1176 I MQoS : rtt=240,tcp_tx_pkts=480982,tcp_rx_pkts=921441
04-24 13:08:02.005 1176 1406 D HuaweiWifiWatchdogStateMachine: dumpTcpResult: len=10,rtt=240,rttPkt=1,rttWn=47,cgt=0,cgtWn=0
04-24 13:08:02.006 1176 1406 I HuaweiWifiWatchdogStateMachine: PTcp RTT:0, rtt pkt=0, tcp_rx=0, tcp_tx=0, tcp_reTran=0, rtRate=0
04-24 13:08:02.006 1176 1406 D HuaweiWifiWatchdogStateMachine: mRssiBadCount =0, RSSI not bad.
04-24 13:08:02.006 1176 1406 D HuaweiWifiWatchdogStateMachine: detectNetworkAvailable:hw.wifipro.dns_fail_count = 131
04-24 13:08:02.006 1176 1406 D HuaweiWifiWatchdogStateMachine: bqeLevel = 2 rtt=0,rtt_pkts=0 speed=26 rssi=-29
04-24 13:08:02.006 1176 1406 D HuaweiWifiWatchdogStateMachine: Enter updateQoeLevel level = 2
04-24 13:08:02.006 1176 1406 D HuaweiWifiWatchdogStateMachine: updateQoeLevel current level equal to mLastDetectLevel, return
04-24 13:08:02.007 1176 1406 D HuaweiWifiWatchdogStateMachine: did not have any network action
04-24 13:08:02.016 1176 3515 I MQoS : QOS_level:0(0),wifi-link;SIM error;use level-0
04-24 13:08:02.018 1176 1392 D HwArpVerifier: check_wifi_state_mode = 0 mCheckStateToken=25 token25
04-24 13:08:02.020 1176 1392 D wifiserviceimpl: netmask =16777215
04-24 13:08:02.081 1176 1392 D HWMultiGW: setGateWay 192.168.1.1
04-24 13:08:02.119 1176 1176 I TrafficMonitor: update:rxPkts:0,txPkts:0,rxBytes:0,txBytes:0
04-24 13:08:02.119 1176 1176 I TrafficMonitor: start expired. level:-1
04-24 13:08:02.120 1176 1176 I TrafficMonitor: gettimer:interval=2000
04-24 13:08:03.083 1176 1392 D HwArpVerifier: getGateWayARPResponses: arp rtt = 5
04-24 13:08:03.084 1176 1392 E HwCHRWifiRSSIGroupSummery: updatArpSummery mRSSI:-29 HwCHRWifiRSSIGroup [rssi_index=4, rtt_tcp_packets=0, rtt_tcp_duration=0, rtt_lan_duration=8777, rtt_lan_failures=0, rtt_lan_succ=423, rtt_lan_max=939, rtt_lan_min=0,same_area_frequency=0,adjacent_area_frequency=0]
04-24 13:08:03.159 1176 1392 D HwArpVerifier: There are 1 mac address for gateway
04-24 13:08:03.160 1176 1392 D HwArpVerifier: from HEART_CHECK transmit to state:HEART_CHECK
04-24 13:08:03.160 1176 1392 D HwArpVerifier: msg what=124 arg1(token)=25 arg2(mode)=0 delay=30000
04-24 13:08:03.160 1176 1392 D HwArpVerifier: performPollAndLog:
04-24 13:08:03.164 1176 1392 D hw_netstat: total/0/0
04-24 13:08:03.911 777 777 E : [E/capacity_limit_control] not demo version, not set power control prop!
04-24 13:08:04.125 1176 1176 I TrafficMonitor: update:rxPkts:0,txPkts:0,rxBytes:0,txBytes:0
04-24 13:08:04.125 1176 1176 I TrafficMonitor: start expired. level:-1
04-24 13:08:04.126 1176 1176 I TrafficMonitor: gettimer:interval=2000
04-24 13:08:04.368 1176 1338 D HwWifiStatStore: handleMessage : 200
04-24 13:08:05.119 1176 1176 I TrafficMonitor: expired arrive. level:-1
04-24 13:08:05.119 1176 1176 I TrafficMonitor: during_ms:2006,period_ms:2000
04-24 13:08:05.120 1176 1176 I TrafficMonitor: count:156,rx_sum:0,tx_sum:0,rxBytes:0,during_ms:2006,rx_speed:0.0,tx_speed:0.0,rto:0.0
04-24 13:08:05.120 1176 1176 D HuaweiWifiWatchdogStateMachine: speed: rxpkt:0, rxSpd:0B/s, txpkt:0, txSpd:0
04-24 13:08:06.130 1176 1176 I TrafficMonitor: update:rxPkts:0,txPkts:0,rxBytes:0,txBytes:0
04-24 13:08:06.130 1176 1176 I TrafficMonitor: start expired. level:-1
04-24 13:08:06.131 1176 1176 I TrafficMonitor: gettimer:interval=2000
04-24 13:08:06.924 487 620 W SocketListener: sending broadcast to Pid = 1176, Uid = 1000
04-24 13:08:06.930 1176 1332 D NetdConnector: RCV <- {613 IfaceClass idle 1 354475078815025}
04-24 13:08:06.934 1176 1332 D NetdConnector: RCV <- {613 IfaceClass idle 1 354475078815025}
04-24 13:08:06.938 1176 1202 D NetdConnector: RCV unsolicited event from native daemon, event = 613
04-24 13:08:07.375 1176 1338 D HwWifiStatStore: handleMessage : 200
04-24 13:08:08.136 1176 1176 I TrafficMonitor: update:rxPkts:0,txPkts:0,rxBytes:0,txBytes:0
04-24 13:08:08.137 1176 1176 I TrafficMonitor: start expired. level:-1
04-24 13:08:08.137 1176 1176 I TrafficMonitor: gettimer:interval=2000
04-24 13:08:08.169 1176 1392 D HwArpVerifier: performPollAndLog:
04-24 13:08:08.174 1176 1392 D hw_netstat: total/0/0
04-24 13:08:08.919 777 777 E : [E/capacity_limit_control] not demo version, not set power control prop!
04-24 13:08:09.995 742 742 E wificond: Failed to get NL80211_RATE_INFO_NOISE
04-24 13:08:09.996 742 742 E wificond: Failed to get NL80211_RATE_INFO_SNR
04-24 13:08:09.996 742 742 E wificond: Failed to get NL80211_STA_INFO_CNAHLOAD
04-24 13:08:09.997 1176 1337 E WificondControl: Noise: 0, Snr: -1, Chload: -1
04-24 13:08:09.998 1176 1339 D HwWifiCHRStateManager: handleMessage : 1001
04-24 13:08:09.998 1176 1339 D HwWifiCHRStateManager: handleUpdateChannel:2412
04-24 13:08:09.998 1176 1339 V HwWifiServiceFactory: get AllImpl object = com.android.server.wifi.HwWifiServiceFactoryImpl@2205edc
04-24 13:08:10.002 742 742 E wificond: Failed to get NL80211_RATE_INFO_NOISE
04-24 13:08:10.002 742 742 E wificond: Failed to get NL80211_RATE_INFO_SNR
04-24 13:08:10.002 742 742 E wificond: Failed to get NL80211_STA_INFO_CNAHLOAD
04-24 13:08:10.004 1176 1406 D HuaweiWifiWatchdogStateMachine: LM mrssi=-30
04-24 13:08:10.004 1176 1176 D WiFi_PRO: MSG_RETURN_AP_CURRY_RSSI rssi = -30
04-24 13:08:10.004 1176 1406 D HuaweiWifiWatchdogStateMachine: a4:fa:**:**:eb:b0 current loss[-45]=0%, volume=1
04-24 13:08:10.005 1176 1176 I QosMonitor: queryRtt: rtt_type = 3
04-24 13:08:10.005 1176 1406 D HuaweiWifiWatchdogStateMachine: a4:fa:**:**:eb:b0 history loss[-45]=0%, volume=13825704
04-24 13:08:10.005 1176 1176 I HwQoEJNI: send_cmd_kernel. begin
04-24 13:08:10.005 1176 1176 I HwQoEJNI: send_cmd_kernel. end
04-24 13:08:10.005 1176 1176 I QosMonitor: postEventFromNative: msg=100,arg1=4,arg2=10
04-24 13:08:10.006 1176 1406 I HuaweiWifiWatchdogStateMachine: spd good count:0, add sc:0.0, rate:1.0
04-24 13:08:10.006 1176 1406 I HuaweiWifiWatchdogStateMachine: current mHighDataFlowRate = 1.0
04-24 13:08:10.006 1176 1406 I HuaweiWifiWatchdogStateMachine: POta txb txg rxg:0, 61, 0. Lr =0% Totpkt=61
04-24 13:08:10.006 1176 1176 D HuaweiWifiWatchdogStateMachine: setSampleRtt: unvalid rtt
04-24 13:08:10.007 1176 1176 I HwQoEJNI: send_cmd_kernel. begin
04-24 13:08:10.007 1176 1176 I HwQoEJNI: send_cmd_kernel. end
04-24 13:08:10.007 1176 1176 I QosMonitor: postEventFromNative: msg=100,arg1=0,arg2=10
04-24 13:08:10.008 1176 1176 I MQoS : rtt=240,tcp_tx_pkts=480982,tcp_rx_pkts=921441
04-24 13:08:10.010 1176 1406 D HuaweiWifiWatchdogStateMachine: dumpTcpResult: len=10,rtt=240,rttPkt=1,rttWn=55,cgt=0,cgtWn=0
04-24 13:08:10.010 1176 1406 I HuaweiWifiWatchdogStateMachine: PTcp RTT:0, rtt pkt=0, tcp_rx=0, tcp_tx=0, tcp_reTran=0, rtRate=0
04-24 13:08:10.010 1176 1406 D HuaweiWifiWatchdogStateMachine: mRssiBadCount =0, RSSI not bad.
04-24 13:08:10.011 1176 1406 D HuaweiWifiWatchdogStateMachine: detectNetworkAvailable:hw.wifipro.dns_fail_count = 131
04-24 13:08:10.011 1176 1406 D HuaweiWifiWatchdogStateMachine: bqeLevel = 2 rtt=0,rtt_pkts=0 speed=26 rssi=-30
04-24 13:08:10.011 1176 1406 D HuaweiWifiWatchdogStateMachine: Enter updateQoeLevel level = 2
04-24 13:08:10.011 1176 1406 D HuaweiWifiWatchdogStateMachine: updateQoeLevel current level equal to mLastDetectLevel, return
04-24 13:08:10.011 1176 1406 D HuaweiWifiWatchdogStateMachine: did not have any network action
04-24 13:08:10.020 1176 3515 I MQoS : QOS_level:0(0),wifi-link;SIM error;use level-0
04-24 13:08:10.140 1176 1176 I TrafficMonitor: update:rxPkts:0,txPkts:0,rxBytes:0,txBytes:0
04-24 13:08:10.140 1176 1176 I TrafficMonitor: start expired. level:-1
04-24 13:08:10.140 1176 1176 I TrafficMonitor: gettimer:interval=2000
04-24 13:08:10.382 1176 1338 D HwWifiStatStore: handleMessage : 200
04-24 13:08:11.133 1176 1176 I TrafficMonitor: expired arrive. level:-1
04-24 13:08:11.134 1176 1176 I TrafficMonitor: during_ms:2003,period_ms:2000
04-24 13:08:11.134 1176 1176 I TrafficMonitor: count:159,rx_sum:0,tx_sum:0,rxBytes:0,during_ms:2003,rx_speed:0.0,tx_speed:0.0,rto:0.0
04-24 13:08:11.134 1176 1176 D HuaweiWifiWatchdogStateMachine: speed: rxpkt:0, rxSpd:0B/s, txpkt:0, txSpd:0
04-24 13:08:12.144 1176 1176 I TrafficMonitor: update:rxPkts:0,txPkts:0,rxBytes:0,txBytes:0
04-24 13:08:12.144 1176 1176 I TrafficMonitor: start expired. level:-1
04-24 13:08:12.145 1176 1176 I TrafficMonitor: gettimer:interval=2000
04-24 13:08:13.179 1176 1392 D HwArpVerifier: performPollAndLog:
04-24 13:08:13.181 1176 1392 D hw_netstat: total/0/0
04-24 13:08:13.389 1176 1338 D HwWifiStatStore: handleMessage : 200
04-24 13:08:13.929 777 777 E : [E/capacity_limit_control] not demo version, not set power control prop!
04-24 13:08:14.150 1176 1176 I TrafficMonitor: update:rxPkts:0,txPkts:0,rxBytes:0,txBytes:0
04-24 13:08:14.151 1176 1176 I TrafficMonitor: start expired. level:-1
04-24 13:08:14.151 1176 1176 I TrafficMonitor: gettimer:interval=5000
04-24 13:08:16.396 1176 1338 D HwWifiStatStore: handleMessage : 200
04-24 13:08:17.148 1176 1176 I TrafficMonitor: expired arrive. level:-1
04-24 13:08:17.149 1176 1176 I TrafficMonitor: during_ms:2006,period_ms:2000
04-24 13:08:17.149 1176 1176 I TrafficMonitor: count:161,rx_sum:0,tx_sum:0,rxBytes:0,during_ms:2006,rx_speed:0.0,tx_speed:0.0,rto:0.0
04-24 13:08:17.149 1176 1176 D HuaweiWifiWatchdogStateMachine: speed: rxpkt:0, rxSpd:0B/s, txpkt:0, txSpd:0
04-24 13:08:18.001 742 742 E wificond: Failed to get NL80211_RATE_INFO_NOISE
04-24 13:08:18.001 742 742 E wificond: Failed to get NL80211_RATE_INFO_SNR
04-24 13:08:18.001 742 742 E wificond: Failed to get NL80211_STA_INFO_CNAHLOAD
04-24 13:08:18.001 1176 1337 E WificondControl: Noise: 0, Snr: -1, Chload: -1
04-24 13:08:18.002 1176 1339 D HwWifiCHRStateManager: handleMessage : 1001
04-24 13:08:18.002 1176 1339 D HwWifiCHRStateManager: handleUpdateChannel:2412
04-24 13:08:18.002 1176 1339 V HwWifiServiceFactory: get AllImpl object = com.android.server.wifi.HwWifiServiceFactoryImpl@2205edc
04-24 13:08:18.003 742 742 E wificond: Failed to get NL80211_RATE_INFO_NOISE
04-24 13:08:18.003 742 742 E wificond: Failed to get NL80211_RATE_INFO_SNR
04-24 13:08:18.003 742 742 E wificond: Failed to get NL80211_STA_INFO_CNAHLOAD
04-24 13:08:18.004 1176 1406 D HuaweiWifiWatchdogStateMachine: LM mrssi=-29
04-24 13:08:18.004 1176 1406 I HuaweiWifiWatchdogStateMachine: spd good count:0, add sc:0.0, rate:1.0
04-24 13:08:18.004 1176 1406 I HuaweiWifiWatchdogStateMachine: current mHighDataFlowRate = 1.0
04-24 13:08:18.004 1176 1406 I HuaweiWifiWatchdogStateMachine: POta txb txg rxg:0, 61, 0. Lr =0% Totpkt=61
04-24 13:08:18.005 1176 1176 D WiFi_PRO: MSG_RETURN_AP_CURRY_RSSI rssi = -29
04-24 13:08:18.005 1176 1176 I QosMonitor: queryRtt: rtt_type = 3
04-24 13:08:18.005 1176 1176 I HwQoEJNI: send_cmd_kernel. begin
04-24 13:08:18.005 1176 1176 I HwQoEJNI: send_cmd_kernel. end
04-24 13:08:18.005 1176 1176 I QosMonitor: postEventFromNative: msg=100,arg1=4,arg2=10
04-24 13:08:18.005 1176 1176 I HwQoEJNI: send_cmd_kernel. begin
04-24 13:08:18.005 1176 1176 I HwQoEJNI: send_cmd_kernel. end
04-24 13:08:18.005 1176 1176 I QosMonitor: postEventFromNative: msg=100,arg1=0,arg2=10
04-24 13:08:18.005 1176 1176 D HuaweiWifiWatchdogStateMachine: setSampleRtt: unvalid rtt
04-24 13:08:18.005 1176 1176 I MQoS : rtt=240,tcp_tx_pkts=480982,tcp_rx_pkts=921441
04-24 13:08:18.007 1176 1406 D HuaweiWifiWatchdogStateMachine: dumpTcpResult: len=10,rtt=240,rttPkt=1,rttWn=63,cgt=0,cgtWn=0
04-24 13:08:18.007 1176 1406 I HuaweiWifiWatchdogStateMachine: PTcp RTT:0, rtt pkt=0, tcp_rx=0, tcp_tx=0, tcp_reTran=0, rtRate=0
04-24 13:08:18.007 1176 1406 D HuaweiWifiWatchdogStateMachine: mRssiBadCount =0, RSSI not bad.
04-24 13:08:18.007 1176 1406 D HuaweiWifiWatchdogStateMachine: detectNetworkAvailable:hw.wifipro.dns_fail_count = 131
04-24 13:08:18.007 1176 1406 D HuaweiWifiWatchdogStateMachine: bqeLevel = 2 rtt=0,rtt_pkts=0 speed=26 rssi=-29
04-24 13:08:18.007 1176 1406 D HuaweiWifiWatchdogStateMachine: Enter updateQoeLevel level = 2
04-24 13:08:18.007 1176 1406 D HuaweiWifiWatchdogStateMachine: updateQoeLevel current level equal to mLastDetectLevel, return
04-24 13:08:18.007 1176 1406 D HuaweiWifiWatchdogStateMachine: did not have any network action
04-24 13:08:18.008 1176 3515 I MQoS : QOS_level:0(0),wifi-link;SIM error;use level-0
04-24 13:08:18.008 1176 3515 I MQoS : skip-low-Level:0(0),wifi-link;SIM error;use level-0
04-24 13:08:18.186 1176 1392 D HwArpVerifier: performPollAndLog:
04-24 13:08:18.187 1176 1392 D hw_netstat: total/0/0
04-24 13:08:18.940 777 777 E : [E/capacity_limit_control] not demo version, not set power control prop!
04-24 13:08:19.156 1176 1176 I TrafficMonitor: update:rxPkts:0,txPkts:0,rxBytes:0,txBytes:0
04-24 13:08:19.156 1176 1176 I TrafficMonitor: start expired. level:-1
04-24 13:08:19.157 1176 1176 I TrafficMonitor: gettimer:interval=5000
04-24 13:08:19.401 1176 1338 D HwWifiStatStore: handleMessage : 200
04-24 13:08:19.585 1176 1589 W Watchdog: hungtask: writing kick
04-24 13:08:19.588 1176 1202 I EventHub: EventHub monitor: no key events in the past 3433s, no motion events in the past 3434s
04-24 13:08:22.408 1176 1338 D HwWifiStatStore: handleMessage : 200
04-24 13:08:23.193 1176 1392 D HwArpVerifier: performPollAndLog:
04-24 13:08:23.197 1176 1392 D hw_netstat: total/0/0
04-24 13:08:23.950 777 777 E : [E/capacity_limit_control] not demo version, not set power control prop!
04-24 13:08:24.162 1176 1176 I TrafficMonitor: expired arrive. level:-1
04-24 13:08:24.165 1176 1176 I TrafficMonitor: update:rxPkts:0,txPkts:0,rxBytes:0,txBytes:0
04-24 13:08:24.165 1176 1176 I TrafficMonitor: start expired. level:-1
04-24 13:08:24.165 1176 1176 I TrafficMonitor: gettimer:interval=5000
04-24 13:08:24.165 1176 1176 I TrafficMonitor: during_ms:5009,period_ms:2000
04-24 13:08:24.166 1176 1176 I TrafficMonitor: count:163,rx_sum:0,tx_sum:0,rxBytes:0,during_ms:5009,rx_speed:0.0,tx_speed:0.0,rto:0.0
04-24 13:08:24.166 1176 1176 D HuaweiWifiWatchdogStateMachine: speed: rxpkt:0, rxSpd:0B/s, txpkt:0, txSpd:0
04-24 13:08:24.840 1176 1490 V BroadcastQueue: Finished with ordered broadcast BroadcastRecord{8497fee u0 com.tencent.mm.plugin.report.service.KVCommCrossProcessReceiver}
04-24 13:08:25.415 1176 1338 D HwWifiStatStore: handleMessage : 200
04-24 13:08:26.014 742 742 E wificond: Failed to get NL80211_RATE_INFO_NOISE
04-24 13:08:26.014 742 742 E wificond: Failed to get NL80211_RATE_INFO_SNR
04-24 13:08:26.014 742 742 E wificond: Failed to get NL80211_STA_INFO_CNAHLOAD
04-24 13:08:26.015 1176 1337 E WificondControl: Noise: 0, Snr: -1, Chload: -1
04-24 13:08:26.017 1176 1339 D HwWifiCHRStateManager: handleMessage : 1001
04-24 13:08:26.017 1176 1339 D HwWifiCHRStateManager: handleUpdateChannel:2412
04-24 13:08:26.017 1176 1339 V HwWifiServiceFactory: get AllImpl object = com.android.server.wifi.HwWifiServiceFactoryImpl@2205edc
04-24 13:08:26.021 742 742 E wificond: Failed to get NL80211_RATE_INFO_NOISE
04-24 13:08:26.021 742 742 E wificond: Failed to get NL80211_RATE_INFO_SNR
04-24 13:08:26.021 742 742 E wificond: Failed to get NL80211_STA_INFO_CNAHLOAD
04-24 13:08:26.023 1176 1406 D HuaweiWifiWatchdogStateMachine: LM mrssi=-29
04-24 13:08:26.024 1176 1406 I HuaweiWifiWatchdogStateMachine: spd good count:0, add sc:0.0, rate:1.0
04-24 13:08:26.025 1176 1406 D HuaweiWifiWatchdogStateMachine: high data flow: protection_counter = 0, not_detect_counter = 411
04-24 13:08:26.025 1176 1406 D HuaweiWifiWatchdogStateMachine: high data flow scenario: 0 --> 0 rx bytes =0KB
04-24 13:08:26.025 1176 1406 I HuaweiWifiWatchdogStateMachine: current mHighDataFlowRate = 1.0
04-24 13:08:26.025 1176 1406 I HuaweiWifiWatchdogStateMachine: POta txb txg rxg:0, 61, 0. Lr =0% Totpkt=61
04-24 13:08:26.027 1176 1176 D WiFi_PRO: MSG_RETURN_AP_CURRY_RSSI rssi = -29
04-24 13:08:26.028 1176 1176 I QosMonitor: queryRtt: rtt_type = 3
04-24 13:08:26.028 1176 1176 I HwQoEJNI: send_cmd_kernel. begin
04-24 13:08:26.028 1176 1176 I HwQoEJNI: send_cmd_kernel. end
04-24 13:08:26.029 1176 1176 I QosMonitor: postEventFromNative: msg=100,arg1=4,arg2=10
04-24 13:08:26.029 1176 1176 I HwQoEJNI: send_cmd_kernel. begin
04-24 13:08:26.029 1176 1176 I HwQoEJNI: send_cmd_kernel. end
04-24 13:08:26.030 1176 1176 I QosMonitor: postEventFromNative: msg=100,arg1=0,arg2=10
04-24 13:08:26.030 1176 1176 D HuaweiWifiWatchdogStateMachine: setSampleRtt: unvalid rtt
04-24 13:08:26.030 1176 1406 D HuaweiWifiWatchdogStateMachine: dumpTcpResult: len=10,rtt=240,rttPkt=1,rttWn=71,cgt=0,cgtWn=0
04-24 13:08:26.030 1176 1176 I MQoS : rtt=240,tcp_tx_pkts=480982,tcp_rx_pkts=921441
04-24 13:08:26.031 1176 1406 I HuaweiWifiWatchdogStateMachine: PTcp RTT:0, rtt pkt=0, tcp_rx=0, tcp_tx=0, tcp_reTran=0, rtRate=0
04-24 13:08:26.031 1176 1406 D HuaweiWifiWatchdogStateMachine: mRssiBadCount =0, RSSI not bad.
04-24 13:08:26.031 1176 1406 D HuaweiWifiWatchdogStateMachine: detectNetworkAvailable:hw.wifipro.dns_fail_count = 131
04-24 13:08:26.031 1176 1406 D HuaweiWifiWatchdogStateMachine: bqeLevel = 2 rtt=0,rtt_pkts=0 speed=26 rssi=-29
04-24 13:08:26.031 1176 1406 D HuaweiWifiWatchdogStateMachine: Enter updateQoeLevel level = 2
04-24 13:08:26.032 1176 1406 D HuaweiWifiWatchdogStateMachine: updateQoeLevel current level equal to mLastDetectLevel, return
04-24 13:08:26.032 1176 1406 D HuaweiWifiWatchdogStateMachine: did not have any network action
04-24 13:08:26.040 1176 3515 I MQoS : QOS_level:0(0),wifi-link;SIM error;use level-0
04-24 13:08:26.944 1176 1392 D HwArpVerifier: getIpRouteTable
04-24 13:08:27.049 1176 1392 D HwArpVerifier: Notify wifi default route is ok
04-24 13:08:28.200 1176 1392 D HwArpVerifier: performPollAndLog:
04-24 13:08:28.204 1176 1392 D hw_netstat: total/0/0
04-24 13:08:28.422 1176 1338 D HwWifiStatStore: handleMessage : 200
04-24 13:08:28.960 777 777 E : [E/capacity_limit_control] not demo version, not set power control prop!
04-24 13:08:28.982 1176 1288 D HwBatteryService: onUEvent fcpStatus = 0,scpStatus =0,ovpStatus=0
04-24 13:08:28.985 1176 1288 I UsbDeviceManager: water_intrused state= 0
04-24 13:08:29.001 1176 1176 D HwInnerWifiManagerImpl: SupplicantState = COMPLETED
04-24 13:08:29.002 1176 1176 D HwInnerWifiManagerImpl: isPhoneAP = false
04-24 13:08:29.003 1176 1176 D HwInnerWifiManagerImpl: SupplicantState = COMPLETED
04-24 13:08:29.003 1176 1176 D HwInnerWifiManagerImpl: isPhoneAP = false
04-24 13:08:29.004 1176 1176 D WifiStateMachine: mBcastReceiver: PluggedType = 2 mIsScanCtrlPluggedin = true
04-24 13:08:29.004 1176 1176 D HwWifiService: mPluggedType =2
04-24 13:08:29.005 1176 1176 D WifiService: onReceive, action:android.intent.action.BATTERY_CHANGED
04-24 13:08:29.006 1176 1176 D WifiService: ACTION_BATTERY_CHANGED pluggedType: 2
04-24 13:08:29.008 1729 1729 I MsgReceiver: intent action: android.intent.action.BATTERY_CHANGED
04-24 13:08:29.009 1463 1463 D KeyguardUpdateMonitor: received broadcast android.intent.action.BATTERY_CHANGED
04-24 13:08:29.009 1463 1463 W KeyguardUpdateMonitor: ACTION_BATTERY_CHANGED AMP: 500000; Volt: 5000000
04-24 13:08:29.009 5515 5671 E CloudAlbum[8.1.2.309]: [ReceiverManager] not log on ignore
04-24 13:08:29.013 1463 1463 V KeyguardUpdateMonitor: RefreshBatteryInfo isBatteryLow: 78
04-24 13:08:29.013 1463 1463 W KeyguardUpdateMonitor: ChargingSpeed Wattage: 2500000 ST: 5000000 --> 7500000
04-24 13:08:29.013 1463 1463 I KgBattery: BatteryInfo updated: 2lPc0
04-24 13:08:29.013 1463 1463 W AppHandler: sendMessage with obj100
04-24 13:08:29.016 1463 1463 D KeyguardUpdateMonitor: handleBatteryUpdate
04-24 13:08:29.017 1463 1463 W HwLockScreenPanel: Handle message: 100
04-24 13:08:29.017 1463 1463 W HwKeyguardBottomArea: updateBatteryInfo : false true
04-24 13:08:29.018 1463 1463 W KgBattery: getCharge info with type: text
04-24 13:08:29.024 1463 1463 W HwLockScreenPanel: refreshBatteryInfo: null
04-24 13:08:29.166 1176 1176 I TrafficMonitor: expired arrive. level:-1
04-24 13:08:29.167 1176 1176 I TrafficMonitor: update:rxPkts:0,txPkts:0,rxBytes:0,txBytes:0
04-24 13:08:29.167 1176 1176 I TrafficMonitor: start expired. level:-1
04-24 13:08:29.167 1176 1176 I TrafficMonitor: gettimer:interval=5000
04-24 13:08:29.167 1176 1176 I TrafficMonitor: during_ms:5003,period_ms:2000
04-24 13:08:29.167 1176 1176 I TrafficMonitor: count:164,rx_sum:0,tx_sum:0,rxBytes:0,during_ms:5003,rx_speed:0.0,tx_speed:0.0,rto:0.0
04-24 13:08:29.167 1176 1176 D HuaweiWifiWatchdogStateMachine: speed: rxpkt:0, rxSpd:0B/s, txpkt:0, txSpd:0
04-24 13:08:31.429 1176 1338 D HwWifiStatStore: handleMessage : 200
04-24 13:08:33.166 1176 1392 D HwArpVerifier: check_wifi_state_mode = 0 mCheckStateToken=25 token25
04-24 13:08:33.169 1176 1392 D wifiserviceimpl: netmask =16777215
04-24 13:08:33.242 1176 1392 D HWMultiGW: setGateWay 192.168.1.1
04-24 13:08:33.989 777 777 E : [E/capacity_limit_control] not demo version, not set power control prop!
04-24 13:08:34.019 742 742 E wificond: Failed to get NL80211_RATE_INFO_NOISE
04-24 13:08:34.019 742 742 E wificond: Failed to get NL80211_RATE_INFO_SNR
04-24 13:08:34.020 742 742 E wificond: Failed to get NL80211_STA_INFO_CNAHLOAD
04-24 13:08:34.021 1106 1119 I OAM : [check_file_size:505]/data/log/wifi/wifi_log_1 log file beyond size=10240Byte, creat new file
04-24 13:08:34.021 1106 1119 I OAM : [rename_old_file:210]rename_old_file
04-24 13:08:34.021 1106 1119 I OAM :
04-24 13:08:34.021 1176 1337 E WificondControl: Noise: 0, Snr: -1, Chload: -1
04-24 13:08:34.023 1176 1339 D HwWifiCHRStateManager: handleMessage : 1001
04-24 13:08:34.023 1176 1339 D HwWifiCHRStateManager: handleUpdateChannel:2412
04-24 13:08:34.023 1176 1339 V HwWifiServiceFactory: get AllImpl object = com.android.server.wifi.HwWifiServiceFactoryImpl@2205edc
04-24 13:08:34.027 742 742 E wificond: Failed to get NL80211_RATE_INFO_NOISE
04-24 13:08:34.027 742 742 E wificond: Failed to get NL80211_RATE_INFO_SNR
04-24 13:08:34.027 742 742 E wificond: Failed to get NL80211_STA_INFO_CNAHLOAD
04-24 13:08:34.030 1176 1406 D HuaweiWifiWatchdogStateMachine: LM mrssi=-29
04-24 13:08:34.031 1176 1176 D WiFi_PRO: MSG_RETURN_AP_CURRY_RSSI rssi = -29
04-24 13:08:34.031 1176 1406 D HuaweiWifiWatchdogStateMachine: a4:fa:**:**:eb:b0 current loss[-45]=0%, volume=1
04-24 13:08:34.031 1176 1176 I QosMonitor: queryRtt: rtt_type = 3
04-24 13:08:34.032 1176 1406 D HuaweiWifiWatchdogStateMachine: a4:fa:**:**:eb:b0 history loss[-45]=0%, volume=13825705
04-24 13:08:34.033 1176 1406 I HuaweiWifiWatchdogStateMachine: spd good count:0, add sc:0.0, rate:1.0
04-24 13:08:34.033 1176 1406 I HuaweiWifiWatchdogStateMachine: current mHighDataFlowRate = 1.0
04-24 13:08:34.033 1176 1406 I HuaweiWifiWatchdogStateMachine: POta txb txg rxg:0, 62, 0. Lr =0% Totpkt=62
04-24 13:08:34.034 1176 1176 I HwQoEJNI: send_cmd_kernel. begin
04-24 13:08:34.034 1176 1176 I HwQoEJNI: send_cmd_kernel. end
04-24 13:08:34.035 1176 1176 I QosMonitor: postEventFromNative: msg=100,arg1=4,arg2=10
04-24 13:08:34.035 1176 1176 I HwQoEJNI: send_cmd_kernel. begin
04-24 13:08:34.036 1176 1176 I HwQoEJNI: send_cmd_kernel. end
04-24 13:08:34.036 1176 1176 I QosMonitor: postEventFromNative: msg=100,arg1=0,arg2=10
04-24 13:08:34.036 1176 1176 D HuaweiWifiWatchdogStateMachine: setSampleRtt: unvalid rtt
04-24 13:08:34.036 1176 1406 D HuaweiWifiWatchdogStateMachine: dumpTcpResult: len=10,rtt=240,rttPkt=1,rttWn=79,cgt=0,cgtWn=0
04-24 13:08:34.037 1176 1176 I MQoS : rtt=240,tcp_tx_pkts=480982,tcp_rx_pkts=921441
04-24 13:08:34.037 1176 1406 I HuaweiWifiWatchdogStateMachine: PTcp RTT:0, rtt pkt=0, tcp_rx=0, tcp_tx=0, tcp_reTran=0, rtRate=0
04-24 13:08:34.037 1176 1406 D HuaweiWifiWatchdogStateMachine: mRssiBadCount =0, RSSI not bad.
04-24 13:08:34.037 1176 1406 D HuaweiWifiWatchdogStateMachine: detectNetworkAvailable:hw.wifipro.dns_fail_count = 131
04-24 13:08:34.037 1176 1406 D HuaweiWifiWatchdogStateMachine: bqeLevel = 2 rtt=0,rtt_pkts=0 speed=26 rssi=-29
04-24 13:08:34.037 1176 1406 D HuaweiWifiWatchdogStateMachine: Enter updateQoeLevel level = 2
04-24 13:08:34.037 1176 1406 D HuaweiWifiWatchdogStateMachine: updateQoeLevel current level equal to mLastDetectLevel, return
04-24 13:08:34.037 1176 1406 D HuaweiWifiWatchdogStateMachine: did not have any network action
04-24 13:08:34.045 1176 3515 I MQoS : QOS_level:0(0),wifi-link;SIM error;use level-0
04-24 13:08:34.167 1176 1176 I TrafficMonitor: expired arrive. level:-1
04-24 13:08:34.168 1176 1176 I TrafficMonitor: update:rxPkts:0,txPkts:0,rxBytes:0,txBytes:0
04-24 13:08:34.168 1176 1176 I TrafficMonitor: start expired. level:-1
04-24 13:08:34.168 1176 1176 I TrafficMonitor: gettimer:interval=5000
04-24 13:08:34.168 1176 1176 I TrafficMonitor: during_ms:5001,period_ms:2000
04-24 13:08:34.168 1176 1176 I TrafficMonitor: count:165,rx_sum:0,tx_sum:0,rxBytes:0,during_ms:5001,rx_speed:0.0,tx_speed:0.0,rto:0.0
04-24 13:08:34.168 1176 1176 D HuaweiWifiWatchdogStateMachine: speed: rxpkt:0, rxSpd:0B/s, txpkt:0, txSpd:0
04-24 13:08:34.244 1176 1392 D HwArpVerifier: getGateWayARPResponses: arp rtt = 16
04-24 13:08:34.244 1176 1392 E HwCHRWifiRSSIGroupSummery: updatArpSummery mRSSI:-29 HwCHRWifiRSSIGroup [rssi_index=4, rtt_tcp_packets=0, rtt_tcp_duration=0, rtt_lan_duration=8793, rtt_lan_failures=0, rtt_lan_succ=424, rtt_lan_max=939, rtt_lan_min=0,same_area_frequency=0,adjacent_area_frequency=0]
04-24 13:08:34.309 1176 1392 D HwArpVerifier: There are 1 mac address for gateway
04-24 13:08:34.309 1176 1392 D HwArpVerifier: from HEART_CHECK transmit to state:HEART_CHECK
04-24 13:08:34.309 1176 1392 D HwArpVerifier: msg what=124 arg1(token)=25 arg2(mode)=0 delay=30000
04-24 13:08:34.309 1176 1392 D HwArpVerifier: performPollAndLog:
04-24 13:08:34.313 1176 1392 D hw_netstat: total/0/0
04-24 13:08:34.436 1176 1338 D HwWifiStatStore: handleMessage : 200
04-24 13:08:37.443 1176 1338 D HwWifiStatStore: handleMessage : 200
04-24 13:08:39.000 777 777 E : [E/capacity_limit_control] not demo version, not set power control prop!
04-24 13:08:39.174 1176 1176 I TrafficMonitor: expired arrive. level:-1
04-24 13:08:39.177 1176 1176 I TrafficMonitor: update:rxPkts:0,txPkts:0,rxBytes:0,txBytes:0
04-24 13:08:39.178 1176 1176 I TrafficMonitor: start expired. level:-1
04-24 13:08:39.178 1176 1176 I TrafficMonitor: gettimer:interval=5000
04-24 13:08:39.178 1176 1176 I TrafficMonitor: during_ms:5009,period_ms:2000
04-24 13:08:39.178 1176 1176 I TrafficMonitor: count:166,rx_sum:0,tx_sum:0,rxBytes:0,during_ms:5009,rx_speed:0.0,tx_speed:0.0,rto:0.0
04-24 13:08:39.178 1176 1176 D HuaweiWifiWatchdogStateMachine: speed: rxpkt:0, rxSpd:0B/s, txpkt:0, txSpd:0
04-24 13:08:39.319 1176 1392 D HwArpVerifier: performPollAndLog:
04-24 13:08:39.323 1176 1392 D hw_netstat: total/0/0
04-24 13:08:40.450 1176 1338 D HwWifiStatStore: handleMessage : 200
04-24 13:08:42.022 742 742 E wificond: Failed to get NL80211_RATE_INFO_NOISE
04-24 13:08:42.023 742 742 E wificond: Failed to get NL80211_RATE_INFO_SNR
04-24 13:08:42.023 742 742 E wificond: Failed to get NL80211_STA_INFO_CNAHLOAD
04-24 13:08:42.024 1176 1337 E WificondControl: Noise: 0, Snr: -1, Chload: -1
04-24 13:08:42.025 1176 1339 D HwWifiCHRStateManager: handleMessage : 1001
04-24 13:08:42.026 1176 1339 D HwWifiCHRStateManager: handleUpdateChannel:2412
04-24 13:08:42.026 1176 1339 V HwWifiServiceFactory: get AllImpl object = com.android.server.wifi.HwWifiServiceFactoryImpl@2205edc
04-24 13:08:42.030 742 742 E wificond: Failed to get NL80211_RATE_INFO_NOISE
04-24 13:08:42.030 742 742 E wificond: Failed to get NL80211_RATE_INFO_SNR
04-24 13:08:42.030 742 742 E wificond: Failed to get NL80211_STA_INFO_CNAHLOAD
04-24 13:08:42.032 1176 1406 D HuaweiWifiWatchdogStateMachine: LM mrssi=-30
04-24 13:08:42.032 1176 1176 D WiFi_PRO: MSG_RETURN_AP_CURRY_RSSI rssi = -30
04-24 13:08:42.032 1176 1406 I HuaweiWifiWatchdogStateMachine: spd good count:0, add sc:0.0, rate:1.0
04-24 13:08:42.033 1176 1406 I HuaweiWifiWatchdogStateMachine: current mHighDataFlowRate = 1.0
04-24 13:08:42.033 1176 1176 I QosMonitor: queryRtt: rtt_type = 3
04-24 13:08:42.033 1176 1406 I HuaweiWifiWatchdogStateMachine: POta txb txg rxg:0, 62, 0. Lr =0% Totpkt=62
04-24 13:08:42.033 1176 1176 I HwQoEJNI: send_cmd_kernel. begin
04-24 13:08:42.033 1176 1176 I HwQoEJNI: send_cmd_kernel. end
04-24 13:08:42.034 1176 1176 I QosMonitor: postEventFromNative: msg=100,arg1=4,arg2=10
04-24 13:08:42.034 1176 1176 I HwQoEJNI: send_cmd_kernel. begin
04-24 13:08:42.034 1176 1176 I HwQoEJNI: send_cmd_kernel. end
04-24 13:08:42.034 1176 1176 I QosMonitor: postEventFromNative: msg=100,arg1=0,arg2=10
04-24 13:08:42.035 1176 1176 D HuaweiWifiWatchdogStateMachine: setSampleRtt: unvalid rtt
04-24 13:08:42.035 1176 1176 I MQoS : rtt=240,tcp_tx_pkts=480982,tcp_rx_pkts=921441
04-24 13:08:42.035 1176 1406 D HuaweiWifiWatchdogStateMachine: dumpTcpResult: len=10,rtt=240,rttPkt=1,rttWn=87,cgt=0,cgtWn=0
04-24 13:08:42.036 1176 1406 I HuaweiWifiWatchdogStateMachine: PTcp RTT:0, rtt pkt=0, tcp_rx=0, tcp_tx=0, tcp_reTran=0, rtRate=0
04-24 13:08:42.036 1176 1406 D HuaweiWifiWatchdogStateMachine: mRssiBadCount =0, RSSI not bad.
04-24 13:08:42.036 1176 1406 D HuaweiWifiWatchdogStateMachine: detectNetworkAvailable:hw.wifipro.dns_fail_count = 131
04-24 13:08:42.036 1176 1406 D HuaweiWifiWatchdogStateMachine: bqeLevel = 2 rtt=0,rtt_pkts=0 speed=26 rssi=-30
04-24 13:08:42.036 1176 1406 D HuaweiWifiWatchdogStateMachine: Enter updateQoeLevel level = 2
04-24 13:08:42.036 1176 1406 D HuaweiWifiWatchdogStateMachine: updateQoeLevel current level equal to mLastDetectLevel, return
04-24 13:08:42.036 1176 1406 D HuaweiWifiWatchdogStateMachine: did not have any network action
04-24 13:08:42.047 1176 3515 I MQoS : QOS_level:0(0),wifi-link;SIM error;use level-0
04-24 13:08:43.457 1176 1338 D HwWifiStatStore: handleMessage : 200
04-24 13:08:44.009 777 777 E : [E/capacity_limit_control] not demo version, not set power control prop!
04-24 13:08:44.181 1176 1176 I TrafficMonitor: expired arrive. level:-1
04-24 13:08:44.184 1176 1176 I TrafficMonitor: update:rxPkts:0,txPkts:0,rxBytes:0,txBytes:0
04-24 13:08:44.185 1176 1176 I TrafficMonitor: start expired. level:-1
04-24 13:08:44.185 1176 1176 I TrafficMonitor: gettimer:interval=5000
04-24 13:08:44.185 1176 1176 I TrafficMonitor: during_ms:5007,period_ms:2000
04-24 13:08:44.185 1176 1176 I TrafficMonitor: count:167,rx_sum:0,tx_sum:0,rxBytes:0,during_ms:5007,rx_speed:0.0,tx_speed:0.0,rto:0.0
04-24 13:08:44.185 1176 1176 D HuaweiWifiWatchdogStateMachine: speed: rxpkt:0, rxSpd:0B/s, txpkt:0, txSpd:0
04-24 13:08:44.328 1176 1392 D HwArpVerifier: performPollAndLog:
04-24 13:08:44.333 1176 1392 D hw_netstat: total/0/0
04-24 13:08:45.086 1176 1176 D HwInnerWifiManagerImpl: SupplicantState = COMPLETED
04-24 13:08:45.087 1176 1176 D HwInnerWifiManagerImpl: isPhoneAP = false
04-24 13:08:45.088 1176 1176 D HwInnerWifiManagerImpl: SupplicantState = COMPLETED
04-24 13:08:45.088 1176 1176 D HwInnerWifiManagerImpl: isPhoneAP = false
04-24 13:08:45.089 1176 1176 D WifiStateMachine: mBcastReceiver: PluggedType = 2 mIsScanCtrlPluggedin = true
04-24 13:08:45.089 1176 1176 D HwWifiService: mPluggedType =2
04-24 13:08:45.090 1176 1176 D WifiService: onReceive, action:android.intent.action.BATTERY_CHANGED
04-24 13:08:45.091 1176 1176 D WifiService: ACTION_BATTERY_CHANGED pluggedType: 2
04-24 13:08:45.094 1729 1729 I MsgReceiver: intent action: android.intent.action.BATTERY_CHANGED
04-24 13:08:45.095 5515 5671 E CloudAlbum[8.1.2.309]: [ReceiverManager] not log on ignore
04-24 13:08:45.096 1463 1463 D KeyguardUpdateMonitor: received broadcast android.intent.action.BATTERY_CHANGED
04-24 13:08:45.101 1463 1463 W KeyguardUpdateMonitor: ACTION_BATTERY_CHANGED AMP: 500000; Volt: 5000000
04-24 13:08:45.104 1463 1463 V KeyguardUpdateMonitor: RefreshBatteryInfo isBatteryLow: 78
04-24 13:08:45.104 1463 1463 W KeyguardUpdateMonitor: ChargingSpeed Wattage: 2500000 ST: 5000000 --> 7500000
04-24 13:08:45.104 1463 1463 I KgBattery: BatteryInfo updated: 2lPc0
04-24 13:08:45.104 1463 1463 W AppHandler: sendMessage with obj100
04-24 13:08:45.104 1463 1463 D KeyguardUpdateMonitor: handleBatteryUpdate
04-24 13:08:45.104 1463 1463 W HwLockScreenPanel: Handle message: 100
04-24 13:08:45.105 1463 1463 W HwKeyguardBottomArea: updateBatteryInfo : false true
04-24 13:08:45.105 1463 1463 W KgBattery: getCharge info with type: text
04-24 13:08:45.109 1463 1463 W HwLockScreenPanel: refreshBatteryInfo: null
04-24 13:08:46.464 1176 1338 D HwWifiStatStore: handleMessage : 200
04-24 13:08:49.020 777 777 E : [E/capacity_limit_control] not demo version, not set power control prop!
04-24 13:08:49.190 1176 1176 I TrafficMonitor: expired arrive. level:-1
04-24 13:08:49.193 1176 1176 I TrafficMonitor: update:rxPkts:0,txPkts:0,rxBytes:0,txBytes:0
04-24 13:08:49.193 1176 1176 I TrafficMonitor: start expired. level:-1
04-24 13:08:49.194 1176 1176 I TrafficMonitor: gettimer:interval=5000
04-24 13:08:49.194 1176 1176 I TrafficMonitor: during_ms:5009,period_ms:2000
04-24 13:08:49.194 1176 1176 I TrafficMonitor: count:168,rx_sum:0,tx_sum:0,rxBytes:0,during_ms:5009,rx_speed:0.0,tx_speed:0.0,rto:0.0
04-24 13:08:49.194 1176 1176 D HuaweiWifiWatchdogStateMachine: speed: rxpkt:0, rxSpd:0B/s, txpkt:0, txSpd:0
04-24 13:08:49.339 1176 1392 D HwArpVerifier: performPollAndLog:
04-24 13:08:49.344 1176 1392 D hw_netstat: total/0/0
04-24 13:08:49.471 1176 1338 D HwWifiStatStore: handleMessage : 200
04-24 13:08:49.588 1176 1589 W Watchdog: hungtask: writing kick
04-24 13:08:49.594 1176 1202 I EventHub: EventHub monitor: no key events in the past 3463s, no motion events in the past 3464s
04-24 13:08:50.029 742 742 E wificond: Failed to get NL80211_RATE_INFO_NOISE
04-24 13:08:50.030 742 742 E wificond: Failed to get NL80211_RATE_INFO_SNR
04-24 13:08:50.030 742 742 E wificond: Failed to get NL80211_STA_INFO_CNAHLOAD
04-24 13:08:50.030 1176 1337 E WificondControl: Noise: 0, Snr: -1, Chload: -1
04-24 13:08:50.031 1176 1339 D HwWifiCHRStateManager: handleMessage : 1001
04-24 13:08:50.032 1176 1339 D HwWifiCHRStateManager: handleUpdateChannel:2412
04-24 13:08:50.032 1176 1339 V HwWifiServiceFactory: get AllImpl object = com.android.server.wifi.HwWifiServiceFactoryImpl@2205edc
04-24 13:08:50.036 742 742 E wificond: Failed to get NL80211_RATE_INFO_NOISE
04-24 13:08:50.036 742 742 E wificond: Failed to get NL80211_RATE_INFO_SNR
04-24 13:08:50.036 742 742 E wificond: Failed to get NL80211_STA_INFO_CNAHLOAD
04-24 13:08:50.038 1176 1406 D HuaweiWifiWatchdogStateMachine: LM mrssi=-30
04-24 13:08:50.039 1176 1176 D WiFi_PRO: MSG_RETURN_AP_CURRY_RSSI rssi = -30
04-24 13:08:50.039 1176 1176 I QosMonitor: queryRtt: rtt_type = 3
04-24 13:08:50.039 1176 1406 I HuaweiWifiWatchdogStateMachine: spd good count:0, add sc:0.0, rate:1.0
04-24 13:08:50.040 1176 1406 I HuaweiWifiWatchdogStateMachine: current mHighDataFlowRate = 1.0
04-24 13:08:50.040 1176 1176 I HwQoEJNI: send_cmd_kernel. begin
04-24 13:08:50.040 1176 1406 I HuaweiWifiWatchdogStateMachine: POta txb txg rxg:0, 62, 0. Lr =0% Totpkt=62
04-24 13:08:50.040 1176 1176 I HwQoEJNI: send_cmd_kernel. end
04-24 13:08:50.040 1176 1176 I QosMonitor: postEventFromNative: msg=100,arg1=4,arg2=10
04-24 13:08:50.040 1176 1176 I HwQoEJNI: send_cmd_kernel. begin
04-24 13:08:50.041 1176 1176 I HwQoEJNI: send_cmd_kernel. end
04-24 13:08:50.041 1176 1176 I QosMonitor: postEventFromNative: msg=100,arg1=0,arg2=10
04-24 13:08:50.041 1176 1176 D HuaweiWifiWatchdogStateMachine: setSampleRtt: unvalid rtt
04-24 13:08:50.042 1176 1176 I MQoS : rtt=240,tcp_tx_pkts=480982,tcp_rx_pkts=921441
04-24 13:08:50.042 1176 1406 D HuaweiWifiWatchdogStateMachine: dumpTcpResult: len=10,rtt=240,rttPkt=1,rttWn=95,cgt=0,cgtWn=0
04-24 13:08:50.043 1176 1406 I HuaweiWifiWatchdogStateMachine: PTcp RTT:0, rtt pkt=0, tcp_rx=0, tcp_tx=0, tcp_reTran=0, rtRate=0
04-24 13:08:50.043 1176 1406 D HuaweiWifiWatchdogStateMachine: mRssiBadCount =0, RSSI not bad.
04-24 13:08:50.043 1176 1406 D HuaweiWifiWatchdogStateMachine: detectNetworkAvailable:hw.wifipro.dns_fail_count = 131
04-24 13:08:50.043 1176 1406 D HuaweiWifiWatchdogStateMachine: bqeLevel = 2 rtt=0,rtt_pkts=0 speed=26 rssi=-30
04-24 13:08:50.043 1176 1406 D HuaweiWifiWatchdogStateMachine: Enter updateQoeLevel level = 2
04-24 13:08:50.043 1176 1406 D HuaweiWifiWatchdogStateMachine: updateQoeLevel current level equal to mLastDetectLevel, return
04-24 13:08:50.043 1176 1406 D HuaweiWifiWatchdogStateMachine: did not have any network action
04-24 13:08:50.055 1176 3515 I MQoS : QOS_level:0(0),wifi-link;SIM error;use level-0
04-24 13:08:51.887 487 620 W SocketListener: sending broadcast to Pid = 1176, Uid = 1000
04-24 13:08:51.889 1176 1332 D NetdConnector: RCV <- {613 IfaceClass active 1 354520043248352 10824}
04-24 13:08:51.890 1176 1332 D NetdConnector: RCV <- {613 IfaceClass active 1 354520043248352 10824}
04-24 13:08:51.892 1176 1202 D NetdConnector: RCV unsolicited event from native daemon, event = 613
04-24 13:08:52.478 1176 1338 D HwWifiStatStore: handleMessage : 200
04-24 13:08:53.826 1729 23345 I DownloadState: 0 transmitting data speed : 28 bytes/s scroff: true
04-24 13:08:54.030 777 777 E : [E/capacity_limit_control] not demo version, not set power control prop!
04-24 13:08:54.199 1176 1176 I TrafficMonitor: expired arrive. level:-1
04-24 13:08:54.202 1176 1176 I TrafficMonitor: update:rxPkts:1,txPkts:1,rxBytes:56,txBytes:84
04-24 13:08:54.202 1176 1176 I TrafficMonitor: start expired. level:-1
04-24 13:08:54.203 1176 1176 I TrafficMonitor: gettimer:interval=2000
04-24 13:08:54.203 1176 1176 I TrafficMonitor: during_ms:5009,period_ms:2000
04-24 13:08:54.203 1176 1176 I TrafficMonitor: count:169,rx_sum:1,tx_sum:1,rxBytes:56,during_ms:5009,rx_speed:11.179876222798962,tx_speed:16.769814334198443,rto:1.0
04-24 13:08:54.203 1176 1176 D HuaweiWifiWatchdogStateMachine: speed: rxpkt:1, rxSpd:11B/s, txpkt:1, txSpd:16
04-24 13:08:54.350 1176 1392 D HwArpVerifier: performPollAndLog:
04-24 13:08:54.354 1176 1392 D hw_netstat: total/56/84,unknown:0/56/84
04-24 13:08:55.485 1176 1338 D HwWifiStatStore: handleMessage : 200
04-24 13:08:56.207 1176 1176 I TrafficMonitor: update:rxPkts:0,txPkts:0,rxBytes:0,txBytes:0
04-24 13:08:56.208 1176 1176 I TrafficMonitor: start expired. level:-1
04-24 13:08:56.208 1176 1176 I TrafficMonitor: gettimer:interval=2000
04-24 13:08:58.041 742 742 E wificond: Failed to get NL80211_RATE_INFO_NOISE
04-24 13:08:58.041 742 742 E wificond: Failed to get NL80211_RATE_INFO_SNR
04-24 13:08:58.041 742 742 E wificond: Failed to get NL80211_STA_INFO_CNAHLOAD
04-24 13:08:58.043 1176 1337 E WificondControl: Noise: 0, Snr: -1, Chload: -1
04-24 13:08:58.044 1176 1339 D HwWifiCHRStateManager: handleMessage : 1001
04-24 13:08:58.044 1176 1339 D HwWifiCHRStateManager: handleUpdateChannel:2412
04-24 13:08:58.045 1176 1339 V HwWifiServiceFactory: get AllImpl object = com.android.server.wifi.HwWifiServiceFactoryImpl@2205edc
04-24 13:08:58.048 742 742 E wificond: Failed to get NL80211_RATE_INFO_NOISE
04-24 13:08:58.049 742 742 E wificond: Failed to get NL80211_RATE_INFO_SNR
04-24 13:08:58.049 742 742 E wificond: Failed to get NL80211_STA_INFO_CNAHLOAD
04-24 13:08:58.051 1176 1176 D WiFi_PRO: MSG_RETURN_AP_CURRY_RSSI rssi = -29
04-24 13:08:58.051 1176 1406 D HuaweiWifiWatchdogStateMachine: LM mrssi=-29
04-24 13:08:58.052 1176 1406 D HuaweiWifiWatchdogStateMachine: a4:fa:**:**:eb:b0 current loss[-45]=0%, volume=2
04-24 13:08:58.052 1176 1176 I QosMonitor: queryRtt: rtt_type = 3
04-24 13:08:58.052 1176 1406 D HuaweiWifiWatchdogStateMachine: a4:fa:**:**:eb:b0 history loss[-45]=0%, volume=13825707
04-24 13:08:58.052 1176 1176 I HwQoEJNI: send_cmd_kernel. begin
04-24 13:08:58.052 1176 1406 I HuaweiWifiWatchdogStateMachine: spd good count:0, add sc:0.0, rate:1.0
04-24 13:08:58.052 1176 1176 I HwQoEJNI: send_cmd_kernel. end
04-24 13:08:58.053 1176 1176 I QosMonitor: postEventFromNative: msg=100,arg1=4,arg2=10
04-24 13:08:58.053 1176 1176 D HuaweiWifiWatchdogStateMachine: setSampleRtt: unvalid rtt
04-24 13:08:58.053 1176 1406 D HuaweiWifiWatchdogStateMachine: high data flow: protection_counter = 0, not_detect_counter = 412
04-24 13:08:58.053 1176 1406 D HuaweiWifiWatchdogStateMachine: high data flow scenario: 0 --> 0 rx bytes =0KB
04-24 13:08:58.053 1176 1406 I HuaweiWifiWatchdogStateMachine: current mHighDataFlowRate = 1.0
04-24 13:08:58.054 1176 1406 I HuaweiWifiWatchdogStateMachine: POta txb txg rxg:0, 64, 0. Lr =0% Totpkt=64
04-24 13:08:58.054 1176 1176 I HwQoEJNI: send_cmd_kernel. begin
04-24 13:08:58.055 1176 1176 I HwQoEJNI: send_cmd_kernel. end
04-24 13:08:58.055 1176 1176 I QosMonitor: postEventFromNative: msg=100,arg1=0,arg2=10
04-24 13:08:58.056 1176 1176 I MQoS : rtt=240,tcp_tx_pkts=480982,tcp_rx_pkts=921441
04-24 13:08:58.056 1176 1406 D HuaweiWifiWatchdogStateMachine: dumpTcpResult: len=10,rtt=240,rttPkt=1,rttWn=103,cgt=0,cgtWn=0
04-24 13:08:58.057 1176 1406 I HuaweiWifiWatchdogStateMachine: PTcp RTT:0, rtt pkt=0, tcp_rx=0, tcp_tx=0, tcp_reTran=0, rtRate=0
04-24 13:08:58.057 1176 1406 D HuaweiWifiWatchdogStateMachine: mRssiBadCount =0, RSSI not bad.
04-24 13:08:58.057 1176 1406 D HuaweiWifiWatchdogStateMachine: detectNetworkAvailable:hw.wifipro.dns_fail_count = 131
04-24 13:08:58.057 1176 1406 D HuaweiWifiWatchdogStateMachine: bqeLevel = 2 rtt=0,rtt_pkts=0 speed=26 rssi=-29
04-24 13:08:58.057 1176 1406 D HuaweiWifiWatchdogStateMachine: Enter updateQoeLevel level = 2
04-24 13:08:58.057 1176 1406 D HuaweiWifiWatchdogStateMachine: updateQoeLevel current level equal to mLastDetectLevel, return
04-24 13:08:58.057 1176 1406 D HuaweiWifiWatchdogStateMachine: did not have any network action
04-24 13:08:58.066 1176 3515 I MQoS : QOS_level:0(0),wifi-link;SIM error;use level-0
04-24 13:08:58.210 1176 1176 I TrafficMonitor: update:rxPkts:0,txPkts:0,rxBytes:0,txBytes:0
04-24 13:08:58.210 1176 1176 I TrafficMonitor: start expired. level:-1
04-24 13:08:58.210 1176 1176 I TrafficMonitor: gettimer:interval=2000
04-24 13:08:58.492 1176 1338 D HwWifiStatStore: handleMessage : 200
04-24 13:08:59.038 777 777 E : [E/capacity_limit_control] not demo version, not set power control prop!
04-24 13:08:59.055 1176 1288 D HwBatteryService: onUEvent fcpStatus = 0,scpStatus =0,ovpStatus=0
04-24 13:08:59.057 1176 1288 I UsbDeviceManager: water_intrused state= 0
04-24 13:08:59.067 1176 1176 D HwInnerWifiManagerImpl: SupplicantState = COMPLETED
04-24 13:08:59.067 1176 1176 D HwInnerWifiManagerImpl: isPhoneAP = false
04-24 13:08:59.068 1176 1176 D HwInnerWifiManagerImpl: SupplicantState = COMPLETED
04-24 13:08:59.068 1463 1463 D KeyguardUpdateMonitor: received broadcast android.intent.action.BATTERY_CHANGED
04-24 13:08:59.069 1176 1176 D HwInnerWifiManagerImpl: isPhoneAP = false
04-24 13:08:59.069 1463 1463 W KeyguardUpdateMonitor: ACTION_BATTERY_CHANGED AMP: 500000; Volt: 5000000
04-24 13:08:59.069 1176 1176 D WifiStateMachine: mBcastReceiver: PluggedType = 2 mIsScanCtrlPluggedin = true
04-24 13:08:59.069 1463 1463 V KeyguardUpdateMonitor: RefreshBatteryInfo isBatteryLow: 78
04-24 13:08:59.069 1463 1463 W KeyguardUpdateMonitor: ChargingSpeed Wattage: 2500000 ST: 5000000 --> 7500000
04-24 13:08:59.069 1463 1463 I KgBattery: BatteryInfo updated: 2lPc0
04-24 13:08:59.069 1463 1463 W AppHandler: sendMessage with obj100
04-24 13:08:59.069 1176 1176 D HwWifiService: mPluggedType =2
04-24 13:08:59.069 1463 1463 D KeyguardUpdateMonitor: handleBatteryUpdate
04-24 13:08:59.069 1463 1463 W HwLockScreenPanel: Handle message: 100
04-24 13:08:59.069 1463 1463 W HwKeyguardBottomArea: updateBatteryInfo : false true
04-24 13:08:59.070 1463 1463 W KgBattery: getCharge info with type: text
04-24 13:08:59.070 1176 1176 D WifiService: onReceive, action:android.intent.action.BATTERY_CHANGED
04-24 13:08:59.070 1176 1176 D WifiService: ACTION_BATTERY_CHANGED pluggedType: 2
04-24 13:08:59.074 1729 1729 I MsgReceiver: intent action: android.intent.action.BATTERY_CHANGED
04-24 13:08:59.076 5515 5671 E CloudAlbum[8.1.2.309]: [ReceiverManager] not log on ignore
04-24 13:08:59.076 1463 1463 W HwLockScreenPanel: refreshBatteryInfo: null
04-24 13:08:59.203 1176 1176 I TrafficMonitor: expired arrive. level:-1
04-24 13:08:59.204 1176 1176 I TrafficMonitor: during_ms:2003,period_ms:2000
04-24 13:08:59.204 1176 1176 I TrafficMonitor: count:171,rx_sum:0,tx_sum:0,rxBytes:0,during_ms:2003,rx_speed:0.0,tx_speed:0.0,rto:0.0
04-24 13:08:59.204 1176 1176 D HuaweiWifiWatchdogStateMachine: speed: rxpkt:0, rxSpd:0B/s, txpkt:0, txSpd:0
04-24 13:08:59.361 1176 1392 D HwArpVerifier: performPollAndLog:
04-24 13:08:59.365 1176 1392 D hw_netstat: total/0/0
04-24 13:09:00.215 1176 1176 I TrafficMonitor: update:rxPkts:0,txPkts:0,rxBytes:0,txBytes:0
04-24 13:09:00.215 1176 1176 I TrafficMonitor: start expired. level:-1
04-24 13:09:00.215 1176 1176 I TrafficMonitor: gettimer:interval=2000
04-24 13:09:01.499 1176 1338 D HwWifiStatStore: handleMessage : 200
04-24 13:09:02.221 1176 1176 I TrafficMonitor: update:rxPkts:0,txPkts:0,rxBytes:0,txBytes:0
04-24 13:09:02.221 1176 1176 I TrafficMonitor: start expired. level:-1
04-24 13:09:02.222 1176 1176 I TrafficMonitor: gettimer:interval=2000
04-24 13:09:04.061 777 777 E : [E/capacity_limit_control] not demo version, not set power control prop!
04-24 13:09:04.227 1176 1176 I TrafficMonitor: update:rxPkts:0,txPkts:0,rxBytes:0,txBytes:0
04-24 13:09:04.228 1176 1176 I TrafficMonitor: start expired. level:-1
04-24 13:09:04.228 1176 1176 I TrafficMonitor: gettimer:interval=2000
04-24 13:09:04.316 1176 1392 D HwArpVerifier: check_wifi_state_mode = 0 mCheckStateToken=25 token25
04-24 13:09:04.318 1176 1392 D wifiserviceimpl: netmask =16777215
04-24 13:09:04.361 1176 1392 D HWMultiGW: setGateWay 192.168.1.1
04-24 13:09:04.503 1176 1338 D HwWifiStatStore: handleMessage : 200
04-24 13:09:05.217 1176 1176 I TrafficMonitor: expired arrive. level:-1
