04-24 13:05:07.805 1176 1176 I TrafficMonitor: update:rxPkts:0,txPkts:0,rxBytes:0,txBytes:0
04-24 13:05:07.805 1176 1176 I TrafficMonitor: start expired. level:-1
04-24 13:05:07.805 1176 1176 I TrafficMonitor: gettimer:interval=2000
04-24 13:05:08.112 1729 2056 D SleepClean: run sleepClean start
04-24 13:05:08.441 777 777 E : [E/capacity_limit_control] not demo version, not set power control prop!
04-24 13:05:09.811 1176 1176 I TrafficMonitor: update:rxPkts:0,txPkts:0,rxBytes:0,txBytes:0
04-24 13:05:09.811 1176 1176 I TrafficMonitor: start expired. level:-1
04-24 13:05:09.812 1176 1176 I TrafficMonitor: gettimer:interval=2000
04-24 13:05:09.982 1176 1338 D HwWifiStatStore: handleMessage : 200
04-24 13:05:10.800 1176 1176 I TrafficMonitor: expired arrive. level:-1
04-24 13:05:10.800 1176 1176 I TrafficMonitor: during_ms:2006,period_ms:2000
04-24 13:05:10.800 1176 1176 I TrafficMonitor: count:99,rx_sum:0,tx_sum:0,rxBytes:0,during_ms:2006,rx_speed:0.0,tx_speed:0.0,rto:0.0
04-24 13:05:10.801 1176 1176 D HuaweiWifiWatchdogStateMachine: speed: rxpkt:0, rxSpd:0B/s, txpkt:0, txSpd:0
04-24 13:05:11.682 1176 1392 D HwArpVerifier: performPollAndLog:
04-24 13:05:11.686 1176 1392 D hw_netstat: total/0/0
04-24 13:05:11.816 1176 1176 I TrafficMonitor: update:rxPkts:0,txPkts:0,rxBytes:0,txBytes:0
04-24 13:05:11.816 1176 1176 I TrafficMonitor: start expired. level:-1
04-24 13:05:11.817 1176 1176 I TrafficMonitor: gettimer:interval=2000
04-24 13:05:12.989 1176 1338 D HwWifiStatStore: handleMessage : 200
04-24 13:05:13.451 777 777 E : [E/capacity_limit_control] not demo version, not set power control prop!
04-24 13:05:13.822 1176 1176 I TrafficMonitor: update:rxPkts:0,txPkts:0,rxBytes:0,txBytes:0
04-24 13:05:13.823 1176 1176 I TrafficMonitor: start expired. level:-1
04-24 13:05:13.823 1176 1176 I TrafficMonitor: gettimer:interval=5000
04-24 13:05:13.841 742 742 E wificond: Failed to get NL80211_RATE_INFO_NOISE
04-24 13:05:13.841 742 742 E wificond: Failed to get NL80211_RATE_INFO_SNR
04-24 13:05:13.841 742 742 E wificond: Failed to get NL80211_STA_INFO_CNAHLOAD
04-24 13:05:13.842 1176 1337 E WificondControl: Noise: 0, Snr: -1, Chload: -1
04-24 13:05:13.843 1176 1339 D HwWifiCHRStateManager: handleMessage : 1001
04-24 13:05:13.843 1176 1339 D HwWifiCHRStateManager: handleUpdateChannel:2412
04-24 13:05:13.844 1176 1339 V HwWifiServiceFactory: get AllImpl object = com.android.server.wifi.HwWifiServiceFactoryImpl@2205edc
04-24 13:05:13.848 742 742 E wificond: Failed to get NL80211_RATE_INFO_NOISE
04-24 13:05:13.848 742 742 E wificond: Failed to get NL80211_RATE_INFO_SNR
04-24 13:05:13.848 742 742 E wificond: Failed to get NL80211_STA_INFO_CNAHLOAD
04-24 13:05:13.851 1176 1406 D HuaweiWifiWatchdogStateMachine: LM mrssi=-29
04-24 13:05:13.851 1176 1176 D WiFi_PRO: MSG_RETURN_AP_CURRY_RSSI rssi = -29
04-24 13:05:13.852 1176 1176 I QosMonitor: queryRtt: rtt_type = 3
04-24 13:05:13.852 1176 1406 I HuaweiWifiWatchdogStateMachine: spd good count:0, add sc:0.0, rate:1.0
04-24 13:05:13.852 1176 1176 I HwQoEJNI: send_cmd_kernel. begin
04-24 13:05:13.852 1176 1176 I HwQoEJNI: send_cmd_kernel. end
04-24 13:05:13.853 1176 1176 I QosMonitor: postEventFromNative: msg=100,arg1=4,arg2=10
04-24 13:05:13.853 1176 1176 D HuaweiWifiWatchdogStateMachine: setSampleRtt: unvalid rtt
04-24 13:05:13.853 1176 1406 D HuaweiWifiWatchdogStateMachine: high data flow: protection_counter = 0, not_detect_counter = 405
04-24 13:05:13.853 1176 1406 D HuaweiWifiWatchdogStateMachine: high data flow scenario: 0 --> 0 rx bytes =0KB
04-24 13:05:13.853 1176 1406 I HuaweiWifiWatchdogStateMachine: current mHighDataFlowRate = 1.0
04-24 13:05:13.854 1176 1406 I HuaweiWifiWatchdogStateMachine: POta txb txg rxg:0, 45, 0. Lr =0% Totpkt=45
04-24 13:05:13.854 1176 1176 I HwQoEJNI: send_cmd_kernel. begin
04-24 13:05:13.855 1176 1176 I HwQoEJNI: send_cmd_kernel. end
04-24 13:05:13.855 1176 1176 I QosMonitor: postEventFromNative: msg=100,arg1=0,arg2=10
04-24 13:05:13.856 1176 1176 I MQoS : rtt=320,tcp_tx_pkts=480978,tcp_rx_pkts=921439
04-24 13:05:13.858 1176 1406 D HuaweiWifiWatchdogStateMachine: dumpTcpResult: len=10,rtt=320,rttPkt=1,rttWn=89,cgt=0,cgtWn=0
04-24 13:05:13.858 1176 1406 I HuaweiWifiWatchdogStateMachine: PTcp RTT:0, rtt pkt=0, tcp_rx=0, tcp_tx=0, tcp_reTran=0, rtRate=0
04-24 13:05:13.859 1176 1406 D HuaweiWifiWatchdogStateMachine: mRssiBadCount =0, RSSI not bad.
04-24 13:05:13.859 1176 1406 D HuaweiWifiWatchdogStateMachine: detectNetworkAvailable:hw.wifipro.dns_fail_count = 131
04-24 13:05:13.859 1176 1406 D HuaweiWifiWatchdogStateMachine: bqeLevel = 2 rtt=0,rtt_pkts=0 speed=26 rssi=-29
04-24 13:05:13.859 1176 1406 D HuaweiWifiWatchdogStateMachine: Enter updateQoeLevel level = 2
04-24 13:05:13.859 1176 1406 D HuaweiWifiWatchdogStateMachine: updateQoeLevel current level equal to mLastDetectLevel, return
04-24 13:05:13.859 1176 1406 D HuaweiWifiWatchdogStateMachine: did not have any network action
04-24 13:05:13.867 1176 3515 I MQoS : QOS_level:0(0),wifi-link;SIM error;use level-0
04-24 13:05:15.996 1176 1338 D HwWifiStatStore: handleMessage : 200
04-24 13:05:16.691 1176 1392 D HwArpVerifier: performPollAndLog:
04-24 13:05:16.696 1176 1392 D hw_netstat: total/0/0
04-24 13:05:16.820 1176 1176 I TrafficMonitor: expired arrive. level:-1
04-24 13:05:16.820 1176 1176 I TrafficMonitor: during_ms:2007,period_ms:2000
04-24 13:05:16.820 1176 1176 I TrafficMonitor: count:101,rx_sum:0,tx_sum:0,rxBytes:0,during_ms:2007,rx_speed:0.0,tx_speed:0.0,rto:0.0
04-24 13:05:16.820 1176 1176 D HuaweiWifiWatchdogStateMachine: speed: rxpkt:0, rxSpd:0B/s, txpkt:0, txSpd:0
04-24 13:05:18.461 777 777 E : [E/capacity_limit_control] not demo version, not set power control prop!
04-24 13:05:18.829 1176 1176 I TrafficMonitor: update:rxPkts:0,txPkts:0,rxBytes:0,txBytes:0
04-24 13:05:18.829 1176 1176 I TrafficMonitor: start expired. level:-1
04-24 13:05:18.829 1176 1176 I TrafficMonitor: gettimer:interval=5000
04-24 13:05:19.002 1176 1338 D HwWifiStatStore: handleMessage : 200
04-24 13:05:19.564 1176 1589 W Watchdog: hungtask: writing kick
04-24 13:05:19.569 1176 1202 I EventHub: EventHub monitor: no key events in the past 3253s, no motion events in the past 3254s
04-24 13:05:20.672 1176 1288 D HwBatteryService: onUEvent fcpStatus = 0,scpStatus =0,ovpStatus=0
04-24 13:05:20.675 1176 1288 I UsbDeviceManager: water_intrused state= 0
04-24 13:05:20.677 761 1308 D dubaid : [HourlyRoutine.cpp] handleRequestOffset# timestamp=1587704400001, expire=3279323
04-24 13:05:20.679 761 1306 I dubaid : [PollingRoutine.cpp] notifyPolling# Polling routine start, timestamp: 1587704720676, reason: 1
04-24 13:05:20.684 679 679 E WifiHAL : enter wifi_get_link_stats
04-24 13:05:20.689 1176 1176 D HwInnerWifiManagerImpl: SupplicantState = COMPLETED
04-24 13:05:20.689 1176 1176 D HwInnerWifiManagerImpl: isPhoneAP = false
04-24 13:05:20.690 1176 1200 E BatteryStatsService: no controller energy info supplied
04-24 13:05:20.691 1176 1176 D HwInnerWifiManagerImpl: SupplicantState = COMPLETED
04-24 13:05:20.693 5515 5671 E CloudAlbum[8.1.2.309]: [ReceiverManager] not log on ignore
04-24 13:05:20.694 1463 1463 D KeyguardUpdateMonitor: received broadcast android.intent.action.BATTERY_CHANGED
04-24 13:05:20.694 1463 1463 W KeyguardUpdateMonitor: ACTION_BATTERY_CHANGED AMP: 500000; Volt: 5000000
04-24 13:05:20.694 1729 1729 I MsgReceiver: intent action: android.intent.action.BATTERY_CHANGED
04-24 13:05:20.696 1729 1883 I APwBatteryMonitor: screen off charging battery level : 78
04-24 13:05:20.697 1176 1176 D HwInnerWifiManagerImpl: isPhoneAP = false
04-24 13:05:20.697 1176 1176 D WifiStateMachine: mBcastReceiver: PluggedType = 2 mIsScanCtrlPluggedin = true
04-24 13:05:20.697 1729 8718 W libc : Set property "debug.aps.current_battery" to "78"
04-24 13:05:20.698 1176 1176 D HwWifiService: mPluggedType =2
04-24 13:05:20.698 1176 1176 D WifiService: onReceive, action:android.intent.action.BATTERY_CHANGED
04-24 13:05:20.698 1176 1176 D WifiService: ACTION_BATTERY_CHANGED pluggedType: 2
04-24 13:05:20.727 1176 1200 E BatteryStatsService: modem info is invalid: ModemActivityInfo{ mTimestamp=0 mSleepTimeMs=0 mIdleTimeMs=0 mTxTimeMs[]=[0, 0, 0, 0, 0] mRxTimeMs=0 mEnergyUsed=0}
04-24 13:05:20.730 1729 1883 I APwTrigger: no high cpu load
04-24 13:05:20.733 1176 11623 W ActivityManager: Sending non-protected broadcast com.huawei.intent.action.PG_THERMAL_MSG_ACTION from system 1729:com.huawei.powergenie/1000 pkg com.huawei.powergenie
04-24 13:05:20.733 1729 1883 I BroadcastAdapter: send hight cpu load msg to thermal!
04-24 13:05:20.744 1463 1463 V KeyguardUpdateMonitor: RefreshBatteryInfo isBatteryLow: 78
04-24 13:05:20.744 1463 1463 W KeyguardUpdateMonitor: ChargingSpeed Wattage: 2500000 ST: 5000000 --> 7500000
04-24 13:05:20.744 1463 1463 I KgBattery: BatteryInfo updated: 2lPc0
04-24 13:05:20.744 1463 1463 W AppHandler: sendMessage with obj100
04-24 13:05:20.744 1463 1463 D KeyguardUpdateMonitor: handleBatteryUpdate
04-24 13:05:20.744 1463 1463 V KeyguardUpdateMonitor: RefreshBatteryInfo isBatteryLow: 78
04-24 13:05:20.745 1463 1463 W HwKeyguardBottomArea: updateBatteryInfo : false true
04-24 13:05:20.756 1463 1463 W HwLockScreenPanel: Handle message: 100
04-24 13:05:20.756 1463 1463 W HwKeyguardBottomArea: updateBatteryInfo : false true
04-24 13:05:20.756 1463 1463 W KgBattery: getCharge info with type: text
04-24 13:05:20.757 1463 1463 W HwLockScreenPanel: refreshBatteryInfo: null
04-24 13:05:21.701 1176 1392 D HwArpVerifier: performPollAndLog:
04-24 13:05:21.706 1176 1392 D hw_netstat: total/0/0
04-24 13:05:21.849 742 742 E wificond: Failed to get NL80211_RATE_INFO_NOISE
04-24 13:05:21.849 742 742 E wificond: Failed to get NL80211_RATE_INFO_SNR
04-24 13:05:21.849 742 742 E wificond: Failed to get NL80211_STA_INFO_CNAHLOAD
04-24 13:05:21.850 1176 1337 E WificondControl: Noise: 0, Snr: -1, Chload: -1
04-24 13:05:21.851 1176 1339 D HwWifiCHRStateManager: handleMessage : 1001
04-24 13:05:21.851 1176 1339 D HwWifiCHRStateManager: handleUpdateChannel:2412
04-24 13:05:21.851 1176 1339 V HwWifiServiceFactory: get AllImpl object = com.android.server.wifi.HwWifiServiceFactoryImpl@2205edc
04-24 13:05:21.855 742 742 E wificond: Failed to get NL80211_RATE_INFO_NOISE
04-24 13:05:21.856 742 742 E wificond: Failed to get NL80211_RATE_INFO_SNR
04-24 13:05:21.856 742 742 E wificond: Failed to get NL80211_STA_INFO_CNAHLOAD
04-24 13:05:21.857 1176 1176 D WiFi_PRO: MSG_RETURN_AP_CURRY_RSSI rssi = -29
04-24 13:05:21.857 1176 1406 D HuaweiWifiWatchdogStateMachine: LM mrssi=-29
04-24 13:05:21.858 1176 1176 I QosMonitor: queryRtt: rtt_type = 3
04-24 13:05:21.858 1176 1176 I HwQoEJNI: send_cmd_kernel. begin
04-24 13:05:21.858 1176 1406 I HuaweiWifiWatchdogStateMachine: spd good count:0, add sc:0.0, rate:1.0
04-24 13:05:21.858 1176 1176 I HwQoEJNI: send_cmd_kernel. end
04-24 13:05:21.858 1176 1406 I HuaweiWifiWatchdogStateMachine: current mHighDataFlowRate = 1.0
04-24 13:05:21.858 1176 1406 I HuaweiWifiWatchdogStateMachine: POta txb txg rxg:0, 45, 0. Lr =0% Totpkt=45
04-24 13:05:21.859 1176 1176 I QosMonitor: postEventFromNative: msg=100,arg1=4,arg2=10
04-24 13:05:21.859 1176 1176 I HwQoEJNI: send_cmd_kernel. begin
04-24 13:05:21.859 1176 1176 I HwQoEJNI: send_cmd_kernel. end
04-24 13:05:21.859 1176 1176 I QosMonitor: postEventFromNative: msg=100,arg1=0,arg2=10
04-24 13:05:21.859 1176 1176 D HuaweiWifiWatchdogStateMachine: setSampleRtt: unvalid rtt
04-24 13:05:21.860 1176 1176 I MQoS : rtt=320,tcp_tx_pkts=480978,tcp_rx_pkts=921439
04-24 13:05:21.861 1176 1406 D HuaweiWifiWatchdogStateMachine: dumpTcpResult: len=10,rtt=320,rttPkt=1,rttWn=97,cgt=0,cgtWn=0
04-24 13:05:21.862 1176 1406 I HuaweiWifiWatchdogStateMachine: PTcp RTT:0, rtt pkt=0, tcp_rx=0, tcp_tx=0, tcp_reTran=0, rtRate=0
04-24 13:05:21.862 1176 1406 D HuaweiWifiWatchdogStateMachine: mRssiBadCount =0, RSSI not bad.
04-24 13:05:21.862 1176 1406 D HuaweiWifiWatchdogStateMachine: detectNetworkAvailable:hw.wifipro.dns_fail_count = 131
04-24 13:05:21.862 1176 1406 D HuaweiWifiWatchdogStateMachine: bqeLevel = 2 rtt=0,rtt_pkts=0 speed=26 rssi=-29
04-24 13:05:21.862 1176 1406 D HuaweiWifiWatchdogStateMachine: Enter updateQoeLevel level = 2
04-24 13:05:21.862 1176 1406 D HuaweiWifiWatchdogStateMachine: updateQoeLevel current level equal to mLastDetectLevel, return
04-24 13:05:21.862 1176 1406 D HuaweiWifiWatchdogStateMachine: did not have any network action
04-24 13:05:21.875 1176 3515 I MQoS : QOS_level:0(0),wifi-link;SIM error;use level-0
04-24 13:05:22.005 1176 1338 D HwWifiStatStore: handleMessage : 200
04-24 13:05:23.471 777 777 E : [E/capacity_limit_control] not demo version, not set power control prop!
04-24 13:05:23.832 1176 1176 I TrafficMonitor: expired arrive. level:-1
04-24 13:05:23.835 1176 1176 I TrafficMonitor: update:rxPkts:0,txPkts:0,rxBytes:0,txBytes:0
04-24 13:05:23.835 1176 1176 I TrafficMonitor: start expired. level:-1
04-24 13:05:23.835 1176 1176 I TrafficMonitor: gettimer:interval=5000
04-24 13:05:23.835 1176 1176 I TrafficMonitor: during_ms:5006,period_ms:2000
04-24 13:05:23.835 1176 1176 I TrafficMonitor: count:103,rx_sum:0,tx_sum:0,rxBytes:0,during_ms:5006,rx_speed:0.0,tx_speed:0.0,rto:0.0
04-24 13:05:23.835 1176 1176 D HuaweiWifiWatchdogStateMachine: speed: rxpkt:0, rxSpd:0B/s, txpkt:0, txSpd:0
04-24 13:05:24.766 741 741 E Thermal-daemon: [pa_0] temp_new :27 temp_old :28
04-24 13:05:24.769 1729 2125 I ThermalService: Receive temperature change, type: 1, temp: 27 from thermald
04-24 13:05:24.771 741 741 E Thermal-daemon: Report temperature: [pa_0] temp :27 report_threshold:1
04-24 13:05:24.775 1729 2560 W HwThermalStateManager: warning: no config thermal type:1 temperature:27
04-24 13:05:25.010 1176 1338 D HwWifiStatStore: handleMessage : 200
04-24 13:05:26.599 1176 1392 D HwArpVerifier: check_wifi_state_mode = 0 mCheckStateToken=25 token25
04-24 13:05:26.602 1176 1392 D wifiserviceimpl: netmask =16777215
04-24 13:05:26.632 1176 1392 D HWMultiGW: setGateWay 192.168.1.1
04-24 13:05:26.656 1106 1119 I OAM : [check_file_size:505]/data/log/wifi/wifi_log_1 log file beyond size=10240Byte, creat new file
04-24 13:05:26.656 1106 1119 I OAM : [rename_old_file:210]rename_old_file
04-24 13:05:26.656 1106 1119 I OAM :
04-24 13:05:27.634 1176 1392 D HwArpVerifier: getGateWayARPResponses: arp rtt = 17
04-24 13:05:27.635 1176 1392 E HwCHRWifiRSSIGroupSummery: updatArpSummery mRSSI:-29 HwCHRWifiRSSIGroup [rssi_index=4, rtt_tcp_packets=0, rtt_tcp_duration=0, rtt_lan_duration=8600, rtt_lan_failures=0, rtt_lan_succ=418, rtt_lan_max=939, rtt_lan_min=0,same_area_frequency=0,adjacent_area_frequency=0]
04-24 13:05:27.662 1176 1392 D HwArpVerifier: There are 1 mac address for gateway
04-24 13:05:27.663 1176 1392 D HwArpVerifier: from HEART_CHECK transmit to state:HEART_CHECK
04-24 13:05:27.663 1176 1392 D HwArpVerifier: msg what=124 arg1(token)=25 arg2(mode)=0 delay=30000
04-24 13:05:27.663 1176 1392 D HwArpVerifier: performPollAndLog:
04-24 13:05:27.669 1176 1392 D hw_netstat: total/0/0
04-24 13:05:28.017 1176 1338 D HwWifiStatStore: handleMessage : 200
04-24 13:05:28.482 777 777 E : [E/capacity_limit_control] not demo version, not set power control prop!
04-24 13:05:28.499 1176 1288 D HwBatteryService: onUEvent fcpStatus = 0,scpStatus =0,ovpStatus=0
04-24 13:05:28.502 1176 1288 I UsbDeviceManager: water_intrused state= 0
04-24 13:05:28.513 1176 1176 D HwInnerWifiManagerImpl: SupplicantState = COMPLETED
04-24 13:05:28.513 1176 1176 D HwInnerWifiManagerImpl: isPhoneAP = false
04-24 13:05:28.514 1176 1176 D HwInnerWifiManagerImpl: SupplicantState = COMPLETED
04-24 13:05:28.514 1176 1176 D HwInnerWifiManagerImpl: isPhoneAP = false
04-24 13:05:28.515 1176 1176 D WifiStateMachine: mBcastReceiver: PluggedType = 2 mIsScanCtrlPluggedin = true
04-24 13:05:28.515 1176 1176 D HwWifiService: mPluggedType =2
04-24 13:05:28.516 1729 1729 I MsgReceiver: intent action: android.intent.action.BATTERY_CHANGED
04-24 13:05:28.518 5515 5671 E CloudAlbum[8.1.2.309]: [ReceiverManager] not log on ignore
04-24 13:05:28.518 1176 1176 D WifiService: onReceive, action:android.intent.action.BATTERY_CHANGED
04-24 13:05:28.518 1463 1463 D KeyguardUpdateMonitor: received broadcast android.intent.action.BATTERY_CHANGED
04-24 13:05:28.518 1176 1176 D WifiService: ACTION_BATTERY_CHANGED pluggedType: 2
04-24 13:05:28.519 1463 1463 W KeyguardUpdateMonitor: ACTION_BATTERY_CHANGED AMP: 500000; Volt: 5000000
04-24 13:05:28.520 1463 1463 V KeyguardUpdateMonitor: RefreshBatteryInfo isBatteryLow: 78
04-24 13:05:28.521 1463 1463 W KeyguardUpdateMonitor: ChargingSpeed Wattage: 2500000 ST: 5000000 --> 7500000
04-24 13:05:28.521 1463 1463 I KgBattery: BatteryInfo updated: 2lPc0
04-24 13:05:28.521 1463 1463 W AppHandler: sendMessage with obj100
04-24 13:05:28.521 1463 1463 D KeyguardUpdateMonitor: handleBatteryUpdate
04-24 13:05:28.521 1463 1463 W HwLockScreenPanel: Handle message: 100
04-24 13:05:28.521 1463 1463 W HwKeyguardBottomArea: updateBatteryInfo : false true
04-24 13:05:28.522 1463 1463 W KgBattery: getCharge info with type: text
04-24 13:05:28.530 1463 1463 W HwLockScreenPanel: refreshBatteryInfo: null
04-24 13:05:28.837 1176 1176 I TrafficMonitor: expired arrive. level:-1
04-24 13:05:28.840 1176 1176 I TrafficMonitor: update:rxPkts:0,txPkts:0,rxBytes:0,txBytes:0
04-24 13:05:28.840 1176 1176 I TrafficMonitor: start expired. level:-1
04-24 13:05:28.840 1176 1176 I TrafficMonitor: gettimer:interval=5000
04-24 13:05:28.840 1176 1176 I TrafficMonitor: during_ms:5005,period_ms:2000
04-24 13:05:28.840 1176 1176 I TrafficMonitor: count:104,rx_sum:0,tx_sum:0,rxBytes:0,during_ms:5005,rx_speed:0.0,tx_speed:0.0,rto:0.0
04-24 13:05:28.841 1176 1176 D HuaweiWifiWatchdogStateMachine: speed: rxpkt:0, rxSpd:0B/s, txpkt:0, txSpd:0
04-24 13:05:29.855 742 742 E wificond: Failed to get NL80211_RATE_INFO_NOISE
04-24 13:05:29.856 742 742 E wificond: Failed to get NL80211_RATE_INFO_SNR
04-24 13:05:29.856 742 742 E wificond: Failed to get NL80211_STA_INFO_CNAHLOAD
04-24 13:05:29.857 1176 1337 E WificondControl: Noise: 0, Snr: -1, Chload: -1
04-24 13:05:29.858 1176 1339 D HwWifiCHRStateManager: handleMessage : 1001
04-24 13:05:29.858 1176 1339 D HwWifiCHRStateManager: handleUpdateChannel:2412
04-24 13:05:29.858 1176 1339 V HwWifiServiceFactory: get AllImpl object = com.android.server.wifi.HwWifiServiceFactoryImpl@2205edc
04-24 13:05:29.862 742 742 E wificond: Failed to get NL80211_RATE_INFO_NOISE
04-24 13:05:29.862 742 742 E wificond: Failed to get NL80211_RATE_INFO_SNR
04-24 13:05:29.863 742 742 E wificond: Failed to get NL80211_STA_INFO_CNAHLOAD
04-24 13:05:29.864 1176 1406 D HuaweiWifiWatchdogStateMachine: LM mrssi=-29
04-24 13:05:29.864 1176 1176 D WiFi_PRO: MSG_RETURN_AP_CURRY_RSSI rssi = -29
04-24 13:05:29.865 1176 1176 I QosMonitor: queryRtt: rtt_type = 3
04-24 13:05:29.865 1176 1406 D HuaweiWifiWatchdogStateMachine: a4:fa:**:**:eb:b0 current loss[-45]=0%, volume=1
04-24 13:05:29.865 1176 1406 D HuaweiWifiWatchdogStateMachine: a4:fa:**:**:eb:b0 history loss[-45]=0%, volume=13825689
04-24 13:05:29.865 1176 1176 I HwQoEJNI: send_cmd_kernel. begin
04-24 13:05:29.866 1176 1176 I HwQoEJNI: send_cmd_kernel. end
04-24 13:05:29.866 1176 1406 I HuaweiWifiWatchdogStateMachine: spd good count:0, add sc:0.0, rate:1.0
04-24 13:05:29.866 1176 1406 I HuaweiWifiWatchdogStateMachine: current mHighDataFlowRate = 1.0
04-24 13:05:29.866 1176 1176 I QosMonitor: postEventFromNative: msg=100,arg1=4,arg2=10
04-24 13:05:29.866 1176 1406 I HuaweiWifiWatchdogStateMachine: POta txb txg rxg:0, 46, 0. Lr =0% Totpkt=46
04-24 13:05:29.866 1176 1176 I HwQoEJNI: send_cmd_kernel. begin
04-24 13:05:29.867 1176 1176 I HwQoEJNI: send_cmd_kernel. end
04-24 13:05:29.867 1176 1176 I QosMonitor: postEventFromNative: msg=100,arg1=0,arg2=10
04-24 13:05:29.867 1176 1176 D HuaweiWifiWatchdogStateMachine: setSampleRtt: unvalid rtt
04-24 13:05:29.867 1176 1176 I MQoS : rtt=320,tcp_tx_pkts=480978,tcp_rx_pkts=921439
04-24 13:05:29.868 1176 1406 D HuaweiWifiWatchdogStateMachine: dumpTcpResult: len=10,rtt=320,rttPkt=1,rttWn=105,cgt=0,cgtWn=0
04-24 13:05:29.869 1176 1406 I HuaweiWifiWatchdogStateMachine: PTcp RTT:0, rtt pkt=0, tcp_rx=0, tcp_tx=0, tcp_reTran=0, rtRate=0
04-24 13:05:29.869 1176 1406 D HuaweiWifiWatchdogStateMachine: mRssiBadCount =0, RSSI not bad.
04-24 13:05:29.869 1176 1406 D HuaweiWifiWatchdogStateMachine: detectNetworkAvailable:hw.wifipro.dns_fail_count = 131
04-24 13:05:29.869 1176 1406 D HuaweiWifiWatchdogStateMachine: bqeLevel = 2 rtt=0,rtt_pkts=0 speed=26 rssi=-29
04-24 13:05:29.869 1176 1406 D HuaweiWifiWatchdogStateMachine: Enter updateQoeLevel level = 2
04-24 13:05:29.869 1176 1406 D HuaweiWifiWatchdogStateMachine: updateQoeLevel current level equal to mLastDetectLevel, return
04-24 13:05:29.869 1176 1406 D HuaweiWifiWatchdogStateMachine: did not have any network action
04-24 13:05:29.885 1176 3515 I MQoS : QOS_level:0(0),wifi-link;SIM error;use level-0
04-24 13:05:31.021 1176 1338 D HwWifiStatStore: handleMessage : 200
04-24 13:05:32.674 1176 1392 D HwArpVerifier: performPollAndLog:
04-24 13:05:32.678 1176 1392 D hw_netstat: total/0/0
04-24 13:05:33.509 777 777 E : [E/capacity_limit_control] not demo version, not set power control prop!
04-24 13:05:33.842 1176 1176 I TrafficMonitor: expired arrive. level:-1
04-24 13:05:33.845 1176 1176 I TrafficMonitor: update:rxPkts:0,txPkts:0,rxBytes:0,txBytes:0
04-24 13:05:33.846 1176 1176 I TrafficMonitor: start expired. level:-1
04-24 13:05:33.846 1176 1176 I TrafficMonitor: gettimer:interval=5000
04-24 13:05:33.847 1176 1176 I TrafficMonitor: during_ms:5006,period_ms:2000
04-24 13:05:33.847 1176 1176 I TrafficMonitor: count:105,rx_sum:0,tx_sum:0,rxBytes:0,during_ms:5006,rx_speed:0.0,tx_speed:0.0,rto:0.0
04-24 13:05:33.847 1176 1176 D HuaweiWifiWatchdogStateMachine: speed: rxpkt:0, rxSpd:0B/s, txpkt:0, txSpd:0
04-24 13:05:34.028 1176 1338 D HwWifiStatStore: handleMessage : 200
04-24 13:05:34.779 741 741 E Thermal-daemon: [pa_0] temp_new :28 temp_old :27
04-24 13:05:34.781 1729 2125 I ThermalService: Receive temperature change, type: 1, temp: 28 from thermald
04-24 13:05:34.783 741 741 E Thermal-daemon: Report temperature: [pa_0] temp :28 report_threshold:1
04-24 13:05:34.786 1729 2560 W HwThermalStateManager: warning: no config thermal type:1 temperature:28
04-24 13:05:37.035 1176 1338 D HwWifiStatStore: handleMessage : 200
04-24 13:05:37.684 1176 1392 D HwArpVerifier: performPollAndLog:
04-24 13:05:37.688 1176 1392 D hw_netstat: total/0/0
04-24 13:05:37.864 742 742 E wificond: Failed to get NL80211_RATE_INFO_NOISE
04-24 13:05:37.864 742 742 E wificond: Failed to get NL80211_RATE_INFO_SNR
04-24 13:05:37.864 742 742 E wificond: Failed to get NL80211_STA_INFO_CNAHLOAD
04-24 13:05:37.865 1176 1337 E WificondControl: Noise: 0, Snr: -1, Chload: -1
04-24 13:05:37.866 1176 1339 D HwWifiCHRStateManager: handleMessage : 1001
04-24 13:05:37.866 1176 1339 D HwWifiCHRStateManager: handleUpdateChannel:2412
04-24 13:05:37.866 1176 1339 V HwWifiServiceFactory: get AllImpl object = com.android.server.wifi.HwWifiServiceFactoryImpl@2205edc
04-24 13:05:37.871 742 742 E wificond: Failed to get NL80211_RATE_INFO_NOISE
04-24 13:05:37.871 742 742 E wificond: Failed to get NL80211_RATE_INFO_SNR
04-24 13:05:37.871 742 742 E wificond: Failed to get NL80211_STA_INFO_CNAHLOAD
04-24 13:05:37.873 1176 1176 D WiFi_PRO: MSG_RETURN_AP_CURRY_RSSI rssi = -28
04-24 13:05:37.873 1176 1406 D HuaweiWifiWatchdogStateMachine: LM mrssi=-28
04-24 13:05:37.873 1176 1176 I QosMonitor: queryRtt: rtt_type = 3
04-24 13:05:37.874 1176 1176 I HwQoEJNI: send_cmd_kernel. begin
04-24 13:05:37.874 1176 1406 I HuaweiWifiWatchdogStateMachine: spd good count:0, add sc:0.0, rate:1.0
04-24 13:05:37.874 1176 1406 I HuaweiWifiWatchdogStateMachine: current mHighDataFlowRate = 1.0
04-24 13:05:37.874 1176 1176 I HwQoEJNI: send_cmd_kernel. end
04-24 13:05:37.874 1176 1406 I HuaweiWifiWatchdogStateMachine: POta txb txg rxg:0, 46, 0. Lr =0% Totpkt=46
04-24 13:05:37.874 1176 1176 I QosMonitor: postEventFromNative: msg=100,arg1=4,arg2=10
04-24 13:05:37.875 1176 1176 I HwQoEJNI: send_cmd_kernel. begin
04-24 13:05:37.875 1176 1176 I HwQoEJNI: send_cmd_kernel. end
04-24 13:05:37.875 1176 1176 I QosMonitor: postEventFromNative: msg=100,arg1=0,arg2=10
04-24 13:05:37.875 1176 1176 D HuaweiWifiWatchdogStateMachine: setSampleRtt: unvalid rtt
04-24 13:05:37.876 1176 1176 I MQoS : rtt=320,tcp_tx_pkts=480978,tcp_rx_pkts=921439
04-24 13:05:37.877 1176 1406 D HuaweiWifiWatchdogStateMachine: dumpTcpResult: len=10,rtt=320,rttPkt=1,rttWn=113,cgt=0,cgtWn=0
04-24 13:05:37.877 1176 1406 I HuaweiWifiWatchdogStateMachine: PTcp RTT:0, rtt pkt=0, tcp_rx=0, tcp_tx=0, tcp_reTran=0, rtRate=0
04-24 13:05:37.877 1176 1406 D HuaweiWifiWatchdogStateMachine: mRssiBadCount =0, RSSI not bad.
04-24 13:05:37.877 1176 1406 D HuaweiWifiWatchdogStateMachine: detectNetworkAvailable:hw.wifipro.dns_fail_count = 131
04-24 13:05:37.878 1176 1406 D HuaweiWifiWatchdogStateMachine: bqeLevel = 2 rtt=0,rtt_pkts=0 speed=26 rssi=-28
04-24 13:05:37.878 1176 1406 D HuaweiWifiWatchdogStateMachine: Enter updateQoeLevel level = 2
04-24 13:05:37.878 1176 1406 D HuaweiWifiWatchdogStateMachine: updateQoeLevel current level equal to mLastDetectLevel, return
04-24 13:05:37.878 1176 1406 D HuaweiWifiWatchdogStateMachine: did not have any network action
04-24 13:05:37.889 1176 3515 I MQoS : QOS_level:0(0),wifi-link;SIM error;use level-0
04-24 13:05:38.519 777 777 E : [E/capacity_limit_control] not demo version, not set power control prop!
04-24 13:05:38.848 1176 1176 I TrafficMonitor: expired arrive. level:-1
04-24 13:05:38.852 1176 1176 I TrafficMonitor: update:rxPkts:0,txPkts:0,rxBytes:0,txBytes:0
04-24 13:05:38.852 1176 1176 I TrafficMonitor: start expired. level:-1
04-24 13:05:38.853 1176 1176 I TrafficMonitor: gettimer:interval=5000
04-24 13:05:38.853 1176 1176 I TrafficMonitor: during_ms:5007,period_ms:2000
04-24 13:05:38.853 1176 1176 I TrafficMonitor: count:106,rx_sum:0,tx_sum:0,rxBytes:0,during_ms:5007,rx_speed:0.0,tx_speed:0.0,rto:0.0
04-24 13:05:38.853 1176 1176 D HuaweiWifiWatchdogStateMachine: speed: rxpkt:0, rxSpd:0B/s, txpkt:0, txSpd:0
04-24 13:05:40.042 1176 1338 D HwWifiStatStore: handleMessage : 200
04-24 13:05:42.694 1176 1392 D HwArpVerifier: performPollAndLog:
04-24 13:05:42.699 1176 1392 D hw_netstat: total/0/0
04-24 13:05:43.049 1176 1338 D HwWifiStatStore: handleMessage : 200
04-24 13:05:43.529 777 777 E : [E/capacity_limit_control] not demo version, not set power control prop!
04-24 13:05:43.859 1176 1176 I TrafficMonitor: expired arrive. level:-1
04-24 13:05:43.863 1176 1176 I TrafficMonitor: update:rxPkts:0,txPkts:0,rxBytes:0,txBytes:0
04-24 13:05:43.863 1176 1176 I TrafficMonitor: start expired. level:-1
04-24 13:05:43.863 1176 1176 I TrafficMonitor: gettimer:interval=5000
04-24 13:05:43.863 1176 1176 I TrafficMonitor: during_ms:5010,period_ms:2000
04-24 13:05:43.864 1176 1176 I TrafficMonitor: count:107,rx_sum:0,tx_sum:0,rxBytes:0,during_ms:5010,rx_speed:0.0,tx_speed:0.0,rto:0.0
04-24 13:05:43.864 1176 1176 D HuaweiWifiWatchdogStateMachine: speed: rxpkt:0, rxSpd:0B/s, txpkt:0, txSpd:0
04-24 13:05:44.790 741 741 E Thermal-daemon: [pa_0] temp_new :27 temp_old :28
04-24 13:05:44.792 1729 2125 I ThermalService: Receive temperature change, type: 1, temp: 27 from thermald
04-24 13:05:44.793 741 741 E Thermal-daemon: Report temperature: [pa_0] temp :27 report_threshold:1
04-24 13:05:44.795 1729 2560 W HwThermalStateManager: warning: no config thermal type:1 temperature:27
04-24 13:05:45.089 1176 1176 D HwInnerWifiManagerImpl: SupplicantState = COMPLETED
04-24 13:05:45.089 1176 1176 D HwInnerWifiManagerImpl: isPhoneAP = false
04-24 13:05:45.091 1176 1176 D HwInnerWifiManagerImpl: SupplicantState = COMPLETED
04-24 13:05:45.091 1176 1176 D HwInnerWifiManagerImpl: isPhoneAP = false
04-24 13:05:45.090 1463 1463 D KeyguardUpdateMonitor: received broadcast android.intent.action.BATTERY_CHANGED
04-24 13:05:45.091 1176 1176 D WifiStateMachine: mBcastReceiver: PluggedType = 2 mIsScanCtrlPluggedin = true
04-24 13:05:45.092 1463 1463 W KeyguardUpdateMonitor: ACTION_BATTERY_CHANGED AMP: 500000; Volt: 5000000
04-24 13:05:45.092 1176 1176 D HwWifiService: mPluggedType =2
04-24 13:05:45.092 1463 1463 V KeyguardUpdateMonitor: RefreshBatteryInfo isBatteryLow: 78
04-24 13:05:45.093 1463 1463 W KeyguardUpdateMonitor: ChargingSpeed Wattage: 2500000 ST: 5000000 --> 7500000
04-24 13:05:45.093 1463 1463 I KgBattery: BatteryInfo updated: 2lPc0
04-24 13:05:45.093 1463 1463 W AppHandler: sendMessage with obj100
04-24 13:05:45.093 1463 1463 D KeyguardUpdateMonitor: handleBatteryUpdate
04-24 13:05:45.093 1463 1463 W HwLockScreenPanel: Handle message: 100
04-24 13:05:45.093 1463 1463 W HwKeyguardBottomArea: updateBatteryInfo : false true
04-24 13:05:45.093 1176 1176 D WifiService: onReceive, action:android.intent.action.BATTERY_CHANGED
04-24 13:05:45.094 1176 1176 D WifiService: ACTION_BATTERY_CHANGED pluggedType: 2
04-24 13:05:45.094 1463 1463 W KgBattery: getCharge info with type: text
04-24 13:05:45.094 1176 1176 D WifiService: ACTION_BATTERY_CHANGED pluggedType: 2
04-24 13:05:45.098 1729 1729 I MsgReceiver: intent action: android.intent.action.BATTERY_CHANGED
04-24 13:05:45.100 5515 5671 E CloudAlbum[8.1.2.309]: [ReceiverManager] not log on ignore
04-24 13:05:45.104 1463 1463 W HwLockScreenPanel: refreshBatteryInfo: null
04-24 13:05:45.864 742 742 E wificond: Failed to get NL80211_RATE_INFO_NOISE
04-24 13:05:45.865 742 742 E wificond: Failed to get NL80211_RATE_INFO_SNR
04-24 13:05:45.865 742 742 E wificond: Failed to get NL80211_STA_INFO_CNAHLOAD
04-24 13:05:45.865 1176 1337 E WificondControl: Noise: 0, Snr: -1, Chload: -1
04-24 13:05:45.867 1176 1339 D HwWifiCHRStateManager: handleMessage : 1001
04-24 13:05:45.867 1176 1339 D HwWifiCHRStateManager: handleUpdateChannel:2412
04-24 13:05:45.867 1176 1339 V HwWifiServiceFactory: get AllImpl object = com.android.server.wifi.HwWifiServiceFactoryImpl@2205edc
04-24 13:05:45.870 742 742 E wificond: Failed to get NL80211_RATE_INFO_NOISE
04-24 13:05:45.870 742 742 E wificond: Failed to get NL80211_RATE_INFO_SNR
04-24 13:05:45.870 742 742 E wificond: Failed to get NL80211_STA_INFO_CNAHLOAD
04-24 13:05:45.872 1176 1406 D HuaweiWifiWatchdogStateMachine: LM mrssi=-29
04-24 13:05:45.874 1176 1406 I HuaweiWifiWatchdogStateMachine: spd good count:0, add sc:0.0, rate:1.0
04-24 13:05:45.875 1176 1406 D HuaweiWifiWatchdogStateMachine: high data flow: protection_counter = 0, not_detect_counter = 406
04-24 13:05:45.875 1176 1406 D HuaweiWifiWatchdogStateMachine: high data flow scenario: 0 --> 0 rx bytes =0KB
04-24 13:05:45.875 1176 1406 I HuaweiWifiWatchdogStateMachine: current mHighDataFlowRate = 1.0
04-24 13:05:45.875 1176 1406 I HuaweiWifiWatchdogStateMachine: POta txb txg rxg:0, 46, 0. Lr =0% Totpkt=46
04-24 13:05:45.876 1176 1176 D WiFi_PRO: MSG_RETURN_AP_CURRY_RSSI rssi = -29
04-24 13:05:45.876 1176 1176 I QosMonitor: queryRtt: rtt_type = 3
04-24 13:05:45.877 1176 1176 I HwQoEJNI: send_cmd_kernel. begin
04-24 13:05:45.877 1176 1176 I HwQoEJNI: send_cmd_kernel. end
04-24 13:05:45.877 1176 1176 I QosMonitor: postEventFromNative: msg=100,arg1=4,arg2=10
04-24 13:05:45.878 1176 1176 I HwQoEJNI: send_cmd_kernel. begin
04-24 13:05:45.878 1176 1176 I HwQoEJNI: send_cmd_kernel. end
04-24 13:05:45.878 1176 1176 I QosMonitor: postEventFromNative: msg=100,arg1=0,arg2=10
04-24 13:05:45.879 1176 1176 D HuaweiWifiWatchdogStateMachine: setSampleRtt: unvalid rtt
04-24 13:05:45.879 1176 1176 I MQoS : rtt=320,tcp_tx_pkts=480978,tcp_rx_pkts=921439
04-24 13:05:45.880 1176 1406 D HuaweiWifiWatchdogStateMachine: dumpTcpResult: len=10,rtt=320,rttPkt=1,rttWn=121,cgt=0,cgtWn=0
04-24 13:05:45.881 1176 1406 I HuaweiWifiWatchdogStateMachine: PTcp RTT:0, rtt pkt=0, tcp_rx=0, tcp_tx=0, tcp_reTran=0, rtRate=0
04-24 13:05:45.881 1176 1406 D HuaweiWifiWatchdogStateMachine: mRssiBadCount =0, RSSI not bad.
04-24 13:05:45.881 1176 1406 D HuaweiWifiWatchdogStateMachine: detectNetworkAvailable:hw.wifipro.dns_fail_count = 131
04-24 13:05:45.882 1176 1406 D HuaweiWifiWatchdogStateMachine: bqeLevel = 2 rtt=0,rtt_pkts=0 speed=26 rssi=-29
04-24 13:05:45.882 1176 1406 D HuaweiWifiWatchdogStateMachine: Enter updateQoeLevel level = 2
04-24 13:05:45.882 1176 1406 D HuaweiWifiWatchdogStateMachine: updateQoeLevel current level equal to mLastDetectLevel, return
04-24 13:05:45.882 1176 1406 D HuaweiWifiWatchdogStateMachine: did not have any network action
04-24 13:05:45.890 1176 3515 I MQoS : QOS_level:0(0),wifi-link;SIM error;use level-0
04-24 13:05:46.055 1176 1338 D HwWifiStatStore: handleMessage : 200
04-24 13:05:47.705 1176 1392 D HwArpVerifier: performPollAndLog:
04-24 13:05:47.709 1176 1392 D hw_netstat: total/0/0
04-24 13:05:48.540 777 777 E : [E/capacity_limit_control] not demo version, not set power control prop!
04-24 13:05:48.867 1176 1176 I TrafficMonitor: expired arrive. level:-1
04-24 13:05:48.870 1176 1176 I TrafficMonitor: update:rxPkts:0,txPkts:0,rxBytes:0,txBytes:0
04-24 13:05:48.870 1176 1176 I TrafficMonitor: start expired. level:-1
04-24 13:05:48.871 1176 1176 I TrafficMonitor: gettimer:interval=5000
04-24 13:05:48.871 1176 1176 I TrafficMonitor: during_ms:5008,period_ms:2000
04-24 13:05:48.871 1176 1176 I TrafficMonitor: count:108,rx_sum:0,tx_sum:0,rxBytes:0,during_ms:5008,rx_speed:0.0,tx_speed:0.0,rto:0.0
04-24 13:05:48.871 1176 1176 D HuaweiWifiWatchdogStateMachine: speed: rxpkt:0, rxSpd:0B/s, txpkt:0, txSpd:0
04-24 13:05:49.061 1176 1338 D HwWifiStatStore: handleMessage : 200
04-24 13:05:49.568 1176 1589 W Watchdog: hungtask: writing kick
04-24 13:05:49.571 1176 1202 I EventHub: EventHub monitor: no key events in the past 3283s, no motion events in the past 3284s
04-24 13:05:51.793 487 620 W SocketListener: sending broadcast to Pid = 1176, Uid = 1000
04-24 13:05:51.797 1176 1332 D NetdConnector: RCV <- {613 IfaceClass active 1 354339948519213 10824}
04-24 13:05:51.802 1176 1332 D NetdConnector: RCV <- {613 IfaceClass active 1 354339948519213 10824}
04-24 13:05:51.806 1176 1202 D NetdConnector: RCV unsolicited event from native daemon, event = 613
04-24 13:05:51.959 1176 1302 W AlarmManager: mIsScreenOn is: false, WAKEUP alarm trigger action = com.huawei.push.alarm.HEARTBEAT package name is: android
04-24 13:05:51.965 1176 1176 V AlarmManager: Received TIME_TICK alarm; rescheduling
04-24 13:05:51.991 4414 4414 I PushLog2955: [main-1]action is com.huawei.push.alarm.HEARTBEAT(android/:307)
04-24 13:05:51.993 1176 1176 I HwAlarmManagerService: hwSetAlarm listenerTag: time_tick
04-24 13:05:51.997 4414 4414 I PushLog2955: [main-1]dispatchIntent over(android/:210)
04-24 13:05:51.998 4414 4431 I PushLog2955: [ReceiverDispatcher-277]com.huawei.push.alarm.HEARTBEAT alarm trigger, expectTriggerTime:0, current trigger time:1587704751998(android/:78)
04-24 13:05:51.999 4414 4431 I PushLog2955: [ReceiverDispatcher-277]heartbeatArrive(android/:140)
04-24 13:05:52.000 1463 1463 E DateView: DateView,mCurrentTime: 1587704752000
04-24 13:05:52.001 1176 11623 V BroadcastQueue: Finished with ordered broadcast BroadcastRecord{2d842cb u0 com.huawei.push.alarm.HEARTBEAT}
04-24 13:05:52.005 4414 4431 I PushLog2955: [ReceiverDispatcher-277]heartbeatArrive, send heart beat(android/:147)
04-24 13:05:52.016 4414 4431 I PushLog2955: [ReceiverDispatcher-277]not support bastet in wifi(android/:101)
04-24 13:05:52.018 4414 4431 I PushLog2955: [ReceiverDispatcher-277]init push bastet failed!(android/:81)
04-24 13:05:52.024 1463 1463 W HwKeyguardDragHelper: AnimationBlocked
04-24 13:05:52.025 4414 4431 I PushLog2955: [ReceiverDispatcher-277] get charing (android/:840)
04-24 13:05:52.026 1463 1463 I EventCenter: EventCenter Get :android.intent.action.TIME_TICK
04-24 13:05:52.026 4414 4431 I PushLog2955: [ReceiverDispatcher-277] get charing true(android/:842)
04-24 13:05:52.027 4414 4431 I PushLog2955: [ReceiverDispatcher-277]set HEARTBEAT_RSP_TIMEOUT Alarm(android/:364)
04-24 13:05:52.027 4414 4431 I PushLog2955: [ReceiverDispatcher-277]enter AlarmTools:setExactAlarm(intent:Intent { act=com.huawei.android.push.intent.HEARTBEAT_RSP_TIMEOUT pkg=android } interval:10000ms(android/:24)
04-24 13:05:52.027 4414 4431 I PushLog2955: [ReceiverDispatcher-277]setExactAlarm expectTriggerTime:1587704762027(android/:27)
04-24 13:05:52.027 1463 1463 W ResourceType: No known package when getting value for resource number 0xffffffff
04-24 13:05:52.028 1463 1463 E DateLunarView: mDateString is: 4月24日星期五
04-24 13:05:52.029 1463 1463 W ResourceType: No known package when getting value for resource number 0xffffffff
04-24 13:05:52.029 1463 1463 E DateLunarView: mDateString is: 4月24日星期五
04-24 13:05:52.032 1463 1463 D WeatherHelper: City info empty
04-24 13:05:52.035 4414 4431 I PushLog2955: [ReceiverDispatcher-277]next Heartbeat timeout for push server is:5.0(android/:374)
04-24 13:05:52.036 4414 4431 I PushLog2955: [ReceiverDispatcher-277]process cmdid to send to pushSrv:DA, subCmdId:FF(android/:106)
04-24 13:05:52.036 1463 1463 D WeatherHelper: City info empty
04-24 13:05:52.036 1463 1463 D KeyguardUpdateMonitor: received broadcast android.intent.action.TIME_TICK
04-24 13:05:52.036 1463 1463 D KeyguardUpdateMonitor: handleTimeUpdate
04-24 13:05:52.037 1463 1782 I KeyguardStatusView: Runnable for refresh
04-24 13:05:52.037 4414 4431 I PushLog2955: [ReceiverDispatcher-277]send msg to remote srv success(android/:110)
04-24 13:05:52.038 1770 1770 I HwLauncher: Model onReceive intent=Intent { act=android.intent.action.TIME_TICK flg=0x50200014 hwFlg=0x900 (has extras) }
04-24 13:05:52.038 1770 1770 I HwLauncher: Model onReceive user=UserHandle{0}
04-24 13:05:52.041 1463 1463 D WeatherHelper: City info empty
04-24 13:05:52.053 3756 3806 I Step_LSC: 80001355|processHandleBroadcastAction action:android.intent.action.TIME_TICK
04-24 13:05:52.060 1176 1631 V BroadcastQueue: Finished with ordered broadcast BroadcastRecord{fcd599a u-1 android.intent.action.TIME_TICK}
04-24 13:05:52.068 1176 1338 D HwWifiStatStore: handleMessage : 200
04-24 13:05:52.107 4414 23368 I PushLog2955: [SocketRead_07:00:12-666]process cmdid to receive from pushSrv:DB, subCmdId:FF(android/:269)
04-24 13:05:52.109 4414 23368 I PushLog2955: [SocketRead_07:00:12-666]enter adjustHeartBeat:(findHeartBeat:true,isHearBeatTimeReq:true,RspTimeOut:false,beatInterval:300000,bestHBSuccessCount:0,range:[180000,300000])(android/:120)
04-24 13:05:52.109 4414 23368 I PushLog2955: [SocketRead_07:00:12-666]judgeFindBestHB and isBestHBTimeOut: falseisOffset: false(android/:170)
04-24 13:05:52.110 4414 23368 I PushLog2955: [SocketRead_07:00:12-666]after delayHeartBeatReq, nextHeartBeatTime, will be [300000,300000] ms later(android/:501)
04-24 13:05:52.113 4414 23368 I PushLog2955: [SocketRead_07:00:12-666]dispatchIntent over(android/:210)
04-24 13:05:52.113 4414 4431 I PushLog2955: [ReceiverDispatcher-277]com.huawei.android.push.intent.MSG_RECEIVED alarm trigger, expectTriggerTime:0, current trigger time:1587704752113(android/:78)
04-24 13:05:52.127 1463 1463 D WeatherHelper: City info empty
04-24 13:05:52.127 1463 1463 D DateTimeView: Change to single clock mode!
04-24 13:05:52.129 1463 1463 D WeatherHelper: City info empty
04-24 13:05:52.129 1463 1463 D WeatherHelper: City info empty
04-24 13:05:52.130 1463 1463 D DateTimeView: Change to single clock mode!
04-24 13:05:52.132 1463 1463 D WeatherHelper: City info empty
04-24 13:05:52.715 1176 1392 D HwArpVerifier: performPollAndLog:
04-24 13:05:52.719 1176 1392 D hw_netstat: total/131/199,android.uid.system:1000/75/115,unknown:0/56/84
04-24 13:05:53.550 777 777 E : [E/capacity_limit_control] not demo version, not set power control prop!
04-24 13:05:53.654 1729 23345 I DownloadState: 0 transmitting data speed : 28 bytes/s scroff: true
04-24 13:05:53.655 1729 23345 I DownloadState: 1000 transmitting data speed : 38 bytes/s scroff: true
04-24 13:05:53.869 742 742 E wificond: Failed to get NL80211_RATE_INFO_NOISE
04-24 13:05:53.869 742 742 E wificond: Failed to get NL80211_RATE_INFO_SNR
04-24 13:05:53.869 742 742 E wificond: Failed to get NL80211_STA_INFO_CNAHLOAD
04-24 13:05:53.870 1176 1337 E WificondControl: Noise: 0, Snr: -1, Chload: -1
04-24 13:05:53.871 1176 1339 D HwWifiCHRStateManager: handleMessage : 1001
04-24 13:05:53.871 1176 1339 D HwWifiCHRStateManager: handleUpdateChannel:2412
04-24 13:05:53.872 1176 1339 V HwWifiServiceFactory: get AllImpl object = com.android.server.wifi.HwWifiServiceFactoryImpl@2205edc
04-24 13:05:53.874 1176 1176 I TrafficMonitor: expired arrive. level:-1
04-24 13:05:53.877 1176 1176 I TrafficMonitor: update:rxPkts:2,txPkts:3,rxBytes:131,txBytes:199
04-24 13:05:53.877 1176 1176 I TrafficMonitor: start expired. level:-1
04-24 13:05:53.877 1176 1176 I TrafficMonitor: gettimer:interval=2000
04-24 13:05:53.877 1176 1176 I TrafficMonitor: during_ms:5006,period_ms:2000
04-24 13:05:53.878 1176 1176 I TrafficMonitor: count:109,rx_sum:2,tx_sum:3,rxBytes:131,during_ms:5006,rx_speed:26.16859768278066,tx_speed:39.75229724330803,rto:0.6666666666666666
04-24 13:05:53.878 1176 1176 D HuaweiWifiWatchdogStateMachine: speed: rxpkt:2, rxSpd:26B/s, txpkt:3, txSpd:39
04-24 13:05:53.879 742 742 E wificond: Failed to get NL80211_RATE_INFO_NOISE
04-24 13:05:53.879 742 742 E wificond: Failed to get NL80211_RATE_INFO_SNR
04-24 13:05:53.879 742 742 E wificond: Failed to get NL80211_STA_INFO_CNAHLOAD
04-24 13:05:53.881 1176 1406 D HuaweiWifiWatchdogStateMachine: LM mrssi=-29
04-24 13:05:53.881 1176 1176 D WiFi_PRO: MSG_RETURN_AP_CURRY_RSSI rssi = -29
04-24 13:05:53.882 1176 1406 D HuaweiWifiWatchdogStateMachine: a4:fa:**:**:eb:b0 current loss[-45]=0%, volume=3
04-24 13:05:53.882 1176 1176 I QosMonitor: queryRtt: rtt_type = 3
04-24 13:05:53.882 1176 1406 D HuaweiWifiWatchdogStateMachine: a4:fa:**:**:eb:b0 history loss[-45]=0%, volume=13825692
04-24 13:05:53.882 1176 1406 I HuaweiWifiWatchdogStateMachine: spd good count:0, add sc:0.0, rate:1.0
04-24 13:05:53.883 1176 1406 I HuaweiWifiWatchdogStateMachine: current mHighDataFlowRate = 1.0
04-24 13:05:53.883 1176 1406 I HuaweiWifiWatchdogStateMachine: POta txb txg rxg:0, 49, 0. Lr =0% Totpkt=49
04-24 13:05:53.884 1176 1176 I HwQoEJNI: send_cmd_kernel. begin
04-24 13:05:53.885 1176 1176 I HwQoEJNI: send_cmd_kernel. end
04-24 13:05:53.885 1176 1176 I QosMonitor: postEventFromNative: msg=100,arg1=4,arg2=10
04-24 13:05:53.886 1176 1176 I HwQoEJNI: send_cmd_kernel. begin
04-24 13:05:53.886 1176 1176 I HwQoEJNI: send_cmd_kernel. end
04-24 13:05:53.886 1176 1176 I QosMonitor: postEventFromNative: msg=100,arg1=0,arg2=10
04-24 13:05:53.886 1176 1176 D HuaweiWifiWatchdogStateMachine: a4:fa:**:**:eb:b0 current RTT[-45]=560, volume=1
04-24 13:05:53.886 1176 1176 D HuaweiWifiWatchdogStateMachine: a4:fa:**:**:eb:b0 history RTT[-45]=510, volume=60867
04-24 13:05:53.887 1176 1176 D HuaweiWifiWatchdogStateMachine: setSampleRtt: rtt=560,rtt_pkts =1,rtt_when=1
04-24 13:05:53.887 1176 1176 I MQoS : rtt=560,tcp_tx_pkts=480980,tcp_rx_pkts=921440
04-24 13:05:53.887 1176 1406 D HuaweiWifiWatchdogStateMachine: dumpTcpResult: len=10,rtt=560,rttPkt=1,rttWn=1,cgt=0,cgtWn=0
04-24 13:05:53.887 1176 1176 I QosMonitor: resetRtt: rtt_type = 3
04-24 13:05:53.887 1176 1406 I HuaweiWifiWatchdogStateMachine: PTcp RTT:0, rtt pkt=0, tcp_rx=1, tcp_tx=2, tcp_reTran=0, rtRate=0
04-24 13:05:53.887 1176 1176 I HwQoEJNI: send_cmd_kernel. begin
04-24 13:05:53.887 1176 1406 D HuaweiWifiWatchdogStateMachine: mRssiBadCount =0, RSSI not bad.
04-24 13:05:53.888 1176 1176 I HwQoEJNI: send_cmd_kernel. end
04-24 13:05:53.888 1176 1406 D HuaweiWifiWatchdogStateMachine: detectNetworkAvailable:hw.wifipro.dns_fail_count = 131
04-24 13:05:53.888 1176 1406 D HuaweiWifiWatchdogStateMachine: detectNetworkAvailable: tcpRxPkts != 0, reset
04-24 13:05:53.888 1176 1406 D HuaweiWifiWatchdogStateMachine: bqeLevel = 2 rtt=0,rtt_pkts=0 speed=26 rssi=-29
04-24 13:05:53.888 1176 1406 D HuaweiWifiWatchdogStateMachine: Enter updateQoeLevel level = 2
04-24 13:05:53.888 1176 1406 D HuaweiWifiWatchdogStateMachine: updateQoeLevel current level equal to mLastDetectLevel, return
04-24 13:05:53.888 1176 1406 D HuaweiWifiWatchdogStateMachine: did not have any network action
04-24 13:05:53.896 1176 3515 I MQoS : QOS_level:0(0),wifi-link;SIM error;use level-0
04-24 13:05:55.072 1176 1338 D HwWifiStatStore: handleMessage : 200
04-24 13:05:55.882 1176 1176 I TrafficMonitor: update:rxPkts:0,txPkts:0,rxBytes:0,txBytes:0
04-24 13:05:55.883 1176 1176 I TrafficMonitor: start expired. level:-1
04-24 13:05:55.883 1176 1176 I TrafficMonitor: gettimer:interval=2000
04-24 13:05:56.680 1176 1392 D HwArpVerifier: getIpRouteTable
04-24 13:05:56.764 1176 1392 D HwArpVerifier: Notify wifi default route is ok
04-24 13:05:57.664 1176 1392 D HwArpVerifier: check_wifi_state_mode = 0 mCheckStateToken=25 token25
04-24 13:05:57.667 1176 1392 D wifiserviceimpl: netmask =16777215
04-24 13:05:57.692 1176 1392 D HWMultiGW: setGateWay 192.168.1.1
04-24 13:05:57.888 1176 1176 I TrafficMonitor: update:rxPkts:0,txPkts:0,rxBytes:0,txBytes:0
04-24 13:05:57.889 1176 1176 I TrafficMonitor: start expired. level:-1
04-24 13:05:57.889 1176 1176 I TrafficMonitor: gettimer:interval=2000
04-24 13:05:58.079 1176 1338 D HwWifiStatStore: handleMessage : 200
04-24 13:05:58.561 777 777 E : [E/capacity_limit_control] not demo version, not set power control prop!
04-24 13:05:58.585 1176 1288 D HwBatteryService: onUEvent fcpStatus = 0,scpStatus =0,ovpStatus=0
04-24 13:05:58.587 1176 1288 I UsbDeviceManager: water_intrused state= 0
04-24 13:05:58.604 1176 1176 D HwInnerWifiManagerImpl: SupplicantState = COMPLETED
04-24 13:05:58.605 1176 1176 D HwInnerWifiManagerImpl: isPhoneAP = false
04-24 13:05:58.605 1463 1463 D KeyguardUpdateMonitor: received broadcast android.intent.action.BATTERY_CHANGED
04-24 13:05:58.606 1176 1176 D HwInnerWifiManagerImpl: SupplicantState = COMPLETED
04-24 13:05:58.606 1176 1176 D HwInnerWifiManagerImpl: isPhoneAP = false
04-24 13:05:58.606 1176 1176 D WifiStateMachine: mBcastReceiver: PluggedType = 2 mIsScanCtrlPluggedin = true
04-24 13:05:58.606 1176 1176 D HwWifiService: mPluggedType =2
04-24 13:05:58.606 1463 1463 W KeyguardUpdateMonitor: ACTION_BATTERY_CHANGED AMP: 500000; Volt: 5000000
04-24 13:05:58.607 1176 1176 D WifiService: onReceive, action:android.intent.action.BATTERY_CHANGED
04-24 13:05:58.607 1176 1176 D WifiService: ACTION_BATTERY_CHANGED pluggedType: 2
04-24 13:05:58.612 5515 5671 E CloudAlbum[8.1.2.309]: [ReceiverManager] not log on ignore
04-24 13:05:58.613 1729 1729 I MsgReceiver: intent action: android.intent.action.BATTERY_CHANGED
04-24 13:05:58.616 1463 1463 V KeyguardUpdateMonitor: RefreshBatteryInfo isBatteryLow: 78
04-24 13:05:58.616 1463 1463 W KeyguardUpdateMonitor: ChargingSpeed Wattage: 2500000 ST: 5000000 --> 7500000
04-24 13:05:58.616 1463 1463 I KgBattery: BatteryInfo updated: 2lPc0
04-24 13:05:58.616 1463 1463 W AppHandler: sendMessage with obj100
04-24 13:05:58.616 1463 1463 D KeyguardUpdateMonitor: handleBatteryUpdate
04-24 13:05:58.617 1463 1463 W HwLockScreenPanel: Handle message: 100
04-24 13:05:58.617 1463 1463 W HwKeyguardBottomArea: updateBatteryInfo : false true
04-24 13:05:58.617 1463 1463 W KgBattery: getCharge info with type: text
04-24 13:05:58.621 1463 1463 W HwLockScreenPanel: refreshBatteryInfo: null
04-24 13:05:58.694 1176 1392 D HwArpVerifier: getGateWayARPResponses: arp rtt = 65
04-24 13:05:58.694 1176 1392 E HwCHRWifiRSSIGroupSummery: updatArpSummery mRSSI:-29 HwCHRWifiRSSIGroup [rssi_index=4, rtt_tcp_packets=0, rtt_tcp_duration=0, rtt_lan_duration=8665, rtt_lan_failures=0, rtt_lan_succ=419, rtt_lan_max=939, rtt_lan_min=0,same_area_frequency=0,adjacent_area_frequency=0]
04-24 13:05:58.721 1176 1392 D HwArpVerifier: There are 1 mac address for gateway
04-24 13:05:58.722 1176 1392 D HwArpVerifier: from HEART_CHECK transmit to state:HEART_CHECK
04-24 13:05:58.722 1176 1392 D HwArpVerifier: msg what=124 arg1(token)=25 arg2(mode)=0 delay=30000
04-24 13:05:58.722 1176 1392 D HwArpVerifier: performPollAndLog:
04-24 13:05:58.725 1176 1392 D hw_netstat: total/0/0
04-24 13:05:58.878 1176 1176 I TrafficMonitor: expired arrive. level:-1
04-24 13:05:58.879 1176 1176 I TrafficMonitor: during_ms:2006,period_ms:2000
04-24 13:05:58.879 1176 1176 I TrafficMonitor: count:111,rx_sum:0,tx_sum:0,rxBytes:0,during_ms:2006,rx_speed:0.0,tx_speed:0.0,rto:0.0
04-24 13:05:58.879 1176 1176 D HuaweiWifiWatchdogStateMachine: speed: rxpkt:0, rxSpd:0B/s, txpkt:0, txSpd:0
04-24 13:05:59.893 1176 1176 I TrafficMonitor: update:rxPkts:0,txPkts:0,rxBytes:0,txBytes:0
04-24 13:05:59.894 1176 1176 I TrafficMonitor: start expired. level:-1
04-24 13:05:59.894 1176 1176 I TrafficMonitor: gettimer:interval=2000
04-24 13:06:01.086 1176 1338 D HwWifiStatStore: handleMessage : 200
04-24 13:06:01.871 742 742 E wificond: Failed to get NL80211_RATE_INFO_NOISE
04-24 13:06:01.872 742 742 E wificond: Failed to get NL80211_RATE_INFO_SNR
04-24 13:06:01.872 742 742 E wificond: Failed to get NL80211_STA_INFO_CNAHLOAD
04-24 13:06:01.874 1176 1337 E WificondControl: Noise: 0, Snr: -1, Chload: -1
04-24 13:06:01.875 1176 1339 D HwWifiCHRStateManager: handleMessage : 1001
04-24 13:06:01.875 1176 1339 D HwWifiCHRStateManager: handleUpdateChannel:2412
04-24 13:06:01.875 1176 1339 V HwWifiServiceFactory: get AllImpl object = com.android.server.wifi.HwWifiServiceFactoryImpl@2205edc
04-24 13:06:01.879 742 742 E wificond: Failed to get NL80211_RATE_INFO_NOISE
04-24 13:06:01.879 742 742 E wificond: Failed to get NL80211_RATE_INFO_SNR
04-24 13:06:01.879 742 742 E wificond: Failed to get NL80211_STA_INFO_CNAHLOAD
04-24 13:06:01.882 1176 1406 D HuaweiWifiWatchdogStateMachine: LM mrssi=-29
04-24 13:06:01.882 1176 1406 D HuaweiWifiWatchdogStateMachine: a4:fa:**:**:eb:b0 current loss[-45]=0%, volume=2
04-24 13:06:01.882 1176 1406 D HuaweiWifiWatchdogStateMachine: a4:fa:**:**:eb:b0 history loss[-45]=0%, volume=13825694
04-24 13:06:01.883 1176 1406 I HuaweiWifiWatchdogStateMachine: spd good count:0, add sc:0.0, rate:1.0
04-24 13:06:01.883 1176 1406 I HuaweiWifiWatchdogStateMachine: current mHighDataFlowRate = 1.0
