08-03 11:41:32.836: W/Unity(14482): [FMOD] OutputRingBuffer::read : Buffer starvation detected, requested 32768 bytes, 4096 / 32768 bytes available.
08-03 11:41:32.836: W/Unity(14482): UnityEngine.DebugLogHandler:Internal_Log(LogType, String, Object)
08-03 11:41:32.836: W/Unity(14482): UnityEngine.DebugLogHandler:LogFormat(LogType, Object, String, Object[])
08-03 11:41:32.836: W/Unity(14482): UnityEngine.Logger:Log(LogType, Object)
08-03 11:41:32.836: W/Unity(14482): UnityEngine.Debug:LogWarning(Object)
08-03 11:41:32.836: W/Unity(14482): FMODUnity.RuntimeManager:DEBUG_CALLBACK(DEBUG_FLAGS, StringWrapper, Int32, StringWrapper, StringWrapper) (at C:\workspace\unity\HUAWEIFMODTest\Assets\Plugins\FMOD\src\Runtime\RuntimeManager.cs:32)
08-03 11:41:32.836: W/Unity(14482):
08-03 11:41:32.836: W/Unity(14482): (Filename: C Line: 0)
08-03 11:41:32.852: E/asd(582): set_data_index_need_deal: pcm data buffer is overload!
08-03 11:41:32.935: I/chatty(582): uid=1041(audioserver) HwBinder:582_1 identical 4 lines
08-03 11:41:32.953: E/asd(582): set_data_index_need_deal: pcm data buffer is overload!
08-03 11:41:32.955: I/TrafficMonitor(1049): expired arrive. level:-1
08-03 11:41:32.955: I/TrafficMonitor(1049): during_ms:2001,period_ms:2000
08-03 11:41:32.955: I/TrafficMonitor(1049): count:98,rx_sum:0,tx_sum:123,rxBytes:0,during_ms:2001,rx_speed:0.0,tx_speed:13260.369815092454,rto:0.0
08-03 11:41:32.955: D/HuaweiWifiWatchdogStateMachine(1049): speed: rxpkt:0, rxSpd:0B/s, txpkt:123, txSpd:13260
08-03 11:41:32.972: E/asd(582): set_data_index_need_deal: pcm data buffer is overload!
08-03 11:41:32.994: W/Unity(14482): [FMOD] OutputRingBuffer::read : Insufficient buffer size detected, requested 61440 bytes, buffer size is 32768 bytes.
08-03 11:41:32.994: W/Unity(14482): UnityEngine.DebugLogHandler:Internal_Log(LogType, String, Object)
08-03 11:41:32.994: W/Unity(14482): UnityEngine.DebugLogHandler:LogFormat(LogType, Object, String, Object[])
08-03 11:41:32.994: W/Unity(14482): UnityEngine.Logger:Log(LogType, Object)
08-03 11:41:32.994: W/Unity(14482): UnityEngine.Debug:LogWarning(Object)
08-03 11:41:32.994: W/Unity(14482): FMODUnity.RuntimeManager:DEBUG_CALLBACK(DEBUG_FLAGS, StringWrapper, Int32, StringWrapper, StringWrapper) (at C:\workspace\unity\HUAWEIFMODTest\Assets\Plugins\FMOD\src\Runtime\RuntimeManager.cs:32)
08-03 11:41:32.994: W/Unity(14482):
08-03 11:41:32.994: W/Unity(14482): (Filename: C Line: 0)
08-03 11:41:32.994: E/asd(582): set_data_index_need_deal: pcm data buffer is overload!
08-03 11:41:33.012: E/asd(582): set_data_index_need_deal: pcm data buffer is overload!
08-03 11:41:33.032: D/asd(582): L[0],R[0], continus 20 times!
08-03 11:41:33.032: E/asd(582): set_data_index_need_deal: pcm data buffer is overload!
08-03 11:41:33.052: D/asd(582): L[390]-38.487707db, R[31]-60.481765db
08-03 11:41:33.052: E/asd(582): set_data_index_need_deal: pcm data buffer is overload!
08-03 11:41:33.072: E/WifiHAL(602): enter wifi_get_link_stats
08-03 11:41:33.073: E/asd(582): set_data_index_need_deal: pcm data buffer is overload!
08-03 11:41:33.081: E/WificondControl(1049): Noise: -92, Snr: 27, Chload: -1
08-03 11:41:33.081: E/HwWifiStatStore(1049): updateLinkSpeed linkSpeed =144 lastSpdLev=3 index=3
08-03 11:41:33.082: D/HwWifiCHRStateManager(1049): handleMessage : 1001
08-03 11:41:33.082: D/HwWifiCHRStateManager(1049): handleUpdateChannel:5805
08-03 11:41:33.082: V/HwWifiServiceFactory(1049): get AllImpl object = com.android.server.wifi.HwWifiServiceFactoryImpl@92456a8
08-03 11:41:33.082: I/WifiService(1049): getWifiEnabledState uid=1000
08-03 11:41:33.082: D/HwInnerWifiManagerImpl(1049): SupplicantState = COMPLETED
08-03 11:41:33.082: D/HwInnerWifiManagerImpl(1049): isPhoneAP = false
08-03 11:41:33.085: D/WifiScoreReport(1049): Score = 100, wifiConnectivityManagerEnabled = false, lowScoreCount = 0
08-03 11:41:33.092: E/asd(582): set_data_index_need_deal: pcm data buffer is overload!
08-03 11:41:33.109: D/StatusBarIconController(1478): setIconVisibility icon is null or visibility not change visibility=false
08-03 11:41:33.110: D/StatusBarIconController(1478): setIconVisibility icon is null or visibility not change visibility=false
08-03 11:41:33.112: D/asd(582): @@Audio POP found with hifi3-algo
08-03 11:41:33.112: D/asd(582): @@Audio POP will be eliminated in hifidsp[stream = 3 ; device = 3]
08-03 11:41:33.112: E/asd(582): set_data_index_need_deal: pcm data buffer is overload!
08-03 11:41:33.132: I/chatty(582): uid=1041(audioserver) HwBinder:582_1 identical 1 line
08-03 11:41:33.152: E/asd(582): set_data_index_need_deal: pcm data buffer is overload!
08-03 11:41:33.154: W/Unity(14482): [FMOD] OutputRingBuffer::read : Insufficient buffer size detected, requested 36864 bytes, buffer size is 32768 bytes.
08-03 11:41:33.154: W/Unity(14482): UnityEngine.DebugLogHandler:Internal_Log(LogType, String, Object)
08-03 11:41:33.154: W/Unity(14482): UnityEngine.DebugLogHandler:LogFormat(LogType, Object, String, Object[])
08-03 11:41:33.154: W/Unity(14482): UnityEngine.Logger:Log(LogType, Object)
08-03 11:41:33.154: W/Unity(14482): UnityEngine.Debug:LogWarning(Object)
08-03 11:41:33.154: W/Unity(14482): FMODUnity.RuntimeManager:DEBUG_CALLBACK(DEBUG_FLAGS, StringWrapper, Int32, StringWrapper, StringWrapper) (at C:\workspace\unity\HUAWEIFMODTest\Assets\Plugins\FMOD\src\Runtime\RuntimeManager.cs:32)
08-03 11:41:33.154: W/Unity(14482):
08-03 11:41:33.154: W/Unity(14482): (Filename: C Line: 0)
08-03 11:41:33.172: E/asd(582): set_data_index_need_deal: pcm data buffer is overload!
08-03 11:41:33.292: I/chatty(582): uid=1041(audioserver) HwBinder:582_1 identical 6 lines
08-03 11:41:33.313: E/asd(582): set_data_index_need_deal: pcm data buffer is overload!
08-03 11:41:33.315: W/Unity(14482): [FMOD] OutputRingBuffer::read : Insufficient buffer size detected, requested 61440 bytes, buffer size is 32768 bytes.
08-03 11:41:33.315: W/Unity(14482): UnityEngine.DebugLogHandler:Internal_Log(LogType, String, Object)
08-03 11:41:33.315: W/Unity(14482): UnityEngine.DebugLogHandler:LogFormat(LogType, Object, String, Object[])
08-03 11:41:33.315: W/Unity(14482): UnityEngine.Logger:Log(LogType, Object)
08-03 11:41:33.315: W/Unity(14482): UnityEngine.Debug:LogWarning(Object)
08-03 11:41:33.315: W/Unity(14482): FMODUnity.RuntimeManager:DEBUG_CALLBACK(DEBUG_FLAGS, StringWrapper, Int32, StringWrapper, StringWrapper) (at C:\workspace\unity\HUAWEIFMODTest\Assets\Plugins\FMOD\src\Runtime\RuntimeManager.cs:32)
08-03 11:41:33.315: W/Unity(14482):
08-03 11:41:33.315: W/Unity(14482): (Filename: C Line: 0)
08-03 11:41:33.333: E/asd(582): set_data_index_need_deal: pcm data buffer is overload!
08-03 11:41:33.412: I/chatty(582): uid=1041(audioserver) HwBinder:582_1 identical 4 lines
08-03 11:41:33.432: E/asd(582): set_data_index_need_deal: pcm data buffer is overload!
08-03 11:41:33.452: D/asd(582): L[687]-33.569864db, R[74]-52.924364db
08-03 11:41:33.452: E/asd(582): set_data_index_need_deal: pcm data buffer is overload!
08-03 11:41:33.472: E/asd(582): set_data_index_need_deal: pcm data buffer is overload!
08-03 11:41:33.474: W/Unity(14482): [FMOD] OutputRingBuffer::read : Insufficient buffer size detected, requested 45056 bytes, buffer size is 32768 bytes.
08-03 11:41:33.474: W/Unity(14482): UnityEngine.DebugLogHandler:Internal_Log(LogType, String, Object)
08-03 11:41:33.474: W/Unity(14482): UnityEngine.DebugLogHandler:LogFormat(LogType, Object, String, Object[])
08-03 11:41:33.474: W/Unity(14482): UnityEngine.Logger:Log(LogType, Object)
08-03 11:41:33.474: W/Unity(14482): UnityEngine.Debug:LogWarning(Object)
08-03 11:41:33.474: W/Unity(14482): FMODUnity.RuntimeManager:DEBUG_CALLBACK(DEBUG_FLAGS, StringWrapper, Int32, StringWrapper, StringWrapper) (at C:\workspace\unity\HUAWEIFMODTest\Assets\Plugins\FMOD\src\Runtime\RuntimeManager.cs:32)
08-03 11:41:33.474: W/Unity(14482):
08-03 11:41:33.474: W/Unity(14482): (Filename: C Line: 0)
08-03 11:41:33.492: E/asd(582): set_data_index_need_deal: pcm data buffer is overload!
08-03 11:41:33.512: D/asd(582): @@Audio stream find POP![stream = 3 ; device = 3 ; ratio = 0.636219 ; wavelet_buf_qsum = 2346.394985]
08-03 11:41:33.512: E/asd(582): set_data_index_need_deal: pcm data buffer is overload!
08-03 11:41:33.612: I/chatty(582): uid=1041(audioserver) HwBinder:582_1 identical 5 lines
08-03 11:41:33.632: E/asd(582): set_data_index_need_deal: pcm data buffer is overload!
08-03 11:41:33.634: W/Unity(14482): [FMOD] OutputRingBuffer::read : Insufficient buffer size detected, requested 61440 bytes, buffer size is 32768 bytes.
08-03 11:41:33.634: W/Unity(14482): UnityEngine.DebugLogHandler:Internal_Log(LogType, String, Object)
08-03 11:41:33.634: W/Unity(14482): UnityEngine.DebugLogHandler:LogFormat(LogType, Object, String, Object[])
08-03 11:41:33.634: W/Unity(14482): UnityEngine.Logger:Log(LogType, Object)
08-03 11:41:33.634: W/Unity(14482): UnityEngine.Debug:LogWarning(Object)
08-03 11:41:33.634: W/Unity(14482): FMODUnity.RuntimeManager:DEBUG_CALLBACK(DEBUG_FLAGS, StringWrapper, Int32, StringWrapper, StringWrapper) (at C:\workspace\unity\HUAWEIFMODTest\Assets\Plugins\FMOD\src\Runtime\RuntimeManager.cs:32)
08-03 11:41:33.634: W/Unity(14482):
08-03 11:41:33.634: W/Unity(14482): (Filename: C Line: 0)
08-03 11:41:33.652: E/asd(582): set_data_index_need_deal: pcm data buffer is overload!
08-03 11:41:33.752: I/chatty(582): uid=1041(audioserver) HwBinder:582_1 identical 5 lines
08-03 11:41:33.772: E/asd(582): set_data_index_need_deal: pcm data buffer is overload!
08-03 11:41:33.792: D/asd(582): L[0],R[0], continus 20 times!
08-03 11:41:33.792: E/asd(582): set_data_index_need_deal: pcm data buffer is overload!
08-03 11:41:33.794: W/Unity(14482): [FMOD] OutputRingBuffer::read : Insufficient buffer size detected, requested 53248 bytes, buffer size is 32768 bytes.
08-03 11:41:33.794: W/Unity(14482): UnityEngine.DebugLogHandler:Internal_Log(LogType, String, Object)
08-03 11:41:33.794: W/Unity(14482): UnityEngine.DebugLogHandler:LogFormat(LogType, Object, String, Object[])
08-03 11:41:33.794: W/Unity(14482): UnityEngine.Logger:Log(LogType, Object)
08-03 11:41:33.794: W/Unity(14482): UnityEngine.Debug:LogWarning(Object)
08-03 11:41:33.794: W/Unity(14482): FMODUnity.RuntimeManager:DEBUG_CALLBACK(DEBUG_FLAGS, StringWrapper, Int32, StringWrapper, StringWrapper) (at C:\workspace\unity\HUAWEIFMODTest\Assets\Plugins\FMOD\src\Runtime\RuntimeManager.cs:32)
08-03 11:41:33.794: W/Unity(14482):
08-03 11:41:33.794: W/Unity(14482): (Filename: C Line: 0)
08-03 11:41:33.812: D/asd(582): L[751]-32.796200db, R[52]-55.988932db
08-03 11:41:33.812: E/asd(582): set_data_index_need_deal: pcm data buffer is overload!
08-03 11:41:33.932: I/chatty(582): uid=1041(audioserver) HwBinder:582_1 identical 6 lines
08-03 11:41:33.952: E/asd(582): set_data_index_need_deal: pcm data buffer is overload!
08-03 11:41:33.955: W/Unity(14482): [FMOD] OutputRingBuffer::read : Insufficient buffer size detected, requested 61440 bytes, buffer size is 32768 bytes.
08-03 11:41:33.955: W/Unity(14482): UnityEngine.DebugLogHandler:Internal_Log(LogType, String, Object)
08-03 11:41:33.955: W/Unity(14482): UnityEngine.DebugLogHandler:LogFormat(LogType, Object, String, Object[])
08-03 11:41:33.955: W/Unity(14482): UnityEngine.Logger:Log(LogType, Object)
08-03 11:41:33.955: W/Unity(14482): UnityEngine.Debug:LogWarning(Object)
08-03 11:41:33.955: W/Unity(14482): FMODUnity.RuntimeManager:DEBUG_CALLBACK(DEBUG_FLAGS, StringWrapper, Int32, StringWrapper, StringWrapper) (at C:\workspace\unity\HUAWEIFMODTest\Assets\Plugins\FMOD\src\Runtime\RuntimeManager.cs:32)
08-03 11:41:33.955: W/Unity(14482):
08-03 11:41:33.955: W/Unity(14482): (Filename: C Line: 0)
08-03 11:41:33.957: I/TrafficMonitor(1049): update:rxPkts:1,txPkts:122,rxBytes:40,txBytes:26297
08-03 11:41:33.957: I/TrafficMonitor(1049): start expired. level:-1
08-03 11:41:33.958: I/TrafficMonitor(1049): gettimer:interval=2000
08-03 11:41:33.972: E/asd(582): set_data_index_need_deal: pcm data buffer is overload!
08-03 11:41:34.072: I/chatty(582): uid=1041(audioserver) HwBinder:582_1 identical 5 lines
08-03 11:41:34.092: E/asd(582): set_data_index_need_deal: pcm data buffer is overload!
08-03 11:41:34.111: D/StatusBarIconController(1478): setIconVisibility icon is null or visibility not change visibility=false
08-03 11:41:34.112: E/asd(582): set_data_index_need_deal: pcm data buffer is overload!
08-03 11:41:34.112: D/StatusBarIconController(1478): setIconVisibility icon is null or visibility not change visibility=false
08-03 11:41:34.114: W/Unity(14482): [FMOD] OutputRingBuffer::read : Insufficient buffer size detected, requested 61440 bytes, buffer size is 32768 bytes.
08-03 11:41:34.114: W/Unity(14482): UnityEngine.DebugLogHandler:Internal_Log(LogType, String, Object)
08-03 11:41:34.114: W/Unity(14482): UnityEngine.DebugLogHandler:LogFormat(LogType, Object, String, Object[])
08-03 11:41:34.114: W/Unity(14482): UnityEngine.Logger:Log(LogType, Object)
08-03 11:41:34.114: W/Unity(14482): UnityEngine.Debug:LogWarning(Object)
08-03 11:41:34.114: W/Unity(14482): FMODUnity.RuntimeManager:DEBUG_CALLBACK(DEBUG_FLAGS, StringWrapper, Int32, StringWrapper, StringWrapper) (at C:\workspace\unity\HUAWEIFMODTest\Assets\Plugins\FMOD\src\Runtime\RuntimeManager.cs:32)
08-03 11:41:34.114: W/Unity(14482):
08-03 11:41:34.114: W/Unity(14482): (Filename: C Line: 0)