08-03 11:41:24.473: I/chatty(582): uid=1041(audioserver) HwBinder:582_1 identical 5 lines
08-03 11:41:24.492: E/asd(582): set_data_index_need_deal: pcm data buffer is overload!
08-03 11:41:24.504: E/SQLiteLog(9247): (1)
08-03 11:41:24.512: E/asd(582): set_data_index_need_deal: pcm data buffer is overload!
08-03 11:41:24.514: W/Unity(14482): [FMOD] OutputRingBuffer::read : Insufficient buffer size detected, requested 61440 bytes, buffer size is 32768 bytes.
08-03 11:41:24.514: W/Unity(14482): UnityEngine.DebugLogHandler:Internal_Log(LogType, String, Object)
08-03 11:41:24.514: W/Unity(14482): UnityEngine.DebugLogHandler:LogFormat(LogType, Object, String, Object[])
08-03 11:41:24.514: W/Unity(14482): UnityEngine.Logger:Log(LogType, Object)
08-03 11:41:24.514: W/Unity(14482): UnityEngine.Debug:LogWarning(Object)
08-03 11:41:24.514: W/Unity(14482): FMODUnity.RuntimeManager:DEBUG_CALLBACK(DEBUG_FLAGS, StringWrapper, Int32, StringWrapper, StringWrapper) (at C:\workspace\unity\HUAWEIFMODTest\Assets\Plugins\FMOD\src\Runtime\RuntimeManager.cs:32)
08-03 11:41:24.514: W/Unity(14482):
08-03 11:41:24.514: W/Unity(14482): (Filename: C Line: 0)
08-03 11:41:24.532: E/asd(582): set_data_index_need_deal: pcm data buffer is overload!
08-03 11:41:24.654: I/chatty(582): uid=1041(audioserver) HwBinder:582_1 identical 6 lines
08-03 11:41:24.672: E/asd(582): set_data_index_need_deal: pcm data buffer is overload!
08-03 11:41:24.674: W/Unity(14482): [FMOD] OutputRingBuffer::read : Insufficient buffer size detected, requested 45056 bytes, buffer size is 32768 bytes.
08-03 11:41:24.674: W/Unity(14482): UnityEngine.DebugLogHandler:Internal_Log(LogType, String, Object)
08-03 11:41:24.674: W/Unity(14482): UnityEngine.DebugLogHandler:LogFormat(LogType, Object, String, Object[])
08-03 11:41:24.674: W/Unity(14482): UnityEngine.Logger:Log(LogType, Object)
08-03 11:41:24.674: W/Unity(14482): UnityEngine.Debug:LogWarning(Object)
08-03 11:41:24.674: W/Unity(14482): FMODUnity.RuntimeManager:DEBUG_CALLBACK(DEBUG_FLAGS, StringWrapper, Int32, StringWrapper, StringWrapper) (at C:\workspace\unity\HUAWEIFMODTest\Assets\Plugins\FMOD\src\Runtime\RuntimeManager.cs:32)
08-03 11:41:24.674: W/Unity(14482):
08-03 11:41:24.674: W/Unity(14482): (Filename: C Line: 0)
08-03 11:41:24.692: E/asd(582): set_data_index_need_deal: pcm data buffer is overload!
08-03 11:41:24.812: I/chatty(582): uid=1041(audioserver) HwBinder:582_1 identical 6 lines
08-03 11:41:24.832: E/asd(582): set_data_index_need_deal: pcm data buffer is overload!
08-03 11:41:24.835: W/Unity(14482): [FMOD] OutputRingBuffer::read : Insufficient buffer size detected, requested 61440 bytes, buffer size is 32768 bytes.
08-03 11:41:24.835: W/Unity(14482): UnityEngine.DebugLogHandler:Internal_Log(LogType, String, Object)
08-03 11:41:24.835: W/Unity(14482): UnityEngine.DebugLogHandler:LogFormat(LogType, Object, String, Object[])
08-03 11:41:24.835: W/Unity(14482): UnityEngine.Logger:Log(LogType, Object)
08-03 11:41:24.835: W/Unity(14482): UnityEngine.Debug:LogWarning(Object)
08-03 11:41:24.835: W/Unity(14482): FMODUnity.RuntimeManager:DEBUG_CALLBACK(DEBUG_FLAGS, StringWrapper, Int32, StringWrapper, StringWrapper) (at C:\workspace\unity\HUAWEIFMODTest\Assets\Plugins\FMOD\src\Runtime\RuntimeManager.cs:32)
08-03 11:41:24.835: W/Unity(14482):
08-03 11:41:24.835: W/Unity(14482): (Filename: C Line: 0)
08-03 11:41:24.852: E/asd(582): set_data_index_need_deal: pcm data buffer is overload!
08-03 11:41:24.872: I/chatty(582): uid=1041(audioserver) HwBinder:582_1 identical 1 line
08-03 11:41:24.892: E/asd(582): set_data_index_need_deal: pcm data buffer is overload!
08-03 11:41:24.904: D/SmartcareProc(1049): onSignalStrengthsChanged: signalStrength is: SignalStrength: 99 0 0 0 -46 -41 32767 -1 32767 -1 0 0 0 -1 -1 0 true cdma , on sub: 0
08-03 11:41:24.904: D/SmartcareProc(1049): SignalStrength update result, ss: SignalStrengthInfo:257929861 mGsmSignalStrength: -1 mWcdmaRscp: -1 mWcdmaEcio: -1 mLteRsrp: -1 mLteRsrq: -1 mCdmaDbm: -46 mCdmaEcio: -41 mEvdoDbm: 32767mEvdoEcio: -1mLteRssnr: -1
08-03 11:41:24.906: I/MQoS(1049): onSignal: mSubId=0,currDataSubID=0
08-03 11:41:24.906: I/MQoS(1049): received cell-signal:5
08-03 11:41:24.912: E/asd(582): set_data_index_need_deal: pcm data buffer is overload!
08-03 11:41:24.972: I/chatty(582): uid=1041(audioserver) HwBinder:582_1 identical 3 lines
08-03 11:41:24.992: E/asd(582): set_data_index_need_deal: pcm data buffer is overload!
08-03 11:41:24.994: W/Unity(14482): [FMOD] OutputRingBuffer::read : Insufficient buffer size detected, requested 36864 bytes, buffer size is 32768 bytes.
08-03 11:41:24.994: W/Unity(14482): UnityEngine.DebugLogHandler:Internal_Log(LogType, String, Object)
08-03 11:41:24.994: W/Unity(14482): UnityEngine.DebugLogHandler:LogFormat(LogType, Object, String, Object[])
08-03 11:41:24.994: W/Unity(14482): UnityEngine.Logger:Log(LogType, Object)
08-03 11:41:24.994: W/Unity(14482): UnityEngine.Debug:LogWarning(Object)
08-03 11:41:24.994: W/Unity(14482): FMODUnity.RuntimeManager:DEBUG_CALLBACK(DEBUG_FLAGS, StringWrapper, Int32, StringWrapper, StringWrapper) (at C:\workspace\unity\HUAWEIFMODTest\Assets\Plugins\FMOD\src\Runtime\RuntimeManager.cs:32)
08-03 11:41:24.994: W/Unity(14482):
08-03 11:41:24.994: W/Unity(14482): (Filename: C Line: 0)
08-03 11:41:25.013: E/asd(582): set_data_index_need_deal: pcm data buffer is overload!
08-03 11:41:25.072: I/chatty(582): uid=1041(audioserver) HwBinder:582_1 identical 3 lines
08-03 11:41:25.092: E/asd(582): set_data_index_need_deal: pcm data buffer is overload!
08-03 11:41:25.097: D/StatusBarIconController(1478): setIconVisibility icon is null or visibility not change visibility=false
08-03 11:41:25.098: D/StatusBarIconController(1478): setIconVisibility icon is null or visibility not change visibility=false
08-03 11:41:25.112: E/asd(582): set_data_index_need_deal: pcm data buffer is overload!
08-03 11:41:25.115: D/HwArpVerifier(1049): performPollAndLog:
08-03 11:41:25.122: D/hw_netstat(1049): total/40/66248,com.DefaultCompany.HUAWEIFMODTest/0/65968,com.google.uid.shared:10018/0/240,android.uid.system:1000/40/40
08-03 11:41:25.132: E/asd(582): set_data_index_need_deal: pcm data buffer is overload!
08-03 11:41:25.152: E/asd(582): set_data_index_need_deal: pcm data buffer is overload!
08-03 11:41:25.154: W/Unity(14482): [FMOD] OutputRingBuffer::read : Insufficient buffer size detected, requested 61440 bytes, buffer size is 32768 bytes.
08-03 11:41:25.154: W/Unity(14482): UnityEngine.DebugLogHandler:Internal_Log(LogType, String, Object)
08-03 11:41:25.154: W/Unity(14482): UnityEngine.DebugLogHandler:LogFormat(LogType, Object, String, Object[])
08-03 11:41:25.154: W/Unity(14482): UnityEngine.Logger:Log(LogType, Object)
08-03 11:41:25.154: W/Unity(14482): UnityEngine.Debug:LogWarning(Object)
08-03 11:41:25.154: W/Unity(14482): FMODUnity.RuntimeManager:DEBUG_CALLBACK(DEBUG_FLAGS, StringWrapper, Int32, StringWrapper, StringWrapper) (at C:\workspace\unity\HUAWEIFMODTest\Assets\Plugins\FMOD\src\Runtime\RuntimeManager.cs:32)
08-03 11:41:25.154: W/Unity(14482):
08-03 11:41:25.154: W/Unity(14482): (Filename: C Line: 0)
08-03 11:41:25.172: E/asd(582): set_data_index_need_deal: pcm data buffer is overload!
08-03 11:41:25.292: I/chatty(582): uid=1041(audioserver) HwBinder:582_1 identical 6 lines
08-03 11:41:25.312: E/asd(582): set_data_index_need_deal: pcm data buffer is overload!
08-03 11:41:25.316: W/Unity(14482): [FMOD] OutputRingBuffer::read : Buffer starvation detected, requested 28672 bytes, 0 / 32768 bytes available.
08-03 11:41:25.316: W/Unity(14482): UnityEngine.DebugLogHandler:Internal_Log(LogType, String, Object)
08-03 11:41:25.316: W/Unity(14482): UnityEngine.DebugLogHandler:LogFormat(LogType, Object, String, Object[])
08-03 11:41:25.316: W/Unity(14482): UnityEngine.Logger:Log(LogType, Object)
08-03 11:41:25.316: W/Unity(14482): UnityEngine.Debug:LogWarning(Object)
08-03 11:41:25.316: W/Unity(14482): FMODUnity.RuntimeManager:DEBUG_CALLBACK(DEBUG_FLAGS, StringWrapper, Int32, StringWrapper, StringWrapper) (at C:\workspace\unity\HUAWEIFMODTest\Assets\Plugins\FMOD\src\Runtime\RuntimeManager.cs:32)
08-03 11:41:25.316: W/Unity(14482):
08-03 11:41:25.316: W/Unity(14482): (Filename: C Line: 0)
08-03 11:41:25.323: W/ls(15273): type=1400 audit(0.0:80615): avc: denied { getattr } for path="/modem_log" dev="sdd8" ino=2 scontext=u:r:shell:s0 tcontext=u:object_r:modem_log_file:s0 tclass=dir permissive=0
08-03 11:41:25.352: E/asd(582): set_data_index_need_deal: pcm data buffer is overload!
08-03 11:41:25.452: I/chatty(582): uid=1041(audioserver) HwBinder:582_1 identical 5 lines
08-03 11:41:25.472: E/asd(582): set_data_index_need_deal: pcm data buffer is overload!
08-03 11:41:25.475: W/Unity(14482): [FMOD] OutputRingBuffer::read : Insufficient buffer size detected, requested 61440 bytes, buffer size is 32768 bytes.
08-03 11:41:25.475: W/Unity(14482): UnityEngine.DebugLogHandler:Internal_Log(LogType, String, Object)
08-03 11:41:25.475: W/Unity(14482): UnityEngine.DebugLogHandler:LogFormat(LogType, Object, String, Object[])
08-03 11:41:25.475: W/Unity(14482): UnityEngine.Logger:Log(LogType, Object)
08-03 11:41:25.475: W/Unity(14482): UnityEngine.Debug:LogWarning(Object)
08-03 11:41:25.475: W/Unity(14482): FMODUnity.RuntimeManager:DEBUG_CALLBACK(DEBUG_FLAGS, StringWrapper, Int32, StringWrapper, StringWrapper) (at C:\workspace\unity\HUAWEIFMODTest\Assets\Plugins\FMOD\src\Runtime\RuntimeManager.cs:32)
08-03 11:41:25.475: W/Unity(14482):
08-03 11:41:25.475: W/Unity(14482): (Filename: C Line: 0)
08-03 11:41:25.492: E/asd(582): set_data_index_need_deal: pcm data buffer is overload!
08-03 11:41:25.612: I/chatty(582): uid=1041(audioserver) HwBinder:582_1 identical 6 lines
08-03 11:41:25.632: E/asd(582): set_data_index_need_deal: pcm data buffer is overload!
08-03 11:41:25.634: W/Unity(14482): [FMOD] OutputRingBuffer::read : Insufficient buffer size detected, requested 40960 bytes, buffer size is 32768 bytes.
08-03 11:41:25.634: W/Unity(14482): UnityEngine.DebugLogHandler:Internal_Log(LogType, String, Object)
08-03 11:41:25.634: W/Unity(14482): UnityEngine.DebugLogHandler:LogFormat(LogType, Object, String, Object[])
08-03 11:41:25.634: W/Unity(14482): UnityEngine.Logger:Log(LogType, Object)
08-03 11:41:25.634: W/Unity(14482): UnityEngine.Debug:LogWarning(Object)
08-03 11:41:25.634: W/Unity(14482): FMODUnity.RuntimeManager:DEBUG_CALLBACK(DEBUG_FLAGS, StringWrapper, Int32, StringWrapper, StringWrapper) (at C:\workspace\unity\HUAWEIFMODTest\Assets\Plugins\FMOD\src\Runtime\RuntimeManager.cs:32)
08-03 11:41:25.634: W/Unity(14482):
08-03 11:41:25.634: W/Unity(14482): (Filename: C Line: 0)
08-03 11:41:25.652: E/asd(582): set_data_index_need_deal: pcm data buffer is overload!
08-03 11:41:25.772: I/chatty(582): uid=1041(audioserver) HwBinder:582_1 identical 6 lines
08-03 11:41:25.792: E/asd(582): set_data_index_need_deal: pcm data buffer is overload!
08-03 11:41:25.794: W/Unity(14482): [FMOD] OutputRingBuffer::read : Insufficient buffer size detected, requested 61440 bytes, buffer size is 32768 bytes.
08-03 11:41:25.794: W/Unity(14482): UnityEngine.DebugLogHandler:Internal_Log(LogType, String, Object)
08-03 11:41:25.794: W/Unity(14482): UnityEngine.DebugLogHandler:LogFormat(LogType, Object, String, Object[])
08-03 11:41:25.794: W/Unity(14482): UnityEngine.Logger:Log(LogType, Object)
08-03 11:41:25.794: W/Unity(14482): UnityEngine.Debug:LogWarning(Object)
08-03 11:41:25.794: W/Unity(14482): FMODUnity.RuntimeManager:DEBUG_CALLBACK(DEBUG_FLAGS, StringWrapper, Int32, StringWrapper, StringWrapper) (at C:\workspace\unity\HUAWEIFMODTest\Assets\Plugins\FMOD\src\Runtime\RuntimeManager.cs:32)
08-03 11:41:25.794: W/Unity(14482):
08-03 11:41:25.794: W/Unity(14482): (Filename: C Line: 0)
08-03 11:41:25.812: E/asd(582): set_data_index_need_deal: pcm data buffer is overload!
08-03 11:41:25.932: I/chatty(582): uid=1041(audioserver) HwBinder:582_1 identical 6 lines
08-03 11:41:25.952: E/asd(582): set_data_index_need_deal: pcm data buffer is overload!
08-03 11:41:25.953: I/TrafficMonitor(1049): update:rxPkts:0,txPkts:122,rxBytes:0,txBytes:26474
08-03 11:41:25.953: I/TrafficMonitor(1049): start expired. level:-1
08-03 11:41:25.953: I/TrafficMonitor(1049): gettimer:interval=2000
08-03 11:41:25.954: W/Unity(14482): [FMOD] OutputRingBuffer::read : Insufficient buffer size detected, requested 49152 bytes, buffer size is 32768 bytes.
08-03 11:41:25.954: W/Unity(14482): UnityEngine.DebugLogHandler:Internal_Log(LogType, String, Object)
08-03 11:41:25.954: W/Unity(14482): UnityEngine.DebugLogHandler:LogFormat(LogType, Object, String, Object[])
08-03 11:41:25.954: W/Unity(14482): UnityEngine.Logger:Log(LogType, Object)
08-03 11:41:25.954: W/Unity(14482): UnityEngine.Debug:LogWarning(Object)
08-03 11:41:25.954: W/Unity(14482): FMODUnity.RuntimeManager:DEBUG_CALLBACK(DEBUG_FLAGS, StringWrapper, Int32, StringWrapper, StringWrapper) (at C:\workspace\unity\HUAWEIFMODTest\Assets\Plugins\FMOD\src\Runtime\RuntimeManager.cs:32)
08-03 11:41:25.954: W/Unity(14482):
08-03 11:41:25.954: W/Unity(14482): (Filename: C Line: 0)
08-03 11:41:25.972: E/asd(582): set_data_index_need_deal: pcm data buffer is overload!
08-03 11:41:25.992: I/chatty(582): uid=1041(audioserver) HwBinder:582_1 identical 1 line
08-03 11:41:26.012: E/asd(582): set_data_index_need_deal: pcm data buffer is overload!
08-03 11:41:26.018: D/HwWifiStatStore(1049): handleMessage : 200
08-03 11:41:26.020: I/WifiService(1049): getWifiEnabledState uid=1000
08-03 11:41:26.020: D/HwInnerWifiManagerImpl(1049): SupplicantState = COMPLETED
08-03 11:41:26.020: D/HwInnerWifiManagerImpl(1049): isPhoneAP = false
08-03 11:41:26.032: E/asd(582): set_data_index_need_deal: pcm data buffer is overload!
08-03 11:41:26.092: I/chatty(582): uid=1041(audioserver) HwBinder:582_1 identical 3 lines
08-03 11:41:26.112: E/asd(582): set_data_index_need_deal: pcm data buffer is overload!
08-03 11:41:26.114: W/Unity(14482): [FMOD] OutputRingBuffer::read : Insufficient buffer size detected, requested 61440 bytes, buffer size is 32768 bytes.
08-03 11:41:26.114: W/Unity(14482): UnityEngine.DebugLogHandler:Internal_Log(LogType, String, Object)
08-03 11:41:26.114: W/Unity(14482): UnityEngine.DebugLogHandler:LogFormat(LogType, Object, String, Object[])
08-03 11:41:26.114: W/Unity(14482): UnityEngine.Logger:Log(LogType, Object)
08-03 11:41:26.114: W/Unity(14482): UnityEngine.Debug:LogWarning(Object)
08-03 11:41:26.114: W/Unity(14482): FMODUnity.RuntimeManager:DEBUG_CALLBACK(DEBUG_FLAGS, StringWrapper, Int32, StringWrapper, StringWrapper) (at C:\workspace\unity\HUAWEIFMODTest\Assets\Plugins\FMOD\src\Runtime\RuntimeManager.cs:32)
08-03 11:41:26.114: W/Unity(14482):
08-03 11:41:26.114: W/Unity(14482): (Filename: C Line: 0)
08-03 11:41:26.132: E/asd(582): set_data_index_need_deal: pcm data buffer is overload!
08-03 11:41:26.252: I/chatty(582): uid=1041(audioserver) HwBinder:582_1 identical 6 lines
08-03 11:41:26.272: E/asd(582): set_data_index_need_deal: pcm data buffer is overload!
08-03 11:41:26.274: W/Unity(14482): [FMOD] OutputRingBuffer::read : Insufficient buffer size detected, requested 57344 bytes, buffer size is 32768 bytes.
08-03 11:41:26.274: W/Unity(14482): UnityEngine.DebugLogHandler:Internal_Log(LogType, String, Object)
08-03 11:41:26.274: W/Unity(14482): UnityEngine.DebugLogHandler:LogFormat(LogType, Object, String, Object[])
08-03 11:41:26.274: W/Unity(14482): UnityEngine.Logger:Log(LogType, Object)
08-03 11:41:26.274: W/Unity(14482): UnityEngine.Debug:LogWarning(Object)
08-03 11:41:26.274: W/Unity(14482): FMODUnity.RuntimeManager:DEBUG_CALLBACK(DEBUG_FLAGS, StringWrapper, Int32, StringWrapper, StringWrapper) (at C:\workspace\unity\HUAWEIFMODTest\Assets\Plugins\FMOD\src\Runtime\RuntimeManager.cs:32)
08-03 11:41:26.274: W/Unity(14482):
08-03 11:41:26.274: W/Unity(14482): (Filename: C Line: 0)
08-03 11:41:26.292: E/asd(582): set_data_index_need_deal: pcm data buffer is overload!
08-03 11:41:26.352: I/chatty(582): uid=1041(audioserver) HwBinder:582_1 identical 3 lines
08-03 11:41:26.372: E/asd(582): set_data_index_need_deal: pcm data buffer is overload!
08-03 11:41:26.390: D/SensorHub(600): huawei Hal strandard_stepcounter is 18564
08-03 11:41:26.390: D/SensorHub(600): [
08-03 11:41:26.390 1049: 1327 D/ ]
08-03 11:41:26.390: D/SensorHub(600): motion-hal MotionHubChanel::readHwStepCounter record_count : 2001
08-03 11:41:26.390: D/SensorHub(600): [
08-03 11:41:26.390 1049: 1327 D/ ]
08-03 11:41:26.390: D/SensorHub(600): HWExtMotionService valueSize:19
08-03 11:41:26.390: D/SensorHub(600): [
08-03 11:41:26.390 1049: 1327 D/ ]
08-03 11:41:26.390: D/SensorHub(600): HWExtDeviceService getActiveConnections
08-03 11:41:26.390: D/SensorHub(600): [
08-03 11:41:26.390 1049: 1327 D/ ]
08-03 11:41:26.390: D/SensorHub(600): HWExtDeviceService connSize:1
08-03 11:41:26.391: D/HwStepCounter(1446): onDeviceDataChanged
08-03 11:41:26.391: W/HwStepCounter(1446): version : 1
08-03 11:41:26.393: E/asd(582): set_data_index_need_deal: pcm data buffer is overload!
08-03 11:41:26.397: I/HwStepCounter(1446): dealReportData tm: 2021-08-03 11:41:25 steps_value[0] : 0 state_value[0]:5 level_value[0]:0
08-03 11:41:26.397: I/HwStepCounter(1446): isBeginOfToday: 3 -> 3
08-03 11:41:26.397: I/HwStepCounter(1446): isBeginOfToday: false
08-03 11:41:26.397: I/HwStepCounter(1446): dealReportData: diff = 0
08-03 11:41:26.402: D/HwStepCounter(1446): ReportProxy client : 1
08-03 11:41:26.402: I/StepCounterRemoteStub(1446): Report client count 1
08-03 11:41:26.412: E/asd(582): set_data_index_need_deal: pcm data buffer is overload!
08-03 11:41:26.432: E/asd(582): set_data_index_need_deal: pcm data buffer is overload!
08-03 11:41:26.434: W/Unity(14482): [FMOD] OutputRingBuffer::read : Insufficient buffer size detected, requested 61440 bytes, buffer size is 32768 bytes.
08-03 11:41:26.434: W/Unity(14482): UnityEngine.DebugLogHandler:Internal_Log(LogType, String, Object)
08-03 11:41:26.434: W/Unity(14482): UnityEngine.DebugLogHandler:LogFormat(LogType, Object, String, Object[])
08-03 11:41:26.434: W/Unity(14482): UnityEngine.Logger:Log(LogType, Object)
08-03 11:41:26.434: W/Unity(14482): UnityEngine.Debug:LogWarning(Object)
08-03 11:41:26.434: W/Unity(14482): FMODUnity.RuntimeManager:DEBUG_CALLBACK(DEBUG_FLAGS, StringWrapper, Int32, StringWrapper, StringWrapper) (at C:\workspace\unity\HUAWEIFMODTest\Assets\Plugins\FMOD\src\Runtime\RuntimeManager.cs:32)
08-03 11:41:26.434: W/Unity(14482):
08-03 11:41:26.434: W/Unity(14482): (Filename: C Line: 0)
08-03 11:41:26.452: E/asd(582): set_data_index_need_deal: pcm data buffer is overload!
08-03 11:41:26.572: I/chatty(582): uid=1041(audioserver) HwBinder:582_1 identical 6 lines
08-03 11:41:26.592: E/asd(582): set_data_index_need_deal: pcm data buffer is overload!
08-03 11:41:26.594: W/Unity(14482): [FMOD] OutputRingBuffer::read : Insufficient buffer size detected, requested 61440 bytes, buffer size is 32768 bytes.
08-03 11:41:26.594: W/Unity(14482): UnityEngine.DebugLogHandler:Internal_Log(LogType, String, Object)
08-03 11:41:26.594: W/Unity(14482): UnityEngine.DebugLogHandler:LogFormat(LogType, Object, String, Object[])
08-03 11:41:26.594: W/Unity(14482): UnityEngine.Logger:Log(LogType, Object)
08-03 11:41:26.594: W/Unity(14482): UnityEngine.Debug:LogWarning(Object)
08-03 11:41:26.594: W/Unity(14482): FMODUnity.RuntimeManager:DEBUG_CALLBACK(DEBUG_FLAGS, StringWrapper, Int32, StringWrapper, StringWrapper) (at C:\workspace\unity\HUAWEIFMODTest\Assets\Plugins\FMOD\src\Runtime\RuntimeManager.cs:32)
08-03 11:41:26.594: W/Unity(14482):
08-03 11:41:26.594: W/Unity(14482): (Filename: C Line: 0)
08-03 11:41:26.609: I/aptouch_daemon(610): check_afe_status, idle out.
08-03 11:41:26.610: I/aptouch_daemon(610): check_afe_status, afe[98 120 X2] [ctrl:X40020 ftr:X100] dif[34 -38] raw[32871 32637] [exp:X0 aN:0 lo:0]
08-03 11:41:26.611: I/aptouch_daemon(610): print_log, touch:1, down:1 (0, 854 299)
08-03 11:41:26.611: D/libfingersense_wrapper(1049): Calling fingersense_classify_touch()
08-03 11:41:26.611: E/FingerSense.TouchProcessing(1049): Touch coordinates (854, 299)
08-03 11:41:26.613: E/asd(582): set_data_index_need_deal: pcm data buffer is overload!
08-03 11:41:26.619: D/libfingersense_wrapper(1049): fingersense_classify_touch() finished
08-03 11:41:26.625: D/FingerprintActionsListener(1049): touchDownIsValid MotionEvent.ACTION_DOWN
08-03 11:41:26.626: D/FingerprintActionsListener(1049): touchDownIsValidLazyMode = false touchDownIsValidHiBoard = false
08-03 11:41:26.632: E/asd(582): set_data_index_need_deal: pcm data buffer is overload!
08-03 11:41:26.712: I/chatty(582): uid=1041(audioserver) HwBinder:582_1 identical 4 lines
08-03 11:41:26.732: E/asd(582): set_data_index_need_deal: pcm data buffer is overload!
08-03 11:41:26.741: I/aptouch_daemon(610): print_log, touch:0, down:0
08-03 11:41:26.741: D/libfingersense_wrapper(1049): Calling fingersense_touch_up()
08-03 11:41:26.741: D/libfingersense_wrapper(1049): fingersense_touch_up() finished
08-03 11:41:26.752: E/asd(582): set_data_index_need_deal: pcm data buffer is overload!
08-03 11:41:26.754: W/Unity(14482): [FMOD] OutputRingBuffer::read : Insufficient buffer size detected, requested 57344 bytes, buffer size is 32768 bytes.
08-03 11:41:26.754: W/Unity(14482): UnityEngine.DebugLogHandler:Internal_Log(LogType, String, Object)
08-03 11:41:26.754: W/Unity(14482): UnityEngine.DebugLogHandler:LogFormat(LogType, Object, String, Object[])
08-03 11:41:26.754: W/Unity(14482): UnityEngine.Logger:Log(LogType, Object)
08-03 11:41:26.754: W/Unity(14482): UnityEngine.Debug:LogWarning(Object)
08-03 11:41:26.754: W/Unity(14482): FMODUnity.RuntimeManager:DEBUG_CALLBACK(DEBUG_FLAGS, StringWrapper, Int32, StringWrapper, StringWrapper) (at C:\workspace\unity\HUAWEIFMODTest\Assets\Plugins\FMOD\src\Runtime\RuntimeManager.cs:32)
08-03 11:41:26.754: W/Unity(14482):
08-03 11:41:26.754: W/Unity(14482): (Filename: C Line: 0)
08-03 11:41:26.760: D/EmcomManagerService(1049): forePackage name is com.DefaultCompany.HUAWEIFMODTest
08-03 11:41:26.760: D/HicomPolicyManager(1049): foreAppInfo = nullpkgName = com.DefaultCompany.HUAWEIFMODTest uid= 10240
08-03 11:41:26.760: D/HicomPolicyManager(1049): forground uid is same as before
08-03 11:41:26.769: I/PGServer(1610): report state:10000 event type:2 pid:0 uid:0 pkg:com.DefaultCompany.HUAWEIFMODTest to pid: 1610
08-03 11:41:26.770: I/SceneReceiver(1610): state type: 10000 eventType:2 pid:0 uid:0 pkg:com.DefaultCompany.HUAWEIFMODTest
08-03 11:41:26.770: I/PGServer(1610): report state:10000 event type:2 pid:0 uid:0 pkg:com.DefaultCompany.HUAWEIFMODTest to pid: 1585
08-03 11:41:26.770: I/PGServer(1610): report state:10000 event type:2 pid:0 uid:0 pkg:com.DefaultCompany.HUAWEIFMODTest to pid: 1049
08-03 11:41:26.771: I/PGServer(1610): report state:10011 event type:1 pid:0 uid:0 pkg:com.DefaultCompany.HUAWEIFMODTest to pid: 1610
08-03 11:41:26.771: I/SceneReceiver(1610): state type: 10011 eventType:1 pid:0 uid:0 pkg:com.DefaultCompany.HUAWEIFMODTest
08-03 11:41:26.771: I/PGServer(1610): report state:10011 event type:1 pid:0 uid:0 pkg:com.DefaultCompany.HUAWEIFMODTest to pid: 1585
08-03 11:41:26.771: I/PGServer(1610): report state:10011 event type:1 pid:0 uid:0 pkg:com.DefaultCompany.HUAWEIFMODTest to pid: 1049
08-03 11:41:26.771: D/HwThermalStateManager(1610): current foreapp pkg : com.DefaultCompany.HUAWEIFMODTest
08-03 11:41:26.771: I/PGServer(1610): checkPkgType. calling pkg: android
08-03 11:41:26.772: I/PGServer(1610): checkPkgType. calling pkg: android
08-03 11:41:26.775: I/OPCollectLog(1585): Action:HwForegroundAppAction executed successfully
08-03 11:41:26.775: W/libc(1610): Set property "sys.aps.gameProcessName" to ""
08-03 11:41:26.778: E/asd(582): set_data_index_need_deal: pcm data buffer is overload!
08-03 11:41:26.778: D/NaturalBase Data Service(1597): [Thread: Binder:1597_8] (DataManager.java:727): 1585:1000 requesting insert RawFgAPPEvent.
08-03 11:41:26.780: W/libc(1610): Set property "sys.aps.browserProcessName" to ""
08-03 11:41:26.783: D/HwThermalStateManager(1610): handle thermal policy:10011
08-03 11:41:26.784: D/HwThermalStateManager(1610): Thermal type: 0 cur_temperature:39
08-03 11:41:26.784: I/HwThermalStateManager(1610): sensorType: 0, triggerLevel = 1, triggerAction :{ucurrent=0, wifi=0, uvoltage=0, direct_charger=0, cpu=0, camera_fps=0, cpu_a15=0, lcd=0, gpu=0}
08-03 11:41:26.784: I/HwThermalStateManager(1610): sensorType: 9, triggerLevel = 0, triggerAction :{app_action=1}
08-03 11:41:26.784: I/ThermalAction(1610): new ThermalAction
08-03 11:41:26.784: I/HwThermalStateManager(1610): sensor name: battery temperature: 35 , thermal action: app_action policy:1
08-03 11:41:26.784: I/LogPowerAdapter(1610): do thermal temperature:35action:app_action value:1 sensorType:9 to PG
08-03 11:41:26.784: I/ab[ODMF](1597): [1944][aou] there have Entity listener.
08-03 11:41:26.785: I/OPCollectLog(1585): OdmfHelper:insert dsCollectEncrypt success
08-03 11:41:26.786: I/ThermalStateService(1610): thermal app_action step = 1 temperature = 35
08-03 11:41:26.787: I/[HwRecSys]OdmfCollectScheduler(2533): handleMessage msg: 6
08-03 11:41:26.787: I/[HwRecSys]HwRecSysService(2533): cur pkg: com.DefaultCompany.HUAWEIFMODTest
08-03 11:41:26.786: I/PGServer(1610): report state:9 event type:9 pid:35 uid:0 pkg:1 to pid: 1610
08-03 11:41:26.792: E/asd(582): set_data_index_need_deal: pcm data buffer is overload!
08-03 11:41:26.793: D/ApsProvider(1610): APK: gameIdentify: the app is need to identify whether it is a game. pkgName = com.DefaultCompany.HUAWEIFMODTest; pid = 14482
08-03 11:41:26.793: W/libc(1610): Set property "debug.aps.identify.pid" to "14482"
08-03 11:41:26.801: W/libc(1610): Set property "debug.aps.process.name" to "com.DefaultCompany.HUAWEIFMODTest"
08-03 11:41:26.804: D/powergenie_jni(1610): setCABCMode mode = 3
08-03 11:41:26.805: D/powergenie_jni(1610): setCABCMode his result = 1
08-03 11:41:26.806: D/DisplayControl(1610): OK! set cabc mode: 3
08-03 11:41:26.812: E/asd(582): set_data_index_need_deal: pcm data buffer is overload!
08-03 11:41:26.872: I/chatty(582): uid=1041(audioserver) HwBinder:582_1 identical 3 lines
08-03 11:41:26.892: E/asd(582): set_data_index_need_deal: pcm data buffer is overload!
08-03 11:41:26.892: W/Unity(14482): [FMOD] EventInstance::update : Event {ead55b4b-53f5-4066-a3b4-5f551ffd79ba} waited 61 milliseconds for sample data to load. Preload sample data to avoid this delay.
08-03 11:41:26.892: W/Unity(14482): UnityEngine.DebugLogHandler:Internal_Log(LogType, String, Object)
08-03 11:41:26.892: W/Unity(14482): UnityEngine.DebugLogHandler:LogFormat(LogType, Object, String, Object[])
08-03 11:41:26.892: W/Unity(14482): UnityEngine.Logger:Log(LogType, Object)
08-03 11:41:26.892: W/Unity(14482): UnityEngine.Debug:LogWarning(Object)
08-03 11:41:26.892: W/Unity(14482): FMODUnity.RuntimeManager:DEBUG_CALLBACK(DEBUG_FLAGS, StringWrapper, Int32, StringWrapper, StringWrapper) (at C:\workspace\unity\HUAWEIFMODTest\Assets\Plugins\FMOD\src\Runtime\RuntimeManager.cs:32)
08-03 11:41:26.892: W/Unity(14482):
08-03 11:41:26.892: W/Unity(14482): (Filename: C Line: 0)
08-03 11:41:26.912: E/asd(582): set_data_index_need_deal: pcm data buffer is overload!
08-03 11:41:26.915: W/Unity(14482): [FMOD] OutputRingBuffer::read : Insufficient buffer size detected, requested 61440 bytes, buffer size is 32768 bytes.
08-03 11:41:26.915: W/Unity(14482): UnityEngine.DebugLogHandler:Internal_Log(LogType, String, Object)
08-03 11:41:26.915: W/Unity(14482): UnityEngine.DebugLogHandler:LogFormat(LogType, Object, String, Object[])
08-03 11:41:26.915: W/Unity(14482): UnityEngine.Logger:Log(LogType, Object)
08-03 11:41:26.915: W/Unity(14482): UnityEngine.Debug:LogWarning(Object)
08-03 11:41:26.915: W/Unity(14482): FMODUnity.RuntimeManager:DEBUG_CALLBACK(DEBUG_FLAGS, StringWrapper, Int32, StringWrapper, StringWrapper) (at C:\workspace\unity\HUAWEIFMODTest\Assets\Plugins\FMOD\src\Runtime\RuntimeManager.cs:32)
08-03 11:41:26.915: W/Unity(14482):
08-03 11:41:26.915: W/Unity(14482): (Filename: C Line: 0)
08-03 11:41:26.932: E/asd(582): set_data_index_need_deal: pcm data buffer is overload!
08-03 11:41:26.950: I/TrafficMonitor(1049): expired arrive. level:-1
08-03 11:41:26.950: I/TrafficMonitor(1049): during_ms:2002,period_ms:2000
08-03 11:41:26.950: I/TrafficMonitor(1049): count:95,rx_sum:0,tx_sum:122,rxBytes:0,during_ms:2002,rx_speed:0.0,tx_speed:13223.776223776225,rto:0.0
08-03 11:41:26.950: D/HuaweiWifiWatchdogStateMachine(1049): speed: rxpkt:0, rxSpd:0B/s, txpkt:122, txSpd:13223
08-03 11:41:26.952: E/asd(582): set_data_index_need_deal: pcm data buffer is overload!
08-03 11:41:27.012: I/chatty(582): uid=1041(audioserver) HwBinder:582_1 identical 3 lines
08-03 11:41:27.032: E/asd(582): set_data_index_need_deal: pcm data buffer is overload!
08-03 11:41:27.036: E/WifiHAL(602): enter wifi_get_link_stats
08-03 11:41:27.048: E/WificondControl(1049): Noise: -92, Snr: 24, Chload: -1
08-03 11:41:27.048: E/HwWifiStatStore(1049): updateLinkSpeed linkSpeed =117 lastSpdLev=3 index=3
08-03 11:41:27.048: D/HwWifiCHRStateManager(1049): handleMessage : 1001
08-03 11:41:27.049: D/HwWifiCHRStateManager(1049): handleUpdateChannel:5805
08-03 11:41:27.049: V/HwWifiServiceFactory(1049): get AllImpl object = com.android.server.wifi.HwWifiServiceFactoryImpl@92456a8
08-03 11:41:27.049: I/WifiService(1049): getWifiEnabledState uid=1000
08-03 11:41:27.049: D/HwInnerWifiManagerImpl(1049): SupplicantState = COMPLETED
08-03 11:41:27.049: D/HwInnerWifiManagerImpl(1049): isPhoneAP = false
08-03 11:41:27.052: E/asd(582): set_data_index_need_deal: pcm data buffer is overload!
08-03 11:41:27.054: D/WifiScoreReport(1049): Score = 100, wifiConnectivityManagerEnabled = false, lowScoreCount = 0
08-03 11:41:27.072: E/asd(582): set_data_index_need_deal: pcm data buffer is overload!
08-03 11:41:27.074: W/Unity(14482): [FMOD] OutputRingBuffer::read : Insufficient buffer size detected, requested 49152 bytes, buffer size is 32768 bytes.
08-03 11:41:27.074: W/Unity(14482): UnityEngine.DebugLogHandler:Internal_Log(LogType, String, Object)
08-03 11:41:27.074: W/Unity(14482): UnityEngine.DebugLogHandler:LogFormat(LogType, Object, String, Object[])
08-03 11:41:27.074: W/Unity(14482): UnityEngine.Logger:Log(LogType, Object)
08-03 11:41:27.074: W/Unity(14482): UnityEngine.Debug:LogWarning(Object)
08-03 11:41:27.074: W/Unity(14482): FMODUnity.RuntimeManager:DEBUG_CALLBACK(DEBUG_FLAGS, StringWrapper, Int32, StringWrapper, StringWrapper) (at C:\workspace\unity\HUAWEIFMODTest\Assets\Plugins\FMOD\src\Runtime\RuntimeManager.cs:32)
08-03 11:41:27.074: W/Unity(14482):
08-03 11:41:27.074: W/Unity(14482): (Filename: C Line: 0)
08-03 11:41:27.092: E/asd(582): set_data_index_need_deal: pcm data buffer is overload!
08-03 11:41:27.192: I/chatty(582): uid=1041(audioserver) HwBinder:582_1 identical 5 lines
08-03 11:41:27.212: E/asd(582): set_data_index_need_deal: pcm data buffer is overload!
08-03 11:41:27.234: W/Unity(14482): [FMOD] OutputRingBuffer::read : Insufficient buffer size detected, requested 61440 bytes, buffer size is 32768 bytes.
08-03 11:41:27.234: W/Unity(14482): UnityEngine.DebugLogHandler:Internal_Log(LogType, String, Object)
08-03 11:41:27.234: W/Unity(14482): UnityEngine.DebugLogHandler:LogFormat(LogType, Object, String, Object[])
08-03 11:41:27.234: W/Unity(14482): UnityEngine.Logger:Log(LogType, Object)
08-03 11:41:27.234: W/Unity(14482): UnityEngine.Debug:LogWarning(Object)
08-03 11:41:27.234: W/Unity(14482): FMODUnity.RuntimeManager:DEBUG_CALLBACK(DEBUG_FLAGS, StringWrapper, Int32, StringWrapper, StringWrapper) (at C:\workspace\unity\HUAWEIFMODTest\Assets\Plugins\FMOD\src\Runtime\RuntimeManager.cs:32)
08-03 11:41:27.234: W/Unity(14482):
08-03 11:41:27.234: W/Unity(14482): (Filename: C Line: 0)
08-03 11:41:27.235: E/asd(582): set_data_index_need_deal: pcm data buffer is overload!
08-03 11:41:27.272: I/HwNormalizedSpline(1049): DayMode:getBrightnessLevel lux =212.0, mDefaultBrightnessFromLux =41.225117
08-03 11:41:27.372: I/chatty(582): uid=1041(audioserver) HwBinder:582_1 identical 7 lines
08-03 11:41:27.392: E/asd(582): set_data_index_need_deal: pcm data buffer is overload!
08-03 11:41:27.394: W/Unity(14482): [FMOD] OutputRingBuffer::read : Insufficient buffer size detected, requested 40960 bytes, buffer size is 32768 bytes.
08-03 11:41:27.394: W/Unity(14482): UnityEngine.DebugLogHandler:Internal_Log(LogType, String, Object)
08-03 11:41:27.394: W/Unity(14482): UnityEngine.DebugLogHandler:LogFormat(LogType, Object, String, Object[])
08-03 11:41:27.394: W/Unity(14482): UnityEngine.Logger:Log(LogType, Object)
08-03 11:41:27.394: W/Unity(14482): UnityEngine.Debug:LogWarning(Object)
08-03 11:41:27.394: W/Unity(14482): FMODUnity.RuntimeManager:DEBUG_CALLBACK(DEBUG_FLAGS, StringWrapper, Int32, StringWrapper, StringWrapper) (at C:\workspace\unity\HUAWEIFMODTest\Assets\Plugins\FMOD\src\Runtime\RuntimeManager.cs:32)
08-03 11:41:27.394: W/Unity(14482):
08-03 11:41:27.394: W/Unity(14482): (Filename: C Line: 0)
08-03 11:41:27.412: E/asd(582): set_data_index_need_deal: pcm data buffer is overload!
08-03 11:41:27.472: I/chatty(582): uid=1041(audioserver) HwBinder:582_1 identical 3 lines
08-03 11:41:27.492: E/asd(582): set_data_index_need_deal: pcm data buffer is overload!
08-03 11:41:27.491: W/com.huawei.powergenie(1610): type=1400 audit(0.0:80639): avc: denied { write } for comm=616374696F6E732068616E646C6572 name="max_freq" dev="sysfs" ino=41415 scontext=u:r:system_app:s0 tcontext=u:object_r:sysfs:s0 tclass=file permissive=0
08-03 11:41:27.498: I/uniperf server(593): setConfig clientId=1, tagLen=1, tags[0]=8, configs[0]=415000000
08-03 11:41:27.498: I/ScalingFreqAdapterUniPerf(1610): ===success setFreq: gpumax:8->415000000
08-03 11:41:27.512: E/asd(582): set_data_index_need_deal: pcm data buffer is overload!
08-03 11:41:27.532: I/chatty(582): uid=1041(audioserver) HwBinder:582_1 identical 1 line
08-03 11:41:27.552: E/asd(582): set_data_index_need_deal: pcm data buffer is overload!
08-03 11:41:27.554: W/Unity(14482): [FMOD] OutputRingBuffer::read : Insufficient buffer size detected, requested 61440 bytes, buffer size is 32768 bytes.
08-03 11:41:27.554: W/Unity(14482): UnityEngine.DebugLogHandler:Internal_Log(LogType, String, Object)
08-03 11:41:27.554: W/Unity(14482): UnityEngine.DebugLogHandler:LogFormat(LogType, Object, String, Object[])
08-03 11:41:27.554: W/Unity(14482): UnityEngine.Logger:Log(LogType, Object)
08-03 11:41:27.554: W/Unity(14482): UnityEngine.Debug:LogWarning(Object)
08-03 11:41:27.554: W/Unity(14482): FMODUnity.RuntimeManager:DEBUG_CALLBACK(DEBUG_FLAGS, StringWrapper, Int32, StringWrapper, StringWrapper) (at C:\workspace\unity\HUAWEIFMODTest\Assets\Plugins\FMOD\src\Runtime\RuntimeManager.cs:32)
08-03 11:41:27.554: W/Unity(14482):
08-03 11:41:27.554: W/Unity(14482): (Filename: C Line: 0)
08-03 11:41:27.573: E/asd(582): set_data_index_need_deal: pcm data buffer is overload!
08-03 11:41:27.692: I/chatty(582): uid=1041(audioserver) HwBinder:582_1 identical 6 lines
08-03 11:41:27.712: E/asd(582): set_data_index_need_deal: pcm data buffer is overload!
08-03 11:41:27.714: W/Unity(14482): [FMOD] OutputRingBuffer::read : Buffer starvation detected, requested 32768 bytes, 4096 / 32768 bytes available.
08-03 11:41:27.714: W/Unity(14482): UnityEngine.DebugLogHandler:Internal_Log(LogType, String, Object)
08-03 11:41:27.714: W/Unity(14482): UnityEngine.DebugLogHandler:LogFormat(LogType, Object, String, Object[])
08-03 11:41:27.714: W/Unity(14482): UnityEngine.Logger:Log(LogType, Object)
08-03 11:41:27.714: W/Unity(14482): UnityEngine.Debug:LogWarning(Object)
08-03 11:41:27.714: W/Unity(14482): FMODUnity.RuntimeManager:DEBUG_CALLBACK(DEBUG_FLAGS, StringWrapper, Int32, StringWrapper, StringWrapper) (at C:\workspace\unity\HUAWEIFMODTest\Assets\Plugins\FMOD\src\Runtime\RuntimeManager.cs:32)
08-03 11:41:27.714: W/Unity(14482):
08-03 11:41:27.714: W/Unity(14482): (Filename: C Line: 0)
08-03 11:41:27.732: E/asd(582): set_data_index_need_deal: pcm data buffer is overload!
08-03 11:41:27.792: I/chatty(582): uid=1041(audioserver) HwBinder:582_1 identical 3 lines
08-03 11:41:27.812: E/asd(582): set_data_index_need_deal: pcm data buffer is overload!
08-03 11:41:27.818: I/aptouch_daemon(610): check_afe_status, idle in. 300
08-03 11:41:27.832: E/asd(582): set_data_index_need_deal: pcm data buffer is overload!
08-03 11:41:27.852: I/chatty(582): uid=1041(audioserver) HwBinder:582_1 identical 1 line
08-03 11:41:27.872: E/asd(582): set_data_index_need_deal: pcm data buffer is overload!
08-03 11:41:27.874: W/Unity(14482): [FMOD] OutputRingBuffer::read : Insufficient buffer size detected, requested 61440 bytes, buffer size is 32768 bytes.
08-03 11:41:27.874: W/Unity(14482): UnityEngine.DebugLogHandler:Internal_Log(LogType, String, Object)
08-03 11:41:27.874: W/Unity(14482): UnityEngine.DebugLogHandler:LogFormat(LogType, Object, String, Object[])
08-03 11:41:27.874: W/Unity(14482): UnityEngine.Logger:Log(LogType, Object)
08-03 11:41:27.874: W/Unity(14482): UnityEngine.Debug:LogWarning(Object)
08-03 11:41:27.874: W/Unity(14482): FMODUnity.RuntimeManager:DEBUG_CALLBACK(DEBUG_FLAGS, StringWrapper, Int32, StringWrapper, StringWrapper) (at C:\workspace\unity\HUAWEIFMODTest\Assets\Plugins\FMOD\src\Runtime\RuntimeManager.cs:32)
08-03 11:41:27.874: W/Unity(14482):
08-03 11:41:27.874: W/Unity(14482): (Filename: C Line: 0)
08-03 11:41:27.892: E/asd(582): set_data_index_need_deal: pcm data buffer is overload!
08-03 11:41:27.912: E/asd(582): set_data_index_need_deal: pcm data buffer is overload!
08-03 11:41:27.933: D/asd(582): L[0],R[0], continus 20 times!
08-03 11:41:27.934: E/asd(582): set_data_index_need_deal: pcm data buffer is overload!
08-03 11:41:27.952: D/asd(582): L[213]-43.741407db, R[12]-68.725374db
08-03 11:41:27.952: E/asd(582): set_data_index_need_deal: pcm data buffer is overload!
08-03 11:41:27.955: I/TrafficMonitor(1049): update:rxPkts:0,txPkts:120,rxBytes:0,txBytes:26048
08-03 11:41:27.955: I/TrafficMonitor(1049): start expired. level:-1
08-03 11:41:27.955: I/TrafficMonitor(1049): gettimer:interval=2000
08-03 11:41:27.973: E/asd(582): set_data_index_need_deal: pcm data buffer is overload!
08-03 11:41:27.992: D/asd(582): @@Audio POP found with hifi3-algo
08-03 11:41:27.992: D/asd(582): @@Audio POP will be eliminated in hifidsp[stream = 3 ; device = 3]
08-03 11:41:27.992: E/asd(582): set_data_index_need_deal: pcm data buffer is overload!
08-03 11:41:28.012: I/chatty(582): uid=1041(audioserver) HwBinder:582_1 identical 1 line
08-03 11:41:28.032: E/asd(582): set_data_index_need_deal: pcm data buffer is overload!
08-03 11:41:28.034: W/Unity(14482): [FMOD] OutputRingBuffer::read : Insufficient buffer size detected, requested 36864 bytes, buffer size is 32768 bytes.
08-03 11:41:28.034: W/Unity(14482): UnityEngine.DebugLogHandler:Internal_Log(LogType, String, Object)
08-03 11:41:28.034: W/Unity(14482): UnityEngine.DebugLogHandler:LogFormat(LogType, Object, String, Object[])
08-03 11:41:28.034: W/Unity(14482): UnityEngine.Logger:Log(LogType, Object)
08-03 11:41:28.034: W/Unity(14482): UnityEngine.Debug:LogWarning(Object)
08-03 11:41:28.034: W/Unity(14482): FMODUnity.RuntimeManager:DEBUG_CALLBACK(DEBUG_FLAGS, StringWrapper, Int32, StringWrapper, StringWrapper) (at C:\workspace\unity\HUAWEIFMODTest\Assets\Plugins\FMOD\src\Runtime\RuntimeManager.cs:32)
08-03 11:41:28.034: W/Unity(14482):
08-03 11:41:28.034: W/Unity(14482): (Filename: C Line: 0)
08-03 11:41:28.052: E/asd(582): set_data_index_need_deal: pcm data buffer is overload!
08-03 11:41:28.057: I/Process(14127): Sending signal. PID: 14127 SIG: 9
08-03 11:41:28.072: E/asd(582): set_data_index_need_deal: pcm data buffer is overload!
08-03 11:41:28.109: I/ActivityManager(1049): Process com.huawei.regservice (pid 14127) has died: fore SVC
08-03 11:41:28.110: D/ActivityManager(1049): cleanUpApplicationRecord app: ProcessRecord{687e7f1 14127:com.huawei.regservice/1001}, app.bad: false, restarting: false, allowRestart: true
08-03 11:41:28.093: E/asd(582): set_data_index_need_deal: pcm data buffer is overload!
08-03 11:41:28.118: E/HsmCoreServiceImpl(1446): onTransact in code is: 102
08-03 11:41:28.118: W/MediaProcessHandler(1446): processOp uid 1001 is not concerned!
08-03 11:41:28.118: I/MediaProcessHandler(1446): executedCallBack opType: 1 mMediaStatusObservers.size=0
08-03 11:41:28.119: E/asd(582): set_data_index_need_deal: pcm data buffer is overload!
08-03 11:41:28.120: W/zygote64(1049): kill(-14127, 9) failed: No such process
08-03 11:41:28.121: I/zygote64(1049): Successfully killed process cgroup uid 1001 pid 14127 in 9ms
08-03 11:41:28.132: E/asd(582): set_data_index_need_deal: pcm data buffer is overload!
08-03 11:41:28.172: I/chatty(582): uid=1041(audioserver) HwBinder:582_1 identical 2 lines
08-03 11:41:28.192: E/asd(582): set_data_index_need_deal: pcm data buffer is overload!
08-03 11:41:28.194: W/Unity(14482): [FMOD] OutputRingBuffer::read : Insufficient buffer size detected, requested 61440 bytes, buffer size is 32768 bytes.
08-03 11:41:28.194: W/Unity(14482): UnityEngine.DebugLogHandler:Internal_Log(LogType, String, Object)
08-03 11:41:28.194: W/Unity(14482): UnityEngine.DebugLogHandler:LogFormat(LogType, Object, String, Object[])
08-03 11:41:28.194: W/Unity(14482): UnityEngine.Logger:Log(LogType, Object)
08-03 11:41:28.194: W/Unity(14482): UnityEngine.Debug:LogWarning(Object)
08-03 11:41:28.194: W/Unity(14482): FMODUnity.RuntimeManager:DEBUG_CALLBACK(DEBUG_FLAGS, StringWrapper, Int32, StringWrapper, StringWrapper) (at C:\workspace\unity\HUAWEIFMODTest\Assets\Plugins\FMOD\src\Runtime\RuntimeManager.cs:32)
08-03 11:41:28.194: W/Unity(14482):
08-03 11:41:28.194: W/Unity(14482): (Filename: C Line: 0)
08-03 11:41:28.212: E/asd(582): set_data_index_need_deal: pcm data buffer is overload!
08-03 11:41:28.292: I/chatty(582): uid=1041(audioserver) HwBinder:582_1 identical 4 lines
08-03 11:41:28.312: E/asd(582): set_data_index_need_deal: pcm data buffer is overload!
08-03 11:41:28.332: D/asd(582): L[551]-35.485967db, R[161]-46.172481db
08-03 11:41:28.332: E/asd(582): set_data_index_need_deal: pcm data buffer is overload!
08-03 11:41:28.352: E/asd(582): set_data_index_need_deal: pcm data buffer is overload!
08-03 11:41:28.354: W/Unity(14482): [FMOD] OutputRingBuffer::read : Insufficient buffer size detected, requested 45056 bytes, buffer size is 32768 bytes.
08-03 11:41:28.354: W/Unity(14482): UnityEngine.DebugLogHandler:Internal_Log(LogType, String, Object)
08-03 11:41:28.354: W/Unity(14482): UnityEngine.DebugLogHandler:LogFormat(LogType, Object, String, Object[])
08-03 11:41:28.354: W/Unity(14482): UnityEngine.Logger:Log(LogType, Object)
08-03 11:41:28.354: W/Unity(14482): UnityEngine.Debug:LogWarning(Object)
08-03 11:41:28.354: W/Unity(14482): FMODUnity.RuntimeManager:DEBUG_CALLBACK(DEBUG_FLAGS, StringWrapper, Int32, StringWrapper, StringWrapper) (at C:\workspace\unity\HUAWEIFMODTest\Assets\Plugins\FMOD\src\Runtime\RuntimeManager.cs:32)
08-03 11:41:28.354: W/Unity(14482):
08-03 11:41:28.354: W/Unity(14482): (Filename: C Line: 0)
08-03 11:41:28.372: E/asd(582): set_data_index_need_deal: pcm data buffer is overload!
08-03 11:41:28.415: D/HwBatteryService(1049): onUEvent fcpStatus = 0,scpStatus =0,ovpStatus=0
08-03 11:41:28.416: I/HwBatteryService(1049): quick charge status : 0
08-03 11:41:28.392: I/chatty(582): uid=1041(audioserver) HwBinder:582_1 identical 1 line
08-03 11:41:28.412: E/asd(582): set_data_index_need_deal: pcm data buffer is overload!
08-03 11:41:28.412: E/asd(582): [
08-03 11:41:28.416 540: 552 D/ ]
08-03 11:41:28.412: E/asd(582): Received kernel message payload: chr_event 9
08-03 11:41:28.412: E/asd(582): [
08-03 11:41:28.416 540: 552 I/ ]
08-03 11:41:28.412: E/asd(582): netd received web stat infomation,trigger chr report!
08-03 11:41:28.412: E/asd(582): [
08-03 11:41:28.416 540: 552 I/ ]
08-03 11:41:28.412: E/asd(582): netd received web stat infomation,trigger chr report!
08-03 11:41:28.412: E/asd(582): [
08-03 11:41:28.416 540: 552 I/ ]
08-03 11:41:28.412: E/asd(582): ReportType 0 0 0 0 0 0 0 0 0 0 0 0 0 0 0 0 0 0 0 0 0 0 0 0 0 0 0 0 0 0 0 0 0 0 0 0 0 0 0 0 0 0 0 0 0 0 0 0 0 0 0 0 0 0 0 0 0 0 0 0 0 0 0 0 0 0 0 0 0 0 0 0 0 0 0 0 0 0 0 0 0 0 0 0 0 0 0 0 0 0 0 0 0 0 0 0 0 0 0 0 0 0 0 0 0 0 0 0 0 0 0 0 0 0 0 0 0 0 0 0 0 0 0 0 0 0 0 0 0 0 0 0 0 0 0 0 0 0 0 0 0 0 0 0 0 0 0 0 0 0 0 0 0 0 0 0 0 0 0 0 0 0 0 0 0 0 0 0 0 0 0 0 0 0 0 0 0 0 0 0 0 0 0 0 0 0 0 0 0 0 0 0 0 0 0 0 0 0 0 0 0 0 0 0 0 0 0 0 0 0 0 0 0 0 0 0 0 0 0 0 0 0 0 0 0 0 0 0 0 ReportType 0 807 128 2 0 0 2 26 2 0 0 0 0 0 26 0 0 0 0 2 0 0 0 0 0 0 0 0 0 0 0 0 0 0 0 0 0 0 0 0 0 0 0 0 0 0 0 0 0 0 0 0 0 0 0 0 0 0 0 0 0 0 0 0 0 0 0 0 0 0 0 0 0 0 0 0 0 0 0 0 0 0 0 0 0 0 0 0 0 0 0 0 0 0 0 0 0 0 0 0 0 0 0 0 0 0 0 0 0 0 0 0 0 0 0 0 0 0 0 0 0 0 0 0 0 0 0 0 0 0 0 0 0 0 0 0 0 0 0 0 0 0 0 0 0 0 0 0 0 0 0 0 0 0 0 0 0 0 0 0 0 0 0 0 0 0 0 0 0 0 0 0 0 0 0 0 0 0 0 0 0 0 0 0 0 0 0 0 0 0 0 0 0 0 0 0 0 0 0 0 0 0 0 0 0 0 0 0 0 0 0 0 49 9 15 104 24 104 0 0 0 0 0 0 0 0 28 8 2
08-03 11:41:28.416: W/SocketListener(540): sending broadcast to Pid = 1049, Uid = 1000
08-03 11:41:28.416: I/UsbDeviceManager(1049): water_intrused state= 0
08-03 11:41:28.419: D/NetdConnector(1049): RCV <- {661 ReportType 0 0 0 0 0 0 0 0 0 0 0 0 0 0 0 0 0 0 0 0 0 0 0 0 0 0 0 0 0 0 0 0 0 0 0 0 0 0 0 0 0 0 0 0 0 0 0 0 0 0 0 0 0 0 0 0 0 0 0 0 0 0 0 0 0 0 0 0 0 0 0 0 0 0 0 0 0 0 0 0 0 0 0 0 0 0 0 0 0 0 0 0 0 0 0 0 0 0 0 0 0 0 0 0 0 0 0 0 0 0 0 0 0 0 0 0 0 0 0 0 0 0 0 0 0 0 0 0 0 0 0 0 0 0 0 0 0 0 0 0 0 0 0 0 0 0 0 0 0 0 0 0 0 0 0 0 0 0 0 0 0 0 0 0 0 0 0 0 0 0 0 0 0 0 0 0 0 0 0 0 0 0 0 0 0 0 0 0 0 0 0 0 0 0 0 0 0 0 0 0 0 0 0 0 0 0 0 0 0 0 0 0 0 0 0 0 0 0 0 0 0 0 0 0 0 0 0 0 0 ReportType 0 807 128 2 0 0 2 26 2 0 0 0 0 0 26 0 0 0 0 2 0 0 0 0 0 0 0 0 0 0 0 0 0 0 0 0 0 0 0 0 0 0 0 0 0 0 0 0 0 0 0 0 0 0 0 0 0 0 0 0 0 0 0 0 0 0 0 0 0 0 0 0 0 0 0 0 0 0 0 0 0 0 0 0 0 0 0 0 0 0 0 0 0 0 0 0 0 0 0 0 0 0 0 0 0 0 0 0 0 0 0 0 0 0 0 0 0 0 0 0 0 0 0 0 0 0 0 0 0 0 0 0 0 0 0 0 0 0 0 0 0 0 0 0 0 0 0 0 0 0 0 0 0 0 0 0 0 0 0 0 0 0 0 0 0 0 0 0 0 0 0 0 0 0 0 0 0 0 0 0 0 0 0 0 0 0 0 0 0 0 0 0 0 0 0 0 0 0 0 0 0 0 0 0 0 0 0 0 0 0 0 0 49 9 15 104 24 104 0 0 0 0 0 0 0 0 28 8 2}
08-03 11:41:28.421: D/NetdConnector(1049): RCV <- {661 ReportType 0 0 0 0 0 0 0 0 0 0 0 0 0 0 0 0 0 0 0 0 0 0 0 0 0 0 0 0 0 0 0 0 0 0 0 0 0 0 0 0 0 0 0 0 0 0 0 0 0 0 0 0 0 0 0 0 0 0 0 0 0 0 0 0 0 0 0 0 0 0 0 0 0 0 0 0 0 0 0 0 0 0 0 0 0 0 0 0 0 0 0 0 0 0 0 0 0 0 0 0 0 0 0 0 0 0 0 0 0 0 0 0 0 0 0 0 0 0 0 0 0 0 0 0 0 0 0 0 0 0 0 0 0 0 0 0 0 0 0 0 0 0 0 0 0 0 0 0 0 0 0 0 0 0 0 0 0 0 0 0 0 0 0 0 0 0 0 0 0 0 0 0 0 0 0 0 0 0 0 0 0 0 0 0 0 0 0 0 0 0 0 0 0 0 0 0 0 0 0 0 0 0 0 0 0 0 0 0 0 0 0 0 0 0 0 0 0 0 0 0 0 0 0 0 0 0 0 0 0 ReportType 0 807 128 2 0 0 2 26 2 0 0 0 0 0 26 0 0 0 0 2 0 0 0 0 0 0 0 0 0 0 0 0 0 0 0 0 0 0 0 0 0 0 0 0 0 0 0 0 0 0 0 0 0 0 0 0 0 0 0 0 0 0 0 0 0 0 0 0 0 0 0 0 0 0 0 0 0 0 0 0 0 0 0 0 0 0 0 0 0 0 0 0 0 0 0 0 0 0 0 0 0 0 0 0 0 0 0 0 0 0 0 0 0 0 0 0 0 0 0 0 0 0 0 0 0 0 0 0 0 0 0 0 0 0 0 0 0 0 0 0 0 0 0 0 0 0 0 0 0 0 0 0 0 0 0 0 0 0 0 0 0 0 0 0 0 0 0 0 0 0 0 0 0 0 0 0 0 0 0 0 0 0 0 0 0 0 0 0 0 0 0 0 0 0 0 0 0 0 0 0 0 0 0 0 0 0 0 0 0 0 0 0 49 9 15 104 24 104 0 0 0 0 0 0 0 0 28 8 2}
08-03 11:41:28.424: D/NetdConnector(1049): RCV unsolicited event from native daemon, event = 661
08-03 11:41:28.430: D/HwNetworkManagementService(1049): onEvent receive Web Stat Report:661 ReportType 0 0 0 0 0 0 0 0 0 0 0 0 0 0 0 0 0 0 0 0 0 0 0 0 0 0 0 0 0 0 0 0 0 0 0 0 0 0 0 0 0 0 0 0 0 0 0 0 0 0 0 0 0 0 0 0 0 0 0 0 0 0 0 0 0 0 0 0 0 0 0 0 0 0 0 0 0 0 0 0 0 0 0 0 0 0 0 0 0 0 0 0 0 0 0 0 0 0 0 0 0 0 0 0 0 0 0 0 0 0 0 0 0 0 0 0 0 0 0 0 0 0 0 0 0 0 0 0 0 0 0 0 0 0 0 0 0 0 0 0 0 0 0 0 0 0 0 0 0 0 0 0 0 0 0 0 0 0 0 0 0 0 0 0 0 0 0 0 0 0 0 0 0 0 0 0 0 0 0 0 0 0 0 0 0 0 0 0 0 0 0 0 0 0 0 0 0 0 0 0 0 0 0 0 0 0 0 0 0 0 0 0 0 0 0 0 0 0 0 0 0 0 0 0 0 0 0 0 0 ReportType 0 807 128 2 0 0 2 26 2 0 0 0 0 0 26 0 0 0 0 2 0 0 0 0 0 0 0 0 0 0 0 0 0 0 0 0 0 0 0 0 0 0 0 0 0 0 0 0 0 0 0 0 0 0 0 0 0 0 0 0 0 0 0 0 0 0 0 0 0 0 0 0 0 0 0 0 0 0 0 0 0 0 0 0 0 0 0 0 0 0 0 0 0 0 0 0 0 0 0 0 0 0 0 0 0 0 0 0 0 0 0 0 0 0 0 0 0 0 0 0 0 0 0 0 0 0 0 0 0 0 0 0 0 0 0 0 0 0 0 0 0 0 0 0 0 0 0 0 0 0 0 0 0 0 0 0 0 0 0 0 0 0 0 0 0 0 0 0 0 0 0 0 0 0 0 0 0 0 0 0 0 0 0 0 0 0 0 0 0 0 0 0 0 0 0 0 0 0 0 0 0 0 0 0 0 0 0 0 0 0 0 0 49 9 15 104 24 104 0 0 0 0 0 0 0 0 28 8 2
08-03 11:41:28.431: W/ContextImpl(1049): Calling a method in the system process without a qualified user: android.app.ContextImpl.sendBroadcast:1110 com.android.server.HwNetworkManagementService.sendWebStatMessage:1256 com.android.server.HwServiceFactoryImpl$HwNetworkManagementServiceImpl.sendWebStatMessage:707 com.android.server.NetworkManagementService$NetdCallbackReceiver.onEvent:1063 com.android.server.NativeDaemonConnector.handleMessage:163
08-03 11:41:28.432: E/asd(582): set_data_index_need_deal: pcm data buffer is overload!
08-03 11:41:28.433: W/ActivityManager(1049): Sending non-protected broadcast com.huawei.chr.wifi.action.web_stat_report from system 1049:system/1000 pkg android
08-03 11:41:28.434: W/ActivityManager(1049): Sending non-protected broadcast com.huawei.chr.wifi.action.web_stat_report from system 1049:system/1000 pkg android
08-03 11:41:28.435: D/HwWifiStatStore(1049): handleMessage : 2011
08-03 11:41:28.436: D/HwWifiStatStore(1049): handleWebStatReport data is: Bundle[{HighestWebDelay=104, LowestWebDelay=24, VideoAvgSpeed=0, DelayL1=2, DelayL2=0, DelayL3=0, DelayL4=0, DelayL5=0, DelayL6=0, VideoFreezNum=0, VideoTime=0, AccVideoTime=0, TotalNum=2, WebDelay=128, TcpSuccNum=2, ReportType=0, LastTcpRTT=15, AccVideoAvgSpeed=0, SuccNum=2, RTT=807, TcpTotalNum=26, RTTL1=26, RTTL2=0, RTTL3=0, RTTL4=0, RTTL5=0, tcp_handshake_delay=28, ServerAddr=0, NoAckNum=0, HighestTcpRTT=49, LowestTcpRTT=9, FailNum=0, AccVideoFreezNum=0, RTTAbnServerAddr=0, http_get_delay=8, LastWebDelay=104}]
08-03 11:41:28.443: I/BatteryService(1049): normal charge status : 1
08-03 11:41:28.451: D/KeyguardUpdateMonitor(1478): received broadcast android.intent.action.BATTERY_CHANGED
