08-03 11:41:28.451: W/KeyguardUpdateMonitor(1478): ACTION_BATTERY_CHANGED AMP: 500000; Volt: 4704000
08-03 11:41:28.451: I/KgBattery(1478): (last-new)Status: 1 -> 1, chargeState=1 * branch=5
08-03 11:41:28.452: I/GlobalContext(1478): Work is scheduled. com.android.systemui.battery.-$Lambda$lfi2AU3i1xDKGC7m-gvD3SF2XpQ@5e1336c
08-03 11:41:28.452: E/asd(582): set_data_index_need_deal: pcm data buffer is overload!
08-03 11:41:28.453: I/WifiService(1049): getWifiEnabledState uid=1000
08-03 11:41:28.453: I/MsgReceiver(1610): intent action: android.intent.action.BATTERY_CHANGED
08-03 11:41:28.453: D/HwInnerWifiManagerImpl(1049): SupplicantState = COMPLETED
08-03 11:41:28.453: D/HwInnerWifiManagerImpl(1049): isPhoneAP = false
08-03 11:41:28.454: I/WifiService(1049): getWifiEnabledState uid=1000
08-03 11:41:28.454: D/HwInnerWifiManagerImpl(1049): SupplicantState = COMPLETED
08-03 11:41:28.454: D/HwInnerWifiManagerImpl(1049): isPhoneAP = false
08-03 11:41:28.454: D/WifiStateMachine(1049): mBcastReceiver: PluggedType = 2 mIsScanCtrlPluggedin = true
08-03 11:41:28.454: D/HwWifiService(1049): mPluggedType =2
08-03 11:41:28.454: D/WifiService(1049): onReceive, action:android.intent.action.BATTERY_CHANGED
08-03 11:41:28.454: D/WifiService(1049): ACTION_BATTERY_CHANGED pluggedType: 2
08-03 11:41:28.455: I/HwVisionService(27003): [PhoneStateReceiver] battery current is 79 plugIn = true
08-03 11:41:28.455: I/KeyguardUtils(1478): fpPath=sys/class/hw_power/charger/charge_data/chargerType, value=0
08-03 11:41:28.456: W/ContextImpl(27003): Calling a method in the system process without a qualified user: android.app.ContextImpl.startService:1692 android.content.ContextWrapper.startService:650 com.huawei.vision.server.policy.PhoneState.doPolicyThingStop:103 com.huawei.vision.server.policy.PhoneStateReceiver.startOrStopVisionService:150 com.huawei.vision.server.policy.PhoneStateReceiver.access$200:18
08-03 11:41:28.462: I/HwVisionService(27003): [VisionService] onStartCommand stopClassifyInBackend
08-03 11:41:28.464: I/KeyguardUtils(1478): fpPath=sys/class/hw_power/charger/charge_data/chargerType, value=0
08-03 11:41:28.471: I/KeyguardUtils(1478): fpPath=sys/class/hw_power/charger/charge_data/chargerType, value=0
08-03 11:41:28.472: E/asd(582): set_data_index_need_deal: pcm data buffer is overload!
08-03 11:41:28.474: I/KeyguardUtils(1478): fpPath=sys/class/hw_power/charger/charge_data/chargerType, value=0
08-03 11:41:28.476: V/KeyguardUpdateMonitor(1478): RefreshBatteryInfo isBatteryLow: 79
08-03 11:41:28.476: W/KeyguardUpdateMonitor(1478): ChargingSpeed Wattage: 2352000 ST: 5000000 --> 7500000
08-03 11:41:28.476: I/KgBattery(1478): BatteryInfo updated: 2lPc0
08-03 11:41:28.476: W/AppHandler(1478): sendMessage with obj100
08-03 11:41:28.476: D/KeyguardUpdateMonitor(1478): handleBatteryUpdate
08-03 11:41:28.476: I/ColorPickUitls(1478): type = 2
08-03 11:41:28.476: V/KeyguardUpdateMonitor(1478): RefreshBatteryInfo isBatteryLow: 79
08-03 11:41:28.476: I/KeyguardUtils(1478): fpPath=sys/class/hw_power/charger/charge_data/chargerType, value=0
08-03 11:41:28.477: W/HwKgdBArea_BTY(1478): updateBatteryInfo : false true
08-03 11:41:28.480: W/HwLockScreenPanel(1478): refreshBatteryInfo: null
08-03 11:41:28.480: W/HwLockScreenPanel(1478): Handle message: 100
08-03 11:41:28.480: W/HwKgdBArea_BTY(1478): updateBatteryInfo : false true
08-03 11:41:28.480: W/KgBattery(1478): getCharge info with type: text
08-03 11:41:28.481: I/KeyguardUtils(1478): fpPath=sys/class/hw_power/charger/charge_data/chargerType, value=0
08-03 11:41:28.492: E/asd(582): set_data_index_need_deal: pcm data buffer is overload!
08-03 11:41:28.512: E/asd(582): set_data_index_need_deal: pcm data buffer is overload!
08-03 11:41:28.515: W/Unity(14482): [FMOD] OutputRingBuffer::read : Insufficient buffer size detected, requested 61440 bytes, buffer size is 32768 bytes.
08-03 11:41:28.515: W/Unity(14482): UnityEngine.DebugLogHandler:Internal_Log(LogType, String, Object)
08-03 11:41:28.515: W/Unity(14482): UnityEngine.DebugLogHandler:LogFormat(LogType, Object, String, Object[])
08-03 11:41:28.515: W/Unity(14482): UnityEngine.Logger:Log(LogType, Object)
08-03 11:41:28.515: W/Unity(14482): UnityEngine.Debug:LogWarning(Object)
08-03 11:41:28.515: W/Unity(14482): FMODUnity.RuntimeManager:DEBUG_CALLBACK(DEBUG_FLAGS, StringWrapper, Int32, StringWrapper, StringWrapper) (at C:\workspace\unity\HUAWEIFMODTest\Assets\Plugins\FMOD\src\Runtime\RuntimeManager.cs:32)
08-03 11:41:28.515: W/Unity(14482):
08-03 11:41:28.515: W/Unity(14482): (Filename: C Line: 0)
08-03 11:41:28.532: E/asd(582): set_data_index_need_deal: pcm data buffer is overload!
08-03 11:41:28.572: I/chatty(582): uid=1041(audioserver) HwBinder:582_1 identical 2 lines
08-03 11:41:28.592: E/asd(582): set_data_index_need_deal: pcm data buffer is overload!
08-03 11:41:28.612: I/audio_hw_primary(582): usb_ext_get_parameters: check show hires (false)
08-03 11:41:28.613: E/asd(582): set_data_index_need_deal: pcm data buffer is overload!
08-03 11:41:28.613: I/hash_map_utils(638): key: 'typec_need_show_hires' value: ''
08-03 11:41:28.614: I/HwAudioService(1049): check HiRes Icon false
08-03 11:41:28.616: W/ActivityManager(1049): Sending non-protected broadcast huawei.intent.action.hideHiResIcon from system 1049:system/1000 pkg android
08-03 11:41:28.616: W/ActivityManager(1049): Sending non-protected broadcast huawei.intent.action.hideHiResIcon from system 1049:system/1000 pkg android
08-03 11:41:28.618: D/StatusBarIconController(1478): setIconVisibility icon is null or visibility not change visibility=false
08-03 11:41:28.632: E/asd(582): set_data_index_need_deal: pcm data buffer is overload!
08-03 11:41:28.653: E/asd(582): set_data_index_need_deal: pcm data buffer is overload!
08-03 11:41:28.674: W/Unity(14482): [FMOD] OutputRingBuffer::read : Insufficient buffer size detected, requested 53248 bytes, buffer size is 32768 bytes.
08-03 11:41:28.674: W/Unity(14482): UnityEngine.DebugLogHandler:Internal_Log(LogType, String, Object)
08-03 11:41:28.674: W/Unity(14482): UnityEngine.DebugLogHandler:LogFormat(LogType, Object, String, Object[])
08-03 11:41:28.674: W/Unity(14482): UnityEngine.Logger:Log(LogType, Object)
08-03 11:41:28.674: W/Unity(14482): UnityEngine.Debug:LogWarning(Object)
08-03 11:41:28.674: W/Unity(14482): FMODUnity.RuntimeManager:DEBUG_CALLBACK(DEBUG_FLAGS, StringWrapper, Int32, StringWrapper, StringWrapper) (at C:\workspace\unity\HUAWEIFMODTest\Assets\Plugins\FMOD\src\Runtime\RuntimeManager.cs:32)
08-03 11:41:28.674: W/Unity(14482):
08-03 11:41:28.674: W/Unity(14482): (Filename: C Line: 0)
08-03 11:41:28.675: D/asd(582): L[0],R[0], continus 20 times!
08-03 11:41:28.675: E/asd(582): set_data_index_need_deal: pcm data buffer is overload!
08-03 11:41:28.692: D/asd(582): L[920]-31.033242db, R[38]-58.713327db
08-03 11:41:28.692: E/asd(582): set_data_index_need_deal: pcm data buffer is overload!
08-03 11:41:28.712: D/asd(582): @@Audio POP found with hifi3-algo
08-03 11:41:28.712: D/asd(582): @@Audio POP will be eliminated in hifidsp[stream = 3 ; device = 3]
08-03 11:41:28.712: E/asd(582): set_data_index_need_deal: pcm data buffer is overload!
08-03 11:41:28.812: I/chatty(582): uid=1041(audioserver) HwBinder:582_1 identical 5 lines
08-03 11:41:28.832: E/asd(582): set_data_index_need_deal: pcm data buffer is overload!
08-03 11:41:28.836: W/Unity(14482): [FMOD] OutputRingBuffer::read : Insufficient buffer size detected, requested 61440 bytes, buffer size is 32768 bytes.
08-03 11:41:28.836: W/Unity(14482): UnityEngine.DebugLogHandler:Internal_Log(LogType, String, Object)
08-03 11:41:28.836: W/Unity(14482): UnityEngine.DebugLogHandler:LogFormat(LogType, Object, String, Object[])
08-03 11:41:28.836: W/Unity(14482): UnityEngine.Logger:Log(LogType, Object)
08-03 11:41:28.836: W/Unity(14482): UnityEngine.Debug:LogWarning(Object)
08-03 11:41:28.836: W/Unity(14482): FMODUnity.RuntimeManager:DEBUG_CALLBACK(DEBUG_FLAGS, StringWrapper, Int32, StringWrapper, StringWrapper) (at C:\workspace\unity\HUAWEIFMODTest\Assets\Plugins\FMOD\src\Runtime\RuntimeManager.cs:32)
08-03 11:41:28.836: W/Unity(14482):
08-03 11:41:28.836: W/Unity(14482): (Filename: C Line: 0)
08-03 11:41:28.852: E/asd(582): set_data_index_need_deal: pcm data buffer is overload!
08-03 11:41:28.972: I/chatty(582): uid=1041(audioserver) HwBinder:582_1 identical 6 lines
08-03 11:41:28.992: E/asd(582): set_data_index_need_deal: pcm data buffer is overload!
08-03 11:41:28.994: W/Unity(14482): [FMOD] OutputRingBuffer::read : Insufficient buffer size detected, requested 61440 bytes, buffer size is 32768 bytes.
08-03 11:41:28.994: W/Unity(14482): UnityEngine.DebugLogHandler:Internal_Log(LogType, String, Object)
08-03 11:41:28.994: W/Unity(14482): UnityEngine.DebugLogHandler:LogFormat(LogType, Object, String, Object[])
08-03 11:41:28.994: W/Unity(14482): UnityEngine.Logger:Log(LogType, Object)
08-03 11:41:28.994: W/Unity(14482): UnityEngine.Debug:LogWarning(Object)
08-03 11:41:28.994: W/Unity(14482): FMODUnity.RuntimeManager:DEBUG_CALLBACK(DEBUG_FLAGS, StringWrapper, Int32, StringWrapper, StringWrapper) (at C:\workspace\unity\HUAWEIFMODTest\Assets\Plugins\FMOD\src\Runtime\RuntimeManager.cs:32)
08-03 11:41:28.994: W/Unity(14482):
08-03 11:41:28.994: W/Unity(14482): (Filename: C Line: 0)
08-03 11:41:29.012: D/asd(582): L[604]-34.688260db, R[46]-57.053842db
08-03 11:41:29.012: E/asd(582): set_data_index_need_deal: pcm data buffer is overload!
08-03 11:41:29.022: D/HwWifiStatStore(1049): handleMessage : 200
08-03 11:41:29.024: I/WifiService(1049): getWifiEnabledState uid=1000
08-03 11:41:29.024: D/HwInnerWifiManagerImpl(1049): SupplicantState = COMPLETED
08-03 11:41:29.024: D/HwInnerWifiManagerImpl(1049): isPhoneAP = false
08-03 11:41:29.032: D/asd(582): @@Audio stream find POP![stream = 3 ; device = 3 ; ratio = 0.602267 ; wavelet_buf_qsum = 2732.733310]
08-03 11:41:29.032: E/asd(582): set_data_index_need_deal: pcm data buffer is overload!
08-03 11:41:29.112: I/chatty(582): uid=1041(audioserver) HwBinder:582_1 identical 4 lines
08-03 11:41:29.132: E/asd(582): set_data_index_need_deal: pcm data buffer is overload!
08-03 11:41:29.154: W/Unity(14482): [FMOD] OutputRingBuffer::read : Insufficient buffer size detected, requested 61440 bytes, buffer size is 32768 bytes.
08-03 11:41:29.154: W/Unity(14482): UnityEngine.DebugLogHandler:Internal_Log(LogType, String, Object)
08-03 11:41:29.154: W/Unity(14482): UnityEngine.DebugLogHandler:LogFormat(LogType, Object, String, Object[])
08-03 11:41:29.154: W/Unity(14482): UnityEngine.Logger:Log(LogType, Object)
08-03 11:41:29.154: W/Unity(14482): UnityEngine.Debug:LogWarning(Object)
08-03 11:41:29.154: W/Unity(14482): FMODUnity.RuntimeManager:DEBUG_CALLBACK(DEBUG_FLAGS, StringWrapper, Int32, StringWrapper, StringWrapper) (at C:\workspace\unity\HUAWEIFMODTest\Assets\Plugins\FMOD\src\Runtime\RuntimeManager.cs:32)
08-03 11:41:29.154: W/Unity(14482):
08-03 11:41:29.154: W/Unity(14482): (Filename: C Line: 0)
08-03 11:41:29.152: E/asd(582): set_data_index_need_deal: pcm data buffer is overload!
08-03 11:41:29.292: I/chatty(582): uid=1041(audioserver) HwBinder:582_1 identical 7 lines
08-03 11:41:29.312: E/asd(582): set_data_index_need_deal: pcm data buffer is overload!
08-03 11:41:29.313: W/Unity(14482): [FMOD] OutputRingBuffer::read : Insufficient buffer size detected, requested 61440 bytes, buffer size is 32768 bytes.
08-03 11:41:29.313: W/Unity(14482): UnityEngine.DebugLogHandler:Internal_Log(LogType, String, Object)
08-03 11:41:29.313: W/Unity(14482): UnityEngine.DebugLogHandler:LogFormat(LogType, Object, String, Object[])
08-03 11:41:29.313: W/Unity(14482): UnityEngine.Logger:Log(LogType, Object)
08-03 11:41:29.313: W/Unity(14482): UnityEngine.Debug:LogWarning(Object)
08-03 11:41:29.313: W/Unity(14482): FMODUnity.RuntimeManager:DEBUG_CALLBACK(DEBUG_FLAGS, StringWrapper, Int32, StringWrapper, StringWrapper) (at C:\workspace\unity\HUAWEIFMODTest\Assets\Plugins\FMOD\src\Runtime\RuntimeManager.cs:32)
08-03 11:41:29.313: W/Unity(14482):
08-03 11:41:29.313: W/Unity(14482): (Filename: C Line: 0)
08-03 11:41:29.332: E/asd(582): set_data_index_need_deal: pcm data buffer is overload!
08-03 11:41:29.452: I/chatty(582): uid=1041(audioserver) HwBinder:582_1 identical 6 lines
08-03 11:41:29.472: E/asd(582): set_data_index_need_deal: pcm data buffer is overload!
08-03 11:41:29.474: W/Unity(14482): [FMOD] OutputRingBuffer::read : Insufficient buffer size detected, requested 53248 bytes, buffer size is 32768 bytes.
08-03 11:41:29.474: W/Unity(14482): UnityEngine.DebugLogHandler:Internal_Log(LogType, String, Object)
08-03 11:41:29.474: W/Unity(14482): UnityEngine.DebugLogHandler:LogFormat(LogType, Object, String, Object[])
08-03 11:41:29.474: W/Unity(14482): UnityEngine.Logger:Log(LogType, Object)
08-03 11:41:29.474: W/Unity(14482): UnityEngine.Debug:LogWarning(Object)
08-03 11:41:29.474: W/Unity(14482): FMODUnity.RuntimeManager:DEBUG_CALLBACK(DEBUG_FLAGS, StringWrapper, Int32, StringWrapper, StringWrapper) (at C:\workspace\unity\HUAWEIFMODTest\Assets\Plugins\FMOD\src\Runtime\RuntimeManager.cs:32)
08-03 11:41:29.474: W/Unity(14482):
08-03 11:41:29.474: W/Unity(14482): (Filename: C Line: 0)
08-03 11:41:29.492: E/asd(582): set_data_index_need_deal: pcm data buffer is overload!
08-03 11:41:29.598: E/wificond(656): Failed to get NL80211_STA_INFO_CNAHLOAD
08-03 11:41:29.572: I/chatty(582): uid=1041(audioserver) HwBinder:582_1 identical 4 lines
08-03 11:41:29.594: E/asd(582): set_data_index_need_deal: pcm data buffer is overload!
08-03 11:41:29.599: E/WificondControl(1049): Noise: -92, Snr: 28, Chload: -1
08-03 11:41:29.600: E/HwWifiStatStore(1049): updateLinkSpeed linkSpeed =130 lastSpdLev=3 index=3
08-03 11:41:29.600: D/HwWifiCHRStateManager(1049): handleMessage : 1001
08-03 11:41:29.600: D/HwWifiCHRStateManager(1049): handleUpdateChannel:5805
08-03 11:41:29.600: V/HwWifiServiceFactory(1049): get AllImpl object = com.android.server.wifi.HwWifiServiceFactoryImpl@92456a8
08-03 11:41:29.601: I/WifiService(1049): getWifiEnabledState uid=1000
08-03 11:41:29.601: D/HwInnerWifiManagerImpl(1049): SupplicantState = COMPLETED
08-03 11:41:29.601: D/HwInnerWifiManagerImpl(1049): isPhoneAP = false
08-03 11:41:29.602: D/ConnectivityService(1049): notifyType CALLBACK_CAP_CHANGED for NetworkAgentInfo [WIFI () - 225]
08-03 11:41:29.608: D/HwWifiConnectivityMonitor(1049): signal level changed: 3 --> 4, 802.11v = true
08-03 11:41:29.613: E/asd(582): set_data_index_need_deal: pcm data buffer is overload!
08-03 11:41:29.615: D/StatusBarIconController(1478): setIconVisibility icon is null or visibility not change visibility=false
08-03 11:41:29.616: D/HuaweiWifiWatchdogStateMachine(1049): rssi change nRssi =-65, sRssi=-65
08-03 11:41:29.616: I/QosMonitor(1049): queryRtt: rtt_type = 3
08-03 11:41:29.617: I/QosMonitor(1049): postEventFromNative: msg=100,arg1=4,arg2=10
08-03 11:41:29.617: D/HuaweiWifiWatchdogStateMachine(1049): setSampleRtt: unvalid rtt
08-03 11:41:29.619: E/wificond(656): Failed to get NL80211_STA_INFO_CNAHLOAD
08-03 11:41:29.619: D/StatusBarIconController(1478): setIconVisibility icon is null or visibility not change visibility=false
08-03 11:41:29.620: D/HuaweiWifiWatchdogStateMachine(1049): LM mrssi=-65
08-03 11:41:29.620: D/HuaweiWifiWatchdogStateMachine(1049): 4c:fa:**:**:3b:d0 current loss[-65]=0%, volume=488
08-03 11:41:29.620: D/HuaweiWifiWatchdogStateMachine(1049): 4c:fa:**:**:3b:d0 history loss[-65]=0.39%, volume=174217
08-03 11:41:29.620: I/HuaweiWifiWatchdogStateMachine(1049): spd good count:0, add sc:0.0, rate:1.0
08-03 11:41:29.620: I/HuaweiWifiWatchdogStateMachine(1049): current mHighDataFlowRate = 1.0
08-03 11:41:29.620: I/HuaweiWifiWatchdogStateMachine(1049): POta txb txg rxg:0, 488, 0. Lr =0% Totpkt=488
08-03 11:41:29.622: D/WiFi_PRO(1049): MSG_RETURN_AP_CURRY_RSSI rssi = -65
08-03 11:41:29.623: I/QosMonitor(1049): queryRtt: rtt_type = 3
08-03 11:41:29.623: I/QosMonitor(1049): postEventFromNative: msg=100,arg1=4,arg2=10
08-03 11:41:29.623: I/QosMonitor(1049): postEventFromNative: msg=100,arg1=0,arg2=10
08-03 11:41:29.623: D/HuaweiWifiWatchdogStateMachine(1049): setSampleRtt: unvalid rtt
08-03 11:41:29.623: I/MQoS(1049): rtt=136,tcp_tx_pkts=4763634,tcp_rx_pkts=5264834
08-03 11:41:29.624: D/HwUidTcpMonitor(1049): parseWlanUidTcpStatistics lastUidTcpStatInfo = [ mUid = 10018 mPacketName = com.google.uid.shared:10018 mLastUpdateTime = 1627962089624 mSendSegs = 672 mResendSegs = 0 mRcvSegs = 44 mRttDuration = 4648 mRttSegs = 19 mMobileSendSegs = 0 mMobileResendSegs = 0 mMobileRcvSegs = 0 mMobileRttDuration = 0 mMobileRttSegs = 0 ]
08-03 11:41:29.624: D/HwUidTcpMonitor(1049): parseMobileUidTcpStatistics tcpStatLines.get(i).startsWith(WIFIPRO_TAG)
08-03 11:41:29.625: D/HuaweiWifiWatchdogStateMachine(1049): dumpTcpResult: len=10,rtt=136,rttPkt=13,rttWn=14,cgt=0,cgtWn=0
08-03 11:41:29.625: I/HuaweiWifiWatchdogStateMachine(1049): PTcp RTT:0, rtt pkt=0, tcp_rx=1, tcp_tx=5, tcp_reTran=0, rtRate=0
08-03 11:41:29.625: D/HuaweiWifiWatchdogStateMachine(1049): mRssiBadCount =0, RSSI not bad.
08-03 11:41:29.625: D/HuaweiWifiWatchdogStateMachine(1049): detectNetworkAvailable:hw.wifipro.dns_fail_count = 3347
08-03 11:41:29.625: D/HuaweiWifiWatchdogStateMachine(1049): detectNetworkAvailable: tcpRxPkts != 0, reset
08-03 11:41:29.625: I/HuaweiWifiWatchdogStateMachine(1049): rs ota tcp lr rttvb bad: false, false, false, false, false; rsth:-75
08-03 11:41:29.625: D/HuaweiWifiWatchdogStateMachine(1049): GSC:0, GSR:1.0, RSR:1.0, RTH:-75
08-03 11:41:29.625: D/HuaweiWifiWatchdogStateMachine(1049): bqeLevel = 2 rtt=0,rtt_pkts=0 speed=0 rssi=-65
08-03 11:41:29.625: D/HuaweiWifiWatchdogStateMachine(1049): Enter updateQoeLevel level = 2
08-03 11:41:29.625: D/HuaweiWifiWatchdogStateMachine(1049): Leave updateQoeLevel level = 2
08-03 11:41:29.625: I/HuaweiWifiWatchdogStateMachine(1049): pkt chk not bad, reset sc to 0.
08-03 11:41:29.625: D/HuaweiWifiWatchdogStateMachine(1049): ### mPktChkBadCnt=0
08-03 11:41:29.625: D/WiFi_PRO_WifiProStateMachine(1049): onWifiBqeDetectionResult = 2
08-03 11:41:29.625: D/WiFi_PRO_WifiProStateMachine(1049): "dh-public" TCPRTT level = 2
08-03 11:41:29.626: I/WifiService(1049): getConfiguredNetworks uid=1000
08-03 11:41:29.626: I/MQoS(1049): QOS_level:0(0),wifi-link;SIM error;use level-0
08-03 11:41:29.626: D/WifiPermissionsUtil(1049): Denied: no location permission
08-03 11:41:29.626: D/WifiPermissionsUtil(1049): Denied: The current config is not for an open network.
08-03 11:41:29.627: I/WifiService(1049): getWifiEnabledState uid=10214
08-03 11:41:29.627: D/WiFi_PRO_EvaluateController(1049): "dh-public",crurrent rssi = -65, last rssi = -73, isSemiAuto, last evaluate is Valid
08-03 11:41:29.627: D/HwInnerWifiManagerImpl(7759): SupplicantState = COMPLETED
08-03 11:41:29.627: D/WiFi_PRO_WifiProStateMachine(1049): updateWifiQosLevel, mCurrentSsid: "dh-public" ,isWiFiNoInternet: false, qosLevel: 2
08-03 11:41:29.627: D/HwInnerWifiManagerImpl(7759): isPhoneAP = false
08-03 11:41:29.627: D/WiFi_PRO_EvaluateController(1049): internetAccessType not change, can not update
08-03 11:41:29.627: D/WiFi_PRO_EvaluateController(1049): updateEvaluate Level succeed!.new Level = 2
08-03 11:41:29.629: D/WifiPermissionsUtil(1049): Denied: no location permission
08-03 11:41:29.629: D/WifiPermissionsUtil(1049): Denied: The current config is not for an open network.
08-03 11:41:29.632: E/asd(582): set_data_index_need_deal: pcm data buffer is overload!
08-03 11:41:29.632: I/WifiService(1049): getWifiEnabledState uid=10214
08-03 11:41:29.633: D/HwInnerWifiManagerImpl(7759): SupplicantState = COMPLETED
08-03 11:41:29.633: D/HwInnerWifiManagerImpl(7759): isPhoneAP = false
08-03 11:41:29.634: W/Unity(14482): [FMOD] OutputRingBuffer::read : Insufficient buffer size detected, requested 61440 bytes, buffer size is 32768 bytes.
08-03 11:41:29.634: W/Unity(14482): UnityEngine.DebugLogHandler:Internal_Log(LogType, String, Object)
08-03 11:41:29.634: W/Unity(14482): UnityEngine.DebugLogHandler:LogFormat(LogType, Object, String, Object[])
08-03 11:41:29.634: W/Unity(14482): UnityEngine.Logger:Log(LogType, Object)
08-03 11:41:29.634: W/Unity(14482): UnityEngine.Debug:LogWarning(Object)
08-03 11:41:29.634: W/Unity(14482): FMODUnity.RuntimeManager:DEBUG_CALLBACK(DEBUG_FLAGS, StringWrapper, Int32, StringWrapper, StringWrapper) (at C:\workspace\unity\HUAWEIFMODTest\Assets\Plugins\FMOD\src\Runtime\RuntimeManager.cs:32)
08-03 11:41:29.634: W/Unity(14482):
08-03 11:41:29.634: W/Unity(14482): (Filename: C Line: 0)
08-03 11:41:29.635: D/WifiPermissionsUtil(1049): Denied: no location permission
08-03 11:41:29.635: D/WifiPermissionsUtil(1049): Denied: The current config is not for an open network.
08-03 11:41:29.636: I/WifiService(1049): getWifiEnabledState uid=10214
08-03 11:41:29.636: D/HwInnerWifiManagerImpl(7759): SupplicantState = COMPLETED
08-03 11:41:29.636: D/HwInnerWifiManagerImpl(7759): isPhoneAP = false
08-03 11:41:29.639: D/WifiConfigStore(1049): Writing to stores completed in 10 ms.
08-03 11:41:29.640: D/WifiPermissionsUtil(1049): Denied: no location permission
08-03 11:41:29.640: D/WifiPermissionsUtil(1049): Denied: The current config is not for an open network.
08-03 11:41:29.641: I/WifiService(1049): getWifiEnabledState uid=10214
08-03 11:41:29.641: D/HwInnerWifiManagerImpl(7759): SupplicantState = COMPLETED
08-03 11:41:29.641: D/HwInnerWifiManagerImpl(7759): isPhoneAP = false
08-03 11:41:29.652: E/asd(582): set_data_index_need_deal: pcm data buffer is overload!
08-03 11:41:29.672: D/asd(582): L[0],R[0], continus 20 times!
08-03 11:41:29.672: E/asd(582): set_data_index_need_deal: pcm data buffer is overload!
08-03 11:41:29.692: D/asd(582): L[689]-33.544614db, R[11]-69.481145db
08-03 11:41:29.692: D/asd(582): @@Audio stream find POP![stream = 3 ; device = 3 ; ratio = 0.555516 ; wavelet_buf_qsum = 20138.125344]
08-03 11:41:29.692: E/asd(582): set_data_index_need_deal: pcm data buffer is overload!
08-03 11:41:29.772: I/chatty(582): uid=1041(audioserver) HwBinder:582_1 identical 4 lines
08-03 11:41:29.792: E/asd(582): set_data_index_need_deal: pcm data buffer is overload!
08-03 11:41:29.794: W/Unity(14482): [FMOD] OutputRingBuffer::read : Insufficient buffer size detected, requested 45056 bytes, buffer size is 32768 bytes.
08-03 11:41:29.794: W/Unity(14482): UnityEngine.DebugLogHandler:Internal_Log(LogType, String, Object)
08-03 11:41:29.794: W/Unity(14482): UnityEngine.DebugLogHandler:LogFormat(LogType, Object, String, Object[])
08-03 11:41:29.794: W/Unity(14482): UnityEngine.Logger:Log(LogType, Object)
08-03 11:41:29.794: W/Unity(14482): UnityEngine.Debug:LogWarning(Object)
08-03 11:41:29.794: W/Unity(14482): FMODUnity.RuntimeManager:DEBUG_CALLBACK(DEBUG_FLAGS, StringWrapper, Int32, StringWrapper, StringWrapper) (at C:\workspace\unity\HUAWEIFMODTest\Assets\Plugins\FMOD\src\Runtime\RuntimeManager.cs:32)
08-03 11:41:29.794: W/Unity(14482):
08-03 11:41:29.794: W/Unity(14482): (Filename: C Line: 0)
08-03 11:41:29.812: E/asd(582): set_data_index_need_deal: pcm data buffer is overload!
08-03 11:41:29.933: I/chatty(582): uid=1041(audioserver) HwBinder:582_1 identical 6 lines
08-03 11:41:29.952: E/asd(582): set_data_index_need_deal: pcm data buffer is overload!
08-03 11:41:29.954: W/Unity(14482): [FMOD] OutputRingBuffer::read : Insufficient buffer size detected, requested 61440 bytes, buffer size is 32768 bytes.
08-03 11:41:29.954: W/Unity(14482): UnityEngine.DebugLogHandler:Internal_Log(LogType, String, Object)
08-03 11:41:29.954: W/Unity(14482): UnityEngine.DebugLogHandler:LogFormat(LogType, Object, String, Object[])
08-03 11:41:29.954: W/Unity(14482): UnityEngine.Logger:Log(LogType, Object)
08-03 11:41:29.954: W/Unity(14482): UnityEngine.Debug:LogWarning(Object)
08-03 11:41:29.954: W/Unity(14482): FMODUnity.RuntimeManager:DEBUG_CALLBACK(DEBUG_FLAGS, StringWrapper, Int32, StringWrapper, StringWrapper) (at C:\workspace\unity\HUAWEIFMODTest\Assets\Plugins\FMOD\src\Runtime\RuntimeManager.cs:32)
08-03 11:41:29.954: W/Unity(14482):
08-03 11:41:29.954: W/Unity(14482): (Filename: C Line: 0)
08-03 11:41:29.956: I/TrafficMonitor(1049): update:rxPkts:0,txPkts:121,rxBytes:0,txBytes:26092
08-03 11:41:29.956: I/TrafficMonitor(1049): start expired. level:-1
08-03 11:41:29.956: I/TrafficMonitor(1049): gettimer:interval=2000
08-03 11:41:29.972: E/asd(582): set_data_index_need_deal: pcm data buffer is overload!
08-03 11:41:29.992: D/asd(582): L[398]-38.311337db, R[32]-60.205999db
08-03 11:41:29.992: E/asd(582): set_data_index_need_deal: pcm data buffer is overload!
08-03 11:41:30.012: E/asd(582): set_data_index_need_deal: pcm data buffer is overload!
08-03 11:41:30.033: D/asd(582): @@Audio POP found with hifi3-algo
08-03 11:41:30.033: D/asd(582): @@Audio POP will be eliminated in hifidsp[stream = 3 ; device = 3]
08-03 11:41:30.033: E/asd(582): set_data_index_need_deal: pcm data buffer is overload!
08-03 11:41:30.052: E/asd(582): set_data_index_need_deal: pcm data buffer is overload!
08-03 11:41:30.056: E/WifiHAL(602): enter wifi_get_link_stats
08-03 11:41:30.066: E/WificondControl(1049): Noise: -92, Snr: 27, Chload: -1
08-03 11:41:30.066: E/HwWifiStatStore(1049): updateLinkSpeed linkSpeed =130 lastSpdLev=3 index=3
08-03 11:41:30.067: D/HwWifiCHRStateManager(1049): handleMessage : 1001
08-03 11:41:30.067: D/HwWifiCHRStateManager(1049): handleUpdateChannel:5805
08-03 11:41:30.067: V/HwWifiServiceFactory(1049): get AllImpl object = com.android.server.wifi.HwWifiServiceFactoryImpl@92456a8
08-03 11:41:30.067: I/WifiService(1049): getWifiEnabledState uid=1000
08-03 11:41:30.067: D/HwInnerWifiManagerImpl(1049): SupplicantState = COMPLETED
08-03 11:41:30.067: D/HwInnerWifiManagerImpl(1049): isPhoneAP = false
08-03 11:41:30.070: D/WifiScoreReport(1049): Score = 100, wifiConnectivityManagerEnabled = false, lowScoreCount = 0
08-03 11:41:30.072: E/asd(582): set_data_index_need_deal: pcm data buffer is overload!
08-03 11:41:30.093: I/chatty(582): uid=1041(audioserver) HwBinder:582_1 identical 1 line
08-03 11:41:30.112: E/asd(582): set_data_index_need_deal: pcm data buffer is overload!
08-03 11:41:30.114: W/Unity(14482): [FMOD] OutputRingBuffer::read : Insufficient buffer size detected, requested 36864 bytes, buffer size is 32768 bytes.
08-03 11:41:30.114: W/Unity(14482): UnityEngine.DebugLogHandler:Internal_Log(LogType, String, Object)
08-03 11:41:30.114: W/Unity(14482): UnityEngine.DebugLogHandler:LogFormat(LogType, Object, String, Object[])
08-03 11:41:30.114: W/Unity(14482): UnityEngine.Logger:Log(LogType, Object)
08-03 11:41:30.114: W/Unity(14482): UnityEngine.Debug:LogWarning(Object)
08-03 11:41:30.114: W/Unity(14482): FMODUnity.RuntimeManager:DEBUG_CALLBACK(DEBUG_FLAGS, StringWrapper, Int32, StringWrapper, StringWrapper) (at C:\workspace\unity\HUAWEIFMODTest\Assets\Plugins\FMOD\src\Runtime\RuntimeManager.cs:32)
08-03 11:41:30.114: W/Unity(14482):
08-03 11:41:30.114: W/Unity(14482): (Filename: C Line: 0)
08-03 11:41:30.126: D/HwArpVerifier(1049): performPollAndLog:
08-03 11:41:30.132: D/hw_netstat(1049): total/0/65377,com.DefaultCompany.HUAWEIFMODTest/0/65100,com.google.uid.shared:10018/0/225,android.uid.phone:1001/0/52
08-03 11:41:30.132: E/asd(582): set_data_index_need_deal: pcm data buffer is overload!
08-03 11:41:30.252: I/chatty(582): uid=1041(audioserver) HwBinder:582_1 identical 6 lines
08-03 11:41:30.272: E/asd(582): set_data_index_need_deal: pcm data buffer is overload!
08-03 11:41:30.274: W/Unity(14482): [FMOD] OutputRingBuffer::read : Insufficient buffer size detected, requested 61440 bytes, buffer size is 32768 bytes.
08-03 11:41:30.274: W/Unity(14482): UnityEngine.DebugLogHandler:Internal_Log(LogType, String, Object)
08-03 11:41:30.274: W/Unity(14482): UnityEngine.DebugLogHandler:LogFormat(LogType, Object, String, Object[])
08-03 11:41:30.274: W/Unity(14482): UnityEngine.Logger:Log(LogType, Object)
08-03 11:41:30.274: W/Unity(14482): UnityEngine.Debug:LogWarning(Object)
08-03 11:41:30.274: W/Unity(14482): FMODUnity.RuntimeManager:DEBUG_CALLBACK(DEBUG_FLAGS, StringWrapper, Int32, StringWrapper, StringWrapper) (at C:\workspace\unity\HUAWEIFMODTest\Assets\Plugins\FMOD\src\Runtime\RuntimeManager.cs:32)
08-03 11:41:30.274: W/Unity(14482):
08-03 11:41:30.274: W/Unity(14482): (Filename: C Line: 0)
08-03 11:41:30.292: E/asd(582): set_data_index_need_deal: pcm data buffer is overload!
08-03 11:41:30.312: D/asd(582): L[0],R[0], continus 20 times!
08-03 11:41:30.312: E/asd(582): set_data_index_need_deal: pcm data buffer is overload!
08-03 11:41:30.332: D/asd(582): L[894]-31.282248db, R[42]-57.844013db
08-03 11:41:30.332: E/asd(582): set_data_index_need_deal: pcm data buffer is overload!
08-03 11:41:30.352: E/asd(582): set_data_index_need_deal: pcm data buffer is overload!
08-03 11:41:30.363: W/ls(15285): type=1400 audit(0.0:80640): avc: denied { getattr } for path="/modem_log" dev="sdd8" ino=2 scontext=u:r:shell:s0 tcontext=u:object_r:modem_log_file:s0 tclass=dir permissive=0
08-03 11:41:30.372: D/asd(582): @@Audio POP found with hifi3-algo
08-03 11:41:30.372: D/asd(582): @@Audio POP will be eliminated in hifidsp[stream = 3 ; device = 3]
08-03 11:41:30.372: E/asd(582): set_data_index_need_deal: pcm data buffer is overload!
08-03 11:41:30.392: E/asd(582): set_data_index_need_deal: pcm data buffer is overload!
08-03 11:41:30.412: I/chatty(582): uid=1041(audioserver) HwBinder:582_1 identical 1 line
08-03 11:41:30.432: E/asd(582): set_data_index_need_deal: pcm data buffer is overload!
08-03 11:41:30.434: W/Unity(14482): [FMOD] OutputRingBuffer::read : Buffer starvation detected, requested 28672 bytes, 0 / 32768 bytes available.
08-03 11:41:30.434: W/Unity(14482): UnityEngine.DebugLogHandler:Internal_Log(LogType, String, Object)
08-03 11:41:30.434: W/Unity(14482): UnityEngine.DebugLogHandler:LogFormat(LogType, Object, String, Object[])
08-03 11:41:30.434: W/Unity(14482): UnityEngine.Logger:Log(LogType, Object)
08-03 11:41:30.434: W/Unity(14482): UnityEngine.Debug:LogWarning(Object)
08-03 11:41:30.434: W/Unity(14482): FMODUnity.RuntimeManager:DEBUG_CALLBACK(DEBUG_FLAGS, StringWrapper, Int32, StringWrapper, StringWrapper) (at C:\workspace\unity\HUAWEIFMODTest\Assets\Plugins\FMOD\src\Runtime\RuntimeManager.cs:32)
08-03 11:41:30.434: W/Unity(14482):
08-03 11:41:30.434: W/Unity(14482): (Filename: C Line: 0)
08-03 11:41:30.452: E/asd(582): set_data_index_need_deal: pcm data buffer is overload!
08-03 11:41:30.552: I/chatty(582): uid=1041(audioserver) HwBinder:582_1 identical 5 lines
08-03 11:41:30.572: E/asd(582): set_data_index_need_deal: pcm data buffer is overload!
08-03 11:41:30.594: W/Unity(14482): [FMOD] OutputRingBuffer::read : Insufficient buffer size detected, requested 61440 bytes, buffer size is 32768 bytes.
08-03 11:41:30.594: W/Unity(14482): UnityEngine.DebugLogHandler:Internal_Log(LogType, String, Object)
08-03 11:41:30.594: W/Unity(14482): UnityEngine.DebugLogHandler:LogFormat(LogType, Object, String, Object[])
08-03 11:41:30.594: W/Unity(14482): UnityEngine.Logger:Log(LogType, Object)
08-03 11:41:30.594: W/Unity(14482): UnityEngine.Debug:LogWarning(Object)
08-03 11:41:30.594: W/Unity(14482): FMODUnity.RuntimeManager:DEBUG_CALLBACK(DEBUG_FLAGS, StringWrapper, Int32, StringWrapper, StringWrapper) (at C:\workspace\unity\HUAWEIFMODTest\Assets\Plugins\FMOD\src\Runtime\RuntimeManager.cs:32)
08-03 11:41:30.594: W/Unity(14482):
08-03 11:41:30.594: W/Unity(14482): (Filename: C Line: 0)
08-03 11:41:30.594: E/asd(582): set_data_index_need_deal: pcm data buffer is overload!
08-03 11:41:30.612: E/asd(582): set_data_index_need_deal: pcm data buffer is overload!
08-03 11:41:30.632: D/asd(582): L[704]-33.357546db, R[88]-51.419345db
08-03 11:41:30.632: E/asd(582): set_data_index_need_deal: pcm data buffer is overload!
08-03 11:41:30.672: I/chatty(582): uid=1041(audioserver) HwBinder:582_1 identical 2 lines
08-03 11:41:30.692: E/asd(582): set_data_index_need_deal: pcm data buffer is overload!
08-03 11:41:30.712: D/asd(582): @@Audio POP found with hifi3-algo
08-03 11:41:30.712: D/asd(582): @@Audio POP will be eliminated in hifidsp[stream = 3 ; device = 3]
08-03 11:41:30.712: E/asd(582): set_data_index_need_deal: pcm data buffer is overload!
08-03 11:41:30.733: D/asd(582): L[0]-infdb, R[0]-infdb
08-03 11:41:30.733: E/asd(582): set_data_index_need_deal: pcm data buffer is overload!
08-03 11:41:30.752: E/asd(582): set_data_index_need_deal: pcm data buffer is overload!
08-03 11:41:30.753: W/Unity(14482): [FMOD] OutputRingBuffer::read : Insufficient buffer size detected, requested 40960 bytes, buffer size is 32768 bytes.
08-03 11:41:30.753: W/Unity(14482): UnityEngine.DebugLogHandler:Internal_Log(LogType, String, Object)
08-03 11:41:30.753: W/Unity(14482): UnityEngine.DebugLogHandler:LogFormat(LogType, Object, String, Object[])
08-03 11:41:30.753: W/Unity(14482): UnityEngine.Logger:Log(LogType, Object)
08-03 11:41:30.753: W/Unity(14482): UnityEngine.Debug:LogWarning(Object)
08-03 11:41:30.753: W/Unity(14482): FMODUnity.RuntimeManager:DEBUG_CALLBACK(DEBUG_FLAGS, StringWrapper, Int32, StringWrapper, StringWrapper) (at C:\workspace\unity\HUAWEIFMODTest\Assets\Plugins\FMOD\src\Runtime\RuntimeManager.cs:32)
08-03 11:41:30.753: W/Unity(14482):
08-03 11:41:30.753: W/Unity(14482): (Filename: C Line: 0)
08-03 11:41:30.772: E/asd(582): set_data_index_need_deal: pcm data buffer is overload!
08-03 11:41:30.892: I/chatty(582): uid=1041(audioserver) HwBinder:582_1 identical 6 lines
08-03 11:41:30.912: E/asd(582): set_data_index_need_deal: pcm data buffer is overload!
08-03 11:41:30.915: W/Unity(14482): [FMOD] OutputRingBuffer::read : Insufficient buffer size detected, requested 61440 bytes, buffer size is 32768 bytes.
08-03 11:41:30.915: W/Unity(14482): UnityEngine.DebugLogHandler:Internal_Log(LogType, String, Object)
08-03 11:41:30.915: W/Unity(14482): UnityEngine.DebugLogHandler:LogFormat(LogType, Object, String, Object[])
08-03 11:41:30.915: W/Unity(14482): UnityEngine.Logger:Log(LogType, Object)
08-03 11:41:30.915: W/Unity(14482): UnityEngine.Debug:LogWarning(Object)
08-03 11:41:30.915: W/Unity(14482): FMODUnity.RuntimeManager:DEBUG_CALLBACK(DEBUG_FLAGS, StringWrapper, Int32, StringWrapper, StringWrapper) (at C:\workspace\unity\HUAWEIFMODTest\Assets\Plugins\FMOD\src\Runtime\RuntimeManager.cs:32)
08-03 11:41:30.915: W/Unity(14482):
08-03 11:41:30.915: W/Unity(14482): (Filename: C Line: 0)
08-03 11:41:30.932: E/asd(582): set_data_index_need_deal: pcm data buffer is overload!
08-03 11:41:31.012: I/chatty(582): uid=1041(audioserver) HwBinder:582_1 identical 4 lines
08-03 11:41:31.032: E/asd(582): set_data_index_need_deal: pcm data buffer is overload!
08-03 11:41:31.052: D/asd(582): L[0],R[0], continus 20 times!
08-03 11:41:31.052: E/asd(582): set_data_index_need_deal: pcm data buffer is overload!
08-03 11:41:31.074: W/Unity(14482): [FMOD] OutputRingBuffer::read : Insufficient buffer size detected, requested 49152 bytes, buffer size is 32768 bytes.
08-03 11:41:31.074: W/Unity(14482): UnityEngine.DebugLogHandler:Internal_Log(LogType, String, Object)
08-03 11:41:31.074: W/Unity(14482): UnityEngine.DebugLogHandler:LogFormat(LogType, Object, String, Object[])
08-03 11:41:31.074: W/Unity(14482): UnityEngine.Logger:Log(LogType, Object)
08-03 11:41:31.074: W/Unity(14482): UnityEngine.Debug:LogWarning(Object)
08-03 11:41:31.074: W/Unity(14482): FMODUnity.RuntimeManager:DEBUG_CALLBACK(DEBUG_FLAGS, StringWrapper, Int32, StringWrapper, StringWrapper) (at C:\workspace\unity\HUAWEIFMODTest\Assets\Plugins\FMOD\src\Runtime\RuntimeManager.cs:32)
08-03 11:41:31.074: W/Unity(14482):
08-03 11:41:31.074: W/Unity(14482): (Filename: C Line: 0)
08-03 11:41:31.074: D/asd(582): L[800]-32.247199db, R[47]-56.867042db
08-03 11:41:31.074: E/asd(582): set_data_index_need_deal: pcm data buffer is overload!
08-03 11:41:31.212: I/chatty(582): uid=1041(audioserver) HwBinder:582_1 identical 7 lines
08-03 11:41:31.232: E/asd(582): set_data_index_need_deal: pcm data buffer is overload!
08-03 11:41:31.234: W/Unity(14482): [FMOD] OutputRingBuffer::read : Insufficient buffer size detected, requested 61440 bytes, buffer size is 32768 bytes.
08-03 11:41:31.234: W/Unity(14482): UnityEngine.DebugLogHandler:Internal_Log(LogType, String, Object)
08-03 11:41:31.234: W/Unity(14482): UnityEngine.DebugLogHandler:LogFormat(LogType, Object, String, Object[])
08-03 11:41:31.234: W/Unity(14482): UnityEngine.Logger:Log(LogType, Object)
08-03 11:41:31.234: W/Unity(14482): UnityEngine.Debug:LogWarning(Object)
08-03 11:41:31.234: W/Unity(14482): FMODUnity.RuntimeManager:DEBUG_CALLBACK(DEBUG_FLAGS, StringWrapper, Int32, StringWrapper, StringWrapper) (at C:\workspace\unity\HUAWEIFMODTest\Assets\Plugins\FMOD\src\Runtime\RuntimeManager.cs:32)
08-03 11:41:31.234: W/Unity(14482):
08-03 11:41:31.234: W/Unity(14482): (Filename: C Line: 0)
08-03 11:41:31.252: E/asd(582): set_data_index_need_deal: pcm data buffer is overload!
08-03 11:41:31.352: I/chatty(582): uid=1041(audioserver) HwBinder:582_1 identical 5 lines
08-03 11:41:31.372: E/asd(582): set_data_index_need_deal: pcm data buffer is overload!
08-03 11:41:31.393: D/asd(582): L[303]-40.680146db, R[90]-51.224149db
08-03 11:41:31.393: E/asd(582): set_data_index_need_deal: pcm data buffer is overload!
08-03 11:41:31.394: W/Unity(14482): [FMOD] OutputRingBuffer::read : Insufficient buffer size detected, requested 57344 bytes, buffer size is 32768 bytes.
08-03 11:41:31.394: W/Unity(14482): UnityEngine.DebugLogHandler:Internal_Log(LogType, String, Object)
08-03 11:41:31.394: W/Unity(14482): UnityEngine.DebugLogHandler:LogFormat(LogType, Object, String, Object[])
08-03 11:41:31.394: W/Unity(14482): UnityEngine.Logger:Log(LogType, Object)
08-03 11:41:31.394: W/Unity(14482): UnityEngine.Debug:LogWarning(Object)
08-03 11:41:31.394: W/Unity(14482): FMODUnity.RuntimeManager:DEBUG_CALLBACK(DEBUG_FLAGS, StringWrapper, Int32, StringWrapper, StringWrapper) (at C:\workspace\unity\HUAWEIFMODTest\Assets\Plugins\FMOD\src\Runtime\RuntimeManager.cs:32)
08-03 11:41:31.394: W/Unity(14482):
08-03 11:41:31.394: W/Unity(14482): (Filename: C Line: 0)
08-03 11:41:31.413: E/asd(582): set_data_index_need_deal: pcm data buffer is overload!
08-03 11:41:31.433: D/asd(582): @@Audio POP found with hifi3-algo
08-03 11:41:31.433: E/asd(582): set_data_index_need_deal: pcm data buffer is overload!
08-03 11:41:31.534: I/chatty(582): uid=1041(audioserver) HwBinder:582_1 identical 5 lines
08-03 11:41:31.552: E/asd(582): set_data_index_need_deal: pcm data buffer is overload!
08-03 11:41:31.555: W/Unity(14482): [FMOD] OutputRingBuffer::read : Insufficient buffer size detected, requested 61440 bytes, buffer size is 32768 bytes.
08-03 11:41:31.555: W/Unity(14482): UnityEngine.DebugLogHandler:Internal_Log(LogType, String, Object)
08-03 11:41:31.555: W/Unity(14482): UnityEngine.DebugLogHandler:LogFormat(LogType, Object, String, Object[])
08-03 11:41:31.555: W/Unity(14482): UnityEngine.Logger:Log(LogType, Object)
08-03 11:41:31.555: W/Unity(14482): UnityEngine.Debug:LogWarning(Object)
08-03 11:41:31.555: W/Unity(14482): FMODUnity.RuntimeManager:DEBUG_CALLBACK(DEBUG_FLAGS, StringWrapper, Int32, StringWrapper, StringWrapper) (at C:\workspace\unity\HUAWEIFMODTest\Assets\Plugins\FMOD\src\Runtime\RuntimeManager.cs:32)
08-03 11:41:31.555: W/Unity(14482):
08-03 11:41:31.555: W/Unity(14482): (Filename: C Line: 0)
08-03 11:41:31.572: E/asd(582): set_data_index_need_deal: pcm data buffer is overload!
08-03 11:41:31.692: I/chatty(582): uid=1041(audioserver) HwBinder:582_1 identical 6 lines
08-03 11:41:31.712: E/asd(582): set_data_index_need_deal: pcm data buffer is overload!
08-03 11:41:31.714: W/Unity(14482): [FMOD] OutputRingBuffer::read : Insufficient buffer size detected, requested 61440 bytes, buffer size is 32768 bytes.
08-03 11:41:31.714: W/Unity(14482): UnityEngine.DebugLogHandler:Internal_Log(LogType, String, Object)
08-03 11:41:31.714: W/Unity(14482): UnityEngine.DebugLogHandler:LogFormat(LogType, Object, String, Object[])
08-03 11:41:31.714: W/Unity(14482): UnityEngine.Logger:Log(LogType, Object)
08-03 11:41:31.714: W/Unity(14482): UnityEngine.Debug:LogWarning(Object)
08-03 11:41:31.714: W/Unity(14482): FMODUnity.RuntimeManager:DEBUG_CALLBACK(DEBUG_FLAGS, StringWrapper, Int32, StringWrapper, StringWrapper) (at C:\workspace\unity\HUAWEIFMODTest\Assets\Plugins\FMOD\src\Runtime\RuntimeManager.cs:32)
08-03 11:41:31.714: W/Unity(14482):
08-03 11:41:31.714: W/Unity(14482): (Filename: C Line: 0)
08-03 11:41:31.732: D/asd(582): L[0],R[0], continus 20 times!
08-03 11:41:31.732: E/asd(582): set_data_index_need_deal: pcm data buffer is overload!
08-03 11:41:31.752: D/asd(582): L[0]-infdb, R[0]-infdb
08-03 11:41:31.752: D/asd(582): @@Audio POP found with hifi3-algo
08-03 11:41:31.752: E/asd(582): set_data_index_need_deal: pcm data buffer is overload!
08-03 11:41:31.852: I/chatty(582): uid=1041(audioserver) HwBinder:582_1 identical 5 lines
08-03 11:41:31.872: E/asd(582): set_data_index_need_deal: pcm data buffer is overload!
08-03 11:41:31.874: W/Unity(14482): [FMOD] OutputRingBuffer::read : Insufficient buffer size detected, requested 57344 bytes, buffer size is 32768 bytes.
08-03 11:41:31.874: W/Unity(14482): UnityEngine.DebugLogHandler:Internal_Log(LogType, String, Object)
08-03 11:41:31.874: W/Unity(14482): UnityEngine.DebugLogHandler:LogFormat(LogType, Object, String, Object[])
08-03 11:41:31.874: W/Unity(14482): UnityEngine.Logger:Log(LogType, Object)
08-03 11:41:31.874: W/Unity(14482): UnityEngine.Debug:LogWarning(Object)
08-03 11:41:31.874: W/Unity(14482): FMODUnity.RuntimeManager:DEBUG_CALLBACK(DEBUG_FLAGS, StringWrapper, Int32, StringWrapper, StringWrapper) (at C:\workspace\unity\HUAWEIFMODTest\Assets\Plugins\FMOD\src\Runtime\RuntimeManager.cs:32)
08-03 11:41:31.874: W/Unity(14482):
08-03 11:41:31.874: W/Unity(14482): (Filename: C Line: 0)
08-03 11:41:31.892: E/asd(582): set_data_index_need_deal: pcm data buffer is overload!
08-03 11:41:31.932: I/chatty(582): uid=1041(audioserver) HwBinder:582_1 identical 2 lines
08-03 11:41:31.952: E/asd(582): set_data_index_need_deal: pcm data buffer is overload!
08-03 11:41:31.956: I/TrafficMonitor(1049): update:rxPkts:0,txPkts:123,rxBytes:0,txBytes:26534
08-03 11:41:31.957: I/TrafficMonitor(1049): start expired. level:-1
08-03 11:41:31.957: I/TrafficMonitor(1049): gettimer:interval=2000
08-03 11:41:31.972: E/asd(582): set_data_index_need_deal: pcm data buffer is overload!
08-03 11:41:31.992: I/chatty(582): uid=1041(audioserver) HwBinder:582_1 identical 1 line
08-03 11:41:32.013: E/asd(582): set_data_index_need_deal: pcm data buffer is overload!
08-03 11:41:32.027: D/HwWifiStatStore(1049): handleMessage : 200
08-03 11:41:32.029: I/WifiService(1049): getWifiEnabledState uid=1000
08-03 11:41:32.030: D/HwInnerWifiManagerImpl(1049): SupplicantState = COMPLETED
08-03 11:41:32.031: D/HwInnerWifiManagerImpl(1049): isPhoneAP = false
08-03 11:41:32.032: E/asd(582): set_data_index_need_deal: pcm data buffer is overload!
08-03 11:41:32.034: W/Unity(14482): [FMOD] OutputRingBuffer::read : Insufficient buffer size detected, requested 61440 bytes, buffer size is 32768 bytes.
08-03 11:41:32.034: W/Unity(14482): UnityEngine.DebugLogHandler:Internal_Log(LogType, String, Object)
08-03 11:41:32.034: W/Unity(14482): UnityEngine.DebugLogHandler:LogFormat(LogType, Object, String, Object[])
08-03 11:41:32.034: W/Unity(14482): UnityEngine.Logger:Log(LogType, Object)
08-03 11:41:32.034: W/Unity(14482): UnityEngine.Debug:LogWarning(Object)
08-03 11:41:32.034: W/Unity(14482): FMODUnity.RuntimeManager:DEBUG_CALLBACK(DEBUG_FLAGS, StringWrapper, Int32, StringWrapper, StringWrapper) (at C:\workspace\unity\HUAWEIFMODTest\Assets\Plugins\FMOD\src\Runtime\RuntimeManager.cs:32)
08-03 11:41:32.034: W/Unity(14482):
08-03 11:41:32.034: W/Unity(14482): (Filename: C Line: 0)
08-03 11:41:32.052: E/asd(582): set_data_index_need_deal: pcm data buffer is overload!
08-03 11:41:32.072: D/asd(582): L[520]-35.988932db, R[72]-53.162349db
08-03 11:41:32.072: E/asd(582): set_data_index_need_deal: pcm data buffer is overload!
08-03 11:41:32.092: D/asd(582): @@Audio POP found with hifi3-algo
08-03 11:41:32.092: D/asd(582): @@Audio POP will be eliminated in hifidsp[stream = 3 ; device = 3]
08-03 11:41:32.092: E/asd(582): set_data_index_need_deal: pcm data buffer is overload!
08-03 11:41:32.172: I/chatty(582): uid=1041(audioserver) HwBinder:582_1 identical 4 lines
08-03 11:41:32.192: E/asd(582): set_data_index_need_deal: pcm data buffer is overload!
08-03 11:41:32.195: W/Unity(14482): [FMOD] OutputRingBuffer::read : Insufficient buffer size detected, requested 49152 bytes, buffer size is 32768 bytes.
08-03 11:41:32.195: W/Unity(14482): UnityEngine.DebugLogHandler:Internal_Log(LogType, String, Object)
08-03 11:41:32.195: W/Unity(14482): UnityEngine.DebugLogHandler:LogFormat(LogType, Object, String, Object[])
08-03 11:41:32.195: W/Unity(14482): UnityEngine.Logger:Log(LogType, Object)
08-03 11:41:32.195: W/Unity(14482): UnityEngine.Debug:LogWarning(Object)
08-03 11:41:32.195: W/Unity(14482): FMODUnity.RuntimeManager:DEBUG_CALLBACK(DEBUG_FLAGS, StringWrapper, Int32, StringWrapper, StringWrapper) (at C:\workspace\unity\HUAWEIFMODTest\Assets\Plugins\FMOD\src\Runtime\RuntimeManager.cs:32)
08-03 11:41:32.195: W/Unity(14482):
08-03 11:41:32.195: W/Unity(14482): (Filename: C Line: 0)
08-03 11:41:32.212: E/asd(582): set_data_index_need_deal: pcm data buffer is overload!
08-03 11:41:32.332: I/chatty(582): uid=1041(audioserver) HwBinder:582_1 identical 6 lines
08-03 11:41:32.352: E/asd(582): set_data_index_need_deal: pcm data buffer is overload!
08-03 11:41:32.354: W/Unity(14482): [FMOD] OutputRingBuffer::read : Insufficient buffer size detected, requested 61440 bytes, buffer size is 32768 bytes.
08-03 11:41:32.354: W/Unity(14482): UnityEngine.DebugLogHandler:Internal_Log(LogType, String, Object)
08-03 11:41:32.354: W/Unity(14482): UnityEngine.DebugLogHandler:LogFormat(LogType, Object, String, Object[])
08-03 11:41:32.354: W/Unity(14482): UnityEngine.Logger:Log(LogType, Object)
08-03 11:41:32.354: W/Unity(14482): UnityEngine.Debug:LogWarning(Object)
08-03 11:41:32.354: W/Unity(14482): FMODUnity.RuntimeManager:DEBUG_CALLBACK(DEBUG_FLAGS, StringWrapper, Int32, StringWrapper, StringWrapper) (at C:\workspace\unity\HUAWEIFMODTest\Assets\Plugins\FMOD\src\Runtime\RuntimeManager.cs:32)
08-03 11:41:32.354: W/Unity(14482):
08-03 11:41:32.354: W/Unity(14482): (Filename: C Line: 0)
08-03 11:41:32.372: E/asd(582): set_data_index_need_deal: pcm data buffer is overload!
08-03 11:41:32.392: D/asd(582): L[0],R[0], continus 20 times!
08-03 11:41:32.393: E/asd(582): set_data_index_need_deal: pcm data buffer is overload!
08-03 11:41:32.412: D/asd(582): L[892]-31.301702db, R[36]-59.182949db
08-03 11:41:32.412: E/asd(582): set_data_index_need_deal: pcm data buffer is overload!
08-03 11:41:32.432: D/asd(582): @@Audio POP found with hifi3-algo
08-03 11:41:32.432: D/asd(582): @@Audio POP will be eliminated in hifidsp[stream = 3 ; device = 3]
08-03 11:41:32.432: E/asd(582): set_data_index_need_deal: pcm data buffer is overload!
08-03 11:41:32.492: I/chatty(582): uid=1041(audioserver) HwBinder:582_1 identical 3 lines
08-03 11:41:32.512: E/asd(582): set_data_index_need_deal: pcm data buffer is overload!
08-03 11:41:32.529: W/Unity(14482): [FMOD] OutputRingBuffer::read : Insufficient buffer size detected, requested 40960 bytes, buffer size is 32768 bytes.
08-03 11:41:32.529: W/Unity(14482): UnityEngine.DebugLogHandler:Internal_Log(LogType, String, Object)
08-03 11:41:32.529: W/Unity(14482): UnityEngine.DebugLogHandler:LogFormat(LogType, Object, String, Object[])
08-03 11:41:32.529: W/Unity(14482): UnityEngine.Logger:Log(LogType, Object)
08-03 11:41:32.529: W/Unity(14482): UnityEngine.Debug:LogWarning(Object)
08-03 11:41:32.529: W/Unity(14482): FMODUnity.RuntimeManager:DEBUG_CALLBACK(DEBUG_FLAGS, StringWrapper, Int32, StringWrapper, StringWrapper) (at C:\workspace\unity\HUAWEIFMODTest\Assets\Plugins\FMOD\src\Runtime\RuntimeManager.cs:32)
08-03 11:41:32.529: W/Unity(14482):
08-03 11:41:32.529: W/Unity(14482): (Filename: C Line: 0)
08-03 11:41:32.532: E/asd(582): set_data_index_need_deal: pcm data buffer is overload!
08-03 11:41:32.652: I/chatty(582): uid=1041(audioserver) HwBinder:582_1 identical 6 lines
08-03 11:41:32.672: E/asd(582): set_data_index_need_deal: pcm data buffer is overload!
08-03 11:41:32.674: W/Unity(14482): [FMOD] OutputRingBuffer::read : Insufficient buffer size detected, requested 61440 bytes, buffer size is 32768 bytes.
08-03 11:41:32.674: W/Unity(14482): UnityEngine.DebugLogHandler:Internal_Log(LogType, String, Object)
08-03 11:41:32.674: W/Unity(14482): UnityEngine.DebugLogHandler:LogFormat(LogType, Object, String, Object[])
08-03 11:41:32.674: W/Unity(14482): UnityEngine.Logger:Log(LogType, Object)
08-03 11:41:32.674: W/Unity(14482): UnityEngine.Debug:LogWarning(Object)
08-03 11:41:32.674: W/Unity(14482): FMODUnity.RuntimeManager:DEBUG_CALLBACK(DEBUG_FLAGS, StringWrapper, Int32, StringWrapper, StringWrapper) (at C:\workspace\unity\HUAWEIFMODTest\Assets\Plugins\FMOD\src\Runtime\RuntimeManager.cs:32)
08-03 11:41:32.674: W/Unity(14482):
08-03 11:41:32.674: W/Unity(14482): (Filename: C Line: 0)
08-03 11:41:32.692: E/asd(582): set_data_index_need_deal: pcm data buffer is overload!
08-03 11:41:32.712: D/asd(582): L[571]-35.176277db, R[22]-63.460545db
08-03 11:41:32.712: E/asd(582): set_data_index_need_deal: pcm data buffer is overload!
08-03 11:41:32.732: I/chatty(582): uid=1041(audioserver) HwBinder:582_1 identical 1 line
08-03 11:41:32.752: E/asd(582): set_data_index_need_deal: pcm data buffer is overload!
08-03 11:41:32.772: D/asd(582): @@Audio stream find POP![stream = 3 ; device = 3 ; ratio = 0.610279 ; wavelet_buf_qsum = 1013.608309]
08-03 11:41:32.772: E/asd(582): set_data_index_need_deal: pcm data buffer is overload!
08-03 11:41:32.813: I/chatty(582): uid=1041(audioserver) HwBinder:582_1 identical 2 lines
08-03 11:41:32.832: E/asd(582): set_data_index_need_deal: pcm data buffer is overload!
